172.235.199.100 - - [22/Jul/2026:17:32:41 +0000] "POST /wp-login.php HTTP/1.1" 200 5200 "-" "Mozilla/5.0 (Windows NT 10.0; Win64; rv:143.0) Gecko/20100101 Firefox/143.0"
172.235.199.100 - - [22/Jul/2026:17:32:52 +0000] "POST /wp-login.php HTTP/1.1" 200 5200 "-" "Mozilla/5.0 (Macintosh; Intel Mac OS X 10_15_7) AppleWebKit/605.1.15 Version/17.0 Safari/605.1.15"
172.235.199.100 - - [22/Jul/2026:17:32:52 +0000] "POST /wp-login.php HTTP/1.1" 200 5200 "-" "Mozilla/5.0 (Windows NT 10.0; Win64; x64) AppleWebKit/537.36 Chrome/129.0.0.0 Safari/537.36"
172.235.199.100 - - [22/Jul/2026:17:33:02 +0000] "POST /wp-login.php HTTP/1.1" 200 5200 "-" "Mozilla/5.0 (Macintosh; Intel Mac OS X 10_15_7) AppleWebKit/605.1.15 Version/17.0 Safari/605.1.15"
172.235.199.100 - - [22/Jul/2026:17:33:02 +0000] "POST /wp-login.php HTTP/1.1" 200 5200 "-" "Mozilla/5.0 (Windows NT 10.0; Win64; rv:143.0) Gecko/20100101 Firefox/143.0"
172.235.199.100 - - [22/Jul/2026:17:33:12 +0000] "POST /wp-login.php HTTP/1.1" 200 5200 "-" "Mozilla/5.0 (Macintosh; Intel Mac OS X 10_15_7) AppleWebKit/605.1.15 Version/17.0 Safari/605.1.15"
172.235.199.100 - - [22/Jul/2026:17:33:13 +0000] "POST /wp-login.php HTTP/1.1" 200 5200 "-" "Mozilla/5.0 (Macintosh; Intel Mac OS X 10_15_7) AppleWebKit/605.1.15 Version/17.0 Safari/605.1.15"
104.28.157.139 - - [22/Jul/2026:17:37:24 +0000] "POST /wp-login.php HTTP/1.1" 200 5200 "-" "Mozilla/5.0 (Macintosh; Intel Mac OS X 10_15_7) AppleWebKit/605.1.15 Version/17.0 Safari/605.1.15"
104.28.157.139 - - [22/Jul/2026:17:37:24 +0000] "POST /wp-login.php HTTP/1.1" 200 5200 "-" "Mozilla/5.0 (Windows NT 10.0; Win64; rv:143.0) Gecko/20100101 Firefox/143.0"
104.28.157.145 - - [22/Jul/2026:17:41:27 +0000] "POST /wp-login.php HTTP/1.1" 200 5200 "-" "Mozilla/5.0 (Windows NT 10.0; Win64; x64) AppleWebKit/537.36 Chrome/129.0.0.0 Safari/537.36"
104.28.157.145 - - [22/Jul/2026:17:41:27 +0000] "POST /wp-login.php HTTP/1.1" 200 5200 "-" "Mozilla/5.0 (Macintosh; Intel Mac OS X 10_15_7) AppleWebKit/605.1.15 Version/17.0 Safari/605.1.15"
104.28.163.98 - - [22/Jul/2026:17:43:07 +0000] "GET /wp-login.php HTTP/1.1" 200 4785 "-" "Mozilla/5.0 (Windows NT 10.0; Win64; x64) AppleWebKit/537.36 Chrome/129.0.0.0 Safari/537.36"
104.28.163.98 - - [22/Jul/2026:17:43:09 +0000] "GET /?author=1 HTTP/1.1" 301 - "-" "Mozilla/5.0 (Windows NT 10.0; Win64; rv:143.0) Gecko/20100101 Firefox/143.0"
104.28.163.98 - - [22/Jul/2026:17:43:10 +0000] "GET /?rest_route=/wp/v2/users HTTP/1.1" 200 761 "-" "Mozilla/5.0 (Windows NT 10.0; Win64; x64) AppleWebKit/537.36 Chrome/129.0.0.0 Safari/537.36"
104.28.163.98 - - [22/Jul/2026:17:43:11 +0000] "GET /?author=2 HTTP/1.1" 404 58163 "-" "Mozilla/5.0 (Macintosh; Intel Mac OS X 10_15_7) AppleWebKit/605.1.15 Version/17.0 Safari/605.1.15"
104.28.163.98 - - [22/Jul/2026:17:43:12 +0000] "GET /?rest_route=/wp/v2/users HTTP/1.1" 200 761 "-" "Mozilla/5.0 (Windows NT 10.0; Win64; x64) AppleWebKit/537.36 Chrome/129.0.0.0 Safari/537.36"
198.177.124.148 - - [22/Jul/2026:17:45:52 +0000] "POST /wp-cron.php?doing_wp_cron=1784742352.2839369773864746093750 HTTP/1.1" 200 - "-" "WordPress/7.0.2; https://vitoclassicstores.shop"
104.28.157.139 - - [22/Jul/2026:17:45:51 +0000] "POST /wp-login.php HTTP/1.1" 200 5200 "-" "Mozilla/5.0 (Windows NT 10.0; Win64; x64) AppleWebKit/537.36 Chrome/129.0.0.0 Safari/537.36"
104.28.157.139 - - [22/Jul/2026:17:45:51 +0000] "POST /wp-login.php HTTP/1.1" 200 5200 "-" "Mozilla/5.0 (Macintosh; Intel Mac OS X 10_15_7) AppleWebKit/605.1.15 Version/17.0 Safari/605.1.15"
104.28.157.145 - - [22/Jul/2026:17:52:08 +0000] "POST /wp-login.php HTTP/1.1" 200 5200 "-" "Mozilla/5.0 (Windows NT 10.0; Win64; x64) AppleWebKit/537.36 Chrome/129.0.0.0 Safari/537.36"
104.28.157.145 - - [22/Jul/2026:17:52:08 +0000] "POST /wp-login.php HTTP/1.1" 200 5200 "-" "Mozilla/5.0 (Windows NT 10.0; Win64; x64) AppleWebKit/537.36 Chrome/129.0.0.0 Safari/537.36"
104.28.163.98 - - [22/Jul/2026:17:52:22 +0000] "POST /wp-login.php HTTP/1.1" 200 5200 "-" "Mozilla/5.0 (Windows NT 10.0; Win64; rv:143.0) Gecko/20100101 Firefox/143.0"
104.28.163.98 - - [22/Jul/2026:17:52:41 +0000] "POST /wp-login.php HTTP/1.1" 200 5200 "-" "Mozilla/5.0 (Macintosh; Intel Mac OS X 10_15_7) AppleWebKit/605.1.15 Version/17.0 Safari/605.1.15"
104.28.157.139 - - [22/Jul/2026:17:54:12 +0000] "POST /wp-login.php HTTP/1.1" 200 5200 "-" "Mozilla/5.0 (Windows NT 10.0; Win64; rv:143.0) Gecko/20100101 Firefox/143.0"
104.28.157.139 - - [22/Jul/2026:17:54:12 +0000] "POST /wp-login.php HTTP/1.1" 200 5200 "-" "Mozilla/5.0 (Macintosh; Intel Mac OS X 10_15_7) AppleWebKit/605.1.15 Version/17.0 Safari/605.1.15"
104.28.163.98 - - [22/Jul/2026:17:55:24 +0000] "POST /wp-login.php HTTP/1.1" 200 5200 "-" "Mozilla/5.0 (Macintosh; Intel Mac OS X 10_15_7) AppleWebKit/605.1.15 Version/17.0 Safari/605.1.15"
104.28.163.98 - - [22/Jul/2026:17:55:23 +0000] "POST /wp-login.php HTTP/1.1" 200 5200 "-" "Mozilla/5.0 (Windows NT 10.0; Win64; x64) AppleWebKit/537.36 Chrome/129.0.0.0 Safari/537.36"
104.28.163.98 - - [22/Jul/2026:17:58:21 +0000] "POST /wp-login.php HTTP/1.1" 200 5200 "-" "Mozilla/5.0 (Macintosh; Intel Mac OS X 10_15_7) AppleWebKit/605.1.15 Version/17.0 Safari/605.1.15"
104.28.163.98 - - [22/Jul/2026:17:58:21 +0000] "POST /wp-login.php HTTP/1.1" 200 5200 "-" "Mozilla/5.0 (Macintosh; Intel Mac OS X 10_15_7) AppleWebKit/605.1.15 Version/17.0 Safari/605.1.15"
104.28.163.98 - - [22/Jul/2026:18:01:40 +0000] "POST /wp-login.php HTTP/1.1" 200 5200 "-" "Mozilla/5.0 (Windows NT 10.0; Win64; x64) AppleWebKit/537.36 Chrome/129.0.0.0 Safari/537.36"
104.28.163.98 - - [22/Jul/2026:18:01:47 +0000] "POST /wp-login.php HTTP/1.1" 200 5200 "-" "Mozilla/5.0 (Windows NT 10.0; Win64; x64) AppleWebKit/537.36 Chrome/129.0.0.0 Safari/537.36"
104.28.157.139 - - [22/Jul/2026:18:02:36 +0000] "POST /wp-login.php HTTP/1.1" 200 5200 "-" "Mozilla/5.0 (Macintosh; Intel Mac OS X 10_15_7) AppleWebKit/605.1.15 Version/17.0 Safari/605.1.15"
104.28.157.139 - - [22/Jul/2026:18:02:36 +0000] "POST /wp-login.php HTTP/1.1" 200 5200 "-" "Mozilla/5.0 (Windows NT 10.0; Win64; x64) AppleWebKit/537.36 Chrome/129.0.0.0 Safari/537.36"
104.28.157.145 - - [22/Jul/2026:18:02:49 +0000] "POST /wp-login.php HTTP/1.1" 200 5200 "-" "Mozilla/5.0 (Windows NT 10.0; Win64; x64) AppleWebKit/537.36 Chrome/129.0.0.0 Safari/537.36"
104.28.157.145 - - [22/Jul/2026:18:02:49 +0000] "POST /wp-login.php HTTP/1.1" 200 5200 "-" "Mozilla/5.0 (Windows NT 10.0; Win64; x64) AppleWebKit/537.36 Chrome/129.0.0.0 Safari/537.36"
104.28.163.98 - - [22/Jul/2026:18:04:39 +0000] "POST /wp-login.php HTTP/1.1" 200 5200 "-" "Mozilla/5.0 (Windows NT 10.0; Win64; rv:143.0) Gecko/20100101 Firefox/143.0"
104.28.163.98 - - [22/Jul/2026:18:04:39 +0000] "POST /wp-login.php HTTP/1.1" 200 5200 "-" "Mozilla/5.0 (Windows NT 10.0; Win64; x64) AppleWebKit/537.36 Chrome/129.0.0.0 Safari/537.36"
104.28.157.139 - - [22/Jul/2026:18:11:05 +0000] "POST /wp-login.php HTTP/1.1" 200 5200 "-" "Mozilla/5.0 (Macintosh; Intel Mac OS X 10_15_7) AppleWebKit/605.1.15 Version/17.0 Safari/605.1.15"
104.28.157.139 - - [22/Jul/2026:18:11:05 +0000] "POST /wp-login.php HTTP/1.1" 200 5200 "-" "Mozilla/5.0 (Macintosh; Intel Mac OS X 10_15_7) AppleWebKit/605.1.15 Version/17.0 Safari/605.1.15"
104.28.157.145 - - [22/Jul/2026:18:13:30 +0000] "POST /wp-login.php HTTP/1.1" 200 5200 "-" "Mozilla/5.0 (Macintosh; Intel Mac OS X 10_15_7) AppleWebKit/605.1.15 Version/17.0 Safari/605.1.15"
104.28.157.145 - - [22/Jul/2026:18:13:30 +0000] "POST /wp-login.php HTTP/1.1" 200 5200 "-" "Mozilla/5.0 (Windows NT 10.0; Win64; x64) AppleWebKit/537.36 Chrome/129.0.0.0 Safari/537.36"
104.28.163.98 - - [22/Jul/2026:18:16:50 +0000] "POST /wp-login.php HTTP/1.1" 200 5200 "-" "Mozilla/5.0 (Macintosh; Intel Mac OS X 10_15_7) AppleWebKit/605.1.15 Version/17.0 Safari/605.1.15"
104.28.163.98 - - [22/Jul/2026:18:16:50 +0000] "POST /wp-login.php HTTP/1.1" 200 5200 "-" "Mozilla/5.0 (Windows NT 10.0; Win64; x64) AppleWebKit/537.36 Chrome/129.0.0.0 Safari/537.36"
104.28.157.139 - - [22/Jul/2026:18:19:29 +0000] "POST /wp-login.php HTTP/1.1" 200 5200 "-" "Mozilla/5.0 (Macintosh; Intel Mac OS X 10_15_7) AppleWebKit/605.1.15 Version/17.0 Safari/605.1.15"
104.28.157.139 - - [22/Jul/2026:18:19:30 +0000] "POST /wp-login.php HTTP/1.1" 200 5200 "-" "Mozilla/5.0 (Windows NT 10.0; Win64; rv:143.0) Gecko/20100101 Firefox/143.0"
104.28.157.145 - - [22/Jul/2026:18:24:13 +0000] "POST /wp-login.php HTTP/1.1" 200 5200 "-" "Mozilla/5.0 (Windows NT 10.0; Win64; rv:143.0) Gecko/20100101 Firefox/143.0"
104.28.157.145 - - [22/Jul/2026:18:24:13 +0000] "POST /wp-login.php HTTP/1.1" 200 5200 "-" "Mozilla/5.0 (Windows NT 10.0; Win64; x64) AppleWebKit/537.36 Chrome/129.0.0.0 Safari/537.36"
216.73.216.208 - - [22/Jul/2026:18:24:41 +0000] "GET /robots.txt HTTP/1.1" 200 123 "-" "Mozilla/5.0 AppleWebKit/537.36 (KHTML, like Gecko; compatible; ClaudeBot/1.0; +claudebot@anthropic.com)"
216.73.216.208 - - [22/Jul/2026:18:24:42 +0000] "GET /category/uncategorized/ HTTP/1.1" 200 68595 "-" "Mozilla/5.0 AppleWebKit/537.36 (KHTML, like Gecko; compatible; ClaudeBot/1.0; +claudebot@anthropic.com)"
104.28.157.139 - - [22/Jul/2026:18:27:52 +0000] "POST /wp-login.php HTTP/1.1" 200 5200 "-" "Mozilla/5.0 (Windows NT 10.0; Win64; x64) AppleWebKit/537.36 Chrome/129.0.0.0 Safari/537.36"
104.28.157.139 - - [22/Jul/2026:18:27:52 +0000] "POST /wp-login.php HTTP/1.1" 200 5200 "-" "Mozilla/5.0 (Windows NT 10.0; Win64; x64) AppleWebKit/537.36 Chrome/129.0.0.0 Safari/537.36"
129.227.238.163 - - [22/Jul/2026:18:34:09 +0000] "GET /wp-login.php HTTP/1.1" 200 4785 "-" "Mozilla/5.0"
129.227.238.163 - - [22/Jul/2026:18:34:10 +0000] "GET /?author=1 HTTP/1.1" 301 - "-" "Mozilla/5.0"
129.227.238.163 - - [22/Jul/2026:18:34:10 +0000] "GET /?rest_route=/wp/v2/users HTTP/1.1" 200 761 "-" "Mozilla/5.0"
129.227.238.163 - - [22/Jul/2026:18:34:11 +0000] "GET /?author=2 HTTP/1.1" 404 58163 "-" "Mozilla/5.0"
129.227.238.163 - - [22/Jul/2026:18:34:12 +0000] "GET /?rest_route=/wp/v2/users HTTP/1.1" 200 761 "-" "Mozilla/5.0"
192.234.199.189 - - [22/Jul/2026:18:34:20 +0000] "GET / HTTP/1.1" 200 69398 "-" "Mozilla/5.0 (X11; Linux x86_64) AppleWebKit/537.36 (KHTML, like Gecko) Chrome/150.0.0.0 Safari/537.36"
192.234.199.189 - - [22/Jul/2026:18:34:21 +0000] "GET /wp-includes/js/dist/script-modules/interactivity/index.min.js?ver=efaa5193bbad9c60ffd1 HTTP/1.1" 200 40106 "https://vitoclassicstores.shop/" "Mozilla/5.0 (X11; Linux x86_64) AppleWebKit/537.36 (KHTML, like Gecko) Chrome/150.0.0.0 Safari/537.36"
192.234.199.189 - - [22/Jul/2026:18:34:21 +0000] "GET /wp-content/themes/twentytwentyfive/assets/fonts/manrope/Manrope-VariableFont_wght.woff2 HTTP/1.1" 200 53600 "https://vitoclassicstores.shop/" "Mozilla/5.0 (X11; Linux x86_64) AppleWebKit/537.36 (KHTML, like Gecko) Chrome/150.0.0.0 Safari/537.36"
192.234.199.189 - - [22/Jul/2026:18:34:21 +0000] "GET /wp-includes/js/dist/script-modules/block-library/navigation/view.min.js?ver=96a846e1d7b789c39ab9 HTTP/1.1" 200 3053 "https://vitoclassicstores.shop/" "Mozilla/5.0 (X11; Linux x86_64) AppleWebKit/537.36 (KHTML, like Gecko) Chrome/150.0.0.0 Safari/537.36"
192.234.199.189 - - [22/Jul/2026:18:34:21 +0000] "GET /favicon.ico HTTP/1.1" 302 - "https://vitoclassicstores.shop/" "Mozilla/5.0 (X11; Linux x86_64) AppleWebKit/537.36 (KHTML, like Gecko) Chrome/150.0.0.0 Safari/537.36"
192.234.199.189 - - [22/Jul/2026:18:34:22 +0000] "GET /wp-includes/images/w-logo-blue-white-bg.png HTTP/1.1" 200 4119 "https://vitoclassicstores.shop/" "Mozilla/5.0 (X11; Linux x86_64) AppleWebKit/537.36 (KHTML, like Gecko) Chrome/150.0.0.0 Safari/537.36"
104.28.157.145 - - [22/Jul/2026:18:34:56 +0000] "POST /wp-login.php HTTP/1.1" 200 5200 "-" "Mozilla/5.0 (Windows NT 10.0; Win64; rv:143.0) Gecko/20100101 Firefox/143.0"
104.28.157.145 - - [22/Jul/2026:18:34:55 +0000] "POST /wp-login.php HTTP/1.1" 200 5200 "-" "Mozilla/5.0 (Macintosh; Intel Mac OS X 10_15_7) AppleWebKit/605.1.15 Version/17.0 Safari/605.1.15"
104.28.163.98 - - [22/Jul/2026:18:35:53 +0000] "POST /wp-login.php HTTP/1.1" 200 5200 "-" "Mozilla/5.0 (Windows NT 10.0; Win64; rv:143.0) Gecko/20100101 Firefox/143.0"
104.28.163.98 - - [22/Jul/2026:18:35:53 +0000] "POST /wp-login.php HTTP/1.1" 200 5200 "-" "Mozilla/5.0 (Windows NT 10.0; Win64; rv:143.0) Gecko/20100101 Firefox/143.0"
104.28.157.139 - - [22/Jul/2026:18:36:16 +0000] "POST /wp-login.php HTTP/1.1" 200 5200 "-" "Mozilla/5.0 (Windows NT 10.0; Win64; x64) AppleWebKit/537.36 Chrome/129.0.0.0 Safari/537.36"
104.28.157.139 - - [22/Jul/2026:18:36:16 +0000] "POST /wp-login.php HTTP/1.1" 200 5200 "-" "Mozilla/5.0 (Macintosh; Intel Mac OS X 10_15_7) AppleWebKit/605.1.15 Version/17.0 Safari/605.1.15"
104.28.157.145 - - [22/Jul/2026:18:45:38 +0000] "POST /wp-login.php HTTP/1.1" 200 5200 "-" "Mozilla/5.0 (Macintosh; Intel Mac OS X 10_15_7) AppleWebKit/605.1.15 Version/17.0 Safari/605.1.15"
104.28.157.145 - - [22/Jul/2026:18:45:38 +0000] "POST /wp-login.php HTTP/1.1" 200 5200 "-" "Mozilla/5.0 (Macintosh; Intel Mac OS X 10_15_7) AppleWebKit/605.1.15 Version/17.0 Safari/605.1.15"
198.177.124.148 - - [22/Jul/2026:18:48:23 +0000] "POST /wp-cron.php?doing_wp_cron=1784746103.5960929393768310546875 HTTP/1.1" 200 - "-" "WordPress/7.0.2; https://vitoclassicstores.shop"
216.73.216.208 - - [22/Jul/2026:18:48:21 +0000] "GET /wp-sitemap.xml HTTP/1.1" 200 572 "-" "Mozilla/5.0 AppleWebKit/537.36 (KHTML, like Gecko; compatible; ClaudeBot/1.0; +claudebot@anthropic.com)"
34.6.161.103 - - [22/Jul/2026:18:48:29 +0000] "GET / HTTP/1.1" 301 - "-" "Mozilla/5.0 (Windows NT 10.0; Win64; x64; rv:126.0) Gecko/20100101 Firefox/126.0"
104.28.163.98 - - [22/Jul/2026:18:54:59 +0000] "POST /wp-login.php HTTP/1.1" 200 5200 "-" "Mozilla/5.0 (Windows NT 10.0; Win64; rv:143.0) Gecko/20100101 Firefox/143.0"
104.28.163.98 - - [22/Jul/2026:18:54:59 +0000] "POST /wp-login.php HTTP/1.1" 200 5200 "-" "Mozilla/5.0 (Macintosh; Intel Mac OS X 10_15_7) AppleWebKit/605.1.15 Version/17.0 Safari/605.1.15"
104.28.157.145 - - [22/Jul/2026:18:56:23 +0000] "POST /wp-login.php HTTP/1.1" 200 5200 "-" "Mozilla/5.0 (Macintosh; Intel Mac OS X 10_15_7) AppleWebKit/605.1.15 Version/17.0 Safari/605.1.15"
104.28.157.145 - - [22/Jul/2026:18:56:23 +0000] "POST /wp-login.php HTTP/1.1" 200 5200 "-" "Mozilla/5.0 (Macintosh; Intel Mac OS X 10_15_7) AppleWebKit/605.1.15 Version/17.0 Safari/605.1.15"
104.28.157.145 - - [22/Jul/2026:19:07:05 +0000] "POST /wp-login.php HTTP/1.1" 200 5200 "-" "Mozilla/5.0 (Macintosh; Intel Mac OS X 10_15_7) AppleWebKit/605.1.15 Version/17.0 Safari/605.1.15"
104.28.157.145 - - [22/Jul/2026:19:07:05 +0000] "POST /wp-login.php HTTP/1.1" 200 5200 "-" "Mozilla/5.0 (Windows NT 10.0; Win64; x64) AppleWebKit/537.36 Chrome/129.0.0.0 Safari/537.36"
104.28.163.98 - - [22/Jul/2026:19:14:06 +0000] "POST /wp-login.php HTTP/1.1" 200 5200 "-" "Mozilla/5.0 (Windows NT 10.0; Win64; rv:143.0) Gecko/20100101 Firefox/143.0"
104.28.163.98 - - [22/Jul/2026:19:14:07 +0000] "POST /wp-login.php HTTP/1.1" 200 5200 "-" "Mozilla/5.0 (Windows NT 10.0; Win64; rv:143.0) Gecko/20100101 Firefox/143.0"
216.73.216.208 - - [22/Jul/2026:19:17:34 +0000] "GET /category/uncategorized/feed/ HTTP/1.1" 200 1749 "-" "Mozilla/5.0 AppleWebKit/537.36 (KHTML, like Gecko; compatible; ClaudeBot/1.0; +claudebot@anthropic.com)"
104.28.163.98 - - [22/Jul/2026:19:52:38 +0000] "POST /wp-login.php HTTP/1.1" 200 5200 "-" "Mozilla/5.0 (Windows NT 10.0; Win64; x64) AppleWebKit/537.36 Chrome/129.0.0.0 Safari/537.36"
104.28.163.98 - - [22/Jul/2026:19:52:46 +0000] "POST /wp-login.php HTTP/1.1" 200 5200 "-" "Mozilla/5.0 (Macintosh; Intel Mac OS X 10_15_7) AppleWebKit/605.1.15 Version/17.0 Safari/605.1.15"
104.28.156.115 - - [22/Jul/2026:19:56:25 +0000] "GET /wp-login.php HTTP/1.1" 200 4785 "-" "Mozilla/5.0 (Windows NT 10.0; Win64; x64) AppleWebKit/537.36 Chrome/129.0.0.0 Safari/537.36"
104.28.156.115 - - [22/Jul/2026:19:56:46 +0000] "GET /?author=1 HTTP/1.1" 301 - "-" "Mozilla/5.0 (Windows NT 10.0; Win64; rv:143.0) Gecko/20100101 Firefox/143.0"
104.28.156.115 - - [22/Jul/2026:19:56:47 +0000] "GET /?rest_route=/wp/v2/users HTTP/1.1" 200 761 "-" "Mozilla/5.0 (Macintosh; Intel Mac OS X 10_15_7) AppleWebKit/605.1.15 Version/17.0 Safari/605.1.15"
104.28.156.115 - - [22/Jul/2026:19:56:47 +0000] "GET /?author=2 HTTP/1.1" 404 58163 "-" "Mozilla/5.0 (Macintosh; Intel Mac OS X 10_15_7) AppleWebKit/605.1.15 Version/17.0 Safari/605.1.15"
104.28.156.115 - - [22/Jul/2026:19:57:19 +0000] "GET /?rest_route=/wp/v2/users HTTP/1.1" 200 761 "-" "Mozilla/5.0 (Windows NT 10.0; Win64; rv:143.0) Gecko/20100101 Firefox/143.0"
198.177.124.148 - - [22/Jul/2026:19:59:25 +0000] "POST /wp-cron.php?doing_wp_cron=1784750365.9219250679016113281250 HTTP/1.1" 200 - "-" "WordPress/7.0.2; https://vitoclassicstores.shop"
104.28.156.115 - - [22/Jul/2026:19:59:24 +0000] "POST /wp-login.php HTTP/1.1" 200 5200 "-" "Mozilla/5.0 (Windows NT 10.0; Win64; x64) AppleWebKit/537.36 Chrome/129.0.0.0 Safari/537.36"
198.177.124.148 - - [22/Jul/2026:19:59:26 +0000] "POST /wp-cron.php?doing_wp_cron=1784750366.0879919528961181640625 HTTP/1.1" 200 - "-" "WordPress/7.0.2; https://vitoclassicstores.shop"
104.28.156.115 - - [22/Jul/2026:19:59:25 +0000] "POST /wp-login.php HTTP/1.1" 200 5200 "-" "Mozilla/5.0 (Windows NT 10.0; Win64; x64) AppleWebKit/537.36 Chrome/129.0.0.0 Safari/537.36"
104.28.156.115 - - [22/Jul/2026:19:59:39 +0000] "POST /wp-login.php HTTP/1.1" 200 5200 "-" "Mozilla/5.0 (Windows NT 10.0; Win64; x64) AppleWebKit/537.36 Chrome/129.0.0.0 Safari/537.36"
104.28.156.115 - - [22/Jul/2026:19:59:40 +0000] "POST /wp-login.php HTTP/1.1" 200 5200 "-" "Mozilla/5.0 (Macintosh; Intel Mac OS X 10_15_7) AppleWebKit/605.1.15 Version/17.0 Safari/605.1.15"
104.28.156.115 - - [22/Jul/2026:19:59:44 +0000] "POST /wp-login.php HTTP/1.1" 200 5200 "-" "Mozilla/5.0 (Macintosh; Intel Mac OS X 10_15_7) AppleWebKit/605.1.15 Version/17.0 Safari/605.1.15"
104.28.156.115 - - [22/Jul/2026:19:59:44 +0000] "POST /wp-login.php HTTP/1.1" 200 5200 "-" "Mozilla/5.0 (Windows NT 10.0; Win64; x64) AppleWebKit/537.36 Chrome/129.0.0.0 Safari/537.36"
104.28.156.115 - - [22/Jul/2026:19:59:49 +0000] "POST /wp-login.php HTTP/1.1" 200 5200 "-" "Mozilla/5.0 (Windows NT 10.0; Win64; x64) AppleWebKit/537.36 Chrome/129.0.0.0 Safari/537.36"
104.28.156.115 - - [22/Jul/2026:19:59:49 +0000] "POST /wp-login.php HTTP/1.1" 200 5200 "-" "Mozilla/5.0 (Windows NT 10.0; Win64; x64) AppleWebKit/537.36 Chrome/129.0.0.0 Safari/537.36"
104.28.156.115 - - [22/Jul/2026:19:59:55 +0000] "POST /wp-login.php HTTP/1.1" 200 5200 "-" "Mozilla/5.0 (Windows NT 10.0; Win64; rv:143.0) Gecko/20100101 Firefox/143.0"
104.28.156.115 - - [22/Jul/2026:19:59:55 +0000] "POST /wp-login.php HTTP/1.1" 200 5200 "-" "Mozilla/5.0 (Macintosh; Intel Mac OS X 10_15_7) AppleWebKit/605.1.15 Version/17.0 Safari/605.1.15"
104.28.156.115 - - [22/Jul/2026:20:00:02 +0000] "POST /wp-login.php HTTP/1.1" 200 5200 "-" "Mozilla/5.0 (Windows NT 10.0; Win64; x64) AppleWebKit/537.36 Chrome/129.0.0.0 Safari/537.36"
104.28.156.115 - - [22/Jul/2026:20:00:02 +0000] "POST /wp-login.php HTTP/1.1" 200 5200 "-" "Mozilla/5.0 (Windows NT 10.0; Win64; rv:143.0) Gecko/20100101 Firefox/143.0"
104.28.156.115 - - [22/Jul/2026:20:00:11 +0000] "POST /wp-login.php HTTP/1.1" 200 5200 "-" "Mozilla/5.0 (Windows NT 10.0; Win64; x64) AppleWebKit/537.36 Chrome/129.0.0.0 Safari/537.36"
104.28.156.115 - - [22/Jul/2026:20:00:11 +0000] "POST /wp-login.php HTTP/1.1" 200 5200 "-" "Mozilla/5.0 (Windows NT 10.0; Win64; x64) AppleWebKit/537.36 Chrome/129.0.0.0 Safari/537.36"
104.28.156.115 - - [22/Jul/2026:20:00:18 +0000] "POST /wp-login.php HTTP/1.1" 200 5200 "-" "Mozilla/5.0 (Macintosh; Intel Mac OS X 10_15_7) AppleWebKit/605.1.15 Version/17.0 Safari/605.1.15"
104.28.156.115 - - [22/Jul/2026:20:00:18 +0000] "POST /wp-login.php HTTP/1.1" 200 5200 "-" "Mozilla/5.0 (Windows NT 10.0; Win64; x64) AppleWebKit/537.36 Chrome/129.0.0.0 Safari/537.36"
104.28.156.115 - - [22/Jul/2026:20:00:26 +0000] "POST /wp-login.php HTTP/1.1" 200 5200 "-" "Mozilla/5.0 (Windows NT 10.0; Win64; x64) AppleWebKit/537.36 Chrome/129.0.0.0 Safari/537.36"
104.28.156.115 - - [22/Jul/2026:20:00:26 +0000] "POST /wp-login.php HTTP/1.1" 200 5200 "-" "Mozilla/5.0 (Windows NT 10.0; Win64; x64) AppleWebKit/537.36 Chrome/129.0.0.0 Safari/537.36"
104.28.156.115 - - [22/Jul/2026:20:00:34 +0000] "POST /wp-login.php HTTP/1.1" 200 5200 "-" "Mozilla/5.0 (Windows NT 10.0; Win64; rv:143.0) Gecko/20100101 Firefox/143.0"
104.28.156.115 - - [22/Jul/2026:20:00:34 +0000] "POST /wp-login.php HTTP/1.1" 200 5200 "-" "Mozilla/5.0 (Windows NT 10.0; Win64; x64) AppleWebKit/537.36 Chrome/129.0.0.0 Safari/537.36"
104.28.156.115 - - [22/Jul/2026:20:00:41 +0000] "POST /wp-login.php HTTP/1.1" 200 5200 "-" "Mozilla/5.0 (Macintosh; Intel Mac OS X 10_15_7) AppleWebKit/605.1.15 Version/17.0 Safari/605.1.15"
104.28.156.115 - - [22/Jul/2026:20:00:41 +0000] "POST /wp-login.php HTTP/1.1" 200 5200 "-" "Mozilla/5.0 (Windows NT 10.0; Win64; rv:143.0) Gecko/20100101 Firefox/143.0"
104.28.156.115 - - [22/Jul/2026:20:00:49 +0000] "POST /wp-login.php HTTP/1.1" 200 5200 "-" "Mozilla/5.0 (Windows NT 10.0; Win64; rv:143.0) Gecko/20100101 Firefox/143.0"
104.28.156.115 - - [22/Jul/2026:20:00:49 +0000] "POST /wp-login.php HTTP/1.1" 200 5200 "-" "Mozilla/5.0 (Windows NT 10.0; Win64; rv:143.0) Gecko/20100101 Firefox/143.0"
104.28.156.115 - - [22/Jul/2026:20:00:56 +0000] "POST /wp-login.php HTTP/1.1" 200 5200 "-" "Mozilla/5.0 (Windows NT 10.0; Win64; x64) AppleWebKit/537.36 Chrome/129.0.0.0 Safari/537.36"
104.28.156.115 - - [22/Jul/2026:20:00:56 +0000] "POST /wp-login.php HTTP/1.1" 200 5200 "-" "Mozilla/5.0 (Windows NT 10.0; Win64; x64) AppleWebKit/537.36 Chrome/129.0.0.0 Safari/537.36"
104.28.156.115 - - [22/Jul/2026:20:01:04 +0000] "POST /wp-login.php HTTP/1.1" 200 5200 "-" "Mozilla/5.0 (Windows NT 10.0; Win64; rv:143.0) Gecko/20100101 Firefox/143.0"
104.28.156.115 - - [22/Jul/2026:20:01:04 +0000] "POST /wp-login.php HTTP/1.1" 200 5200 "-" "Mozilla/5.0 (Windows NT 10.0; Win64; x64) AppleWebKit/537.36 Chrome/129.0.0.0 Safari/537.36"
104.28.156.115 - - [22/Jul/2026:20:01:11 +0000] "POST /wp-login.php HTTP/1.1" 200 5200 "-" "Mozilla/5.0 (Windows NT 10.0; Win64; x64) AppleWebKit/537.36 Chrome/129.0.0.0 Safari/537.36"
104.28.156.115 - - [22/Jul/2026:20:01:11 +0000] "POST /wp-login.php HTTP/1.1" 200 5200 "-" "Mozilla/5.0 (Windows NT 10.0; Win64; x64) AppleWebKit/537.36 Chrome/129.0.0.0 Safari/537.36"
129.227.238.163 - - [22/Jul/2026:20:03:45 +0000] "POST /wp-login.php HTTP/1.1" 200 5200 "-" "Mozilla/5.0"
129.227.238.163 - - [22/Jul/2026:20:03:45 +0000] "POST /wp-login.php HTTP/1.1" 200 5200 "-" "Mozilla/5.0"
129.227.238.163 - - [22/Jul/2026:20:10:54 +0000] "POST /wp-login.php HTTP/1.1" 200 5200 "-" "Mozilla/5.0"
129.227.238.163 - - [22/Jul/2026:20:10:54 +0000] "POST /wp-login.php HTTP/1.1" 200 5200 "-" "Mozilla/5.0"
104.28.163.98 - - [22/Jul/2026:20:11:19 +0000] "POST /wp-login.php HTTP/1.1" 200 5200 "-" "Mozilla/5.0 (Windows NT 10.0; Win64; x64) AppleWebKit/537.36 Chrome/129.0.0.0 Safari/537.36"
104.28.163.98 - - [22/Jul/2026:20:11:19 +0000] "POST /wp-login.php HTTP/1.1" 200 5200 "-" "Mozilla/5.0 (Windows NT 10.0; Win64; x64) AppleWebKit/537.36 Chrome/129.0.0.0 Safari/537.36"
129.227.238.163 - - [22/Jul/2026:20:18:22 +0000] "POST /wp-login.php HTTP/1.1" 200 5200 "-" "Mozilla/5.0"
129.227.238.163 - - [22/Jul/2026:20:18:22 +0000] "POST /wp-login.php HTTP/1.1" 200 5200 "-" "Mozilla/5.0"
129.227.238.163 - - [22/Jul/2026:20:26:08 +0000] "POST /wp-login.php HTTP/1.1" 200 5200 "-" "Mozilla/5.0"
129.227.238.163 - - [22/Jul/2026:20:26:08 +0000] "POST /wp-login.php HTTP/1.1" 200 5200 "-" "Mozilla/5.0"
104.28.159.62 - - [22/Jul/2026:20:28:52 +0000] "POST /wp-login.php HTTP/1.1" 200 5200 "-" "Mozilla/5.0 (Macintosh; Intel Mac OS X 10_15_7) AppleWebKit/605.1.15 Version/17.0 Safari/605.1.15"
104.28.159.62 - - [22/Jul/2026:20:28:53 +0000] "POST /wp-login.php HTTP/1.1" 200 5200 "-" "Mozilla/5.0 (Macintosh; Intel Mac OS X 10_15_7) AppleWebKit/605.1.15 Version/17.0 Safari/605.1.15"
104.28.159.62 - - [22/Jul/2026:20:29:10 +0000] "POST /wp-login.php HTTP/1.1" 200 5200 "-" "Mozilla/5.0 (Windows NT 10.0; Win64; rv:143.0) Gecko/20100101 Firefox/143.0"
104.28.159.62 - - [22/Jul/2026:20:29:10 +0000] "POST /wp-login.php HTTP/1.1" 200 5200 "-" "Mozilla/5.0 (Windows NT 10.0; Win64; rv:143.0) Gecko/20100101 Firefox/143.0"
104.28.159.62 - - [22/Jul/2026:20:29:20 +0000] "POST /wp-login.php HTTP/1.1" 200 5200 "-" "Mozilla/5.0 (Macintosh; Intel Mac OS X 10_15_7) AppleWebKit/605.1.15 Version/17.0 Safari/605.1.15"
104.28.159.62 - - [22/Jul/2026:20:29:20 +0000] "POST /wp-login.php HTTP/1.1" 200 5200 "-" "Mozilla/5.0 (Windows NT 10.0; Win64; x64) AppleWebKit/537.36 Chrome/129.0.0.0 Safari/537.36"
104.28.159.62 - - [22/Jul/2026:20:29:32 +0000] "POST /wp-login.php HTTP/1.1" 200 5200 "-" "Mozilla/5.0 (Windows NT 10.0; Win64; x64) AppleWebKit/537.36 Chrome/129.0.0.0 Safari/537.36"
104.28.159.62 - - [22/Jul/2026:20:29:33 +0000] "POST /wp-login.php HTTP/1.1" 200 5200 "-" "Mozilla/5.0 (Windows NT 10.0; Win64; x64) AppleWebKit/537.36 Chrome/129.0.0.0 Safari/537.36"
104.28.159.62 - - [22/Jul/2026:20:29:47 +0000] "POST /wp-login.php HTTP/1.1" 200 5200 "-" "Mozilla/5.0 (Windows NT 10.0; Win64; x64) AppleWebKit/537.36 Chrome/129.0.0.0 Safari/537.36"
104.28.159.62 - - [22/Jul/2026:20:29:47 +0000] "POST /wp-login.php HTTP/1.1" 200 5200 "-" "Mozilla/5.0 (Windows NT 10.0; Win64; x64) AppleWebKit/537.36 Chrome/129.0.0.0 Safari/537.36"
104.28.159.62 - - [22/Jul/2026:20:29:57 +0000] "POST /wp-login.php HTTP/1.1" 200 5200 "-" "Mozilla/5.0 (Windows NT 10.0; Win64; rv:143.0) Gecko/20100101 Firefox/143.0"
104.28.159.62 - - [22/Jul/2026:20:29:57 +0000] "POST /wp-login.php HTTP/1.1" 200 5200 "-" "Mozilla/5.0 (Macintosh; Intel Mac OS X 10_15_7) AppleWebKit/605.1.15 Version/17.0 Safari/605.1.15"
104.28.159.62 - - [22/Jul/2026:20:30:08 +0000] "POST /wp-login.php HTTP/1.1" 200 5200 "-" "Mozilla/5.0 (Windows NT 10.0; Win64; rv:143.0) Gecko/20100101 Firefox/143.0"
104.28.159.62 - - [22/Jul/2026:20:30:08 +0000] "POST /wp-login.php HTTP/1.1" 200 5200 "-" "Mozilla/5.0 (Windows NT 10.0; Win64; rv:143.0) Gecko/20100101 Firefox/143.0"
104.28.159.62 - - [22/Jul/2026:20:30:19 +0000] "POST /wp-login.php HTTP/1.1" 200 5200 "-" "Mozilla/5.0 (Windows NT 10.0; Win64; x64) AppleWebKit/537.36 Chrome/129.0.0.0 Safari/537.36"
104.28.159.62 - - [22/Jul/2026:20:30:19 +0000] "POST /wp-login.php HTTP/1.1" 200 5200 "-" "Mozilla/5.0 (Macintosh; Intel Mac OS X 10_15_7) AppleWebKit/605.1.15 Version/17.0 Safari/605.1.15"
104.28.163.98 - - [22/Jul/2026:20:30:27 +0000] "POST /wp-login.php HTTP/1.1" 200 5200 "-" "Mozilla/5.0 (Windows NT 10.0; Win64; x64) AppleWebKit/537.36 Chrome/129.0.0.0 Safari/537.36"
104.28.163.98 - - [22/Jul/2026:20:30:27 +0000] "POST /wp-login.php HTTP/1.1" 200 5200 "-" "Mozilla/5.0 (Macintosh; Intel Mac OS X 10_15_7) AppleWebKit/605.1.15 Version/17.0 Safari/605.1.15"
104.28.159.62 - - [22/Jul/2026:20:30:31 +0000] "POST /wp-login.php HTTP/1.1" 200 5200 "-" "Mozilla/5.0 (Macintosh; Intel Mac OS X 10_15_7) AppleWebKit/605.1.15 Version/17.0 Safari/605.1.15"
104.28.159.62 - - [22/Jul/2026:20:30:31 +0000] "POST /wp-login.php HTTP/1.1" 200 5200 "-" "Mozilla/5.0 (Windows NT 10.0; Win64; rv:143.0) Gecko/20100101 Firefox/143.0"
104.28.159.62 - - [22/Jul/2026:20:30:44 +0000] "POST /wp-login.php HTTP/1.1" 200 5200 "-" "Mozilla/5.0 (Windows NT 10.0; Win64; x64) AppleWebKit/537.36 Chrome/129.0.0.0 Safari/537.36"
104.28.159.62 - - [22/Jul/2026:20:30:44 +0000] "POST /wp-login.php HTTP/1.1" 200 5200 "-" "Mozilla/5.0 (Windows NT 10.0; Win64; rv:143.0) Gecko/20100101 Firefox/143.0"
104.28.159.62 - - [22/Jul/2026:20:30:54 +0000] "POST /wp-login.php HTTP/1.1" 200 5200 "-" "Mozilla/5.0 (Windows NT 10.0; Win64; x64) AppleWebKit/537.36 Chrome/129.0.0.0 Safari/537.36"
104.28.159.62 - - [22/Jul/2026:20:30:54 +0000] "POST /wp-login.php HTTP/1.1" 200 5200 "-" "Mozilla/5.0 (Windows NT 10.0; Win64; x64) AppleWebKit/537.36 Chrome/129.0.0.0 Safari/537.36"
104.28.159.62 - - [22/Jul/2026:20:31:02 +0000] "POST /wp-login.php HTTP/1.1" 200 5200 "-" "Mozilla/5.0 (Macintosh; Intel Mac OS X 10_15_7) AppleWebKit/605.1.15 Version/17.0 Safari/605.1.15"
104.28.159.62 - - [22/Jul/2026:20:31:02 +0000] "POST /wp-login.php HTTP/1.1" 200 5200 "-" "Mozilla/5.0 (Windows NT 10.0; Win64; x64) AppleWebKit/537.36 Chrome/129.0.0.0 Safari/537.36"
104.28.159.62 - - [22/Jul/2026:20:31:10 +0000] "POST /wp-login.php HTTP/1.1" 200 5200 "-" "Mozilla/5.0 (Macintosh; Intel Mac OS X 10_15_7) AppleWebKit/605.1.15 Version/17.0 Safari/605.1.15"
104.28.159.62 - - [22/Jul/2026:20:31:11 +0000] "POST /wp-login.php HTTP/1.1" 200 5200 "-" "Mozilla/5.0 (Macintosh; Intel Mac OS X 10_15_7) AppleWebKit/605.1.15 Version/17.0 Safari/605.1.15"
104.28.159.62 - - [22/Jul/2026:20:31:18 +0000] "POST /wp-login.php HTTP/1.1" 200 5200 "-" "Mozilla/5.0 (Macintosh; Intel Mac OS X 10_15_7) AppleWebKit/605.1.15 Version/17.0 Safari/605.1.15"
104.28.159.62 - - [22/Jul/2026:20:31:18 +0000] "POST /wp-login.php HTTP/1.1" 200 5200 "-" "Mozilla/5.0 (Windows NT 10.0; Win64; x64) AppleWebKit/537.36 Chrome/129.0.0.0 Safari/537.36"
104.28.159.62 - - [22/Jul/2026:20:31:25 +0000] "POST /wp-login.php HTTP/1.1" 200 5200 "-" "Mozilla/5.0 (Macintosh; Intel Mac OS X 10_15_7) AppleWebKit/605.1.15 Version/17.0 Safari/605.1.15"
104.28.159.62 - - [22/Jul/2026:20:31:25 +0000] "POST /wp-login.php HTTP/1.1" 200 5200 "-" "Mozilla/5.0 (Macintosh; Intel Mac OS X 10_15_7) AppleWebKit/605.1.15 Version/17.0 Safari/605.1.15"
104.28.159.62 - - [22/Jul/2026:20:31:32 +0000] "POST /wp-login.php HTTP/1.1" 200 5200 "-" "Mozilla/5.0 (Windows NT 10.0; Win64; x64) AppleWebKit/537.36 Chrome/129.0.0.0 Safari/537.36"
104.28.159.62 - - [22/Jul/2026:20:31:32 +0000] "POST /wp-login.php HTTP/1.1" 200 5200 "-" "Mozilla/5.0 (Macintosh; Intel Mac OS X 10_15_7) AppleWebKit/605.1.15 Version/17.0 Safari/605.1.15"
104.28.159.62 - - [22/Jul/2026:20:31:39 +0000] "POST /wp-login.php HTTP/1.1" 200 5200 "-" "Mozilla/5.0 (Windows NT 10.0; Win64; rv:143.0) Gecko/20100101 Firefox/143.0"
104.28.159.62 - - [22/Jul/2026:20:31:39 +0000] "POST /wp-login.php HTTP/1.1" 200 5200 "-" "Mozilla/5.0 (Windows NT 10.0; Win64; x64) AppleWebKit/537.36 Chrome/129.0.0.0 Safari/537.36"
104.28.159.62 - - [22/Jul/2026:20:31:47 +0000] "POST /wp-login.php HTTP/1.1" 200 5200 "-" "Mozilla/5.0 (Macintosh; Intel Mac OS X 10_15_7) AppleWebKit/605.1.15 Version/17.0 Safari/605.1.15"
104.28.159.62 - - [22/Jul/2026:20:31:47 +0000] "POST /wp-login.php HTTP/1.1" 200 5200 "-" "Mozilla/5.0 (Macintosh; Intel Mac OS X 10_15_7) AppleWebKit/605.1.15 Version/17.0 Safari/605.1.15"
129.227.238.163 - - [22/Jul/2026:20:33:49 +0000] "POST /wp-login.php HTTP/1.1" 200 5200 "-" "Mozilla/5.0"
129.227.238.163 - - [22/Jul/2026:20:33:49 +0000] "POST /wp-login.php HTTP/1.1" 200 5200 "-" "Mozilla/5.0"
129.227.238.163 - - [22/Jul/2026:20:41:39 +0000] "POST /wp-login.php HTTP/1.1" 200 5200 "-" "Mozilla/5.0"
129.227.238.163 - - [22/Jul/2026:20:41:39 +0000] "POST /wp-login.php HTTP/1.1" 200 5200 "-" "Mozilla/5.0"
198.177.124.148 - - [22/Jul/2026:20:46:28 +0000] "POST /wp-cron.php?doing_wp_cron=1784753188.6288979053497314453125 HTTP/1.1" 200 - "-" "WordPress/7.0.2; https://vitoclassicstores.shop"
216.73.216.208 - - [22/Jul/2026:20:46:27 +0000] "GET /robots.txt HTTP/1.1" 200 123 "-" "Mozilla/5.0 AppleWebKit/537.36 (KHTML, like Gecko; compatible; ClaudeBot/1.0; +claudebot@anthropic.com)"
216.73.216.208 - - [22/Jul/2026:20:46:34 +0000] "GET /wp-sitemap.xml HTTP/1.1" 200 572 "-" "Mozilla/5.0 AppleWebKit/537.36 (KHTML, like Gecko; compatible; ClaudeBot/1.0; +claudebot@anthropic.com)"
104.28.163.98 - - [22/Jul/2026:20:49:27 +0000] "POST /wp-login.php HTTP/1.1" 200 5200 "-" "Mozilla/5.0 (Macintosh; Intel Mac OS X 10_15_7) AppleWebKit/605.1.15 Version/17.0 Safari/605.1.15"
209.54.107.130 - - [22/Jul/2026:20:49:28 +0000] "GET / HTTP/1.1" 200 69398 "-" "Mozilla/5.0 (Macintosh; Intel Mac OS X 10_15_7) AppleWebKit/537.36 (KHTML, like Gecko) Chrome/122.0.0.0 Safari/537.36"
104.28.163.98 - - [22/Jul/2026:20:49:27 +0000] "POST /wp-login.php HTTP/1.1" 200 5200 "-" "Mozilla/5.0 (Macintosh; Intel Mac OS X 10_15_7) AppleWebKit/605.1.15 Version/17.0 Safari/605.1.15"
129.227.238.163 - - [22/Jul/2026:20:49:30 +0000] "POST /wp-login.php HTTP/1.1" 200 5200 "-" "Mozilla/5.0"
129.227.238.163 - - [22/Jul/2026:20:49:30 +0000] "POST /wp-login.php HTTP/1.1" 200 5200 "-" "Mozilla/5.0"
129.227.238.163 - - [22/Jul/2026:20:57:22 +0000] "POST /wp-login.php HTTP/1.1" 200 5200 "-" "Mozilla/5.0"
129.227.238.163 - - [22/Jul/2026:20:57:22 +0000] "POST /wp-login.php HTTP/1.1" 200 5200 "-" "Mozilla/5.0"
129.227.238.163 - - [22/Jul/2026:21:05:12 +0000] "POST /wp-login.php HTTP/1.1" 200 5200 "-" "Mozilla/5.0"
129.227.238.163 - - [22/Jul/2026:21:05:12 +0000] "POST /wp-login.php HTTP/1.1" 200 5200 "-" "Mozilla/5.0"
104.28.163.98 - - [22/Jul/2026:21:08:30 +0000] "POST /wp-login.php HTTP/1.1" 200 5200 "-" "Mozilla/5.0 (Windows NT 10.0; Win64; x64) AppleWebKit/537.36 Chrome/129.0.0.0 Safari/537.36"
104.28.163.98 - - [22/Jul/2026:21:08:30 +0000] "POST /wp-login.php HTTP/1.1" 200 5200 "-" "Mozilla/5.0 (Macintosh; Intel Mac OS X 10_15_7) AppleWebKit/605.1.15 Version/17.0 Safari/605.1.15"
129.227.238.163 - - [22/Jul/2026:21:12:59 +0000] "POST /wp-login.php HTTP/1.1" 200 5200 "-" "Mozilla/5.0"
129.227.238.163 - - [22/Jul/2026:21:12:59 +0000] "POST /wp-login.php HTTP/1.1" 200 5200 "-" "Mozilla/5.0"
129.227.238.163 - - [22/Jul/2026:21:20:48 +0000] "POST /wp-login.php HTTP/1.1" 200 5200 "-" "Mozilla/5.0"
129.227.238.163 - - [22/Jul/2026:21:20:48 +0000] "POST /wp-login.php HTTP/1.1" 200 5200 "-" "Mozilla/5.0"
104.28.163.98 - - [22/Jul/2026:21:27:35 +0000] "POST /wp-login.php HTTP/1.1" 200 5200 "-" "Mozilla/5.0 (Macintosh; Intel Mac OS X 10_15_7) AppleWebKit/605.1.15 Version/17.0 Safari/605.1.15"
104.28.163.98 - - [22/Jul/2026:21:27:35 +0000] "POST /wp-login.php HTTP/1.1" 200 5200 "-" "Mozilla/5.0 (Windows NT 10.0; Win64; rv:143.0) Gecko/20100101 Firefox/143.0"
129.227.238.163 - - [22/Jul/2026:21:28:41 +0000] "POST /wp-login.php HTTP/1.1" 200 5200 "-" "Mozilla/5.0"
129.227.238.163 - - [22/Jul/2026:21:28:41 +0000] "POST /wp-login.php HTTP/1.1" 200 5200 "-" "Mozilla/5.0"
66.249.75.102 - - [22/Jul/2026:21:29:09 +0000] "GET /robots.txt HTTP/1.1" 301 - "-" "Mozilla/5.0 (compatible; Googlebot/2.1; +http://www.google.com/bot.html)"
66.249.77.224 - - [22/Jul/2026:21:29:10 +0000] "GET /robots.txt HTTP/1.1" 200 123 "-" "Mozilla/5.0 (compatible; Googlebot/2.1; +http://www.google.com/bot.html)"
66.249.75.102 - - [22/Jul/2026:21:29:11 +0000] "GET / HTTP/1.1" 301 - "-" "Mozilla/5.0 (Linux; Android 6.0.1; Nexus 5X Build/MMB29P) AppleWebKit/537.36 (KHTML, like Gecko) Chrome/150.0.7871.128 Mobile Safari/537.36 (compatible; Googlebot/2.1; +http://www.google.com/bot.html)"
66.249.77.225 - - [22/Jul/2026:21:29:12 +0000] "GET / HTTP/1.1" 200 69398 "-" "Mozilla/5.0 (Linux; Android 6.0.1; Nexus 5X Build/MMB29P) AppleWebKit/537.36 (KHTML, like Gecko) Chrome/150.0.7871.128 Mobile Safari/537.36 (compatible; Googlebot/2.1; +http://www.google.com/bot.html)"
66.249.77.224 - - [22/Jul/2026:21:29:16 +0000] "GET /wp-includes/js/dist/script-modules/block-library/navigation/view.min.js?ver=96a846e1d7b789c39ab9 HTTP/1.1" 200 3053 "https://vitoclassicstores.shop/" "Mozilla/5.0 (Linux; Android 6.0.1; Nexus 5X Build/MMB29P) AppleWebKit/537.36 (KHTML, like Gecko) Chrome/150.0.7871.128 Mobile Safari/537.36 (compatible; Googlebot/2.1; +http://www.google.com/bot.html)"
66.249.77.224 - - [22/Jul/2026:21:29:22 +0000] "GET /wp-includes/js/dist/script-modules/interactivity/index.min.js?ver=efaa5193bbad9c60ffd1 HTTP/1.1" 200 40106 "-" "Mozilla/5.0 (Linux; Android 6.0.1; Nexus 5X Build/MMB29P) AppleWebKit/537.36 (KHTML, like Gecko) Chrome/150.0.7871.128 Mobile Safari/537.36 (compatible; Googlebot/2.1; +http://www.google.com/bot.html)"
66.249.77.224 - - [22/Jul/2026:21:29:32 +0000] "GET / HTTP/1.1" 200 69398 "-" "Mozilla/5.0 (Linux; Android 6.0.1; Nexus 5X Build/MMB29P) AppleWebKit/537.36 (KHTML, like Gecko) Chrome/99.0.4844.84 Mobile Safari/537.36 (compatible; Googlebot/2.1; +http://www.google.com/bot.html)"
66.249.77.224 - - [22/Jul/2026:21:29:36 +0000] "GET / HTTP/1.1" 200 69398 "-" "Mozilla/5.0 (compatible; Googlebot/2.1; +http://www.google.com/bot.html)"
66.249.75.101 - - [22/Jul/2026:21:29:40 +0000] "GET / HTTP/1.1" 301 - "-" "Mozilla/5.0 (compatible; Googlebot/2.1; +http://www.google.com/bot.html)"
66.249.75.100 - - [22/Jul/2026:21:29:44 +0000] "GET / HTTP/1.1" 301 - "-" "Mozilla/5.0 (Linux; Android 6.0.1; Nexus 5X Build/MMB29P) AppleWebKit/537.36 (KHTML, like Gecko) Chrome/99.0.4844.84 Mobile Safari/537.36 (compatible; Googlebot/2.1; +http://www.google.com/bot.html)"
66.249.77.224 - - [22/Jul/2026:21:29:45 +0000] "GET /favicon.ico HTTP/1.1" 302 - "-" "Googlebot-Image/1.0"
66.249.77.224 - - [22/Jul/2026:21:29:48 +0000] "GET / HTTP/1.1" 200 69398 "-" "Mozilla/5.0 (compatible; Googlebot/2.1; +http://www.google.com/bot.html)"
66.249.77.224 - - [22/Jul/2026:21:29:49 +0000] "GET / HTTP/1.1" 200 69398 "-" "Mozilla/5.0 (Linux; Android 6.0.1; Nexus 5X Build/MMB29P) AppleWebKit/537.36 (KHTML, like Gecko) Chrome/99.0.4844.84 Mobile Safari/537.36 (compatible; Googlebot/2.1; +http://www.google.com/bot.html)"
66.249.77.224 - - [22/Jul/2026:21:29:50 +0000] "GET /wp-includes/images/w-logo-blue-white-bg.png HTTP/1.1" 200 4119 "-" "Googlebot-Image/1.0"
66.249.77.224 - - [22/Jul/2026:21:29:52 +0000] "GET /favicon.ico HTTP/1.1" 302 - "-" "Googlebot-Image/1.0"
66.249.77.224 - - [22/Jul/2026:21:29:53 +0000] "GET /wp-includes/images/w-logo-blue-white-bg.png HTTP/1.1" 200 4119 "-" "Googlebot-Image/1.0"
129.227.238.163 - - [22/Jul/2026:21:36:35 +0000] "POST /wp-login.php HTTP/1.1" 200 5200 "-" "Mozilla/5.0"
129.227.238.163 - - [22/Jul/2026:21:36:35 +0000] "POST /wp-login.php HTTP/1.1" 200 5200 "-" "Mozilla/5.0"
129.227.238.163 - - [22/Jul/2026:21:44:31 +0000] "POST /wp-login.php HTTP/1.1" 200 5200 "-" "Mozilla/5.0"
129.227.238.163 - - [22/Jul/2026:21:44:31 +0000] "POST /wp-login.php HTTP/1.1" 200 5200 "-" "Mozilla/5.0"
198.177.124.148 - - [22/Jul/2026:21:46:42 +0000] "POST /wp-cron.php?doing_wp_cron=1784756802.7545990943908691406250 HTTP/1.1" 200 - "-" "WordPress/7.0.2; https://vitoclassicstores.shop"
104.28.163.98 - - [22/Jul/2026:21:46:42 +0000] "POST /wp-login.php HTTP/1.1" 200 5200 "-" "Mozilla/5.0 (Windows NT 10.0; Win64; x64) AppleWebKit/537.36 Chrome/129.0.0.0 Safari/537.36"
104.28.163.98 - - [22/Jul/2026:21:46:42 +0000] "POST /wp-login.php HTTP/1.1" 200 5200 "-" "Mozilla/5.0 (Macintosh; Intel Mac OS X 10_15_7) AppleWebKit/605.1.15 Version/17.0 Safari/605.1.15"
103.139.144.206 - - [22/Jul/2026:21:52:26 +0000] "POST /wp-login.php HTTP/1.1" 200 5200 "-" "Mozilla/5.0"
103.139.144.206 - - [22/Jul/2026:21:52:26 +0000] "POST /wp-login.php HTTP/1.1" 200 5200 "-" "Mozilla/5.0"
104.28.163.98 - - [22/Jul/2026:22:24:52 +0000] "POST /wp-login.php HTTP/1.1" 200 5200 "-" "Mozilla/5.0 (Windows NT 10.0; Win64; x64) AppleWebKit/537.36 Chrome/129.0.0.0 Safari/537.36"
104.28.163.98 - - [22/Jul/2026:22:24:51 +0000] "POST /wp-login.php HTTP/1.1" 200 5200 "-" "Mozilla/5.0 (Windows NT 10.0; Win64; x64) AppleWebKit/537.36 Chrome/129.0.0.0 Safari/537.36"
103.76.88.36 - - [22/Jul/2026:22:31:37 +0000] "GET /.env HTTP/1.1" 301 - "-" "Mozilla/5.0 (Windows NT 10.0; Win64; x64) AppleWebKit/537.36"
103.76.88.36 - - [22/Jul/2026:22:31:41 +0000] "GET /.env HTTP/1.1" 404 58163 "https://www.vitoclassicstores.shop/.env" "Mozilla/5.0 (Windows NT 10.0; Win64; x64) AppleWebKit/537.36"
146.70.21.195 - - [22/Jul/2026:22:40:32 +0000] "GET /wp-login.php HTTP/1.1" 200 4785 "-" "Mozilla/5.0 (Windows NT 10.0; Win64; x64; rv:124.0) Gecko/20100101 Firefox/124.0"
146.70.21.195 - - [22/Jul/2026:22:40:33 +0000] "GET /?author=1 HTTP/1.1" 301 - "-" "Mozilla/5.0 (Macintosh; Intel Mac OS X 14_3) AppleWebKit/605.1.15 (KHTML, like Gecko) Version/17.3 Safari/605.1.15"
146.70.21.195 - - [22/Jul/2026:22:40:34 +0000] "GET /?rest_route=/wp/v2/users HTTP/1.1" 200 761 "-" "Mozilla/5.0 (X11; Linux x86_64) AppleWebKit/537.36 (KHTML, like Gecko) Chrome/124.0.0.0 Safari/537.36"
146.70.21.195 - - [22/Jul/2026:22:40:35 +0000] "GET /?author=2 HTTP/1.1" 404 58163 "-" "Mozilla/5.0 (Macintosh; Intel Mac OS X 14_2) AppleWebKit/537.36 (KHTML, like Gecko) Chrome/124.0.0.0 Safari/537.36 OPR/108.0.0.0"
146.70.21.195 - - [22/Jul/2026:22:40:36 +0000] "GET /?rest_route=/wp/v2/users HTTP/1.1" 200 761 "-" "Mozilla/5.0 (Windows NT 10.0; Win64; x64; rv:124.0) Gecko/20100101 Firefox/124.0"
158.58.172.21 - - [22/Jul/2026:22:40:49 +0000] "GET /wp-login.php HTTP/1.1" 200 4785 "-" "Mozilla/5.0 (Macintosh; Intel Mac OS X 10_15_7) AppleWebKit/605.1.15 Version/17.0 Safari/605.1.15"
158.58.172.21 - - [22/Jul/2026:22:40:50 +0000] "GET /?author=1 HTTP/1.1" 301 - "-" "Mozilla/5.0 (Windows NT 10.0; Win64; rv:143.0) Gecko/20100101 Firefox/143.0"
158.58.172.21 - - [22/Jul/2026:22:40:51 +0000] "GET /?rest_route=/wp/v2/users HTTP/1.1" 200 761 "-" "Mozilla/5.0 (Windows NT 10.0; Win64; rv:143.0) Gecko/20100101 Firefox/143.0"
158.58.172.21 - - [22/Jul/2026:22:40:51 +0000] "GET /?author=2 HTTP/1.1" 404 58163 "-" "Mozilla/5.0 (Windows NT 10.0; Win64; rv:143.0) Gecko/20100101 Firefox/143.0"
158.58.172.21 - - [22/Jul/2026:22:40:53 +0000] "GET /?rest_route=/wp/v2/users HTTP/1.1" 200 761 "-" "Mozilla/5.0 (Windows NT 10.0; Win64; rv:143.0) Gecko/20100101 Firefox/143.0"
104.28.163.98 - - [22/Jul/2026:22:43:53 +0000] "POST /wp-login.php HTTP/1.1" 200 5200 "-" "Mozilla/5.0 (Macintosh; Intel Mac OS X 10_15_7) AppleWebKit/605.1.15 Version/17.0 Safari/605.1.15"
104.28.163.98 - - [22/Jul/2026:22:43:53 +0000] "POST /wp-login.php HTTP/1.1" 200 5200 "-" "Mozilla/5.0 (Macintosh; Intel Mac OS X 10_15_7) AppleWebKit/605.1.15 Version/17.0 Safari/605.1.15"
198.177.124.148 - - [22/Jul/2026:22:48:04 +0000] "POST /wp-cron.php?doing_wp_cron=1784760484.7852880954742431640625 HTTP/1.1" 200 - "-" "WordPress/7.0.2; https://vitoclassicstores.shop"
172.236.122.62 - - [22/Jul/2026:22:48:04 +0000] "GET / HTTP/1.1" 200 69398 "-" "Mozilla/5.0 (Windows NT 10.0; Win64; x64) AppleWebKit/537.36 (KHTML, like Gecko) Chrome/139.0.0.0 Safari/537.36"
158.58.172.21 - - [22/Jul/2026:22:48:04 +0000] "POST /wp-login.php HTTP/1.1" 200 5200 "-" "Mozilla/5.0 (Macintosh; Intel Mac OS X 10_15_7) AppleWebKit/605.1.15 Version/17.0 Safari/605.1.15"
158.58.172.21 - - [22/Jul/2026:22:48:04 +0000] "POST /wp-login.php HTTP/1.1" 200 5200 "-" "Mozilla/5.0 (Windows NT 10.0; Win64; x64) AppleWebKit/537.36 Chrome/129.0.0.0 Safari/537.36"
158.58.172.21 - - [22/Jul/2026:22:48:34 +0000] "POST /wp-login.php HTTP/1.1" 200 5200 "-" "Mozilla/5.0 (Windows NT 10.0; Win64; x64) AppleWebKit/537.36 Chrome/129.0.0.0 Safari/537.36"
158.58.172.21 - - [22/Jul/2026:22:48:34 +0000] "POST /wp-login.php HTTP/1.1" 200 5200 "-" "Mozilla/5.0 (Macintosh; Intel Mac OS X 10_15_7) AppleWebKit/605.1.15 Version/17.0 Safari/605.1.15"
158.58.172.21 - - [22/Jul/2026:22:49:01 +0000] "POST /wp-login.php HTTP/1.1" 200 5200 "-" "Mozilla/5.0 (Windows NT 10.0; Win64; x64) AppleWebKit/537.36 Chrome/129.0.0.0 Safari/537.36"
158.58.172.21 - - [22/Jul/2026:22:49:01 +0000] "POST /wp-login.php HTTP/1.1" 200 5200 "-" "Mozilla/5.0 (Macintosh; Intel Mac OS X 10_15_7) AppleWebKit/605.1.15 Version/17.0 Safari/605.1.15"
158.58.172.21 - - [22/Jul/2026:22:49:32 +0000] "POST /wp-login.php HTTP/1.1" 200 5200 "-" "Mozilla/5.0 (Windows NT 10.0; Win64; rv:143.0) Gecko/20100101 Firefox/143.0"
158.58.172.21 - - [22/Jul/2026:22:49:32 +0000] "POST /wp-login.php HTTP/1.1" 200 5200 "-" "Mozilla/5.0 (Windows NT 10.0; Win64; rv:143.0) Gecko/20100101 Firefox/143.0"
158.58.172.21 - - [22/Jul/2026:22:50:05 +0000] "POST /wp-login.php HTTP/1.1" 200 5200 "-" "Mozilla/5.0 (Macintosh; Intel Mac OS X 10_15_7) AppleWebKit/605.1.15 Version/17.0 Safari/605.1.15"
158.58.172.21 - - [22/Jul/2026:22:50:05 +0000] "POST /wp-login.php HTTP/1.1" 200 5200 "-" "Mozilla/5.0 (Windows NT 10.0; Win64; x64) AppleWebKit/537.36 Chrome/129.0.0.0 Safari/537.36"
146.70.21.195 - - [22/Jul/2026:22:50:20 +0000] "POST /wp-login.php HTTP/1.1" 200 5200 "-" "Mozilla/5.0 (X11; Linux x86_64) AppleWebKit/537.36 (KHTML, like Gecko) Chrome/124.0.0.0 Safari/537.36 Brave/1.65.0"
146.70.21.195 - - [22/Jul/2026:22:50:20 +0000] "POST /wp-login.php HTTP/1.1" 200 5200 "-" "Mozilla/5.0 (X11; Linux x86_64; rv:124.0) Gecko/20100101 Firefox/124.0"
158.58.172.21 - - [22/Jul/2026:22:50:41 +0000] "POST /wp-login.php HTTP/1.1" 200 5200 "-" "Mozilla/5.0 (Macintosh; Intel Mac OS X 10_15_7) AppleWebKit/605.1.15 Version/17.0 Safari/605.1.15"
158.58.172.21 - - [22/Jul/2026:22:50:41 +0000] "POST /wp-login.php HTTP/1.1" 200 5200 "-" "Mozilla/5.0 (Macintosh; Intel Mac OS X 10_15_7) AppleWebKit/605.1.15 Version/17.0 Safari/605.1.15"
158.58.172.21 - - [22/Jul/2026:22:51:19 +0000] "POST /wp-login.php HTTP/1.1" 200 5200 "-" "Mozilla/5.0 (Windows NT 10.0; Win64; x64) AppleWebKit/537.36 Chrome/129.0.0.0 Safari/537.36"
158.58.172.21 - - [22/Jul/2026:22:51:19 +0000] "POST /wp-login.php HTTP/1.1" 200 5200 "-" "Mozilla/5.0 (Windows NT 10.0; Win64; x64) AppleWebKit/537.36 Chrome/129.0.0.0 Safari/537.36"
216.73.216.208 - - [22/Jul/2026:22:51:44 +0000] "GET /robots.txt HTTP/1.1" 200 123 "-" "Mozilla/5.0 AppleWebKit/537.36 (KHTML, like Gecko; compatible; ClaudeBot/1.0; +claudebot@anthropic.com)"
216.73.216.208 - - [22/Jul/2026:22:51:47 +0000] "GET /wp-sitemap.xml HTTP/1.1" 200 572 "-" "Mozilla/5.0 AppleWebKit/537.36 (KHTML, like Gecko; compatible; ClaudeBot/1.0; +claudebot@anthropic.com)"
158.58.172.21 - - [22/Jul/2026:22:51:57 +0000] "POST /wp-login.php HTTP/1.1" 200 5200 "-" "Mozilla/5.0 (Windows NT 10.0; Win64; x64) AppleWebKit/537.36 Chrome/129.0.0.0 Safari/537.36"
158.58.172.21 - - [22/Jul/2026:22:51:57 +0000] "POST /wp-login.php HTTP/1.1" 200 5200 "-" "Mozilla/5.0 (Windows NT 10.0; Win64; rv:143.0) Gecko/20100101 Firefox/143.0"
146.70.21.195 - - [22/Jul/2026:22:52:06 +0000] "POST /wp-login.php HTTP/1.1" 200 5200 "-" "Mozilla/5.0 (Windows NT 10.0; Win64; x64; rv:124.0) Gecko/20100101 Firefox/124.0"
146.70.21.195 - - [22/Jul/2026:22:52:06 +0000] "POST /wp-login.php HTTP/1.1" 200 5200 "-" "Mozilla/5.0 (Windows NT 10.0; Win64; x64) AppleWebKit/537.36 (KHTML, like Gecko) Chrome/123.0.0.0 Safari/537.36 Vivaldi/6.7"
158.58.172.21 - - [22/Jul/2026:22:52:35 +0000] "POST /wp-login.php HTTP/1.1" 200 5200 "-" "Mozilla/5.0 (Windows NT 10.0; Win64; x64) AppleWebKit/537.36 Chrome/129.0.0.0 Safari/537.36"
158.58.172.21 - - [22/Jul/2026:22:52:35 +0000] "POST /wp-login.php HTTP/1.1" 200 5200 "-" "Mozilla/5.0 (Macintosh; Intel Mac OS X 10_15_7) AppleWebKit/605.1.15 Version/17.0 Safari/605.1.15"
104.28.156.107 - - [22/Jul/2026:22:52:50 +0000] "GET /wp-login.php HTTP/1.1" 200 4785 "-" "Mozilla/5.0"
104.28.156.107 - - [22/Jul/2026:22:52:51 +0000] "GET /?author=1 HTTP/1.1" 301 - "-" "Mozilla/5.0"
104.28.156.107 - - [22/Jul/2026:22:52:52 +0000] "GET /?rest_route=/wp/v2/users HTTP/1.1" 200 761 "-" "Mozilla/5.0"
104.28.156.107 - - [22/Jul/2026:22:52:53 +0000] "GET /?author=2 HTTP/1.1" 404 58163 "-" "Mozilla/5.0"
104.28.156.107 - - [22/Jul/2026:22:52:54 +0000] "GET /?rest_route=/wp/v2/users HTTP/1.1" 200 761 "-" "Mozilla/5.0"
158.58.172.21 - - [22/Jul/2026:22:53:15 +0000] "POST /wp-login.php HTTP/1.1" 200 5200 "-" "Mozilla/5.0 (Windows NT 10.0; Win64; rv:143.0) Gecko/20100101 Firefox/143.0"
158.58.172.21 - - [22/Jul/2026:22:53:15 +0000] "POST /wp-login.php HTTP/1.1" 200 5200 "-" "Mozilla/5.0 (Windows NT 10.0; Win64; rv:143.0) Gecko/20100101 Firefox/143.0"
158.58.172.21 - - [22/Jul/2026:22:53:55 +0000] "POST /wp-login.php HTTP/1.1" 200 5200 "-" "Mozilla/5.0 (Windows NT 10.0; Win64; x64) AppleWebKit/537.36 Chrome/129.0.0.0 Safari/537.36"
158.58.172.21 - - [22/Jul/2026:22:53:55 +0000] "POST /wp-login.php HTTP/1.1" 200 5200 "-" "Mozilla/5.0 (Windows NT 10.0; Win64; rv:143.0) Gecko/20100101 Firefox/143.0"
146.70.21.195 - - [22/Jul/2026:22:53:56 +0000] "POST /wp-login.php HTTP/1.1" 200 5200 "-" "Mozilla/5.0 (Windows NT 10.0; Win64; x64; rv:124.0) Gecko/20100101 Firefox/124.0"
146.70.21.195 - - [22/Jul/2026:22:53:56 +0000] "POST /wp-login.php HTTP/1.1" 200 5200 "-" "Mozilla/5.0 (Windows NT 10.0; Win64; x64; rv:124.0) Gecko/20100101 Firefox/124.0"
158.58.172.21 - - [22/Jul/2026:22:54:35 +0000] "POST /wp-login.php HTTP/1.1" 200 5200 "-" "Mozilla/5.0 (Windows NT 10.0; Win64; rv:143.0) Gecko/20100101 Firefox/143.0"
158.58.172.21 - - [22/Jul/2026:22:54:35 +0000] "POST /wp-login.php HTTP/1.1" 200 5200 "-" "Mozilla/5.0 (Windows NT 10.0; Win64; rv:143.0) Gecko/20100101 Firefox/143.0"
158.58.172.21 - - [22/Jul/2026:22:55:12 +0000] "POST /wp-login.php HTTP/1.1" 200 5200 "-" "Mozilla/5.0 (Windows NT 10.0; Win64; x64) AppleWebKit/537.36 Chrome/129.0.0.0 Safari/537.36"
158.58.172.21 - - [22/Jul/2026:22:55:12 +0000] "POST /wp-login.php HTTP/1.1" 200 5200 "-" "Mozilla/5.0 (Windows NT 10.0; Win64; x64) AppleWebKit/537.36 Chrome/129.0.0.0 Safari/537.36"
158.58.172.21 - - [22/Jul/2026:22:55:54 +0000] "POST /wp-login.php HTTP/1.1" 200 5200 "-" "Mozilla/5.0 (Windows NT 10.0; Win64; rv:143.0) Gecko/20100101 Firefox/143.0"
158.58.172.21 - - [22/Jul/2026:22:55:54 +0000] "POST /wp-login.php HTTP/1.1" 200 5200 "-" "Mozilla/5.0 (Macintosh; Intel Mac OS X 10_15_7) AppleWebKit/605.1.15 Version/17.0 Safari/605.1.15"
158.58.172.21 - - [22/Jul/2026:22:56:34 +0000] "POST /wp-login.php HTTP/1.1" 200 5200 "-" "Mozilla/5.0 (Macintosh; Intel Mac OS X 10_15_7) AppleWebKit/605.1.15 Version/17.0 Safari/605.1.15"
158.58.172.21 - - [22/Jul/2026:22:56:34 +0000] "POST /wp-login.php HTTP/1.1" 200 5200 "-" "Mozilla/5.0 (Windows NT 10.0; Win64; x64) AppleWebKit/537.36 Chrome/129.0.0.0 Safari/537.36"
158.58.172.21 - - [22/Jul/2026:22:57:15 +0000] "POST /wp-login.php HTTP/1.1" 200 5200 "-" "Mozilla/5.0 (Windows NT 10.0; Win64; x64) AppleWebKit/537.36 Chrome/129.0.0.0 Safari/537.36"
158.58.172.21 - - [22/Jul/2026:22:57:15 +0000] "POST /wp-login.php HTTP/1.1" 200 5200 "-" "Mozilla/5.0 (Windows NT 10.0; Win64; x64) AppleWebKit/537.36 Chrome/129.0.0.0 Safari/537.36"
