105.113.68.127 - - [22/Jul/2026:16:56:18 +0000] "GET /wp-content/plugins/elementor/assets/lib/animations/styles/bounceIn.min.css?ver=4.2.0 HTTP/1.1" 200 367 "https://tradedealings.shop/trade-dealings-2/?elementor-preview=23&ver=1784739349" "Mozilla/5.0 (Windows NT 10.0; Win64; x64) AppleWebKit/537.36 (KHTML, like Gecko) Chrome/150.0.0.0 Safari/537.36"
105.113.68.127 - - [22/Jul/2026:16:56:18 +0000] "GET /wp-content/plugins/elementor/assets/lib/animations/styles/bounceInDown.min.css?ver=4.2.0 HTTP/1.1" 200 330 "https://tradedealings.shop/trade-dealings-2/?elementor-preview=23&ver=1784739349" "Mozilla/5.0 (Windows NT 10.0; Win64; x64) AppleWebKit/537.36 (KHTML, like Gecko) Chrome/150.0.0.0 Safari/537.36"
105.113.68.127 - - [22/Jul/2026:16:56:18 +0000] "GET /wp-content/plugins/elementor/assets/lib/animations/styles/bounceInLeft.min.css?ver=4.2.0 HTTP/1.1" 200 330 "https://tradedealings.shop/trade-dealings-2/?elementor-preview=23&ver=1784739349" "Mozilla/5.0 (Windows NT 10.0; Win64; x64) AppleWebKit/537.36 (KHTML, like Gecko) Chrome/150.0.0.0 Safari/537.36"
105.113.68.127 - - [22/Jul/2026:16:56:18 +0000] "GET /wp-content/plugins/elementor/assets/lib/animations/styles/bounceInRight.min.css?ver=4.2.0 HTTP/1.1" 200 335 "https://tradedealings.shop/trade-dealings-2/?elementor-preview=23&ver=1784739349" "Mozilla/5.0 (Windows NT 10.0; Win64; x64) AppleWebKit/537.36 (KHTML, like Gecko) Chrome/150.0.0.0 Safari/537.36"
105.113.68.127 - - [22/Jul/2026:16:56:19 +0000] "GET /wp-content/plugins/elementor/assets/lib/animations/styles/bounceInUp.min.css?ver=4.2.0 HTTP/1.1" 200 340 "https://tradedealings.shop/trade-dealings-2/?elementor-preview=23&ver=1784739349" "Mozilla/5.0 (Windows NT 10.0; Win64; x64) AppleWebKit/537.36 (KHTML, like Gecko) Chrome/150.0.0.0 Safari/537.36"
105.113.68.127 - - [22/Jul/2026:16:56:19 +0000] "GET /wp-content/plugins/elementor/assets/lib/animations/styles/slideInDown.min.css?ver=4.2.0 HTTP/1.1" 200 153 "https://tradedealings.shop/trade-dealings-2/?elementor-preview=23&ver=1784739349" "Mozilla/5.0 (Windows NT 10.0; Win64; x64) AppleWebKit/537.36 (KHTML, like Gecko) Chrome/150.0.0.0 Safari/537.36"
105.113.68.127 - - [22/Jul/2026:16:56:19 +0000] "GET /wp-content/plugins/elementor/assets/lib/animations/styles/slideInLeft.min.css?ver=4.2.0 HTTP/1.1" 200 153 "https://tradedealings.shop/trade-dealings-2/?elementor-preview=23&ver=1784739349" "Mozilla/5.0 (Windows NT 10.0; Win64; x64) AppleWebKit/537.36 (KHTML, like Gecko) Chrome/150.0.0.0 Safari/537.36"
105.113.68.127 - - [22/Jul/2026:16:56:19 +0000] "GET /wp-content/plugins/elementor/assets/lib/animations/styles/slideInRight.min.css?ver=4.2.0 HTTP/1.1" 200 155 "https://tradedealings.shop/trade-dealings-2/?elementor-preview=23&ver=1784739349" "Mozilla/5.0 (Windows NT 10.0; Win64; x64) AppleWebKit/537.36 (KHTML, like Gecko) Chrome/150.0.0.0 Safari/537.36"
105.113.68.127 - - [22/Jul/2026:16:56:19 +0000] "GET /wp-content/plugins/elementor/assets/lib/animations/styles/slideInUp.min.css?ver=4.2.0 HTTP/1.1" 200 146 "https://tradedealings.shop/trade-dealings-2/?elementor-preview=23&ver=1784739349" "Mozilla/5.0 (Windows NT 10.0; Win64; x64) AppleWebKit/537.36 (KHTML, like Gecko) Chrome/150.0.0.0 Safari/537.36"
105.113.68.127 - - [22/Jul/2026:16:56:19 +0000] "GET /wp-content/plugins/elementor/assets/lib/animations/styles/rotateIn.min.css?ver=4.2.0 HTTP/1.1" 200 180 "https://tradedealings.shop/trade-dealings-2/?elementor-preview=23&ver=1784739349" "Mozilla/5.0 (Windows NT 10.0; Win64; x64) AppleWebKit/537.36 (KHTML, like Gecko) Chrome/150.0.0.0 Safari/537.36"
105.113.68.127 - - [22/Jul/2026:16:56:19 +0000] "GET /wp-content/plugins/elementor/assets/lib/animations/styles/rotateInDownLeft.min.css?ver=4.2.0 HTTP/1.1" 200 213 "https://tradedealings.shop/trade-dealings-2/?elementor-preview=23&ver=1784739349" "Mozilla/5.0 (Windows NT 10.0; Win64; x64) AppleWebKit/537.36 (KHTML, like Gecko) Chrome/150.0.0.0 Safari/537.36"
105.113.68.127 - - [22/Jul/2026:16:56:19 +0000] "GET /wp-content/plugins/elementor/assets/lib/animations/styles/rotateInDownRight.min.css?ver=4.2.0 HTTP/1.1" 200 217 "https://tradedealings.shop/trade-dealings-2/?elementor-preview=23&ver=1784739349" "Mozilla/5.0 (Windows NT 10.0; Win64; x64) AppleWebKit/537.36 (KHTML, like Gecko) Chrome/150.0.0.0 Safari/537.36"
105.113.68.127 - - [22/Jul/2026:16:56:19 +0000] "GET /wp-content/plugins/elementor/assets/lib/animations/styles/rotateInUpRight.min.css?ver=4.2.0 HTTP/1.1" 200 212 "https://tradedealings.shop/trade-dealings-2/?elementor-preview=23&ver=1784739349" "Mozilla/5.0 (Windows NT 10.0; Win64; x64) AppleWebKit/537.36 (KHTML, like Gecko) Chrome/150.0.0.0 Safari/537.36"
105.113.68.127 - - [22/Jul/2026:16:56:19 +0000] "GET /wp-content/plugins/elementor/assets/lib/animations/styles/rotateInUpLeft.min.css?ver=4.2.0 HTTP/1.1" 200 206 "https://tradedealings.shop/trade-dealings-2/?elementor-preview=23&ver=1784739349" "Mozilla/5.0 (Windows NT 10.0; Win64; x64) AppleWebKit/537.36 (KHTML, like Gecko) Chrome/150.0.0.0 Safari/537.36"
105.113.68.127 - - [22/Jul/2026:16:56:19 +0000] "GET /wp-content/plugins/elementor/assets/lib/animations/styles/bounce.min.css?ver=4.2.0 HTTP/1.1" 200 426 "https://tradedealings.shop/trade-dealings-2/?elementor-preview=23&ver=1784739349" "Mozilla/5.0 (Windows NT 10.0; Win64; x64) AppleWebKit/537.36 (KHTML, like Gecko) Chrome/150.0.0.0 Safari/537.36"
105.113.68.127 - - [22/Jul/2026:16:56:19 +0000] "GET /wp-content/plugins/elementor/assets/lib/animations/styles/flash.min.css?ver=4.2.0 HTTP/1.1" 200 86 "https://tradedealings.shop/trade-dealings-2/?elementor-preview=23&ver=1784739349" "Mozilla/5.0 (Windows NT 10.0; Win64; x64) AppleWebKit/537.36 (KHTML, like Gecko) Chrome/150.0.0.0 Safari/537.36"
105.113.68.127 - - [22/Jul/2026:16:56:19 +0000] "GET /wp-content/plugins/elementor/assets/lib/animations/styles/e-animation-pulse.min.css?ver=4.2.0 HTTP/1.1" 200 318 "https://tradedealings.shop/trade-dealings-2/?elementor-preview=23&ver=1784739349" "Mozilla/5.0 (Windows NT 10.0; Win64; x64) AppleWebKit/537.36 (KHTML, like Gecko) Chrome/150.0.0.0 Safari/537.36"
105.113.68.127 - - [22/Jul/2026:16:56:19 +0000] "GET /wp-content/plugins/elementor/assets/lib/animations/styles/rubberBand.min.css?ver=4.2.0 HTTP/1.1" 200 264 "https://tradedealings.shop/trade-dealings-2/?elementor-preview=23&ver=1784739349" "Mozilla/5.0 (Windows NT 10.0; Win64; x64) AppleWebKit/537.36 (KHTML, like Gecko) Chrome/150.0.0.0 Safari/537.36"
105.113.68.127 - - [22/Jul/2026:16:56:19 +0000] "GET /wp-content/plugins/elementor/assets/lib/animations/styles/shake.min.css?ver=4.2.0 HTTP/1.1" 200 184 "https://tradedealings.shop/trade-dealings-2/?elementor-preview=23&ver=1784739349" "Mozilla/5.0 (Windows NT 10.0; Win64; x64) AppleWebKit/537.36 (KHTML, like Gecko) Chrome/150.0.0.0 Safari/537.36"
105.113.68.127 - - [22/Jul/2026:16:56:19 +0000] "GET /wp-content/plugins/elementor/assets/lib/animations/styles/headShake.min.css?ver=4.2.0 HTTP/1.1" 200 338 "https://tradedealings.shop/trade-dealings-2/?elementor-preview=23&ver=1784739349" "Mozilla/5.0 (Windows NT 10.0; Win64; x64) AppleWebKit/537.36 (KHTML, like Gecko) Chrome/150.0.0.0 Safari/537.36"
105.113.68.127 - - [22/Jul/2026:16:56:19 +0000] "GET /wp-content/plugins/elementor/assets/lib/animations/styles/swing.min.css?ver=4.2.0 HTTP/1.1" 200 252 "https://tradedealings.shop/trade-dealings-2/?elementor-preview=23&ver=1784739349" "Mozilla/5.0 (Windows NT 10.0; Win64; x64) AppleWebKit/537.36 (KHTML, like Gecko) Chrome/150.0.0.0 Safari/537.36"
105.113.68.127 - - [22/Jul/2026:16:56:19 +0000] "GET /wp-content/plugins/elementor/assets/lib/animations/styles/tada.min.css?ver=4.2.0 HTTP/1.1" 200 267 "https://tradedealings.shop/trade-dealings-2/?elementor-preview=23&ver=1784739349" "Mozilla/5.0 (Windows NT 10.0; Win64; x64) AppleWebKit/537.36 (KHTML, like Gecko) Chrome/150.0.0.0 Safari/537.36"
105.113.68.127 - - [22/Jul/2026:16:56:19 +0000] "GET /wp-content/plugins/elementor/assets/lib/animations/styles/jello.min.css?ver=4.2.0 HTTP/1.1" 200 453 "https://tradedealings.shop/trade-dealings-2/?elementor-preview=23&ver=1784739349" "Mozilla/5.0 (Windows NT 10.0; Win64; x64) AppleWebKit/537.36 (KHTML, like Gecko) Chrome/150.0.0.0 Safari/537.36"
105.113.68.127 - - [22/Jul/2026:16:56:19 +0000] "GET /wp-content/plugins/elementor/assets/lib/animations/styles/wobble.min.css?ver=4.2.0 HTTP/1.1" 200 357 "https://tradedealings.shop/trade-dealings-2/?elementor-preview=23&ver=1784739349" "Mozilla/5.0 (Windows NT 10.0; Win64; x64) AppleWebKit/537.36 (KHTML, like Gecko) Chrome/150.0.0.0 Safari/537.36"
105.113.68.127 - - [22/Jul/2026:16:56:19 +0000] "GET /wp-content/plugins/elementor/assets/lib/animations/styles/lightSpeedIn.min.css?ver=4.2.0 HTTP/1.1" 200 265 "https://tradedealings.shop/trade-dealings-2/?elementor-preview=23&ver=1784739349" "Mozilla/5.0 (Windows NT 10.0; Win64; x64) AppleWebKit/537.36 (KHTML, like Gecko) Chrome/150.0.0.0 Safari/537.36"
105.113.68.127 - - [22/Jul/2026:16:56:20 +0000] "GET /wp-content/plugins/elementor/assets/lib/animations/styles/rollIn.min.css?ver=4.2.0 HTTP/1.1" 200 149 "https://tradedealings.shop/trade-dealings-2/?elementor-preview=23&ver=1784739349" "Mozilla/5.0 (Windows NT 10.0; Win64; x64) AppleWebKit/537.36 (KHTML, like Gecko) Chrome/150.0.0.0 Safari/537.36"
105.113.68.127 - - [22/Jul/2026:16:56:20 +0000] "GET /wp-content/plugins/elementor/assets/lib/animations/styles/e-animation-grow.min.css?ver=4.2.0 HTTP/1.1" 200 198 "https://tradedealings.shop/trade-dealings-2/?elementor-preview=23&ver=1784739349" "Mozilla/5.0 (Windows NT 10.0; Win64; x64) AppleWebKit/537.36 (KHTML, like Gecko) Chrome/150.0.0.0 Safari/537.36"
105.113.68.127 - - [22/Jul/2026:16:56:20 +0000] "GET /wp-content/plugins/elementor/assets/lib/animations/styles/e-animation-shrink.min.css?ver=4.2.0 HTTP/1.1" 200 205 "https://tradedealings.shop/trade-dealings-2/?elementor-preview=23&ver=1784739349" "Mozilla/5.0 (Windows NT 10.0; Win64; x64) AppleWebKit/537.36 (KHTML, like Gecko) Chrome/150.0.0.0 Safari/537.36"
105.113.68.127 - - [22/Jul/2026:16:56:20 +0000] "GET /wp-content/plugins/elementor/assets/lib/animations/styles/e-animation-pulse-grow.min.css?ver=4.2.0 HTTP/1.1" 200 349 "https://tradedealings.shop/trade-dealings-2/?elementor-preview=23&ver=1784739349" "Mozilla/5.0 (Windows NT 10.0; Win64; x64) AppleWebKit/537.36 (KHTML, like Gecko) Chrome/150.0.0.0 Safari/537.36"
105.113.68.127 - - [22/Jul/2026:16:56:20 +0000] "GET /wp-content/plugins/elementor/assets/lib/animations/styles/e-animation-pulse-shrink.min.css?ver=4.2.0 HTTP/1.1" 200 358 "https://tradedealings.shop/trade-dealings-2/?elementor-preview=23&ver=1784739349" "Mozilla/5.0 (Windows NT 10.0; Win64; x64) AppleWebKit/537.36 (KHTML, like Gecko) Chrome/150.0.0.0 Safari/537.36"
105.113.68.127 - - [22/Jul/2026:16:56:20 +0000] "GET /wp-content/plugins/elementor/assets/lib/animations/styles/e-animation-push.min.css?ver=4.2.0 HTTP/1.1" 200 306 "https://tradedealings.shop/trade-dealings-2/?elementor-preview=23&ver=1784739349" "Mozilla/5.0 (Windows NT 10.0; Win64; x64) AppleWebKit/537.36 (KHTML, like Gecko) Chrome/150.0.0.0 Safari/537.36"
105.113.68.127 - - [22/Jul/2026:16:56:20 +0000] "GET /wp-content/plugins/elementor/assets/lib/animations/styles/e-animation-pop.min.css?ver=4.2.0 HTTP/1.1" 200 278 "https://tradedealings.shop/trade-dealings-2/?elementor-preview=23&ver=1784739349" "Mozilla/5.0 (Windows NT 10.0; Win64; x64) AppleWebKit/537.36 (KHTML, like Gecko) Chrome/150.0.0.0 Safari/537.36"
105.113.68.127 - - [22/Jul/2026:16:56:20 +0000] "GET /wp-content/plugins/elementor/assets/lib/animations/styles/e-animation-bounce-out.min.css?ver=4.2.0 HTTP/1.1" 200 253 "https://tradedealings.shop/trade-dealings-2/?elementor-preview=23&ver=1784739349" "Mozilla/5.0 (Windows NT 10.0; Win64; x64) AppleWebKit/537.36 (KHTML, like Gecko) Chrome/150.0.0.0 Safari/537.36"
105.113.68.127 - - [22/Jul/2026:16:56:20 +0000] "GET /wp-content/plugins/elementor/assets/lib/animations/styles/e-animation-rotate.min.css?ver=4.2.0 HTTP/1.1" 200 208 "https://tradedealings.shop/trade-dealings-2/?elementor-preview=23&ver=1784739349" "Mozilla/5.0 (Windows NT 10.0; Win64; x64) AppleWebKit/537.36 (KHTML, like Gecko) Chrome/150.0.0.0 Safari/537.36"
105.113.68.127 - - [22/Jul/2026:16:56:20 +0000] "GET /wp-content/plugins/elementor/assets/lib/animations/styles/e-animation-bounce-in.min.css?ver=4.2.0 HTTP/1.1" 200 250 "https://tradedealings.shop/trade-dealings-2/?elementor-preview=23&ver=1784739349" "Mozilla/5.0 (Windows NT 10.0; Win64; x64) AppleWebKit/537.36 (KHTML, like Gecko) Chrome/150.0.0.0 Safari/537.36"
105.113.68.127 - - [22/Jul/2026:16:56:20 +0000] "GET /wp-content/plugins/elementor/assets/lib/animations/styles/e-animation-grow-rotate.min.css?ver=4.2.0 HTTP/1.1" 200 239 "https://tradedealings.shop/trade-dealings-2/?elementor-preview=23&ver=1784739349" "Mozilla/5.0 (Windows NT 10.0; Win64; x64) AppleWebKit/537.36 (KHTML, like Gecko) Chrome/150.0.0.0 Safari/537.36"
105.113.68.127 - - [22/Jul/2026:16:56:20 +0000] "GET /wp-content/plugins/elementor/assets/lib/animations/styles/e-animation-float.min.css?ver=4.2.0 HTTP/1.1" 200 244 "https://tradedealings.shop/trade-dealings-2/?elementor-preview=23&ver=1784739349" "Mozilla/5.0 (Windows NT 10.0; Win64; x64) AppleWebKit/537.36 (KHTML, like Gecko) Chrome/150.0.0.0 Safari/537.36"
105.113.68.127 - - [22/Jul/2026:16:56:20 +0000] "GET /wp-content/plugins/elementor/assets/lib/animations/styles/e-animation-sink.min.css?ver=4.2.0 HTTP/1.1" 200 239 "https://tradedealings.shop/trade-dealings-2/?elementor-preview=23&ver=1784739349" "Mozilla/5.0 (Windows NT 10.0; Win64; x64) AppleWebKit/537.36 (KHTML, like Gecko) Chrome/150.0.0.0 Safari/537.36"
105.113.68.127 - - [22/Jul/2026:16:56:20 +0000] "GET /wp-content/plugins/elementor/assets/lib/animations/styles/e-animation-bob.min.css?ver=4.2.0 HTTP/1.1" 200 567 "https://tradedealings.shop/trade-dealings-2/?elementor-preview=23&ver=1784739349" "Mozilla/5.0 (Windows NT 10.0; Win64; x64) AppleWebKit/537.36 (KHTML, like Gecko) Chrome/150.0.0.0 Safari/537.36"
105.113.68.127 - - [22/Jul/2026:16:56:20 +0000] "GET /wp-content/plugins/elementor/assets/lib/animations/styles/e-animation-hang.min.css?ver=4.2.0 HTTP/1.1" 200 568 "https://tradedealings.shop/trade-dealings-2/?elementor-preview=23&ver=1784739349" "Mozilla/5.0 (Windows NT 10.0; Win64; x64) AppleWebKit/537.36 (KHTML, like Gecko) Chrome/150.0.0.0 Safari/537.36"
105.113.68.127 - - [22/Jul/2026:16:56:20 +0000] "GET /wp-content/plugins/elementor/assets/lib/animations/styles/e-animation-skew.min.css?ver=4.2.0 HTTP/1.1" 200 200 "https://tradedealings.shop/trade-dealings-2/?elementor-preview=23&ver=1784739349" "Mozilla/5.0 (Windows NT 10.0; Win64; x64) AppleWebKit/537.36 (KHTML, like Gecko) Chrome/150.0.0.0 Safari/537.36"
105.113.68.127 - - [22/Jul/2026:16:56:20 +0000] "GET /wp-content/plugins/elementor/assets/lib/animations/styles/e-animation-skew-forward.min.css?ver=4.2.0 HTTP/1.1" 200 256 "https://tradedealings.shop/trade-dealings-2/?elementor-preview=23&ver=1784739349" "Mozilla/5.0 (Windows NT 10.0; Win64; x64) AppleWebKit/537.36 (KHTML, like Gecko) Chrome/150.0.0.0 Safari/537.36"
105.113.68.127 - - [22/Jul/2026:16:56:20 +0000] "GET /wp-content/plugins/elementor/assets/lib/animations/styles/e-animation-wobble-vertical.min.css?ver=4.2.0 HTTP/1.1" 200 511 "https://tradedealings.shop/trade-dealings-2/?elementor-preview=23&ver=1784739349" "Mozilla/5.0 (Windows NT 10.0; Win64; x64) AppleWebKit/537.36 (KHTML, like Gecko) Chrome/150.0.0.0 Safari/537.36"
105.113.68.127 - - [22/Jul/2026:16:56:20 +0000] "GET /wp-content/plugins/elementor/assets/lib/animations/styles/e-animation-skew-backward.min.css?ver=4.2.0 HTTP/1.1" 200 259 "https://tradedealings.shop/trade-dealings-2/?elementor-preview=23&ver=1784739349" "Mozilla/5.0 (Windows NT 10.0; Win64; x64) AppleWebKit/537.36 (KHTML, like Gecko) Chrome/150.0.0.0 Safari/537.36"
105.113.68.127 - - [22/Jul/2026:16:56:21 +0000] "GET /wp-content/plugins/elementor/assets/lib/animations/styles/e-animation-wobble-horizontal.min.css?ver=4.2.0 HTTP/1.1" 200 521 "https://tradedealings.shop/trade-dealings-2/?elementor-preview=23&ver=1784739349" "Mozilla/5.0 (Windows NT 10.0; Win64; x64) AppleWebKit/537.36 (KHTML, like Gecko) Chrome/150.0.0.0 Safari/537.36"
105.113.68.127 - - [22/Jul/2026:16:56:21 +0000] "GET /wp-content/plugins/elementor/assets/lib/animations/styles/e-animation-wobble-to-bottom-right.min.css?ver=4.2.0 HTTP/1.1" 200 564 "https://tradedealings.shop/trade-dealings-2/?elementor-preview=23&ver=1784739349" "Mozilla/5.0 (Windows NT 10.0; Win64; x64) AppleWebKit/537.36 (KHTML, like Gecko) Chrome/150.0.0.0 Safari/537.36"
105.113.68.127 - - [22/Jul/2026:16:56:21 +0000] "GET /wp-content/plugins/elementor/assets/lib/animations/styles/e-animation-wobble-top.min.css?ver=4.2.0 HTTP/1.1" 200 514 "https://tradedealings.shop/trade-dealings-2/?elementor-preview=23&ver=1784739349" "Mozilla/5.0 (Windows NT 10.0; Win64; x64) AppleWebKit/537.36 (KHTML, like Gecko) Chrome/150.0.0.0 Safari/537.36"
105.113.68.127 - - [22/Jul/2026:16:56:21 +0000] "GET /wp-content/plugins/elementor/assets/lib/animations/styles/e-animation-wobble-to-top-right.min.css?ver=4.2.0 HTTP/1.1" 200 550 "https://tradedealings.shop/trade-dealings-2/?elementor-preview=23&ver=1784739349" "Mozilla/5.0 (Windows NT 10.0; Win64; x64) AppleWebKit/537.36 (KHTML, like Gecko) Chrome/150.0.0.0 Safari/537.36"
105.113.68.127 - - [22/Jul/2026:16:56:21 +0000] "GET /wp-content/plugins/elementor/assets/lib/animations/styles/e-animation-wobble-bottom.min.css?ver=4.2.0 HTTP/1.1" 200 532 "https://tradedealings.shop/trade-dealings-2/?elementor-preview=23&ver=1784739349" "Mozilla/5.0 (Windows NT 10.0; Win64; x64) AppleWebKit/537.36 (KHTML, like Gecko) Chrome/150.0.0.0 Safari/537.36"
105.113.68.127 - - [22/Jul/2026:16:56:21 +0000] "GET /wp-content/plugins/elementor/assets/lib/animations/styles/e-animation-wobble-skew.min.css?ver=4.2.0 HTTP/1.1" 200 463 "https://tradedealings.shop/trade-dealings-2/?elementor-preview=23&ver=1784739349" "Mozilla/5.0 (Windows NT 10.0; Win64; x64) AppleWebKit/537.36 (KHTML, like Gecko) Chrome/150.0.0.0 Safari/537.36"
105.113.68.127 - - [22/Jul/2026:16:56:21 +0000] "GET /wp-content/plugins/elementor/assets/lib/animations/styles/e-animation-buzz.min.css?ver=4.2.0 HTTP/1.1" 200 355 "https://tradedealings.shop/trade-dealings-2/?elementor-preview=23&ver=1784739349" "Mozilla/5.0 (Windows NT 10.0; Win64; x64) AppleWebKit/537.36 (KHTML, like Gecko) Chrome/150.0.0.0 Safari/537.36"
105.113.68.127 - - [22/Jul/2026:16:56:21 +0000] "GET /wp-content/plugins/elementor/assets/lib/animations/styles/e-animation-buzz-out.min.css?ver=4.2.0 HTTP/1.1" 200 713 "https://tradedealings.shop/trade-dealings-2/?elementor-preview=23&ver=1784739349" "Mozilla/5.0 (Windows NT 10.0; Win64; x64) AppleWebKit/537.36 (KHTML, like Gecko) Chrome/150.0.0.0 Safari/537.36"
105.113.68.127 - - [22/Jul/2026:16:56:21 +0000] "GET /wp-content/plugins/wpforms-lite/assets/css/integrations/paypal-commerce/integrations/elementor-editor-paypal-commerce.min.css?ver=2.0.0.2 HTTP/1.1" 200 13845 "https://tradedealings.shop/trade-dealings-2/?elementor-preview=23&ver=1784739349" "Mozilla/5.0 (Windows NT 10.0; Win64; x64) AppleWebKit/537.36 (KHTML, like Gecko) Chrome/150.0.0.0 Safari/537.36"
105.113.68.127 - - [22/Jul/2026:16:56:21 +0000] "GET /wp-content/plugins/elementor/assets/js/styleguide-app-initiator.min.js?ver=4.2.0 HTTP/1.1" 200 13344 "https://tradedealings.shop/trade-dealings-2/?elementor-preview=23&ver=1784739349" "Mozilla/5.0 (Windows NT 10.0; Win64; x64) AppleWebKit/537.36 (KHTML, like Gecko) Chrome/150.0.0.0 Safari/537.36"
105.113.68.127 - - [22/Jul/2026:16:56:21 +0000] "GET /wp-content/plugins/elementor/assets/js/webpack.runtime.min.js?ver=4.2.0 HTTP/1.1" 200 5819 "https://tradedealings.shop/trade-dealings-2/?elementor-preview=23&ver=1784739349" "Mozilla/5.0 (Windows NT 10.0; Win64; x64) AppleWebKit/537.36 (KHTML, like Gecko) Chrome/150.0.0.0 Safari/537.36"
105.113.68.127 - - [22/Jul/2026:16:56:21 +0000] "GET /wp-content/plugins/elementor/assets/js/frontend-modules.min.js?ver=4.2.0 HTTP/1.1" 200 50602 "https://tradedealings.shop/trade-dealings-2/?elementor-preview=23&ver=1784739349" "Mozilla/5.0 (Windows NT 10.0; Win64; x64) AppleWebKit/537.36 (KHTML, like Gecko) Chrome/150.0.0.0 Safari/537.36"
105.113.68.127 - - [22/Jul/2026:16:56:21 +0000] "GET /wp-content/plugins/elementor/assets/js/frontend.min.js?ver=4.2.0 HTTP/1.1" 200 32098 "https://tradedealings.shop/trade-dealings-2/?elementor-preview=23&ver=1784739349" "Mozilla/5.0 (Windows NT 10.0; Win64; x64) AppleWebKit/537.36 (KHTML, like Gecko) Chrome/150.0.0.0 Safari/537.36"
105.113.68.127 - - [22/Jul/2026:16:56:21 +0000] "GET /wp-content/plugins/elementor/assets/lib/swiper/v8/swiper.min.js?ver=8.4.5 HTTP/1.1" 200 143709 "https://tradedealings.shop/trade-dealings-2/?elementor-preview=23&ver=1784739349" "Mozilla/5.0 (Windows NT 10.0; Win64; x64) AppleWebKit/537.36 (KHTML, like Gecko) Chrome/150.0.0.0 Safari/537.36"
105.113.68.127 - - [22/Jul/2026:16:56:21 +0000] "GET /wp-content/plugins/elementor/assets/js/packages/frontend-handlers/frontend-handlers.min.js?ver=4.2.0 HTTP/1.1" 200 4692 "https://tradedealings.shop/trade-dealings-2/?elementor-preview=23&ver=1784739349" "Mozilla/5.0 (Windows NT 10.0; Win64; x64) AppleWebKit/537.36 (KHTML, like Gecko) Chrome/150.0.0.0 Safari/537.36"
105.113.68.127 - - [22/Jul/2026:16:56:21 +0000] "GET /wp-content/plugins/elementor/assets/lib/jquery-numerator/jquery-numerator.min.js?ver=0.2.1 HTTP/1.1" 200 1801 "https://tradedealings.shop/trade-dealings-2/?elementor-preview=23&ver=1784739349" "Mozilla/5.0 (Windows NT 10.0; Win64; x64) AppleWebKit/537.36 (KHTML, like Gecko) Chrome/150.0.0.0 Safari/537.36"
105.113.68.127 - - [22/Jul/2026:16:56:21 +0000] "GET /wp-content/plugins/elementor/assets/js/atomic-widgets-action-link-handler.min.js?ver=4.2.0 HTTP/1.1" 200 20388 "https://tradedealings.shop/trade-dealings-2/?elementor-preview=23&ver=1784739349" "Mozilla/5.0 (Windows NT 10.0; Win64; x64) AppleWebKit/537.36 (KHTML, like Gecko) Chrome/150.0.0.0 Safari/537.36"
105.113.68.127 - - [22/Jul/2026:16:56:22 +0000] "GET /wp-content/plugins/elementor/assets/js/youtube-handler.min.js?ver=4.2.0 HTTP/1.1" 200 1859 "https://tradedealings.shop/trade-dealings-2/?elementor-preview=23&ver=1784739349" "Mozilla/5.0 (Windows NT 10.0; Win64; x64) AppleWebKit/537.36 (KHTML, like Gecko) Chrome/150.0.0.0 Safari/537.36"
105.113.68.127 - - [22/Jul/2026:16:56:22 +0000] "GET /wp-content/plugins/elementor/assets/js/packages/alpinejs/alpinejs.min.js?ver=4.2.0 HTTP/1.1" 200 68012 "https://tradedealings.shop/trade-dealings-2/?elementor-preview=23&ver=1784739349" "Mozilla/5.0 (Windows NT 10.0; Win64; x64) AppleWebKit/537.36 (KHTML, like Gecko) Chrome/150.0.0.0 Safari/537.36"
105.113.68.127 - - [22/Jul/2026:16:56:22 +0000] "GET /wp-content/plugins/elementor/assets/js/tabs-handler.min.js?ver=4.2.0 HTTP/1.1" 200 21425 "https://tradedealings.shop/trade-dealings-2/?elementor-preview=23&ver=1784739349" "Mozilla/5.0 (Windows NT 10.0; Win64; x64) AppleWebKit/537.36 (KHTML, like Gecko) Chrome/150.0.0.0 Safari/537.36"
105.113.68.127 - - [22/Jul/2026:16:56:22 +0000] "GET /wp-content/plugins/elementor/assets/js/tabs-preview-handler.min.js?ver=4.2.0 HTTP/1.1" 200 20592 "https://tradedealings.shop/trade-dealings-2/?elementor-preview=23&ver=1784739349" "Mozilla/5.0 (Windows NT 10.0; Win64; x64) AppleWebKit/537.36 (KHTML, like Gecko) Chrome/150.0.0.0 Safari/537.36"
105.113.68.127 - - [22/Jul/2026:16:56:22 +0000] "GET /wp-content/plugins/elementor/assets/lib/inline-editor/js/inline-editor.min.js?ver=4.2.0 HTTP/1.1" 200 17655 "https://tradedealings.shop/trade-dealings-2/?elementor-preview=23&ver=1784739349" "Mozilla/5.0 (Windows NT 10.0; Win64; x64) AppleWebKit/537.36 (KHTML, like Gecko) Chrome/150.0.0.0 Safari/537.36"
105.113.68.127 - - [22/Jul/2026:16:56:22 +0000] "GET /wp-content/plugins/elementor/assets/lib/motion/motion.min.js?ver=11.13.5 HTTP/1.1" 200 128346 "https://tradedealings.shop/trade-dealings-2/?elementor-preview=23&ver=1784739349" "Mozilla/5.0 (Windows NT 10.0; Win64; x64) AppleWebKit/537.36 (KHTML, like Gecko) Chrome/150.0.0.0 Safari/537.36"
105.113.68.127 - - [22/Jul/2026:16:56:22 +0000] "GET /wp-content/plugins/elementor/assets/js/interactions-shared-utils.min.js?ver=1.0.0 HTTP/1.1" 200 10744 "https://tradedealings.shop/trade-dealings-2/?elementor-preview=23&ver=1784739349" "Mozilla/5.0 (Windows NT 10.0; Win64; x64) AppleWebKit/537.36 (KHTML, like Gecko) Chrome/150.0.0.0 Safari/537.36"
105.113.68.127 - - [22/Jul/2026:16:56:22 +0000] "GET /wp-content/plugins/elementor/assets/js/editor-interactions.min.js?ver=1.0.0 HTTP/1.1" 200 19091 "https://tradedealings.shop/trade-dealings-2/?elementor-preview=23&ver=1784739349" "Mozilla/5.0 (Windows NT 10.0; Win64; x64) AppleWebKit/537.36 (KHTML, like Gecko) Chrome/150.0.0.0 Safari/537.36"
105.113.68.127 - - [22/Jul/2026:16:56:22 +0000] "GET /wp-content/plugins/wpforms-lite/assets/js/frontend/wpforms.min.js?ver=2.0.0.2 HTTP/1.1" 200 54703 "https://tradedealings.shop/trade-dealings-2/?elementor-preview=23&ver=1784739349" "Mozilla/5.0 (Windows NT 10.0; Win64; x64) AppleWebKit/537.36 (KHTML, like Gecko) Chrome/150.0.0.0 Safari/537.36"
105.113.68.127 - - [22/Jul/2026:16:56:22 +0000] "GET /wp-content/plugins/wpforms-lite/assets/js/integrations/elementor/editor.min.js?ver=2.0.0.2 HTTP/1.1" 200 6255 "https://tradedealings.shop/trade-dealings-2/?elementor-preview=23&ver=1784739349" "Mozilla/5.0 (Windows NT 10.0; Win64; x64) AppleWebKit/537.36 (KHTML, like Gecko) Chrome/150.0.0.0 Safari/537.36"
105.113.68.127 - - [22/Jul/2026:16:56:22 +0000] "GET /wp-content/plugins/wpforms-lite/assets/js/integrations/elementor/editor-modern.min.js?ver=2.0.0.2 HTTP/1.1" 200 14237 "https://tradedealings.shop/trade-dealings-2/?elementor-preview=23&ver=1784739349" "Mozilla/5.0 (Windows NT 10.0; Win64; x64) AppleWebKit/537.36 (KHTML, like Gecko) Chrome/150.0.0.0 Safari/537.36"
105.113.68.127 - - [22/Jul/2026:16:56:22 +0000] "GET /wp-content/plugins/wpforms-lite/assets/js/integrations/elementor/themes.min.js?ver=2.0.0.2 HTTP/1.1" 200 8657 "https://tradedealings.shop/trade-dealings-2/?elementor-preview=23&ver=1784739349" "Mozilla/5.0 (Windows NT 10.0; Win64; x64) AppleWebKit/537.36 (KHTML, like Gecko) Chrome/150.0.0.0 Safari/537.36"
105.113.68.127 - - [22/Jul/2026:16:56:22 +0000] "GET /wp-content/plugins/wpforms-lite/assets/lib/jquery.validate.min.js?ver=1.21.0 HTTP/1.1" 200 25308 "https://tradedealings.shop/trade-dealings-2/?elementor-preview=23&ver=1784739349" "Mozilla/5.0 (Windows NT 10.0; Win64; x64) AppleWebKit/537.36 (KHTML, like Gecko) Chrome/150.0.0.0 Safari/537.36"
105.113.68.127 - - [22/Jul/2026:16:56:22 +0000] "GET /wp-content/plugins/wpforms-lite/assets/lib/jquery.inputmask.min.js?ver=5.0.9 HTTP/1.1" 200 117412 "https://tradedealings.shop/trade-dealings-2/?elementor-preview=23&ver=1784739349" "Mozilla/5.0 (Windows NT 10.0; Win64; x64) AppleWebKit/537.36 (KHTML, like Gecko) Chrome/150.0.0.0 Safari/537.36"
105.113.68.127 - - [22/Jul/2026:16:56:23 +0000] "GET /wp-content/plugins/wpforms-lite/assets/lib/mailcheck.min.js?ver=1.1.2 HTTP/1.1" 200 4014 "https://tradedealings.shop/trade-dealings-2/?elementor-preview=23&ver=1784739349" "Mozilla/5.0 (Windows NT 10.0; Win64; x64) AppleWebKit/537.36 (KHTML, like Gecko) Chrome/150.0.0.0 Safari/537.36"
105.113.68.127 - - [22/Jul/2026:16:56:23 +0000] "GET /wp-content/plugins/wpforms-lite/assets/lib/punycode.min.js?ver=1.0.0 HTTP/1.1" 200 1713 "https://tradedealings.shop/trade-dealings-2/?elementor-preview=23&ver=1784739349" "Mozilla/5.0 (Windows NT 10.0; Win64; x64) AppleWebKit/537.36 (KHTML, like Gecko) Chrome/150.0.0.0 Safari/537.36"
105.113.68.127 - - [22/Jul/2026:16:56:23 +0000] "GET /wp-content/plugins/wpforms-lite/assets/js/frontend/fields/address.min.js?ver=2.0.0.2 HTTP/1.1" 200 1826 "https://tradedealings.shop/trade-dealings-2/?elementor-preview=23&ver=1784739349" "Mozilla/5.0 (Windows NT 10.0; Win64; x64) AppleWebKit/537.36 (KHTML, like Gecko) Chrome/150.0.0.0 Safari/537.36"
105.113.68.127 - - [22/Jul/2026:16:56:23 +0000] "GET /wp-includes/js/wp-embed.min.js?ver=7.0.2 HTTP/1.1" 200 1251 "https://tradedealings.shop/wp-admin/post.php?post=23&action=elementor" "Mozilla/5.0 (Windows NT 10.0; Win64; x64) AppleWebKit/537.36 (KHTML, like Gecko) Chrome/150.0.0.0 Safari/537.36"
105.113.68.127 - - [22/Jul/2026:16:56:23 +0000] "GET /wp-json/elementor/v1/global-classes/post?context=preview&post_id=23 HTTP/1.1" 200 31 "https://tradedealings.shop/wp-admin/post.php?post=23&action=elementor" "Mozilla/5.0 (Windows NT 10.0; Win64; x64) AppleWebKit/537.36 (KHTML, like Gecko) Chrome/150.0.0.0 Safari/537.36"
105.113.68.127 - - [22/Jul/2026:16:56:21 +0000] "POST /wp-admin/admin-ajax.php HTTP/1.1" 200 1483705 "https://tradedealings.shop/wp-admin/post.php?post=23&action=elementor" "Mozilla/5.0 (Windows NT 10.0; Win64; x64) AppleWebKit/537.36 (KHTML, like Gecko) Chrome/150.0.0.0 Safari/537.36"
105.113.68.127 - - [22/Jul/2026:16:56:23 +0000] "GET /wp-json/wpforms/v1/elementor/themes/?_locale=user HTTP/1.1" 200 9111 "https://tradedealings.shop/trade-dealings-2/?elementor-preview=23&ver=1784739349" "Mozilla/5.0 (Windows NT 10.0; Win64; x64) AppleWebKit/537.36 (KHTML, like Gecko) Chrome/150.0.0.0 Safari/537.36"
105.113.68.127 - - [22/Jul/2026:16:56:25 +0000] "GET /wp-content/plugins/elementor/assets/js/b96d70044d0d67c2df19.bundle.min.js HTTP/1.1" 200 23415 "https://tradedealings.shop/wp-admin/post.php?post=23&action=elementor" "Mozilla/5.0 (Windows NT 10.0; Win64; x64) AppleWebKit/537.36 (KHTML, like Gecko) Chrome/150.0.0.0 Safari/537.36"
105.113.68.127 - - [22/Jul/2026:16:56:23 +0000] "GET /wp-json/elementor/v1/globals HTTP/1.1" 200 884 "https://tradedealings.shop/wp-admin/post.php?post=23&action=elementor" "Mozilla/5.0 (Windows NT 10.0; Win64; x64) AppleWebKit/537.36 (KHTML, like Gecko) Chrome/150.0.0.0 Safari/537.36"
105.113.68.127 - - [22/Jul/2026:16:56:23 +0000] "GET /wp-json/elementor/v1/global-classes/post?context=frontend&post_id=23 HTTP/1.1" 200 31 "https://tradedealings.shop/wp-admin/post.php?post=23&action=elementor" "Mozilla/5.0 (Windows NT 10.0; Win64; x64) AppleWebKit/537.36 (KHTML, like Gecko) Chrome/150.0.0.0 Safari/537.36"
105.113.68.127 - - [22/Jul/2026:16:56:26 +0000] "GET /wp-content/plugins/elementor/assets/css/theme-dark.min.css?ver=4.2.0 HTTP/1.1" 200 2378 "https://tradedealings.shop/wp-admin/post.php?post=23&action=elementor" "Mozilla/5.0 (Windows NT 10.0; Win64; x64) AppleWebKit/537.36 (KHTML, like Gecko) Chrome/150.0.0.0 Safari/537.36"
105.113.68.127 - - [22/Jul/2026:16:56:26 +0000] "GET /wp-content/plugins/elementor/assets/js/b3be4391f77526f4db6c.bundle.min.js HTTP/1.1" 200 30202 "https://tradedealings.shop/wp-admin/post.php?post=23&action=elementor" "Mozilla/5.0 (Windows NT 10.0; Win64; x64) AppleWebKit/537.36 (KHTML, like Gecko) Chrome/150.0.0.0 Safari/537.36"
105.113.68.127 - - [22/Jul/2026:16:56:26 +0000] "GET /wp-content/plugins/elementor/assets/images/logo-panel.svg HTTP/1.1" 200 6102 "https://tradedealings.shop/wp-admin/post.php?post=23&action=elementor" "Mozilla/5.0 (Windows NT 10.0; Win64; x64) AppleWebKit/537.36 (KHTML, like Gecko) Chrome/150.0.0.0 Safari/537.36"
105.113.68.127 - - [22/Jul/2026:16:56:26 +0000] "GET /wp-content/plugins/elementor/assets/images/information.svg HTTP/1.1" 200 5812 "https://tradedealings.shop/wp-admin/post.php?post=23&action=elementor" "Mozilla/5.0 (Windows NT 10.0; Win64; x64) AppleWebKit/537.36 (KHTML, like Gecko) Chrome/150.0.0.0 Safari/537.36"
105.113.68.127 - - [22/Jul/2026:16:56:26 +0000] "GET /wp-json/elementor/v1/global-classes?context=frontend HTTP/1.1" 200 21 "https://tradedealings.shop/wp-admin/post.php?post=23&action=elementor" "Mozilla/5.0 (Windows NT 10.0; Win64; x64) AppleWebKit/537.36 (KHTML, like Gecko) Chrome/150.0.0.0 Safari/537.36"
105.113.68.127 - - [22/Jul/2026:16:56:26 +0000] "POST /wp-admin/admin-ajax.php HTTP/1.1" 200 109 "https://tradedealings.shop/wp-admin/post.php?post=23&action=elementor" "Mozilla/5.0 (Windows NT 10.0; Win64; x64) AppleWebKit/537.36 (KHTML, like Gecko) Chrome/150.0.0.0 Safari/537.36"
105.113.68.127 - - [22/Jul/2026:16:56:26 +0000] "GET /wp-json/elementor/v1/global-classes?context=preview HTTP/1.1" 200 21 "https://tradedealings.shop/wp-admin/post.php?post=23&action=elementor" "Mozilla/5.0 (Windows NT 10.0; Win64; x64) AppleWebKit/537.36 (KHTML, like Gecko) Chrome/150.0.0.0 Safari/537.36"
105.113.68.127 - - [22/Jul/2026:16:56:26 +0000] "GET /wp-json/elementor/v1/checklist/user-progress HTTP/1.1" 200 533 "https://tradedealings.shop/wp-admin/post.php?post=23&action=elementor" "Mozilla/5.0 (Windows NT 10.0; Win64; x64) AppleWebKit/537.36 (KHTML, like Gecko) Chrome/150.0.0.0 Safari/537.36"
105.113.68.127 - - [22/Jul/2026:16:56:29 +0000] "GET /wp-content/plugins/elementor/assets/js/ef2100ac3eda1a957819.bundle.min.js HTTP/1.1" 200 5050 "https://tradedealings.shop/wp-admin/post.php?post=23&action=elementor" "Mozilla/5.0 (Windows NT 10.0; Win64; x64) AppleWebKit/537.36 (KHTML, like Gecko) Chrome/150.0.0.0 Safari/537.36"
105.113.68.127 - - [22/Jul/2026:16:56:29 +0000] "GET /wp-content/plugins/elementor/assets/js/e1cb4d726bb59646c677.bundle.min.js HTTP/1.1" 200 5392 "https://tradedealings.shop/wp-admin/post.php?post=23&action=elementor" "Mozilla/5.0 (Windows NT 10.0; Win64; x64) AppleWebKit/537.36 (KHTML, like Gecko) Chrome/150.0.0.0 Safari/537.36"
105.113.68.127 - - [22/Jul/2026:16:56:26 +0000] "POST /wp-admin/admin-ajax.php HTTP/1.1" 200 114 "https://tradedealings.shop/wp-admin/post.php?post=23&action=elementor" "Mozilla/5.0 (Windows NT 10.0; Win64; x64) AppleWebKit/537.36 (KHTML, like Gecko) Chrome/150.0.0.0 Safari/537.36"
105.113.68.127 - - [22/Jul/2026:16:56:29 +0000] "GET /wp-json/elementor/v1/global-classes/post?context=frontend&post_id=23 HTTP/1.1" 200 31 "https://tradedealings.shop/wp-admin/post.php?post=23&action=elementor" "Mozilla/5.0 (Windows NT 10.0; Win64; x64) AppleWebKit/537.36 (KHTML, like Gecko) Chrome/150.0.0.0 Safari/537.36"
105.113.68.127 - - [22/Jul/2026:16:56:29 +0000] "GET /wp-json/elementor/v1/global-classes/post?context=preview&post_id=23 HTTP/1.1" 200 31 "https://tradedealings.shop/wp-admin/post.php?post=23&action=elementor" "Mozilla/5.0 (Windows NT 10.0; Win64; x64) AppleWebKit/537.36 (KHTML, like Gecko) Chrome/150.0.0.0 Safari/537.36"
105.113.68.127 - - [22/Jul/2026:16:56:29 +0000] "GET /wp-json/elementor/v1/checklist/user-progress HTTP/1.1" 200 533 "https://tradedealings.shop/wp-admin/post.php?post=23&action=elementor" "Mozilla/5.0 (Windows NT 10.0; Win64; x64) AppleWebKit/537.36 (KHTML, like Gecko) Chrome/150.0.0.0 Safari/537.36"
105.113.68.127 - - [22/Jul/2026:16:56:29 +0000] "PUT /wp-json/elementor/v1/checklist/user-progress HTTP/1.1" 200 18 "https://tradedealings.shop/wp-admin/post.php?post=23&action=elementor" "Mozilla/5.0 (Windows NT 10.0; Win64; x64) AppleWebKit/537.36 (KHTML, like Gecko) Chrome/150.0.0.0 Safari/537.36"
105.113.68.127 - - [22/Jul/2026:16:56:29 +0000] "GET /wp-json/elementor/v1/checklist/steps HTTP/1.1" 200 3448 "https://tradedealings.shop/wp-admin/post.php?post=23&action=elementor" "Mozilla/5.0 (Windows NT 10.0; Win64; x64) AppleWebKit/537.36 (KHTML, like Gecko) Chrome/150.0.0.0 Safari/537.36"
105.113.68.127 - - [22/Jul/2026:16:56:33 +0000] "GET /wp-content/plugins/wpforms-lite/assets/images/integrations/elementor/font/icon-wpforms.woff2 HTTP/1.1" 200 2632 "https://tradedealings.shop/wp-content/plugins/wpforms-lite/assets/css/admin-integrations.min.css?ver=2.0.0.2" "Mozilla/5.0 (Windows NT 10.0; Win64; x64) AppleWebKit/537.36 (KHTML, like Gecko) Chrome/150.0.0.0 Safari/537.36"
105.113.68.127 - - [22/Jul/2026:16:56:33 +0000] "GET /wp-json/elementor/v1/checklist/user-progress HTTP/1.1" 200 540 "https://tradedealings.shop/wp-admin/post.php?post=23&action=elementor" "Mozilla/5.0 (Windows NT 10.0; Win64; x64) AppleWebKit/537.36 (KHTML, like Gecko) Chrome/150.0.0.0 Safari/537.36"
105.113.68.127 - - [22/Jul/2026:16:56:35 +0000] "GET /wp-json/elementor/v1/checklist/user-progress HTTP/1.1" 200 540 "https://tradedealings.shop/wp-admin/post.php?post=23&action=elementor" "Mozilla/5.0 (Windows NT 10.0; Win64; x64) AppleWebKit/537.36 (KHTML, like Gecko) Chrome/150.0.0.0 Safari/537.36"
105.113.68.127 - - [22/Jul/2026:16:56:36 +0000] "GET /wp-json/elementor/v1/checklist/user-progress HTTP/1.1" 200 540 "https://tradedealings.shop/wp-admin/post.php?post=23&action=elementor" "Mozilla/5.0 (Windows NT 10.0; Win64; x64) AppleWebKit/537.36 (KHTML, like Gecko) Chrome/150.0.0.0 Safari/537.36"
105.113.68.127 - - [22/Jul/2026:16:56:38 +0000] "POST /wp-admin/admin-ajax.php HTTP/1.1" 200 77 "https://tradedealings.shop/wp-admin/post.php?post=23&action=elementor" "Mozilla/5.0 (Windows NT 10.0; Win64; x64) AppleWebKit/537.36 (KHTML, like Gecko) Chrome/150.0.0.0 Safari/537.36"
105.113.68.127 - - [22/Jul/2026:16:56:45 +0000] "PUT /wp-json/elementor/v1/checklist/user-progress HTTP/1.1" 200 18 "https://tradedealings.shop/wp-admin/post.php?post=23&action=elementor" "Mozilla/5.0 (Windows NT 10.0; Win64; x64) AppleWebKit/537.36 (KHTML, like Gecko) Chrome/150.0.0.0 Safari/537.36"
105.113.68.127 - - [22/Jul/2026:16:56:47 +0000] "PUT /wp-json/elementor/v1/checklist/user-progress HTTP/1.1" 200 18 "https://tradedealings.shop/wp-admin/post.php?post=23&action=elementor" "Mozilla/5.0 (Windows NT 10.0; Win64; x64) AppleWebKit/537.36 (KHTML, like Gecko) Chrome/150.0.0.0 Safari/537.36"
105.113.68.127 - - [22/Jul/2026:16:56:53 +0000] "POST /wp-admin/admin-ajax.php HTTP/1.1" 200 77 "https://tradedealings.shop/wp-admin/post.php?post=23&action=elementor" "Mozilla/5.0 (Windows NT 10.0; Win64; x64) AppleWebKit/537.36 (KHTML, like Gecko) Chrome/150.0.0.0 Safari/537.36"
46.250.236.230 - - [22/Jul/2026:16:57:09 +0000] "POST /wp-login.php HTTP/1.1" 200 5142 "-" "Mozilla/5.0 (Windows NT 10.0; Win64; x64) AppleWebKit/537.36 Chrome/129.0.0.0 Safari/537.36"
46.250.236.230 - - [22/Jul/2026:16:57:09 +0000] "POST /wp-login.php HTTP/1.1" 200 5142 "-" "Mozilla/5.0 (Windows NT 10.0; Win64; rv:143.0) Gecko/20100101 Firefox/143.0"
105.113.68.127 - - [22/Jul/2026:16:57:09 +0000] "POST /wp-admin/admin-ajax.php HTTP/1.1" 200 77 "https://tradedealings.shop/wp-admin/post.php?post=23&action=elementor" "Mozilla/5.0 (Windows NT 10.0; Win64; x64) AppleWebKit/537.36 (KHTML, like Gecko) Chrome/150.0.0.0 Safari/537.36"
198.177.124.148 - - [22/Jul/2026:16:57:13 +0000] "POST /wp-cron.php?doing_wp_cron=1784739433.0298750400543212890625 HTTP/1.1" 200 - "-" "WordPress/7.0.2; https://tradedealings.shop"
105.113.68.127 - - [22/Jul/2026:16:57:10 +0000] "GET /wp-admin/ HTTP/1.1" 200 246135 "-" "Mozilla/5.0 (Windows NT 10.0; Win64; x64) AppleWebKit/537.36 (KHTML, like Gecko) Chrome/150.0.0.0 Safari/537.36"
105.113.68.127 - - [22/Jul/2026:16:57:17 +0000] "GET /wp-admin/plugin-install.php HTTP/1.1" 404 101686 "https://tradedealings.shop/wp-admin/" "Mozilla/5.0 (Windows NT 10.0; Win64; x64) AppleWebKit/537.36 (KHTML, like Gecko) Chrome/150.0.0.0 Safari/537.36"
105.113.68.127 - - [22/Jul/2026:16:57:17 +0000] "GET /wp-admin/plugin-install.php HTTP/1.1" 404 101686 "https://tradedealings.shop/wp-admin/" "Mozilla/5.0 (Windows NT 10.0; Win64; x64) AppleWebKit/537.36 (KHTML, like Gecko) Chrome/150.0.0.0 Safari/537.36"
105.113.68.127 - - [22/Jul/2026:16:57:42 +0000] "GET /wp-admin/ HTTP/1.1" 200 246153 "https://tradedealings.shop/wp-admin/plugin-install.php" "Mozilla/5.0 (Windows NT 10.0; Win64; x64) AppleWebKit/537.36 (KHTML, like Gecko) Chrome/150.0.0.0 Safari/537.36"
105.113.68.127 - - [22/Jul/2026:16:57:42 +0000] "GET /wp-admin/ HTTP/1.1" 200 246153 "https://tradedealings.shop/wp-admin/plugin-install.php" "Mozilla/5.0 (Windows NT 10.0; Win64; x64) AppleWebKit/537.36 (KHTML, like Gecko) Chrome/150.0.0.0 Safari/537.36"
105.113.68.127 - - [22/Jul/2026:16:57:43 +0000] "GET /wp-admin/plugins.php HTTP/1.1" 200 192282 "https://tradedealings.shop/wp-admin/plugin-install.php" "Mozilla/5.0 (Windows NT 10.0; Win64; x64) AppleWebKit/537.36 (KHTML, like Gecko) Chrome/150.0.0.0 Safari/537.36"
105.113.68.127 - - [22/Jul/2026:16:57:44 +0000] "GET /wp-admin/plugins.php HTTP/1.1" 200 192282 "https://tradedealings.shop/wp-admin/plugin-install.php" "Mozilla/5.0 (Windows NT 10.0; Win64; x64) AppleWebKit/537.36 (KHTML, like Gecko) Chrome/150.0.0.0 Safari/537.36"
105.113.68.127 - - [22/Jul/2026:16:57:59 +0000] "GET /wp-admin/plugin-install.php HTTP/1.1" 404 101697 "https://tradedealings.shop/wp-admin/plugins.php" "Mozilla/5.0 (Windows NT 10.0; Win64; x64) AppleWebKit/537.36 (KHTML, like Gecko) Chrome/150.0.0.0 Safari/537.36"
105.113.68.127 - - [22/Jul/2026:16:57:59 +0000] "GET /wp-admin/plugin-install.php HTTP/1.1" 404 101697 "https://tradedealings.shop/wp-admin/plugins.php" "Mozilla/5.0 (Windows NT 10.0; Win64; x64) AppleWebKit/537.36 (KHTML, like Gecko) Chrome/150.0.0.0 Safari/537.36"
46.250.236.230 - - [22/Jul/2026:16:58:00 +0000] "POST /wp-login.php HTTP/1.1" 200 5142 "-" "Mozilla/5.0 (Windows NT 10.0; Win64; x64) AppleWebKit/537.36 Chrome/129.0.0.0 Safari/537.36"
46.250.236.230 - - [22/Jul/2026:16:58:00 +0000] "POST /wp-login.php HTTP/1.1" 200 5142 "-" "Mozilla/5.0 (Windows NT 10.0; Win64; x64) AppleWebKit/537.36 Chrome/129.0.0.0 Safari/537.36"
198.177.124.148 - - [22/Jul/2026:16:58:57 +0000] "POST /wp-cron.php?doing_wp_cron=1784739537.2252280712127685546875 HTTP/1.1" 200 - "-" "WordPress/7.0.2; https://tradedealings.shop"
46.250.236.230 - - [22/Jul/2026:16:58:54 +0000] "POST /wp-login.php HTTP/1.1" 200 5142 "-" "Mozilla/5.0 (Windows NT 10.0; Win64; x64) AppleWebKit/537.36 Chrome/129.0.0.0 Safari/537.36"
46.250.236.230 - - [22/Jul/2026:16:58:54 +0000] "POST /wp-login.php HTTP/1.1" 200 5142 "-" "Mozilla/5.0 (Windows NT 10.0; Win64; x64) AppleWebKit/537.36 Chrome/129.0.0.0 Safari/537.36"
105.113.68.127 - - [22/Jul/2026:16:59:09 +0000] "POST /wp-admin/admin-ajax.php HTTP/1.1" 200 77 "https://tradedealings.shop/wp-admin/post.php?post=23&action=elementor" "Mozilla/5.0 (Windows NT 10.0; Win64; x64) AppleWebKit/537.36 (KHTML, like Gecko) Chrome/150.0.0.0 Safari/537.36"
104.28.157.145 - - [22/Jul/2026:16:59:10 +0000] "POST /wp-login.php HTTP/1.1" 200 5142 "-" "Mozilla/5.0 (Windows NT 10.0; Win64; x64) AppleWebKit/537.36 Chrome/129.0.0.0 Safari/537.36"
104.28.157.145 - - [22/Jul/2026:16:59:10 +0000] "POST /wp-login.php HTTP/1.1" 200 5142 "-" "Mozilla/5.0 (Windows NT 10.0; Win64; x64) AppleWebKit/537.36 Chrome/129.0.0.0 Safari/537.36"
198.177.124.148 - - [22/Jul/2026:16:59:28 +0000] "POST /wp-cron.php?doing_wp_cron=1784739568.2245469093322753906250 HTTP/1.1" 200 - "-" "WordPress/7.0.2; https://tradedealings.shop"
104.28.163.231 - - [22/Jul/2026:16:59:26 +0000] "GET /wp-login.php HTTP/1.1" 200 4729 "-" "Mozilla/5.0 (Macintosh; Intel Mac OS X 10_15_7) AppleWebKit/605.1.15 Version/17.0 Safari/605.1.15"
104.28.163.231 - - [22/Jul/2026:16:59:28 +0000] "GET /?author=1 HTTP/1.1" 301 - "-" "Mozilla/5.0 (Windows NT 10.0; Win64; x64) AppleWebKit/537.36 Chrome/129.0.0.0 Safari/537.36"
104.28.163.231 - - [22/Jul/2026:16:59:30 +0000] "GET /?rest_route=/wp/v2/users HTTP/1.1" 200 776 "-" "Mozilla/5.0 (Windows NT 10.0; Win64; x64) AppleWebKit/537.36 Chrome/129.0.0.0 Safari/537.36"
104.28.163.231 - - [22/Jul/2026:16:59:32 +0000] "GET /?author=2 HTTP/1.1" 404 60473 "-" "Mozilla/5.0 (Windows NT 10.0; Win64; rv:143.0) Gecko/20100101 Firefox/143.0"
104.28.163.231 - - [22/Jul/2026:16:59:34 +0000] "GET /?rest_route=/wp/v2/users HTTP/1.1" 200 776 "-" "Mozilla/5.0 (Windows NT 10.0; Win64; rv:143.0) Gecko/20100101 Firefox/143.0"
104.28.157.139 - - [22/Jul/2026:16:59:36 +0000] "POST /wp-login.php HTTP/1.1" 200 5142 "-" "Mozilla/5.0 (Macintosh; Intel Mac OS X 10_15_7) AppleWebKit/605.1.15 Version/17.0 Safari/605.1.15"
104.28.157.139 - - [22/Jul/2026:16:59:37 +0000] "POST /wp-login.php HTTP/1.1" 200 5142 "-" "Mozilla/5.0 (Macintosh; Intel Mac OS X 10_15_7) AppleWebKit/605.1.15 Version/17.0 Safari/605.1.15"
46.250.236.230 - - [22/Jul/2026:16:59:48 +0000] "POST /wp-login.php HTTP/1.1" 200 5142 "-" "Mozilla/5.0 (Macintosh; Intel Mac OS X 10_15_7) AppleWebKit/605.1.15 Version/17.0 Safari/605.1.15"
46.250.236.230 - - [22/Jul/2026:16:59:48 +0000] "POST /wp-login.php HTTP/1.1" 200 5142 "-" "Mozilla/5.0 (Windows NT 10.0; Win64; x64) AppleWebKit/537.36 Chrome/129.0.0.0 Safari/537.36"
198.177.124.148 - - [22/Jul/2026:17:00:37 +0000] "POST /wp-cron.php?doing_wp_cron=1784739637.8231871128082275390625 HTTP/1.1" 200 - "-" "WordPress/7.0.2; https://tradedealings.shop"
104.28.157.145 - - [22/Jul/2026:17:00:35 +0000] "POST /wp-login.php HTTP/1.1" 200 5142 "-" "Mozilla/5.0 (Windows NT 10.0; Win64; x64) AppleWebKit/537.36 Chrome/129.0.0.0 Safari/537.36"
104.28.157.145 - - [22/Jul/2026:17:00:35 +0000] "POST /wp-login.php HTTP/1.1" 200 5142 "-" "Mozilla/5.0 (Windows NT 10.0; Win64; x64) AppleWebKit/537.36 Chrome/129.0.0.0 Safari/537.36"
46.250.236.230 - - [22/Jul/2026:17:00:45 +0000] "POST /wp-login.php HTTP/1.1" 200 5142 "-" "Mozilla/5.0 (Windows NT 10.0; Win64; x64) AppleWebKit/537.36 Chrome/129.0.0.0 Safari/537.36"
46.250.236.230 - - [22/Jul/2026:17:00:45 +0000] "POST /wp-login.php HTTP/1.1" 200 5142 "-" "Mozilla/5.0 (Macintosh; Intel Mac OS X 10_15_7) AppleWebKit/605.1.15 Version/17.0 Safari/605.1.15"
104.28.157.139 - - [22/Jul/2026:17:01:00 +0000] "POST /wp-login.php HTTP/1.1" 200 5142 "-" "Mozilla/5.0 (Windows NT 10.0; Win64; rv:143.0) Gecko/20100101 Firefox/143.0"
104.28.157.139 - - [22/Jul/2026:17:01:00 +0000] "POST /wp-login.php HTTP/1.1" 200 5142 "-" "Mozilla/5.0 (Windows NT 10.0; Win64; rv:143.0) Gecko/20100101 Firefox/143.0"
198.177.124.148 - - [22/Jul/2026:17:01:15 +0000] "POST /wp-cron.php?doing_wp_cron=1784739675.0303359031677246093750 HTTP/1.1" 200 - "-" "WordPress/7.0.2; https://tradedealings.shop"
105.113.68.127 - - [22/Jul/2026:17:01:11 +0000] "POST /wp-admin/admin-ajax.php HTTP/1.1" 200 77 "https://tradedealings.shop/wp-admin/post.php?post=23&action=elementor" "Mozilla/5.0 (Windows NT 10.0; Win64; x64) AppleWebKit/537.36 (KHTML, like Gecko) Chrome/150.0.0.0 Safari/537.36"
46.250.236.230 - - [22/Jul/2026:17:01:40 +0000] "POST /wp-login.php HTTP/1.1" 200 5142 "-" "Mozilla/5.0 (Windows NT 10.0; Win64; x64) AppleWebKit/537.36 Chrome/129.0.0.0 Safari/537.36"
46.250.236.230 - - [22/Jul/2026:17:01:40 +0000] "POST /wp-login.php HTTP/1.1" 200 5142 "-" "Mozilla/5.0 (Windows NT 10.0; Win64; rv:143.0) Gecko/20100101 Firefox/143.0"
198.177.124.148 - - [22/Jul/2026:17:02:13 +0000] "POST /wp-cron.php?doing_wp_cron=1784739733.6444089412689208984375 HTTP/1.1" 200 - "-" "WordPress/7.0.2; https://tradedealings.shop"
104.28.157.145 - - [22/Jul/2026:17:02:12 +0000] "POST /wp-login.php HTTP/1.1" 200 5142 "-" "Mozilla/5.0 (Windows NT 10.0; Win64; x64) AppleWebKit/537.36 Chrome/129.0.0.0 Safari/537.36"
104.28.157.145 - - [22/Jul/2026:17:02:12 +0000] "POST /wp-login.php HTTP/1.1" 200 5142 "-" "Mozilla/5.0 (Windows NT 10.0; Win64; x64) AppleWebKit/537.36 Chrome/129.0.0.0 Safari/537.36"
46.250.236.230 - - [22/Jul/2026:17:02:36 +0000] "POST /wp-login.php HTTP/1.1" 200 5142 "-" "Mozilla/5.0 (Windows NT 10.0; Win64; rv:143.0) Gecko/20100101 Firefox/143.0"
46.250.236.230 - - [22/Jul/2026:17:02:36 +0000] "POST /wp-login.php HTTP/1.1" 200 5142 "-" "Mozilla/5.0 (Macintosh; Intel Mac OS X 10_15_7) AppleWebKit/605.1.15 Version/17.0 Safari/605.1.15"
104.28.157.139 - - [22/Jul/2026:17:02:39 +0000] "POST /wp-login.php HTTP/1.1" 200 5142 "-" "Mozilla/5.0 (Windows NT 10.0; Win64; x64) AppleWebKit/537.36 Chrome/129.0.0.0 Safari/537.36"
104.28.157.139 - - [22/Jul/2026:17:02:39 +0000] "POST /wp-login.php HTTP/1.1" 200 5142 "-" "Mozilla/5.0 (Windows NT 10.0; Win64; x64) AppleWebKit/537.36 Chrome/129.0.0.0 Safari/537.36"
104.28.163.231 - - [22/Jul/2026:17:03:10 +0000] "POST /wp-login.php HTTP/1.1" 200 5142 "-" "Mozilla/5.0 (Windows NT 10.0; Win64; rv:143.0) Gecko/20100101 Firefox/143.0"
198.177.124.148 - - [22/Jul/2026:17:03:14 +0000] "POST /wp-cron.php?doing_wp_cron=1784739794.3993949890136718750000 HTTP/1.1" 200 - "-" "WordPress/7.0.2; https://tradedealings.shop"
105.113.68.127 - - [22/Jul/2026:17:03:12 +0000] "POST /wp-admin/admin-ajax.php HTTP/1.1" 200 77 "https://tradedealings.shop/wp-admin/post.php?post=23&action=elementor" "Mozilla/5.0 (Windows NT 10.0; Win64; x64) AppleWebKit/537.36 (KHTML, like Gecko) Chrome/150.0.0.0 Safari/537.36"
104.28.163.231 - - [22/Jul/2026:17:03:10 +0000] "POST /wp-login.php HTTP/1.1" 200 5142 "-" "Mozilla/5.0 (Macintosh; Intel Mac OS X 10_15_7) AppleWebKit/605.1.15 Version/17.0 Safari/605.1.15"
104.28.163.231 - - [22/Jul/2026:17:03:13 +0000] "POST /wp-login.php HTTP/1.1" 200 5142 "-" "Mozilla/5.0 (Windows NT 10.0; Win64; rv:143.0) Gecko/20100101 Firefox/143.0"
104.28.163.231 - - [22/Jul/2026:17:03:13 +0000] "POST /wp-login.php HTTP/1.1" 200 5142 "-" "Mozilla/5.0 (Windows NT 10.0; Win64; x64) AppleWebKit/537.36 Chrome/129.0.0.0 Safari/537.36"
104.28.163.231 - - [22/Jul/2026:17:03:17 +0000] "POST /wp-login.php HTTP/1.1" 200 5142 "-" "Mozilla/5.0 (Windows NT 10.0; Win64; rv:143.0) Gecko/20100101 Firefox/143.0"
104.28.163.231 - - [22/Jul/2026:17:03:17 +0000] "POST /wp-login.php HTTP/1.1" 200 5142 "-" "Mozilla/5.0 (Windows NT 10.0; Win64; x64) AppleWebKit/537.36 Chrome/129.0.0.0 Safari/537.36"
104.28.163.231 - - [22/Jul/2026:17:03:23 +0000] "POST /wp-login.php HTTP/1.1" 200 5142 "-" "Mozilla/5.0 (Macintosh; Intel Mac OS X 10_15_7) AppleWebKit/605.1.15 Version/17.0 Safari/605.1.15"
104.28.163.231 - - [22/Jul/2026:17:03:23 +0000] "POST /wp-login.php HTTP/1.1" 200 5142 "-" "Mozilla/5.0 (Windows NT 10.0; Win64; x64) AppleWebKit/537.36 Chrome/129.0.0.0 Safari/537.36"
46.250.236.230 - - [22/Jul/2026:17:03:31 +0000] "POST /wp-login.php HTTP/1.1" 200 5142 "-" "Mozilla/5.0 (Windows NT 10.0; Win64; rv:143.0) Gecko/20100101 Firefox/143.0"
46.250.236.230 - - [22/Jul/2026:17:03:31 +0000] "POST /wp-login.php HTTP/1.1" 200 5142 "-" "Mozilla/5.0 (Windows NT 10.0; Win64; rv:143.0) Gecko/20100101 Firefox/143.0"
104.28.163.231 - - [22/Jul/2026:17:03:31 +0000] "POST /wp-login.php HTTP/1.1" 200 5142 "-" "Mozilla/5.0 (Windows NT 10.0; Win64; x64) AppleWebKit/537.36 Chrome/129.0.0.0 Safari/537.36"
