105.113.65.234 - - [21/Jul/2026:10:20:13 +0000] "GET /wp-content/plugins/elementor/assets/lib/animations/styles/flash.min.css?ver=4.2.0 HTTP/1.1" 200 86 "https://tradedealings.shop/trade-dealings/?elementor-preview=9&ver=1784629178" "Mozilla/5.0 (Windows NT 10.0; Win64; x64) AppleWebKit/537.36 (KHTML, like Gecko) Chrome/150.0.0.0 Safari/537.36"
105.113.65.234 - - [21/Jul/2026:10:20:13 +0000] "GET /wp-content/plugins/elementor/assets/lib/animations/styles/bounce.min.css?ver=4.2.0 HTTP/1.1" 200 426 "https://tradedealings.shop/trade-dealings/?elementor-preview=9&ver=1784629178" "Mozilla/5.0 (Windows NT 10.0; Win64; x64) AppleWebKit/537.36 (KHTML, like Gecko) Chrome/150.0.0.0 Safari/537.36"
105.113.65.234 - - [21/Jul/2026:10:20:14 +0000] "GET /wp-content/plugins/elementor/assets/lib/animations/styles/e-animation-pulse.min.css?ver=4.2.0 HTTP/1.1" 200 318 "https://tradedealings.shop/trade-dealings/?elementor-preview=9&ver=1784629178" "Mozilla/5.0 (Windows NT 10.0; Win64; x64) AppleWebKit/537.36 (KHTML, like Gecko) Chrome/150.0.0.0 Safari/537.36"
105.113.65.234 - - [21/Jul/2026:10:20:14 +0000] "GET /wp-content/plugins/elementor/assets/lib/animations/styles/rubberBand.min.css?ver=4.2.0 HTTP/1.1" 200 264 "https://tradedealings.shop/trade-dealings/?elementor-preview=9&ver=1784629178" "Mozilla/5.0 (Windows NT 10.0; Win64; x64) AppleWebKit/537.36 (KHTML, like Gecko) Chrome/150.0.0.0 Safari/537.36"
105.113.65.234 - - [21/Jul/2026:10:20:14 +0000] "GET /wp-content/plugins/elementor/assets/lib/animations/styles/shake.min.css?ver=4.2.0 HTTP/1.1" 200 184 "https://tradedealings.shop/trade-dealings/?elementor-preview=9&ver=1784629178" "Mozilla/5.0 (Windows NT 10.0; Win64; x64) AppleWebKit/537.36 (KHTML, like Gecko) Chrome/150.0.0.0 Safari/537.36"
105.113.65.234 - - [21/Jul/2026:10:20:14 +0000] "GET /wp-content/plugins/elementor/assets/lib/animations/styles/headShake.min.css?ver=4.2.0 HTTP/1.1" 200 338 "https://tradedealings.shop/trade-dealings/?elementor-preview=9&ver=1784629178" "Mozilla/5.0 (Windows NT 10.0; Win64; x64) AppleWebKit/537.36 (KHTML, like Gecko) Chrome/150.0.0.0 Safari/537.36"
105.113.65.234 - - [21/Jul/2026:10:20:14 +0000] "GET /wp-content/plugins/elementor/assets/lib/animations/styles/swing.min.css?ver=4.2.0 HTTP/1.1" 200 252 "https://tradedealings.shop/trade-dealings/?elementor-preview=9&ver=1784629178" "Mozilla/5.0 (Windows NT 10.0; Win64; x64) AppleWebKit/537.36 (KHTML, like Gecko) Chrome/150.0.0.0 Safari/537.36"
105.113.65.234 - - [21/Jul/2026:10:20:14 +0000] "GET /wp-content/plugins/elementor/assets/lib/animations/styles/tada.min.css?ver=4.2.0 HTTP/1.1" 200 267 "https://tradedealings.shop/trade-dealings/?elementor-preview=9&ver=1784629178" "Mozilla/5.0 (Windows NT 10.0; Win64; x64) AppleWebKit/537.36 (KHTML, like Gecko) Chrome/150.0.0.0 Safari/537.36"
105.113.65.234 - - [21/Jul/2026:10:20:14 +0000] "GET /wp-content/plugins/elementor/assets/lib/animations/styles/wobble.min.css?ver=4.2.0 HTTP/1.1" 200 357 "https://tradedealings.shop/trade-dealings/?elementor-preview=9&ver=1784629178" "Mozilla/5.0 (Windows NT 10.0; Win64; x64) AppleWebKit/537.36 (KHTML, like Gecko) Chrome/150.0.0.0 Safari/537.36"
105.113.65.234 - - [21/Jul/2026:10:20:14 +0000] "GET /wp-content/plugins/elementor/assets/lib/animations/styles/lightSpeedIn.min.css?ver=4.2.0 HTTP/1.1" 200 265 "https://tradedealings.shop/trade-dealings/?elementor-preview=9&ver=1784629178" "Mozilla/5.0 (Windows NT 10.0; Win64; x64) AppleWebKit/537.36 (KHTML, like Gecko) Chrome/150.0.0.0 Safari/537.36"
105.113.65.234 - - [21/Jul/2026:10:20:14 +0000] "GET /wp-content/plugins/elementor/assets/lib/animations/styles/jello.min.css?ver=4.2.0 HTTP/1.1" 200 453 "https://tradedealings.shop/trade-dealings/?elementor-preview=9&ver=1784629178" "Mozilla/5.0 (Windows NT 10.0; Win64; x64) AppleWebKit/537.36 (KHTML, like Gecko) Chrome/150.0.0.0 Safari/537.36"
105.113.65.234 - - [21/Jul/2026:10:20:14 +0000] "GET /wp-content/plugins/elementor/assets/lib/animations/styles/rollIn.min.css?ver=4.2.0 HTTP/1.1" 200 149 "https://tradedealings.shop/trade-dealings/?elementor-preview=9&ver=1784629178" "Mozilla/5.0 (Windows NT 10.0; Win64; x64) AppleWebKit/537.36 (KHTML, like Gecko) Chrome/150.0.0.0 Safari/537.36"
105.113.65.234 - - [21/Jul/2026:10:20:14 +0000] "GET /wp-content/plugins/elementor/assets/lib/animations/styles/e-animation-grow.min.css?ver=4.2.0 HTTP/1.1" 200 198 "https://tradedealings.shop/trade-dealings/?elementor-preview=9&ver=1784629178" "Mozilla/5.0 (Windows NT 10.0; Win64; x64) AppleWebKit/537.36 (KHTML, like Gecko) Chrome/150.0.0.0 Safari/537.36"
105.113.65.234 - - [21/Jul/2026:10:20:14 +0000] "GET /wp-content/plugins/elementor/assets/lib/animations/styles/e-animation-shrink.min.css?ver=4.2.0 HTTP/1.1" 200 205 "https://tradedealings.shop/trade-dealings/?elementor-preview=9&ver=1784629178" "Mozilla/5.0 (Windows NT 10.0; Win64; x64) AppleWebKit/537.36 (KHTML, like Gecko) Chrome/150.0.0.0 Safari/537.36"
105.113.65.234 - - [21/Jul/2026:10:20:14 +0000] "GET /wp-content/plugins/elementor/assets/lib/animations/styles/e-animation-pulse-grow.min.css?ver=4.2.0 HTTP/1.1" 200 349 "https://tradedealings.shop/trade-dealings/?elementor-preview=9&ver=1784629178" "Mozilla/5.0 (Windows NT 10.0; Win64; x64) AppleWebKit/537.36 (KHTML, like Gecko) Chrome/150.0.0.0 Safari/537.36"
13.229.55.180 - - [21/Jul/2026:10:20:13 +0000] "GET /.env.prod HTTP/1.1" 404 63770 "-" "Mozilla/5.0 (X11; Linux x86_64) AppleWebKit/537.36 (KHTML, like Gecko) Chrome/131.0.0.0 Safari/537.36"
105.113.65.234 - - [21/Jul/2026:10:20:14 +0000] "GET /wp-content/plugins/elementor/assets/lib/animations/styles/e-animation-pulse-shrink.min.css?ver=4.2.0 HTTP/1.1" 200 358 "https://tradedealings.shop/trade-dealings/?elementor-preview=9&ver=1784629178" "Mozilla/5.0 (Windows NT 10.0; Win64; x64) AppleWebKit/537.36 (KHTML, like Gecko) Chrome/150.0.0.0 Safari/537.36"
105.113.65.234 - - [21/Jul/2026:10:20:14 +0000] "GET /wp-content/plugins/elementor/assets/lib/animations/styles/e-animation-push.min.css?ver=4.2.0 HTTP/1.1" 200 306 "https://tradedealings.shop/trade-dealings/?elementor-preview=9&ver=1784629178" "Mozilla/5.0 (Windows NT 10.0; Win64; x64) AppleWebKit/537.36 (KHTML, like Gecko) Chrome/150.0.0.0 Safari/537.36"
105.113.65.234 - - [21/Jul/2026:10:20:14 +0000] "GET /wp-content/plugins/elementor/assets/lib/animations/styles/e-animation-pop.min.css?ver=4.2.0 HTTP/1.1" 200 278 "https://tradedealings.shop/trade-dealings/?elementor-preview=9&ver=1784629178" "Mozilla/5.0 (Windows NT 10.0; Win64; x64) AppleWebKit/537.36 (KHTML, like Gecko) Chrome/150.0.0.0 Safari/537.36"
105.113.65.234 - - [21/Jul/2026:10:20:14 +0000] "GET /wp-content/plugins/elementor/assets/lib/animations/styles/e-animation-bounce-in.min.css?ver=4.2.0 HTTP/1.1" 200 250 "https://tradedealings.shop/trade-dealings/?elementor-preview=9&ver=1784629178" "Mozilla/5.0 (Windows NT 10.0; Win64; x64) AppleWebKit/537.36 (KHTML, like Gecko) Chrome/150.0.0.0 Safari/537.36"
105.113.65.234 - - [21/Jul/2026:10:20:14 +0000] "GET /wp-content/plugins/elementor/assets/lib/animations/styles/e-animation-bounce-out.min.css?ver=4.2.0 HTTP/1.1" 200 253 "https://tradedealings.shop/trade-dealings/?elementor-preview=9&ver=1784629178" "Mozilla/5.0 (Windows NT 10.0; Win64; x64) AppleWebKit/537.36 (KHTML, like Gecko) Chrome/150.0.0.0 Safari/537.36"
105.113.65.234 - - [21/Jul/2026:10:20:14 +0000] "GET /wp-content/plugins/elementor/assets/lib/animations/styles/e-animation-rotate.min.css?ver=4.2.0 HTTP/1.1" 200 208 "https://tradedealings.shop/trade-dealings/?elementor-preview=9&ver=1784629178" "Mozilla/5.0 (Windows NT 10.0; Win64; x64) AppleWebKit/537.36 (KHTML, like Gecko) Chrome/150.0.0.0 Safari/537.36"
105.113.65.234 - - [21/Jul/2026:10:20:15 +0000] "GET /wp-content/plugins/elementor/assets/lib/animations/styles/e-animation-grow-rotate.min.css?ver=4.2.0 HTTP/1.1" 200 239 "https://tradedealings.shop/trade-dealings/?elementor-preview=9&ver=1784629178" "Mozilla/5.0 (Windows NT 10.0; Win64; x64) AppleWebKit/537.36 (KHTML, like Gecko) Chrome/150.0.0.0 Safari/537.36"
105.113.65.234 - - [21/Jul/2026:10:20:15 +0000] "GET /wp-content/plugins/elementor/assets/lib/animations/styles/e-animation-float.min.css?ver=4.2.0 HTTP/1.1" 200 244 "https://tradedealings.shop/trade-dealings/?elementor-preview=9&ver=1784629178" "Mozilla/5.0 (Windows NT 10.0; Win64; x64) AppleWebKit/537.36 (KHTML, like Gecko) Chrome/150.0.0.0 Safari/537.36"
105.113.65.234 - - [21/Jul/2026:10:20:15 +0000] "GET /wp-content/plugins/elementor/assets/lib/animations/styles/e-animation-sink.min.css?ver=4.2.0 HTTP/1.1" 200 239 "https://tradedealings.shop/trade-dealings/?elementor-preview=9&ver=1784629178" "Mozilla/5.0 (Windows NT 10.0; Win64; x64) AppleWebKit/537.36 (KHTML, like Gecko) Chrome/150.0.0.0 Safari/537.36"
105.113.65.234 - - [21/Jul/2026:10:20:15 +0000] "GET /wp-content/plugins/elementor/assets/lib/animations/styles/e-animation-hang.min.css?ver=4.2.0 HTTP/1.1" 200 568 "https://tradedealings.shop/trade-dealings/?elementor-preview=9&ver=1784629178" "Mozilla/5.0 (Windows NT 10.0; Win64; x64) AppleWebKit/537.36 (KHTML, like Gecko) Chrome/150.0.0.0 Safari/537.36"
105.113.65.234 - - [21/Jul/2026:10:20:15 +0000] "GET /wp-content/plugins/elementor/assets/lib/animations/styles/e-animation-bob.min.css?ver=4.2.0 HTTP/1.1" 200 567 "https://tradedealings.shop/trade-dealings/?elementor-preview=9&ver=1784629178" "Mozilla/5.0 (Windows NT 10.0; Win64; x64) AppleWebKit/537.36 (KHTML, like Gecko) Chrome/150.0.0.0 Safari/537.36"
105.113.65.234 - - [21/Jul/2026:10:20:15 +0000] "GET /wp-content/plugins/elementor/assets/lib/animations/styles/e-animation-skew.min.css?ver=4.2.0 HTTP/1.1" 200 200 "https://tradedealings.shop/trade-dealings/?elementor-preview=9&ver=1784629178" "Mozilla/5.0 (Windows NT 10.0; Win64; x64) AppleWebKit/537.36 (KHTML, like Gecko) Chrome/150.0.0.0 Safari/537.36"
105.113.65.234 - - [21/Jul/2026:10:20:15 +0000] "GET /wp-content/plugins/elementor/assets/lib/animations/styles/e-animation-skew-forward.min.css?ver=4.2.0 HTTP/1.1" 200 256 "https://tradedealings.shop/trade-dealings/?elementor-preview=9&ver=1784629178" "Mozilla/5.0 (Windows NT 10.0; Win64; x64) AppleWebKit/537.36 (KHTML, like Gecko) Chrome/150.0.0.0 Safari/537.36"
105.113.65.234 - - [21/Jul/2026:10:20:15 +0000] "GET /wp-content/plugins/elementor/assets/lib/animations/styles/e-animation-wobble-vertical.min.css?ver=4.2.0 HTTP/1.1" 200 511 "https://tradedealings.shop/trade-dealings/?elementor-preview=9&ver=1784629178" "Mozilla/5.0 (Windows NT 10.0; Win64; x64) AppleWebKit/537.36 (KHTML, like Gecko) Chrome/150.0.0.0 Safari/537.36"
105.113.65.234 - - [21/Jul/2026:10:20:15 +0000] "GET /wp-content/plugins/elementor/assets/lib/animations/styles/e-animation-skew-backward.min.css?ver=4.2.0 HTTP/1.1" 200 259 "https://tradedealings.shop/trade-dealings/?elementor-preview=9&ver=1784629178" "Mozilla/5.0 (Windows NT 10.0; Win64; x64) AppleWebKit/537.36 (KHTML, like Gecko) Chrome/150.0.0.0 Safari/537.36"
105.113.65.234 - - [21/Jul/2026:10:20:15 +0000] "GET /wp-content/plugins/elementor/assets/lib/animations/styles/e-animation-wobble-horizontal.min.css?ver=4.2.0 HTTP/1.1" 200 521 "https://tradedealings.shop/trade-dealings/?elementor-preview=9&ver=1784629178" "Mozilla/5.0 (Windows NT 10.0; Win64; x64) AppleWebKit/537.36 (KHTML, like Gecko) Chrome/150.0.0.0 Safari/537.36"
105.113.65.234 - - [21/Jul/2026:10:20:15 +0000] "GET /wp-content/plugins/elementor/assets/lib/animations/styles/e-animation-wobble-to-bottom-right.min.css?ver=4.2.0 HTTP/1.1" 200 564 "https://tradedealings.shop/trade-dealings/?elementor-preview=9&ver=1784629178" "Mozilla/5.0 (Windows NT 10.0; Win64; x64) AppleWebKit/537.36 (KHTML, like Gecko) Chrome/150.0.0.0 Safari/537.36"
105.113.65.234 - - [21/Jul/2026:10:20:15 +0000] "GET /wp-content/plugins/elementor/assets/lib/animations/styles/e-animation-wobble-to-top-right.min.css?ver=4.2.0 HTTP/1.1" 200 550 "https://tradedealings.shop/trade-dealings/?elementor-preview=9&ver=1784629178" "Mozilla/5.0 (Windows NT 10.0; Win64; x64) AppleWebKit/537.36 (KHTML, like Gecko) Chrome/150.0.0.0 Safari/537.36"
105.113.65.234 - - [21/Jul/2026:10:20:15 +0000] "GET /wp-content/plugins/elementor/assets/lib/animations/styles/e-animation-wobble-top.min.css?ver=4.2.0 HTTP/1.1" 200 514 "https://tradedealings.shop/trade-dealings/?elementor-preview=9&ver=1784629178" "Mozilla/5.0 (Windows NT 10.0; Win64; x64) AppleWebKit/537.36 (KHTML, like Gecko) Chrome/150.0.0.0 Safari/537.36"
105.113.65.234 - - [21/Jul/2026:10:20:15 +0000] "GET /wp-content/plugins/elementor/assets/lib/animations/styles/e-animation-wobble-bottom.min.css?ver=4.2.0 HTTP/1.1" 200 532 "https://tradedealings.shop/trade-dealings/?elementor-preview=9&ver=1784629178" "Mozilla/5.0 (Windows NT 10.0; Win64; x64) AppleWebKit/537.36 (KHTML, like Gecko) Chrome/150.0.0.0 Safari/537.36"
105.113.65.234 - - [21/Jul/2026:10:20:15 +0000] "GET /wp-content/plugins/elementor/assets/lib/animations/styles/e-animation-wobble-skew.min.css?ver=4.2.0 HTTP/1.1" 200 463 "https://tradedealings.shop/trade-dealings/?elementor-preview=9&ver=1784629178" "Mozilla/5.0 (Windows NT 10.0; Win64; x64) AppleWebKit/537.36 (KHTML, like Gecko) Chrome/150.0.0.0 Safari/537.36"
105.113.65.234 - - [21/Jul/2026:10:20:15 +0000] "GET /wp-content/plugins/elementor/assets/lib/animations/styles/e-animation-buzz.min.css?ver=4.2.0 HTTP/1.1" 200 355 "https://tradedealings.shop/trade-dealings/?elementor-preview=9&ver=1784629178" "Mozilla/5.0 (Windows NT 10.0; Win64; x64) AppleWebKit/537.36 (KHTML, like Gecko) Chrome/150.0.0.0 Safari/537.36"
105.113.65.234 - - [21/Jul/2026:10:20:15 +0000] "GET /wp-content/plugins/elementor/assets/lib/animations/styles/e-animation-buzz-out.min.css?ver=4.2.0 HTTP/1.1" 200 713 "https://tradedealings.shop/trade-dealings/?elementor-preview=9&ver=1784629178" "Mozilla/5.0 (Windows NT 10.0; Win64; x64) AppleWebKit/537.36 (KHTML, like Gecko) Chrome/150.0.0.0 Safari/537.36"
105.113.65.234 - - [21/Jul/2026:10:20:15 +0000] "GET /wp-content/plugins/wpforms-lite/assets/lib/jquery.confirm/jquery-confirm.min.css?ver=1.0.0 HTTP/1.1" 304 - "https://tradedealings.shop/trade-dealings/?elementor-preview=9&ver=1784629178" "Mozilla/5.0 (Windows NT 10.0; Win64; x64) AppleWebKit/537.36 (KHTML, like Gecko) Chrome/150.0.0.0 Safari/537.36"
105.113.65.234 - - [21/Jul/2026:10:20:15 +0000] "GET /wp-content/plugins/wpforms-lite/assets/lib/font-awesome/css/all.min.css?ver=7.0.1 HTTP/1.1" 304 - "https://tradedealings.shop/trade-dealings/?elementor-preview=9&ver=1784629178" "Mozilla/5.0 (Windows NT 10.0; Win64; x64) AppleWebKit/537.36 (KHTML, like Gecko) Chrome/150.0.0.0 Safari/537.36"
105.113.65.234 - - [21/Jul/2026:10:20:16 +0000] "GET /wp-content/plugins/wpforms-lite/assets/lib/font-awesome/css/v4-shims.min.css?ver=4.7.0 HTTP/1.1" 304 - "https://tradedealings.shop/trade-dealings/?elementor-preview=9&ver=1784629178" "Mozilla/5.0 (Windows NT 10.0; Win64; x64) AppleWebKit/537.36 (KHTML, like Gecko) Chrome/150.0.0.0 Safari/537.36"
105.113.65.234 - - [21/Jul/2026:10:20:16 +0000] "GET /wp-content/plugins/wpforms-lite/assets/css/integrations/square/wpforms-square-card-placeholder.min.css?ver=2.0.0.2 HTTP/1.1" 304 - "https://tradedealings.shop/trade-dealings/?elementor-preview=9&ver=1784629178" "Mozilla/5.0 (Windows NT 10.0; Win64; x64) AppleWebKit/537.36 (KHTML, like Gecko) Chrome/150.0.0.0 Safari/537.36"
105.113.65.234 - - [21/Jul/2026:10:20:16 +0000] "GET /wp-content/plugins/wpforms-lite/assets/css/integrations/paypal-commerce/integrations/elementor-editor-paypal-commerce.min.css?ver=2.0.0.2 HTTP/1.1" 200 13845 "https://tradedealings.shop/trade-dealings/?elementor-preview=9&ver=1784629178" "Mozilla/5.0 (Windows NT 10.0; Win64; x64) AppleWebKit/537.36 (KHTML, like Gecko) Chrome/150.0.0.0 Safari/537.36"
105.113.65.234 - - [21/Jul/2026:10:20:16 +0000] "GET /wp-content/plugins/wpforms-lite/assets/css/choices.min.css?ver=10.2.0 HTTP/1.1" 304 - "https://tradedealings.shop/trade-dealings/?elementor-preview=9&ver=1784629178" "Mozilla/5.0 (Windows NT 10.0; Win64; x64) AppleWebKit/537.36 (KHTML, like Gecko) Chrome/150.0.0.0 Safari/537.36"
105.113.65.234 - - [21/Jul/2026:10:20:16 +0000] "GET /wp-content/plugins/wpforms-lite/assets/css/frontend/modern/wpforms-full.min.css?ver=2.0.0.2 HTTP/1.1" 304 - "https://tradedealings.shop/trade-dealings/?elementor-preview=9&ver=1784629178" "Mozilla/5.0 (Windows NT 10.0; Win64; x64) AppleWebKit/537.36 (KHTML, like Gecko) Chrome/150.0.0.0 Safari/537.36"
13.229.55.180 - - [21/Jul/2026:10:20:15 +0000] "GET /.env.stage HTTP/1.1" 301 - "-" "Mozilla/5.0 (X11; Linux x86_64) AppleWebKit/537.36 (KHTML, like Gecko) Chrome/131.0.0.0 Safari/537.36"
105.113.65.234 - - [21/Jul/2026:10:20:16 +0000] "GET /wp-includes/js/jquery/jquery.min.js?ver=3.7.1 HTTP/1.1" 200 87553 "https://tradedealings.shop/trade-dealings/?elementor-preview=9&ver=1784629178" "Mozilla/5.0 (Windows NT 10.0; Win64; x64) AppleWebKit/537.36 (KHTML, like Gecko) Chrome/150.0.0.0 Safari/537.36"
105.113.65.234 - - [21/Jul/2026:10:20:16 +0000] "GET /wp-includes/js/jquery/jquery-migrate.min.js?ver=3.4.1 HTTP/1.1" 200 13577 "https://tradedealings.shop/trade-dealings/?elementor-preview=9&ver=1784629178" "Mozilla/5.0 (Windows NT 10.0; Win64; x64) AppleWebKit/537.36 (KHTML, like Gecko) Chrome/150.0.0.0 Safari/537.36"
105.113.65.234 - - [21/Jul/2026:10:20:16 +0000] "GET /wp-includes/js/dist/hooks.min.js?ver=7496969728ca0f95732d HTTP/1.1" 200 5050 "https://tradedealings.shop/trade-dealings/?elementor-preview=9&ver=1784629178" "Mozilla/5.0 (Windows NT 10.0; Win64; x64) AppleWebKit/537.36 (KHTML, like Gecko) Chrome/150.0.0.0 Safari/537.36"
105.113.65.234 - - [21/Jul/2026:10:20:16 +0000] "GET /wp-content/plugins/elementor/assets/js/styleguide-app-initiator.min.js?ver=4.2.0 HTTP/1.1" 200 13344 "https://tradedealings.shop/trade-dealings/?elementor-preview=9&ver=1784629178" "Mozilla/5.0 (Windows NT 10.0; Win64; x64) AppleWebKit/537.36 (KHTML, like Gecko) Chrome/150.0.0.0 Safari/537.36"
105.113.65.234 - - [21/Jul/2026:10:20:16 +0000] "GET /wp-content/plugins/elementor/assets/js/webpack.runtime.min.js?ver=4.2.0 HTTP/1.1" 200 5819 "https://tradedealings.shop/trade-dealings/?elementor-preview=9&ver=1784629178" "Mozilla/5.0 (Windows NT 10.0; Win64; x64) AppleWebKit/537.36 (KHTML, like Gecko) Chrome/150.0.0.0 Safari/537.36"
105.113.65.234 - - [21/Jul/2026:10:20:16 +0000] "GET /wp-content/plugins/elementor/assets/js/frontend-modules.min.js?ver=4.2.0 HTTP/1.1" 200 50602 "https://tradedealings.shop/trade-dealings/?elementor-preview=9&ver=1784629178" "Mozilla/5.0 (Windows NT 10.0; Win64; x64) AppleWebKit/537.36 (KHTML, like Gecko) Chrome/150.0.0.0 Safari/537.36"
105.113.65.234 - - [21/Jul/2026:10:20:17 +0000] "GET /wp-content/plugins/insert-headers-and-footers/build/admin-bar.js?ver=c95624a69c80301272a0 HTTP/1.1" 304 - "https://tradedealings.shop/trade-dealings/?elementor-preview=9&ver=1784629178" "Mozilla/5.0 (Windows NT 10.0; Win64; x64) AppleWebKit/537.36 (KHTML, like Gecko) Chrome/150.0.0.0 Safari/537.36"
105.113.65.234 - - [21/Jul/2026:10:20:17 +0000] "GET /wp-content/plugins/elementor/assets/js/frontend.min.js?ver=4.2.0 HTTP/1.1" 200 32098 "https://tradedealings.shop/trade-dealings/?elementor-preview=9&ver=1784629178" "Mozilla/5.0 (Windows NT 10.0; Win64; x64) AppleWebKit/537.36 (KHTML, like Gecko) Chrome/150.0.0.0 Safari/537.36"
105.113.65.234 - - [21/Jul/2026:10:20:17 +0000] "GET /wp-content/plugins/elementor/assets/lib/swiper/v8/swiper.min.js?ver=8.4.5 HTTP/1.1" 200 143709 "https://tradedealings.shop/trade-dealings/?elementor-preview=9&ver=1784629178" "Mozilla/5.0 (Windows NT 10.0; Win64; x64) AppleWebKit/537.36 (KHTML, like Gecko) Chrome/150.0.0.0 Safari/537.36"
105.113.65.234 - - [21/Jul/2026:10:20:17 +0000] "GET /wp-content/plugins/elementor/assets/lib/jquery-numerator/jquery-numerator.min.js?ver=0.2.1 HTTP/1.1" 200 1801 "https://tradedealings.shop/trade-dealings/?elementor-preview=9&ver=1784629178" "Mozilla/5.0 (Windows NT 10.0; Win64; x64) AppleWebKit/537.36 (KHTML, like Gecko) Chrome/150.0.0.0 Safari/537.36"
105.113.65.234 - - [21/Jul/2026:10:20:18 +0000] "GET /wp-content/plugins/elementor/assets/js/packages/frontend-handlers/frontend-handlers.min.js?ver=4.2.0 HTTP/1.1" 200 4692 "https://tradedealings.shop/trade-dealings/?elementor-preview=9&ver=1784629178" "Mozilla/5.0 (Windows NT 10.0; Win64; x64) AppleWebKit/537.36 (KHTML, like Gecko) Chrome/150.0.0.0 Safari/537.36"
105.113.65.234 - - [21/Jul/2026:10:20:18 +0000] "GET /wp-content/plugins/elementor/assets/js/atomic-widgets-action-link-handler.min.js?ver=4.2.0 HTTP/1.1" 200 20388 "https://tradedealings.shop/trade-dealings/?elementor-preview=9&ver=1784629178" "Mozilla/5.0 (Windows NT 10.0; Win64; x64) AppleWebKit/537.36 (KHTML, like Gecko) Chrome/150.0.0.0 Safari/537.36"
105.113.65.234 - - [21/Jul/2026:10:20:18 +0000] "GET /wp-content/plugins/elementor/assets/js/youtube-handler.min.js?ver=4.2.0 HTTP/1.1" 200 1859 "https://tradedealings.shop/trade-dealings/?elementor-preview=9&ver=1784629178" "Mozilla/5.0 (Windows NT 10.0; Win64; x64) AppleWebKit/537.36 (KHTML, like Gecko) Chrome/150.0.0.0 Safari/537.36"
105.113.65.234 - - [21/Jul/2026:10:20:18 +0000] "GET /wp-content/plugins/elementor/assets/js/packages/alpinejs/alpinejs.min.js?ver=4.2.0 HTTP/1.1" 200 68012 "https://tradedealings.shop/trade-dealings/?elementor-preview=9&ver=1784629178" "Mozilla/5.0 (Windows NT 10.0; Win64; x64) AppleWebKit/537.36 (KHTML, like Gecko) Chrome/150.0.0.0 Safari/537.36"
105.113.65.234 - - [21/Jul/2026:10:20:18 +0000] "GET /wp-content/plugins/elementor/assets/js/tabs-handler.min.js?ver=4.2.0 HTTP/1.1" 200 21425 "https://tradedealings.shop/trade-dealings/?elementor-preview=9&ver=1784629178" "Mozilla/5.0 (Windows NT 10.0; Win64; x64) AppleWebKit/537.36 (KHTML, like Gecko) Chrome/150.0.0.0 Safari/537.36"
105.113.65.234 - - [21/Jul/2026:10:20:16 +0000] "POST /wp-json/elementor/v1/design-system-sync/stylesheet HTTP/1.1" 204 - "https://tradedealings.shop/wp-admin/post.php?post=9&action=elementor" "Mozilla/5.0 (Windows NT 10.0; Win64; x64) AppleWebKit/537.36 (KHTML, like Gecko) Chrome/150.0.0.0 Safari/537.36"
105.113.65.234 - - [21/Jul/2026:10:20:16 +0000] "GET /favicon.ico HTTP/1.1" 302 - "https://tradedealings.shop/wp-admin/post.php?post=9&action=elementor" "Mozilla/5.0 (Windows NT 10.0; Win64; x64) AppleWebKit/537.36 (KHTML, like Gecko) Chrome/150.0.0.0 Safari/537.36"
105.113.65.234 - - [21/Jul/2026:10:20:18 +0000] "GET /wp-content/plugins/elementor/assets/js/tabs-preview-handler.min.js?ver=4.2.0 HTTP/1.1" 200 20592 "https://tradedealings.shop/trade-dealings/?elementor-preview=9&ver=1784629178" "Mozilla/5.0 (Windows NT 10.0; Win64; x64) AppleWebKit/537.36 (KHTML, like Gecko) Chrome/150.0.0.0 Safari/537.36"
105.113.65.234 - - [21/Jul/2026:10:20:18 +0000] "GET /wp-content/plugins/elementor/assets/lib/inline-editor/js/inline-editor.min.js?ver=4.2.0 HTTP/1.1" 200 17655 "https://tradedealings.shop/trade-dealings/?elementor-preview=9&ver=1784629178" "Mozilla/5.0 (Windows NT 10.0; Win64; x64) AppleWebKit/537.36 (KHTML, like Gecko) Chrome/150.0.0.0 Safari/537.36"
105.113.65.234 - - [21/Jul/2026:10:20:18 +0000] "GET /wp-content/plugins/elementor/assets/lib/motion/motion.min.js?ver=11.13.5 HTTP/1.1" 200 128346 "https://tradedealings.shop/trade-dealings/?elementor-preview=9&ver=1784629178" "Mozilla/5.0 (Windows NT 10.0; Win64; x64) AppleWebKit/537.36 (KHTML, like Gecko) Chrome/150.0.0.0 Safari/537.36"
13.229.55.180 - - [21/Jul/2026:10:20:16 +0000] "GET /.env.stage HTTP/1.1" 404 63770 "-" "Mozilla/5.0 (X11; Linux x86_64) AppleWebKit/537.36 (KHTML, like Gecko) Chrome/131.0.0.0 Safari/537.36"
105.113.65.234 - - [21/Jul/2026:10:20:18 +0000] "GET /wp-content/plugins/elementor/assets/js/interactions-shared-utils.min.js?ver=1.0.0 HTTP/1.1" 200 10744 "https://tradedealings.shop/trade-dealings/?elementor-preview=9&ver=1784629178" "Mozilla/5.0 (Windows NT 10.0; Win64; x64) AppleWebKit/537.36 (KHTML, like Gecko) Chrome/150.0.0.0 Safari/537.36"
105.113.65.234 - - [21/Jul/2026:10:20:19 +0000] "GET /wp-content/plugins/wpforms-lite/assets/js/frontend/wpforms.min.js?ver=2.0.0.2 HTTP/1.1" 200 54703 "https://tradedealings.shop/trade-dealings/?elementor-preview=9&ver=1784629178" "Mozilla/5.0 (Windows NT 10.0; Win64; x64) AppleWebKit/537.36 (KHTML, like Gecko) Chrome/150.0.0.0 Safari/537.36"
105.113.65.234 - - [21/Jul/2026:10:20:19 +0000] "GET /wp-content/plugins/elementor/assets/js/editor-interactions.min.js?ver=1.0.0 HTTP/1.1" 200 19091 "https://tradedealings.shop/trade-dealings/?elementor-preview=9&ver=1784629178" "Mozilla/5.0 (Windows NT 10.0; Win64; x64) AppleWebKit/537.36 (KHTML, like Gecko) Chrome/150.0.0.0 Safari/537.36"
105.113.65.234 - - [21/Jul/2026:10:20:19 +0000] "GET /wp-content/plugins/wpforms-lite/assets/lib/jquery.confirm/jquery-confirm.min.js?ver=1.0.0 HTTP/1.1" 304 - "https://tradedealings.shop/trade-dealings/?elementor-preview=9&ver=1784629178" "Mozilla/5.0 (Windows NT 10.0; Win64; x64) AppleWebKit/537.36 (KHTML, like Gecko) Chrome/150.0.0.0 Safari/537.36"
105.113.65.234 - - [21/Jul/2026:10:20:19 +0000] "GET /wp-content/plugins/wpforms-lite/assets/js/integrations/elementor/editor.min.js?ver=2.0.0.2 HTTP/1.1" 200 6255 "https://tradedealings.shop/trade-dealings/?elementor-preview=9&ver=1784629178" "Mozilla/5.0 (Windows NT 10.0; Win64; x64) AppleWebKit/537.36 (KHTML, like Gecko) Chrome/150.0.0.0 Safari/537.36"
105.113.65.234 - - [21/Jul/2026:10:20:19 +0000] "GET /wp-content/plugins/wpforms-lite/assets/js/share/utils.min.js?ver=2.0.0.2 HTTP/1.1" 304 - "https://tradedealings.shop/trade-dealings/?elementor-preview=9&ver=1784629178" "Mozilla/5.0 (Windows NT 10.0; Win64; x64) AppleWebKit/537.36 (KHTML, like Gecko) Chrome/150.0.0.0 Safari/537.36"
105.113.65.234 - - [21/Jul/2026:10:20:19 +0000] "GET /wp-content/plugins/wpforms-lite/assets/js/integrations/elementor/editor-modern.min.js?ver=2.0.0.2 HTTP/1.1" 200 14237 "https://tradedealings.shop/trade-dealings/?elementor-preview=9&ver=1784629178" "Mozilla/5.0 (Windows NT 10.0; Win64; x64) AppleWebKit/537.36 (KHTML, like Gecko) Chrome/150.0.0.0 Safari/537.36"
105.113.65.234 - - [21/Jul/2026:10:20:19 +0000] "GET /wp-content/plugins/wpforms-lite/assets/js/integrations/elementor/themes.min.js?ver=2.0.0.2 HTTP/1.1" 200 8657 "https://tradedealings.shop/trade-dealings/?elementor-preview=9&ver=1784629178" "Mozilla/5.0 (Windows NT 10.0; Win64; x64) AppleWebKit/537.36 (KHTML, like Gecko) Chrome/150.0.0.0 Safari/537.36"
105.113.65.234 - - [21/Jul/2026:10:20:19 +0000] "GET /wp-content/plugins/wpforms-lite/assets/lib/jquery.validate.min.js?ver=1.21.0 HTTP/1.1" 200 25308 "https://tradedealings.shop/trade-dealings/?elementor-preview=9&ver=1784629178" "Mozilla/5.0 (Windows NT 10.0; Win64; x64) AppleWebKit/537.36 (KHTML, like Gecko) Chrome/150.0.0.0 Safari/537.36"
105.113.65.234 - - [21/Jul/2026:10:20:19 +0000] "GET /wp-content/plugins/wpforms-lite/assets/lib/jquery.inputmask.min.js?ver=5.0.9 HTTP/1.1" 200 117412 "https://tradedealings.shop/trade-dealings/?elementor-preview=9&ver=1784629178" "Mozilla/5.0 (Windows NT 10.0; Win64; x64) AppleWebKit/537.36 (KHTML, like Gecko) Chrome/150.0.0.0 Safari/537.36"
105.113.65.234 - - [21/Jul/2026:10:20:19 +0000] "GET /wp-content/plugins/wpforms-lite/assets/lib/mailcheck.min.js?ver=1.1.2 HTTP/1.1" 200 4014 "https://tradedealings.shop/trade-dealings/?elementor-preview=9&ver=1784629178" "Mozilla/5.0 (Windows NT 10.0; Win64; x64) AppleWebKit/537.36 (KHTML, like Gecko) Chrome/150.0.0.0 Safari/537.36"
105.113.65.234 - - [21/Jul/2026:10:20:19 +0000] "GET /wp-content/plugins/wpforms-lite/assets/lib/punycode.min.js?ver=1.0.0 HTTP/1.1" 200 1713 "https://tradedealings.shop/trade-dealings/?elementor-preview=9&ver=1784629178" "Mozilla/5.0 (Windows NT 10.0; Win64; x64) AppleWebKit/537.36 (KHTML, like Gecko) Chrome/150.0.0.0 Safari/537.36"
105.113.65.234 - - [21/Jul/2026:10:20:19 +0000] "GET /wp-content/plugins/wpforms-lite/assets/js/frontend/wpforms-modern.min.js?ver=2.0.0.2 HTTP/1.1" 304 - "https://tradedealings.shop/trade-dealings/?elementor-preview=9&ver=1784629178" "Mozilla/5.0 (Windows NT 10.0; Win64; x64) AppleWebKit/537.36 (KHTML, like Gecko) Chrome/150.0.0.0 Safari/537.36"
105.113.65.234 - - [21/Jul/2026:10:20:19 +0000] "GET /wp-content/plugins/wpforms-lite/assets/js/frontend/fields/address.min.js?ver=2.0.0.2 HTTP/1.1" 200 1826 "https://tradedealings.shop/trade-dealings/?elementor-preview=9&ver=1784629178" "Mozilla/5.0 (Windows NT 10.0; Win64; x64) AppleWebKit/537.36 (KHTML, like Gecko) Chrome/150.0.0.0 Safari/537.36"
105.113.65.234 - - [21/Jul/2026:10:20:20 +0000] "GET /wp-content/plugins/elementor/assets/js/b3be4391f77526f4db6c.bundle.min.js HTTP/1.1" 200 30202 "https://tradedealings.shop/wp-admin/post.php?post=9&action=elementor" "Mozilla/5.0 (Windows NT 10.0; Win64; x64) AppleWebKit/537.36 (KHTML, like Gecko) Chrome/150.0.0.0 Safari/537.36"
13.229.55.180 - - [21/Jul/2026:10:20:19 +0000] "GET /.env.ci HTTP/1.1" 301 - "-" "Mozilla/5.0 (X11; Linux x86_64) AppleWebKit/537.36 (KHTML, like Gecko) Chrome/131.0.0.0 Safari/537.36"
105.113.65.234 - - [21/Jul/2026:10:20:16 +0000] "POST /wp-admin/admin-ajax.php HTTP/1.1" 200 1483705 "https://tradedealings.shop/wp-admin/post.php?post=9&action=elementor" "Mozilla/5.0 (Windows NT 10.0; Win64; x64) AppleWebKit/537.36 (KHTML, like Gecko) Chrome/150.0.0.0 Safari/537.36"
105.113.65.234 - - [21/Jul/2026:10:20:20 +0000] "GET /wp-json/elementor/v1/global-classes/post?context=preview&post_id=9 HTTP/1.1" 200 31 "https://tradedealings.shop/wp-admin/post.php?post=9&action=elementor" "Mozilla/5.0 (Windows NT 10.0; Win64; x64) AppleWebKit/537.36 (KHTML, like Gecko) Chrome/150.0.0.0 Safari/537.36"
105.113.65.234 - - [21/Jul/2026:10:20:20 +0000] "GET /wp-json/elementor/v1/global-classes/post?context=frontend&post_id=9 HTTP/1.1" 200 31 "https://tradedealings.shop/wp-admin/post.php?post=9&action=elementor" "Mozilla/5.0 (Windows NT 10.0; Win64; x64) AppleWebKit/537.36 (KHTML, like Gecko) Chrome/150.0.0.0 Safari/537.36"
105.113.65.234 - - [21/Jul/2026:10:20:20 +0000] "POST /wp-admin/admin-ajax.php HTTP/1.1" 200 77 "https://tradedealings.shop/wp-admin/post.php?post=9&action=elementor" "Mozilla/5.0 (Windows NT 10.0; Win64; x64) AppleWebKit/537.36 (KHTML, like Gecko) Chrome/150.0.0.0 Safari/537.36"
105.113.65.234 - - [21/Jul/2026:10:20:20 +0000] "GET /wp-json/wpforms/v1/elementor/themes/?_locale=user HTTP/1.1" 200 9111 "https://tradedealings.shop/trade-dealings/?elementor-preview=9&ver=1784629178" "Mozilla/5.0 (Windows NT 10.0; Win64; x64) AppleWebKit/537.36 (KHTML, like Gecko) Chrome/150.0.0.0 Safari/537.36"
105.113.65.234 - - [21/Jul/2026:10:20:20 +0000] "GET /wp-json/elementor/v1/globals HTTP/1.1" 200 884 "https://tradedealings.shop/wp-admin/post.php?post=9&action=elementor" "Mozilla/5.0 (Windows NT 10.0; Win64; x64) AppleWebKit/537.36 (KHTML, like Gecko) Chrome/150.0.0.0 Safari/537.36"
13.229.55.180 - - [21/Jul/2026:10:20:20 +0000] "GET /.env.ci HTTP/1.1" 404 63770 "-" "Mozilla/5.0 (X11; Linux x86_64) AppleWebKit/537.36 (KHTML, like Gecko) Chrome/131.0.0.0 Safari/537.36"
105.113.65.234 - - [21/Jul/2026:10:20:23 +0000] "GET /wp-content/plugins/elementor/assets/js/e1cb4d726bb59646c677.bundle.min.js HTTP/1.1" 200 5392 "https://tradedealings.shop/wp-admin/post.php?post=9&action=elementor" "Mozilla/5.0 (Windows NT 10.0; Win64; x64) AppleWebKit/537.36 (KHTML, like Gecko) Chrome/150.0.0.0 Safari/537.36"
105.113.65.234 - - [21/Jul/2026:10:20:23 +0000] "GET /wp-content/plugins/elementor/assets/js/ef2100ac3eda1a957819.bundle.min.js HTTP/1.1" 200 5050 "https://tradedealings.shop/wp-admin/post.php?post=9&action=elementor" "Mozilla/5.0 (Windows NT 10.0; Win64; x64) AppleWebKit/537.36 (KHTML, like Gecko) Chrome/150.0.0.0 Safari/537.36"
105.113.65.234 - - [21/Jul/2026:10:20:21 +0000] "GET /wp-json/elementor/v1/global-classes/post?context=preview&post_id=9 HTTP/1.1" 200 31 "https://tradedealings.shop/wp-admin/post.php?post=9&action=elementor" "Mozilla/5.0 (Windows NT 10.0; Win64; x64) AppleWebKit/537.36 (KHTML, like Gecko) Chrome/150.0.0.0 Safari/537.36"
105.113.65.234 - - [21/Jul/2026:10:20:21 +0000] "GET /wp-json/elementor/v1/global-classes/post?context=frontend&post_id=9 HTTP/1.1" 200 31 "https://tradedealings.shop/wp-admin/post.php?post=9&action=elementor" "Mozilla/5.0 (Windows NT 10.0; Win64; x64) AppleWebKit/537.36 (KHTML, like Gecko) Chrome/150.0.0.0 Safari/537.36"
105.113.65.234 - - [21/Jul/2026:10:20:24 +0000] "GET /wp-content/plugins/elementor/assets/images/logo-panel.svg HTTP/1.1" 200 6102 "https://tradedealings.shop/wp-admin/post.php?post=9&action=elementor" "Mozilla/5.0 (Windows NT 10.0; Win64; x64) AppleWebKit/537.36 (KHTML, like Gecko) Chrome/150.0.0.0 Safari/537.36"
105.113.65.234 - - [21/Jul/2026:10:20:24 +0000] "GET /wp-content/plugins/wpforms-lite/assets/images/integrations/elementor/font/icon-wpforms.woff2 HTTP/1.1" 200 2632 "https://tradedealings.shop/wp-content/plugins/wpforms-lite/assets/css/admin-integrations.min.css?ver=2.0.0.2" "Mozilla/5.0 (Windows NT 10.0; Win64; x64) AppleWebKit/537.36 (KHTML, like Gecko) Chrome/150.0.0.0 Safari/537.36"
105.113.65.234 - - [21/Jul/2026:10:20:24 +0000] "GET /wp-content/plugins/elementor/assets/js/shared-frontend-handlers.03caa53373b56d3bab67.bundle.min.js HTTP/1.1" 200 8481 "https://tradedealings.shop/trade-dealings/?elementor-preview=9&ver=1784629178" "Mozilla/5.0 (Windows NT 10.0; Win64; x64) AppleWebKit/537.36 (KHTML, like Gecko) Chrome/150.0.0.0 Safari/537.36"
105.113.65.234 - - [21/Jul/2026:10:20:25 +0000] "GET /wp-content/plugins/elementor/assets/js/shared-editor-handlers.cacdcbed391abf4b48b0.bundle.min.js HTTP/1.1" 200 1174 "https://tradedealings.shop/trade-dealings/?elementor-preview=9&ver=1784629178" "Mozilla/5.0 (Windows NT 10.0; Win64; x64) AppleWebKit/537.36 (KHTML, like Gecko) Chrome/150.0.0.0 Safari/537.36"
105.113.65.234 - - [21/Jul/2026:10:20:25 +0000] "GET /wp-content/plugins/elementor/assets/js/container-editor-handlers.49d65af3a7e15d2d67e8.bundle.min.js HTTP/1.1" 200 13232 "https://tradedealings.shop/trade-dealings/?elementor-preview=9&ver=1784629178" "Mozilla/5.0 (Windows NT 10.0; Win64; x64) AppleWebKit/537.36 (KHTML, like Gecko) Chrome/150.0.0.0 Safari/537.36"
105.113.65.234 - - [21/Jul/2026:10:20:26 +0000] "GET /wp-content/plugins/elementor/assets/js/text-editor.45609661e409413f1cef.bundle.min.js HTTP/1.1" 200 1348 "https://tradedealings.shop/trade-dealings/?elementor-preview=9&ver=1784629178" "Mozilla/5.0 (Windows NT 10.0; Win64; x64) AppleWebKit/537.36 (KHTML, like Gecko) Chrome/150.0.0.0 Safari/537.36"
13.229.55.180 - - [21/Jul/2026:10:20:23 +0000] "GET /.env.docker HTTP/1.1" 301 - "-" "Mozilla/5.0 (X11; Linux x86_64) AppleWebKit/537.36 (KHTML, like Gecko) Chrome/131.0.0.0 Safari/537.36"
105.113.65.234 - - [21/Jul/2026:10:20:23 +0000] "GET /wp-json/elementor/v1/checklist/user-progress HTTP/1.1" 200 534 "https://tradedealings.shop/wp-admin/post.php?post=9&action=elementor" "Mozilla/5.0 (Windows NT 10.0; Win64; x64) AppleWebKit/537.36 (KHTML, like Gecko) Chrome/150.0.0.0 Safari/537.36"
105.113.65.234 - - [21/Jul/2026:10:20:24 +0000] "GET /wp-json/elementor/v1/global-classes?context=preview HTTP/1.1" 200 21 "https://tradedealings.shop/wp-admin/post.php?post=9&action=elementor" "Mozilla/5.0 (Windows NT 10.0; Win64; x64) AppleWebKit/537.36 (KHTML, like Gecko) Chrome/150.0.0.0 Safari/537.36"
105.113.65.234 - - [21/Jul/2026:10:20:24 +0000] "POST /wp-admin/admin-ajax.php HTTP/1.1" 200 114 "https://tradedealings.shop/wp-admin/post.php?post=9&action=elementor" "Mozilla/5.0 (Windows NT 10.0; Win64; x64) AppleWebKit/537.36 (KHTML, like Gecko) Chrome/150.0.0.0 Safari/537.36"
105.113.65.234 - - [21/Jul/2026:10:20:24 +0000] "POST /wp-admin/admin-ajax.php HTTP/1.1" 200 109 "https://tradedealings.shop/wp-admin/post.php?post=9&action=elementor" "Mozilla/5.0 (Windows NT 10.0; Win64; x64) AppleWebKit/537.36 (KHTML, like Gecko) Chrome/150.0.0.0 Safari/537.36"
105.113.65.234 - - [21/Jul/2026:10:20:24 +0000] "GET /wp-json/elementor/v1/global-classes?context=frontend HTTP/1.1" 200 21 "https://tradedealings.shop/wp-admin/post.php?post=9&action=elementor" "Mozilla/5.0 (Windows NT 10.0; Win64; x64) AppleWebKit/537.36 (KHTML, like Gecko) Chrome/150.0.0.0 Safari/537.36"
13.229.55.180 - - [21/Jul/2026:10:20:26 +0000] "GET /.env.docker HTTP/1.1" 404 63770 "-" "Mozilla/5.0 (X11; Linux x86_64) AppleWebKit/537.36 (KHTML, like Gecko) Chrome/131.0.0.0 Safari/537.36"
105.113.65.234 - - [21/Jul/2026:10:20:28 +0000] "GET /wp-json/elementor/v1/global-classes/post?context=preview&post_id=9 HTTP/1.1" 200 31 "https://tradedealings.shop/wp-admin/post.php?post=9&action=elementor" "Mozilla/5.0 (Windows NT 10.0; Win64; x64) AppleWebKit/537.36 (KHTML, like Gecko) Chrome/150.0.0.0 Safari/537.36"
105.113.65.234 - - [21/Jul/2026:10:20:28 +0000] "GET /wp-json/elementor/v1/global-classes/post?context=frontend&post_id=9 HTTP/1.1" 200 31 "https://tradedealings.shop/wp-admin/post.php?post=9&action=elementor" "Mozilla/5.0 (Windows NT 10.0; Win64; x64) AppleWebKit/537.36 (KHTML, like Gecko) Chrome/150.0.0.0 Safari/537.36"
13.229.55.180 - - [21/Jul/2026:10:20:30 +0000] "GET /.env.live HTTP/1.1" 301 - "-" "Mozilla/5.0 (X11; Linux x86_64) AppleWebKit/537.36 (KHTML, like Gecko) Chrome/131.0.0.0 Safari/537.36"
13.229.55.180 - - [21/Jul/2026:10:20:31 +0000] "GET /.env.live HTTP/1.1" 404 63770 "-" "Mozilla/5.0 (X11; Linux x86_64) AppleWebKit/537.36 (KHTML, like Gecko) Chrome/131.0.0.0 Safari/537.36"
13.229.55.180 - - [21/Jul/2026:10:20:32 +0000] "GET /.env.preprod HTTP/1.1" 301 - "-" "Mozilla/5.0 (X11; Linux x86_64) AppleWebKit/537.36 (KHTML, like Gecko) Chrome/131.0.0.0 Safari/537.36"
105.113.65.234 - - [21/Jul/2026:10:20:33 +0000] "POST /wp-admin/admin-ajax.php HTTP/1.1" 200 77 "https://tradedealings.shop/wp-admin/post.php?post=9&action=elementor" "Mozilla/5.0 (Windows NT 10.0; Win64; x64) AppleWebKit/537.36 (KHTML, like Gecko) Chrome/150.0.0.0 Safari/537.36"
13.229.55.180 - - [21/Jul/2026:10:20:33 +0000] "GET /.env.preprod HTTP/1.1" 404 63770 "-" "Mozilla/5.0 (X11; Linux x86_64) AppleWebKit/537.36 (KHTML, like Gecko) Chrome/131.0.0.0 Safari/537.36"
13.229.55.180 - - [21/Jul/2026:10:20:35 +0000] "GET /.env.uat HTTP/1.1" 301 - "-" "Mozilla/5.0 (X11; Linux x86_64) AppleWebKit/537.36 (KHTML, like Gecko) Chrome/131.0.0.0 Safari/537.36"
13.229.55.180 - - [21/Jul/2026:10:20:37 +0000] "GET /.env.uat HTTP/1.1" 404 63770 "-" "Mozilla/5.0 (X11; Linux x86_64) AppleWebKit/537.36 (KHTML, like Gecko) Chrome/131.0.0.0 Safari/537.36"
13.229.55.180 - - [21/Jul/2026:10:20:38 +0000] "GET /.env.dist HTTP/1.1" 301 - "-" "Mozilla/5.0 (X11; Linux x86_64) AppleWebKit/537.36 (KHTML, like Gecko) Chrome/131.0.0.0 Safari/537.36"
13.229.55.180 - - [21/Jul/2026:10:20:40 +0000] "GET /.env.dist HTTP/1.1" 404 63770 "-" "Mozilla/5.0 (X11; Linux x86_64) AppleWebKit/537.36 (KHTML, like Gecko) Chrome/131.0.0.0 Safari/537.36"
13.229.55.180 - - [21/Jul/2026:10:20:42 +0000] "GET /.env.swp HTTP/1.1" 301 - "-" "Mozilla/5.0 (X11; Linux x86_64) AppleWebKit/537.36 (KHTML, like Gecko) Chrome/131.0.0.0 Safari/537.36"
13.229.55.180 - - [21/Jul/2026:10:20:43 +0000] "GET /.env.swp HTTP/1.1" 404 63770 "-" "Mozilla/5.0 (X11; Linux x86_64) AppleWebKit/537.36 (KHTML, like Gecko) Chrome/131.0.0.0 Safari/537.36"
13.229.55.180 - - [21/Jul/2026:10:20:44 +0000] "GET /.env~ HTTP/1.1" 301 - "-" "Mozilla/5.0 (X11; Linux x86_64) AppleWebKit/537.36 (KHTML, like Gecko) Chrome/131.0.0.0 Safari/537.36"
13.229.55.180 - - [21/Jul/2026:10:20:45 +0000] "GET /.env~ HTTP/1.1" 404 63770 "-" "Mozilla/5.0 (X11; Linux x86_64) AppleWebKit/537.36 (KHTML, like Gecko) Chrome/131.0.0.0 Safari/537.36"
13.229.55.180 - - [21/Jul/2026:10:20:47 +0000] "GET /.env1 HTTP/1.1" 301 - "-" "Mozilla/5.0 (X11; Linux x86_64) AppleWebKit/537.36 (KHTML, like Gecko) Chrome/131.0.0.0 Safari/537.36"
13.229.55.180 - - [21/Jul/2026:10:20:48 +0000] "GET /.env1 HTTP/1.1" 404 63770 "-" "Mozilla/5.0 (X11; Linux x86_64) AppleWebKit/537.36 (KHTML, like Gecko) Chrome/131.0.0.0 Safari/537.36"
105.113.65.234 - - [21/Jul/2026:10:20:48 +0000] "POST /wp-admin/admin-ajax.php HTTP/1.1" 200 77 "https://tradedealings.shop/wp-admin/post.php?post=9&action=elementor" "Mozilla/5.0 (Windows NT 10.0; Win64; x64) AppleWebKit/537.36 (KHTML, like Gecko) Chrome/150.0.0.0 Safari/537.36"
13.229.55.180 - - [21/Jul/2026:10:20:49 +0000] "GET /.env2 HTTP/1.1" 301 - "-" "Mozilla/5.0 (X11; Linux x86_64) AppleWebKit/537.36 (KHTML, like Gecko) Chrome/131.0.0.0 Safari/537.36"
13.229.55.180 - - [21/Jul/2026:10:20:50 +0000] "GET /.env2 HTTP/1.1" 404 63770 "-" "Mozilla/5.0 (X11; Linux x86_64) AppleWebKit/537.36 (KHTML, like Gecko) Chrome/131.0.0.0 Safari/537.36"
13.229.55.180 - - [21/Jul/2026:10:20:52 +0000] "GET /.env_copy HTTP/1.1" 301 - "-" "Mozilla/5.0 (X11; Linux x86_64) AppleWebKit/537.36 (KHTML, like Gecko) Chrome/131.0.0.0 Safari/537.36"
13.229.55.180 - - [21/Jul/2026:10:20:53 +0000] "GET /.env_copy HTTP/1.1" 404 63770 "-" "Mozilla/5.0 (X11; Linux x86_64) AppleWebKit/537.36 (KHTML, like Gecko) Chrome/131.0.0.0 Safari/537.36"
13.229.55.180 - - [21/Jul/2026:10:20:55 +0000] "GET /.env.txt HTTP/1.1" 301 - "-" "Mozilla/5.0 (X11; Linux x86_64) AppleWebKit/537.36 (KHTML, like Gecko) Chrome/131.0.0.0 Safari/537.36"
13.229.55.180 - - [21/Jul/2026:10:20:56 +0000] "GET /.env.txt HTTP/1.1" 404 63770 "-" "Mozilla/5.0 (X11; Linux x86_64) AppleWebKit/537.36 (KHTML, like Gecko) Chrome/131.0.0.0 Safari/537.36"
13.229.55.180 - - [21/Jul/2026:10:20:59 +0000] "GET /.env.json HTTP/1.1" 301 - "-" "Mozilla/5.0 (X11; Linux x86_64) AppleWebKit/537.36 (KHTML, like Gecko) Chrome/131.0.0.0 Safari/537.36"
13.229.55.180 - - [21/Jul/2026:10:21:00 +0000] "GET /.env.json HTTP/1.1" 404 63770 "-" "Mozilla/5.0 (X11; Linux x86_64) AppleWebKit/537.36 (KHTML, like Gecko) Chrome/131.0.0.0 Safari/537.36"
105.113.65.234 - - [21/Jul/2026:10:21:03 +0000] "POST /wp-admin/admin-ajax.php HTTP/1.1" 200 77 "https://tradedealings.shop/wp-admin/post.php?post=9&action=elementor" "Mozilla/5.0 (Windows NT 10.0; Win64; x64) AppleWebKit/537.36 (KHTML, like Gecko) Chrome/150.0.0.0 Safari/537.36"
13.229.55.180 - - [21/Jul/2026:10:21:04 +0000] "GET /.env.yaml HTTP/1.1" 301 - "-" "Mozilla/5.0 (X11; Linux x86_64) AppleWebKit/537.36 (KHTML, like Gecko) Chrome/131.0.0.0 Safari/537.36"
13.229.55.180 - - [21/Jul/2026:10:21:06 +0000] "GET /.env.yaml HTTP/1.1" 404 63770 "-" "Mozilla/5.0 (X11; Linux x86_64) AppleWebKit/537.36 (KHTML, like Gecko) Chrome/131.0.0.0 Safari/537.36"
13.229.55.180 - - [21/Jul/2026:10:21:08 +0000] "GET /.env.yml HTTP/1.1" 301 - "-" "Mozilla/5.0 (X11; Linux x86_64) AppleWebKit/537.36 (KHTML, like Gecko) Chrome/131.0.0.0 Safari/537.36"
13.229.55.180 - - [21/Jul/2026:10:21:10 +0000] "GET /.env.yml HTTP/1.1" 404 63770 "-" "Mozilla/5.0 (X11; Linux x86_64) AppleWebKit/537.36 (KHTML, like Gecko) Chrome/131.0.0.0 Safari/537.36"
198.177.124.148 - - [21/Jul/2026:10:21:13 +0000] "POST /wp-cron.php?doing_wp_cron=1784629273.4150269031524658203125 HTTP/1.1" 200 - "-" "WordPress/7.0.2; https://tradedealings.shop"
13.229.55.180 - - [21/Jul/2026:10:21:11 +0000] "GET /app/.env HTTP/1.1" 301 - "-" "Mozilla/5.0 (X11; Linux x86_64) AppleWebKit/537.36 (KHTML, like Gecko) Chrome/131.0.0.0 Safari/537.36"
13.229.55.180 - - [21/Jul/2026:10:21:13 +0000] "GET /app/.env HTTP/1.1" 404 63770 "-" "Mozilla/5.0 (X11; Linux x86_64) AppleWebKit/537.36 (KHTML, like Gecko) Chrome/131.0.0.0 Safari/537.36"
13.229.55.180 - - [21/Jul/2026:10:21:15 +0000] "GET /apps/.env HTTP/1.1" 301 - "-" "Mozilla/5.0 (X11; Linux x86_64) AppleWebKit/537.36 (KHTML, like Gecko) Chrome/131.0.0.0 Safari/537.36"
13.229.55.180 - - [21/Jul/2026:10:21:16 +0000] "GET /apps/.env HTTP/1.1" 404 63770 "-" "Mozilla/5.0 (X11; Linux x86_64) AppleWebKit/537.36 (KHTML, like Gecko) Chrome/131.0.0.0 Safari/537.36"
13.229.55.180 - - [21/Jul/2026:10:21:18 +0000] "GET /api/.env HTTP/1.1" 301 - "-" "Mozilla/5.0 (X11; Linux x86_64) AppleWebKit/537.36 (KHTML, like Gecko) Chrome/131.0.0.0 Safari/537.36"
105.113.65.234 - - [21/Jul/2026:10:21:19 +0000] "POST /wp-admin/admin-ajax.php HTTP/1.1" 200 77 "https://tradedealings.shop/wp-admin/post.php?post=9&action=elementor" "Mozilla/5.0 (Windows NT 10.0; Win64; x64) AppleWebKit/537.36 (KHTML, like Gecko) Chrome/150.0.0.0 Safari/537.36"
13.229.55.180 - - [21/Jul/2026:10:21:19 +0000] "GET /api/.env HTTP/1.1" 404 63770 "-" "Mozilla/5.0 (X11; Linux x86_64) AppleWebKit/537.36 (KHTML, like Gecko) Chrome/131.0.0.0 Safari/537.36"
13.229.55.180 - - [21/Jul/2026:10:21:20 +0000] "GET /web/.env HTTP/1.1" 301 - "-" "Mozilla/5.0 (X11; Linux x86_64) AppleWebKit/537.36 (KHTML, like Gecko) Chrome/131.0.0.0 Safari/537.36"
13.229.55.180 - - [21/Jul/2026:10:21:21 +0000] "GET /web/.env HTTP/1.1" 404 63770 "-" "Mozilla/5.0 (X11; Linux x86_64) AppleWebKit/537.36 (KHTML, like Gecko) Chrome/131.0.0.0 Safari/537.36"
13.229.55.180 - - [21/Jul/2026:10:21:23 +0000] "GET /site/.env HTTP/1.1" 301 - "-" "Mozilla/5.0 (X11; Linux x86_64) AppleWebKit/537.36 (KHTML, like Gecko) Chrome/131.0.0.0 Safari/537.36"
13.229.55.180 - - [21/Jul/2026:10:21:24 +0000] "GET /site/.env HTTP/1.1" 404 63770 "-" "Mozilla/5.0 (X11; Linux x86_64) AppleWebKit/537.36 (KHTML, like Gecko) Chrome/131.0.0.0 Safari/537.36"
13.229.55.180 - - [21/Jul/2026:10:21:25 +0000] "GET /public/.env HTTP/1.1" 301 - "-" "Mozilla/5.0 (X11; Linux x86_64) AppleWebKit/537.36 (KHTML, like Gecko) Chrome/131.0.0.0 Safari/537.36"
13.229.55.180 - - [21/Jul/2026:10:21:26 +0000] "GET /public/.env HTTP/1.1" 404 63770 "-" "Mozilla/5.0 (X11; Linux x86_64) AppleWebKit/537.36 (KHTML, like Gecko) Chrome/131.0.0.0 Safari/537.36"
13.229.55.180 - - [21/Jul/2026:10:21:28 +0000] "GET /admin/.env HTTP/1.1" 301 - "-" "Mozilla/5.0 (X11; Linux x86_64) AppleWebKit/537.36 (KHTML, like Gecko) Chrome/131.0.0.0 Safari/537.36"
13.229.55.180 - - [21/Jul/2026:10:21:29 +0000] "GET /admin/.env HTTP/1.1" 404 63770 "-" "Mozilla/5.0 (X11; Linux x86_64) AppleWebKit/537.36 (KHTML, like Gecko) Chrome/131.0.0.0 Safari/537.36"
13.229.55.180 - - [21/Jul/2026:10:21:30 +0000] "GET /backend/.env HTTP/1.1" 301 - "-" "Mozilla/5.0 (X11; Linux x86_64) AppleWebKit/537.36 (KHTML, like Gecko) Chrome/131.0.0.0 Safari/537.36"
13.229.55.180 - - [21/Jul/2026:10:21:31 +0000] "GET /backend/.env HTTP/1.1" 404 63770 "-" "Mozilla/5.0 (X11; Linux x86_64) AppleWebKit/537.36 (KHTML, like Gecko) Chrome/131.0.0.0 Safari/537.36"
105.113.65.234 - - [21/Jul/2026:10:21:33 +0000] "POST /wp-admin/admin-ajax.php HTTP/1.1" 200 77 "https://tradedealings.shop/wp-admin/post.php?post=9&action=elementor" "Mozilla/5.0 (Windows NT 10.0; Win64; x64) AppleWebKit/537.36 (KHTML, like Gecko) Chrome/150.0.0.0 Safari/537.36"
13.229.55.180 - - [21/Jul/2026:10:21:33 +0000] "GET /server/.env HTTP/1.1" 301 - "-" "Mozilla/5.0 (X11; Linux x86_64) AppleWebKit/537.36 (KHTML, like Gecko) Chrome/131.0.0.0 Safari/537.36"
13.229.55.180 - - [21/Jul/2026:10:21:34 +0000] "GET /server/.env HTTP/1.1" 404 63770 "-" "Mozilla/5.0 (X11; Linux x86_64) AppleWebKit/537.36 (KHTML, like Gecko) Chrome/131.0.0.0 Safari/537.36"
13.229.55.180 - - [21/Jul/2026:10:21:36 +0000] "GET /frontend/.env HTTP/1.1" 301 - "-" "Mozilla/5.0 (X11; Linux x86_64) AppleWebKit/537.36 (KHTML, like Gecko) Chrome/131.0.0.0 Safari/537.36"
13.229.55.180 - - [21/Jul/2026:10:21:37 +0000] "GET /frontend/.env HTTP/1.1" 404 63770 "-" "Mozilla/5.0 (X11; Linux x86_64) AppleWebKit/537.36 (KHTML, like Gecko) Chrome/131.0.0.0 Safari/537.36"
13.229.55.180 - - [21/Jul/2026:10:21:39 +0000] "GET /src/.env HTTP/1.1" 301 - "-" "Mozilla/5.0 (X11; Linux x86_64) AppleWebKit/537.36 (KHTML, like Gecko) Chrome/131.0.0.0 Safari/537.36"
13.229.55.180 - - [21/Jul/2026:10:21:40 +0000] "GET /src/.env HTTP/1.1" 404 63770 "-" "Mozilla/5.0 (X11; Linux x86_64) AppleWebKit/537.36 (KHTML, like Gecko) Chrome/131.0.0.0 Safari/537.36"
13.229.55.180 - - [21/Jul/2026:10:21:41 +0000] "GET /core/.env HTTP/1.1" 301 - "-" "Mozilla/5.0 (X11; Linux x86_64) AppleWebKit/537.36 (KHTML, like Gecko) Chrome/131.0.0.0 Safari/537.36"
13.229.55.180 - - [21/Jul/2026:10:21:42 +0000] "GET /core/.env HTTP/1.1" 404 63770 "-" "Mozilla/5.0 (X11; Linux x86_64) AppleWebKit/537.36 (KHTML, like Gecko) Chrome/131.0.0.0 Safari/537.36"
13.229.55.180 - - [21/Jul/2026:10:21:44 +0000] "GET /core/app/.env HTTP/1.1" 301 - "-" "Mozilla/5.0 (X11; Linux x86_64) AppleWebKit/537.36 (KHTML, like Gecko) Chrome/131.0.0.0 Safari/537.36"
13.229.55.180 - - [21/Jul/2026:10:21:45 +0000] "GET /core/app/.env HTTP/1.1" 404 63770 "-" "Mozilla/5.0 (X11; Linux x86_64) AppleWebKit/537.36 (KHTML, like Gecko) Chrome/131.0.0.0 Safari/537.36"
13.229.55.180 - - [21/Jul/2026:10:21:47 +0000] "GET /config/.env HTTP/1.1" 301 - "-" "Mozilla/5.0 (X11; Linux x86_64) AppleWebKit/537.36 (KHTML, like Gecko) Chrome/131.0.0.0 Safari/537.36"
13.229.55.180 - - [21/Jul/2026:10:21:48 +0000] "GET /config/.env HTTP/1.1" 404 63770 "-" "Mozilla/5.0 (X11; Linux x86_64) AppleWebKit/537.36 (KHTML, like Gecko) Chrome/131.0.0.0 Safari/537.36"
105.113.65.234 - - [21/Jul/2026:10:21:49 +0000] "POST /wp-admin/admin-ajax.php HTTP/1.1" 200 77 "https://tradedealings.shop/wp-admin/post.php?post=9&action=elementor" "Mozilla/5.0 (Windows NT 10.0; Win64; x64) AppleWebKit/537.36 (KHTML, like Gecko) Chrome/150.0.0.0 Safari/537.36"
13.229.55.180 - - [21/Jul/2026:10:21:50 +0000] "GET /private/.env HTTP/1.1" 301 - "-" "Mozilla/5.0 (X11; Linux x86_64) AppleWebKit/537.36 (KHTML, like Gecko) Chrome/131.0.0.0 Safari/537.36"
13.229.55.180 - - [21/Jul/2026:10:21:51 +0000] "GET /private/.env HTTP/1.1" 404 63770 "-" "Mozilla/5.0 (X11; Linux x86_64) AppleWebKit/537.36 (KHTML, like Gecko) Chrome/131.0.0.0 Safari/537.36"
105.113.65.234 - - [21/Jul/2026:10:21:52 +0000] "GET /wp-includes/js/tinymce/skins/lightgray/content.min.css?wp-mce-49110-20250317 HTTP/1.1" 200 4017 "https://tradedealings.shop/wp-admin/post.php?post=9&action=elementor" "Mozilla/5.0 (Windows NT 10.0; Win64; x64) AppleWebKit/537.36 (KHTML, like Gecko) Chrome/150.0.0.0 Safari/537.36"
