105.113.65.234 - - [21/Jul/2026:10:19:44 +0000] "GET /wp-content/plugins/elementor/assets/js/e-react-promotions.min.js?ver=4.2.0 HTTP/1.1" 200 926126 "https://tradedealings.shop/wp-admin/post.php?post=9&action=elementor" "Mozilla/5.0 (Windows NT 10.0; Win64; x64) AppleWebKit/537.36 (KHTML, like Gecko) Chrome/150.0.0.0 Safari/537.36"
105.113.65.234 - - [21/Jul/2026:10:19:48 +0000] "GET /wp-content/plugins/elementor/assets/js/packages/editor-app-bar/editor-app-bar.min.js?ver=4.2.0 HTTP/1.1" 200 38084 "https://tradedealings.shop/wp-admin/post.php?post=9&action=elementor" "Mozilla/5.0 (Windows NT 10.0; Win64; x64) AppleWebKit/537.36 (KHTML, like Gecko) Chrome/150.0.0.0 Safari/537.36"
13.229.55.180 - - [21/Jul/2026:10:19:48 +0000] "GET /.env.save HTTP/1.1" 301 - "-" "Mozilla/5.0 (X11; Linux x86_64) AppleWebKit/537.36 (KHTML, like Gecko) Chrome/131.0.0.0 Safari/537.36"
105.113.65.234 - - [21/Jul/2026:10:19:49 +0000] "GET /wp-content/plugins/elementor/assets/js/checklist.min.js?ver=4.2.0 HTTP/1.1" 200 50953 "https://tradedealings.shop/wp-admin/post.php?post=9&action=elementor" "Mozilla/5.0 (Windows NT 10.0; Win64; x64) AppleWebKit/537.36 (KHTML, like Gecko) Chrome/150.0.0.0 Safari/537.36"
105.113.65.234 - - [21/Jul/2026:10:19:49 +0000] "GET /wp-includes/js/hoverIntent.min.js?ver=1.10.2 HTTP/1.1" 200 1499 "https://tradedealings.shop/wp-admin/post.php?post=9&action=elementor" "Mozilla/5.0 (Windows NT 10.0; Win64; x64) AppleWebKit/537.36 (KHTML, like Gecko) Chrome/150.0.0.0 Safari/537.36"
105.113.65.234 - - [21/Jul/2026:10:19:49 +0000] "GET /wp-content/plugins/elementor/assets/js/ai-media-library.min.js?ver=4.2.0 HTTP/1.1" 304 - "https://tradedealings.shop/wp-admin/post.php?post=9&action=elementor" "Mozilla/5.0 (Windows NT 10.0; Win64; x64) AppleWebKit/537.36 (KHTML, like Gecko) Chrome/150.0.0.0 Safari/537.36"
105.113.65.234 - - [21/Jul/2026:10:19:49 +0000] "GET /wp-content/plugins/elementor/assets/js/editor-environment-v2.min.js?ver=4.2.0 HTTP/1.1" 200 206 "https://tradedealings.shop/wp-admin/post.php?post=9&action=elementor" "Mozilla/5.0 (Windows NT 10.0; Win64; x64) AppleWebKit/537.36 (KHTML, like Gecko) Chrome/150.0.0.0 Safari/537.36"
105.113.65.234 - - [21/Jul/2026:10:19:49 +0000] "GET /wp-content/plugins/elementor/assets/js/packages/editor-notifications/editor-notifications.min.js?ver=4.2.0 HTTP/1.1" 200 31724 "https://tradedealings.shop/wp-admin/post.php?post=9&action=elementor" "Mozilla/5.0 (Windows NT 10.0; Win64; x64) AppleWebKit/537.36 (KHTML, like Gecko) Chrome/150.0.0.0 Safari/537.36"
105.113.65.234 - - [21/Jul/2026:10:19:49 +0000] "GET /wp-content/plugins/elementor/assets/js/packages/editor-panels/editor-panels.min.js?ver=4.2.0 HTTP/1.1" 200 6214 "https://tradedealings.shop/wp-admin/post.php?post=9&action=elementor" "Mozilla/5.0 (Windows NT 10.0; Win64; x64) AppleWebKit/537.36 (KHTML, like Gecko) Chrome/150.0.0.0 Safari/537.36"
105.113.65.234 - - [21/Jul/2026:10:19:49 +0000] "GET /wp-content/plugins/elementor/assets/js/packages/editor-elements-panel/editor-elements-panel.min.js?ver=4.2.0 HTTP/1.1" 200 3742 "https://tradedealings.shop/wp-admin/post.php?post=9&action=elementor" "Mozilla/5.0 (Windows NT 10.0; Win64; x64) AppleWebKit/537.36 (KHTML, like Gecko) Chrome/150.0.0.0 Safari/537.36"
105.113.65.234 - - [21/Jul/2026:10:19:49 +0000] "GET /wp-content/plugins/elementor/assets/js/packages/editor-elements-panel-notice/editor-elements-panel-notice.min.js?ver=4.2.0 HTTP/1.1" 200 1923 "https://tradedealings.shop/wp-admin/post.php?post=9&action=elementor" "Mozilla/5.0 (Windows NT 10.0; Win64; x64) AppleWebKit/537.36 (KHTML, like Gecko) Chrome/150.0.0.0 Safari/537.36"
105.113.65.234 - - [21/Jul/2026:10:19:49 +0000] "GET /wp-content/plugins/elementor/assets/js/packages/unlock-v4-promo/unlock-v4-promo.min.js?ver=4.2.0 HTTP/1.1" 200 4198 "https://tradedealings.shop/wp-admin/post.php?post=9&action=elementor" "Mozilla/5.0 (Windows NT 10.0; Win64; x64) AppleWebKit/537.36 (KHTML, like Gecko) Chrome/150.0.0.0 Safari/537.36"
105.113.65.234 - - [21/Jul/2026:10:19:49 +0000] "GET /wp-content/plugins/elementor/assets/js/packages/elementor-kit-mcp/elementor-kit-mcp.min.js?ver=4.2.0 HTTP/1.1" 200 9478 "https://tradedealings.shop/wp-admin/post.php?post=9&action=elementor" "Mozilla/5.0 (Windows NT 10.0; Win64; x64) AppleWebKit/537.36 (KHTML, like Gecko) Chrome/150.0.0.0 Safari/537.36"
105.113.65.234 - - [21/Jul/2026:10:19:49 +0000] "GET /wp-content/plugins/elementor/assets/js/packages/editor-site-navigation/editor-site-navigation.min.js?ver=4.2.0 HTTP/1.1" 200 26198 "https://tradedealings.shop/wp-admin/post.php?post=9&action=elementor" "Mozilla/5.0 (Windows NT 10.0; Win64; x64) AppleWebKit/537.36 (KHTML, like Gecko) Chrome/150.0.0.0 Safari/537.36"
105.113.65.234 - - [21/Jul/2026:10:19:49 +0000] "GET /wp-content/plugins/elementor/assets/js/packages/editor-props/editor-props.min.js?ver=4.2.0 HTTP/1.1" 200 52518 "https://tradedealings.shop/wp-admin/post.php?post=9&action=elementor" "Mozilla/5.0 (Windows NT 10.0; Win64; x64) AppleWebKit/537.36 (KHTML, like Gecko) Chrome/150.0.0.0 Safari/537.36"
105.113.65.234 - - [21/Jul/2026:10:19:50 +0000] "GET /wp-content/plugins/elementor/assets/js/packages/elementor-mcp-common/elementor-mcp-common.min.js?ver=4.2.0 HTTP/1.1" 304 - "https://tradedealings.shop/wp-admin/post.php?post=9&action=elementor" "Mozilla/5.0 (Windows NT 10.0; Win64; x64) AppleWebKit/537.36 (KHTML, like Gecko) Chrome/150.0.0.0 Safari/537.36"
105.113.65.234 - - [21/Jul/2026:10:19:50 +0000] "GET /wp-content/plugins/elementor/assets/js/packages/editor-styles/editor-styles.min.js?ver=4.2.0 HTTP/1.1" 200 1882 "https://tradedealings.shop/wp-admin/post.php?post=9&action=elementor" "Mozilla/5.0 (Windows NT 10.0; Win64; x64) AppleWebKit/537.36 (KHTML, like Gecko) Chrome/150.0.0.0 Safari/537.36"
13.229.55.180 - - [21/Jul/2026:10:19:49 +0000] "GET /.env.save HTTP/1.1" 404 63770 "-" "Mozilla/5.0 (X11; Linux x86_64) AppleWebKit/537.36 (KHTML, like Gecko) Chrome/131.0.0.0 Safari/537.36"
105.113.65.234 - - [21/Jul/2026:10:19:50 +0000] "GET /wp-content/plugins/elementor/assets/js/packages/session/session.min.js?ver=4.2.0 HTTP/1.1" 200 2323 "https://tradedealings.shop/wp-admin/post.php?post=9&action=elementor" "Mozilla/5.0 (Windows NT 10.0; Win64; x64) AppleWebKit/537.36 (KHTML, like Gecko) Chrome/150.0.0.0 Safari/537.36"
105.113.65.234 - - [21/Jul/2026:10:19:50 +0000] "GET /wp-content/plugins/elementor/assets/js/packages/editor-elements/editor-elements.min.js?ver=4.2.0 HTTP/1.1" 200 21527 "https://tradedealings.shop/wp-admin/post.php?post=9&action=elementor" "Mozilla/5.0 (Windows NT 10.0; Win64; x64) AppleWebKit/537.36 (KHTML, like Gecko) Chrome/150.0.0.0 Safari/537.36"
105.113.65.234 - - [21/Jul/2026:10:19:50 +0000] "GET /wp-content/plugins/elementor/assets/js/packages/wp-media/wp-media.min.js?ver=4.2.0 HTTP/1.1" 200 4528 "https://tradedealings.shop/wp-admin/post.php?post=9&action=elementor" "Mozilla/5.0 (Windows NT 10.0; Win64; x64) AppleWebKit/537.36 (KHTML, like Gecko) Chrome/150.0.0.0 Safari/537.36"
105.113.65.234 - - [21/Jul/2026:10:19:50 +0000] "GET /wp-content/plugins/elementor/assets/js/packages/editor-interactions/editor-interactions.min.js?ver=4.2.0 HTTP/1.1" 200 48335 "https://tradedealings.shop/wp-admin/post.php?post=9&action=elementor" "Mozilla/5.0 (Windows NT 10.0; Win64; x64) AppleWebKit/537.36 (KHTML, like Gecko) Chrome/150.0.0.0 Safari/537.36"
105.113.65.234 - - [21/Jul/2026:10:19:51 +0000] "GET /wp-content/plugins/elementor/assets/js/packages/editor-styles-repository/editor-styles-repository.min.js?ver=4.2.0 HTTP/1.1" 200 6272 "https://tradedealings.shop/wp-admin/post.php?post=9&action=elementor" "Mozilla/5.0 (Windows NT 10.0; Win64; x64) AppleWebKit/537.36 (KHTML, like Gecko) Chrome/150.0.0.0 Safari/537.36"
13.229.55.180 - - [21/Jul/2026:10:19:51 +0000] "GET /.env.old HTTP/1.1" 301 - "-" "Mozilla/5.0 (X11; Linux x86_64) AppleWebKit/537.36 (KHTML, like Gecko) Chrome/131.0.0.0 Safari/537.36"
105.113.65.234 - - [21/Jul/2026:10:19:53 +0000] "GET /wp-content/plugins/elementor/assets/js/packages/twing/twing.min.js?ver=4.2.0 HTTP/1.1" 200 768064 "https://tradedealings.shop/wp-admin/post.php?post=9&action=elementor" "Mozilla/5.0 (Windows NT 10.0; Win64; x64) AppleWebKit/537.36 (KHTML, like Gecko) Chrome/150.0.0.0 Safari/537.36"
105.113.65.234 - - [21/Jul/2026:10:19:54 +0000] "GET /wp-content/plugins/elementor/assets/js/packages/editor-variables/editor-variables.min.js?ver=4.2.0 HTTP/1.1" 200 87778 "https://tradedealings.shop/wp-admin/post.php?post=9&action=elementor" "Mozilla/5.0 (Windows NT 10.0; Win64; x64) AppleWebKit/537.36 (KHTML, like Gecko) Chrome/150.0.0.0 Safari/537.36"
105.113.65.234 - - [21/Jul/2026:10:19:54 +0000] "GET /wp-content/plugins/elementor/assets/js/packages/editor-canvas/editor-canvas.min.js?ver=4.2.0 HTTP/1.1" 200 265907 "https://tradedealings.shop/wp-admin/post.php?post=9&action=elementor" "Mozilla/5.0 (Windows NT 10.0; Win64; x64) AppleWebKit/537.36 (KHTML, like Gecko) Chrome/150.0.0.0 Safari/537.36"
13.229.55.180 - - [21/Jul/2026:10:19:52 +0000] "GET /.env.old HTTP/1.1" 404 63770 "-" "Mozilla/5.0 (X11; Linux x86_64) AppleWebKit/537.36 (KHTML, like Gecko) Chrome/131.0.0.0 Safari/537.36"
105.113.65.234 - - [21/Jul/2026:10:19:55 +0000] "GET /wp-content/plugins/elementor/assets/js/packages/editor-editing-panel/editor-editing-panel.min.js?ver=4.2.0 HTTP/1.1" 200 157697 "https://tradedealings.shop/wp-admin/post.php?post=9&action=elementor" "Mozilla/5.0 (Windows NT 10.0; Win64; x64) AppleWebKit/537.36 (KHTML, like Gecko) Chrome/150.0.0.0 Safari/537.36"
105.113.65.234 - - [21/Jul/2026:10:19:55 +0000] "GET /wp-content/plugins/elementor/assets/js/packages/editor-templates/editor-templates.min.js?ver=4.2.0 HTTP/1.1" 200 3486 "https://tradedealings.shop/wp-admin/post.php?post=9&action=elementor" "Mozilla/5.0 (Windows NT 10.0; Win64; x64) AppleWebKit/537.36 (KHTML, like Gecko) Chrome/150.0.0.0 Safari/537.36"
105.113.65.234 - - [21/Jul/2026:10:19:55 +0000] "GET /wp-content/plugins/elementor/assets/js/packages/editor-embedded-documents-manager/editor-embedded-documents-manager.min.js?ver=4.2.0 HTTP/1.1" 200 3219 "https://tradedealings.shop/wp-admin/post.php?post=9&action=elementor" "Mozilla/5.0 (Windows NT 10.0; Win64; x64) AppleWebKit/537.36 (KHTML, like Gecko) Chrome/150.0.0.0 Safari/537.36"
105.113.65.234 - - [21/Jul/2026:10:19:49 +0000] "GET /wp-content/plugins/elementor/assets/js/packages/elementor-v3-mcp/elementor-v3-mcp.min.js?ver=4.2.0 HTTP/1.1" 200 658273 "https://tradedealings.shop/wp-admin/post.php?post=9&action=elementor" "Mozilla/5.0 (Windows NT 10.0; Win64; x64) AppleWebKit/537.36 (KHTML, like Gecko) Chrome/150.0.0.0 Safari/537.36"
105.113.65.234 - - [21/Jul/2026:10:19:55 +0000] "GET /wp-content/plugins/elementor/assets/js/packages/editor-global-classes/editor-global-classes.min.js?ver=4.2.0 HTTP/1.1" 200 87555 "https://tradedealings.shop/wp-admin/post.php?post=9&action=elementor" "Mozilla/5.0 (Windows NT 10.0; Win64; x64) AppleWebKit/537.36 (KHTML, like Gecko) Chrome/150.0.0.0 Safari/537.36"
105.113.65.234 - - [21/Jul/2026:10:19:55 +0000] "GET /wp-content/plugins/elementor/assets/js/packages/editor-design-system/editor-design-system.min.js?ver=4.2.0 HTTP/1.1" 200 19118 "https://tradedealings.shop/wp-admin/post.php?post=9&action=elementor" "Mozilla/5.0 (Windows NT 10.0; Win64; x64) AppleWebKit/537.36 (KHTML, like Gecko) Chrome/150.0.0.0 Safari/537.36"
105.113.65.234 - - [21/Jul/2026:10:19:57 +0000] "GET /wp-content/plugins/elementor/assets/js/packages/editor-components/editor-components.min.js?ver=4.2.0 HTTP/1.1" 200 65686 "https://tradedealings.shop/wp-admin/post.php?post=9&action=elementor" "Mozilla/5.0 (Windows NT 10.0; Win64; x64) AppleWebKit/537.36 (KHTML, like Gecko) Chrome/150.0.0.0 Safari/537.36"
13.229.55.180 - - [21/Jul/2026:10:19:54 +0000] "GET /.env.sample HTTP/1.1" 301 - "-" "Mozilla/5.0 (X11; Linux x86_64) AppleWebKit/537.36 (KHTML, like Gecko) Chrome/131.0.0.0 Safari/537.36"
105.113.65.234 - - [21/Jul/2026:10:19:57 +0000] "GET /wp-content/plugins/elementor/assets/js/packages/editor-widget-creation/editor-widget-creation.min.js?ver=4.2.0 HTTP/1.1" 200 5276 "https://tradedealings.shop/wp-admin/post.php?post=9&action=elementor" "Mozilla/5.0 (Windows NT 10.0; Win64; x64) AppleWebKit/537.36 (KHTML, like Gecko) Chrome/150.0.0.0 Safari/537.36"
105.113.65.234 - - [21/Jul/2026:10:19:57 +0000] "GET /wp-content/plugins/elementor/assets/js/packages/elementor-capabilities-mcp/elementor-capabilities-mcp.min.js?ver=4.2.0 HTTP/1.1" 304 - "https://tradedealings.shop/wp-admin/post.php?post=9&action=elementor" "Mozilla/5.0 (Windows NT 10.0; Win64; x64) AppleWebKit/537.36 (KHTML, like Gecko) Chrome/150.0.0.0 Safari/537.36"
105.113.65.234 - - [21/Jul/2026:10:19:57 +0000] "GET /wp-includes/js/jquery/ui/resizable.min.js?ver=1.13.3 HTTP/1.1" 200 18824 "https://tradedealings.shop/wp-admin/post.php?post=9&action=elementor" "Mozilla/5.0 (Windows NT 10.0; Win64; x64) AppleWebKit/537.36 (KHTML, like Gecko) Chrome/150.0.0.0 Safari/537.36"
105.113.65.234 - - [21/Jul/2026:10:19:57 +0000] "GET /wp-content/plugins/elementor/assets/lib/nprogress/nprogress.min.js?ver=0.2.0 HTTP/1.1" 200 5999 "https://tradedealings.shop/wp-admin/post.php?post=9&action=elementor" "Mozilla/5.0 (Windows NT 10.0; Win64; x64) AppleWebKit/537.36 (KHTML, like Gecko) Chrome/150.0.0.0 Safari/537.36"
105.113.65.234 - - [21/Jul/2026:10:19:57 +0000] "GET /wp-content/plugins/elementor/assets/lib/perfect-scrollbar/js/perfect-scrollbar.min.js?ver=1.4.0 HTTP/1.1" 200 18291 "https://tradedealings.shop/wp-admin/post.php?post=9&action=elementor" "Mozilla/5.0 (Windows NT 10.0; Win64; x64) AppleWebKit/537.36 (KHTML, like Gecko) Chrome/150.0.0.0 Safari/537.36"
105.113.65.234 - - [21/Jul/2026:10:19:57 +0000] "GET /wp-content/plugins/elementor/assets/lib/tipsy/tipsy.min.js?ver=1.0.0 HTTP/1.1" 200 4987 "https://tradedealings.shop/wp-admin/post.php?post=9&action=elementor" "Mozilla/5.0 (Windows NT 10.0; Win64; x64) AppleWebKit/537.36 (KHTML, like Gecko) Chrome/150.0.0.0 Safari/537.36"
105.113.65.234 - - [21/Jul/2026:10:19:57 +0000] "GET /wp-includes/js/imagesloaded.min.js?ver=5.0.0 HTTP/1.1" 200 5520 "https://tradedealings.shop/wp-admin/post.php?post=9&action=elementor" "Mozilla/5.0 (Windows NT 10.0; Win64; x64) AppleWebKit/537.36 (KHTML, like Gecko) Chrome/150.0.0.0 Safari/537.36"
105.113.65.234 - - [21/Jul/2026:10:19:58 +0000] "GET /wp-content/plugins/elementor/assets/lib/nouislider/nouislider.min.js?ver=13.0.0 HTTP/1.1" 200 23000 "https://tradedealings.shop/wp-admin/post.php?post=9&action=elementor" "Mozilla/5.0 (Windows NT 10.0; Win64; x64) AppleWebKit/537.36 (KHTML, like Gecko) Chrome/150.0.0.0 Safari/537.36"
105.113.65.234 - - [21/Jul/2026:10:19:58 +0000] "GET /wp-content/plugins/elementor/assets/lib/e-select2/js/e-select2.full.min.js?ver=4.0.6-rc.1 HTTP/1.1" 200 76001 "https://tradedealings.shop/wp-admin/post.php?post=9&action=elementor" "Mozilla/5.0 (Windows NT 10.0; Win64; x64) AppleWebKit/537.36 (KHTML, like Gecko) Chrome/150.0.0.0 Safari/537.36"
105.113.65.234 - - [21/Jul/2026:10:19:58 +0000] "GET /wp-content/plugins/elementor/assets/lib/flatpickr/flatpickr.min.js?ver=4.6.13 HTTP/1.1" 200 50680 "https://tradedealings.shop/wp-admin/post.php?post=9&action=elementor" "Mozilla/5.0 (Windows NT 10.0; Win64; x64) AppleWebKit/537.36 (KHTML, like Gecko) Chrome/150.0.0.0 Safari/537.36"
105.113.65.234 - - [21/Jul/2026:10:19:58 +0000] "GET /wp-content/plugins/elementor/assets/lib/jquery-hover-intent/jquery-hover-intent.min.js?ver=1.0.0 HTTP/1.1" 200 1030 "https://tradedealings.shop/wp-admin/post.php?post=9&action=elementor" "Mozilla/5.0 (Windows NT 10.0; Win64; x64) AppleWebKit/537.36 (KHTML, like Gecko) Chrome/150.0.0.0 Safari/537.36"
105.113.65.234 - - [21/Jul/2026:10:19:58 +0000] "GET /wp-content/plugins/elementor/assets/lib/pickr/pickr.min.js?ver=1.8.2 HTTP/1.1" 200 23519 "https://tradedealings.shop/wp-admin/post.php?post=9&action=elementor" "Mozilla/5.0 (Windows NT 10.0; Win64; x64) AppleWebKit/537.36 (KHTML, like Gecko) Chrome/150.0.0.0 Safari/537.36"
105.113.65.234 - - [21/Jul/2026:10:19:58 +0000] "GET /wp-content/plugins/elementor/assets/js/editor-notifications.min.js?ver=4.2.0 HTTP/1.1" 200 19152 "https://tradedealings.shop/wp-admin/post.php?post=9&action=elementor" "Mozilla/5.0 (Windows NT 10.0; Win64; x64) AppleWebKit/537.36 (KHTML, like Gecko) Chrome/150.0.0.0 Safari/537.36"
105.113.65.234 - - [21/Jul/2026:10:19:58 +0000] "GET /wp-content/plugins/elementor/assets/js/editor-loader-v2.min.js?ver=4.2.0 HTTP/1.1" 200 400 "https://tradedealings.shop/wp-admin/post.php?post=9&action=elementor" "Mozilla/5.0 (Windows NT 10.0; Win64; x64) AppleWebKit/537.36 (KHTML, like Gecko) Chrome/150.0.0.0 Safari/537.36"
105.113.65.234 - - [21/Jul/2026:10:19:58 +0000] "GET /wp-content/plugins/elementor/assets/lib/color-thief/color-thief.min.js?ver=4.2.0 HTTP/1.1" 200 6666 "https://tradedealings.shop/wp-admin/post.php?post=9&action=elementor" "Mozilla/5.0 (Windows NT 10.0; Win64; x64) AppleWebKit/537.36 (KHTML, like Gecko) Chrome/150.0.0.0 Safari/537.36"
105.113.65.234 - - [21/Jul/2026:10:19:58 +0000] "GET /wp-content/plugins/elementor/assets/js/container-converter.min.js?ver=4.2.0 HTTP/1.1" 200 18280 "https://tradedealings.shop/wp-admin/post.php?post=9&action=elementor" "Mozilla/5.0 (Windows NT 10.0; Win64; x64) AppleWebKit/537.36 (KHTML, like Gecko) Chrome/150.0.0.0 Safari/537.36"
13.229.55.180 - - [21/Jul/2026:10:19:57 +0000] "GET /.env.sample HTTP/1.1" 404 63770 "-" "Mozilla/5.0 (X11; Linux x86_64) AppleWebKit/537.36 (KHTML, like Gecko) Chrome/131.0.0.0 Safari/537.36"
105.113.65.234 - - [21/Jul/2026:10:19:58 +0000] "GET /wp-content/plugins/elementor/assets/js/editor.min.js?ver=4.2.0 HTTP/1.1" 200 1271385 "https://tradedealings.shop/wp-admin/post.php?post=9&action=elementor" "Mozilla/5.0 (Windows NT 10.0; Win64; x64) AppleWebKit/537.36 (KHTML, like Gecko) Chrome/150.0.0.0 Safari/537.36"
13.229.55.180 - - [21/Jul/2026:10:19:59 +0000] "GET /.env.example HTTP/1.1" 301 - "-" "Mozilla/5.0 (X11; Linux x86_64) AppleWebKit/537.36 (KHTML, like Gecko) Chrome/131.0.0.0 Safari/537.36"
105.113.65.234 - - [21/Jul/2026:10:20:00 +0000] "GET /wp-content/plugins/elementor/assets/js/notes.min.js?ver=4.2.0 HTTP/1.1" 200 9070 "https://tradedealings.shop/wp-admin/post.php?post=9&action=elementor" "Mozilla/5.0 (Windows NT 10.0; Win64; x64) AppleWebKit/537.36 (KHTML, like Gecko) Chrome/150.0.0.0 Safari/537.36"
105.113.65.234 - - [21/Jul/2026:10:20:00 +0000] "GET /wp-content/plugins/elementor/assets/js/design-system-sync.min.js?ver=4.2.0 HTTP/1.1" 200 1030 "https://tradedealings.shop/wp-admin/post.php?post=9&action=elementor" "Mozilla/5.0 (Windows NT 10.0; Win64; x64) AppleWebKit/537.36 (KHTML, like Gecko) Chrome/150.0.0.0 Safari/537.36"
105.113.65.234 - - [21/Jul/2026:10:20:00 +0000] "GET /wp-content/plugins/elementor/assets/js/styleguide.min.js?ver=4.2.0 HTTP/1.1" 200 44931 "https://tradedealings.shop/wp-admin/post.php?post=9&action=elementor" "Mozilla/5.0 (Windows NT 10.0; Win64; x64) AppleWebKit/537.36 (KHTML, like Gecko) Chrome/150.0.0.0 Safari/537.36"
105.113.65.234 - - [21/Jul/2026:10:20:00 +0000] "GET /wp-content/plugins/elementor/assets/js/atomic-widgets-editor.min.js?ver=4.2.0 HTTP/1.1" 200 67074 "https://tradedealings.shop/wp-admin/post.php?post=9&action=elementor" "Mozilla/5.0 (Windows NT 10.0; Win64; x64) AppleWebKit/537.36 (KHTML, like Gecko) Chrome/150.0.0.0 Safari/537.36"
105.113.65.234 - - [21/Jul/2026:10:20:00 +0000] "GET /wp-content/plugins/wpforms-lite/assets/js/integrations/elementor/editor-context.min.js?ver=2.0.0.2 HTTP/1.1" 200 523 "https://tradedealings.shop/wp-admin/post.php?post=9&action=elementor" "Mozilla/5.0 (Windows NT 10.0; Win64; x64) AppleWebKit/537.36 (KHTML, like Gecko) Chrome/150.0.0.0 Safari/537.36"
105.113.65.234 - - [21/Jul/2026:10:19:50 +0000] "GET /wp-content/plugins/elementor/assets/js/packages/editor-controls/editor-controls.min.js?ver=4.2.0 HTTP/1.1" 200 775257 "https://tradedealings.shop/wp-admin/post.php?post=9&action=elementor" "Mozilla/5.0 (Windows NT 10.0; Win64; x64) AppleWebKit/537.36 (KHTML, like Gecko) Chrome/150.0.0.0 Safari/537.36"
105.113.65.234 - - [21/Jul/2026:10:20:01 +0000] "GET /wp-includes/js/wp-embed.min.js?ver=7.0.2 HTTP/1.1" 200 1251 "https://tradedealings.shop/wp-admin/post.php?post=9&action=elementor" "Mozilla/5.0 (Windows NT 10.0; Win64; x64) AppleWebKit/537.36 (KHTML, like Gecko) Chrome/150.0.0.0 Safari/537.36"
105.113.65.234 - - [21/Jul/2026:10:20:01 +0000] "GET /wp-content/plugins/wpforms-lite/assets/js/admin/education/core.min.js?ver=2.0.0.2 HTTP/1.1" 304 - "https://tradedealings.shop/wp-admin/post.php?post=9&action=elementor" "Mozilla/5.0 (Windows NT 10.0; Win64; x64) AppleWebKit/537.36 (KHTML, like Gecko) Chrome/150.0.0.0 Safari/537.36"
105.113.65.234 - - [21/Jul/2026:10:20:01 +0000] "GET /wp-content/plugins/elementor/assets/css/theme-dark.min.css?ver=4.2.0 HTTP/1.1" 200 2378 "https://tradedealings.shop/wp-admin/post.php?post=9&action=elementor" "Mozilla/5.0 (Windows NT 10.0; Win64; x64) AppleWebKit/537.36 (KHTML, like Gecko) Chrome/150.0.0.0 Safari/537.36"
13.229.55.180 - - [21/Jul/2026:10:20:00 +0000] "GET /.env.example HTTP/1.1" 404 63770 "-" "Mozilla/5.0 (X11; Linux x86_64) AppleWebKit/537.36 (KHTML, like Gecko) Chrome/131.0.0.0 Safari/537.36"
105.113.65.234 - - [21/Jul/2026:10:20:02 +0000] "GET /wp-content/plugins/elementor/assets/lib/font-awesome/migration/mapping.js HTTP/1.1" 200 41049 "https://tradedealings.shop/wp-admin/post.php?post=9&action=elementor" "Mozilla/5.0 (Windows NT 10.0; Win64; x64) AppleWebKit/537.36 (KHTML, like Gecko) Chrome/150.0.0.0 Safari/537.36"
105.113.65.234 - - [21/Jul/2026:10:20:02 +0000] "GET /wp-content/plugins/elementor/assets/js/b96d70044d0d67c2df19.bundle.min.js HTTP/1.1" 200 23415 "https://tradedealings.shop/wp-admin/post.php?post=9&action=elementor" "Mozilla/5.0 (Windows NT 10.0; Win64; x64) AppleWebKit/537.36 (KHTML, like Gecko) Chrome/150.0.0.0 Safari/537.36"
105.113.65.234 - - [21/Jul/2026:10:20:02 +0000] "GET /wp-json/elementor/v1/variables/list HTTP/1.1" 200 64 "https://tradedealings.shop/wp-admin/post.php?post=9&action=elementor" "Mozilla/5.0 (Windows NT 10.0; Win64; x64) AppleWebKit/537.36 (KHTML, like Gecko) Chrome/150.0.0.0 Safari/537.36"
105.113.65.234 - - [21/Jul/2026:10:20:02 +0000] "POST /wp-admin/admin-ajax.php HTTP/1.1" 200 77 "https://tradedealings.shop/wp-admin/post.php?post=9&action=elementor" "Mozilla/5.0 (Windows NT 10.0; Win64; x64) AppleWebKit/537.36 (KHTML, like Gecko) Chrome/150.0.0.0 Safari/537.36"
13.229.55.180 - - [21/Jul/2026:10:20:02 +0000] "GET /.env.dev HTTP/1.1" 301 - "-" "Mozilla/5.0 (X11; Linux x86_64) AppleWebKit/537.36 (KHTML, like Gecko) Chrome/131.0.0.0 Safari/537.36"
105.113.65.234 - - [21/Jul/2026:10:20:03 +0000] "GET /wp-json/elementor/v1/site-navigation/recent-posts?posts_per_page=6&_locale=user HTTP/1.1" 200 237 "https://tradedealings.shop/wp-admin/post.php?post=9&action=elementor" "Mozilla/5.0 (Windows NT 10.0; Win64; x64) AppleWebKit/537.36 (KHTML, like Gecko) Chrome/150.0.0.0 Safari/537.36"
105.113.65.234 - - [21/Jul/2026:10:20:03 +0000] "GET /wp-json/elementor/v1/global-classes/usage HTTP/1.1" 200 21 "https://tradedealings.shop/wp-admin/post.php?post=9&action=elementor" "Mozilla/5.0 (Windows NT 10.0; Win64; x64) AppleWebKit/537.36 (KHTML, like Gecko) Chrome/150.0.0.0 Safari/537.36"
105.113.65.234 - - [21/Jul/2026:10:20:03 +0000] "GET /wp-json/elementor/v1/checklist/user-progress HTTP/1.1" 200 534 "https://tradedealings.shop/wp-admin/post.php?post=9&action=elementor" "Mozilla/5.0 (Windows NT 10.0; Win64; x64) AppleWebKit/537.36 (KHTML, like Gecko) Chrome/150.0.0.0 Safari/537.36"
105.113.65.234 - - [21/Jul/2026:10:20:02 +0000] "GET /trade-dealings/?elementor-preview=9&ver=1784629178 HTTP/1.1" 200 121492 "https://tradedealings.shop/wp-admin/post.php?post=9&action=elementor" "Mozilla/5.0 (Windows NT 10.0; Win64; x64) AppleWebKit/537.36 (KHTML, like Gecko) Chrome/150.0.0.0 Safari/537.36"
105.113.65.234 - - [21/Jul/2026:10:20:08 +0000] "GET /wp-content/plugins/pixelyoursite/dist/styles/notice.min.css?ver=11.2.1 HTTP/1.1" 304 - "https://tradedealings.shop/trade-dealings/?elementor-preview=9&ver=1784629178" "Mozilla/5.0 (Windows NT 10.0; Win64; x64) AppleWebKit/537.36 (KHTML, like Gecko) Chrome/150.0.0.0 Safari/537.36"
105.113.65.234 - - [21/Jul/2026:10:20:08 +0000] "GET /wp-content/plugins/insert-headers-and-footers/build/admin-bar.css?ver=c95624a69c80301272a0 HTTP/1.1" 304 - "https://tradedealings.shop/trade-dealings/?elementor-preview=9&ver=1784629178" "Mozilla/5.0 (Windows NT 10.0; Win64; x64) AppleWebKit/537.36 (KHTML, like Gecko) Chrome/150.0.0.0 Safari/537.36"
105.113.65.234 - - [21/Jul/2026:10:20:05 +0000] "GET /wp-json/elementor/v1/global-classes?context=preview HTTP/1.1" 200 21 "https://tradedealings.shop/wp-admin/post.php?post=9&action=elementor" "Mozilla/5.0 (Windows NT 10.0; Win64; x64) AppleWebKit/537.36 (KHTML, like Gecko) Chrome/150.0.0.0 Safari/537.36"
105.113.65.234 - - [21/Jul/2026:10:20:09 +0000] "GET /wp-includes/css/admin-bar.min.css?ver=7.0.2 HTTP/1.1" 200 20781 "https://tradedealings.shop/trade-dealings/?elementor-preview=9&ver=1784629178" "Mozilla/5.0 (Windows NT 10.0; Win64; x64) AppleWebKit/537.36 (KHTML, like Gecko) Chrome/150.0.0.0 Safari/537.36"
105.113.65.234 - - [21/Jul/2026:10:20:09 +0000] "GET /wp-content/plugins/elementor/assets/css/frontend.min.css?ver=4.2.0 HTTP/1.1" 200 54666 "https://tradedealings.shop/trade-dealings/?elementor-preview=9&ver=1784629178" "Mozilla/5.0 (Windows NT 10.0; Win64; x64) AppleWebKit/537.36 (KHTML, like Gecko) Chrome/150.0.0.0 Safari/537.36"
105.113.65.234 - - [21/Jul/2026:10:20:09 +0000] "GET /wp-content/plugins/wpforms-lite/assets/css/admin-bar.min.css?ver=2.0.0.2 HTTP/1.1" 304 - "https://tradedealings.shop/trade-dealings/?elementor-preview=9&ver=1784629178" "Mozilla/5.0 (Windows NT 10.0; Win64; x64) AppleWebKit/537.36 (KHTML, like Gecko) Chrome/150.0.0.0 Safari/537.36"
105.113.65.234 - - [21/Jul/2026:10:20:06 +0000] "GET /wp-json/elementor/v1/global-classes?context=frontend HTTP/1.1" 200 21 "https://tradedealings.shop/wp-admin/post.php?post=9&action=elementor" "Mozilla/5.0 (Windows NT 10.0; Win64; x64) AppleWebKit/537.36 (KHTML, like Gecko) Chrome/150.0.0.0 Safari/537.36"
105.113.65.234 - - [21/Jul/2026:10:20:09 +0000] "GET /wp-content/uploads/elementor/css/base-desktop.css?ver=6a5f47d715145 HTTP/1.1" 200 1975 "https://tradedealings.shop/trade-dealings/?elementor-preview=9&ver=1784629178" "Mozilla/5.0 (Windows NT 10.0; Win64; x64) AppleWebKit/537.36 (KHTML, like Gecko) Chrome/150.0.0.0 Safari/537.36"
105.113.65.234 - - [21/Jul/2026:10:20:06 +0000] "GET /wp-json/elementor/v1/components HTTP/1.1" 200 21 "https://tradedealings.shop/wp-admin/post.php?post=9&action=elementor" "Mozilla/5.0 (Windows NT 10.0; Win64; x64) AppleWebKit/537.36 (KHTML, like Gecko) Chrome/150.0.0.0 Safari/537.36"
105.113.65.234 - - [21/Jul/2026:10:20:09 +0000] "GET /wp-content/uploads/elementor/css/post-6.css?ver=1784629207 HTTP/1.1" 200 1168 "https://tradedealings.shop/trade-dealings/?elementor-preview=9&ver=1784629178" "Mozilla/5.0 (Windows NT 10.0; Win64; x64) AppleWebKit/537.36 (KHTML, like Gecko) Chrome/150.0.0.0 Safari/537.36"
105.113.65.234 - - [21/Jul/2026:10:20:10 +0000] "GET /wp-content/plugins/wpforms-lite/assets/css/integrations/stripe/wpforms-stripe.min.css?ver=2.0.0.2 HTTP/1.1" 304 - "https://tradedealings.shop/trade-dealings/?elementor-preview=9&ver=1784629178" "Mozilla/5.0 (Windows NT 10.0; Win64; x64) AppleWebKit/537.36 (KHTML, like Gecko) Chrome/150.0.0.0 Safari/537.36"
105.113.65.234 - - [21/Jul/2026:10:20:10 +0000] "GET /wp-content/uploads/elementor/css/base-mobile.css?ver=6a5f47d715145 HTTP/1.1" 200 87 "https://tradedealings.shop/trade-dealings/?elementor-preview=9&ver=1784629178" "Mozilla/5.0 (Windows NT 10.0; Win64; x64) AppleWebKit/537.36 (KHTML, like Gecko) Chrome/150.0.0.0 Safari/537.36"
105.113.65.234 - - [21/Jul/2026:10:20:10 +0000] "GET /wp-content/plugins/elementor/assets/css/widget-nested-tabs.min.css?ver=4.2.0 HTTP/1.1" 200 14818 "https://tradedealings.shop/trade-dealings/?elementor-preview=9&ver=1784629178" "Mozilla/5.0 (Windows NT 10.0; Win64; x64) AppleWebKit/537.36 (KHTML, like Gecko) Chrome/150.0.0.0 Safari/537.36"
105.113.65.234 - - [21/Jul/2026:10:20:06 +0000] "GET /wp-json/elementor/v1/kit-elements-defaults HTTP/1.1" 200 2 "https://tradedealings.shop/wp-admin/post.php?post=9&action=elementor" "Mozilla/5.0 (Windows NT 10.0; Win64; x64) AppleWebKit/537.36 (KHTML, like Gecko) Chrome/150.0.0.0 Safari/537.36"
105.113.65.234 - - [21/Jul/2026:10:20:10 +0000] "GET /wp-content/plugins/elementor/assets/css/widget-nested-accordion.min.css?ver=4.2.0 HTTP/1.1" 200 5206 "https://tradedealings.shop/trade-dealings/?elementor-preview=9&ver=1784629178" "Mozilla/5.0 (Windows NT 10.0; Win64; x64) AppleWebKit/537.36 (KHTML, like Gecko) Chrome/150.0.0.0 Safari/537.36"
13.229.55.180 - - [21/Jul/2026:10:20:06 +0000] "GET /.env.dev HTTP/1.1" 404 63770 "-" "Mozilla/5.0 (X11; Linux x86_64) AppleWebKit/537.36 (KHTML, like Gecko) Chrome/131.0.0.0 Safari/537.36"
105.113.65.234 - - [21/Jul/2026:10:20:10 +0000] "GET /wp-content/plugins/elementor/assets/css/widget-image.min.css?ver=4.2.0 HTTP/1.1" 200 214 "https://tradedealings.shop/trade-dealings/?elementor-preview=9&ver=1784629178" "Mozilla/5.0 (Windows NT 10.0; Win64; x64) AppleWebKit/537.36 (KHTML, like Gecko) Chrome/150.0.0.0 Safari/537.36"
105.113.65.234 - - [21/Jul/2026:10:20:10 +0000] "GET /wp-content/plugins/elementor/assets/css/widget-heading.min.css?ver=4.2.0 HTTP/1.1" 200 560 "https://tradedealings.shop/trade-dealings/?elementor-preview=9&ver=1784629178" "Mozilla/5.0 (Windows NT 10.0; Win64; x64) AppleWebKit/537.36 (KHTML, like Gecko) Chrome/150.0.0.0 Safari/537.36"
105.113.65.234 - - [21/Jul/2026:10:20:10 +0000] "GET /wp-content/plugins/elementor/assets/css/widget-text-editor.min.css?ver=4.2.0 HTTP/1.1" 200 680 "https://tradedealings.shop/trade-dealings/?elementor-preview=9&ver=1784629178" "Mozilla/5.0 (Windows NT 10.0; Win64; x64) AppleWebKit/537.36 (KHTML, like Gecko) Chrome/150.0.0.0 Safari/537.36"
105.113.65.234 - - [21/Jul/2026:10:20:10 +0000] "GET /wp-content/plugins/elementor/assets/css/widget-video.min.css?ver=4.2.0 HTTP/1.1" 200 1243 "https://tradedealings.shop/trade-dealings/?elementor-preview=9&ver=1784629178" "Mozilla/5.0 (Windows NT 10.0; Win64; x64) AppleWebKit/537.36 (KHTML, like Gecko) Chrome/150.0.0.0 Safari/537.36"
105.113.65.234 - - [21/Jul/2026:10:20:10 +0000] "GET /wp-content/plugins/elementor/assets/css/widget-divider.min.css?ver=4.2.0 HTTP/1.1" 200 4258 "https://tradedealings.shop/trade-dealings/?elementor-preview=9&ver=1784629178" "Mozilla/5.0 (Windows NT 10.0; Win64; x64) AppleWebKit/537.36 (KHTML, like Gecko) Chrome/150.0.0.0 Safari/537.36"
105.113.65.234 - - [21/Jul/2026:10:20:10 +0000] "GET /wp-content/plugins/elementor/assets/css/widget-spacer.min.css?ver=4.2.0 HTTP/1.1" 200 1793 "https://tradedealings.shop/trade-dealings/?elementor-preview=9&ver=1784629178" "Mozilla/5.0 (Windows NT 10.0; Win64; x64) AppleWebKit/537.36 (KHTML, like Gecko) Chrome/150.0.0.0 Safari/537.36"
105.113.65.234 - - [21/Jul/2026:10:20:10 +0000] "GET /wp-content/plugins/elementor/assets/css/widget-image-box.min.css?ver=4.2.0 HTTP/1.1" 200 1657 "https://tradedealings.shop/trade-dealings/?elementor-preview=9&ver=1784629178" "Mozilla/5.0 (Windows NT 10.0; Win64; x64) AppleWebKit/537.36 (KHTML, like Gecko) Chrome/150.0.0.0 Safari/537.36"
105.113.65.234 - - [21/Jul/2026:10:20:07 +0000] "GET /wp-json/elementor/v1/user-data/current-user?context=edit HTTP/1.1" 200 1309 "https://tradedealings.shop/wp-admin/post.php?post=9&action=elementor" "Mozilla/5.0 (Windows NT 10.0; Win64; x64) AppleWebKit/537.36 (KHTML, like Gecko) Chrome/150.0.0.0 Safari/537.36"
105.113.65.234 - - [21/Jul/2026:10:20:10 +0000] "GET /wp-content/plugins/elementor/assets/css/widget-icon-box.min.css?ver=4.2.0 HTTP/1.1" 200 4726 "https://tradedealings.shop/trade-dealings/?elementor-preview=9&ver=1784629178" "Mozilla/5.0 (Windows NT 10.0; Win64; x64) AppleWebKit/537.36 (KHTML, like Gecko) Chrome/150.0.0.0 Safari/537.36"
105.113.65.234 - - [21/Jul/2026:10:20:10 +0000] "GET /wp-content/plugins/elementor/assets/css/widget-google_maps.min.css?ver=4.2.0 HTTP/1.1" 200 261 "https://tradedealings.shop/trade-dealings/?elementor-preview=9&ver=1784629178" "Mozilla/5.0 (Windows NT 10.0; Win64; x64) AppleWebKit/537.36 (KHTML, like Gecko) Chrome/150.0.0.0 Safari/537.36"
105.113.65.234 - - [21/Jul/2026:10:20:10 +0000] "GET /wp-content/plugins/elementor/assets/css/widget-star-rating.min.css?ver=4.2.0 HTTP/1.1" 200 4802 "https://tradedealings.shop/trade-dealings/?elementor-preview=9&ver=1784629178" "Mozilla/5.0 (Windows NT 10.0; Win64; x64) AppleWebKit/537.36 (KHTML, like Gecko) Chrome/150.0.0.0 Safari/537.36"
105.113.65.234 - - [21/Jul/2026:10:20:11 +0000] "GET /wp-content/plugins/elementor/assets/lib/swiper/v8/css/swiper.min.css?ver=8.4.5 HTTP/1.1" 200 16471 "https://tradedealings.shop/trade-dealings/?elementor-preview=9&ver=1784629178" "Mozilla/5.0 (Windows NT 10.0; Win64; x64) AppleWebKit/537.36 (KHTML, like Gecko) Chrome/150.0.0.0 Safari/537.36"
105.113.65.234 - - [21/Jul/2026:10:20:11 +0000] "GET /wp-content/plugins/elementor/assets/css/conditionals/e-swiper.min.css?ver=4.2.0 HTTP/1.1" 200 5486 "https://tradedealings.shop/trade-dealings/?elementor-preview=9&ver=1784629178" "Mozilla/5.0 (Windows NT 10.0; Win64; x64) AppleWebKit/537.36 (KHTML, like Gecko) Chrome/150.0.0.0 Safari/537.36"
105.113.65.234 - - [21/Jul/2026:10:20:11 +0000] "GET /wp-content/plugins/elementor/assets/css/widget-image-carousel.min.css?ver=4.2.0 HTTP/1.1" 200 342 "https://tradedealings.shop/trade-dealings/?elementor-preview=9&ver=1784629178" "Mozilla/5.0 (Windows NT 10.0; Win64; x64) AppleWebKit/537.36 (KHTML, like Gecko) Chrome/150.0.0.0 Safari/537.36"
105.113.65.234 - - [21/Jul/2026:10:20:11 +0000] "GET /wp-content/plugins/elementor/assets/css/widget-image-gallery.min.css?ver=4.2.0 HTTP/1.1" 200 2419 "https://tradedealings.shop/trade-dealings/?elementor-preview=9&ver=1784629178" "Mozilla/5.0 (Windows NT 10.0; Win64; x64) AppleWebKit/537.36 (KHTML, like Gecko) Chrome/150.0.0.0 Safari/537.36"
105.113.65.234 - - [21/Jul/2026:10:20:11 +0000] "GET /wp-content/plugins/elementor/assets/css/widget-progress.min.css?ver=4.2.0 HTTP/1.1" 200 1189 "https://tradedealings.shop/trade-dealings/?elementor-preview=9&ver=1784629178" "Mozilla/5.0 (Windows NT 10.0; Win64; x64) AppleWebKit/537.36 (KHTML, like Gecko) Chrome/150.0.0.0 Safari/537.36"
105.113.65.234 - - [21/Jul/2026:10:20:11 +0000] "GET /wp-content/plugins/elementor/assets/css/widget-counter.min.css?ver=4.2.0 HTTP/1.1" 200 753 "https://tradedealings.shop/trade-dealings/?elementor-preview=9&ver=1784629178" "Mozilla/5.0 (Windows NT 10.0; Win64; x64) AppleWebKit/537.36 (KHTML, like Gecko) Chrome/150.0.0.0 Safari/537.36"
105.113.65.234 - - [21/Jul/2026:10:20:11 +0000] "GET /wp-content/plugins/elementor/assets/css/widget-testimonial.min.css?ver=4.2.0 HTTP/1.1" 200 1646 "https://tradedealings.shop/trade-dealings/?elementor-preview=9&ver=1784629178" "Mozilla/5.0 (Windows NT 10.0; Win64; x64) AppleWebKit/537.36 (KHTML, like Gecko) Chrome/150.0.0.0 Safari/537.36"
105.113.65.234 - - [21/Jul/2026:10:20:11 +0000] "GET /wp-content/plugins/elementor/assets/css/widget-icon-list.min.css?ver=4.2.0 HTTP/1.1" 200 10255 "https://tradedealings.shop/trade-dealings/?elementor-preview=9&ver=1784629178" "Mozilla/5.0 (Windows NT 10.0; Win64; x64) AppleWebKit/537.36 (KHTML, like Gecko) Chrome/150.0.0.0 Safari/537.36"
105.113.65.234 - - [21/Jul/2026:10:20:11 +0000] "GET /wp-content/plugins/elementor/assets/css/widget-tabs.min.css?ver=4.2.0 HTTP/1.1" 200 4289 "https://tradedealings.shop/trade-dealings/?elementor-preview=9&ver=1784629178" "Mozilla/5.0 (Windows NT 10.0; Win64; x64) AppleWebKit/537.36 (KHTML, like Gecko) Chrome/150.0.0.0 Safari/537.36"
105.113.65.234 - - [21/Jul/2026:10:20:11 +0000] "GET /wp-content/plugins/elementor/assets/css/widget-accordion.min.css?ver=4.2.0 HTTP/1.1" 200 1744 "https://tradedealings.shop/trade-dealings/?elementor-preview=9&ver=1784629178" "Mozilla/5.0 (Windows NT 10.0; Win64; x64) AppleWebKit/537.36 (KHTML, like Gecko) Chrome/150.0.0.0 Safari/537.36"
105.113.65.234 - - [21/Jul/2026:10:20:11 +0000] "GET /wp-content/plugins/elementor/assets/css/widget-toggle.min.css?ver=4.2.0 HTTP/1.1" 200 1547 "https://tradedealings.shop/trade-dealings/?elementor-preview=9&ver=1784629178" "Mozilla/5.0 (Windows NT 10.0; Win64; x64) AppleWebKit/537.36 (KHTML, like Gecko) Chrome/150.0.0.0 Safari/537.36"
105.113.65.234 - - [21/Jul/2026:10:20:11 +0000] "GET /wp-content/plugins/elementor/assets/css/widget-social-icons.min.css?ver=4.2.0 HTTP/1.1" 200 5110 "https://tradedealings.shop/trade-dealings/?elementor-preview=9&ver=1784629178" "Mozilla/5.0 (Windows NT 10.0; Win64; x64) AppleWebKit/537.36 (KHTML, like Gecko) Chrome/150.0.0.0 Safari/537.36"
105.113.65.234 - - [21/Jul/2026:10:20:11 +0000] "GET /wp-content/plugins/elementor/assets/css/conditionals/apple-webkit.min.css?ver=4.2.0 HTTP/1.1" 200 6713 "https://tradedealings.shop/trade-dealings/?elementor-preview=9&ver=1784629178" "Mozilla/5.0 (Windows NT 10.0; Win64; x64) AppleWebKit/537.36 (KHTML, like Gecko) Chrome/150.0.0.0 Safari/537.36"
105.113.65.234 - - [21/Jul/2026:10:20:11 +0000] "GET /wp-content/plugins/elementor/assets/css/widget-alert.min.css?ver=4.2.0 HTTP/1.1" 200 1665 "https://tradedealings.shop/trade-dealings/?elementor-preview=9&ver=1784629178" "Mozilla/5.0 (Windows NT 10.0; Win64; x64) AppleWebKit/537.36 (KHTML, like Gecko) Chrome/150.0.0.0 Safari/537.36"
105.113.65.234 - - [21/Jul/2026:10:20:11 +0000] "GET /wp-content/plugins/elementor/assets/css/widget-menu-anchor.min.css?ver=4.2.0 HTTP/1.1" 200 69 "https://tradedealings.shop/trade-dealings/?elementor-preview=9&ver=1784629178" "Mozilla/5.0 (Windows NT 10.0; Win64; x64) AppleWebKit/537.36 (KHTML, like Gecko) Chrome/150.0.0.0 Safari/537.36"
105.113.65.234 - - [21/Jul/2026:10:20:11 +0000] "GET /wp-content/plugins/elementor/assets/css/widget-rating.min.css?ver=4.2.0 HTTP/1.1" 200 1310 "https://tradedealings.shop/trade-dealings/?elementor-preview=9&ver=1784629178" "Mozilla/5.0 (Windows NT 10.0; Win64; x64) AppleWebKit/537.36 (KHTML, like Gecko) Chrome/150.0.0.0 Safari/537.36"
105.113.65.234 - - [21/Jul/2026:10:20:11 +0000] "GET /wp-content/plugins/elementor/assets/css/widget-text-path.min.css?ver=4.2.0 HTTP/1.1" 200 1044 "https://tradedealings.shop/trade-dealings/?elementor-preview=9&ver=1784629178" "Mozilla/5.0 (Windows NT 10.0; Win64; x64) AppleWebKit/537.36 (KHTML, like Gecko) Chrome/150.0.0.0 Safari/537.36"
105.113.65.234 - - [21/Jul/2026:10:20:11 +0000] "GET /wp-content/plugins/elementor/assets/css/widget-link-in-bio-base.min.css?ver=4.2.0 HTTP/1.1" 200 12399 "https://tradedealings.shop/trade-dealings/?elementor-preview=9&ver=1784629178" "Mozilla/5.0 (Windows NT 10.0; Win64; x64) AppleWebKit/537.36 (KHTML, like Gecko) Chrome/150.0.0.0 Safari/537.36"
105.113.65.234 - - [21/Jul/2026:10:20:12 +0000] "GET /wp-content/plugins/elementor/assets/css/widget-contact-buttons-base.min.css?ver=4.2.0 HTTP/1.1" 200 20150 "https://tradedealings.shop/trade-dealings/?elementor-preview=9&ver=1784629178" "Mozilla/5.0 (Windows NT 10.0; Win64; x64) AppleWebKit/537.36 (KHTML, like Gecko) Chrome/150.0.0.0 Safari/537.36"
105.113.65.234 - - [21/Jul/2026:10:20:12 +0000] "GET /wp-content/plugins/elementor/assets/css/widget-floating-bars-base.min.css?ver=4.2.0 HTTP/1.1" 200 9522 "https://tradedealings.shop/trade-dealings/?elementor-preview=9&ver=1784629178" "Mozilla/5.0 (Windows NT 10.0; Win64; x64) AppleWebKit/537.36 (KHTML, like Gecko) Chrome/150.0.0.0 Safari/537.36"
105.113.65.234 - - [21/Jul/2026:10:20:12 +0000] "GET /wp-content/plugins/elementor/assets/css/editor-preview.min.css?ver=4.2.0 HTTP/1.1" 200 122621 "https://tradedealings.shop/trade-dealings/?elementor-preview=9&ver=1784629178" "Mozilla/5.0 (Windows NT 10.0; Win64; x64) AppleWebKit/537.36 (KHTML, like Gecko) Chrome/150.0.0.0 Safari/537.36"
105.113.65.234 - - [21/Jul/2026:10:20:12 +0000] "GET /wp-content/plugins/elementor/assets/css/modules/ai/layout-preview.min.css?ver=4.2.0 HTTP/1.1" 200 4134 "https://tradedealings.shop/trade-dealings/?elementor-preview=9&ver=1784629178" "Mozilla/5.0 (Windows NT 10.0; Win64; x64) AppleWebKit/537.36 (KHTML, like Gecko) Chrome/150.0.0.0 Safari/537.36"
105.113.65.234 - - [21/Jul/2026:10:20:12 +0000] "GET /wp-content/plugins/elementor/assets/css/modules/styleguide/editor.min.css?ver=4.2.0 HTTP/1.1" 200 716 "https://tradedealings.shop/trade-dealings/?elementor-preview=9&ver=1784629178" "Mozilla/5.0 (Windows NT 10.0; Win64; x64) AppleWebKit/537.36 (KHTML, like Gecko) Chrome/150.0.0.0 Safari/537.36"
105.113.65.234 - - [21/Jul/2026:10:20:12 +0000] "GET /wp-content/plugins/elementor/assets/css/conditionals/shapes.min.css?ver=4.2.0 HTTP/1.1" 200 645 "https://tradedealings.shop/trade-dealings/?elementor-preview=9&ver=1784629178" "Mozilla/5.0 (Windows NT 10.0; Win64; x64) AppleWebKit/537.36 (KHTML, like Gecko) Chrome/150.0.0.0 Safari/537.36"
105.113.65.234 - - [21/Jul/2026:10:20:12 +0000] "GET /wp-content/plugins/elementor/assets/lib/animations/styles/fadeIn.min.css?ver=4.2.0 HTTP/1.1" 200 77 "https://tradedealings.shop/trade-dealings/?elementor-preview=9&ver=1784629178" "Mozilla/5.0 (Windows NT 10.0; Win64; x64) AppleWebKit/537.36 (KHTML, like Gecko) Chrome/150.0.0.0 Safari/537.36"
105.113.65.234 - - [21/Jul/2026:10:20:12 +0000] "GET /wp-content/plugins/elementor/assets/lib/animations/styles/fadeInDown.min.css?ver=4.2.0 HTTP/1.1" 200 137 "https://tradedealings.shop/trade-dealings/?elementor-preview=9&ver=1784629178" "Mozilla/5.0 (Windows NT 10.0; Win64; x64) AppleWebKit/537.36 (KHTML, like Gecko) Chrome/150.0.0.0 Safari/537.36"
105.113.65.234 - - [21/Jul/2026:10:20:12 +0000] "GET /wp-content/plugins/elementor/assets/lib/animations/styles/fadeInLeft.min.css?ver=4.2.0 HTTP/1.1" 200 137 "https://tradedealings.shop/trade-dealings/?elementor-preview=9&ver=1784629178" "Mozilla/5.0 (Windows NT 10.0; Win64; x64) AppleWebKit/537.36 (KHTML, like Gecko) Chrome/150.0.0.0 Safari/537.36"
105.113.65.234 - - [21/Jul/2026:10:20:12 +0000] "GET /wp-content/plugins/elementor/assets/lib/animations/styles/fadeInRight.min.css?ver=4.2.0 HTTP/1.1" 200 139 "https://tradedealings.shop/trade-dealings/?elementor-preview=9&ver=1784629178" "Mozilla/5.0 (Windows NT 10.0; Win64; x64) AppleWebKit/537.36 (KHTML, like Gecko) Chrome/150.0.0.0 Safari/537.36"
105.113.65.234 - - [21/Jul/2026:10:20:12 +0000] "GET /wp-content/plugins/elementor/assets/lib/animations/styles/fadeInUp.min.css?ver=4.2.0 HTTP/1.1" 200 130 "https://tradedealings.shop/trade-dealings/?elementor-preview=9&ver=1784629178" "Mozilla/5.0 (Windows NT 10.0; Win64; x64) AppleWebKit/537.36 (KHTML, like Gecko) Chrome/150.0.0.0 Safari/537.36"
105.113.65.234 - - [21/Jul/2026:10:20:12 +0000] "GET /wp-content/plugins/elementor/assets/lib/animations/styles/zoomIn.min.css?ver=4.2.0 HTTP/1.1" 200 106 "https://tradedealings.shop/trade-dealings/?elementor-preview=9&ver=1784629178" "Mozilla/5.0 (Windows NT 10.0; Win64; x64) AppleWebKit/537.36 (KHTML, like Gecko) Chrome/150.0.0.0 Safari/537.36"
105.113.65.234 - - [21/Jul/2026:10:20:12 +0000] "GET /wp-content/plugins/elementor/assets/lib/animations/styles/zoomInDown.min.css?ver=4.2.0 HTTP/1.1" 200 320 "https://tradedealings.shop/trade-dealings/?elementor-preview=9&ver=1784629178" "Mozilla/5.0 (Windows NT 10.0; Win64; x64) AppleWebKit/537.36 (KHTML, like Gecko) Chrome/150.0.0.0 Safari/537.36"
105.113.65.234 - - [21/Jul/2026:10:20:12 +0000] "GET /wp-content/plugins/elementor/assets/lib/animations/styles/zoomInLeft.min.css?ver=4.2.0 HTTP/1.1" 200 320 "https://tradedealings.shop/trade-dealings/?elementor-preview=9&ver=1784629178" "Mozilla/5.0 (Windows NT 10.0; Win64; x64) AppleWebKit/537.36 (KHTML, like Gecko) Chrome/150.0.0.0 Safari/537.36"
105.113.65.234 - - [21/Jul/2026:10:20:13 +0000] "GET /wp-content/plugins/elementor/assets/lib/animations/styles/zoomInRight.min.css?ver=4.2.0 HTTP/1.1" 200 323 "https://tradedealings.shop/trade-dealings/?elementor-preview=9&ver=1784629178" "Mozilla/5.0 (Windows NT 10.0; Win64; x64) AppleWebKit/537.36 (KHTML, like Gecko) Chrome/150.0.0.0 Safari/537.36"
198.177.124.148 - - [21/Jul/2026:10:20:13 +0000] "POST /wp-cron.php?doing_wp_cron=1784629213.0058019161224365234375 HTTP/1.1" 200 - "-" "WordPress/7.0.2; https://tradedealings.shop"
13.229.55.180 - - [21/Jul/2026:10:20:10 +0000] "GET /.env.prod HTTP/1.1" 301 - "-" "Mozilla/5.0 (X11; Linux x86_64) AppleWebKit/537.36 (KHTML, like Gecko) Chrome/131.0.0.0 Safari/537.36"
105.113.65.234 - - [21/Jul/2026:10:20:13 +0000] "GET /wp-content/plugins/elementor/assets/lib/animations/styles/zoomInUp.min.css?ver=4.2.0 HTTP/1.1" 200 314 "https://tradedealings.shop/trade-dealings/?elementor-preview=9&ver=1784629178" "Mozilla/5.0 (Windows NT 10.0; Win64; x64) AppleWebKit/537.36 (KHTML, like Gecko) Chrome/150.0.0.0 Safari/537.36"
105.113.65.234 - - [21/Jul/2026:10:20:13 +0000] "GET /wp-content/plugins/elementor/assets/lib/animations/styles/bounceIn.min.css?ver=4.2.0 HTTP/1.1" 200 367 "https://tradedealings.shop/trade-dealings/?elementor-preview=9&ver=1784629178" "Mozilla/5.0 (Windows NT 10.0; Win64; x64) AppleWebKit/537.36 (KHTML, like Gecko) Chrome/150.0.0.0 Safari/537.36"
105.113.65.234 - - [21/Jul/2026:10:20:13 +0000] "GET /wp-content/plugins/elementor/assets/lib/animations/styles/bounceInDown.min.css?ver=4.2.0 HTTP/1.1" 200 330 "https://tradedealings.shop/trade-dealings/?elementor-preview=9&ver=1784629178" "Mozilla/5.0 (Windows NT 10.0; Win64; x64) AppleWebKit/537.36 (KHTML, like Gecko) Chrome/150.0.0.0 Safari/537.36"
105.113.65.234 - - [21/Jul/2026:10:20:13 +0000] "GET /wp-content/plugins/elementor/assets/lib/animations/styles/bounceInLeft.min.css?ver=4.2.0 HTTP/1.1" 200 330 "https://tradedealings.shop/trade-dealings/?elementor-preview=9&ver=1784629178" "Mozilla/5.0 (Windows NT 10.0; Win64; x64) AppleWebKit/537.36 (KHTML, like Gecko) Chrome/150.0.0.0 Safari/537.36"
105.113.65.234 - - [21/Jul/2026:10:20:13 +0000] "GET /wp-content/plugins/elementor/assets/lib/animations/styles/bounceInRight.min.css?ver=4.2.0 HTTP/1.1" 200 335 "https://tradedealings.shop/trade-dealings/?elementor-preview=9&ver=1784629178" "Mozilla/5.0 (Windows NT 10.0; Win64; x64) AppleWebKit/537.36 (KHTML, like Gecko) Chrome/150.0.0.0 Safari/537.36"
105.113.65.234 - - [21/Jul/2026:10:20:13 +0000] "GET /wp-content/plugins/elementor/assets/lib/animations/styles/bounceInUp.min.css?ver=4.2.0 HTTP/1.1" 200 340 "https://tradedealings.shop/trade-dealings/?elementor-preview=9&ver=1784629178" "Mozilla/5.0 (Windows NT 10.0; Win64; x64) AppleWebKit/537.36 (KHTML, like Gecko) Chrome/150.0.0.0 Safari/537.36"
105.113.65.234 - - [21/Jul/2026:10:20:13 +0000] "GET /wp-content/plugins/elementor/assets/lib/animations/styles/slideInLeft.min.css?ver=4.2.0 HTTP/1.1" 200 153 "https://tradedealings.shop/trade-dealings/?elementor-preview=9&ver=1784629178" "Mozilla/5.0 (Windows NT 10.0; Win64; x64) AppleWebKit/537.36 (KHTML, like Gecko) Chrome/150.0.0.0 Safari/537.36"
105.113.65.234 - - [21/Jul/2026:10:20:13 +0000] "GET /wp-content/plugins/elementor/assets/lib/animations/styles/slideInDown.min.css?ver=4.2.0 HTTP/1.1" 200 153 "https://tradedealings.shop/trade-dealings/?elementor-preview=9&ver=1784629178" "Mozilla/5.0 (Windows NT 10.0; Win64; x64) AppleWebKit/537.36 (KHTML, like Gecko) Chrome/150.0.0.0 Safari/537.36"
105.113.65.234 - - [21/Jul/2026:10:20:13 +0000] "GET /wp-content/plugins/elementor/assets/lib/animations/styles/slideInRight.min.css?ver=4.2.0 HTTP/1.1" 200 155 "https://tradedealings.shop/trade-dealings/?elementor-preview=9&ver=1784629178" "Mozilla/5.0 (Windows NT 10.0; Win64; x64) AppleWebKit/537.36 (KHTML, like Gecko) Chrome/150.0.0.0 Safari/537.36"
105.113.65.234 - - [21/Jul/2026:10:20:13 +0000] "GET /wp-content/plugins/elementor/assets/lib/animations/styles/slideInUp.min.css?ver=4.2.0 HTTP/1.1" 200 146 "https://tradedealings.shop/trade-dealings/?elementor-preview=9&ver=1784629178" "Mozilla/5.0 (Windows NT 10.0; Win64; x64) AppleWebKit/537.36 (KHTML, like Gecko) Chrome/150.0.0.0 Safari/537.36"
105.113.65.234 - - [21/Jul/2026:10:20:13 +0000] "GET /wp-content/plugins/elementor/assets/lib/animations/styles/rotateIn.min.css?ver=4.2.0 HTTP/1.1" 200 180 "https://tradedealings.shop/trade-dealings/?elementor-preview=9&ver=1784629178" "Mozilla/5.0 (Windows NT 10.0; Win64; x64) AppleWebKit/537.36 (KHTML, like Gecko) Chrome/150.0.0.0 Safari/537.36"
105.113.65.234 - - [21/Jul/2026:10:20:13 +0000] "GET /wp-content/plugins/elementor/assets/lib/animations/styles/rotateInDownLeft.min.css?ver=4.2.0 HTTP/1.1" 200 213 "https://tradedealings.shop/trade-dealings/?elementor-preview=9&ver=1784629178" "Mozilla/5.0 (Windows NT 10.0; Win64; x64) AppleWebKit/537.36 (KHTML, like Gecko) Chrome/150.0.0.0 Safari/537.36"
105.113.65.234 - - [21/Jul/2026:10:20:13 +0000] "GET /wp-content/plugins/elementor/assets/lib/animations/styles/rotateInDownRight.min.css?ver=4.2.0 HTTP/1.1" 200 217 "https://tradedealings.shop/trade-dealings/?elementor-preview=9&ver=1784629178" "Mozilla/5.0 (Windows NT 10.0; Win64; x64) AppleWebKit/537.36 (KHTML, like Gecko) Chrome/150.0.0.0 Safari/537.36"
105.113.65.234 - - [21/Jul/2026:10:20:13 +0000] "GET /wp-content/plugins/elementor/assets/lib/animations/styles/rotateInUpRight.min.css?ver=4.2.0 HTTP/1.1" 200 212 "https://tradedealings.shop/trade-dealings/?elementor-preview=9&ver=1784629178" "Mozilla/5.0 (Windows NT 10.0; Win64; x64) AppleWebKit/537.36 (KHTML, like Gecko) Chrome/150.0.0.0 Safari/537.36"
105.113.65.234 - - [21/Jul/2026:10:20:13 +0000] "GET /wp-content/plugins/elementor/assets/lib/animations/styles/rotateInUpLeft.min.css?ver=4.2.0 HTTP/1.1" 200 206 "https://tradedealings.shop/trade-dealings/?elementor-preview=9&ver=1784629178" "Mozilla/5.0 (Windows NT 10.0; Win64; x64) AppleWebKit/537.36 (KHTML, like Gecko) Chrome/150.0.0.0 Safari/537.36"
