146.70.21.195 - - [22/Jul/2026:23:32:25 +0000] "POST /wp-login.php HTTP/1.1" 200 5142 "-" "Mozilla/5.0 (Windows NT 10.0; Win64; x64) AppleWebKit/537.36 (KHTML, like Gecko) Chrome/124.0.0.0 Safari/537.36 Edg/124.0.0.0"
104.28.163.231 - - [22/Jul/2026:23:32:53 +0000] "POST /wp-login.php HTTP/1.1" 200 5142 "-" "Mozilla/5.0 (Windows NT 10.0; Win64; x64) AppleWebKit/537.36 Chrome/129.0.0.0 Safari/537.36"
104.28.163.231 - - [22/Jul/2026:23:32:53 +0000] "POST /wp-login.php HTTP/1.1" 200 5142 "-" "Mozilla/5.0 (Windows NT 10.0; Win64; rv:143.0) Gecko/20100101 Firefox/143.0"
198.177.124.148 - - [22/Jul/2026:23:33:32 +0000] "POST /wp-cron.php?doing_wp_cron=1784763212.4351739883422851562500 HTTP/1.1" 200 - "-" "WordPress/7.0.2; https://tradedealings.shop"
104.28.163.231 - - [22/Jul/2026:23:33:31 +0000] "POST /wp-login.php HTTP/1.1" 200 5142 "-" "Mozilla/5.0 (Macintosh; Intel Mac OS X 10_15_7) AppleWebKit/605.1.15 Version/17.0 Safari/605.1.15"
104.28.163.231 - - [22/Jul/2026:23:33:31 +0000] "POST /wp-login.php HTTP/1.1" 200 5142 "-" "Mozilla/5.0 (Macintosh; Intel Mac OS X 10_15_7) AppleWebKit/605.1.15 Version/17.0 Safari/605.1.15"
157.143.3.35 - - [22/Jul/2026:23:33:35 +0000] "GET / HTTP/1.1" 200 71722 "-" "Mozilla/5.0 (Linux; Android 6.0; Nexus 5 Build/MRA58N) AppleWebKit/537.36 (KHTML, like Gecko) Chrome/130.0.0.0 Mobile Safari/537.36"
198.177.124.148 - - [22/Jul/2026:23:34:14 +0000] "POST /wp-cron.php?doing_wp_cron=1784763254.0773959159851074218750 HTTP/1.1" 200 - "-" "WordPress/7.0.2; https://tradedealings.shop"
104.28.163.231 - - [22/Jul/2026:23:34:11 +0000] "POST /wp-login.php HTTP/1.1" 200 5142 "-" "Mozilla/5.0 (Windows NT 10.0; Win64; x64) AppleWebKit/537.36 Chrome/129.0.0.0 Safari/537.36"
104.28.163.231 - - [22/Jul/2026:23:34:11 +0000] "POST /wp-login.php HTTP/1.1" 200 5142 "-" "Mozilla/5.0 (Windows NT 10.0; Win64; rv:143.0) Gecko/20100101 Firefox/143.0"
104.28.163.231 - - [22/Jul/2026:23:34:51 +0000] "POST /wp-login.php HTTP/1.1" 200 5142 "-" "Mozilla/5.0 (Windows NT 10.0; Win64; rv:143.0) Gecko/20100101 Firefox/143.0"
104.28.163.231 - - [22/Jul/2026:23:34:51 +0000] "POST /wp-login.php HTTP/1.1" 200 5142 "-" "Mozilla/5.0 (Macintosh; Intel Mac OS X 10_15_7) AppleWebKit/605.1.15 Version/17.0 Safari/605.1.15"
198.177.124.148 - - [22/Jul/2026:23:42:40 +0000] "POST /wp-cron.php?doing_wp_cron=1784763760.4217829704284667968750 HTTP/1.1" 200 - "-" "WordPress/7.0.2; https://tradedealings.shop"
104.28.163.98 - - [22/Jul/2026:23:42:39 +0000] "POST /wp-login.php HTTP/1.1" 200 5142 "-" "Mozilla/5.0 (Windows NT 10.0; Win64; rv:143.0) Gecko/20100101 Firefox/143.0"
104.28.163.98 - - [22/Jul/2026:23:42:39 +0000] "POST /wp-login.php HTTP/1.1" 200 5142 "-" "Mozilla/5.0 (Windows NT 10.0; Win64; rv:143.0) Gecko/20100101 Firefox/143.0"
198.177.124.148 - - [22/Jul/2026:23:46:00 +0000] "POST /wp-cron.php?doing_wp_cron=1784763960.7392649650573730468750 HTTP/1.1" 200 - "-" "WordPress/7.0.2; https://tradedealings.shop"
146.70.21.195 - - [22/Jul/2026:23:45:57 +0000] "POST /wp-login.php HTTP/1.1" 200 5142 "-" "Mozilla/5.0 (Windows NT 10.0; Win64; x64) AppleWebKit/537.36 (KHTML, like Gecko) Chrome/124.0.0.0 Safari/537.36 OPR/108.0.0.0"
146.70.21.195 - - [22/Jul/2026:23:45:57 +0000] "POST /wp-login.php HTTP/1.1" 200 5142 "-" "Mozilla/5.0 (X11; Linux x86_64) AppleWebKit/537.36 (KHTML, like Gecko) Chrome/123.0.0.0 Safari/537.36 OPR/107.0.0.0"
198.177.124.148 - - [22/Jul/2026:23:59:30 +0000] "POST /wp-cron.php?doing_wp_cron=1784764770.9139959812164306640625 HTTP/1.1" 200 - "-" "WordPress/7.0.2; https://tradedealings.shop"
146.70.21.195 - - [22/Jul/2026:23:59:28 +0000] "POST /wp-login.php HTTP/1.1" 200 5142 "-" "Mozilla/5.0 (Windows NT 10.0; Win64; x64) AppleWebKit/537.36 (KHTML, like Gecko) Chrome/124.0.0.0 Safari/537.36 Edg/124.0.0.0"
146.70.21.195 - - [22/Jul/2026:23:59:28 +0000] "POST /wp-login.php HTTP/1.1" 200 5142 "-" "Mozilla/5.0 (Macintosh; Intel Mac OS X 14_3) AppleWebKit/605.1.15 (KHTML, like Gecko) Version/17.3 Safari/605.1.15"
198.177.124.148 - - [23/Jul/2026:00:01:43 +0000] "POST /wp-cron.php?doing_wp_cron=1784764903.4275169372558593750000 HTTP/1.1" 200 - "-" "WordPress/7.0.2; https://tradedealings.shop"
104.28.163.98 - - [23/Jul/2026:00:01:42 +0000] "POST /wp-login.php HTTP/1.1" 200 5142 "-" "Mozilla/5.0 (Windows NT 10.0; Win64; rv:143.0) Gecko/20100101 Firefox/143.0"
104.28.163.98 - - [23/Jul/2026:00:01:42 +0000] "POST /wp-login.php HTTP/1.1" 200 5142 "-" "Mozilla/5.0 (Macintosh; Intel Mac OS X 10_15_7) AppleWebKit/605.1.15 Version/17.0 Safari/605.1.15"
198.177.124.148 - - [23/Jul/2026:00:13:06 +0000] "POST /wp-cron.php?doing_wp_cron=1784765586.3824079036712646484375 HTTP/1.1" 200 - "-" "WordPress/7.0.2; https://tradedealings.shop"
146.70.21.195 - - [23/Jul/2026:00:13:04 +0000] "POST /wp-login.php HTTP/1.1" 200 5142 "-" "Mozilla/5.0 (X11; Linux x86_64) AppleWebKit/537.36 (KHTML, like Gecko) Chrome/124.0.0.0 Safari/537.36 Brave/1.65.0"
146.70.21.195 - - [23/Jul/2026:00:13:04 +0000] "POST /wp-login.php HTTP/1.1" 200 5142 "-" "Mozilla/5.0 (X11; Linux x86_64) AppleWebKit/537.36 (KHTML, like Gecko) Chrome/123.0.0.0 Safari/537.36"
198.177.124.148 - - [23/Jul/2026:00:14:04 +0000] "POST /wp-cron.php?doing_wp_cron=1784765644.2229208946228027343750 HTTP/1.1" 200 - "-" "WordPress/7.0.2; https://tradedealings.shop"
74.7.244.60 - - [23/Jul/2026:00:14:01 +0000] "GET /robots.txt HTTP/1.1" 200 119 "-" "Mozilla/5.0 (Macintosh; Intel Mac OS X 10_15_7) AppleWebKit/537.36 (KHTML, like Gecko) Chrome/131.0.0.0 Safari/537.36; compatible; OAI-SearchBot/1.4; robots.txt; +https://openai.com/searchbot"
74.7.242.16 - - [23/Jul/2026:00:14:01 +0000] "GET /wp-sitemap.xml HTTP/1.1" 200 552 "-" "Mozilla/5.0 AppleWebKit/537.36 (KHTML, like Gecko; compatible; GPTBot/1.4; +https://openai.com/gptbot)"
198.177.124.148 - - [23/Jul/2026:00:20:51 +0000] "POST /wp-cron.php?doing_wp_cron=1784766051.3476810455322265625000 HTTP/1.1" 200 - "-" "WordPress/7.0.2; https://tradedealings.shop"
104.28.163.98 - - [23/Jul/2026:00:20:48 +0000] "POST /wp-login.php HTTP/1.1" 200 5142 "-" "Mozilla/5.0 (Windows NT 10.0; Win64; rv:143.0) Gecko/20100101 Firefox/143.0"
104.28.163.98 - - [23/Jul/2026:00:20:48 +0000] "POST /wp-login.php HTTP/1.1" 200 5142 "-" "Mozilla/5.0 (Windows NT 10.0; Win64; x64) AppleWebKit/537.36 Chrome/129.0.0.0 Safari/537.36"
156.59.29.183 - - [23/Jul/2026:00:20:54 +0000] "GET /wp-login.php HTTP/1.1" 200 4729 "-" "Mozilla/5.0"
156.59.29.183 - - [23/Jul/2026:00:20:56 +0000] "GET /?author=1 HTTP/1.1" 301 - "-" "Mozilla/5.0"
156.59.29.183 - - [23/Jul/2026:00:20:58 +0000] "GET /?rest_route=/wp/v2/users HTTP/1.1" 200 776 "-" "Mozilla/5.0"
156.59.29.183 - - [23/Jul/2026:00:21:00 +0000] "GET /?author=2 HTTP/1.1" 404 60473 "-" "Mozilla/5.0"
156.59.29.183 - - [23/Jul/2026:00:21:02 +0000] "GET /?rest_route=/wp/v2/users HTTP/1.1" 200 776 "-" "Mozilla/5.0"
198.177.124.148 - - [23/Jul/2026:00:36:27 +0000] "POST /wp-cron.php?doing_wp_cron=1784766987.0656640529632568359375 HTTP/1.1" 200 - "-" "WordPress/7.0.2; https://tradedealings.shop"
216.73.216.228 - - [23/Jul/2026:00:36:22 +0000] "GET /robots.txt HTTP/1.1" 200 119 "-" "Mozilla/5.0 AppleWebKit/537.36 (KHTML, like Gecko; compatible; ClaudeBot/1.0; +claudebot@anthropic.com)"
216.73.216.228 - - [23/Jul/2026:00:36:27 +0000] "GET /wp-sitemap.xml HTTP/1.1" 200 552 "-" "Mozilla/5.0 AppleWebKit/537.36 (KHTML, like Gecko; compatible; ClaudeBot/1.0; +claudebot@anthropic.com)"
45.204.8.167 - - [23/Jul/2026:00:36:46 +0000] "GET /filefuns.php HTTP/1.1" 200 8 "https://www.google.com" "Mozilla/5.0 (Windows NT 10.0; Win64; x64) AppleWebKit/537.36 (KHTML, like Gecko) Chrome/114.0.0.0 Safari/537.36 Edg/114.0.1823.43"
45.204.8.167 - - [23/Jul/2026:00:36:50 +0000] "GET /filefuns.php HTTP/1.1" 200 8 "https://www.google.com" "Mozilla/5.0 (Windows NT 10.0; Win64; x64) AppleWebKit/537.36 (KHTML, like Gecko) Chrome/114.0.0.0 Safari/537.36 Edg/114.0.1823.43"
104.28.163.98 - - [23/Jul/2026:00:39:52 +0000] "POST /wp-login.php HTTP/1.1" 200 5142 "-" "Mozilla/5.0 (Windows NT 10.0; Win64; rv:143.0) Gecko/20100101 Firefox/143.0"
104.28.163.98 - - [23/Jul/2026:00:39:52 +0000] "POST /wp-login.php HTTP/1.1" 200 5142 "-" "Mozilla/5.0 (Macintosh; Intel Mac OS X 10_15_7) AppleWebKit/605.1.15 Version/17.0 Safari/605.1.15"
106.75.174.40 - - [23/Jul/2026:00:40:13 +0000] "GET / HTTP/1.1" 500 2559 "-" "Mozilla/5.0 (Windows NT 6.1) AppleWebKit/537.36 (KHTML, like Gecko) Chrome/49.0.2623.112 Safari/537.36"
198.177.124.148 - - [23/Jul/2026:00:42:19 +0000] "POST /wp-cron.php?doing_wp_cron=1784767339.5958540439605712890625 HTTP/1.1" 200 - "-" "WordPress/7.0.2; https://tradedealings.shop"
209.54.107.130 - - [23/Jul/2026:00:42:17 +0000] "GET / HTTP/1.1" 200 71722 "-" "Mozilla/5.0 (Macintosh; Intel Mac OS X 10_15_7) AppleWebKit/537.36 (KHTML, like Gecko) Chrome/122.0.0.0 Safari/537.36"
198.177.124.148 - - [23/Jul/2026:00:44:25 +0000] "POST /wp-cron.php?doing_wp_cron=1784767465.6221470832824707031250 HTTP/1.1" 200 - "-" "WordPress/7.0.2; https://tradedealings.shop"
156.59.29.183 - - [23/Jul/2026:00:44:25 +0000] "POST /wp-login.php HTTP/1.1" 200 5142 "-" "Mozilla/5.0"
156.59.29.183 - - [23/Jul/2026:00:44:25 +0000] "POST /wp-login.php HTTP/1.1" 200 5142 "-" "Mozilla/5.0"
156.59.29.183 - - [23/Jul/2026:00:47:10 +0000] "POST /wp-login.php HTTP/1.1" 200 5142 "-" "Mozilla/5.0"
156.59.29.183 - - [23/Jul/2026:00:47:10 +0000] "POST /wp-login.php HTTP/1.1" 200 5142 "-" "Mozilla/5.0"
198.177.124.148 - - [23/Jul/2026:00:49:53 +0000] "POST /wp-cron.php?doing_wp_cron=1784767793.5329709053039550781250 HTTP/1.1" 200 - "-" "WordPress/7.0.2; https://tradedealings.shop"
156.59.29.183 - - [23/Jul/2026:00:49:52 +0000] "POST /wp-login.php HTTP/1.1" 200 5142 "-" "Mozilla/5.0"
156.59.29.183 - - [23/Jul/2026:00:49:52 +0000] "POST /wp-login.php HTTP/1.1" 200 5142 "-" "Mozilla/5.0"
198.177.124.148 - - [23/Jul/2026:00:51:21 +0000] "POST /wp-cron.php?doing_wp_cron=1784767881.3036239147186279296875 HTTP/1.1" 200 - "-" "WordPress/7.0.2; https://tradedealings.shop"
106.75.173.205 - - [23/Jul/2026:00:51:19 +0000] "GET / HTTP/1.1" 301 - "-" "Mozilla/5.0 (Windows NT 6.1) AppleWebKit/537.36 (KHTML, like Gecko) Chrome/49.0.2623.112 Safari/537.36"
198.177.124.148 - - [23/Jul/2026:00:52:51 +0000] "POST /wp-cron.php?doing_wp_cron=1784767971.0415239334106445312500 HTTP/1.1" 200 - "-" "WordPress/7.0.2; https://tradedealings.shop"
156.59.29.183 - - [23/Jul/2026:00:52:49 +0000] "POST /wp-login.php HTTP/1.1" 200 5142 "-" "Mozilla/5.0"
156.59.29.183 - - [23/Jul/2026:00:52:49 +0000] "POST /wp-login.php HTTP/1.1" 200 5142 "-" "Mozilla/5.0"
198.177.124.148 - - [23/Jul/2026:00:55:03 +0000] "POST /wp-cron.php?doing_wp_cron=1784768103.6075370311737060546875 HTTP/1.1" 200 - "-" "WordPress/7.0.2; https://tradedealings.shop"
106.75.147.172 - - [23/Jul/2026:00:55:01 +0000] "GET / HTTP/1.1" 200 71722 "-" "Mozilla/5.0 (Windows NT 6.1) AppleWebKit/537.36 (KHTML, like Gecko) Chrome/49.0.2623.112 Safari/537.36"
106.75.147.172 - - [23/Jul/2026:00:55:10 +0000] "GET /favicon.ico HTTP/1.1" 302 - "https://tradedealings.shop" "Mozilla/5.0 (Windows NT 6.1) AppleWebKit/537.36 (KHTML, like Gecko) Chrome/49.0.2623.112 Safari/537.36"
106.75.147.172 - - [23/Jul/2026:00:55:13 +0000] "GET /wp-includes/images/w-logo-blue-white-bg.png HTTP/1.1" 200 4119 "https://tradedealings.shop" "Mozilla/5.0 (Windows NT 6.1) AppleWebKit/537.36 (KHTML, like Gecko) Chrome/49.0.2623.112 Safari/537.36"
198.177.124.148 - - [23/Jul/2026:00:56:02 +0000] "POST /wp-cron.php?doing_wp_cron=1784768162.5487329959869384765625 HTTP/1.1" 200 - "-" "WordPress/7.0.2; https://tradedealings.shop"
156.59.29.183 - - [23/Jul/2026:00:56:01 +0000] "POST /wp-login.php HTTP/1.1" 200 5142 "-" "Mozilla/5.0"
156.59.29.183 - - [23/Jul/2026:00:56:01 +0000] "POST /wp-login.php HTTP/1.1" 200 5142 "-" "Mozilla/5.0"
198.177.124.148 - - [23/Jul/2026:00:57:18 +0000] "POST /wp-cron.php?doing_wp_cron=1784768238.0288920402526855468750 HTTP/1.1" 200 - "-" "WordPress/7.0.2; https://tradedealings.shop"
106.75.147.172 - - [23/Jul/2026:00:57:15 +0000] "GET / HTTP/1.1" 200 71722 "-" "Mozilla/5.0 (Windows NT 6.1) AppleWebKit/537.36 (KHTML, like Gecko) Chrome/49.0.2623.112 Safari/537.36"
106.75.147.172 - - [23/Jul/2026:00:57:26 +0000] "GET /favicon.ico HTTP/1.1" 302 - "https://tradedealings.shop" "Mozilla/5.0 (Windows NT 6.1) AppleWebKit/537.36 (KHTML, like Gecko) Chrome/49.0.2623.112 Safari/537.36"
106.75.147.172 - - [23/Jul/2026:00:57:31 +0000] "GET /wp-includes/images/w-logo-blue-white-bg.png HTTP/1.1" 200 4119 "https://tradedealings.shop" "Mozilla/5.0 (Windows NT 6.1) AppleWebKit/537.36 (KHTML, like Gecko) Chrome/49.0.2623.112 Safari/537.36"
104.28.163.98 - - [23/Jul/2026:00:58:24 +0000] "POST /wp-login.php HTTP/1.1" 200 5142 "-" "Mozilla/5.0 (Windows NT 10.0; Win64; rv:143.0) Gecko/20100101 Firefox/143.0"
104.28.163.98 - - [23/Jul/2026:00:58:24 +0000] "POST /wp-login.php HTTP/1.1" 200 5142 "-" "Mozilla/5.0 (Windows NT 10.0; Win64; rv:143.0) Gecko/20100101 Firefox/143.0"
198.177.124.148 - - [23/Jul/2026:00:59:16 +0000] "POST /wp-cron.php?doing_wp_cron=1784768356.5873210430145263671875 HTTP/1.1" 200 - "-" "WordPress/7.0.2; https://tradedealings.shop"
156.59.29.183 - - [23/Jul/2026:00:59:15 +0000] "POST /wp-login.php HTTP/1.1" 200 5142 "-" "Mozilla/5.0"
156.59.29.183 - - [23/Jul/2026:00:59:15 +0000] "POST /wp-login.php HTTP/1.1" 200 5142 "-" "Mozilla/5.0"
198.177.124.148 - - [23/Jul/2026:01:12:55 +0000] "POST /wp-cron.php?doing_wp_cron=1784769175.6499619483947753906250 HTTP/1.1" 200 - "-" "WordPress/7.0.2; https://tradedealings.shop"
45.41.128.228 - - [23/Jul/2026:01:12:53 +0000] "GET / HTTP/1.1" 200 71722 "-" "Mozilla/5.0 (X11; Linux i686; rv:109.0) Gecko/20100101 Firefox/120.0"
104.28.163.98 - - [23/Jul/2026:01:17:26 +0000] "POST /wp-login.php HTTP/1.1" 200 5142 "-" "Mozilla/5.0 (Macintosh; Intel Mac OS X 10_15_7) AppleWebKit/605.1.15 Version/17.0 Safari/605.1.15"
198.177.124.148 - - [23/Jul/2026:01:17:29 +0000] "POST /wp-cron.php?doing_wp_cron=1784769449.3672719001770019531250 HTTP/1.1" 200 - "-" "WordPress/7.0.2; https://tradedealings.shop"
104.28.163.98 - - [23/Jul/2026:01:17:26 +0000] "POST /wp-login.php HTTP/1.1" 200 5142 "-" "Mozilla/5.0 (Windows NT 10.0; Win64; rv:143.0) Gecko/20100101 Firefox/143.0"
198.177.124.148 - - [23/Jul/2026:01:20:04 +0000] "POST /wp-cron.php?doing_wp_cron=1784769604.0029380321502685546875 HTTP/1.1" 200 - "-" "WordPress/7.0.2; https://tradedealings.shop"
168.222.97.207 - - [23/Jul/2026:01:19:58 +0000] "GET / HTTP/1.1" 200 71722 "-" "Mozilla/5.0 (Windows NT 10.0; Win64; x64) AppleWebKit/537.36 (KHTML, like Gecko) Chrome/132.0.0.0 Safari/537.36"
198.177.124.148 - - [23/Jul/2026:01:21:22 +0000] "POST /wp-cron.php?doing_wp_cron=1784769682.8432118892669677734375 HTTP/1.1" 200 - "-" "WordPress/7.0.2; https://tradedealings.shop"
23.111.114.116 - - [23/Jul/2026:01:21:20 +0000] "GET / HTTP/1.1" 200 71722 "-" "Mozilla/5.0 (Linux; Android 11; SM-A705FN) AppleWebKit/537.36 (KHTML, like Gecko) Chrome/87.0.4280.141 Mobile Safari/537.36 OPR/62.3.3146.57763"
198.177.124.148 - - [23/Jul/2026:01:25:08 +0000] "POST /wp-cron.php?doing_wp_cron=1784769907.9311110973358154296875 HTTP/1.1" 200 - "-" "WordPress/7.0.2; https://tradedealings.shop"
195.178.110.241 - - [23/Jul/2026:01:25:05 +0000] "GET /.git/config HTTP/1.1" 301 - "-" "Mozilla/5.0 (X11; Ubuntu; Linux x86_64; rv:88.0) Gecko/20100101 Firefox/88.0"
198.177.124.148 - - [23/Jul/2026:01:36:31 +0000] "POST /wp-cron.php?doing_wp_cron=1784770591.9098680019378662109375 HTTP/1.1" 200 - "-" "WordPress/7.0.2; https://tradedealings.shop"
104.28.163.98 - - [23/Jul/2026:01:36:28 +0000] "POST /wp-login.php HTTP/1.1" 200 5142 "-" "Mozilla/5.0 (Macintosh; Intel Mac OS X 10_15_7) AppleWebKit/605.1.15 Version/17.0 Safari/605.1.15"
104.28.163.98 - - [23/Jul/2026:01:36:28 +0000] "POST /wp-login.php HTTP/1.1" 200 5142 "-" "Mozilla/5.0 (Windows NT 10.0; Win64; rv:143.0) Gecko/20100101 Firefox/143.0"
34.169.228.167 - - [23/Jul/2026:01:46:09 +0000] "GET / HTTP/1.1" 301 - "-" "Mozilla/5.0 (Linux; Android 12; Pixel 6) AppleWebKit/537.36 (KHTML, like Gecko) Chrome/114.0.0.0 Mobile Safari/537.36"
198.177.124.148 - - [23/Jul/2026:01:46:15 +0000] "POST /wp-cron.php?doing_wp_cron=1784771175.7743399143218994140625 HTTP/1.1" 200 - "-" "WordPress/7.0.2; https://tradedealings.shop"
34.169.228.167 - - [23/Jul/2026:01:46:12 +0000] "GET / HTTP/1.1" 200 71722 "-" "Mozilla/5.0 (Linux; Android 12; Pixel 6) AppleWebKit/537.36 (KHTML, like Gecko) Chrome/114.0.0.0 Mobile Safari/537.36"
34.169.228.167 - - [23/Jul/2026:01:46:15 +0000] "GET / HTTP/1.1" 301 - "-" "Mozilla/5.0 (Linux; Android 12; Pixel 6) AppleWebKit/537.36 (KHTML, like Gecko) Chrome/114.0.0.0 Mobile Safari/537.36"
34.169.228.167 - - [23/Jul/2026:01:46:17 +0000] "GET / HTTP/1.1" 200 71722 "-" "Mozilla/5.0 (Linux; Android 12; Pixel 6) AppleWebKit/537.36 (KHTML, like Gecko) Chrome/114.0.0.0 Mobile Safari/537.36"
34.169.228.167 - - [23/Jul/2026:01:46:19 +0000] "GET /wp-includes/js/dist/script-modules/interactivity/index.min.js?ver=efaa5193bbad9c60ffd1 HTTP/1.1" 200 40106 "-" "Mozilla/5.0 (Linux; Android 12; Pixel 6) AppleWebKit/537.36 (KHTML, like Gecko) Chrome/114.0.0.0 Mobile Safari/537.36"
34.169.228.167 - - [23/Jul/2026:01:46:19 +0000] "GET /wp-includes/js/dist/script-modules/block-library/navigation/view.min.js?ver=96a846e1d7b789c39ab9 HTTP/1.1" 200 3053 "-" "Mozilla/5.0 (Linux; Android 12; Pixel 6) AppleWebKit/537.36 (KHTML, like Gecko) Chrome/114.0.0.0 Mobile Safari/537.36"
34.169.228.167 - - [23/Jul/2026:01:46:19 +0000] "GET / HTTP/1.1" 301 - "-" "Mozilla/5.0 (Linux; Android 12; Pixel 6) AppleWebKit/537.36 (KHTML, like Gecko) Chrome/114.0.0.0 Mobile Safari/537.36"
34.169.228.167 - - [23/Jul/2026:01:46:19 +0000] "GET / HTTP/1.1" 301 - "-" "Mozilla/5.0 (Linux; Android 12; Pixel 6) AppleWebKit/537.36 (KHTML, like Gecko) Chrome/114.0.0.0 Mobile Safari/537.36"
34.169.228.167 - - [23/Jul/2026:01:46:19 +0000] "GET / HTTP/1.1" 301 - "-" "Mozilla/5.0 (Linux; Android 12; Pixel 6) AppleWebKit/537.36 (KHTML, like Gecko) Chrome/114.0.0.0 Mobile Safari/537.36"
34.169.228.167 - - [23/Jul/2026:01:46:19 +0000] "GET / HTTP/1.1" 301 - "-" "Mozilla/5.0 (Linux; Android 12; Pixel 6) AppleWebKit/537.36 (KHTML, like Gecko) Chrome/114.0.0.0 Mobile Safari/537.36"
34.169.228.167 - - [23/Jul/2026:01:46:19 +0000] "GET / HTTP/1.1" 301 - "-" "Mozilla/5.0 (Linux; Android 12; Pixel 6) AppleWebKit/537.36 (KHTML, like Gecko) Chrome/114.0.0.0 Mobile Safari/537.36"
34.169.228.167 - - [23/Jul/2026:01:46:19 +0000] "GET / HTTP/1.1" 301 - "-" "Mozilla/5.0 (Linux; Android 12; Pixel 6) AppleWebKit/537.36 (KHTML, like Gecko) Chrome/114.0.0.0 Mobile Safari/537.36"
34.169.228.167 - - [23/Jul/2026:01:46:19 +0000] "GET /comments/feed/ HTTP/1.1" 200 1656 "-" "Mozilla/5.0 (Linux; Android 12; Pixel 6) AppleWebKit/537.36 (KHTML, like Gecko) Chrome/114.0.0.0 Mobile Safari/537.36"
34.169.228.167 - - [23/Jul/2026:01:46:19 +0000] "GET /xmlrpc.php?rsd HTTP/1.1" 200 822 "-" "Mozilla/5.0 (Linux; Android 12; Pixel 6) AppleWebKit/537.36 (KHTML, like Gecko) Chrome/114.0.0.0 Mobile Safari/537.36"
34.169.228.167 - - [23/Jul/2026:01:46:19 +0000] "GET / HTTP/1.1" 301 - "-" "Mozilla/5.0 (Linux; Android 12; Pixel 6) AppleWebKit/537.36 (KHTML, like Gecko) Chrome/114.0.0.0 Mobile Safari/537.36"
34.169.228.167 - - [23/Jul/2026:01:46:19 +0000] "GET / HTTP/1.1" 301 - "-" "Mozilla/5.0 (Linux; Android 12; Pixel 6) AppleWebKit/537.36 (KHTML, like Gecko) Chrome/114.0.0.0 Mobile Safari/537.36"
34.169.228.167 - - [23/Jul/2026:01:46:19 +0000] "GET /wp-json/ HTTP/1.1" 200 266638 "-" "Mozilla/5.0 (Linux; Android 12; Pixel 6) AppleWebKit/537.36 (KHTML, like Gecko) Chrome/114.0.0.0 Mobile Safari/537.36"
34.169.228.167 - - [23/Jul/2026:01:46:19 +0000] "GET / HTTP/1.1" 301 - "-" "Mozilla/5.0 (Linux; Android 12; Pixel 6) AppleWebKit/537.36 (KHTML, like Gecko) Chrome/114.0.0.0 Mobile Safari/537.36"
34.169.228.167 - - [23/Jul/2026:01:46:19 +0000] "GET /feed/ HTTP/1.1" 200 1714 "-" "Mozilla/5.0 (Linux; Android 12; Pixel 6) AppleWebKit/537.36 (KHTML, like Gecko) Chrome/114.0.0.0 Mobile Safari/537.36"
34.169.228.167 - - [23/Jul/2026:01:46:19 +0000] "GET / HTTP/1.1" 200 71722 "-" "Mozilla/5.0 (Linux; Android 12; Pixel 6) AppleWebKit/537.36 (KHTML, like Gecko) Chrome/114.0.0.0 Mobile Safari/537.36"
34.169.228.167 - - [23/Jul/2026:01:46:19 +0000] "GET /2026/07/20/hello-world/ HTTP/1.1" 200 73890 "-" "Mozilla/5.0 (Linux; Android 12; Pixel 6) AppleWebKit/537.36 (KHTML, like Gecko) Chrome/114.0.0.0 Mobile Safari/537.36"
34.169.228.167 - - [23/Jul/2026:01:46:19 +0000] "GET /sample-page/ HTTP/1.1" 200 71443 "-" "Mozilla/5.0 (Linux; Android 12; Pixel 6) AppleWebKit/537.36 (KHTML, like Gecko) Chrome/114.0.0.0 Mobile Safari/537.36"
34.169.228.167 - - [23/Jul/2026:01:46:19 +0000] "GET /trade-dealings-2/ HTTP/1.1" 200 68954 "-" "Mozilla/5.0 (Linux; Android 12; Pixel 6) AppleWebKit/537.36 (KHTML, like Gecko) Chrome/114.0.0.0 Mobile Safari/537.36"
34.169.228.167 - - [23/Jul/2026:01:46:19 +0000] "GET /2026/07/20/hello-world/ HTTP/1.1" 200 73890 "-" "Mozilla/5.0 (Linux; Android 12; Pixel 6) AppleWebKit/537.36 (KHTML, like Gecko) Chrome/114.0.0.0 Mobile Safari/537.36"
34.169.228.167 - - [23/Jul/2026:01:46:19 +0000] "GET / HTTP/1.1" 200 71722 "-" "Mozilla/5.0 (Linux; Android 12; Pixel 6) AppleWebKit/537.36 (KHTML, like Gecko) Chrome/114.0.0.0 Mobile Safari/537.36"
34.169.228.167 - - [23/Jul/2026:01:46:19 +0000] "GET /trade-dealings/ HTTP/1.1" 200 117639 "-" "Mozilla/5.0 (Linux; Android 12; Pixel 6) AppleWebKit/537.36 (KHTML, like Gecko) Chrome/114.0.0.0 Mobile Safari/537.36"
216.73.216.228 - - [23/Jul/2026:01:46:24 +0000] "GET /robots.txt HTTP/1.1" 200 119 "-" "Mozilla/5.0 AppleWebKit/537.36 (KHTML, like Gecko; compatible; ClaudeBot/1.0; +claudebot@anthropic.com)"
216.73.216.228 - - [23/Jul/2026:01:46:29 +0000] "GET /wp-sitemap.xml HTTP/1.1" 200 552 "-" "Mozilla/5.0 AppleWebKit/537.36 (KHTML, like Gecko; compatible; ClaudeBot/1.0; +claudebot@anthropic.com)"
198.177.124.148 - - [23/Jul/2026:01:48:05 +0000] "POST /wp-cron.php?doing_wp_cron=1784771285.2357349395751953125000 HTTP/1.1" 200 - "-" "WordPress/7.0.2; https://tradedealings.shop"
98.98.190.22 - - [23/Jul/2026:01:48:03 +0000] "POST /wp-login.php HTTP/1.1" 200 5142 "-" "Mozilla/5.0 (Windows NT 10.0; Win64; x64; rv:125.0) Gecko/20100101 Firefox/125.0"
98.98.190.22 - - [23/Jul/2026:01:48:03 +0000] "POST /wp-login.php HTTP/1.1" 200 5142 "-" "Mozilla/5.0 (X11; Linux x86_64) AppleWebKit/537.36 (KHTML, like Gecko) Chrome/125.0.0.0 Safari/537.36"
198.177.124.148 - - [23/Jul/2026:01:54:44 +0000] "POST /wp-cron.php?doing_wp_cron=1784771684.7527379989624023437500 HTTP/1.1" 200 - "-" "WordPress/7.0.2; https://tradedealings.shop"
98.98.190.22 - - [23/Jul/2026:01:54:42 +0000] "POST /wp-login.php HTTP/1.1" 200 5142 "-" "Mozilla/5.0 (Windows NT 10.0; Win64; x64; rv:124.0) Gecko/20100101 Firefox/124.0"
98.98.190.22 - - [23/Jul/2026:01:54:42 +0000] "POST /wp-login.php HTTP/1.1" 200 5142 "-" "Mozilla/5.0 (Windows NT 10.0; WOW64) AppleWebKit/537.36 (KHTML, like Gecko) Chrome/118.0.0.0 Safari/537.36"
104.28.163.98 - - [23/Jul/2026:01:55:34 +0000] "POST /wp-login.php HTTP/1.1" 200 5142 "-" "Mozilla/5.0 (Macintosh; Intel Mac OS X 10_15_7) AppleWebKit/605.1.15 Version/17.0 Safari/605.1.15"
198.177.124.148 - - [23/Jul/2026:01:55:36 +0000] "POST /wp-cron.php?doing_wp_cron=1784771736.8611359596252441406250 HTTP/1.1" 200 - "-" "WordPress/7.0.2; https://tradedealings.shop"
104.28.163.98 - - [23/Jul/2026:01:55:34 +0000] "POST /wp-login.php HTTP/1.1" 200 5142 "-" "Mozilla/5.0 (Windows NT 10.0; Win64; rv:143.0) Gecko/20100101 Firefox/143.0"
198.177.124.148 - - [23/Jul/2026:02:01:18 +0000] "POST /wp-cron.php?doing_wp_cron=1784772078.3434081077575683593750 HTTP/1.1" 200 - "-" "WordPress/7.0.2; https://tradedealings.shop"
98.98.190.22 - - [23/Jul/2026:02:01:14 +0000] "POST /wp-login.php HTTP/1.1" 200 5142 "-" "Mozilla/5.0 (Windows NT 6.3; Win64; x64; rv:118.0) Gecko/20100101 Firefox/118.0"
98.98.190.22 - - [23/Jul/2026:02:01:14 +0000] "POST /wp-login.php HTTP/1.1" 200 5142 "-" "Mozilla/5.0 (X11; Linux x86_64) AppleWebKit/537.36 (KHTML, like Gecko) Chrome/124.0.0.0 Safari/537.36 Edg/124.0.0.0"
98.98.190.22 - - [23/Jul/2026:02:07:42 +0000] "POST /wp-login.php HTTP/1.1" 200 5142 "-" "Mozilla/5.0 (X11; Linux x86_64) AppleWebKit/537.36 (KHTML, like Gecko) Chrome/123.0.0.0 Safari/537.36 OPR/107.0.0.0"
98.98.190.22 - - [23/Jul/2026:02:07:42 +0000] "POST /wp-login.php HTTP/1.1" 200 5142 "-" "Mozilla/5.0 (Macintosh; Intel Mac OS X 10_15_7) AppleWebKit/605.1.15 (KHTML, like Gecko) Version/17.5 Safari/605.1.15"
198.177.124.148 - - [23/Jul/2026:02:14:15 +0000] "POST /wp-cron.php?doing_wp_cron=1784772855.8249740600585937500000 HTTP/1.1" 200 - "-" "WordPress/7.0.2; https://tradedealings.shop"
98.98.190.22 - - [23/Jul/2026:02:14:13 +0000] "POST /wp-login.php HTTP/1.1" 200 5142 "-" "Mozilla/5.0 (Macintosh; Intel Mac OS X 10_15_7) AppleWebKit/537.36 (KHTML, like Gecko) Chrome/124.0.0.0 Safari/537.36"
98.98.190.22 - - [23/Jul/2026:02:14:13 +0000] "POST /wp-login.php HTTP/1.1" 200 5142 "-" "Mozilla/5.0 (Windows NT 10.0; Win64; x64) AppleWebKit/537.36 (KHTML, like Gecko) Chrome/124.0.0.0 Safari/537.36 OPR/108.0.0.0"
104.28.163.98 - - [23/Jul/2026:02:14:41 +0000] "POST /wp-login.php HTTP/1.1" 200 5142 "-" "Mozilla/5.0 (Windows NT 10.0; Win64; rv:143.0) Gecko/20100101 Firefox/143.0"
104.28.163.98 - - [23/Jul/2026:02:14:41 +0000] "POST /wp-login.php HTTP/1.1" 200 5142 "-" "Mozilla/5.0 (Macintosh; Intel Mac OS X 10_15_7) AppleWebKit/605.1.15 Version/17.0 Safari/605.1.15"
198.177.124.148 - - [23/Jul/2026:02:20:48 +0000] "POST /wp-cron.php?doing_wp_cron=1784773248.3657739162445068359375 HTTP/1.1" 200 - "-" "WordPress/7.0.2; https://tradedealings.shop"
98.98.190.22 - - [23/Jul/2026:02:20:46 +0000] "POST /wp-login.php HTTP/1.1" 200 5142 "-" "Mozilla/5.0 (Windows NT 10.0; Win64; x64) AppleWebKit/537.36 (KHTML, like Gecko) Chrome/125.0.0.0 Safari/537.36"
98.98.190.22 - - [23/Jul/2026:02:20:46 +0000] "POST /wp-login.php HTTP/1.1" 200 5142 "-" "Mozilla/5.0 (Windows NT 10.0; Win64; x64) AppleWebKit/537.36 (KHTML, like Gecko) Chrome/124.0.0.0 Safari/537.36 Edg/124.0.0.0"
198.177.124.148 - - [23/Jul/2026:02:27:20 +0000] "POST /wp-cron.php?doing_wp_cron=1784773640.3376219272613525390625 HTTP/1.1" 200 - "-" "WordPress/7.0.2; https://tradedealings.shop"
98.98.190.22 - - [23/Jul/2026:02:27:17 +0000] "POST /wp-login.php HTTP/1.1" 200 5142 "-" "Mozilla/5.0 (X11; Linux x86_64) AppleWebKit/537.36 (KHTML, like Gecko) Chrome/124.0.0.0 Safari/537.36 Brave/1.65.0"
98.98.190.22 - - [23/Jul/2026:02:27:17 +0000] "POST /wp-login.php HTTP/1.1" 200 5142 "-" "Mozilla/5.0 (Windows NT 10.0; WOW64) AppleWebKit/537.36 (KHTML, like Gecko) Chrome/118.0.0.0 Safari/537.36"
216.73.216.228 - - [23/Jul/2026:02:32:04 +0000] "GET /wp-sitemap.xml HTTP/1.1" 200 552 "-" "Mozilla/5.0 AppleWebKit/537.36 (KHTML, like Gecko; compatible; ClaudeBot/1.0; +claudebot@anthropic.com)"
198.177.124.148 - - [23/Jul/2026:02:33:44 +0000] "POST /wp-cron.php?doing_wp_cron=1784774024.2982470989227294921875 HTTP/1.1" 200 - "-" "WordPress/7.0.2; https://tradedealings.shop"
104.28.163.98 - - [23/Jul/2026:02:33:41 +0000] "POST /wp-login.php HTTP/1.1" 200 5142 "-" "Mozilla/5.0 (Windows NT 10.0; Win64; x64) AppleWebKit/537.36 Chrome/129.0.0.0 Safari/537.36"
104.28.163.98 - - [23/Jul/2026:02:33:41 +0000] "POST /wp-login.php HTTP/1.1" 200 5142 "-" "Mozilla/5.0 (Windows NT 10.0; Win64; x64) AppleWebKit/537.36 Chrome/129.0.0.0 Safari/537.36"
98.98.190.22 - - [23/Jul/2026:02:33:53 +0000] "POST /wp-login.php HTTP/1.1" 200 5142 "-" "Mozilla/5.0 (Windows NT 10.0; Win64; x64) AppleWebKit/537.36 (KHTML, like Gecko) Chrome/124.0.0.0 Safari/537.36 Brave/1.65.0"
98.98.190.22 - - [23/Jul/2026:02:33:53 +0000] "POST /wp-login.php HTTP/1.1" 200 5142 "-" "Mozilla/5.0 (X11; Linux x86_64; rv:125.0) Gecko/20100101 Firefox/125.0"
198.177.124.148 - - [23/Jul/2026:02:40:20 +0000] "POST /wp-cron.php?doing_wp_cron=1784774420.7881820201873779296875 HTTP/1.1" 200 - "-" "WordPress/7.0.2; https://tradedealings.shop"
98.88.137.2 - - [23/Jul/2026:02:40:18 +0000] "GET / HTTP/1.1" 301 - "-" "RecordedFuture Global Inventory Crawler"
98.98.190.22 - - [23/Jul/2026:02:40:26 +0000] "POST /wp-login.php HTTP/1.1" 200 5142 "-" "Mozilla/5.0 (Windows NT 10.0; Win64; x64) AppleWebKit/537.36 (KHTML, like Gecko) Chrome/125.0.0.0 Safari/537.36"
98.98.190.22 - - [23/Jul/2026:02:40:26 +0000] "POST /wp-login.php HTTP/1.1" 200 5142 "-" "Mozilla/5.0 (Windows NT 6.3; Win64; x64; rv:118.0) Gecko/20100101 Firefox/118.0"
98.88.137.2 - - [23/Jul/2026:02:40:44 +0000] "GET / HTTP/1.1" 200 71722 "https://www.tradedealings.shop:443" "RecordedFuture Global Inventory Crawler"
198.177.124.148 - - [23/Jul/2026:02:46:59 +0000] "POST /wp-cron.php?doing_wp_cron=1784774819.4122879505157470703125 HTTP/1.1" 200 - "-" "WordPress/7.0.2; https://tradedealings.shop"
98.98.190.22 - - [23/Jul/2026:02:46:56 +0000] "POST /wp-login.php HTTP/1.1" 200 5142 "-" "Mozilla/5.0 (Macintosh; Intel Mac OS X 10_15_7) AppleWebKit/537.36 (KHTML, like Gecko) Chrome/124.0.0.0 Safari/537.36"
98.98.190.22 - - [23/Jul/2026:02:46:56 +0000] "POST /wp-login.php HTTP/1.1" 200 5142 "-" "Mozilla/5.0 (Windows NT 10.0; Win64; x64; rv:124.0) Gecko/20100101 Firefox/124.0"
198.177.124.148 - - [23/Jul/2026:02:52:48 +0000] "POST /wp-cron.php?doing_wp_cron=1784775168.6066319942474365234375 HTTP/1.1" 200 - "-" "WordPress/7.0.2; https://tradedealings.shop"
104.28.163.98 - - [23/Jul/2026:02:52:45 +0000] "POST /wp-login.php HTTP/1.1" 200 5142 "-" "Mozilla/5.0 (Macintosh; Intel Mac OS X 10_15_7) AppleWebKit/605.1.15 Version/17.0 Safari/605.1.15"
104.28.163.98 - - [23/Jul/2026:02:52:45 +0000] "POST /wp-login.php HTTP/1.1" 200 5142 "-" "Mozilla/5.0 (Windows NT 10.0; Win64; x64) AppleWebKit/537.36 Chrome/129.0.0.0 Safari/537.36"
198.177.124.148 - - [23/Jul/2026:02:53:32 +0000] "POST /wp-cron.php?doing_wp_cron=1784775212.1452250480651855468750 HTTP/1.1" 200 - "-" "WordPress/7.0.2; https://tradedealings.shop"
98.98.190.22 - - [23/Jul/2026:02:53:29 +0000] "POST /wp-login.php HTTP/1.1" 200 5142 "-" "Mozilla/5.0 (Windows NT 10.0; Win64; x64; rv:125.0) Gecko/20100101 Firefox/125.0"
98.98.190.22 - - [23/Jul/2026:02:53:29 +0000] "POST /wp-login.php HTTP/1.1" 200 5142 "-" "Mozilla/5.0 (Macintosh; Intel Mac OS X 14_3) AppleWebKit/537.36 (KHTML, like Gecko) Chrome/125.0.0.0 Safari/537.36"
198.177.124.148 - - [23/Jul/2026:02:57:04 +0000] "POST /wp-cron.php?doing_wp_cron=1784775424.4084899425506591796875 HTTP/1.1" 200 - "-" "WordPress/7.0.2; https://tradedealings.shop"
104.237.151.163 - - [23/Jul/2026:02:57:03 +0000] "GET /robots.txt HTTP/1.1" 200 119 "-" "Mozilla/5.0 (compatible; SaaSBrowserBot/1.0; +https://saasbrowser.com/bot)"
104.237.151.163 - - [23/Jul/2026:02:57:04 +0000] "GET / HTTP/1.1" 200 71722 "-" "Mozilla/5.0 (compatible; SaaSBrowserBot/1.0; +https://saasbrowser.com/bot)"
104.237.151.163 - - [23/Jul/2026:02:57:06 +0000] "HEAD /favicon.ico HTTP/1.1" 200 - "-" "Mozilla/5.0 (compatible; SaaSBrowserBot/1.0; +https://saasbrowser.com/bot)"
198.177.124.148 - - [23/Jul/2026:03:00:12 +0000] "POST /wp-cron.php?doing_wp_cron=1784775611.9826560020446777343750 HTTP/1.1" 200 - "-" "WordPress/7.0.2; https://tradedealings.shop"
98.98.190.22 - - [23/Jul/2026:03:00:07 +0000] "POST /wp-login.php HTTP/1.1" 200 5142 "-" "Mozilla/5.0 (Windows NT 11.0; Win64; x64) AppleWebKit/537.36 (KHTML, like Gecko) Chrome/125.0.0.0 Safari/537.36 Edg/125.0.0.0"
98.98.190.22 - - [23/Jul/2026:03:00:07 +0000] "POST /wp-login.php HTTP/1.1" 200 5142 "-" "Mozilla/5.0 (Windows NT 10.0; Win64; x64; rv:125.0) Gecko/20100101 Firefox/125.0"
98.98.190.22 - - [23/Jul/2026:03:06:55 +0000] "POST /wp-login.php HTTP/1.1" 200 5142 "-" "Mozilla/5.0 (Windows NT 10.0; Win64; x64; rv:125.0) Gecko/20100101 Firefox/125.0"
98.98.190.22 - - [23/Jul/2026:03:06:54 +0000] "POST /wp-login.php HTTP/1.1" 200 5142 "-" "Mozilla/5.0 (Windows NT 11.0; Win64; x64) AppleWebKit/537.36 (KHTML, like Gecko) Chrome/123.0.0.0 Safari/537.36"
198.177.124.148 - - [23/Jul/2026:03:29:41 +0000] "POST /wp-cron.php?doing_wp_cron=1784777381.3009719848632812500000 HTTP/1.1" 200 - "-" "WordPress/7.0.2; https://tradedealings.shop"
104.28.157.145 - - [23/Jul/2026:03:29:40 +0000] "GET /wp-login.php HTTP/1.1" 200 4729 "-" "Mozilla/5.0 (Windows NT 10.0; Win64; rv:143.0) Gecko/20100101 Firefox/143.0"
104.28.157.145 - - [23/Jul/2026:03:29:42 +0000] "GET /?author=1 HTTP/1.1" 301 - "-" "Mozilla/5.0 (Windows NT 10.0; Win64; rv:143.0) Gecko/20100101 Firefox/143.0"
104.28.157.145 - - [23/Jul/2026:03:29:43 +0000] "GET /?rest_route=/wp/v2/users HTTP/1.1" 200 776 "-" "Mozilla/5.0 (Macintosh; Intel Mac OS X 10_15_7) AppleWebKit/605.1.15 Version/17.0 Safari/605.1.15"
104.28.157.145 - - [23/Jul/2026:03:29:45 +0000] "GET /?author=2 HTTP/1.1" 404 60473 "-" "Mozilla/5.0 (Macintosh; Intel Mac OS X 10_15_7) AppleWebKit/605.1.15 Version/17.0 Safari/605.1.15"
104.28.157.145 - - [23/Jul/2026:03:29:47 +0000] "GET /?rest_route=/wp/v2/users HTTP/1.1" 200 776 "-" "Mozilla/5.0 (Windows NT 10.0; Win64; rv:143.0) Gecko/20100101 Firefox/143.0"
198.177.124.148 - - [23/Jul/2026:03:35:21 +0000] "POST /wp-cron.php?doing_wp_cron=1784777720.9378600120544433593750 HTTP/1.1" 200 - "-" "WordPress/7.0.2; https://tradedealings.shop"
216.73.216.228 - - [23/Jul/2026:03:35:18 +0000] "GET /robots.txt HTTP/1.1" 200 119 "-" "Mozilla/5.0 AppleWebKit/537.36 (KHTML, like Gecko; compatible; ClaudeBot/1.0; +claudebot@anthropic.com)"
216.73.216.228 - - [23/Jul/2026:03:35:21 +0000] "GET /wp-sitemap.xml HTTP/1.1" 200 552 "-" "Mozilla/5.0 AppleWebKit/537.36 (KHTML, like Gecko; compatible; ClaudeBot/1.0; +claudebot@anthropic.com)"
198.177.124.148 - - [23/Jul/2026:03:43:27 +0000] "POST /wp-cron.php?doing_wp_cron=1784778207.1020410060882568359375 HTTP/1.1" 200 - "-" "WordPress/7.0.2; https://tradedealings.shop"
74.7.242.16 - - [23/Jul/2026:03:43:25 +0000] "GET / HTTP/1.1" 200 71722 "-" "Mozilla/5.0 AppleWebKit/537.36 (KHTML, like Gecko; compatible; GPTBot/1.4; +https://openai.com/gptbot)"
74.7.242.16 - - [23/Jul/2026:03:43:28 +0000] "GET /trade-dealings/ HTTP/1.1" 200 117639 "https://tradedealings.shop/" "Mozilla/5.0 AppleWebKit/537.36 (KHTML, like Gecko; compatible; GPTBot/1.4; +https://openai.com/gptbot)"
74.7.242.16 - - [23/Jul/2026:03:43:31 +0000] "GET /trade-dealings-2/ HTTP/1.1" 200 68954 "https://tradedealings.shop/" "Mozilla/5.0 AppleWebKit/537.36 (KHTML, like Gecko; compatible; GPTBot/1.4; +https://openai.com/gptbot)"
74.7.242.16 - - [23/Jul/2026:03:43:33 +0000] "GET /wp-content/themes/twentytwentyfive/assets/images/star-thristle-flower.webp HTTP/1.1" 200 21338 "https://tradedealings.shop/trade-dealings/" "Mozilla/5.0 AppleWebKit/537.36 (KHTML, like Gecko; compatible; GPTBot/1.4; +https://openai.com/gptbot)"
74.7.242.16 - - [23/Jul/2026:03:43:36 +0000] "GET /wp-content/themes/twentytwentyfive/assets/images/typewriter.webp HTTP/1.1" 200 97944 "https://tradedealings.shop/trade-dealings/" "Mozilla/5.0 AppleWebKit/537.36 (KHTML, like Gecko; compatible; GPTBot/1.4; +https://openai.com/gptbot)"
74.7.242.16 - - [23/Jul/2026:03:43:38 +0000] "GET /wp-json/oembed/1.0/embed?format=xml&url=https%3A%2F%2Ftradedealings.shop%2Ftrade-dealings%2F HTTP/1.1" 200 2319 "https://tradedealings.shop/trade-dealings/" "Mozilla/5.0 AppleWebKit/537.36 (KHTML, like Gecko; compatible; GPTBot/1.4; +https://openai.com/gptbot)"
74.7.242.16 - - [23/Jul/2026:03:43:40 +0000] "GET /wp-includes/js/jquery/jquery.min.js?ver=3.7.1 HTTP/1.1" 200 87553 "https://tradedealings.shop/trade-dealings/" "Mozilla/5.0 AppleWebKit/537.36 (KHTML, like Gecko; compatible; GPTBot/1.4; +https://openai.com/gptbot)"
74.7.242.16 - - [23/Jul/2026:03:43:41 +0000] "GET /wp-content/uploads/elementor/css/post-6.css?ver=1784739373 HTTP/1.1" 200 1168 "https://tradedealings.shop/trade-dealings/" "Mozilla/5.0 AppleWebKit/537.36 (KHTML, like Gecko; compatible; GPTBot/1.4; +https://openai.com/gptbot)"
74.7.242.16 - - [23/Jul/2026:03:43:43 +0000] "GET /wp-content/plugins/elementor/assets/js/webpack.runtime.min.js?ver=4.2.0 HTTP/1.1" 200 5819 "https://tradedealings.shop/trade-dealings/" "Mozilla/5.0 AppleWebKit/537.36 (KHTML, like Gecko; compatible; GPTBot/1.4; +https://openai.com/gptbot)"
74.7.242.16 - - [23/Jul/2026:03:43:44 +0000] "GET /wp-includes/js/jquery/jquery-migrate.min.js?ver=3.4.1 HTTP/1.1" 200 13577 "https://tradedealings.shop/trade-dealings/" "Mozilla/5.0 AppleWebKit/537.36 (KHTML, like Gecko; compatible; GPTBot/1.4; +https://openai.com/gptbot)"
74.7.242.16 - - [23/Jul/2026:03:43:46 +0000] "GET /wp-json/wp/v2/pages/9 HTTP/1.1" 200 46470 "https://tradedealings.shop/trade-dealings/" "Mozilla/5.0 AppleWebKit/537.36 (KHTML, like Gecko; compatible; GPTBot/1.4; +https://openai.com/gptbot)"
74.7.242.16 - - [23/Jul/2026:03:43:47 +0000] "GET /wp-content/uploads/elementor/css/base-desktop.css?ver=6a60f62dd1073 HTTP/1.1" 200 1975 "https://tradedealings.shop/trade-dealings/" "Mozilla/5.0 AppleWebKit/537.36 (KHTML, like Gecko; compatible; GPTBot/1.4; +https://openai.com/gptbot)"
74.7.242.16 - - [23/Jul/2026:03:43:48 +0000] "GET /?p=9 HTTP/1.1" 301 - "https://tradedealings.shop/trade-dealings/" "Mozilla/5.0 AppleWebKit/537.36 (KHTML, like Gecko; compatible; GPTBot/1.4; +https://openai.com/gptbot)"
74.7.242.16 - - [23/Jul/2026:03:43:49 +0000] "GET /?p=23 HTTP/1.1" 301 - "https://tradedealings.shop/trade-dealings-2/" "Mozilla/5.0 AppleWebKit/537.36 (KHTML, like Gecko; compatible; GPTBot/1.4; +https://openai.com/gptbot)"
74.7.242.16 - - [23/Jul/2026:03:43:50 +0000] "GET /wp-content/themes/twentytwentyfive/assets/images/red-hibiscus-closeup.webp HTTP/1.1" 200 56851 "https://tradedealings.shop/trade-dealings/" "Mozilla/5.0 AppleWebKit/537.36 (KHTML, like Gecko; compatible; GPTBot/1.4; +https://openai.com/gptbot)"
74.7.242.16 - - [23/Jul/2026:03:43:51 +0000] "GET /wp-content/themes/twentytwentyfive/assets/images/delphinium-flowers.webp HTTP/1.1" 200 42214 "https://tradedealings.shop/trade-dealings/" "Mozilla/5.0 AppleWebKit/537.36 (KHTML, like Gecko; compatible; GPTBot/1.4; +https://openai.com/gptbot)"
74.7.242.16 - - [23/Jul/2026:03:43:52 +0000] "GET /wp-content/themes/twentytwentyfive/assets/images/campanula-alliariifolia-flower.webp HTTP/1.1" 200 42036 "https://tradedealings.shop/trade-dealings/" "Mozilla/5.0 AppleWebKit/537.36 (KHTML, like Gecko; compatible; GPTBot/1.4; +https://openai.com/gptbot)"
74.7.242.16 - - [23/Jul/2026:03:43:52 +0000] "GET /wp-content/themes/twentytwentyfive/assets/images/grid-flower-2.webp HTTP/1.1" 200 82646 "https://tradedealings.shop/trade-dealings/" "Mozilla/5.0 AppleWebKit/537.36 (KHTML, like Gecko; compatible; GPTBot/1.4; +https://openai.com/gptbot)"
74.7.242.16 - - [23/Jul/2026:03:43:53 +0000] "GET /author/trade/ HTTP/1.1" 200 70856 "https://tradedealings.shop/wp-json/oembed/1.0/embed?format=xml&url=https%3A%2F%2Ftradedealings.shop%2Ftrade-dealings%2F" "Mozilla/5.0 AppleWebKit/537.36 (KHTML, like Gecko; compatible; GPTBot/1.4; +https://openai.com/gptbot)"
74.7.242.16 - - [23/Jul/2026:03:43:55 +0000] "GET /wp-json/wp/v2/pages/23 HTTP/1.1" 200 1535 "https://tradedealings.shop/trade-dealings-2/" "Mozilla/5.0 AppleWebKit/537.36 (KHTML, like Gecko; compatible; GPTBot/1.4; +https://openai.com/gptbot)"
74.7.242.16 - - [23/Jul/2026:03:43:56 +0000] "GET /wp-json/oembed/1.0/embed?url=https%3A%2F%2Ftradedealings.shop%2Ftrade-dealings-2%2F HTTP/1.1" 200 2171 "https://tradedealings.shop/trade-dealings-2/" "Mozilla/5.0 AppleWebKit/537.36 (KHTML, like Gecko; compatible; GPTBot/1.4; +https://openai.com/gptbot)"
74.7.242.16 - - [23/Jul/2026:03:43:57 +0000] "GET /wp-json/oembed/1.0/embed?url=https%3A%2F%2Ftradedealings.shop%2Ftrade-dealings%2F HTTP/1.1" 200 2167 "https://tradedealings.shop/trade-dealings/" "Mozilla/5.0 AppleWebKit/537.36 (KHTML, like Gecko; compatible; GPTBot/1.4; +https://openai.com/gptbot)"
74.7.242.16 - - [23/Jul/2026:03:43:59 +0000] "GET /wp-includes/js/jquery/ui/core.min.js?ver=1.13.3 HTTP/1.1" 200 21464 "https://tradedealings.shop/trade-dealings/" "Mozilla/5.0 AppleWebKit/537.36 (KHTML, like Gecko; compatible; GPTBot/1.4; +https://openai.com/gptbot)"
74.7.242.16 - - [23/Jul/2026:03:43:59 +0000] "GET /wp-content/plugins/elementor/assets/js/frontend.min.js?ver=4.2.0 HTTP/1.1" 200 32098 "https://tradedealings.shop/trade-dealings/" "Mozilla/5.0 AppleWebKit/537.36 (KHTML, like Gecko; compatible; GPTBot/1.4; +https://openai.com/gptbot)"
74.7.242.16 - - [23/Jul/2026:03:44:00 +0000] "GET /wp-content/plugins/elementor/assets/js/frontend-modules.min.js?ver=4.2.0 HTTP/1.1" 200 50602 "https://tradedealings.shop/trade-dealings/" "Mozilla/5.0 AppleWebKit/537.36 (KHTML, like Gecko; compatible; GPTBot/1.4; +https://openai.com/gptbot)"
74.7.242.16 - - [23/Jul/2026:03:44:00 +0000] "GET /wp-json/oembed/1.0/embed?format=xml&url=https%3A%2F%2Ftradedealings.shop%2Ftrade-dealings-2%2F HTTP/1.1" 200 2323 "https://tradedealings.shop/trade-dealings-2/" "Mozilla/5.0 AppleWebKit/537.36 (KHTML, like Gecko; compatible; GPTBot/1.4; +https://openai.com/gptbot)"
74.7.242.16 - - [23/Jul/2026:03:44:03 +0000] "GET /wp-content/plugins/elementor/assets/css/frontend.min.css?ver=4.2.0 HTTP/1.1" 200 54666 "https://tradedealings.shop/trade-dealings/" "Mozilla/5.0 AppleWebKit/537.36 (KHTML, like Gecko; compatible; GPTBot/1.4; +https://openai.com/gptbot)"
74.7.242.16 - - [23/Jul/2026:03:44:04 +0000] "GET /wp-content/uploads/elementor/css/base-mobile.css?ver=6a60f62dd1073 HTTP/1.1" 200 87 "https://tradedealings.shop/trade-dealings/" "Mozilla/5.0 AppleWebKit/537.36 (KHTML, like Gecko; compatible; GPTBot/1.4; +https://openai.com/gptbot)"
74.7.242.16 - - [23/Jul/2026:03:44:04 +0000] "GET /wp-content/uploads/elementor/css/post-9.css?ver=1784771188 HTTP/1.1" 200 873 "https://tradedealings.shop/trade-dealings/" "Mozilla/5.0 AppleWebKit/537.36 (KHTML, like Gecko; compatible; GPTBot/1.4; +https://openai.com/gptbot)"
74.7.242.16 - - [23/Jul/2026:03:44:05 +0000] "GET /author/trade/feed/ HTTP/1.1" 200 1741 "https://tradedealings.shop/author/trade/" "Mozilla/5.0 AppleWebKit/537.36 (KHTML, like Gecko; compatible; GPTBot/1.4; +https://openai.com/gptbot)"
198.177.124.148 - - [23/Jul/2026:03:45:18 +0000] "POST /wp-cron.php?doing_wp_cron=1784778318.5850028991699218750000 HTTP/1.1" 200 - "-" "WordPress/7.0.2; https://tradedealings.shop"
104.28.160.162 - - [23/Jul/2026:03:45:16 +0000] "GET /wp-login.php HTTP/1.1" 200 4729 "-" "Mozilla/5.0 (Macintosh; Intel Mac OS X 14_2) AppleWebKit/537.36 (KHTML, like Gecko) Chrome/124.0.0.0 Safari/537.36 OPR/108.0.0.0"
104.28.160.162 - - [23/Jul/2026:03:45:18 +0000] "GET /?author=1 HTTP/1.1" 301 - "-" "Mozilla/5.0 (X11; Linux x86_64) AppleWebKit/537.36 (KHTML, like Gecko) Chrome/123.0.0.0 Safari/537.36"
104.28.160.162 - - [23/Jul/2026:03:45:21 +0000] "GET /?rest_route=/wp/v2/users HTTP/1.1" 200 776 "-" "Mozilla/5.0 (X11; Linux x86_64) AppleWebKit/537.36 (KHTML, like Gecko) Chrome/125.0.0.0 Safari/537.36"
104.28.160.162 - - [23/Jul/2026:03:45:23 +0000] "GET /?author=2 HTTP/1.1" 404 60473 "-" "Mozilla/5.0 (Windows NT 10.0; Win64; x64) AppleWebKit/537.36 (KHTML, like Gecko) Chrome/125.0.0.0 Safari/537.36"
104.28.160.162 - - [23/Jul/2026:03:45:26 +0000] "GET /?rest_route=/wp/v2/users HTTP/1.1" 200 776 "-" "Mozilla/5.0 (Macintosh; Intel Mac OS X 10_15_7) AppleWebKit/537.36 (KHTML, like Gecko) Chrome/124.0.0.0 Safari/537.36"
198.177.124.148 - - [23/Jul/2026:04:00:55 +0000] "POST /wp-cron.php?doing_wp_cron=1784779255.9309010505676269531250 HTTP/1.1" 200 - "-" "WordPress/7.0.2; https://tradedealings.shop"
104.28.160.162 - - [23/Jul/2026:04:00:53 +0000] "POST /wp-login.php HTTP/1.1" 200 5142 "-" "Mozilla/5.0 (Macintosh; Intel Mac OS X 14_3) AppleWebKit/605.1.15 (KHTML, like Gecko) Version/17.3 Safari/605.1.15"
104.28.160.162 - - [23/Jul/2026:04:01:05 +0000] "POST /wp-login.php HTTP/1.1" 200 5142 "-" "Mozilla/5.0 (X11; Linux x86_64) AppleWebKit/537.36 (KHTML, like Gecko) Chrome/124.0.0.0 Safari/537.36"
198.177.124.148 - - [23/Jul/2026:04:02:42 +0000] "POST /wp-cron.php?doing_wp_cron=1784779362.0853359699249267578125 HTTP/1.1" 200 - "-" "WordPress/7.0.2; https://tradedealings.shop"
81.196.20.141 - - [23/Jul/2026:04:02:40 +0000] "GET / HTTP/1.1" 200 71722 "-" "Mozilla/5.0 (Windows NT 10.0; Win64; x64) AppleWebKit/537.36 (KHTML, like Gecko) Chrome/124.0.0.0 Safari/537.36"
198.177.124.148 - - [23/Jul/2026:04:04:23 +0000] "POST /wp-cron.php?doing_wp_cron=1784779463.6648509502410888671875 HTTP/1.1" 200 - "-" "WordPress/7.0.2; https://tradedealings.shop"
98.98.190.22 - - [23/Jul/2026:04:04:21 +0000] "GET /wp-login.php HTTP/1.1" 200 4729 "-" "Mozilla/5.0 (Windows NT 10.0; Win64; x64) AppleWebKit/537.36 Chrome/129.0.0.0 Safari/537.36"
98.98.190.22 - - [23/Jul/2026:04:04:26 +0000] "GET /?author=1 HTTP/1.1" 301 - "-" "Mozilla/5.0 (Windows NT 10.0; Win64; x64) AppleWebKit/537.36 Chrome/129.0.0.0 Safari/537.36"
98.98.190.22 - - [23/Jul/2026:04:04:28 +0000] "GET /?rest_route=/wp/v2/users HTTP/1.1" 200 776 "-" "Mozilla/5.0 (Macintosh; Intel Mac OS X 10_15_7) AppleWebKit/605.1.15 Version/17.0 Safari/605.1.15"
98.98.190.22 - - [23/Jul/2026:04:04:32 +0000] "GET /?author=2 HTTP/1.1" 404 60473 "-" "Mozilla/5.0 (Macintosh; Intel Mac OS X 10_15_7) AppleWebKit/605.1.15 Version/17.0 Safari/605.1.15"
98.98.190.22 - - [23/Jul/2026:04:04:37 +0000] "GET /?rest_route=/wp/v2/users HTTP/1.1" 200 776 "-" "Mozilla/5.0 (Windows NT 10.0; Win64; rv:143.0) Gecko/20100101 Firefox/143.0"
198.177.124.148 - - [23/Jul/2026:04:05:51 +0000] "POST /wp-cron.php?doing_wp_cron=1784779551.5017709732055664062500 HTTP/1.1" 200 - "-" "WordPress/7.0.2; https://tradedealings.shop"
192.46.187.126 - - [23/Jul/2026:04:05:49 +0000] "GET / HTTP/1.1" 200 71722 "-" "Mozilla/5.0 (Windows NT 10.0; Win64; x64) AppleWebKit/537.36 (KHTML, like Gecko) Chrome/132.0.0.0 Safari/537.36"
198.177.124.148 - - [23/Jul/2026:04:09:46 +0000] "POST /wp-cron.php?doing_wp_cron=1784779786.7736709117889404296875 HTTP/1.1" 200 - "-" "WordPress/7.0.2; https://tradedealings.shop"
103.252.127.203 - - [23/Jul/2026:04:09:43 +0000] "POST /wp-login.php HTTP/1.1" 200 5142 "-" "Mozilla/5.0 (Macintosh; Intel Mac OS X 14_3) AppleWebKit/605.1.15 (KHTML, like Gecko) Version/17.3 Safari/605.1.15"
103.252.127.203 - - [23/Jul/2026:04:09:43 +0000] "POST /wp-login.php HTTP/1.1" 200 5142 "-" "Mozilla/5.0 (X11; Linux x86_64; rv:125.0) Gecko/20100101 Firefox/125.0"
198.177.124.148 - - [23/Jul/2026:04:11:52 +0000] "POST /wp-cron.php?doing_wp_cron=1784779912.2742180824279785156250 HTTP/1.1" 200 - "-" "WordPress/7.0.2; https://tradedealings.shop"
205.169.39.7 - - [23/Jul/2026:04:11:49 +0000] "GET / HTTP/1.1" 200 71722 "-" "Mozilla/5.0 (Windows NT 10.0; Win64; x64) AppleWebKit/537.36 (KHTML, like Gecko) Chrome/117.0.5938.132 Safari/537.36"
158.58.172.21 - - [23/Jul/2026:04:12:19 +0000] "GET / HTTP/1.1" 200 71722 "-" "Mozilla/5.0 (Macintosh; Intel Mac OS X 10_15_7) AppleWebKit/537.36 (KHTML, like Gecko) Chrome/120.0.0.0 Safari/537.36"
158.58.172.21 - - [23/Jul/2026:04:12:23 +0000] "GET /?rest_route=/wp/v2/users HTTP/1.1" 200 776 "-" "Mozilla/5.0 (Windows NT 10.0; Win64; x64; rv:121.0) Gecko/20100101 Firefox/121.0"
158.58.172.21 - - [23/Jul/2026:04:12:25 +0000] "POST /xmlrpc.php HTTP/1.1" 200 403 "-" "Mozilla/5.0 (Windows NT 10.0; Win64; x64; rv:121.0) Gecko/20100101 Firefox/121.0"
158.58.172.21 - - [23/Jul/2026:04:12:28 +0000] "POST /xmlrpc.php HTTP/1.1" 200 403 "-" "Mozilla/5.0 (Linux; Android 11; Nokia G50) AppleWebKit/537.36 (KHTML, like Gecko) Chrome/123.0.6312.61 Mobile Safari/537.36"
158.58.172.21 - - [23/Jul/2026:04:12:32 +0000] "POST /xmlrpc.php HTTP/1.1" 200 403 "-" "Mozilla/5.0 (Windows NT 10.0; Win64; x64; rv:121.0) Gecko/20100101 Firefox/121.0"
158.58.172.21 - - [23/Jul/2026:04:12:35 +0000] "POST /xmlrpc.php HTTP/1.1" 200 403 "-" "Mozilla/5.0 (Windows NT 10.0; Win64; x64; rv:121.0) Gecko/20100101 Firefox/121.0"
158.58.172.21 - - [23/Jul/2026:04:12:39 +0000] "POST /xmlrpc.php HTTP/1.1" 200 403 "-" "Mozilla/5.0 (Macintosh; Intel Mac OS X 14_6_1) AppleWebKit/537.36 (KHTML, like Gecko) Chrome/128.0.0.0 Safari/537.36 OPR/114.0.0.0"
158.58.172.21 - - [23/Jul/2026:04:12:43 +0000] "POST /xmlrpc.php HTTP/1.1" 200 403 "-" "Mozilla/5.0 (X11; Linux x86_64) AppleWebKit/537.36 (KHTML, like Gecko) Chrome/120.0.0.0 Safari/537.36"
158.58.172.21 - - [23/Jul/2026:04:12:48 +0000] "POST /xmlrpc.php HTTP/1.1" 200 403 "-" "Mozilla/5.0 (Linux; Android 11; Nokia G50) AppleWebKit/537.36 (KHTML, like Gecko) Chrome/123.0.6312.61 Mobile Safari/537.36"
198.177.124.148 - - [23/Jul/2026:04:12:56 +0000] "POST /wp-cron.php?doing_wp_cron=1784779976.3667709827423095703125 HTTP/1.1" 200 - "-" "WordPress/7.0.2; https://tradedealings.shop"
158.58.172.21 - - [23/Jul/2026:04:12:53 +0000] "POST /xmlrpc.php HTTP/1.1" 200 403 "-" "Mozilla/5.0 (Windows NT 10.0; Win64; x64) AppleWebKit/537.36 (KHTML, like Gecko) Chrome/120.0.0.0 Safari/537.36"
158.58.172.21 - - [23/Jul/2026:04:12:57 +0000] "POST /xmlrpc.php HTTP/1.1" 200 403 "-" "Mozilla/5.0 (Linux; Android 11; Nokia G50) AppleWebKit/537.36 (KHTML, like Gecko) Chrome/123.0.6312.61 Mobile Safari/537.36"
158.58.172.21 - - [23/Jul/2026:04:13:01 +0000] "POST /xmlrpc.php HTTP/1.1" 200 403 "-" "Mozilla/5.0 (Windows NT 10.0; Win64; x64; rv:121.0) Gecko/20100101 Firefox/121.0"
158.58.172.21 - - [23/Jul/2026:04:13:04 +0000] "POST /xmlrpc.php HTTP/1.1" 200 403 "-" "Mozilla/5.0 (Macintosh; Intel Mac OS X 10_15_7) AppleWebKit/537.36 (KHTML, like Gecko) Chrome/120.0.0.0 Safari/537.36"
158.58.172.21 - - [23/Jul/2026:04:13:07 +0000] "POST /xmlrpc.php HTTP/1.1" 200 403 "-" "Mozilla/5.0 (Linux; Android 11; Nokia G50) AppleWebKit/537.36 (KHTML, like Gecko) Chrome/123.0.6312.61 Mobile Safari/537.36"
158.58.172.21 - - [23/Jul/2026:04:13:10 +0000] "POST /xmlrpc.php HTTP/1.1" 200 403 "-" "Mozilla/5.0 (X11; Linux x86_64) AppleWebKit/537.36 (KHTML, like Gecko) Chrome/120.0.0.0 Safari/537.36"
198.177.124.148 - - [23/Jul/2026:04:13:15 +0000] "POST /wp-cron.php?doing_wp_cron=1784779995.4866800308227539062500 HTTP/1.1" 200 - "-" "WordPress/7.0.2; https://tradedealings.shop"
158.58.172.21 - - [23/Jul/2026:04:13:13 +0000] "POST /xmlrpc.php HTTP/1.1" 200 403 "-" "Mozilla/5.0 (X11; Linux x86_64) AppleWebKit/537.36 (KHTML, like Gecko) Chrome/120.0.0.0 Safari/537.36"
