104.28.163.231 - - [22/Jul/2026:17:03:32 +0000] "POST /wp-login.php HTTP/1.1" 200 5142 "-" "Mozilla/5.0 (Macintosh; Intel Mac OS X 10_15_7) AppleWebKit/605.1.15 Version/17.0 Safari/605.1.15"
104.28.163.231 - - [22/Jul/2026:17:03:43 +0000] "POST /wp-login.php HTTP/1.1" 200 5142 "-" "Mozilla/5.0 (Macintosh; Intel Mac OS X 10_15_7) AppleWebKit/605.1.15 Version/17.0 Safari/605.1.15"
104.28.157.145 - - [22/Jul/2026:17:03:43 +0000] "POST /wp-login.php HTTP/1.1" 200 5142 "-" "Mozilla/5.0 (Macintosh; Intel Mac OS X 10_15_7) AppleWebKit/605.1.15 Version/17.0 Safari/605.1.15"
104.28.163.231 - - [22/Jul/2026:17:03:43 +0000] "POST /wp-login.php HTTP/1.1" 200 5142 "-" "Mozilla/5.0 (Windows NT 10.0; Win64; rv:143.0) Gecko/20100101 Firefox/143.0"
104.28.157.145 - - [22/Jul/2026:17:03:43 +0000] "POST /wp-login.php HTTP/1.1" 200 5142 "-" "Mozilla/5.0 (Windows NT 10.0; Win64; x64) AppleWebKit/537.36 Chrome/129.0.0.0 Safari/537.36"
104.28.163.231 - - [22/Jul/2026:17:03:55 +0000] "POST /wp-login.php HTTP/1.1" 200 5142 "-" "Mozilla/5.0 (Macintosh; Intel Mac OS X 10_15_7) AppleWebKit/605.1.15 Version/17.0 Safari/605.1.15"
104.28.163.231 - - [22/Jul/2026:17:03:55 +0000] "POST /wp-login.php HTTP/1.1" 200 5142 "-" "Mozilla/5.0 (Macintosh; Intel Mac OS X 10_15_7) AppleWebKit/605.1.15 Version/17.0 Safari/605.1.15"
104.28.163.231 - - [22/Jul/2026:17:04:02 +0000] "POST /wp-login.php HTTP/1.1" 200 5142 "-" "Mozilla/5.0 (Windows NT 10.0; Win64; rv:143.0) Gecko/20100101 Firefox/143.0"
104.28.163.231 - - [22/Jul/2026:17:04:02 +0000] "POST /wp-login.php HTTP/1.1" 200 5142 "-" "Mozilla/5.0 (Macintosh; Intel Mac OS X 10_15_7) AppleWebKit/605.1.15 Version/17.0 Safari/605.1.15"
104.28.157.139 - - [22/Jul/2026:17:04:03 +0000] "POST /wp-login.php HTTP/1.1" 200 5142 "-" "Mozilla/5.0 (Windows NT 10.0; Win64; x64) AppleWebKit/537.36 Chrome/129.0.0.0 Safari/537.36"
104.28.163.231 - - [22/Jul/2026:17:04:08 +0000] "POST /wp-login.php HTTP/1.1" 200 5142 "-" "Mozilla/5.0 (Windows NT 10.0; Win64; x64) AppleWebKit/537.36 Chrome/129.0.0.0 Safari/537.36"
104.28.163.231 - - [22/Jul/2026:17:04:08 +0000] "POST /wp-login.php HTTP/1.1" 200 5142 "-" "Mozilla/5.0 (Macintosh; Intel Mac OS X 10_15_7) AppleWebKit/605.1.15 Version/17.0 Safari/605.1.15"
198.177.124.148 - - [22/Jul/2026:17:04:17 +0000] "POST /wp-cron.php?doing_wp_cron=1784739857.0781860351562500000000 HTTP/1.1" 200 - "-" "WordPress/7.0.2; https://tradedealings.shop"
104.28.163.231 - - [22/Jul/2026:17:04:14 +0000] "POST /wp-login.php HTTP/1.1" 200 5142 "-" "Mozilla/5.0 (Macintosh; Intel Mac OS X 10_15_7) AppleWebKit/605.1.15 Version/17.0 Safari/605.1.15"
104.28.163.231 - - [22/Jul/2026:17:04:14 +0000] "POST /wp-login.php HTTP/1.1" 200 5142 "-" "Mozilla/5.0 (Windows NT 10.0; Win64; rv:143.0) Gecko/20100101 Firefox/143.0"
104.28.157.139 - - [22/Jul/2026:17:04:15 +0000] "POST /wp-login.php HTTP/1.1" 200 5142 "-" "Mozilla/5.0 (Macintosh; Intel Mac OS X 10_15_7) AppleWebKit/605.1.15 Version/17.0 Safari/605.1.15"
104.28.163.231 - - [22/Jul/2026:17:04:21 +0000] "POST /wp-login.php HTTP/1.1" 200 5142 "-" "Mozilla/5.0 (Macintosh; Intel Mac OS X 10_15_7) AppleWebKit/605.1.15 Version/17.0 Safari/605.1.15"
104.28.163.231 - - [22/Jul/2026:17:04:21 +0000] "POST /wp-login.php HTTP/1.1" 200 5142 "-" "Mozilla/5.0 (Windows NT 10.0; Win64; rv:143.0) Gecko/20100101 Firefox/143.0"
46.250.236.230 - - [22/Jul/2026:17:04:25 +0000] "POST /wp-login.php HTTP/1.1" 200 5142 "-" "Mozilla/5.0 (Macintosh; Intel Mac OS X 10_15_7) AppleWebKit/605.1.15 Version/17.0 Safari/605.1.15"
46.250.236.230 - - [22/Jul/2026:17:04:25 +0000] "POST /wp-login.php HTTP/1.1" 200 5142 "-" "Mozilla/5.0 (Windows NT 10.0; Win64; x64) AppleWebKit/537.36 Chrome/129.0.0.0 Safari/537.36"
104.28.163.231 - - [22/Jul/2026:17:04:30 +0000] "POST /wp-login.php HTTP/1.1" 200 5142 "-" "Mozilla/5.0 (Windows NT 10.0; Win64; x64) AppleWebKit/537.36 Chrome/129.0.0.0 Safari/537.36"
104.28.163.231 - - [22/Jul/2026:17:04:30 +0000] "POST /wp-login.php HTTP/1.1" 200 5142 "-" "Mozilla/5.0 (Windows NT 10.0; Win64; x64) AppleWebKit/537.36 Chrome/129.0.0.0 Safari/537.36"
104.28.163.231 - - [22/Jul/2026:17:04:38 +0000] "POST /wp-login.php HTTP/1.1" 200 5142 "-" "Mozilla/5.0 (Windows NT 10.0; Win64; x64) AppleWebKit/537.36 Chrome/129.0.0.0 Safari/537.36"
104.28.163.231 - - [22/Jul/2026:17:04:38 +0000] "POST /wp-login.php HTTP/1.1" 200 5142 "-" "Mozilla/5.0 (Windows NT 10.0; Win64; rv:143.0) Gecko/20100101 Firefox/143.0"
104.28.163.231 - - [22/Jul/2026:17:04:47 +0000] "POST /wp-login.php HTTP/1.1" 200 5142 "-" "Mozilla/5.0 (Macintosh; Intel Mac OS X 10_15_7) AppleWebKit/605.1.15 Version/17.0 Safari/605.1.15"
104.28.163.231 - - [22/Jul/2026:17:04:47 +0000] "POST /wp-login.php HTTP/1.1" 200 5142 "-" "Mozilla/5.0 (Macintosh; Intel Mac OS X 10_15_7) AppleWebKit/605.1.15 Version/17.0 Safari/605.1.15"
104.28.163.231 - - [22/Jul/2026:17:04:53 +0000] "POST /wp-login.php HTTP/1.1" 200 5142 "-" "Mozilla/5.0 (Windows NT 10.0; Win64; rv:143.0) Gecko/20100101 Firefox/143.0"
104.28.163.231 - - [22/Jul/2026:17:04:53 +0000] "POST /wp-login.php HTTP/1.1" 200 5142 "-" "Mozilla/5.0 (Macintosh; Intel Mac OS X 10_15_7) AppleWebKit/605.1.15 Version/17.0 Safari/605.1.15"
104.28.163.231 - - [22/Jul/2026:17:05:01 +0000] "POST /wp-login.php HTTP/1.1" 200 5142 "-" "Mozilla/5.0 (Macintosh; Intel Mac OS X 10_15_7) AppleWebKit/605.1.15 Version/17.0 Safari/605.1.15"
104.28.163.231 - - [22/Jul/2026:17:05:01 +0000] "POST /wp-login.php HTTP/1.1" 200 5142 "-" "Mozilla/5.0 (Macintosh; Intel Mac OS X 10_15_7) AppleWebKit/605.1.15 Version/17.0 Safari/605.1.15"
98.91.173.173 - - [22/Jul/2026:17:05:05 +0000] "GET / HTTP/1.1" 301 - "-" "Mozilla/5.0 (Windows NT 10.0; Win64; x64) AppleWebKit/537.36 (KHTML, like Gecko) Chrome/129.0.0.0 Safari/537.36"
98.91.173.173 - - [22/Jul/2026:17:05:07 +0000] "GET / HTTP/1.1" 200 71722 "-" "Mozilla/5.0 (Windows NT 10.0; Win64; x64) AppleWebKit/537.36 (KHTML, like Gecko) Chrome/129.0.0.0 Safari/537.36"
104.28.163.231 - - [22/Jul/2026:17:05:10 +0000] "POST /wp-login.php HTTP/1.1" 200 5142 "-" "Mozilla/5.0 (Macintosh; Intel Mac OS X 10_15_7) AppleWebKit/605.1.15 Version/17.0 Safari/605.1.15"
104.28.163.231 - - [22/Jul/2026:17:05:10 +0000] "POST /wp-login.php HTTP/1.1" 200 5142 "-" "Mozilla/5.0 (Windows NT 10.0; Win64; rv:143.0) Gecko/20100101 Firefox/143.0"
198.177.124.148 - - [22/Jul/2026:17:05:14 +0000] "POST /wp-cron.php?doing_wp_cron=1784739914.7605929374694824218750 HTTP/1.1" 200 - "-" "WordPress/7.0.2; https://tradedealings.shop"
105.113.68.127 - - [22/Jul/2026:17:05:12 +0000] "POST /wp-admin/admin-ajax.php HTTP/1.1" 200 77 "https://tradedealings.shop/wp-admin/post.php?post=23&action=elementor" "Mozilla/5.0 (Windows NT 10.0; Win64; x64) AppleWebKit/537.36 (KHTML, like Gecko) Chrome/150.0.0.0 Safari/537.36"
104.28.157.145 - - [22/Jul/2026:17:05:18 +0000] "POST /wp-login.php HTTP/1.1" 200 5142 "-" "Mozilla/5.0 (Windows NT 10.0; Win64; rv:143.0) Gecko/20100101 Firefox/143.0"
104.28.163.231 - - [22/Jul/2026:17:05:18 +0000] "POST /wp-login.php HTTP/1.1" 200 5142 "-" "Mozilla/5.0 (Macintosh; Intel Mac OS X 10_15_7) AppleWebKit/605.1.15 Version/17.0 Safari/605.1.15"
104.28.163.231 - - [22/Jul/2026:17:05:18 +0000] "POST /wp-login.php HTTP/1.1" 200 5142 "-" "Mozilla/5.0 (Windows NT 10.0; Win64; rv:143.0) Gecko/20100101 Firefox/143.0"
195.70.83.3 - - [22/Jul/2026:17:05:19 +0000] "GET /robots.txt HTTP/1.1" 200 119 "-" "We360crawler/1.0 (+https://www.we360.cloud/crawler; abuse@we360.cloud)"
46.250.236.230 - - [22/Jul/2026:17:05:21 +0000] "POST /wp-login.php HTTP/1.1" 200 5142 "-" "Mozilla/5.0 (Windows NT 10.0; Win64; x64) AppleWebKit/537.36 Chrome/129.0.0.0 Safari/537.36"
46.250.236.230 - - [22/Jul/2026:17:05:21 +0000] "POST /wp-login.php HTTP/1.1" 200 5142 "-" "Mozilla/5.0 (Windows NT 10.0; Win64; rv:143.0) Gecko/20100101 Firefox/143.0"
195.70.83.3 - - [22/Jul/2026:17:05:23 +0000] "GET / HTTP/1.1" 200 71722 "-" "We360crawler/1.0 (+https://www.we360.cloud/crawler; abuse@we360.cloud)"
104.28.157.145 - - [22/Jul/2026:17:05:25 +0000] "POST /wp-login.php HTTP/1.1" 200 5142 "-" "Mozilla/5.0 (Windows NT 10.0; Win64; x64) AppleWebKit/537.36 Chrome/129.0.0.0 Safari/537.36"
104.28.163.231 - - [22/Jul/2026:17:05:27 +0000] "POST /wp-login.php HTTP/1.1" 200 5142 "-" "Mozilla/5.0 (Macintosh; Intel Mac OS X 10_15_7) AppleWebKit/605.1.15 Version/17.0 Safari/605.1.15"
104.28.163.231 - - [22/Jul/2026:17:05:36 +0000] "POST /wp-login.php HTTP/1.1" 200 5142 "-" "Mozilla/5.0 (Windows NT 10.0; Win64; rv:143.0) Gecko/20100101 Firefox/143.0"
104.28.163.231 - - [22/Jul/2026:17:05:36 +0000] "POST /wp-login.php HTTP/1.1" 200 5142 "-" "Mozilla/5.0 (Macintosh; Intel Mac OS X 10_15_7) AppleWebKit/605.1.15 Version/17.0 Safari/605.1.15"
104.28.157.139 - - [22/Jul/2026:17:05:44 +0000] "POST /wp-login.php HTTP/1.1" 200 5142 "-" "Mozilla/5.0 (Macintosh; Intel Mac OS X 10_15_7) AppleWebKit/605.1.15 Version/17.0 Safari/605.1.15"
104.28.157.139 - - [22/Jul/2026:17:05:44 +0000] "POST /wp-login.php HTTP/1.1" 200 5142 "-" "Mozilla/5.0 (Macintosh; Intel Mac OS X 10_15_7) AppleWebKit/605.1.15 Version/17.0 Safari/605.1.15"
104.28.163.231 - - [22/Jul/2026:17:05:46 +0000] "POST /wp-login.php HTTP/1.1" 200 5142 "-" "Mozilla/5.0 (Macintosh; Intel Mac OS X 10_15_7) AppleWebKit/605.1.15 Version/17.0 Safari/605.1.15"
104.28.163.231 - - [22/Jul/2026:17:05:46 +0000] "POST /wp-login.php HTTP/1.1" 200 5142 "-" "Mozilla/5.0 (Windows NT 10.0; Win64; x64) AppleWebKit/537.36 Chrome/129.0.0.0 Safari/537.36"
104.28.163.231 - - [22/Jul/2026:17:05:54 +0000] "POST /wp-login.php HTTP/1.1" 200 5142 "-" "Mozilla/5.0 (Windows NT 10.0; Win64; rv:143.0) Gecko/20100101 Firefox/143.0"
104.28.163.231 - - [22/Jul/2026:17:05:54 +0000] "POST /wp-login.php HTTP/1.1" 200 5142 "-" "Mozilla/5.0 (Windows NT 10.0; Win64; rv:143.0) Gecko/20100101 Firefox/143.0"
104.28.163.231 - - [22/Jul/2026:17:06:03 +0000] "POST /wp-login.php HTTP/1.1" 200 5142 "-" "Mozilla/5.0 (Windows NT 10.0; Win64; rv:143.0) Gecko/20100101 Firefox/143.0"
104.28.163.231 - - [22/Jul/2026:17:06:10 +0000] "POST /wp-login.php HTTP/1.1" 200 5142 "-" "Mozilla/5.0 (Windows NT 10.0; Win64; x64) AppleWebKit/537.36 Chrome/129.0.0.0 Safari/537.36"
104.28.163.231 - - [22/Jul/2026:17:06:10 +0000] "POST /wp-login.php HTTP/1.1" 200 5142 "-" "Mozilla/5.0 (Macintosh; Intel Mac OS X 10_15_7) AppleWebKit/605.1.15 Version/17.0 Safari/605.1.15"
198.177.124.148 - - [22/Jul/2026:17:06:17 +0000] "POST /wp-cron.php?doing_wp_cron=1784739977.6996569633483886718750 HTTP/1.1" 200 - "-" "WordPress/7.0.2; https://tradedealings.shop"
46.250.236.230 - - [22/Jul/2026:17:06:15 +0000] "POST /wp-login.php HTTP/1.1" 200 5142 "-" "Mozilla/5.0 (Windows NT 10.0; Win64; rv:143.0) Gecko/20100101 Firefox/143.0"
46.250.236.230 - - [22/Jul/2026:17:06:15 +0000] "POST /wp-login.php HTTP/1.1" 200 5142 "-" "Mozilla/5.0 (Windows NT 10.0; Win64; rv:143.0) Gecko/20100101 Firefox/143.0"
104.28.163.231 - - [22/Jul/2026:17:06:26 +0000] "POST /wp-login.php HTTP/1.1" 200 5142 "-" "Mozilla/5.0 (Macintosh; Intel Mac OS X 10_15_7) AppleWebKit/605.1.15 Version/17.0 Safari/605.1.15"
104.28.163.231 - - [22/Jul/2026:17:06:26 +0000] "POST /wp-login.php HTTP/1.1" 200 5142 "-" "Mozilla/5.0 (Macintosh; Intel Mac OS X 10_15_7) AppleWebKit/605.1.15 Version/17.0 Safari/605.1.15"
104.28.163.231 - - [22/Jul/2026:17:06:34 +0000] "POST /wp-login.php HTTP/1.1" 200 5142 "-" "Mozilla/5.0 (Windows NT 10.0; Win64; rv:143.0) Gecko/20100101 Firefox/143.0"
104.28.163.231 - - [22/Jul/2026:17:06:34 +0000] "POST /wp-login.php HTTP/1.1" 200 5142 "-" "Mozilla/5.0 (Macintosh; Intel Mac OS X 10_15_7) AppleWebKit/605.1.15 Version/17.0 Safari/605.1.15"
104.28.163.231 - - [22/Jul/2026:17:06:42 +0000] "POST /wp-login.php HTTP/1.1" 200 5142 "-" "Mozilla/5.0 (Windows NT 10.0; Win64; rv:143.0) Gecko/20100101 Firefox/143.0"
104.28.163.231 - - [22/Jul/2026:17:06:42 +0000] "POST /wp-login.php HTTP/1.1" 200 5142 "-" "Mozilla/5.0 (Windows NT 10.0; Win64; rv:143.0) Gecko/20100101 Firefox/143.0"
104.28.163.231 - - [22/Jul/2026:17:06:49 +0000] "POST /wp-login.php HTTP/1.1" 200 5142 "-" "Mozilla/5.0 (Macintosh; Intel Mac OS X 10_15_7) AppleWebKit/605.1.15 Version/17.0 Safari/605.1.15"
104.28.163.231 - - [22/Jul/2026:17:06:49 +0000] "POST /wp-login.php HTTP/1.1" 200 5142 "-" "Mozilla/5.0 (Windows NT 10.0; Win64; x64) AppleWebKit/537.36 Chrome/129.0.0.0 Safari/537.36"
104.28.157.145 - - [22/Jul/2026:17:06:53 +0000] "POST /wp-login.php HTTP/1.1" 200 5142 "-" "Mozilla/5.0 (Windows NT 10.0; Win64; rv:143.0) Gecko/20100101 Firefox/143.0"
104.28.157.145 - - [22/Jul/2026:17:06:53 +0000] "POST /wp-login.php HTTP/1.1" 200 5142 "-" "Mozilla/5.0 (Windows NT 10.0; Win64; x64) AppleWebKit/537.36 Chrome/129.0.0.0 Safari/537.36"
104.28.163.231 - - [22/Jul/2026:17:06:58 +0000] "POST /wp-login.php HTTP/1.1" 200 5142 "-" "Mozilla/5.0 (Windows NT 10.0; Win64; rv:143.0) Gecko/20100101 Firefox/143.0"
104.28.163.231 - - [22/Jul/2026:17:06:58 +0000] "POST /wp-login.php HTTP/1.1" 200 5142 "-" "Mozilla/5.0 (Windows NT 10.0; Win64; x64) AppleWebKit/537.36 Chrome/129.0.0.0 Safari/537.36"
104.28.163.231 - - [22/Jul/2026:17:07:06 +0000] "POST /wp-login.php HTTP/1.1" 200 5142 "-" "Mozilla/5.0 (Windows NT 10.0; Win64; rv:143.0) Gecko/20100101 Firefox/143.0"
104.28.163.231 - - [22/Jul/2026:17:07:06 +0000] "POST /wp-login.php HTTP/1.1" 200 5142 "-" "Mozilla/5.0 (Macintosh; Intel Mac OS X 10_15_7) AppleWebKit/605.1.15 Version/17.0 Safari/605.1.15"
46.250.236.230 - - [22/Jul/2026:17:07:08 +0000] "POST /wp-login.php HTTP/1.1" 200 5142 "-" "Mozilla/5.0 (Windows NT 10.0; Win64; x64) AppleWebKit/537.36 Chrome/129.0.0.0 Safari/537.36"
46.250.236.230 - - [22/Jul/2026:17:07:08 +0000] "POST /wp-login.php HTTP/1.1" 200 5142 "-" "Mozilla/5.0 (Macintosh; Intel Mac OS X 10_15_7) AppleWebKit/605.1.15 Version/17.0 Safari/605.1.15"
104.28.157.139 - - [22/Jul/2026:17:07:10 +0000] "POST /wp-login.php HTTP/1.1" 200 5142 "-" "Mozilla/5.0 (Windows NT 10.0; Win64; rv:143.0) Gecko/20100101 Firefox/143.0"
198.177.124.148 - - [22/Jul/2026:17:07:14 +0000] "POST /wp-cron.php?doing_wp_cron=1784740033.9844319820404052734375 HTTP/1.1" 200 - "-" "WordPress/7.0.2; https://tradedealings.shop"
104.28.157.139 - - [22/Jul/2026:17:07:11 +0000] "POST /wp-login.php HTTP/1.1" 200 5142 "-" "Mozilla/5.0 (Windows NT 10.0; Win64; rv:143.0) Gecko/20100101 Firefox/143.0"
104.28.163.231 - - [22/Jul/2026:17:07:12 +0000] "POST /wp-login.php HTTP/1.1" 200 5142 "-" "Mozilla/5.0 (Macintosh; Intel Mac OS X 10_15_7) AppleWebKit/605.1.15 Version/17.0 Safari/605.1.15"
104.28.163.231 - - [22/Jul/2026:17:07:12 +0000] "POST /wp-login.php HTTP/1.1" 200 5142 "-" "Mozilla/5.0 (Macintosh; Intel Mac OS X 10_15_7) AppleWebKit/605.1.15 Version/17.0 Safari/605.1.15"
105.113.68.127 - - [22/Jul/2026:17:07:18 +0000] "POST /wp-admin/admin-ajax.php HTTP/1.1" 200 77 "https://tradedealings.shop/wp-admin/post.php?post=23&action=elementor" "Mozilla/5.0 (Windows NT 10.0; Win64; x64) AppleWebKit/537.36 (KHTML, like Gecko) Chrome/150.0.0.0 Safari/537.36"
104.28.163.231 - - [22/Jul/2026:17:07:19 +0000] "POST /wp-login.php HTTP/1.1" 200 5142 "-" "Mozilla/5.0 (Windows NT 10.0; Win64; x64) AppleWebKit/537.36 Chrome/129.0.0.0 Safari/537.36"
104.28.163.231 - - [22/Jul/2026:17:07:19 +0000] "POST /wp-login.php HTTP/1.1" 200 5142 "-" "Mozilla/5.0 (Macintosh; Intel Mac OS X 10_15_7) AppleWebKit/605.1.15 Version/17.0 Safari/605.1.15"
104.28.163.231 - - [22/Jul/2026:17:07:27 +0000] "POST /wp-login.php HTTP/1.1" 200 5142 "-" "Mozilla/5.0 (Windows NT 10.0; Win64; rv:143.0) Gecko/20100101 Firefox/143.0"
104.28.163.231 - - [22/Jul/2026:17:07:27 +0000] "POST /wp-login.php HTTP/1.1" 200 5142 "-" "Mozilla/5.0 (Macintosh; Intel Mac OS X 10_15_7) AppleWebKit/605.1.15 Version/17.0 Safari/605.1.15"
46.250.236.230 - - [22/Jul/2026:17:08:03 +0000] "POST /wp-login.php HTTP/1.1" 200 5142 "-" "Mozilla/5.0 (Windows NT 10.0; Win64; rv:143.0) Gecko/20100101 Firefox/143.0"
46.250.236.230 - - [22/Jul/2026:17:08:03 +0000] "POST /wp-login.php HTTP/1.1" 200 5142 "-" "Mozilla/5.0 (Windows NT 10.0; Win64; x64) AppleWebKit/537.36 Chrome/129.0.0.0 Safari/537.36"
198.177.124.148 - - [22/Jul/2026:17:08:32 +0000] "POST /wp-cron.php?doing_wp_cron=1784740111.8716859817504882812500 HTTP/1.1" 200 - "-" "WordPress/7.0.2; https://tradedealings.shop"
104.28.157.145 - - [22/Jul/2026:17:08:29 +0000] "POST /wp-login.php HTTP/1.1" 200 5142 "-" "Mozilla/5.0 (Windows NT 10.0; Win64; x64) AppleWebKit/537.36 Chrome/129.0.0.0 Safari/537.36"
104.28.157.145 - - [22/Jul/2026:17:08:29 +0000] "POST /wp-login.php HTTP/1.1" 200 5142 "-" "Mozilla/5.0 (Windows NT 10.0; Win64; x64) AppleWebKit/537.36 Chrome/129.0.0.0 Safari/537.36"
104.28.157.139 - - [22/Jul/2026:17:08:49 +0000] "POST /wp-login.php HTTP/1.1" 200 5142 "-" "Mozilla/5.0 (Windows NT 10.0; Win64; x64) AppleWebKit/537.36 Chrome/129.0.0.0 Safari/537.36"
104.28.157.139 - - [22/Jul/2026:17:08:56 +0000] "POST /wp-login.php HTTP/1.1" 200 5142 "-" "Mozilla/5.0 (Windows NT 10.0; Win64; x64) AppleWebKit/537.36 Chrome/129.0.0.0 Safari/537.36"
46.250.236.230 - - [22/Jul/2026:17:08:56 +0000] "POST /wp-login.php HTTP/1.1" 200 5142 "-" "Mozilla/5.0 (Windows NT 10.0; Win64; x64) AppleWebKit/537.36 Chrome/129.0.0.0 Safari/537.36"
46.250.236.230 - - [22/Jul/2026:17:08:56 +0000] "POST /wp-login.php HTTP/1.1" 200 5142 "-" "Mozilla/5.0 (Windows NT 10.0; Win64; x64) AppleWebKit/537.36 Chrome/129.0.0.0 Safari/537.36"
105.113.68.127 - - [22/Jul/2026:17:09:14 +0000] "POST /wp-admin/admin-ajax.php HTTP/1.1" 200 77 "https://tradedealings.shop/wp-admin/post.php?post=23&action=elementor" "Mozilla/5.0 (Windows NT 10.0; Win64; x64) AppleWebKit/537.36 (KHTML, like Gecko) Chrome/150.0.0.0 Safari/537.36"
198.177.124.148 - - [22/Jul/2026:17:09:16 +0000] "POST /wp-cron.php?doing_wp_cron=1784740156.3660640716552734375000 HTTP/1.1" 200 - "-" "WordPress/7.0.2; https://tradedealings.shop"
46.250.236.230 - - [22/Jul/2026:17:09:50 +0000] "POST /wp-login.php HTTP/1.1" 200 5142 "-" "Mozilla/5.0 (Windows NT 10.0; Win64; rv:143.0) Gecko/20100101 Firefox/143.0"
46.250.236.230 - - [22/Jul/2026:17:09:50 +0000] "POST /wp-login.php HTTP/1.1" 200 5142 "-" "Mozilla/5.0 (Windows NT 10.0; Win64; x64) AppleWebKit/537.36 Chrome/129.0.0.0 Safari/537.36"
104.28.157.145 - - [22/Jul/2026:17:10:06 +0000] "POST /wp-login.php HTTP/1.1" 200 5142 "-" "Mozilla/5.0 (Windows NT 10.0; Win64; rv:143.0) Gecko/20100101 Firefox/143.0"
104.28.157.145 - - [22/Jul/2026:17:10:06 +0000] "POST /wp-login.php HTTP/1.1" 200 5142 "-" "Mozilla/5.0 (Windows NT 10.0; Win64; x64) AppleWebKit/537.36 Chrome/129.0.0.0 Safari/537.36"
198.177.124.148 - - [22/Jul/2026:17:10:23 +0000] "POST /wp-cron.php?doing_wp_cron=1784740223.5097310543060302734375 HTTP/1.1" 200 - "-" "WordPress/7.0.2; https://tradedealings.shop"
104.28.157.139 - - [22/Jul/2026:17:10:22 +0000] "POST /wp-login.php HTTP/1.1" 200 5142 "-" "Mozilla/5.0 (Windows NT 10.0; Win64; x64) AppleWebKit/537.36 Chrome/129.0.0.0 Safari/537.36"
104.28.157.139 - - [22/Jul/2026:17:10:22 +0000] "POST /wp-login.php HTTP/1.1" 200 5142 "-" "Mozilla/5.0 (Macintosh; Intel Mac OS X 10_15_7) AppleWebKit/605.1.15 Version/17.0 Safari/605.1.15"
46.250.236.230 - - [22/Jul/2026:17:10:44 +0000] "POST /wp-login.php HTTP/1.1" 200 5142 "-" "Mozilla/5.0 (Windows NT 10.0; Win64; rv:143.0) Gecko/20100101 Firefox/143.0"
46.250.236.230 - - [22/Jul/2026:17:10:44 +0000] "POST /wp-login.php HTTP/1.1" 200 5142 "-" "Mozilla/5.0 (Windows NT 10.0; Win64; x64) AppleWebKit/537.36 Chrome/129.0.0.0 Safari/537.36"
198.177.124.148 - - [22/Jul/2026:17:11:16 +0000] "POST /wp-cron.php?doing_wp_cron=1784740276.7837789058685302734375 HTTP/1.1" 200 - "-" "WordPress/7.0.2; https://tradedealings.shop"
105.113.68.127 - - [22/Jul/2026:17:11:15 +0000] "POST /wp-admin/admin-ajax.php HTTP/1.1" 200 77 "https://tradedealings.shop/wp-admin/post.php?post=23&action=elementor" "Mozilla/5.0 (Windows NT 10.0; Win64; x64) AppleWebKit/537.36 (KHTML, like Gecko) Chrome/150.0.0.0 Safari/537.36"
104.28.157.145 - - [22/Jul/2026:17:11:33 +0000] "POST /wp-login.php HTTP/1.1" 200 5142 "-" "Mozilla/5.0 (Windows NT 10.0; Win64; x64) AppleWebKit/537.36 Chrome/129.0.0.0 Safari/537.36"
104.28.157.145 - - [22/Jul/2026:17:11:34 +0000] "POST /wp-login.php HTTP/1.1" 200 5142 "-" "Mozilla/5.0 (Windows NT 10.0; Win64; x64) AppleWebKit/537.36 Chrome/129.0.0.0 Safari/537.36"
46.250.236.230 - - [22/Jul/2026:17:11:37 +0000] "POST /wp-login.php HTTP/1.1" 200 5142 "-" "Mozilla/5.0 (Windows NT 10.0; Win64; rv:143.0) Gecko/20100101 Firefox/143.0"
46.250.236.230 - - [22/Jul/2026:17:11:37 +0000] "POST /wp-login.php HTTP/1.1" 200 5142 "-" "Mozilla/5.0 (Windows NT 10.0; Win64; rv:143.0) Gecko/20100101 Firefox/143.0"
104.28.157.139 - - [22/Jul/2026:17:11:55 +0000] "POST /wp-login.php HTTP/1.1" 200 5142 "-" "Mozilla/5.0 (Windows NT 10.0; Win64; x64) AppleWebKit/537.36 Chrome/129.0.0.0 Safari/537.36"
104.28.157.139 - - [22/Jul/2026:17:11:55 +0000] "POST /wp-login.php HTTP/1.1" 200 5142 "-" "Mozilla/5.0 (Windows NT 10.0; Win64; rv:143.0) Gecko/20100101 Firefox/143.0"
198.177.124.148 - - [22/Jul/2026:17:12:34 +0000] "POST /wp-cron.php?doing_wp_cron=1784740354.7556729316711425781250 HTTP/1.1" 200 - "-" "WordPress/7.0.2; https://tradedealings.shop"
46.250.236.230 - - [22/Jul/2026:17:12:30 +0000] "POST /wp-login.php HTTP/1.1" 200 5142 "-" "Mozilla/5.0 (Macintosh; Intel Mac OS X 10_15_7) AppleWebKit/605.1.15 Version/17.0 Safari/605.1.15"
46.250.236.230 - - [22/Jul/2026:17:12:30 +0000] "POST /wp-login.php HTTP/1.1" 200 5142 "-" "Mozilla/5.0 (Windows NT 10.0; Win64; x64) AppleWebKit/537.36 Chrome/129.0.0.0 Safari/537.36"
104.28.157.145 - - [22/Jul/2026:17:13:06 +0000] "POST /wp-login.php HTTP/1.1" 200 5142 "-" "Mozilla/5.0 (Windows NT 10.0; Win64; x64) AppleWebKit/537.36 Chrome/129.0.0.0 Safari/537.36"
198.177.124.148 - - [22/Jul/2026:17:13:13 +0000] "POST /wp-cron.php?doing_wp_cron=1784740393.7192199230194091796875 HTTP/1.1" 200 - "-" "WordPress/7.0.2; https://tradedealings.shop"
104.28.157.145 - - [22/Jul/2026:17:13:07 +0000] "POST /wp-login.php HTTP/1.1" 200 5142 "-" "Mozilla/5.0 (Windows NT 10.0; Win64; x64) AppleWebKit/537.36 Chrome/129.0.0.0 Safari/537.36"
105.113.68.127 - - [22/Jul/2026:17:13:16 +0000] "POST /wp-admin/admin-ajax.php HTTP/1.1" 200 77 "https://tradedealings.shop/wp-admin/post.php?post=23&action=elementor" "Mozilla/5.0 (Windows NT 10.0; Win64; x64) AppleWebKit/537.36 (KHTML, like Gecko) Chrome/150.0.0.0 Safari/537.36"
104.28.157.139 - - [22/Jul/2026:17:13:23 +0000] "POST /wp-login.php HTTP/1.1" 200 5142 "-" "Mozilla/5.0 (Windows NT 10.0; Win64; x64) AppleWebKit/537.36 Chrome/129.0.0.0 Safari/537.36"
104.28.157.139 - - [22/Jul/2026:17:13:24 +0000] "POST /wp-login.php HTTP/1.1" 200 5142 "-" "Mozilla/5.0 (Windows NT 10.0; Win64; x64) AppleWebKit/537.36 Chrome/129.0.0.0 Safari/537.36"
46.250.236.230 - - [22/Jul/2026:17:13:26 +0000] "POST /wp-login.php HTTP/1.1" 200 5142 "-" "Mozilla/5.0 (Windows NT 10.0; Win64; rv:143.0) Gecko/20100101 Firefox/143.0"
46.250.236.230 - - [22/Jul/2026:17:13:26 +0000] "POST /wp-login.php HTTP/1.1" 200 5142 "-" "Mozilla/5.0 (Windows NT 10.0; Win64; rv:143.0) Gecko/20100101 Firefox/143.0"
198.177.124.148 - - [22/Jul/2026:17:14:23 +0000] "POST /wp-cron.php?doing_wp_cron=1784740463.7331988811492919921875 HTTP/1.1" 200 - "-" "WordPress/7.0.2; https://tradedealings.shop"
46.250.236.230 - - [22/Jul/2026:17:14:22 +0000] "POST /wp-login.php HTTP/1.1" 200 5142 "-" "Mozilla/5.0 (Windows NT 10.0; Win64; x64) AppleWebKit/537.36 Chrome/129.0.0.0 Safari/537.36"
46.250.236.230 - - [22/Jul/2026:17:14:22 +0000] "POST /wp-login.php HTTP/1.1" 200 5142 "-" "Mozilla/5.0 (Macintosh; Intel Mac OS X 10_15_7) AppleWebKit/605.1.15 Version/17.0 Safari/605.1.15"
104.28.157.145 - - [22/Jul/2026:17:14:45 +0000] "POST /wp-login.php HTTP/1.1" 200 5142 "-" "Mozilla/5.0 (Macintosh; Intel Mac OS X 10_15_7) AppleWebKit/605.1.15 Version/17.0 Safari/605.1.15"
104.28.157.145 - - [22/Jul/2026:17:14:46 +0000] "POST /wp-login.php HTTP/1.1" 200 5142 "-" "Mozilla/5.0 (Windows NT 10.0; Win64; rv:143.0) Gecko/20100101 Firefox/143.0"
104.28.157.139 - - [22/Jul/2026:17:15:06 +0000] "POST /wp-login.php HTTP/1.1" 200 5142 "-" "Mozilla/5.0 (Windows NT 10.0; Win64; x64) AppleWebKit/537.36 Chrome/129.0.0.0 Safari/537.36"
104.28.157.139 - - [22/Jul/2026:17:15:06 +0000] "POST /wp-login.php HTTP/1.1" 200 5142 "-" "Mozilla/5.0 (Windows NT 10.0; Win64; x64) AppleWebKit/537.36 Chrome/129.0.0.0 Safari/537.36"
198.177.124.148 - - [22/Jul/2026:17:15:19 +0000] "POST /wp-cron.php?doing_wp_cron=1784740519.5576128959655761718750 HTTP/1.1" 200 - "-" "WordPress/7.0.2; https://tradedealings.shop"
105.113.68.127 - - [22/Jul/2026:17:15:17 +0000] "POST /wp-admin/admin-ajax.php HTTP/1.1" 200 77 "https://tradedealings.shop/wp-admin/post.php?post=23&action=elementor" "Mozilla/5.0 (Windows NT 10.0; Win64; x64) AppleWebKit/537.36 (KHTML, like Gecko) Chrome/150.0.0.0 Safari/537.36"
216.73.216.68 - - [22/Jul/2026:17:15:32 +0000] "GET /robots.txt HTTP/1.1" 200 119 "-" "Mozilla/5.0 AppleWebKit/537.36 (KHTML, like Gecko; compatible; ClaudeBot/1.0; +claudebot@anthropic.com)"
216.73.216.68 - - [22/Jul/2026:17:15:34 +0000] "GET /wp-sitemap.xml HTTP/1.1" 200 552 "-" "Mozilla/5.0 AppleWebKit/537.36 (KHTML, like Gecko; compatible; ClaudeBot/1.0; +claudebot@anthropic.com)"
198.177.124.148 - - [22/Jul/2026:17:17:20 +0000] "POST /wp-cron.php?doing_wp_cron=1784740640.9292800426483154296875 HTTP/1.1" 200 - "-" "WordPress/7.0.2; https://tradedealings.shop"
105.113.68.127 - - [22/Jul/2026:17:17:18 +0000] "POST /wp-admin/admin-ajax.php HTTP/1.1" 200 77 "https://tradedealings.shop/wp-admin/post.php?post=23&action=elementor" "Mozilla/5.0 (Windows NT 10.0; Win64; x64) AppleWebKit/537.36 (KHTML, like Gecko) Chrome/150.0.0.0 Safari/537.36"
198.177.124.148 - - [22/Jul/2026:17:18:49 +0000] "POST /wp-cron.php?doing_wp_cron=1784740729.8477580547332763671875 HTTP/1.1" 200 - "-" "WordPress/7.0.2; https://tradedealings.shop"
104.28.157.145 - - [22/Jul/2026:17:18:47 +0000] "POST /wp-login.php HTTP/1.1" 200 5142 "-" "Mozilla/5.0 (Windows NT 10.0; Win64; x64) AppleWebKit/537.36 Chrome/129.0.0.0 Safari/537.36"
104.28.157.145 - - [22/Jul/2026:17:18:47 +0000] "POST /wp-login.php HTTP/1.1" 200 5142 "-" "Mozilla/5.0 (Macintosh; Intel Mac OS X 10_15_7) AppleWebKit/605.1.15 Version/17.0 Safari/605.1.15"
198.177.124.148 - - [22/Jul/2026:17:19:21 +0000] "POST /wp-cron.php?doing_wp_cron=1784740761.5477409362792968750000 HTTP/1.1" 200 - "-" "WordPress/7.0.2; https://tradedealings.shop"
105.113.68.127 - - [22/Jul/2026:17:19:19 +0000] "POST /wp-admin/admin-ajax.php HTTP/1.1" 200 77 "https://tradedealings.shop/wp-admin/post.php?post=23&action=elementor" "Mozilla/5.0 (Windows NT 10.0; Win64; x64) AppleWebKit/537.36 (KHTML, like Gecko) Chrome/150.0.0.0 Safari/537.36"
104.28.157.139 - - [22/Jul/2026:17:19:39 +0000] "POST /wp-login.php HTTP/1.1" 200 5142 "-" "Mozilla/5.0 (Windows NT 10.0; Win64; x64) AppleWebKit/537.36 Chrome/129.0.0.0 Safari/537.36"
104.28.157.139 - - [22/Jul/2026:17:19:39 +0000] "POST /wp-login.php HTTP/1.1" 200 5142 "-" "Mozilla/5.0 (Macintosh; Intel Mac OS X 10_15_7) AppleWebKit/605.1.15 Version/17.0 Safari/605.1.15"
198.177.124.148 - - [22/Jul/2026:17:21:22 +0000] "POST /wp-cron.php?doing_wp_cron=1784740882.6561620235443115234375 HTTP/1.1" 200 - "-" "WordPress/7.0.2; https://tradedealings.shop"
105.113.68.127 - - [22/Jul/2026:17:21:20 +0000] "POST /wp-admin/admin-ajax.php HTTP/1.1" 200 77 "https://tradedealings.shop/wp-admin/post.php?post=23&action=elementor" "Mozilla/5.0 (Windows NT 10.0; Win64; x64) AppleWebKit/537.36 (KHTML, like Gecko) Chrome/150.0.0.0 Safari/537.36"
198.177.124.148 - - [22/Jul/2026:17:23:09 +0000] "POST /wp-cron.php?doing_wp_cron=1784740989.0194780826568603515625 HTTP/1.1" 200 - "-" "WordPress/7.0.2; https://tradedealings.shop"
172.235.199.100 - - [22/Jul/2026:17:23:07 +0000] "GET /wp-login.php HTTP/1.1" 200 4729 "-" "Mozilla/5.0 (Windows NT 10.0; Win64; rv:143.0) Gecko/20100101 Firefox/143.0"
172.235.199.100 - - [22/Jul/2026:17:23:09 +0000] "GET /?author=1 HTTP/1.1" 301 - "-" "Mozilla/5.0 (Windows NT 10.0; Win64; rv:143.0) Gecko/20100101 Firefox/143.0"
198.177.124.148 - - [22/Jul/2026:17:23:13 +0000] "POST /wp-cron.php?doing_wp_cron=1784740993.0425128936767578125000 HTTP/1.1" 200 - "-" "WordPress/7.0.2; https://tradedealings.shop"
172.235.199.100 - - [22/Jul/2026:17:23:11 +0000] "GET /?rest_route=/wp/v2/users HTTP/1.1" 200 776 "-" "Mozilla/5.0 (Windows NT 10.0; Win64; rv:143.0) Gecko/20100101 Firefox/143.0"
172.235.199.100 - - [22/Jul/2026:17:23:13 +0000] "GET /?author=2 HTTP/1.1" 404 60473 "-" "Mozilla/5.0 (Windows NT 10.0; Win64; x64) AppleWebKit/537.36 Chrome/129.0.0.0 Safari/537.36"
172.235.199.100 - - [22/Jul/2026:17:23:17 +0000] "GET /?rest_route=/wp/v2/users HTTP/1.1" 200 776 "-" "Mozilla/5.0 (Windows NT 10.0; Win64; rv:143.0) Gecko/20100101 Firefox/143.0"
105.113.68.127 - - [22/Jul/2026:17:23:21 +0000] "POST /wp-admin/admin-ajax.php HTTP/1.1" 200 77 "https://tradedealings.shop/wp-admin/post.php?post=23&action=elementor" "Mozilla/5.0 (Windows NT 10.0; Win64; x64) AppleWebKit/537.36 (KHTML, like Gecko) Chrome/150.0.0.0 Safari/537.36"
198.177.124.148 - - [22/Jul/2026:17:25:32 +0000] "POST /wp-cron.php?doing_wp_cron=1784741132.5939950942993164062500 HTTP/1.1" 200 - "-" "WordPress/7.0.2; https://tradedealings.shop"
105.113.68.127 - - [22/Jul/2026:17:25:30 +0000] "POST /wp-admin/admin-ajax.php HTTP/1.1" 200 77 "https://tradedealings.shop/wp-admin/post.php?post=23&action=elementor" "Mozilla/5.0 (Windows NT 10.0; Win64; x64) AppleWebKit/537.36 (KHTML, like Gecko) Chrome/150.0.0.0 Safari/537.36"
198.177.124.148 - - [22/Jul/2026:17:27:25 +0000] "POST /wp-cron.php?doing_wp_cron=1784741245.4354059696197509765625 HTTP/1.1" 200 - "-" "WordPress/7.0.2; https://tradedealings.shop"
105.113.68.127 - - [22/Jul/2026:17:27:24 +0000] "POST /wp-admin/admin-ajax.php HTTP/1.1" 200 77 "https://tradedealings.shop/wp-admin/post.php?post=23&action=elementor" "Mozilla/5.0 (Windows NT 10.0; Win64; x64) AppleWebKit/537.36 (KHTML, like Gecko) Chrome/150.0.0.0 Safari/537.36"
172.235.199.100 - - [22/Jul/2026:17:27:52 +0000] "POST /wp-login.php HTTP/1.1" 200 5142 "-" "Mozilla/5.0 (Windows NT 10.0; Win64; x64) AppleWebKit/537.36 Chrome/129.0.0.0 Safari/537.36"
172.235.199.100 - - [22/Jul/2026:17:27:52 +0000] "POST /wp-login.php HTTP/1.1" 200 5142 "-" "Mozilla/5.0 (Macintosh; Intel Mac OS X 10_15_7) AppleWebKit/605.1.15 Version/17.0 Safari/605.1.15"
172.235.199.100 - - [22/Jul/2026:17:27:56 +0000] "POST /wp-login.php HTTP/1.1" 200 5142 "-" "Mozilla/5.0 (Windows NT 10.0; Win64; x64) AppleWebKit/537.36 Chrome/129.0.0.0 Safari/537.36"
172.235.199.100 - - [22/Jul/2026:17:27:56 +0000] "POST /wp-login.php HTTP/1.1" 200 5142 "-" "Mozilla/5.0 (Windows NT 10.0; Win64; rv:143.0) Gecko/20100101 Firefox/143.0"
172.235.199.100 - - [22/Jul/2026:17:28:00 +0000] "POST /wp-login.php HTTP/1.1" 200 5142 "-" "Mozilla/5.0 (Windows NT 10.0; Win64; x64) AppleWebKit/537.36 Chrome/129.0.0.0 Safari/537.36"
172.235.199.100 - - [22/Jul/2026:17:28:00 +0000] "POST /wp-login.php HTTP/1.1" 200 5142 "-" "Mozilla/5.0 (Windows NT 10.0; Win64; x64) AppleWebKit/537.36 Chrome/129.0.0.0 Safari/537.36"
104.28.157.139 - - [22/Jul/2026:17:28:02 +0000] "POST /wp-login.php HTTP/1.1" 200 5142 "-" "Mozilla/5.0 (Macintosh; Intel Mac OS X 10_15_7) AppleWebKit/605.1.15 Version/17.0 Safari/605.1.15"
104.28.157.139 - - [22/Jul/2026:17:28:02 +0000] "POST /wp-login.php HTTP/1.1" 200 5142 "-" "Mozilla/5.0 (Windows NT 10.0; Win64; rv:143.0) Gecko/20100101 Firefox/143.0"
172.235.199.100 - - [22/Jul/2026:17:28:06 +0000] "POST /wp-login.php HTTP/1.1" 200 5142 "-" "Mozilla/5.0 (Macintosh; Intel Mac OS X 10_15_7) AppleWebKit/605.1.15 Version/17.0 Safari/605.1.15"
172.235.199.100 - - [22/Jul/2026:17:28:06 +0000] "POST /wp-login.php HTTP/1.1" 200 5142 "-" "Mozilla/5.0 (Windows NT 10.0; Win64; x64) AppleWebKit/537.36 Chrome/129.0.0.0 Safari/537.36"
198.177.124.148 - - [22/Jul/2026:17:28:20 +0000] "POST /wp-cron.php?doing_wp_cron=1784741300.3116779327392578125000 HTTP/1.1" 200 - "-" "WordPress/7.0.2; https://tradedealings.shop"
172.235.199.100 - - [22/Jul/2026:17:28:18 +0000] "POST /wp-login.php HTTP/1.1" 200 5142 "-" "Mozilla/5.0 (Windows NT 10.0; Win64; x64) AppleWebKit/537.36 Chrome/129.0.0.0 Safari/537.36"
172.235.199.100 - - [22/Jul/2026:17:28:18 +0000] "POST /wp-login.php HTTP/1.1" 200 5142 "-" "Mozilla/5.0 (Macintosh; Intel Mac OS X 10_15_7) AppleWebKit/605.1.15 Version/17.0 Safari/605.1.15"
172.235.199.100 - - [22/Jul/2026:17:28:29 +0000] "POST /wp-login.php HTTP/1.1" 200 5142 "-" "Mozilla/5.0 (Macintosh; Intel Mac OS X 10_15_7) AppleWebKit/605.1.15 Version/17.0 Safari/605.1.15"
172.235.199.100 - - [22/Jul/2026:17:28:29 +0000] "POST /wp-login.php HTTP/1.1" 200 5142 "-" "Mozilla/5.0 (Macintosh; Intel Mac OS X 10_15_7) AppleWebKit/605.1.15 Version/17.0 Safari/605.1.15"
172.235.199.100 - - [22/Jul/2026:17:28:36 +0000] "POST /wp-login.php HTTP/1.1" 200 5142 "-" "Mozilla/5.0 (Macintosh; Intel Mac OS X 10_15_7) AppleWebKit/605.1.15 Version/17.0 Safari/605.1.15"
172.235.199.100 - - [22/Jul/2026:17:28:42 +0000] "POST /wp-login.php HTTP/1.1" 200 5142 "-" "Mozilla/5.0 (Windows NT 10.0; Win64; x64) AppleWebKit/537.36 Chrome/129.0.0.0 Safari/537.36"
172.235.199.100 - - [22/Jul/2026:17:28:43 +0000] "POST /wp-login.php HTTP/1.1" 200 5142 "-" "Mozilla/5.0 (Windows NT 10.0; Win64; rv:143.0) Gecko/20100101 Firefox/143.0"
172.235.199.100 - - [22/Jul/2026:17:28:49 +0000] "POST /wp-login.php HTTP/1.1" 200 5142 "-" "Mozilla/5.0 (Windows NT 10.0; Win64; rv:143.0) Gecko/20100101 Firefox/143.0"
172.235.199.100 - - [22/Jul/2026:17:28:49 +0000] "POST /wp-login.php HTTP/1.1" 200 5142 "-" "Mozilla/5.0 (Windows NT 10.0; Win64; rv:143.0) Gecko/20100101 Firefox/143.0"
172.235.199.100 - - [22/Jul/2026:17:28:59 +0000] "POST /wp-login.php HTTP/1.1" 200 5142 "-" "Mozilla/5.0 (Windows NT 10.0; Win64; x64) AppleWebKit/537.36 Chrome/129.0.0.0 Safari/537.36"
172.235.199.100 - - [22/Jul/2026:17:29:00 +0000] "POST /wp-login.php HTTP/1.1" 200 5142 "-" "Mozilla/5.0 (Windows NT 10.0; Win64; x64) AppleWebKit/537.36 Chrome/129.0.0.0 Safari/537.36"
198.177.124.148 - - [22/Jul/2026:17:29:14 +0000] "POST /wp-cron.php?doing_wp_cron=1784741354.2915389537811279296875 HTTP/1.1" 200 - "-" "WordPress/7.0.2; https://tradedealings.shop"
172.235.199.100 - - [22/Jul/2026:17:29:12 +0000] "POST /wp-login.php HTTP/1.1" 200 5142 "-" "Mozilla/5.0 (Windows NT 10.0; Win64; rv:143.0) Gecko/20100101 Firefox/143.0"
172.235.199.100 - - [22/Jul/2026:17:29:12 +0000] "POST /wp-login.php HTTP/1.1" 200 5142 "-" "Mozilla/5.0 (Windows NT 10.0; Win64; x64) AppleWebKit/537.36 Chrome/129.0.0.0 Safari/537.36"
172.235.199.100 - - [22/Jul/2026:17:29:23 +0000] "POST /wp-login.php HTTP/1.1" 200 5142 "-" "Mozilla/5.0 (Windows NT 10.0; Win64; rv:143.0) Gecko/20100101 Firefox/143.0"
172.235.199.100 - - [22/Jul/2026:17:29:23 +0000] "POST /wp-login.php HTTP/1.1" 200 5142 "-" "Mozilla/5.0 (Windows NT 10.0; Win64; x64) AppleWebKit/537.36 Chrome/129.0.0.0 Safari/537.36"
105.113.68.127 - - [22/Jul/2026:17:29:24 +0000] "POST /wp-admin/admin-ajax.php HTTP/1.1" 200 77 "https://tradedealings.shop/wp-admin/post.php?post=23&action=elementor" "Mozilla/5.0 (Windows NT 10.0; Win64; x64) AppleWebKit/537.36 (KHTML, like Gecko) Chrome/150.0.0.0 Safari/537.36"
104.28.157.145 - - [22/Jul/2026:17:29:28 +0000] "POST /wp-login.php HTTP/1.1" 200 5142 "-" "Mozilla/5.0 (Macintosh; Intel Mac OS X 10_15_7) AppleWebKit/605.1.15 Version/17.0 Safari/605.1.15"
104.28.157.145 - - [22/Jul/2026:17:29:28 +0000] "POST /wp-login.php HTTP/1.1" 200 5142 "-" "Mozilla/5.0 (Windows NT 10.0; Win64; x64) AppleWebKit/537.36 Chrome/129.0.0.0 Safari/537.36"
172.235.199.100 - - [22/Jul/2026:17:29:32 +0000] "POST /wp-login.php HTTP/1.1" 200 5142 "-" "Mozilla/5.0 (Windows NT 10.0; Win64; x64) AppleWebKit/537.36 Chrome/129.0.0.0 Safari/537.36"
172.235.199.100 - - [22/Jul/2026:17:29:32 +0000] "POST /wp-login.php HTTP/1.1" 200 5142 "-" "Mozilla/5.0 (Macintosh; Intel Mac OS X 10_15_7) AppleWebKit/605.1.15 Version/17.0 Safari/605.1.15"
172.235.199.100 - - [22/Jul/2026:17:29:41 +0000] "POST /wp-login.php HTTP/1.1" 200 5142 "-" "Mozilla/5.0 (Windows NT 10.0; Win64; x64) AppleWebKit/537.36 Chrome/129.0.0.0 Safari/537.36"
172.235.199.100 - - [22/Jul/2026:17:29:41 +0000] "POST /wp-login.php HTTP/1.1" 200 5142 "-" "Mozilla/5.0 (Macintosh; Intel Mac OS X 10_15_7) AppleWebKit/605.1.15 Version/17.0 Safari/605.1.15"
172.235.199.100 - - [22/Jul/2026:17:29:51 +0000] "POST /wp-login.php HTTP/1.1" 200 5142 "-" "Mozilla/5.0 (Windows NT 10.0; Win64; x64) AppleWebKit/537.36 Chrome/129.0.0.0 Safari/537.36"
172.235.199.100 - - [22/Jul/2026:17:29:51 +0000] "POST /wp-login.php HTTP/1.1" 200 5142 "-" "Mozilla/5.0 (Macintosh; Intel Mac OS X 10_15_7) AppleWebKit/605.1.15 Version/17.0 Safari/605.1.15"
172.235.199.100 - - [22/Jul/2026:17:30:02 +0000] "POST /wp-login.php HTTP/1.1" 200 5142 "-" "Mozilla/5.0 (Windows NT 10.0; Win64; x64) AppleWebKit/537.36 Chrome/129.0.0.0 Safari/537.36"
172.235.199.100 - - [22/Jul/2026:17:30:02 +0000] "POST /wp-login.php HTTP/1.1" 200 5142 "-" "Mozilla/5.0 (Macintosh; Intel Mac OS X 10_15_7) AppleWebKit/605.1.15 Version/17.0 Safari/605.1.15"
198.177.124.148 - - [22/Jul/2026:17:30:16 +0000] "POST /wp-cron.php?doing_wp_cron=1784741416.0995779037475585937500 HTTP/1.1" 200 - "-" "WordPress/7.0.2; https://tradedealings.shop"
172.235.199.100 - - [22/Jul/2026:17:30:13 +0000] "POST /wp-login.php HTTP/1.1" 200 5142 "-" "Mozilla/5.0 (Windows NT 10.0; Win64; x64) AppleWebKit/537.36 Chrome/129.0.0.0 Safari/537.36"
172.235.199.100 - - [22/Jul/2026:17:30:13 +0000] "POST /wp-login.php HTTP/1.1" 200 5142 "-" "Mozilla/5.0 (Macintosh; Intel Mac OS X 10_15_7) AppleWebKit/605.1.15 Version/17.0 Safari/605.1.15"
172.235.199.100 - - [22/Jul/2026:17:30:23 +0000] "POST /wp-login.php HTTP/1.1" 200 5142 "-" "Mozilla/5.0 (Macintosh; Intel Mac OS X 10_15_7) AppleWebKit/605.1.15 Version/17.0 Safari/605.1.15"
172.235.199.100 - - [22/Jul/2026:17:30:23 +0000] "POST /wp-login.php HTTP/1.1" 200 5142 "-" "Mozilla/5.0 (Macintosh; Intel Mac OS X 10_15_7) AppleWebKit/605.1.15 Version/17.0 Safari/605.1.15"
172.235.199.100 - - [22/Jul/2026:17:30:33 +0000] "POST /wp-login.php HTTP/1.1" 200 5142 "-" "Mozilla/5.0 (Windows NT 10.0; Win64; x64) AppleWebKit/537.36 Chrome/129.0.0.0 Safari/537.36"
172.235.199.100 - - [22/Jul/2026:17:30:33 +0000] "POST /wp-login.php HTTP/1.1" 200 5142 "-" "Mozilla/5.0 (Windows NT 10.0; Win64; x64) AppleWebKit/537.36 Chrome/129.0.0.0 Safari/537.36"
98.91.173.173 - - [22/Jul/2026:17:30:38 +0000] "GET / HTTP/1.1" 200 71722 "-" "Mozilla/5.0 (Macintosh; Intel Mac OS X 10_15_7) AppleWebKit/537.36"
172.235.199.100 - - [22/Jul/2026:17:30:43 +0000] "POST /wp-login.php HTTP/1.1" 200 5142 "-" "Mozilla/5.0 (Windows NT 10.0; Win64; x64) AppleWebKit/537.36 Chrome/129.0.0.0 Safari/537.36"
172.235.199.100 - - [22/Jul/2026:17:30:43 +0000] "POST /wp-login.php HTTP/1.1" 200 5142 "-" "Mozilla/5.0 (Windows NT 10.0; Win64; rv:143.0) Gecko/20100101 Firefox/143.0"
172.235.199.100 - - [22/Jul/2026:17:30:54 +0000] "POST /wp-login.php HTTP/1.1" 200 5142 "-" "Mozilla/5.0 (Macintosh; Intel Mac OS X 10_15_7) AppleWebKit/605.1.15 Version/17.0 Safari/605.1.15"
172.235.199.100 - - [22/Jul/2026:17:30:54 +0000] "POST /wp-login.php HTTP/1.1" 200 5142 "-" "Mozilla/5.0 (Windows NT 10.0; Win64; rv:143.0) Gecko/20100101 Firefox/143.0"
172.235.199.100 - - [22/Jul/2026:17:31:05 +0000] "POST /wp-login.php HTTP/1.1" 200 5142 "-" "Mozilla/5.0 (Windows NT 10.0; Win64; rv:143.0) Gecko/20100101 Firefox/143.0"
172.235.199.100 - - [22/Jul/2026:17:31:05 +0000] "POST /wp-login.php HTTP/1.1" 200 5142 "-" "Mozilla/5.0 (Macintosh; Intel Mac OS X 10_15_7) AppleWebKit/605.1.15 Version/17.0 Safari/605.1.15"
198.177.124.148 - - [22/Jul/2026:17:31:17 +0000] "POST /wp-cron.php?doing_wp_cron=1784741477.3039569854736328125000 HTTP/1.1" 200 - "-" "WordPress/7.0.2; https://tradedealings.shop"
172.235.199.100 - - [22/Jul/2026:17:31:15 +0000] "POST /wp-login.php HTTP/1.1" 200 5142 "-" "Mozilla/5.0 (Windows NT 10.0; Win64; x64) AppleWebKit/537.36 Chrome/129.0.0.0 Safari/537.36"
172.235.199.100 - - [22/Jul/2026:17:31:15 +0000] "POST /wp-login.php HTTP/1.1" 200 5142 "-" "Mozilla/5.0 (Windows NT 10.0; Win64; x64) AppleWebKit/537.36 Chrome/129.0.0.0 Safari/537.36"
172.235.199.100 - - [22/Jul/2026:17:31:24 +0000] "POST /wp-login.php HTTP/1.1" 200 5142 "-" "Mozilla/5.0 (Windows NT 10.0; Win64; x64) AppleWebKit/537.36 Chrome/129.0.0.0 Safari/537.36"
172.235.199.100 - - [22/Jul/2026:17:31:24 +0000] "POST /wp-login.php HTTP/1.1" 200 5142 "-" "Mozilla/5.0 (Windows NT 10.0; Win64; x64) AppleWebKit/537.36 Chrome/129.0.0.0 Safari/537.36"
105.113.68.127 - - [22/Jul/2026:17:31:32 +0000] "POST /wp-admin/admin-ajax.php HTTP/1.1" 200 77 "https://tradedealings.shop/wp-admin/post.php?post=23&action=elementor" "Mozilla/5.0 (Windows NT 10.0; Win64; x64) AppleWebKit/537.36 (KHTML, like Gecko) Chrome/150.0.0.0 Safari/537.36"
172.235.199.100 - - [22/Jul/2026:17:31:34 +0000] "POST /wp-login.php HTTP/1.1" 200 5142 "-" "Mozilla/5.0 (Macintosh; Intel Mac OS X 10_15_7) AppleWebKit/605.1.15 Version/17.0 Safari/605.1.15"
172.235.199.100 - - [22/Jul/2026:17:31:34 +0000] "POST /wp-login.php HTTP/1.1" 200 5142 "-" "Mozilla/5.0 (Windows NT 10.0; Win64; rv:143.0) Gecko/20100101 Firefox/143.0"
172.235.199.100 - - [22/Jul/2026:17:31:45 +0000] "POST /wp-login.php HTTP/1.1" 200 5142 "-" "Mozilla/5.0 (Windows NT 10.0; Win64; rv:143.0) Gecko/20100101 Firefox/143.0"
172.235.199.100 - - [22/Jul/2026:17:31:45 +0000] "POST /wp-login.php HTTP/1.1" 200 5142 "-" "Mozilla/5.0 (Macintosh; Intel Mac OS X 10_15_7) AppleWebKit/605.1.15 Version/17.0 Safari/605.1.15"
172.235.199.100 - - [22/Jul/2026:17:31:55 +0000] "POST /wp-login.php HTTP/1.1" 200 5142 "-" "Mozilla/5.0 (Macintosh; Intel Mac OS X 10_15_7) AppleWebKit/605.1.15 Version/17.0 Safari/605.1.15"
172.235.199.100 - - [22/Jul/2026:17:31:55 +0000] "POST /wp-login.php HTTP/1.1" 200 5142 "-" "Mozilla/5.0 (Windows NT 10.0; Win64; x64) AppleWebKit/537.36 Chrome/129.0.0.0 Safari/537.36"
172.235.199.100 - - [22/Jul/2026:17:32:05 +0000] "POST /wp-login.php HTTP/1.1" 200 5142 "-" "Mozilla/5.0 (Macintosh; Intel Mac OS X 10_15_7) AppleWebKit/605.1.15 Version/17.0 Safari/605.1.15"
172.235.199.100 - - [22/Jul/2026:17:32:05 +0000] "POST /wp-login.php HTTP/1.1" 200 5142 "-" "Mozilla/5.0 (Windows NT 10.0; Win64; x64) AppleWebKit/537.36 Chrome/129.0.0.0 Safari/537.36"
198.177.124.148 - - [22/Jul/2026:17:32:16 +0000] "POST /wp-cron.php?doing_wp_cron=1784741536.9299550056457519531250 HTTP/1.1" 200 - "-" "WordPress/7.0.2; https://tradedealings.shop"
172.235.199.100 - - [22/Jul/2026:17:32:15 +0000] "POST /wp-login.php HTTP/1.1" 200 5142 "-" "Mozilla/5.0 (Macintosh; Intel Mac OS X 10_15_7) AppleWebKit/605.1.15 Version/17.0 Safari/605.1.15"
172.235.199.100 - - [22/Jul/2026:17:32:15 +0000] "POST /wp-login.php HTTP/1.1" 200 5142 "-" "Mozilla/5.0 (Windows NT 10.0; Win64; rv:143.0) Gecko/20100101 Firefox/143.0"
172.235.199.100 - - [22/Jul/2026:17:32:25 +0000] "POST /wp-login.php HTTP/1.1" 200 5142 "-" "Mozilla/5.0 (Windows NT 10.0; Win64; x64) AppleWebKit/537.36 Chrome/129.0.0.0 Safari/537.36"
172.235.199.100 - - [22/Jul/2026:17:32:25 +0000] "POST /wp-login.php HTTP/1.1" 200 5142 "-" "Mozilla/5.0 (Windows NT 10.0; Win64; rv:143.0) Gecko/20100101 Firefox/143.0"
172.235.199.100 - - [22/Jul/2026:17:32:36 +0000] "POST /wp-login.php HTTP/1.1" 200 5142 "-" "Mozilla/5.0 (Macintosh; Intel Mac OS X 10_15_7) AppleWebKit/605.1.15 Version/17.0 Safari/605.1.15"
172.235.199.100 - - [22/Jul/2026:17:32:36 +0000] "POST /wp-login.php HTTP/1.1" 200 5142 "-" "Mozilla/5.0 (Windows NT 10.0; Win64; x64) AppleWebKit/537.36 Chrome/129.0.0.0 Safari/537.36"
172.235.199.100 - - [22/Jul/2026:17:32:46 +0000] "POST /wp-login.php HTTP/1.1" 200 5142 "-" "Mozilla/5.0 (Windows NT 10.0; Win64; rv:143.0) Gecko/20100101 Firefox/143.0"
172.235.199.100 - - [22/Jul/2026:17:32:46 +0000] "POST /wp-login.php HTTP/1.1" 200 5142 "-" "Mozilla/5.0 (Windows NT 10.0; Win64; rv:143.0) Gecko/20100101 Firefox/143.0"
172.235.199.100 - - [22/Jul/2026:17:32:56 +0000] "POST /wp-login.php HTTP/1.1" 200 5142 "-" "Mozilla/5.0 (Macintosh; Intel Mac OS X 10_15_7) AppleWebKit/605.1.15 Version/17.0 Safari/605.1.15"
172.235.199.100 - - [22/Jul/2026:17:32:56 +0000] "POST /wp-login.php HTTP/1.1" 200 5142 "-" "Mozilla/5.0 (Macintosh; Intel Mac OS X 10_15_7) AppleWebKit/605.1.15 Version/17.0 Safari/605.1.15"
172.235.199.100 - - [22/Jul/2026:17:33:06 +0000] "POST /wp-login.php HTTP/1.1" 200 5142 "-" "Mozilla/5.0 (Windows NT 10.0; Win64; x64) AppleWebKit/537.36 Chrome/129.0.0.0 Safari/537.36"
172.235.199.100 - - [22/Jul/2026:17:33:06 +0000] "POST /wp-login.php HTTP/1.1" 200 5142 "-" "Mozilla/5.0 (Windows NT 10.0; Win64; x64) AppleWebKit/537.36 Chrome/129.0.0.0 Safari/537.36"
198.177.124.148 - - [22/Jul/2026:17:33:31 +0000] "POST /wp-cron.php?doing_wp_cron=1784741611.3766620159149169921875 HTTP/1.1" 200 - "-" "WordPress/7.0.2; https://tradedealings.shop"
105.113.68.127 - - [22/Jul/2026:17:33:29 +0000] "POST /wp-admin/admin-ajax.php HTTP/1.1" 200 77 "https://tradedealings.shop/wp-admin/post.php?post=23&action=elementor" "Mozilla/5.0 (Windows NT 10.0; Win64; x64) AppleWebKit/537.36 (KHTML, like Gecko) Chrome/150.0.0.0 Safari/537.36"
198.177.124.148 - - [22/Jul/2026:17:35:29 +0000] "POST /wp-cron.php?doing_wp_cron=1784741729.6195650100708007812500 HTTP/1.1" 200 - "-" "WordPress/7.0.2; https://tradedealings.shop"
105.113.68.127 - - [22/Jul/2026:17:35:28 +0000] "POST /wp-admin/admin-ajax.php HTTP/1.1" 200 77 "https://tradedealings.shop/wp-admin/post.php?post=23&action=elementor" "Mozilla/5.0 (Windows NT 10.0; Win64; x64) AppleWebKit/537.36 (KHTML, like Gecko) Chrome/150.0.0.0 Safari/537.36"
198.177.124.148 - - [22/Jul/2026:17:36:27 +0000] "POST /wp-cron.php?doing_wp_cron=1784741787.7227399349212646484375 HTTP/1.1" 200 - "-" "WordPress/7.0.2; https://tradedealings.shop"
104.28.157.139 - - [22/Jul/2026:17:36:24 +0000] "POST /wp-login.php HTTP/1.1" 200 5142 "-" "Mozilla/5.0 (Macintosh; Intel Mac OS X 10_15_7) AppleWebKit/605.1.15 Version/17.0 Safari/605.1.15"
104.28.157.139 - - [22/Jul/2026:17:36:24 +0000] "POST /wp-login.php HTTP/1.1" 200 5142 "-" "Mozilla/5.0 (Windows NT 10.0; Win64; rv:143.0) Gecko/20100101 Firefox/143.0"
198.177.124.148 - - [22/Jul/2026:17:37:30 +0000] "POST /wp-cron.php?doing_wp_cron=1784741850.1697170734405517578125 HTTP/1.1" 200 - "-" "WordPress/7.0.2; https://tradedealings.shop"
105.113.68.127 - - [22/Jul/2026:17:37:28 +0000] "POST /wp-admin/admin-ajax.php HTTP/1.1" 200 77 "https://tradedealings.shop/wp-admin/post.php?post=23&action=elementor" "Mozilla/5.0 (Windows NT 10.0; Win64; x64) AppleWebKit/537.36 (KHTML, like Gecko) Chrome/150.0.0.0 Safari/537.36"
104.28.163.98 - - [22/Jul/2026:17:38:05 +0000] "GET /wp-login.php HTTP/1.1" 200 4729 "-" "Mozilla/5.0 (Macintosh; Intel Mac OS X 10_15_7) AppleWebKit/605.1.15 Version/17.0 Safari/605.1.15"
104.28.163.98 - - [22/Jul/2026:17:38:08 +0000] "GET /?author=1 HTTP/1.1" 301 - "-" "Mozilla/5.0 (Macintosh; Intel Mac OS X 10_15_7) AppleWebKit/605.1.15 Version/17.0 Safari/605.1.15"
104.28.163.98 - - [22/Jul/2026:17:38:10 +0000] "GET /?rest_route=/wp/v2/users HTTP/1.1" 200 776 "-" "Mozilla/5.0 (Macintosh; Intel Mac OS X 10_15_7) AppleWebKit/605.1.15 Version/17.0 Safari/605.1.15"
198.177.124.148 - - [22/Jul/2026:17:38:15 +0000] "POST /wp-cron.php?doing_wp_cron=1784741894.9904890060424804687500 HTTP/1.1" 200 - "-" "WordPress/7.0.2; https://tradedealings.shop"
104.28.163.98 - - [22/Jul/2026:17:38:12 +0000] "GET /?author=2 HTTP/1.1" 404 60473 "-" "Mozilla/5.0 (Macintosh; Intel Mac OS X 10_15_7) AppleWebKit/605.1.15 Version/17.0 Safari/605.1.15"
104.28.163.98 - - [22/Jul/2026:17:38:15 +0000] "GET /?rest_route=/wp/v2/users HTTP/1.1" 200 776 "-" "Mozilla/5.0 (Windows NT 10.0; Win64; x64) AppleWebKit/537.36 Chrome/129.0.0.0 Safari/537.36"
198.177.124.148 - - [22/Jul/2026:17:39:30 +0000] "POST /wp-cron.php?doing_wp_cron=1784741970.6425828933715820312500 HTTP/1.1" 200 - "-" "WordPress/7.0.2; https://tradedealings.shop"
105.113.68.127 - - [22/Jul/2026:17:39:29 +0000] "POST /wp-admin/admin-ajax.php HTTP/1.1" 200 77 "https://tradedealings.shop/wp-admin/post.php?post=23&action=elementor" "Mozilla/5.0 (Windows NT 10.0; Win64; x64) AppleWebKit/537.36 (KHTML, like Gecko) Chrome/150.0.0.0 Safari/537.36"
198.177.124.148 - - [22/Jul/2026:17:40:13 +0000] "POST /wp-cron.php?doing_wp_cron=1784742013.1239850521087646484375 HTTP/1.1" 200 - "-" "WordPress/7.0.2; https://tradedealings.shop"
104.28.157.145 - - [22/Jul/2026:17:40:10 +0000] "POST /wp-login.php HTTP/1.1" 200 5142 "-" "Mozilla/5.0 (Macintosh; Intel Mac OS X 10_15_7) AppleWebKit/605.1.15 Version/17.0 Safari/605.1.15"
104.28.157.145 - - [22/Jul/2026:17:40:10 +0000] "POST /wp-login.php HTTP/1.1" 200 5142 "-" "Mozilla/5.0 (Windows NT 10.0; Win64; x64) AppleWebKit/537.36 Chrome/129.0.0.0 Safari/537.36"
198.177.124.148 - - [22/Jul/2026:17:41:32 +0000] "POST /wp-cron.php?doing_wp_cron=1784742092.1532700061798095703125 HTTP/1.1" 200 - "-" "WordPress/7.0.2; https://tradedealings.shop"
105.113.68.127 - - [22/Jul/2026:17:41:29 +0000] "POST /wp-admin/admin-ajax.php HTTP/1.1" 200 77 "https://tradedealings.shop/wp-admin/post.php?post=23&action=elementor" "Mozilla/5.0 (Windows NT 10.0; Win64; x64) AppleWebKit/537.36 (KHTML, like Gecko) Chrome/150.0.0.0 Safari/537.36"
198.177.124.148 - - [22/Jul/2026:17:43:33 +0000] "POST /wp-cron.php?doing_wp_cron=1784742213.0029060840606689453125 HTTP/1.1" 200 - "-" "WordPress/7.0.2; https://tradedealings.shop"
105.113.68.127 - - [22/Jul/2026:17:43:30 +0000] "POST /wp-admin/admin-ajax.php HTTP/1.1" 200 77 "https://tradedealings.shop/wp-admin/post.php?post=23&action=elementor" "Mozilla/5.0 (Windows NT 10.0; Win64; x64) AppleWebKit/537.36 (KHTML, like Gecko) Chrome/150.0.0.0 Safari/537.36"
129.227.238.163 - - [22/Jul/2026:17:43:41 +0000] "GET /wp-login.php HTTP/1.1" 200 4729 "-" "Mozilla/5.0"
129.227.238.163 - - [22/Jul/2026:17:43:43 +0000] "GET /?author=1 HTTP/1.1" 301 - "-" "Mozilla/5.0"
129.227.238.163 - - [22/Jul/2026:17:43:45 +0000] "GET /?rest_route=/wp/v2/users HTTP/1.1" 200 776 "-" "Mozilla/5.0"
