66.249.75.97 - - [22/Jul/2026:22:00:52 +0000] "GET /wp-includes/js/dist/script-modules/block-library/navigation/view.min.js?ver=96a846e1d7b789c39ab9 HTTP/1.1" 200 3053 "https://tradedealings.shop/" "Mozilla/5.0 (Linux; Android 6.0.1; Nexus 5X Build/MMB29P) AppleWebKit/537.36 (KHTML, like Gecko) Chrome/150.0.7871.128 Mobile Safari/537.36 (compatible; Googlebot/2.1; +http://www.google.com/bot.html)"
66.249.75.96 - - [22/Jul/2026:22:00:53 +0000] "GET /wp-includes/js/dist/script-modules/interactivity/index.min.js?ver=efaa5193bbad9c60ffd1 HTTP/1.1" 200 40106 "-" "Mozilla/5.0 (Linux; Android 6.0.1; Nexus 5X Build/MMB29P) AppleWebKit/537.36 (KHTML, like Gecko) Chrome/150.0.7871.128 Mobile Safari/537.36 (compatible; Googlebot/2.1; +http://www.google.com/bot.html)"
198.177.124.148 - - [22/Jul/2026:22:02:25 +0000] "POST /wp-cron.php?doing_wp_cron=1784757745.1487710475921630859375 HTTP/1.1" 200 - "-" "WordPress/7.0.2; https://tradedealings.shop"
66.249.69.171 - - [22/Jul/2026:22:02:23 +0000] "GET / HTTP/1.1" 301 - "-" "Mozilla/5.0 (compatible; Googlebot/2.1; +http://www.google.com/bot.html)"
66.249.69.170 - - [22/Jul/2026:22:02:25 +0000] "GET / HTTP/1.1" 301 - "-" "Mozilla/5.0 (Linux; Android 6.0.1; Nexus 5X Build/MMB29P) AppleWebKit/537.36 (KHTML, like Gecko) Chrome/99.0.4844.84 Mobile Safari/537.36 (compatible; Googlebot/2.1; +http://www.google.com/bot.html)"
66.249.75.97 - - [22/Jul/2026:22:02:27 +0000] "GET / HTTP/1.1" 200 71722 "-" "Mozilla/5.0 (compatible; Googlebot/2.1; +http://www.google.com/bot.html)"
66.249.75.97 - - [22/Jul/2026:22:02:29 +0000] "GET / HTTP/1.1" 200 71722 "-" "Mozilla/5.0 (Linux; Android 6.0.1; Nexus 5X Build/MMB29P) AppleWebKit/537.36 (KHTML, like Gecko) Chrome/99.0.4844.84 Mobile Safari/537.36 (compatible; Googlebot/2.1; +http://www.google.com/bot.html)"
66.249.75.96 - - [22/Jul/2026:22:02:31 +0000] "GET /wp-includes/js/dist/script-modules/block-library/navigation/view.min.js?ver=96a846e1d7b789c39ab9 HTTP/1.1" 200 3053 "https://tradedealings.shop/" "Mozilla/5.0 AppleWebKit/537.36 (KHTML, like Gecko; compatible; Googlebot/2.1; +http://www.google.com/bot.html) Chrome/149.0.7827.200 Safari/537.36"
66.249.75.96 - - [22/Jul/2026:22:02:32 +0000] "GET /wp-includes/js/dist/script-modules/interactivity/index.min.js?ver=efaa5193bbad9c60ffd1 HTTP/1.1" 200 40106 "-" "Mozilla/5.0 AppleWebKit/537.36 (KHTML, like Gecko; compatible; Googlebot/2.1; +http://www.google.com/bot.html) Chrome/149.0.7827.200 Safari/537.36"
66.249.75.96 - - [22/Jul/2026:22:02:33 +0000] "GET /wp-includes/js/dist/script-modules/interactivity/index.min.js?ver=efaa5193bbad9c60ffd1 HTTP/1.1" 200 40106 "-" "Mozilla/5.0 (Linux; Android 6.0.1; Nexus 5X Build/MMB29P) AppleWebKit/537.36 (KHTML, like Gecko) Chrome/149.0.7827.200 Mobile Safari/537.36 (compatible; Googlebot/2.1; +http://www.google.com/bot.html)"
66.249.75.96 - - [22/Jul/2026:22:02:34 +0000] "GET /wp-includes/js/dist/script-modules/block-library/navigation/view.min.js?ver=96a846e1d7b789c39ab9 HTTP/1.1" 200 3053 "https://tradedealings.shop/" "Mozilla/5.0 (Linux; Android 6.0.1; Nexus 5X Build/MMB29P) AppleWebKit/537.36 (KHTML, like Gecko) Chrome/149.0.7827.200 Mobile Safari/537.36 (compatible; Googlebot/2.1; +http://www.google.com/bot.html)"
66.249.75.110 - - [22/Jul/2026:22:02:37 +0000] "GET / HTTP/1.1" 200 71722 "-" "Mozilla/5.0 (compatible; Googlebot/2.1; +http://www.google.com/bot.html)"
66.249.75.110 - - [22/Jul/2026:22:02:46 +0000] "GET / HTTP/1.1" 200 71722 "-" "Mozilla/5.0 (Linux; Android 6.0.1; Nexus 5X Build/MMB29P) AppleWebKit/537.36 (KHTML, like Gecko) Chrome/99.0.4844.84 Mobile Safari/537.36 (compatible; Googlebot/2.1; +http://www.google.com/bot.html)"
66.249.75.110 - - [22/Jul/2026:22:03:09 +0000] "GET /favicon.ico HTTP/1.1" 302 - "-" "Googlebot-Image/1.0"
198.177.124.148 - - [22/Jul/2026:22:03:30 +0000] "POST /wp-cron.php?doing_wp_cron=1784757810.3865339756011962890625 HTTP/1.1" 200 - "-" "WordPress/7.0.2; https://tradedealings.shop"
66.249.75.110 - - [22/Jul/2026:22:03:29 +0000] "GET /favicon.ico HTTP/1.1" 302 - "-" "Googlebot-Image/1.0"
66.249.75.96 - - [22/Jul/2026:22:03:41 +0000] "GET /wp-includes/images/w-logo-blue-white-bg.png HTTP/1.1" 200 4119 "-" "Googlebot-Image/1.0"
66.249.75.96 - - [22/Jul/2026:22:03:41 +0000] "GET /wp-includes/images/w-logo-blue-white-bg.png HTTP/1.1" 200 4119 "-" "Googlebot-Image/1.0"
198.177.124.148 - - [22/Jul/2026:22:07:32 +0000] "POST /wp-cron.php?doing_wp_cron=1784758052.2136991024017333984375 HTTP/1.1" 200 - "-" "WordPress/7.0.2; https://tradedealings.shop"
104.28.163.98 - - [22/Jul/2026:22:07:30 +0000] "POST /wp-login.php HTTP/1.1" 200 5142 "-" "Mozilla/5.0 (Windows NT 10.0; Win64; rv:143.0) Gecko/20100101 Firefox/143.0"
104.28.163.98 - - [22/Jul/2026:22:07:31 +0000] "POST /wp-login.php HTTP/1.1" 200 5142 "-" "Mozilla/5.0 (Macintosh; Intel Mac OS X 10_15_7) AppleWebKit/605.1.15 Version/17.0 Safari/605.1.15"
198.177.124.148 - - [22/Jul/2026:22:12:58 +0000] "POST /wp-cron.php?doing_wp_cron=1784758378.8807349205017089843750 HTTP/1.1" 200 - "-" "WordPress/7.0.2; https://tradedealings.shop"
103.76.88.36 - - [22/Jul/2026:22:12:57 +0000] "GET /.env HTTP/1.1" 301 - "-" "Mozilla/5.0 (Windows NT 10.0; Win64; x64) AppleWebKit/537.36"
103.76.88.36 - - [22/Jul/2026:22:13:00 +0000] "GET /.env HTTP/1.1" 404 60473 "https://www.tradedealings.shop/.env" "Mozilla/5.0 (Windows NT 10.0; Win64; x64) AppleWebKit/537.36"
198.177.124.148 - - [22/Jul/2026:22:13:54 +0000] "POST /wp-cron.php?doing_wp_cron=1784758434.5090570449829101562500 HTTP/1.1" 200 - "-" "WordPress/7.0.2; https://tradedealings.shop"
216.73.216.228 - - [22/Jul/2026:22:13:53 +0000] "GET /robots.txt HTTP/1.1" 200 119 "-" "Mozilla/5.0 AppleWebKit/537.36 (KHTML, like Gecko; compatible; ClaudeBot/1.0; +claudebot@anthropic.com)"
216.73.216.228 - - [22/Jul/2026:22:13:54 +0000] "GET /wp-content/uploads/elementor/css/base-mobile.css HTTP/1.1" 200 87 "-" "Mozilla/5.0 AppleWebKit/537.36 (KHTML, like Gecko; compatible; ClaudeBot/1.0; +claudebot@anthropic.com)"
216.73.216.228 - - [22/Jul/2026:22:18:09 +0000] "GET /wp-includes/js/jquery/ui/core.min.js HTTP/1.1" 200 21464 "-" "Mozilla/5.0 AppleWebKit/537.36 (KHTML, like Gecko; compatible; ClaudeBot/1.0; +claudebot@anthropic.com)"
104.28.163.98 - - [22/Jul/2026:22:26:33 +0000] "POST /wp-login.php HTTP/1.1" 200 5142 "-" "Mozilla/5.0 (Macintosh; Intel Mac OS X 10_15_7) AppleWebKit/605.1.15 Version/17.0 Safari/605.1.15"
198.177.124.148 - - [22/Jul/2026:22:26:35 +0000] "POST /wp-cron.php?doing_wp_cron=1784759195.5638830661773681640625 HTTP/1.1" 200 - "-" "WordPress/7.0.2; https://tradedealings.shop"
104.28.163.98 - - [22/Jul/2026:22:26:33 +0000] "POST /wp-login.php HTTP/1.1" 200 5142 "-" "Mozilla/5.0 (Macintosh; Intel Mac OS X 10_15_7) AppleWebKit/605.1.15 Version/17.0 Safari/605.1.15"
66.249.75.96 - - [22/Jul/2026:22:34:51 +0000] "GET /wp-includes/js/dist/script-modules/interactivity/index.min.js?ver=efaa5193bbad9c60ffd1 HTTP/1.1" 200 40106 "-" "Mozilla/5.0 (Linux; Android 6.0.1; Nexus 5X Build/MMB29P) AppleWebKit/537.36 (KHTML, like Gecko) Chrome/150.0.7871.128 Mobile Safari/537.36 (compatible; GoogleOther)"
198.177.124.148 - - [22/Jul/2026:22:36:21 +0000] "POST /wp-cron.php?doing_wp_cron=1784759781.2245609760284423828125 HTTP/1.1" 200 - "-" "WordPress/7.0.2; https://tradedealings.shop"
158.58.172.21 - - [22/Jul/2026:22:36:20 +0000] "GET /wp-login.php HTTP/1.1" 200 4729 "-" "Mozilla/5.0 (Macintosh; Intel Mac OS X 10_15_7) AppleWebKit/605.1.15 Version/17.0 Safari/605.1.15"
146.70.21.195 - - [22/Jul/2026:22:36:19 +0000] "GET /wp-login.php HTTP/1.1" 200 4729 "-" "Mozilla/5.0 (Macintosh; Intel Mac OS X 14_3) AppleWebKit/537.36 (KHTML, like Gecko) Chrome/125.0.0.0 Safari/537.36"
146.70.21.195 - - [22/Jul/2026:22:36:21 +0000] "GET /?author=1 HTTP/1.1" 301 - "-" "Mozilla/5.0 (Windows NT 10.0; Win64; x64) AppleWebKit/537.36 (KHTML, like Gecko) Chrome/124.0.0.0 Safari/537.36 OPR/108.0.0.0"
158.58.172.21 - - [22/Jul/2026:22:36:21 +0000] "GET /?author=1 HTTP/1.1" 301 - "-" "Mozilla/5.0 (Windows NT 10.0; Win64; x64) AppleWebKit/537.36 Chrome/129.0.0.0 Safari/537.36"
146.70.21.195 - - [22/Jul/2026:22:36:23 +0000] "GET /?rest_route=/wp/v2/users HTTP/1.1" 200 776 "-" "Mozilla/5.0 (Windows NT 10.0; Win64; x64; rv:125.0) Gecko/20100101 Firefox/125.0"
158.58.172.21 - - [22/Jul/2026:22:36:23 +0000] "GET /?rest_route=/wp/v2/users HTTP/1.1" 200 776 "-" "Mozilla/5.0 (Windows NT 10.0; Win64; rv:143.0) Gecko/20100101 Firefox/143.0"
146.70.21.195 - - [22/Jul/2026:22:36:24 +0000] "GET /?author=2 HTTP/1.1" 404 60473 "-" "Mozilla/5.0 (Windows NT 10.0; Win64; x64) AppleWebKit/537.36 (KHTML, like Gecko) Chrome/124.0.0.0 Safari/537.36 OPR/108.0.0.0"
158.58.172.21 - - [22/Jul/2026:22:36:24 +0000] "GET /?author=2 HTTP/1.1" 404 60473 "-" "Mozilla/5.0 (Windows NT 10.0; Win64; x64) AppleWebKit/537.36 Chrome/129.0.0.0 Safari/537.36"
146.70.21.195 - - [22/Jul/2026:22:36:27 +0000] "GET /?rest_route=/wp/v2/users HTTP/1.1" 200 776 "-" "Mozilla/5.0 (Windows NT 10.0; Win64; x64; rv:125.0) Gecko/20100101 Firefox/125.0"
158.58.172.21 - - [22/Jul/2026:22:36:27 +0000] "GET /?rest_route=/wp/v2/users HTTP/1.1" 200 776 "-" "Mozilla/5.0 (Windows NT 10.0; Win64; x64) AppleWebKit/537.36 Chrome/129.0.0.0 Safari/537.36"
198.177.124.148 - - [22/Jul/2026:22:45:38 +0000] "POST /wp-cron.php?doing_wp_cron=1784760338.7984430789947509765625 HTTP/1.1" 200 - "-" "WordPress/7.0.2; https://tradedealings.shop"
104.28.163.98 - - [22/Jul/2026:22:45:36 +0000] "POST /wp-login.php HTTP/1.1" 200 5142 "-" "Mozilla/5.0 (Macintosh; Intel Mac OS X 10_15_7) AppleWebKit/605.1.15 Version/17.0 Safari/605.1.15"
104.28.163.98 - - [22/Jul/2026:22:45:36 +0000] "POST /wp-login.php HTTP/1.1" 200 5142 "-" "Mozilla/5.0 (Macintosh; Intel Mac OS X 10_15_7) AppleWebKit/605.1.15 Version/17.0 Safari/605.1.15"
198.177.124.148 - - [22/Jul/2026:22:47:17 +0000] "POST /wp-cron.php?doing_wp_cron=1784760437.4838049411773681640625 HTTP/1.1" 200 - "-" "WordPress/7.0.2; https://tradedealings.shop"
172.236.122.62 - - [22/Jul/2026:22:47:15 +0000] "GET / HTTP/1.1" 200 71722 "-" "Mozilla/5.0 (Windows NT 10.0; Win64; x64) AppleWebKit/537.36 (KHTML, like Gecko) Chrome/139.0.0.0 Safari/537.36"
104.28.156.107 - - [22/Jul/2026:22:47:26 +0000] "GET /wp-login.php HTTP/1.1" 200 4729 "-" "Mozilla/5.0"
104.28.156.107 - - [22/Jul/2026:22:47:28 +0000] "GET /?author=1 HTTP/1.1" 301 - "-" "Mozilla/5.0"
104.28.156.107 - - [22/Jul/2026:22:47:29 +0000] "GET /?rest_route=/wp/v2/users HTTP/1.1" 200 776 "-" "Mozilla/5.0"
104.28.156.107 - - [22/Jul/2026:22:47:31 +0000] "GET /?author=2 HTTP/1.1" 404 60473 "-" "Mozilla/5.0"
104.28.156.107 - - [22/Jul/2026:22:47:33 +0000] "GET /?rest_route=/wp/v2/users HTTP/1.1" 200 776 "-" "Mozilla/5.0"
158.58.172.21 - - [22/Jul/2026:22:47:59 +0000] "POST /wp-login.php HTTP/1.1" 200 5142 "-" "Mozilla/5.0 (Windows NT 10.0; Win64; rv:143.0) Gecko/20100101 Firefox/143.0"
158.58.172.21 - - [22/Jul/2026:22:47:59 +0000] "POST /wp-login.php HTTP/1.1" 200 5142 "-" "Mozilla/5.0 (Windows NT 10.0; Win64; x64) AppleWebKit/537.36 Chrome/129.0.0.0 Safari/537.36"
198.177.124.148 - - [22/Jul/2026:22:48:34 +0000] "POST /wp-cron.php?doing_wp_cron=1784760514.1433160305023193359375 HTTP/1.1" 200 - "-" "WordPress/7.0.2; https://tradedealings.shop"
158.58.172.21 - - [22/Jul/2026:22:48:31 +0000] "POST /wp-login.php HTTP/1.1" 200 5142 "-" "Mozilla/5.0 (Macintosh; Intel Mac OS X 10_15_7) AppleWebKit/605.1.15 Version/17.0 Safari/605.1.15"
158.58.172.21 - - [22/Jul/2026:22:48:31 +0000] "POST /wp-login.php HTTP/1.1" 200 5142 "-" "Mozilla/5.0 (Windows NT 10.0; Win64; x64) AppleWebKit/537.36 Chrome/129.0.0.0 Safari/537.36"
146.70.21.195 - - [22/Jul/2026:22:48:37 +0000] "POST /wp-login.php HTTP/1.1" 200 5142 "-" "Mozilla/5.0 (X11; Linux x86_64) AppleWebKit/537.36 (KHTML, like Gecko) Chrome/124.0.0.0 Safari/537.36 Vivaldi/6.7"
146.70.21.195 - - [22/Jul/2026:22:48:37 +0000] "POST /wp-login.php HTTP/1.1" 200 5142 "-" "Mozilla/5.0 (Windows NT 6.3; Win64; x64; rv:118.0) Gecko/20100101 Firefox/118.0"
158.58.172.21 - - [22/Jul/2026:22:48:57 +0000] "POST /wp-login.php HTTP/1.1" 200 5142 "-" "Mozilla/5.0 (Windows NT 10.0; Win64; x64) AppleWebKit/537.36 Chrome/129.0.0.0 Safari/537.36"
158.58.172.21 - - [22/Jul/2026:22:48:57 +0000] "POST /wp-login.php HTTP/1.1" 200 5142 "-" "Mozilla/5.0 (Macintosh; Intel Mac OS X 10_15_7) AppleWebKit/605.1.15 Version/17.0 Safari/605.1.15"
198.177.124.148 - - [22/Jul/2026:22:49:30 +0000] "POST /wp-cron.php?doing_wp_cron=1784760570.5491321086883544921875 HTTP/1.1" 200 - "-" "WordPress/7.0.2; https://tradedealings.shop"
158.58.172.21 - - [22/Jul/2026:22:49:28 +0000] "POST /wp-login.php HTTP/1.1" 200 5142 "-" "Mozilla/5.0 (Macintosh; Intel Mac OS X 10_15_7) AppleWebKit/605.1.15 Version/17.0 Safari/605.1.15"
158.58.172.21 - - [22/Jul/2026:22:49:28 +0000] "POST /wp-login.php HTTP/1.1" 200 5142 "-" "Mozilla/5.0 (Windows NT 10.0; Win64; rv:143.0) Gecko/20100101 Firefox/143.0"
158.58.172.21 - - [22/Jul/2026:22:50:00 +0000] "POST /wp-login.php HTTP/1.1" 200 5142 "-" "Mozilla/5.0 (Macintosh; Intel Mac OS X 10_15_7) AppleWebKit/605.1.15 Version/17.0 Safari/605.1.15"
158.58.172.21 - - [22/Jul/2026:22:50:00 +0000] "POST /wp-login.php HTTP/1.1" 200 5142 "-" "Mozilla/5.0 (Windows NT 10.0; Win64; rv:143.0) Gecko/20100101 Firefox/143.0"
198.177.124.148 - - [22/Jul/2026:22:50:39 +0000] "POST /wp-cron.php?doing_wp_cron=1784760639.8353209495544433593750 HTTP/1.1" 200 - "-" "WordPress/7.0.2; https://tradedealings.shop"
158.58.172.21 - - [22/Jul/2026:22:50:37 +0000] "POST /wp-login.php HTTP/1.1" 200 5142 "-" "Mozilla/5.0 (Windows NT 10.0; Win64; x64) AppleWebKit/537.36 Chrome/129.0.0.0 Safari/537.36"
158.58.172.21 - - [22/Jul/2026:22:50:37 +0000] "POST /wp-login.php HTTP/1.1" 200 5142 "-" "Mozilla/5.0 (Windows NT 10.0; Win64; x64) AppleWebKit/537.36 Chrome/129.0.0.0 Safari/537.36"
146.70.21.195 - - [22/Jul/2026:22:50:55 +0000] "POST /wp-login.php HTTP/1.1" 200 5142 "-" "Mozilla/5.0 (Windows NT 11.0; Win64; x64) AppleWebKit/537.36 (KHTML, like Gecko) Chrome/125.0.0.0 Safari/537.36 Edg/125.0.0.0"
146.70.21.195 - - [22/Jul/2026:22:50:55 +0000] "POST /wp-login.php HTTP/1.1" 200 5142 "-" "Mozilla/5.0 (Windows NT 10.0; WOW64) AppleWebKit/537.36 (KHTML, like Gecko) Chrome/118.0.0.0 Safari/537.36"
158.58.172.21 - - [22/Jul/2026:22:51:15 +0000] "POST /wp-login.php HTTP/1.1" 200 5142 "-" "Mozilla/5.0 (Macintosh; Intel Mac OS X 10_15_7) AppleWebKit/605.1.15 Version/17.0 Safari/605.1.15"
198.177.124.148 - - [22/Jul/2026:22:51:17 +0000] "POST /wp-cron.php?doing_wp_cron=1784760677.3845500946044921875000 HTTP/1.1" 200 - "-" "WordPress/7.0.2; https://tradedealings.shop"
158.58.172.21 - - [22/Jul/2026:22:51:15 +0000] "POST /wp-login.php HTTP/1.1" 200 5142 "-" "Mozilla/5.0 (Macintosh; Intel Mac OS X 10_15_7) AppleWebKit/605.1.15 Version/17.0 Safari/605.1.15"
158.58.172.21 - - [22/Jul/2026:22:51:52 +0000] "POST /wp-login.php HTTP/1.1" 200 5142 "-" "Mozilla/5.0 (Windows NT 10.0; Win64; x64) AppleWebKit/537.36 Chrome/129.0.0.0 Safari/537.36"
158.58.172.21 - - [22/Jul/2026:22:51:52 +0000] "POST /wp-login.php HTTP/1.1" 200 5142 "-" "Mozilla/5.0 (Windows NT 10.0; Win64; rv:143.0) Gecko/20100101 Firefox/143.0"
198.177.124.148 - - [22/Jul/2026:22:52:32 +0000] "POST /wp-cron.php?doing_wp_cron=1784760752.7007789611816406250000 HTTP/1.1" 200 - "-" "WordPress/7.0.2; https://tradedealings.shop"
158.58.172.21 - - [22/Jul/2026:22:52:30 +0000] "POST /wp-login.php HTTP/1.1" 200 5142 "-" "Mozilla/5.0 (Macintosh; Intel Mac OS X 10_15_7) AppleWebKit/605.1.15 Version/17.0 Safari/605.1.15"
158.58.172.21 - - [22/Jul/2026:22:52:30 +0000] "POST /wp-login.php HTTP/1.1" 200 5142 "-" "Mozilla/5.0 (Macintosh; Intel Mac OS X 10_15_7) AppleWebKit/605.1.15 Version/17.0 Safari/605.1.15"
146.70.21.195 - - [22/Jul/2026:22:52:36 +0000] "POST /wp-login.php HTTP/1.1" 200 5142 "-" "Mozilla/5.0 (Macintosh; Intel Mac OS X 13.5; rv:124.0) Gecko/20100101 Firefox/124.0"
146.70.21.195 - - [22/Jul/2026:22:52:36 +0000] "POST /wp-login.php HTTP/1.1" 200 5142 "-" "Mozilla/5.0 (X11; Linux x86_64) AppleWebKit/537.36 (KHTML, like Gecko) Chrome/123.0.0.0 Safari/537.36 OPR/107.0.0.0"
158.58.172.21 - - [22/Jul/2026:22:53:10 +0000] "POST /wp-login.php HTTP/1.1" 200 5142 "-" "Mozilla/5.0 (Windows NT 10.0; Win64; x64) AppleWebKit/537.36 Chrome/129.0.0.0 Safari/537.36"
158.58.172.21 - - [22/Jul/2026:22:53:10 +0000] "POST /wp-login.php HTTP/1.1" 200 5142 "-" "Mozilla/5.0 (Windows NT 10.0; Win64; rv:143.0) Gecko/20100101 Firefox/143.0"
198.177.124.148 - - [22/Jul/2026:22:53:51 +0000] "POST /wp-cron.php?doing_wp_cron=1784760831.8911159038543701171875 HTTP/1.1" 200 - "-" "WordPress/7.0.2; https://tradedealings.shop"
158.58.172.21 - - [22/Jul/2026:22:53:50 +0000] "POST /wp-login.php HTTP/1.1" 200 5142 "-" "Mozilla/5.0 (Windows NT 10.0; Win64; x64) AppleWebKit/537.36 Chrome/129.0.0.0 Safari/537.36"
158.58.172.21 - - [22/Jul/2026:22:53:49 +0000] "POST /wp-login.php HTTP/1.1" 200 5142 "-" "Mozilla/5.0 (Windows NT 10.0; Win64; rv:143.0) Gecko/20100101 Firefox/143.0"
198.177.124.148 - - [22/Jul/2026:22:54:32 +0000] "POST /wp-cron.php?doing_wp_cron=1784760872.5823619365692138671875 HTTP/1.1" 200 - "-" "WordPress/7.0.2; https://tradedealings.shop"
158.58.172.21 - - [22/Jul/2026:22:54:31 +0000] "POST /wp-login.php HTTP/1.1" 200 5142 "-" "Mozilla/5.0 (Windows NT 10.0; Win64; x64) AppleWebKit/537.36 Chrome/129.0.0.0 Safari/537.36"
158.58.172.21 - - [22/Jul/2026:22:54:31 +0000] "POST /wp-login.php HTTP/1.1" 200 5142 "-" "Mozilla/5.0 (Windows NT 10.0; Win64; x64) AppleWebKit/537.36 Chrome/129.0.0.0 Safari/537.36"
146.70.21.195 - - [22/Jul/2026:22:54:32 +0000] "POST /wp-login.php HTTP/1.1" 200 5142 "-" "Mozilla/5.0 (Windows NT 10.0; WOW64) AppleWebKit/537.36 (KHTML, like Gecko) Chrome/118.0.0.0 Safari/537.36"
146.70.21.195 - - [22/Jul/2026:22:54:32 +0000] "POST /wp-login.php HTTP/1.1" 200 5142 "-" "Mozilla/5.0 (Macintosh; Intel Mac OS X 14_3) AppleWebKit/537.36 (KHTML, like Gecko) Chrome/125.0.0.0 Safari/537.36"
158.58.172.21 - - [22/Jul/2026:22:55:07 +0000] "POST /wp-login.php HTTP/1.1" 200 5142 "-" "Mozilla/5.0 (Macintosh; Intel Mac OS X 10_15_7) AppleWebKit/605.1.15 Version/17.0 Safari/605.1.15"
158.58.172.21 - - [22/Jul/2026:22:55:07 +0000] "POST /wp-login.php HTTP/1.1" 200 5142 "-" "Mozilla/5.0 (Macintosh; Intel Mac OS X 10_15_7) AppleWebKit/605.1.15 Version/17.0 Safari/605.1.15"
198.177.124.148 - - [22/Jul/2026:22:55:51 +0000] "POST /wp-cron.php?doing_wp_cron=1784760951.1097059249877929687500 HTTP/1.1" 200 - "-" "WordPress/7.0.2; https://tradedealings.shop"
158.58.172.21 - - [22/Jul/2026:22:55:48 +0000] "POST /wp-login.php HTTP/1.1" 200 5142 "-" "Mozilla/5.0 (Macintosh; Intel Mac OS X 10_15_7) AppleWebKit/605.1.15 Version/17.0 Safari/605.1.15"
158.58.172.21 - - [22/Jul/2026:22:55:48 +0000] "POST /wp-login.php HTTP/1.1" 200 5142 "-" "Mozilla/5.0 (Windows NT 10.0; Win64; x64) AppleWebKit/537.36 Chrome/129.0.0.0 Safari/537.36"
198.177.124.148 - - [22/Jul/2026:22:56:30 +0000] "POST /wp-cron.php?doing_wp_cron=1784760990.7445669174194335937500 HTTP/1.1" 200 - "-" "WordPress/7.0.2; https://tradedealings.shop"
158.58.172.21 - - [22/Jul/2026:22:56:29 +0000] "POST /wp-login.php HTTP/1.1" 200 5142 "-" "Mozilla/5.0 (Windows NT 10.0; Win64; rv:143.0) Gecko/20100101 Firefox/143.0"
158.58.172.21 - - [22/Jul/2026:22:56:29 +0000] "POST /wp-login.php HTTP/1.1" 200 5142 "-" "Mozilla/5.0 (Windows NT 10.0; Win64; x64) AppleWebKit/537.36 Chrome/129.0.0.0 Safari/537.36"
158.58.172.21 - - [22/Jul/2026:22:57:09 +0000] "POST /wp-login.php HTTP/1.1" 200 5142 "-" "Mozilla/5.0 (Windows NT 10.0; Win64; rv:143.0) Gecko/20100101 Firefox/143.0"
158.58.172.21 - - [22/Jul/2026:22:57:09 +0000] "POST /wp-login.php HTTP/1.1" 200 5142 "-" "Mozilla/5.0 (Windows NT 10.0; Win64; x64) AppleWebKit/537.36 Chrome/129.0.0.0 Safari/537.36"
198.177.124.148 - - [22/Jul/2026:22:57:52 +0000] "POST /wp-cron.php?doing_wp_cron=1784761072.5222558975219726562500 HTTP/1.1" 200 - "-" "WordPress/7.0.2; https://tradedealings.shop"
158.58.172.21 - - [22/Jul/2026:22:57:50 +0000] "POST /wp-login.php HTTP/1.1" 200 5142 "-" "Mozilla/5.0 (Windows NT 10.0; Win64; rv:143.0) Gecko/20100101 Firefox/143.0"
158.58.172.21 - - [22/Jul/2026:22:57:50 +0000] "POST /wp-login.php HTTP/1.1" 200 5142 "-" "Mozilla/5.0 (Windows NT 10.0; Win64; rv:143.0) Gecko/20100101 Firefox/143.0"
198.177.124.148 - - [22/Jul/2026:22:58:32 +0000] "POST /wp-cron.php?doing_wp_cron=1784761112.6810030937194824218750 HTTP/1.1" 200 - "-" "WordPress/7.0.2; https://tradedealings.shop"
158.58.172.21 - - [22/Jul/2026:22:58:30 +0000] "POST /wp-login.php HTTP/1.1" 200 5142 "-" "Mozilla/5.0 (Macintosh; Intel Mac OS X 10_15_7) AppleWebKit/605.1.15 Version/17.0 Safari/605.1.15"
158.58.172.21 - - [22/Jul/2026:22:58:30 +0000] "POST /wp-login.php HTTP/1.1" 200 5142 "-" "Mozilla/5.0 (Windows NT 10.0; Win64; x64) AppleWebKit/537.36 Chrome/129.0.0.0 Safari/537.36"
158.58.172.21 - - [22/Jul/2026:22:59:10 +0000] "POST /wp-login.php HTTP/1.1" 200 5142 "-" "Mozilla/5.0 (Macintosh; Intel Mac OS X 10_15_7) AppleWebKit/605.1.15 Version/17.0 Safari/605.1.15"
198.177.124.148 - - [22/Jul/2026:22:59:13 +0000] "POST /wp-cron.php?doing_wp_cron=1784761153.2191059589385986328125 HTTP/1.1" 200 - "-" "WordPress/7.0.2; https://tradedealings.shop"
158.58.172.21 - - [22/Jul/2026:22:59:10 +0000] "POST /wp-login.php HTTP/1.1" 200 5142 "-" "Mozilla/5.0 (Windows NT 10.0; Win64; rv:143.0) Gecko/20100101 Firefox/143.0"
158.58.172.21 - - [22/Jul/2026:22:59:49 +0000] "POST /wp-login.php HTTP/1.1" 200 5142 "-" "Mozilla/5.0 (Macintosh; Intel Mac OS X 10_15_7) AppleWebKit/605.1.15 Version/17.0 Safari/605.1.15"
158.58.172.21 - - [22/Jul/2026:22:59:49 +0000] "POST /wp-login.php HTTP/1.1" 200 5142 "-" "Mozilla/5.0 (Macintosh; Intel Mac OS X 10_15_7) AppleWebKit/605.1.15 Version/17.0 Safari/605.1.15"
158.58.172.21 - - [22/Jul/2026:23:00:32 +0000] "POST /wp-login.php HTTP/1.1" 200 5142 "-" "Mozilla/5.0 (Windows NT 10.0; Win64; x64) AppleWebKit/537.36 Chrome/129.0.0.0 Safari/537.36"
158.58.172.21 - - [22/Jul/2026:23:00:32 +0000] "POST /wp-login.php HTTP/1.1" 200 5142 "-" "Mozilla/5.0 (Macintosh; Intel Mac OS X 10_15_7) AppleWebKit/605.1.15 Version/17.0 Safari/605.1.15"
198.177.124.148 - - [22/Jul/2026:23:01:16 +0000] "POST /wp-cron.php?doing_wp_cron=1784761276.5398490428924560546875 HTTP/1.1" 200 - "-" "WordPress/7.0.2; https://tradedealings.shop"
158.58.172.21 - - [22/Jul/2026:23:01:14 +0000] "POST /wp-login.php HTTP/1.1" 200 5142 "-" "Mozilla/5.0 (Macintosh; Intel Mac OS X 10_15_7) AppleWebKit/605.1.15 Version/17.0 Safari/605.1.15"
158.58.172.21 - - [22/Jul/2026:23:01:14 +0000] "POST /wp-login.php HTTP/1.1" 200 5142 "-" "Mozilla/5.0 (Macintosh; Intel Mac OS X 10_15_7) AppleWebKit/605.1.15 Version/17.0 Safari/605.1.15"
104.28.163.231 - - [22/Jul/2026:23:01:44 +0000] "GET /wp-login.php HTTP/1.1" 200 4729 "-" "Mozilla/5.0 (Windows NT 10.0; Win64; rv:143.0) Gecko/20100101 Firefox/143.0"
104.28.163.231 - - [22/Jul/2026:23:01:45 +0000] "GET /?author=1 HTTP/1.1" 301 - "-" "Mozilla/5.0 (Macintosh; Intel Mac OS X 10_15_7) AppleWebKit/605.1.15 Version/17.0 Safari/605.1.15"
104.28.163.231 - - [22/Jul/2026:23:01:47 +0000] "GET /?rest_route=/wp/v2/users HTTP/1.1" 200 776 "-" "Mozilla/5.0 (Windows NT 10.0; Win64; x64) AppleWebKit/537.36 Chrome/129.0.0.0 Safari/537.36"
104.28.163.231 - - [22/Jul/2026:23:01:48 +0000] "GET /?author=2 HTTP/1.1" 404 60473 "-" "Mozilla/5.0 (Windows NT 10.0; Win64; rv:143.0) Gecko/20100101 Firefox/143.0"
104.28.163.231 - - [22/Jul/2026:23:01:50 +0000] "GET /?rest_route=/wp/v2/users HTTP/1.1" 200 776 "-" "Mozilla/5.0 (Windows NT 10.0; Win64; x64) AppleWebKit/537.36 Chrome/129.0.0.0 Safari/537.36"
158.58.172.21 - - [22/Jul/2026:23:01:55 +0000] "POST /wp-login.php HTTP/1.1" 200 5142 "-" "Mozilla/5.0 (Windows NT 10.0; Win64; x64) AppleWebKit/537.36 Chrome/129.0.0.0 Safari/537.36"
158.58.172.21 - - [22/Jul/2026:23:01:55 +0000] "POST /wp-login.php HTTP/1.1" 200 5142 "-" "Mozilla/5.0 (Windows NT 10.0; Win64; rv:143.0) Gecko/20100101 Firefox/143.0"
104.28.156.107 - - [22/Jul/2026:23:02:09 +0000] "POST /wp-login.php HTTP/1.1" 200 5142 "-" "Mozilla/5.0"
198.177.124.148 - - [22/Jul/2026:23:02:37 +0000] "POST /wp-cron.php?doing_wp_cron=1784761357.6885659694671630859375 HTTP/1.1" 200 - "-" "WordPress/7.0.2; https://tradedealings.shop"
158.58.172.21 - - [22/Jul/2026:23:02:35 +0000] "POST /wp-login.php HTTP/1.1" 200 5142 "-" "Mozilla/5.0 (Windows NT 10.0; Win64; rv:143.0) Gecko/20100101 Firefox/143.0"
158.58.172.21 - - [22/Jul/2026:23:02:35 +0000] "POST /wp-login.php HTTP/1.1" 200 5142 "-" "Mozilla/5.0 (Windows NT 10.0; Win64; x64) AppleWebKit/537.36 Chrome/129.0.0.0 Safari/537.36"
198.177.124.148 - - [22/Jul/2026:23:03:19 +0000] "POST /wp-cron.php?doing_wp_cron=1784761399.1429579257965087890625 HTTP/1.1" 200 - "-" "WordPress/7.0.2; https://tradedealings.shop"
158.58.172.21 - - [22/Jul/2026:23:03:16 +0000] "POST /wp-login.php HTTP/1.1" 200 5142 "-" "Mozilla/5.0 (Windows NT 10.0; Win64; x64) AppleWebKit/537.36 Chrome/129.0.0.0 Safari/537.36"
158.58.172.21 - - [22/Jul/2026:23:03:16 +0000] "POST /wp-login.php HTTP/1.1" 200 5142 "-" "Mozilla/5.0 (Windows NT 10.0; Win64; x64) AppleWebKit/537.36 Chrome/129.0.0.0 Safari/537.36"
104.28.156.107 - - [22/Jul/2026:23:03:25 +0000] "POST /wp-login.php HTTP/1.1" 200 5142 "-" "Mozilla/5.0"
158.58.172.21 - - [22/Jul/2026:23:03:59 +0000] "POST /wp-login.php HTTP/1.1" 200 5142 "-" "Mozilla/5.0 (Macintosh; Intel Mac OS X 10_15_7) AppleWebKit/605.1.15 Version/17.0 Safari/605.1.15"
158.58.172.21 - - [22/Jul/2026:23:03:58 +0000] "POST /wp-login.php HTTP/1.1" 200 5142 "-" "Mozilla/5.0 (Windows NT 10.0; Win64; rv:143.0) Gecko/20100101 Firefox/143.0"
104.28.156.107 - - [22/Jul/2026:23:04:02 +0000] "POST /wp-login.php HTTP/1.1" 200 5142 "-" "Mozilla/5.0"
198.177.124.148 - - [22/Jul/2026:23:04:34 +0000] "POST /wp-cron.php?doing_wp_cron=1784761474.0894188880920410156250 HTTP/1.1" 200 - "-" "WordPress/7.0.2; https://tradedealings.shop"
104.28.156.107 - - [22/Jul/2026:23:04:32 +0000] "POST /wp-login.php HTTP/1.1" 200 5142 "-" "Mozilla/5.0"
104.28.163.98 - - [22/Jul/2026:23:04:40 +0000] "POST /wp-login.php HTTP/1.1" 200 5142 "-" "Mozilla/5.0 (Macintosh; Intel Mac OS X 10_15_7) AppleWebKit/605.1.15 Version/17.0 Safari/605.1.15"
104.28.163.98 - - [22/Jul/2026:23:04:40 +0000] "POST /wp-login.php HTTP/1.1" 200 5142 "-" "Mozilla/5.0 (Windows NT 10.0; Win64; x64) AppleWebKit/537.36 Chrome/129.0.0.0 Safari/537.36"
158.58.172.21 - - [22/Jul/2026:23:04:41 +0000] "POST /wp-login.php HTTP/1.1" 200 5142 "-" "Mozilla/5.0 (Windows NT 10.0; Win64; x64) AppleWebKit/537.36 Chrome/129.0.0.0 Safari/537.36"
158.58.172.21 - - [22/Jul/2026:23:04:41 +0000] "POST /wp-login.php HTTP/1.1" 200 5142 "-" "Mozilla/5.0 (Windows NT 10.0; Win64; rv:143.0) Gecko/20100101 Firefox/143.0"
146.70.21.195 - - [22/Jul/2026:23:05:06 +0000] "POST /wp-login.php HTTP/1.1" 200 5142 "-" "Mozilla/5.0 (Macintosh; Intel Mac OS X 14_2) AppleWebKit/537.36 (KHTML, like Gecko) Chrome/124.0.0.0 Safari/537.36 OPR/108.0.0.0"
146.70.21.195 - - [22/Jul/2026:23:05:06 +0000] "POST /wp-login.php HTTP/1.1" 200 5142 "-" "Mozilla/5.0 (Macintosh; Intel Mac OS X 14_3) AppleWebKit/605.1.15 (KHTML, like Gecko) Version/17.3 Safari/605.1.15"
198.177.124.148 - - [22/Jul/2026:23:05:18 +0000] "POST /wp-cron.php?doing_wp_cron=1784761518.0943210124969482421875 HTTP/1.1" 200 - "-" "WordPress/7.0.2; https://tradedealings.shop"
104.28.156.107 - - [22/Jul/2026:23:05:16 +0000] "POST /wp-login.php HTTP/1.1" 200 5142 "-" "Mozilla/5.0"
158.58.172.21 - - [22/Jul/2026:23:05:23 +0000] "POST /wp-login.php HTTP/1.1" 200 5142 "-" "Mozilla/5.0 (Windows NT 10.0; Win64; x64) AppleWebKit/537.36 Chrome/129.0.0.0 Safari/537.36"
158.58.172.21 - - [22/Jul/2026:23:05:23 +0000] "POST /wp-login.php HTTP/1.1" 200 5142 "-" "Mozilla/5.0 (Windows NT 10.0; Win64; rv:143.0) Gecko/20100101 Firefox/143.0"
104.28.156.107 - - [22/Jul/2026:23:05:45 +0000] "POST /wp-login.php HTTP/1.1" 200 5142 "-" "Mozilla/5.0"
158.58.172.21 - - [22/Jul/2026:23:06:05 +0000] "POST /wp-login.php HTTP/1.1" 200 5142 "-" "Mozilla/5.0 (Windows NT 10.0; Win64; rv:143.0) Gecko/20100101 Firefox/143.0"
158.58.172.21 - - [22/Jul/2026:23:06:05 +0000] "POST /wp-login.php HTTP/1.1" 200 5142 "-" "Mozilla/5.0 (Windows NT 10.0; Win64; x64) AppleWebKit/537.36 Chrome/129.0.0.0 Safari/537.36"
198.177.124.148 - - [22/Jul/2026:23:06:21 +0000] "POST /wp-cron.php?doing_wp_cron=1784761581.8504528999328613281250 HTTP/1.1" 200 - "-" "WordPress/7.0.2; https://tradedealings.shop"
104.28.156.107 - - [22/Jul/2026:23:06:20 +0000] "POST /wp-login.php HTTP/1.1" 200 5142 "-" "Mozilla/5.0"
158.58.172.21 - - [22/Jul/2026:23:06:48 +0000] "POST /wp-login.php HTTP/1.1" 200 5142 "-" "Mozilla/5.0 (Windows NT 10.0; Win64; x64) AppleWebKit/537.36 Chrome/129.0.0.0 Safari/537.36"
158.58.172.21 - - [22/Jul/2026:23:06:48 +0000] "POST /wp-login.php HTTP/1.1" 200 5142 "-" "Mozilla/5.0 (Windows NT 10.0; Win64; rv:143.0) Gecko/20100101 Firefox/143.0"
104.28.156.107 - - [22/Jul/2026:23:06:54 +0000] "POST /wp-login.php HTTP/1.1" 200 5142 "-" "Mozilla/5.0"
198.177.124.148 - - [22/Jul/2026:23:07:30 +0000] "POST /wp-cron.php?doing_wp_cron=1784761650.6197130680084228515625 HTTP/1.1" 200 - "-" "WordPress/7.0.2; https://tradedealings.shop"
104.28.156.107 - - [22/Jul/2026:23:07:29 +0000] "POST /wp-login.php HTTP/1.1" 200 5142 "-" "Mozilla/5.0"
158.58.172.21 - - [22/Jul/2026:23:07:31 +0000] "POST /wp-login.php HTTP/1.1" 200 5142 "-" "Mozilla/5.0 (Windows NT 10.0; Win64; rv:143.0) Gecko/20100101 Firefox/143.0"
158.58.172.21 - - [22/Jul/2026:23:07:31 +0000] "POST /wp-login.php HTTP/1.1" 200 5142 "-" "Mozilla/5.0 (Windows NT 10.0; Win64; rv:143.0) Gecko/20100101 Firefox/143.0"
104.28.156.107 - - [22/Jul/2026:23:08:02 +0000] "POST /wp-login.php HTTP/1.1" 200 5142 "-" "Mozilla/5.0"
198.177.124.148 - - [22/Jul/2026:23:08:17 +0000] "POST /wp-cron.php?doing_wp_cron=1784761697.1302120685577392578125 HTTP/1.1" 200 - "-" "WordPress/7.0.2; https://tradedealings.shop"
158.58.172.21 - - [22/Jul/2026:23:08:15 +0000] "POST /wp-login.php HTTP/1.1" 200 5142 "-" "Mozilla/5.0 (Macintosh; Intel Mac OS X 10_15_7) AppleWebKit/605.1.15 Version/17.0 Safari/605.1.15"
158.58.172.21 - - [22/Jul/2026:23:08:15 +0000] "POST /wp-login.php HTTP/1.1" 200 5142 "-" "Mozilla/5.0 (Windows NT 10.0; Win64; x64) AppleWebKit/537.36 Chrome/129.0.0.0 Safari/537.36"
104.28.156.107 - - [22/Jul/2026:23:08:36 +0000] "POST /wp-login.php HTTP/1.1" 200 5142 "-" "Mozilla/5.0"
158.58.172.21 - - [22/Jul/2026:23:09:03 +0000] "POST /wp-login.php HTTP/1.1" 200 5142 "-" "Mozilla/5.0 (Macintosh; Intel Mac OS X 10_15_7) AppleWebKit/605.1.15 Version/17.0 Safari/605.1.15"
158.58.172.21 - - [22/Jul/2026:23:09:03 +0000] "POST /wp-login.php HTTP/1.1" 200 5142 "-" "Mozilla/5.0 (Macintosh; Intel Mac OS X 10_15_7) AppleWebKit/605.1.15 Version/17.0 Safari/605.1.15"
104.28.156.107 - - [22/Jul/2026:23:09:07 +0000] "POST /wp-login.php HTTP/1.1" 200 5142 "-" "Mozilla/5.0"
104.28.156.107 - - [22/Jul/2026:23:09:47 +0000] "POST /wp-login.php HTTP/1.1" 200 5142 "-" "Mozilla/5.0"
158.58.172.21 - - [22/Jul/2026:23:09:51 +0000] "POST /wp-login.php HTTP/1.1" 200 5142 "-" "Mozilla/5.0 (Windows NT 10.0; Win64; rv:143.0) Gecko/20100101 Firefox/143.0"
158.58.172.21 - - [22/Jul/2026:23:09:51 +0000] "POST /wp-login.php HTTP/1.1" 200 5142 "-" "Mozilla/5.0 (Windows NT 10.0; Win64; x64) AppleWebKit/537.36 Chrome/129.0.0.0 Safari/537.36"
198.177.124.148 - - [22/Jul/2026:23:10:23 +0000] "POST /wp-cron.php?doing_wp_cron=1784761823.5747740268707275390625 HTTP/1.1" 200 - "-" "WordPress/7.0.2; https://tradedealings.shop"
104.28.156.107 - - [22/Jul/2026:23:10:21 +0000] "POST /wp-login.php HTTP/1.1" 200 5142 "-" "Mozilla/5.0"
104.28.156.107 - - [22/Jul/2026:23:10:57 +0000] "POST /wp-login.php HTTP/1.1" 200 5142 "-" "Mozilla/5.0"
104.28.156.107 - - [22/Jul/2026:23:11:27 +0000] "POST /wp-login.php HTTP/1.1" 200 5142 "-" "Mozilla/5.0"
104.28.156.107 - - [22/Jul/2026:23:12:06 +0000] "POST /wp-login.php HTTP/1.1" 200 5142 "-" "Mozilla/5.0"
198.177.124.148 - - [22/Jul/2026:23:12:38 +0000] "POST /wp-cron.php?doing_wp_cron=1784761958.4749770164489746093750 HTTP/1.1" 200 - "-" "WordPress/7.0.2; https://tradedealings.shop"
104.28.156.107 - - [22/Jul/2026:23:12:37 +0000] "POST /wp-login.php HTTP/1.1" 200 5142 "-" "Mozilla/5.0"
198.177.124.148 - - [22/Jul/2026:23:13:13 +0000] "POST /wp-cron.php?doing_wp_cron=1784761993.0178899765014648437500 HTTP/1.1" 200 - "-" "WordPress/7.0.2; https://tradedealings.shop"
104.28.156.107 - - [22/Jul/2026:23:13:11 +0000] "POST /wp-login.php HTTP/1.1" 200 5142 "-" "Mozilla/5.0"
104.28.156.107 - - [22/Jul/2026:23:13:41 +0000] "POST /wp-login.php HTTP/1.1" 200 5142 "-" "Mozilla/5.0"
198.177.124.148 - - [22/Jul/2026:23:14:21 +0000] "POST /wp-cron.php?doing_wp_cron=1784762061.4132919311523437500000 HTTP/1.1" 200 - "-" "WordPress/7.0.2; https://tradedealings.shop"
104.28.156.107 - - [22/Jul/2026:23:14:19 +0000] "POST /wp-login.php HTTP/1.1" 200 5142 "-" "Mozilla/5.0"
104.28.156.107 - - [22/Jul/2026:23:14:49 +0000] "POST /wp-login.php HTTP/1.1" 200 5142 "-" "Mozilla/5.0"
198.177.124.148 - - [22/Jul/2026:23:15:27 +0000] "POST /wp-cron.php?doing_wp_cron=1784762127.6556129455566406250000 HTTP/1.1" 200 - "-" "WordPress/7.0.2; https://tradedealings.shop"
104.28.156.107 - - [22/Jul/2026:23:15:24 +0000] "POST /wp-login.php HTTP/1.1" 200 5142 "-" "Mozilla/5.0"
104.28.156.107 - - [22/Jul/2026:23:15:54 +0000] "POST /wp-login.php HTTP/1.1" 200 5142 "-" "Mozilla/5.0"
104.28.163.231 - - [22/Jul/2026:23:16:03 +0000] "POST /wp-login.php HTTP/1.1" 200 5142 "-" "Mozilla/5.0 (Windows NT 10.0; Win64; rv:143.0) Gecko/20100101 Firefox/143.0"
104.28.163.231 - - [22/Jul/2026:23:16:04 +0000] "POST /wp-login.php HTTP/1.1" 200 5142 "-" "Mozilla/5.0 (Windows NT 10.0; Win64; rv:143.0) Gecko/20100101 Firefox/143.0"
198.177.124.148 - - [22/Jul/2026:23:16:34 +0000] "POST /wp-cron.php?doing_wp_cron=1784762194.8561310768127441406250 HTTP/1.1" 200 - "-" "WordPress/7.0.2; https://tradedealings.shop"
104.28.156.107 - - [22/Jul/2026:23:16:32 +0000] "POST /wp-login.php HTTP/1.1" 200 5142 "-" "Mozilla/5.0"
104.28.156.107 - - [22/Jul/2026:23:17:05 +0000] "POST /wp-login.php HTTP/1.1" 200 5142 "-" "Mozilla/5.0"
104.28.163.231 - - [22/Jul/2026:23:17:07 +0000] "POST /wp-login.php HTTP/1.1" 200 5142 "-" "Mozilla/5.0 (Macintosh; Intel Mac OS X 10_15_7) AppleWebKit/605.1.15 Version/17.0 Safari/605.1.15"
104.28.163.231 - - [22/Jul/2026:23:17:07 +0000] "POST /wp-login.php HTTP/1.1" 200 5142 "-" "Mozilla/5.0 (Macintosh; Intel Mac OS X 10_15_7) AppleWebKit/605.1.15 Version/17.0 Safari/605.1.15"
198.177.124.148 - - [22/Jul/2026:23:17:31 +0000] "POST /wp-cron.php?doing_wp_cron=1784762251.1618959903717041015625 HTTP/1.1" 200 - "-" "WordPress/7.0.2; https://tradedealings.shop"
104.28.163.231 - - [22/Jul/2026:23:17:29 +0000] "POST /wp-login.php HTTP/1.1" 200 5142 "-" "Mozilla/5.0 (Windows NT 10.0; Win64; x64) AppleWebKit/537.36 Chrome/129.0.0.0 Safari/537.36"
104.28.163.231 - - [22/Jul/2026:23:17:29 +0000] "POST /wp-login.php HTTP/1.1" 200 5142 "-" "Mozilla/5.0 (Macintosh; Intel Mac OS X 10_15_7) AppleWebKit/605.1.15 Version/17.0 Safari/605.1.15"
104.28.156.107 - - [22/Jul/2026:23:17:39 +0000] "POST /wp-login.php HTTP/1.1" 200 5142 "-" "Mozilla/5.0"
104.28.163.231 - - [22/Jul/2026:23:17:54 +0000] "POST /wp-login.php HTTP/1.1" 200 5142 "-" "Mozilla/5.0 (Windows NT 10.0; Win64; x64) AppleWebKit/537.36 Chrome/129.0.0.0 Safari/537.36"
104.28.163.231 - - [22/Jul/2026:23:17:54 +0000] "POST /wp-login.php HTTP/1.1" 200 5142 "-" "Mozilla/5.0 (Windows NT 10.0; Win64; x64) AppleWebKit/537.36 Chrome/129.0.0.0 Safari/537.36"
198.177.124.148 - - [22/Jul/2026:23:18:13 +0000] "POST /wp-cron.php?doing_wp_cron=1784762293.1841230392456054687500 HTTP/1.1" 200 - "-" "WordPress/7.0.2; https://tradedealings.shop"
104.28.156.107 - - [22/Jul/2026:23:18:11 +0000] "POST /wp-login.php HTTP/1.1" 200 5142 "-" "Mozilla/5.0"
104.28.163.231 - - [22/Jul/2026:23:18:26 +0000] "POST /wp-login.php HTTP/1.1" 200 5142 "-" "Mozilla/5.0 (Windows NT 10.0; Win64; x64) AppleWebKit/537.36 Chrome/129.0.0.0 Safari/537.36"
104.28.163.231 - - [22/Jul/2026:23:18:26 +0000] "POST /wp-login.php HTTP/1.1" 200 5142 "-" "Mozilla/5.0 (Windows NT 10.0; Win64; x64) AppleWebKit/537.36 Chrome/129.0.0.0 Safari/537.36"
146.70.21.195 - - [22/Jul/2026:23:18:37 +0000] "POST /wp-login.php HTTP/1.1" 200 5142 "-" "Mozilla/5.0 (Windows NT 10.0; Win64; x64; rv:125.0) Gecko/20100101 Firefox/125.0"
146.70.21.195 - - [22/Jul/2026:23:18:37 +0000] "POST /wp-login.php HTTP/1.1" 200 5142 "-" "Mozilla/5.0 (Windows NT 11.0; Win64; x64) AppleWebKit/537.36 (KHTML, like Gecko) Chrome/125.0.0.0 Safari/537.36 Edg/125.0.0.0"
104.28.156.107 - - [22/Jul/2026:23:18:48 +0000] "POST /wp-login.php HTTP/1.1" 200 5142 "-" "Mozilla/5.0"
104.28.163.231 - - [22/Jul/2026:23:18:58 +0000] "POST /wp-login.php HTTP/1.1" 200 5142 "-" "Mozilla/5.0 (Windows NT 10.0; Win64; x64) AppleWebKit/537.36 Chrome/129.0.0.0 Safari/537.36"
104.28.163.231 - - [22/Jul/2026:23:18:58 +0000] "POST /wp-login.php HTTP/1.1" 200 5142 "-" "Mozilla/5.0 (Windows NT 10.0; Win64; x64) AppleWebKit/537.36 Chrome/129.0.0.0 Safari/537.36"
198.177.124.148 - - [22/Jul/2026:23:19:25 +0000] "POST /wp-cron.php?doing_wp_cron=1784762365.5795431137084960937500 HTTP/1.1" 200 - "-" "WordPress/7.0.2; https://tradedealings.shop"
104.28.156.107 - - [22/Jul/2026:23:19:24 +0000] "POST /wp-login.php HTTP/1.1" 200 5142 "-" "Mozilla/5.0"
104.28.163.231 - - [22/Jul/2026:23:19:29 +0000] "POST /wp-login.php HTTP/1.1" 200 5142 "-" "Mozilla/5.0 (Windows NT 10.0; Win64; rv:143.0) Gecko/20100101 Firefox/143.0"
104.28.163.231 - - [22/Jul/2026:23:19:29 +0000] "POST /wp-login.php HTTP/1.1" 200 5142 "-" "Mozilla/5.0 (Windows NT 10.0; Win64; rv:143.0) Gecko/20100101 Firefox/143.0"
104.28.156.107 - - [22/Jul/2026:23:19:59 +0000] "POST /wp-login.php HTTP/1.1" 200 5142 "-" "Mozilla/5.0"
104.28.163.231 - - [22/Jul/2026:23:20:00 +0000] "POST /wp-login.php HTTP/1.1" 200 5142 "-" "Mozilla/5.0 (Windows NT 10.0; Win64; rv:143.0) Gecko/20100101 Firefox/143.0"
104.28.163.231 - - [22/Jul/2026:23:20:00 +0000] "POST /wp-login.php HTTP/1.1" 200 5142 "-" "Mozilla/5.0 (Macintosh; Intel Mac OS X 10_15_7) AppleWebKit/605.1.15 Version/17.0 Safari/605.1.15"
198.177.124.148 - - [22/Jul/2026:23:20:33 +0000] "POST /wp-cron.php?doing_wp_cron=1784762432.9280459880828857421875 HTTP/1.1" 200 - "-" "WordPress/7.0.2; https://tradedealings.shop"
104.28.163.231 - - [22/Jul/2026:23:20:31 +0000] "POST /wp-login.php HTTP/1.1" 200 5142 "-" "Mozilla/5.0 (Macintosh; Intel Mac OS X 10_15_7) AppleWebKit/605.1.15 Version/17.0 Safari/605.1.15"
104.28.163.231 - - [22/Jul/2026:23:20:31 +0000] "POST /wp-login.php HTTP/1.1" 200 5142 "-" "Mozilla/5.0 (Windows NT 10.0; Win64; x64) AppleWebKit/537.36 Chrome/129.0.0.0 Safari/537.36"
104.28.156.107 - - [22/Jul/2026:23:20:31 +0000] "POST /wp-login.php HTTP/1.1" 200 5142 "-" "Mozilla/5.0"
104.28.163.231 - - [22/Jul/2026:23:21:02 +0000] "POST /wp-login.php HTTP/1.1" 200 5142 "-" "Mozilla/5.0 (Windows NT 10.0; Win64; rv:143.0) Gecko/20100101 Firefox/143.0"
104.28.163.231 - - [22/Jul/2026:23:21:02 +0000] "POST /wp-login.php HTTP/1.1" 200 5142 "-" "Mozilla/5.0 (Windows NT 10.0; Win64; rv:143.0) Gecko/20100101 Firefox/143.0"
104.28.156.107 - - [22/Jul/2026:23:21:07 +0000] "POST /wp-login.php HTTP/1.1" 200 5142 "-" "Mozilla/5.0"
198.177.124.148 - - [22/Jul/2026:23:21:35 +0000] "POST /wp-cron.php?doing_wp_cron=1784762495.4251029491424560546875 HTTP/1.1" 200 - "-" "WordPress/7.0.2; https://tradedealings.shop"
104.28.163.231 - - [22/Jul/2026:23:21:34 +0000] "POST /wp-login.php HTTP/1.1" 200 5142 "-" "Mozilla/5.0 (Macintosh; Intel Mac OS X 10_15_7) AppleWebKit/605.1.15 Version/17.0 Safari/605.1.15"
104.28.163.231 - - [22/Jul/2026:23:21:34 +0000] "POST /wp-login.php HTTP/1.1" 200 5142 "-" "Mozilla/5.0 (Windows NT 10.0; Win64; rv:143.0) Gecko/20100101 Firefox/143.0"
104.28.156.107 - - [22/Jul/2026:23:21:40 +0000] "POST /wp-login.php HTTP/1.1" 200 5142 "-" "Mozilla/5.0"
104.28.163.231 - - [22/Jul/2026:23:22:07 +0000] "POST /wp-login.php HTTP/1.1" 200 5142 "-" "Mozilla/5.0 (Windows NT 10.0; Win64; rv:143.0) Gecko/20100101 Firefox/143.0"
104.28.163.231 - - [22/Jul/2026:23:22:07 +0000] "POST /wp-login.php HTTP/1.1" 200 5142 "-" "Mozilla/5.0 (Windows NT 10.0; Win64; x64) AppleWebKit/537.36 Chrome/129.0.0.0 Safari/537.36"
198.177.124.148 - - [22/Jul/2026:23:22:41 +0000] "POST /wp-cron.php?doing_wp_cron=1784762561.2429599761962890625000 HTTP/1.1" 200 - "-" "WordPress/7.0.2; https://tradedealings.shop"
104.28.163.231 - - [22/Jul/2026:23:22:39 +0000] "POST /wp-login.php HTTP/1.1" 200 5142 "-" "Mozilla/5.0 (Windows NT 10.0; Win64; x64) AppleWebKit/537.36 Chrome/129.0.0.0 Safari/537.36"
104.28.163.231 - - [22/Jul/2026:23:22:39 +0000] "POST /wp-login.php HTTP/1.1" 200 5142 "-" "Mozilla/5.0 (Macintosh; Intel Mac OS X 10_15_7) AppleWebKit/605.1.15 Version/17.0 Safari/605.1.15"
104.28.163.231 - - [22/Jul/2026:23:23:11 +0000] "POST /wp-login.php HTTP/1.1" 200 5142 "-" "Mozilla/5.0 (Macintosh; Intel Mac OS X 10_15_7) AppleWebKit/605.1.15 Version/17.0 Safari/605.1.15"
198.177.124.148 - - [22/Jul/2026:23:23:13 +0000] "POST /wp-cron.php?doing_wp_cron=1784762593.7111780643463134765625 HTTP/1.1" 200 - "-" "WordPress/7.0.2; https://tradedealings.shop"
104.28.163.231 - - [22/Jul/2026:23:23:11 +0000] "POST /wp-login.php HTTP/1.1" 200 5142 "-" "Mozilla/5.0 (Macintosh; Intel Mac OS X 10_15_7) AppleWebKit/605.1.15 Version/17.0 Safari/605.1.15"
104.28.163.231 - - [22/Jul/2026:23:23:42 +0000] "POST /wp-login.php HTTP/1.1" 200 5142 "-" "Mozilla/5.0 (Windows NT 10.0; Win64; x64) AppleWebKit/537.36 Chrome/129.0.0.0 Safari/537.36"
104.28.163.231 - - [22/Jul/2026:23:23:42 +0000] "POST /wp-login.php HTTP/1.1" 200 5142 "-" "Mozilla/5.0 (Macintosh; Intel Mac OS X 10_15_7) AppleWebKit/605.1.15 Version/17.0 Safari/605.1.15"
104.28.163.98 - - [22/Jul/2026:23:23:43 +0000] "POST /wp-login.php HTTP/1.1" 200 5142 "-" "Mozilla/5.0 (Windows NT 10.0; Win64; x64) AppleWebKit/537.36 Chrome/129.0.0.0 Safari/537.36"
104.28.163.98 - - [22/Jul/2026:23:23:43 +0000] "POST /wp-login.php HTTP/1.1" 200 5142 "-" "Mozilla/5.0 (Windows NT 10.0; Win64; rv:143.0) Gecko/20100101 Firefox/143.0"
198.177.124.148 - - [22/Jul/2026:23:24:18 +0000] "POST /wp-cron.php?doing_wp_cron=1784762658.0919790267944335937500 HTTP/1.1" 200 - "-" "WordPress/7.0.2; https://tradedealings.shop"
104.28.163.231 - - [22/Jul/2026:23:24:15 +0000] "POST /wp-login.php HTTP/1.1" 200 5142 "-" "Mozilla/5.0 (Windows NT 10.0; Win64; rv:143.0) Gecko/20100101 Firefox/143.0"
104.28.163.231 - - [22/Jul/2026:23:24:15 +0000] "POST /wp-login.php HTTP/1.1" 200 5142 "-" "Mozilla/5.0 (Macintosh; Intel Mac OS X 10_15_7) AppleWebKit/605.1.15 Version/17.0 Safari/605.1.15"
104.28.163.231 - - [22/Jul/2026:23:24:47 +0000] "POST /wp-login.php HTTP/1.1" 200 5142 "-" "Mozilla/5.0 (Windows NT 10.0; Win64; x64) AppleWebKit/537.36 Chrome/129.0.0.0 Safari/537.36"
104.28.163.231 - - [22/Jul/2026:23:24:47 +0000] "POST /wp-login.php HTTP/1.1" 200 5142 "-" "Mozilla/5.0 (Windows NT 10.0; Win64; rv:143.0) Gecko/20100101 Firefox/143.0"
198.177.124.148 - - [22/Jul/2026:23:25:23 +0000] "POST /wp-cron.php?doing_wp_cron=1784762723.4771149158477783203125 HTTP/1.1" 200 - "-" "WordPress/7.0.2; https://tradedealings.shop"
104.28.163.231 - - [22/Jul/2026:23:25:21 +0000] "POST /wp-login.php HTTP/1.1" 200 5142 "-" "Mozilla/5.0 (Macintosh; Intel Mac OS X 10_15_7) AppleWebKit/605.1.15 Version/17.0 Safari/605.1.15"
104.28.163.231 - - [22/Jul/2026:23:25:21 +0000] "POST /wp-login.php HTTP/1.1" 200 5142 "-" "Mozilla/5.0 (Macintosh; Intel Mac OS X 10_15_7) AppleWebKit/605.1.15 Version/17.0 Safari/605.1.15"
104.28.163.231 - - [22/Jul/2026:23:25:54 +0000] "POST /wp-login.php HTTP/1.1" 200 5142 "-" "Mozilla/5.0 (Windows NT 10.0; Win64; rv:143.0) Gecko/20100101 Firefox/143.0"
104.28.163.231 - - [22/Jul/2026:23:25:54 +0000] "POST /wp-login.php HTTP/1.1" 200 5142 "-" "Mozilla/5.0 (Windows NT 10.0; Win64; x64) AppleWebKit/537.36 Chrome/129.0.0.0 Safari/537.36"
198.177.124.148 - - [22/Jul/2026:23:26:29 +0000] "POST /wp-cron.php?doing_wp_cron=1784762789.2046658992767333984375 HTTP/1.1" 200 - "-" "WordPress/7.0.2; https://tradedealings.shop"
104.28.163.231 - - [22/Jul/2026:23:26:27 +0000] "POST /wp-login.php HTTP/1.1" 200 5142 "-" "Mozilla/5.0 (Windows NT 10.0; Win64; rv:143.0) Gecko/20100101 Firefox/143.0"
104.28.163.231 - - [22/Jul/2026:23:26:27 +0000] "POST /wp-login.php HTTP/1.1" 200 5142 "-" "Mozilla/5.0 (Macintosh; Intel Mac OS X 10_15_7) AppleWebKit/605.1.15 Version/17.0 Safari/605.1.15"
157.143.3.35 - - [22/Jul/2026:23:26:46 +0000] "GET / HTTP/1.1" 301 - "-" "Mozilla/5.0 (Linux; Android 6.0; Nexus 5 Build/MRA58N) AppleWebKit/537.36 (KHTML, like Gecko) Chrome/130.0.0.0 Mobile Safari/537.36"
104.28.163.231 - - [22/Jul/2026:23:26:59 +0000] "POST /wp-login.php HTTP/1.1" 200 5142 "-" "Mozilla/5.0 (Windows NT 10.0; Win64; rv:143.0) Gecko/20100101 Firefox/143.0"
104.28.163.231 - - [22/Jul/2026:23:26:59 +0000] "POST /wp-login.php HTTP/1.1" 200 5142 "-" "Mozilla/5.0 (Macintosh; Intel Mac OS X 10_15_7) AppleWebKit/605.1.15 Version/17.0 Safari/605.1.15"
198.177.124.148 - - [22/Jul/2026:23:27:38 +0000] "POST /wp-cron.php?doing_wp_cron=1784762858.2698009014129638671875 HTTP/1.1" 200 - "-" "WordPress/7.0.2; https://tradedealings.shop"
104.28.163.231 - - [22/Jul/2026:23:27:35 +0000] "POST /wp-login.php HTTP/1.1" 200 5142 "-" "Mozilla/5.0 (Windows NT 10.0; Win64; x64) AppleWebKit/537.36 Chrome/129.0.0.0 Safari/537.36"
104.28.163.231 - - [22/Jul/2026:23:27:35 +0000] "POST /wp-login.php HTTP/1.1" 200 5142 "-" "Mozilla/5.0 (Macintosh; Intel Mac OS X 10_15_7) AppleWebKit/605.1.15 Version/17.0 Safari/605.1.15"
104.28.163.231 - - [22/Jul/2026:23:28:08 +0000] "POST /wp-login.php HTTP/1.1" 200 5142 "-" "Mozilla/5.0 (Macintosh; Intel Mac OS X 10_15_7) AppleWebKit/605.1.15 Version/17.0 Safari/605.1.15"
104.28.163.231 - - [22/Jul/2026:23:28:08 +0000] "POST /wp-login.php HTTP/1.1" 200 5142 "-" "Mozilla/5.0 (Macintosh; Intel Mac OS X 10_15_7) AppleWebKit/605.1.15 Version/17.0 Safari/605.1.15"
198.177.124.148 - - [22/Jul/2026:23:28:44 +0000] "POST /wp-cron.php?doing_wp_cron=1784762924.7415099143981933593750 HTTP/1.1" 200 - "-" "WordPress/7.0.2; https://tradedealings.shop"
104.28.163.231 - - [22/Jul/2026:23:28:42 +0000] "POST /wp-login.php HTTP/1.1" 200 5142 "-" "Mozilla/5.0 (Windows NT 10.0; Win64; x64) AppleWebKit/537.36 Chrome/129.0.0.0 Safari/537.36"
104.28.163.231 - - [22/Jul/2026:23:28:42 +0000] "POST /wp-login.php HTTP/1.1" 200 5142 "-" "Mozilla/5.0 (Windows NT 10.0; Win64; x64) AppleWebKit/537.36 Chrome/129.0.0.0 Safari/537.36"
104.28.163.231 - - [22/Jul/2026:23:29:16 +0000] "POST /wp-login.php HTTP/1.1" 200 5142 "-" "Mozilla/5.0 (Windows NT 10.0; Win64; x64) AppleWebKit/537.36 Chrome/129.0.0.0 Safari/537.36"
198.177.124.148 - - [22/Jul/2026:23:29:18 +0000] "POST /wp-cron.php?doing_wp_cron=1784762958.3270199298858642578125 HTTP/1.1" 200 - "-" "WordPress/7.0.2; https://tradedealings.shop"
104.28.163.231 - - [22/Jul/2026:23:29:16 +0000] "POST /wp-login.php HTTP/1.1" 200 5142 "-" "Mozilla/5.0 (Macintosh; Intel Mac OS X 10_15_7) AppleWebKit/605.1.15 Version/17.0 Safari/605.1.15"
104.28.163.231 - - [22/Jul/2026:23:29:52 +0000] "POST /wp-login.php HTTP/1.1" 200 5142 "-" "Mozilla/5.0 (Windows NT 10.0; Win64; x64) AppleWebKit/537.36 Chrome/129.0.0.0 Safari/537.36"
104.28.163.231 - - [22/Jul/2026:23:29:52 +0000] "POST /wp-login.php HTTP/1.1" 200 5142 "-" "Mozilla/5.0 (Macintosh; Intel Mac OS X 10_15_7) AppleWebKit/605.1.15 Version/17.0 Safari/605.1.15"
198.177.124.148 - - [22/Jul/2026:23:30:29 +0000] "POST /wp-cron.php?doing_wp_cron=1784763029.4267671108245849609375 HTTP/1.1" 200 - "-" "WordPress/7.0.2; https://tradedealings.shop"
104.28.163.231 - - [22/Jul/2026:23:30:27 +0000] "POST /wp-login.php HTTP/1.1" 200 5142 "-" "Mozilla/5.0 (Windows NT 10.0; Win64; rv:143.0) Gecko/20100101 Firefox/143.0"
104.28.163.231 - - [22/Jul/2026:23:30:27 +0000] "POST /wp-login.php HTTP/1.1" 200 5142 "-" "Mozilla/5.0 (Windows NT 10.0; Win64; x64) AppleWebKit/537.36 Chrome/129.0.0.0 Safari/537.36"
104.28.163.231 - - [22/Jul/2026:23:31:04 +0000] "POST /wp-login.php HTTP/1.1" 200 5142 "-" "Mozilla/5.0 (Windows NT 10.0; Win64; x64) AppleWebKit/537.36 Chrome/129.0.0.0 Safari/537.36"
104.28.163.231 - - [22/Jul/2026:23:31:04 +0000] "POST /wp-login.php HTTP/1.1" 200 5142 "-" "Mozilla/5.0 (Windows NT 10.0; Win64; x64) AppleWebKit/537.36 Chrome/129.0.0.0 Safari/537.36"
198.177.124.148 - - [22/Jul/2026:23:31:40 +0000] "POST /wp-cron.php?doing_wp_cron=1784763100.7687370777130126953125 HTTP/1.1" 200 - "-" "WordPress/7.0.2; https://tradedealings.shop"
216.73.216.228 - - [22/Jul/2026:23:31:38 +0000] "GET /robots.txt HTTP/1.1" 200 119 "-" "Mozilla/5.0 AppleWebKit/537.36 (KHTML, like Gecko; compatible; ClaudeBot/1.0; +claudebot@anthropic.com)"
104.28.163.231 - - [22/Jul/2026:23:31:39 +0000] "POST /wp-login.php HTTP/1.1" 200 5142 "-" "Mozilla/5.0 (Windows NT 10.0; Win64; rv:143.0) Gecko/20100101 Firefox/143.0"
104.28.163.231 - - [22/Jul/2026:23:31:39 +0000] "POST /wp-login.php HTTP/1.1" 200 5142 "-" "Mozilla/5.0 (Windows NT 10.0; Win64; rv:143.0) Gecko/20100101 Firefox/143.0"
216.73.216.228 - - [22/Jul/2026:23:31:41 +0000] "GET /wp-sitemap.xml HTTP/1.1" 200 552 "-" "Mozilla/5.0 AppleWebKit/537.36 (KHTML, like Gecko; compatible; ClaudeBot/1.0; +claudebot@anthropic.com)"
198.177.124.148 - - [22/Jul/2026:23:32:18 +0000] "POST /wp-cron.php?doing_wp_cron=1784763138.3114840984344482421875 HTTP/1.1" 200 - "-" "WordPress/7.0.2; https://tradedealings.shop"
104.28.163.231 - - [22/Jul/2026:23:32:16 +0000] "POST /wp-login.php HTTP/1.1" 200 5142 "-" "Mozilla/5.0 (Macintosh; Intel Mac OS X 10_15_7) AppleWebKit/605.1.15 Version/17.0 Safari/605.1.15"
104.28.163.231 - - [22/Jul/2026:23:32:16 +0000] "POST /wp-login.php HTTP/1.1" 200 5142 "-" "Mozilla/5.0 (Windows NT 10.0; Win64; x64) AppleWebKit/537.36 Chrome/129.0.0.0 Safari/537.36"
146.70.21.195 - - [22/Jul/2026:23:32:25 +0000] "POST /wp-login.php HTTP/1.1" 200 5142 "-" "Mozilla/5.0 (Windows NT 10.0; Win64; x64) AppleWebKit/537.36 (KHTML, like Gecko) Chrome/123.0.0.0 Safari/537.36 Vivaldi/6.7"
