105.113.65.234 - - [21/Jul/2026:10:10:52 +0000] "POST /wp-admin/admin-ajax.php HTTP/1.1" 200 98 "https://tradedealings.shop/wp-admin/post.php?post=9&action=edit" "Mozilla/5.0 (Windows NT 10.0; Win64; x64) AppleWebKit/537.36 (KHTML, like Gecko) Chrome/150.0.0.0 Safari/537.36"
105.113.65.234 - - [21/Jul/2026:10:11:01 +0000] "POST /wp-admin/admin-ajax.php HTTP/1.1" 200 98 "https://tradedealings.shop/wp-admin/post.php?post=9&action=edit" "Mozilla/5.0 (Windows NT 10.0; Win64; x64) AppleWebKit/537.36 (KHTML, like Gecko) Chrome/150.0.0.0 Safari/537.36"
198.177.124.148 - - [21/Jul/2026:10:11:13 +0000] "POST /wp-cron.php?doing_wp_cron=1784628673.3959081172943115234375 HTTP/1.1" 200 - "-" "WordPress/7.0.2; https://tradedealings.shop"
105.113.65.234 - - [21/Jul/2026:10:11:12 +0000] "POST /wp-admin/admin-ajax.php HTTP/1.1" 200 98 "https://tradedealings.shop/wp-admin/post.php?post=9&action=edit" "Mozilla/5.0 (Windows NT 10.0; Win64; x64) AppleWebKit/537.36 (KHTML, like Gecko) Chrome/150.0.0.0 Safari/537.36"
105.113.65.234 - - [21/Jul/2026:10:11:21 +0000] "POST /wp-admin/admin-ajax.php HTTP/1.1" 200 98 "https://tradedealings.shop/wp-admin/post.php?post=9&action=edit" "Mozilla/5.0 (Windows NT 10.0; Win64; x64) AppleWebKit/537.36 (KHTML, like Gecko) Chrome/150.0.0.0 Safari/537.36"
105.113.65.234 - - [21/Jul/2026:10:11:32 +0000] "POST /wp-admin/admin-ajax.php HTTP/1.1" 200 98 "https://tradedealings.shop/wp-admin/post.php?post=9&action=edit" "Mozilla/5.0 (Windows NT 10.0; Win64; x64) AppleWebKit/537.36 (KHTML, like Gecko) Chrome/150.0.0.0 Safari/537.36"
105.113.65.234 - - [21/Jul/2026:10:11:41 +0000] "POST /wp-admin/admin-ajax.php HTTP/1.1" 200 98 "https://tradedealings.shop/wp-admin/post.php?post=9&action=edit" "Mozilla/5.0 (Windows NT 10.0; Win64; x64) AppleWebKit/537.36 (KHTML, like Gecko) Chrome/150.0.0.0 Safari/537.36"
43.135.142.7 - - [21/Jul/2026:10:11:49 +0000] "GET /author/Trade/ HTTP/1.1" 200 73922 "-" "Mozilla/5.0 (iPhone; CPU iPhone OS 13_2_3 like Mac OS X) AppleWebKit/605.1.15 (KHTML, like Gecko) Version/13.0.3 Mobile/15E148 Safari/604.1"
105.113.65.234 - - [21/Jul/2026:10:11:52 +0000] "POST /wp-admin/admin-ajax.php HTTP/1.1" 200 98 "https://tradedealings.shop/wp-admin/post.php?post=9&action=edit" "Mozilla/5.0 (Windows NT 10.0; Win64; x64) AppleWebKit/537.36 (KHTML, like Gecko) Chrome/150.0.0.0 Safari/537.36"
105.113.65.234 - - [21/Jul/2026:10:12:01 +0000] "POST /wp-admin/admin-ajax.php HTTP/1.1" 200 98 "https://tradedealings.shop/wp-admin/post.php?post=9&action=edit" "Mozilla/5.0 (Windows NT 10.0; Win64; x64) AppleWebKit/537.36 (KHTML, like Gecko) Chrome/150.0.0.0 Safari/537.36"
198.177.124.148 - - [21/Jul/2026:10:12:13 +0000] "POST /wp-cron.php?doing_wp_cron=1784628733.6363449096679687500000 HTTP/1.1" 200 - "-" "WordPress/7.0.2; https://tradedealings.shop"
105.113.65.234 - - [21/Jul/2026:10:12:12 +0000] "POST /wp-admin/admin-ajax.php HTTP/1.1" 200 98 "https://tradedealings.shop/wp-admin/post.php?post=9&action=edit" "Mozilla/5.0 (Windows NT 10.0; Win64; x64) AppleWebKit/537.36 (KHTML, like Gecko) Chrome/150.0.0.0 Safari/537.36"
105.113.65.234 - - [21/Jul/2026:10:12:21 +0000] "POST /wp-admin/admin-ajax.php HTTP/1.1" 200 98 "https://tradedealings.shop/wp-admin/post.php?post=9&action=edit" "Mozilla/5.0 (Windows NT 10.0; Win64; x64) AppleWebKit/537.36 (KHTML, like Gecko) Chrome/150.0.0.0 Safari/537.36"
105.113.65.234 - - [21/Jul/2026:10:12:32 +0000] "POST /wp-admin/admin-ajax.php HTTP/1.1" 200 98 "https://tradedealings.shop/wp-admin/post.php?post=9&action=edit" "Mozilla/5.0 (Windows NT 10.0; Win64; x64) AppleWebKit/537.36 (KHTML, like Gecko) Chrome/150.0.0.0 Safari/537.36"
105.113.65.234 - - [21/Jul/2026:10:12:42 +0000] "POST /wp-admin/admin-ajax.php HTTP/1.1" 200 98 "https://tradedealings.shop/wp-admin/post.php?post=9&action=edit" "Mozilla/5.0 (Windows NT 10.0; Win64; x64) AppleWebKit/537.36 (KHTML, like Gecko) Chrome/150.0.0.0 Safari/537.36"
105.113.65.234 - - [21/Jul/2026:10:12:52 +0000] "POST /wp-admin/admin-ajax.php HTTP/1.1" 200 98 "https://tradedealings.shop/wp-admin/post.php?post=9&action=edit" "Mozilla/5.0 (Windows NT 10.0; Win64; x64) AppleWebKit/537.36 (KHTML, like Gecko) Chrome/150.0.0.0 Safari/537.36"
105.113.65.234 - - [21/Jul/2026:10:13:02 +0000] "POST /wp-admin/admin-ajax.php HTTP/1.1" 200 98 "https://tradedealings.shop/wp-admin/post.php?post=9&action=edit" "Mozilla/5.0 (Windows NT 10.0; Win64; x64) AppleWebKit/537.36 (KHTML, like Gecko) Chrome/150.0.0.0 Safari/537.36"
198.177.124.148 - - [21/Jul/2026:10:13:14 +0000] "POST /wp-cron.php?doing_wp_cron=1784628794.0393989086151123046875 HTTP/1.1" 200 - "-" "WordPress/7.0.2; https://tradedealings.shop"
105.113.65.234 - - [21/Jul/2026:10:13:12 +0000] "POST /wp-admin/admin-ajax.php HTTP/1.1" 200 98 "https://tradedealings.shop/wp-admin/post.php?post=9&action=edit" "Mozilla/5.0 (Windows NT 10.0; Win64; x64) AppleWebKit/537.36 (KHTML, like Gecko) Chrome/150.0.0.0 Safari/537.36"
105.113.65.234 - - [21/Jul/2026:10:13:22 +0000] "POST /wp-admin/admin-ajax.php HTTP/1.1" 200 98 "https://tradedealings.shop/wp-admin/post.php?post=9&action=edit" "Mozilla/5.0 (Windows NT 10.0; Win64; x64) AppleWebKit/537.36 (KHTML, like Gecko) Chrome/150.0.0.0 Safari/537.36"
105.113.65.234 - - [21/Jul/2026:10:13:32 +0000] "POST /wp-admin/admin-ajax.php HTTP/1.1" 200 98 "https://tradedealings.shop/wp-admin/post.php?post=9&action=edit" "Mozilla/5.0 (Windows NT 10.0; Win64; x64) AppleWebKit/537.36 (KHTML, like Gecko) Chrome/150.0.0.0 Safari/537.36"
105.113.65.234 - - [21/Jul/2026:10:13:42 +0000] "POST /wp-admin/admin-ajax.php HTTP/1.1" 200 98 "https://tradedealings.shop/wp-admin/post.php?post=9&action=edit" "Mozilla/5.0 (Windows NT 10.0; Win64; x64) AppleWebKit/537.36 (KHTML, like Gecko) Chrome/150.0.0.0 Safari/537.36"
105.113.65.234 - - [21/Jul/2026:10:13:52 +0000] "POST /wp-admin/admin-ajax.php HTTP/1.1" 200 98 "https://tradedealings.shop/wp-admin/post.php?post=9&action=edit" "Mozilla/5.0 (Windows NT 10.0; Win64; x64) AppleWebKit/537.36 (KHTML, like Gecko) Chrome/150.0.0.0 Safari/537.36"
105.113.65.234 - - [21/Jul/2026:10:14:02 +0000] "POST /wp-admin/admin-ajax.php HTTP/1.1" 200 98 "https://tradedealings.shop/wp-admin/post.php?post=9&action=edit" "Mozilla/5.0 (Windows NT 10.0; Win64; x64) AppleWebKit/537.36 (KHTML, like Gecko) Chrome/150.0.0.0 Safari/537.36"
198.177.124.148 - - [21/Jul/2026:10:14:14 +0000] "POST /wp-cron.php?doing_wp_cron=1784628854.3488850593566894531250 HTTP/1.1" 200 - "-" "WordPress/7.0.2; https://tradedealings.shop"
105.113.65.234 - - [21/Jul/2026:10:14:12 +0000] "POST /wp-admin/admin-ajax.php HTTP/1.1" 200 98 "https://tradedealings.shop/wp-admin/post.php?post=9&action=edit" "Mozilla/5.0 (Windows NT 10.0; Win64; x64) AppleWebKit/537.36 (KHTML, like Gecko) Chrome/150.0.0.0 Safari/537.36"
105.113.65.234 - - [21/Jul/2026:10:14:22 +0000] "POST /wp-admin/admin-ajax.php HTTP/1.1" 200 98 "https://tradedealings.shop/wp-admin/post.php?post=9&action=edit" "Mozilla/5.0 (Windows NT 10.0; Win64; x64) AppleWebKit/537.36 (KHTML, like Gecko) Chrome/150.0.0.0 Safari/537.36"
105.113.65.234 - - [21/Jul/2026:10:14:32 +0000] "POST /wp-admin/admin-ajax.php HTTP/1.1" 200 98 "https://tradedealings.shop/wp-admin/post.php?post=9&action=edit" "Mozilla/5.0 (Windows NT 10.0; Win64; x64) AppleWebKit/537.36 (KHTML, like Gecko) Chrome/150.0.0.0 Safari/537.36"
105.113.65.234 - - [21/Jul/2026:10:14:42 +0000] "POST /wp-admin/admin-ajax.php HTTP/1.1" 200 98 "https://tradedealings.shop/wp-admin/post.php?post=9&action=edit" "Mozilla/5.0 (Windows NT 10.0; Win64; x64) AppleWebKit/537.36 (KHTML, like Gecko) Chrome/150.0.0.0 Safari/537.36"
105.113.65.234 - - [21/Jul/2026:10:14:52 +0000] "POST /wp-admin/admin-ajax.php HTTP/1.1" 200 98 "https://tradedealings.shop/wp-admin/post.php?post=9&action=edit" "Mozilla/5.0 (Windows NT 10.0; Win64; x64) AppleWebKit/537.36 (KHTML, like Gecko) Chrome/150.0.0.0 Safari/537.36"
105.113.65.234 - - [21/Jul/2026:10:15:02 +0000] "POST /wp-admin/admin-ajax.php HTTP/1.1" 200 98 "https://tradedealings.shop/wp-admin/post.php?post=9&action=edit" "Mozilla/5.0 (Windows NT 10.0; Win64; x64) AppleWebKit/537.36 (KHTML, like Gecko) Chrome/150.0.0.0 Safari/537.36"
198.177.124.148 - - [21/Jul/2026:10:15:14 +0000] "POST /wp-cron.php?doing_wp_cron=1784628914.8972361087799072265625 HTTP/1.1" 200 - "-" "WordPress/7.0.2; https://tradedealings.shop"
105.113.65.234 - - [21/Jul/2026:10:15:12 +0000] "POST /wp-admin/admin-ajax.php HTTP/1.1" 200 98 "https://tradedealings.shop/wp-admin/post.php?post=9&action=edit" "Mozilla/5.0 (Windows NT 10.0; Win64; x64) AppleWebKit/537.36 (KHTML, like Gecko) Chrome/150.0.0.0 Safari/537.36"
105.113.65.234 - - [21/Jul/2026:10:15:22 +0000] "POST /wp-admin/admin-ajax.php HTTP/1.1" 200 98 "https://tradedealings.shop/wp-admin/post.php?post=9&action=edit" "Mozilla/5.0 (Windows NT 10.0; Win64; x64) AppleWebKit/537.36 (KHTML, like Gecko) Chrome/150.0.0.0 Safari/537.36"
105.113.65.234 - - [21/Jul/2026:10:15:32 +0000] "POST /wp-admin/admin-ajax.php HTTP/1.1" 200 98 "https://tradedealings.shop/wp-admin/post.php?post=9&action=edit" "Mozilla/5.0 (Windows NT 10.0; Win64; x64) AppleWebKit/537.36 (KHTML, like Gecko) Chrome/150.0.0.0 Safari/537.36"
105.113.65.234 - - [21/Jul/2026:10:15:42 +0000] "POST /wp-admin/admin-ajax.php HTTP/1.1" 200 98 "https://tradedealings.shop/wp-admin/post.php?post=9&action=edit" "Mozilla/5.0 (Windows NT 10.0; Win64; x64) AppleWebKit/537.36 (KHTML, like Gecko) Chrome/150.0.0.0 Safari/537.36"
105.113.65.234 - - [21/Jul/2026:10:15:52 +0000] "POST /wp-admin/admin-ajax.php HTTP/1.1" 200 98 "https://tradedealings.shop/wp-admin/post.php?post=9&action=edit" "Mozilla/5.0 (Windows NT 10.0; Win64; x64) AppleWebKit/537.36 (KHTML, like Gecko) Chrome/150.0.0.0 Safari/537.36"
105.113.65.234 - - [21/Jul/2026:10:15:52 +0000] "POST /wp-json/wp/v2/pages/9/autosaves?_locale=user HTTP/1.1" 200 32876 "https://tradedealings.shop/wp-admin/post.php?post=9&action=edit" "Mozilla/5.0 (Windows NT 10.0; Win64; x64) AppleWebKit/537.36 (KHTML, like Gecko) Chrome/150.0.0.0 Safari/537.36"
105.113.65.234 - - [21/Jul/2026:10:16:02 +0000] "POST /wp-admin/admin-ajax.php HTTP/1.1" 200 98 "https://tradedealings.shop/wp-admin/post.php?post=9&action=edit" "Mozilla/5.0 (Windows NT 10.0; Win64; x64) AppleWebKit/537.36 (KHTML, like Gecko) Chrome/150.0.0.0 Safari/537.36"
198.177.124.148 - - [21/Jul/2026:10:16:14 +0000] "POST /wp-cron.php?doing_wp_cron=1784628974.3416690826416015625000 HTTP/1.1" 200 - "-" "WordPress/7.0.2; https://tradedealings.shop"
105.113.65.234 - - [21/Jul/2026:10:16:12 +0000] "POST /wp-admin/admin-ajax.php HTTP/1.1" 200 98 "https://tradedealings.shop/wp-admin/post.php?post=9&action=edit" "Mozilla/5.0 (Windows NT 10.0; Win64; x64) AppleWebKit/537.36 (KHTML, like Gecko) Chrome/150.0.0.0 Safari/537.36"
105.113.65.234 - - [21/Jul/2026:10:16:22 +0000] "POST /wp-admin/admin-ajax.php HTTP/1.1" 200 98 "https://tradedealings.shop/wp-admin/post.php?post=9&action=edit" "Mozilla/5.0 (Windows NT 10.0; Win64; x64) AppleWebKit/537.36 (KHTML, like Gecko) Chrome/150.0.0.0 Safari/537.36"
105.113.65.234 - - [21/Jul/2026:10:16:32 +0000] "POST /wp-admin/admin-ajax.php HTTP/1.1" 200 98 "https://tradedealings.shop/wp-admin/post.php?post=9&action=edit" "Mozilla/5.0 (Windows NT 10.0; Win64; x64) AppleWebKit/537.36 (KHTML, like Gecko) Chrome/150.0.0.0 Safari/537.36"
105.113.65.234 - - [21/Jul/2026:10:16:42 +0000] "POST /wp-admin/admin-ajax.php HTTP/1.1" 200 98 "https://tradedealings.shop/wp-admin/post.php?post=9&action=edit" "Mozilla/5.0 (Windows NT 10.0; Win64; x64) AppleWebKit/537.36 (KHTML, like Gecko) Chrome/150.0.0.0 Safari/537.36"
105.113.65.234 - - [21/Jul/2026:10:16:53 +0000] "POST /wp-admin/admin-ajax.php HTTP/1.1" 200 98 "https://tradedealings.shop/wp-admin/post.php?post=9&action=edit" "Mozilla/5.0 (Windows NT 10.0; Win64; x64) AppleWebKit/537.36 (KHTML, like Gecko) Chrome/150.0.0.0 Safari/537.36"
105.113.65.234 - - [21/Jul/2026:10:16:53 +0000] "POST /wp-json/wp/v2/pages/9/autosaves?_locale=user HTTP/1.1" 200 32870 "https://tradedealings.shop/wp-admin/post.php?post=9&action=edit" "Mozilla/5.0 (Windows NT 10.0; Win64; x64) AppleWebKit/537.36 (KHTML, like Gecko) Chrome/150.0.0.0 Safari/537.36"
105.113.65.234 - - [21/Jul/2026:10:17:02 +0000] "POST /wp-admin/admin-ajax.php HTTP/1.1" 200 98 "https://tradedealings.shop/wp-admin/post.php?post=9&action=edit" "Mozilla/5.0 (Windows NT 10.0; Win64; x64) AppleWebKit/537.36 (KHTML, like Gecko) Chrome/150.0.0.0 Safari/537.36"
198.177.124.148 - - [21/Jul/2026:10:17:13 +0000] "POST /wp-cron.php?doing_wp_cron=1784629033.6717259883880615234375 HTTP/1.1" 200 - "-" "WordPress/7.0.2; https://tradedealings.shop"
105.113.65.234 - - [21/Jul/2026:10:17:12 +0000] "POST /wp-admin/admin-ajax.php HTTP/1.1" 200 98 "https://tradedealings.shop/wp-admin/post.php?post=9&action=edit" "Mozilla/5.0 (Windows NT 10.0; Win64; x64) AppleWebKit/537.36 (KHTML, like Gecko) Chrome/150.0.0.0 Safari/537.36"
105.113.65.234 - - [21/Jul/2026:10:17:22 +0000] "POST /wp-admin/admin-ajax.php HTTP/1.1" 200 98 "https://tradedealings.shop/wp-admin/post.php?post=9&action=edit" "Mozilla/5.0 (Windows NT 10.0; Win64; x64) AppleWebKit/537.36 (KHTML, like Gecko) Chrome/150.0.0.0 Safari/537.36"
105.113.65.234 - - [21/Jul/2026:10:17:32 +0000] "POST /wp-admin/admin-ajax.php HTTP/1.1" 200 98 "https://tradedealings.shop/wp-admin/post.php?post=9&action=edit" "Mozilla/5.0 (Windows NT 10.0; Win64; x64) AppleWebKit/537.36 (KHTML, like Gecko) Chrome/150.0.0.0 Safari/537.36"
105.113.65.234 - - [21/Jul/2026:10:17:42 +0000] "POST /wp-admin/admin-ajax.php HTTP/1.1" 200 98 "https://tradedealings.shop/wp-admin/post.php?post=9&action=edit" "Mozilla/5.0 (Windows NT 10.0; Win64; x64) AppleWebKit/537.36 (KHTML, like Gecko) Chrome/150.0.0.0 Safari/537.36"
105.113.65.234 - - [21/Jul/2026:10:17:52 +0000] "POST /wp-admin/admin-ajax.php HTTP/1.1" 200 98 "https://tradedealings.shop/wp-admin/post.php?post=9&action=edit" "Mozilla/5.0 (Windows NT 10.0; Win64; x64) AppleWebKit/537.36 (KHTML, like Gecko) Chrome/150.0.0.0 Safari/537.36"
105.113.65.234 - - [21/Jul/2026:10:17:52 +0000] "POST /wp-json/wp/v2/pages/9/autosaves?_locale=user HTTP/1.1" 200 32888 "https://tradedealings.shop/wp-admin/post.php?post=9&action=edit" "Mozilla/5.0 (Windows NT 10.0; Win64; x64) AppleWebKit/537.36 (KHTML, like Gecko) Chrome/150.0.0.0 Safari/537.36"
105.113.65.234 - - [21/Jul/2026:10:18:02 +0000] "POST /wp-admin/admin-ajax.php HTTP/1.1" 200 98 "https://tradedealings.shop/wp-admin/post.php?post=9&action=edit" "Mozilla/5.0 (Windows NT 10.0; Win64; x64) AppleWebKit/537.36 (KHTML, like Gecko) Chrome/150.0.0.0 Safari/537.36"
105.113.65.234 - - [21/Jul/2026:10:18:10 +0000] "POST /wp-admin/admin-ajax.php HTTP/1.1" 200 1 "https://tradedealings.shop/wp-admin/post.php?post=9&action=edit" "Mozilla/5.0 (Windows NT 10.0; Win64; x64) AppleWebKit/537.36 (KHTML, like Gecko) Chrome/150.0.0.0 Safari/537.36"
105.113.65.234 - - [21/Jul/2026:10:18:11 +0000] "POST /wp-admin/admin-ajax.php HTTP/1.1" 200 1 "https://tradedealings.shop/wp-admin/post.php?post=9&action=edit" "Mozilla/5.0 (Windows NT 10.0; Win64; x64) AppleWebKit/537.36 (KHTML, like Gecko) Chrome/150.0.0.0 Safari/537.36"
198.177.124.148 - - [21/Jul/2026:10:18:13 +0000] "POST /wp-cron.php?doing_wp_cron=1784629093.5613849163055419921875 HTTP/1.1" 200 - "-" "WordPress/7.0.2; https://tradedealings.shop"
105.113.65.234 - - [21/Jul/2026:10:18:12 +0000] "POST /wp-admin/admin-ajax.php HTTP/1.1" 200 98 "https://tradedealings.shop/wp-admin/post.php?post=9&action=edit" "Mozilla/5.0 (Windows NT 10.0; Win64; x64) AppleWebKit/537.36 (KHTML, like Gecko) Chrome/150.0.0.0 Safari/537.36"
105.113.65.234 - - [21/Jul/2026:10:18:16 +0000] "POST /wp-admin/admin-ajax.php HTTP/1.1" 200 1 "https://tradedealings.shop/wp-admin/post.php?post=9&action=edit" "Mozilla/5.0 (Windows NT 10.0; Win64; x64) AppleWebKit/537.36 (KHTML, like Gecko) Chrome/150.0.0.0 Safari/537.36"
105.113.65.234 - - [21/Jul/2026:10:18:22 +0000] "POST /wp-admin/admin-ajax.php HTTP/1.1" 200 98 "https://tradedealings.shop/wp-admin/post.php?post=9&action=edit" "Mozilla/5.0 (Windows NT 10.0; Win64; x64) AppleWebKit/537.36 (KHTML, like Gecko) Chrome/150.0.0.0 Safari/537.36"
105.113.65.234 - - [21/Jul/2026:10:18:32 +0000] "POST /wp-admin/admin-ajax.php HTTP/1.1" 200 98 "https://tradedealings.shop/wp-admin/post.php?post=9&action=edit" "Mozilla/5.0 (Windows NT 10.0; Win64; x64) AppleWebKit/537.36 (KHTML, like Gecko) Chrome/150.0.0.0 Safari/537.36"
105.113.65.234 - - [21/Jul/2026:10:18:43 +0000] "POST /wp-admin/admin-ajax.php HTTP/1.1" 200 98 "https://tradedealings.shop/wp-admin/post.php?post=9&action=edit" "Mozilla/5.0 (Windows NT 10.0; Win64; x64) AppleWebKit/537.36 (KHTML, like Gecko) Chrome/150.0.0.0 Safari/537.36"
105.113.65.234 - - [21/Jul/2026:10:18:51 +0000] "POST /wp-admin/admin-ajax.php HTTP/1.1" 200 1 "https://tradedealings.shop/wp-admin/post.php?post=9&action=edit" "Mozilla/5.0 (Windows NT 10.0; Win64; x64) AppleWebKit/537.36 (KHTML, like Gecko) Chrome/150.0.0.0 Safari/537.36"
105.113.65.234 - - [21/Jul/2026:10:18:54 +0000] "POST /wp-admin/admin-ajax.php HTTP/1.1" 200 98 "https://tradedealings.shop/wp-admin/post.php?post=9&action=edit" "Mozilla/5.0 (Windows NT 10.0; Win64; x64) AppleWebKit/537.36 (KHTML, like Gecko) Chrome/150.0.0.0 Safari/537.36"
13.229.55.180 - - [21/Jul/2026:10:18:54 +0000] "GET / HTTP/1.1" 301 - "-" "Mozilla/5.0 (X11; Linux x86_64) AppleWebKit/537.36 (KHTML, like Gecko) Chrome/131.0.0.0 Safari/537.36"
105.113.65.234 - - [21/Jul/2026:10:18:53 +0000] "POST /wp-json/wp/v2/pages/9/autosaves?_locale=user HTTP/1.1" 200 32896 "https://tradedealings.shop/wp-admin/post.php?post=9&action=edit" "Mozilla/5.0 (Windows NT 10.0; Win64; x64) AppleWebKit/537.36 (KHTML, like Gecko) Chrome/150.0.0.0 Safari/537.36"
13.229.55.180 - - [21/Jul/2026:10:18:56 +0000] "POST / HTTP/1.1" 200 74835 "-" "Mozilla/5.0 (X11; Linux x86_64) AppleWebKit/537.36 (KHTML, like Gecko) Chrome/131.0.0.0 Safari/537.36"
13.229.55.180 - - [21/Jul/2026:10:18:57 +0000] "POST / HTTP/1.1" 200 74835 "-" "Mozilla/5.0 (X11; Linux x86_64) AppleWebKit/537.36 (KHTML, like Gecko) Chrome/131.0.0.0 Safari/537.36"
13.229.55.180 - - [21/Jul/2026:10:18:59 +0000] "POST / HTTP/1.1" 200 74835 "-" "Mozilla/5.0 (X11; Linux x86_64) AppleWebKit/537.36 (KHTML, like Gecko) Chrome/131.0.0.0 Safari/537.36"
13.229.55.180 - - [21/Jul/2026:10:19:01 +0000] "GET /.git/config HTTP/1.1" 301 - "-" "Mozilla/5.0 (X11; Linux x86_64) AppleWebKit/537.36 (KHTML, like Gecko) Chrome/131.0.0.0 Safari/537.36"
13.229.55.180 - - [21/Jul/2026:10:19:02 +0000] "GET /.git/config HTTP/1.1" 404 63537 "-" "Mozilla/5.0 (X11; Linux x86_64) AppleWebKit/537.36 (KHTML, like Gecko) Chrome/131.0.0.0 Safari/537.36"
105.113.65.234 - - [21/Jul/2026:10:19:03 +0000] "POST /wp-admin/admin-ajax.php HTTP/1.1" 200 98 "https://tradedealings.shop/wp-admin/post.php?post=9&action=edit" "Mozilla/5.0 (Windows NT 10.0; Win64; x64) AppleWebKit/537.36 (KHTML, like Gecko) Chrome/150.0.0.0 Safari/537.36"
13.229.55.180 - - [21/Jul/2026:10:19:04 +0000] "POST / HTTP/1.1" 200 74842 "-" "Mozilla/5.0 (X11; Linux x86_64) AppleWebKit/537.36 (KHTML, like Gecko) Chrome/131.0.0.0 Safari/537.36"
13.229.55.180 - - [21/Jul/2026:10:19:06 +0000] "GET /.env HTTP/1.1" 301 - "-" "Mozilla/5.0 (X11; Linux x86_64) AppleWebKit/537.36 (KHTML, like Gecko) Chrome/131.0.0.0 Safari/537.36"
13.229.55.180 - - [21/Jul/2026:10:19:08 +0000] "GET /.env HTTP/1.1" 404 63537 "-" "Mozilla/5.0 (X11; Linux x86_64) AppleWebKit/537.36 (KHTML, like Gecko) Chrome/131.0.0.0 Safari/537.36"
105.113.65.234 - - [21/Jul/2026:10:19:09 +0000] "POST /wp-admin/admin-ajax.php HTTP/1.1" 200 1 "https://tradedealings.shop/wp-admin/post.php?post=9&action=edit" "Mozilla/5.0 (Windows NT 10.0; Win64; x64) AppleWebKit/537.36 (KHTML, like Gecko) Chrome/150.0.0.0 Safari/537.36"
13.229.55.180 - - [21/Jul/2026:10:19:10 +0000] "GET /.env.local HTTP/1.1" 301 - "-" "Mozilla/5.0 (X11; Linux x86_64) AppleWebKit/537.36 (KHTML, like Gecko) Chrome/131.0.0.0 Safari/537.36"
198.177.124.148 - - [21/Jul/2026:10:19:13 +0000] "POST /wp-cron.php?doing_wp_cron=1784629153.1578340530395507812500 HTTP/1.1" 200 - "-" "WordPress/7.0.2; https://tradedealings.shop"
13.229.55.180 - - [21/Jul/2026:10:19:12 +0000] "GET /.env.local HTTP/1.1" 404 63537 "-" "Mozilla/5.0 (X11; Linux x86_64) AppleWebKit/537.36 (KHTML, like Gecko) Chrome/131.0.0.0 Safari/537.36"
105.113.65.234 - - [21/Jul/2026:10:19:13 +0000] "GET /wp-json/wp/v2/categories/1?context=edit&_locale=user HTTP/1.1" 200 679 "https://tradedealings.shop/wp-admin/post.php?post=9&action=edit" "Mozilla/5.0 (Windows NT 10.0; Win64; x64) AppleWebKit/537.36 (KHTML, like Gecko) Chrome/150.0.0.0 Safari/537.36"
105.113.65.234 - - [21/Jul/2026:10:19:14 +0000] "POST /wp-admin/admin-ajax.php HTTP/1.1" 200 98 "https://tradedealings.shop/wp-admin/post.php?post=9&action=edit" "Mozilla/5.0 (Windows NT 10.0; Win64; x64) AppleWebKit/537.36 (KHTML, like Gecko) Chrome/150.0.0.0 Safari/537.36"
13.229.55.180 - - [21/Jul/2026:10:19:13 +0000] "GET /.env.production HTTP/1.1" 301 - "-" "Mozilla/5.0 (X11; Linux x86_64) AppleWebKit/537.36 (KHTML, like Gecko) Chrome/131.0.0.0 Safari/537.36"
105.113.65.234 - - [21/Jul/2026:10:19:15 +0000] "POST /wp-json/wpforms/v1/themes/custom/?_locale=user HTTP/1.1" 200 15 "https://tradedealings.shop/wp-admin/post.php?post=9&action=edit" "Mozilla/5.0 (Windows NT 10.0; Win64; x64) AppleWebKit/537.36 (KHTML, like Gecko) Chrome/150.0.0.0 Safari/537.36"
105.113.65.234 - - [21/Jul/2026:10:19:16 +0000] "POST /wp-json/wp/v2/pages/9?_locale=user HTTP/1.1" 200 34854 "https://tradedealings.shop/wp-admin/post.php?post=9&action=edit" "Mozilla/5.0 (Windows NT 10.0; Win64; x64) AppleWebKit/537.36 (KHTML, like Gecko) Chrome/150.0.0.0 Safari/537.36"
13.229.55.180 - - [21/Jul/2026:10:19:17 +0000] "GET /.env.production HTTP/1.1" 404 63770 "-" "Mozilla/5.0 (X11; Linux x86_64) AppleWebKit/537.36 (KHTML, like Gecko) Chrome/131.0.0.0 Safari/537.36"
105.113.65.234 - - [21/Jul/2026:10:19:21 +0000] "GET /wp-json/wp/v2/templates/lookup?slug=page-trade-dealings&_locale=user HTTP/1.1" 200 2195 "https://tradedealings.shop/wp-admin/post.php?post=9&action=edit" "Mozilla/5.0 (Windows NT 10.0; Win64; x64) AppleWebKit/537.36 (KHTML, like Gecko) Chrome/150.0.0.0 Safari/537.36"
105.113.65.234 - - [21/Jul/2026:10:19:21 +0000] "POST /wp-json/wpforms/v1/themes/custom/?_locale=user HTTP/1.1" 200 15 "https://tradedealings.shop/wp-admin/post.php?post=9&action=edit" "Mozilla/5.0 (Windows NT 10.0; Win64; x64) AppleWebKit/537.36 (KHTML, like Gecko) Chrome/150.0.0.0 Safari/537.36"
105.113.65.234 - - [21/Jul/2026:10:19:21 +0000] "POST /wp-admin/post.php?post=9&action=edit&meta-box-loader=1&meta-box-loader-nonce=dca6c2286c&_locale=user HTTP/1.1" 302 - "https://tradedealings.shop/wp-admin/post.php?post=9&action=edit" "Mozilla/5.0 (Windows NT 10.0; Win64; x64) AppleWebKit/537.36 (KHTML, like Gecko) Chrome/150.0.0.0 Safari/537.36"
13.229.55.180 - - [21/Jul/2026:10:19:23 +0000] "GET /.env.staging HTTP/1.1" 301 - "-" "Mozilla/5.0 (X11; Linux x86_64) AppleWebKit/537.36 (KHTML, like Gecko) Chrome/131.0.0.0 Safari/537.36"
105.113.65.234 - - [21/Jul/2026:10:19:24 +0000] "POST /wp-admin/admin-ajax.php HTTP/1.1" 200 98 "https://tradedealings.shop/wp-admin/post.php?post=9&action=edit" "Mozilla/5.0 (Windows NT 10.0; Win64; x64) AppleWebKit/537.36 (KHTML, like Gecko) Chrome/150.0.0.0 Safari/537.36"
13.229.55.180 - - [21/Jul/2026:10:19:26 +0000] "GET /.env.staging HTTP/1.1" 404 63770 "-" "Mozilla/5.0 (X11; Linux x86_64) AppleWebKit/537.36 (KHTML, like Gecko) Chrome/131.0.0.0 Safari/537.36"
105.113.65.234 - - [21/Jul/2026:10:19:27 +0000] "POST /wp-json/wpforms/v1/themes/custom/?_locale=user HTTP/1.1" 200 15 "https://tradedealings.shop/wp-admin/post.php?post=9&action=edit" "Mozilla/5.0 (Windows NT 10.0; Win64; x64) AppleWebKit/537.36 (KHTML, like Gecko) Chrome/150.0.0.0 Safari/537.36"
13.229.55.180 - - [21/Jul/2026:10:19:29 +0000] "GET /.env.development HTTP/1.1" 301 - "-" "Mozilla/5.0 (X11; Linux x86_64) AppleWebKit/537.36 (KHTML, like Gecko) Chrome/131.0.0.0 Safari/537.36"
105.113.65.234 - - [21/Jul/2026:10:19:30 +0000] "POST /wp-json/wpforms/v1/themes/custom/?_locale=user HTTP/1.1" 200 15 "https://tradedealings.shop/wp-admin/post.php?post=9&action=edit" "Mozilla/5.0 (Windows NT 10.0; Win64; x64) AppleWebKit/537.36 (KHTML, like Gecko) Chrome/150.0.0.0 Safari/537.36"
105.113.65.234 - - [21/Jul/2026:10:19:26 +0000] "GET /wp-admin/post.php?post=9&action=edit&message=4 HTTP/1.1" 200 864449 "https://tradedealings.shop/wp-admin/post.php?post=9&action=edit" "Mozilla/5.0 (Windows NT 10.0; Win64; x64) AppleWebKit/537.36 (KHTML, like Gecko) Chrome/150.0.0.0 Safari/537.36"
13.229.55.180 - - [21/Jul/2026:10:19:30 +0000] "GET /.env.development HTTP/1.1" 404 63770 "-" "Mozilla/5.0 (X11; Linux x86_64) AppleWebKit/537.36 (KHTML, like Gecko) Chrome/131.0.0.0 Safari/537.36"
13.229.55.180 - - [21/Jul/2026:10:19:32 +0000] "GET /.env.test HTTP/1.1" 301 - "-" "Mozilla/5.0 (X11; Linux x86_64) AppleWebKit/537.36 (KHTML, like Gecko) Chrome/131.0.0.0 Safari/537.36"
105.113.65.234 - - [21/Jul/2026:10:19:33 +0000] "POST /wp-admin/admin-ajax.php HTTP/1.1" 200 98 "https://tradedealings.shop/wp-admin/post.php?post=9&action=edit" "Mozilla/5.0 (Windows NT 10.0; Win64; x64) AppleWebKit/537.36 (KHTML, like Gecko) Chrome/150.0.0.0 Safari/537.36"
13.229.55.180 - - [21/Jul/2026:10:19:34 +0000] "GET /.env.test HTTP/1.1" 404 63770 "-" "Mozilla/5.0 (X11; Linux x86_64) AppleWebKit/537.36 (KHTML, like Gecko) Chrome/131.0.0.0 Safari/537.36"
105.113.65.234 - - [21/Jul/2026:10:19:35 +0000] "POST /wp-admin/admin-ajax.php HTTP/1.1" 200 1 "https://tradedealings.shop/wp-admin/post.php?post=9&action=edit" "Mozilla/5.0 (Windows NT 10.0; Win64; x64) AppleWebKit/537.36 (KHTML, like Gecko) Chrome/150.0.0.0 Safari/537.36"
13.229.55.180 - - [21/Jul/2026:10:19:36 +0000] "GET /.env.remote HTTP/1.1" 301 - "-" "Mozilla/5.0 (X11; Linux x86_64) AppleWebKit/537.36 (KHTML, like Gecko) Chrome/131.0.0.0 Safari/537.36"
105.113.65.234 - - [21/Jul/2026:10:19:39 +0000] "GET /wp-includes/css/wp-pointer.min.css?ver=7.0.2 HTTP/1.1" 200 3252 "https://tradedealings.shop/wp-admin/post.php?post=9&action=elementor" "Mozilla/5.0 (Windows NT 10.0; Win64; x64) AppleWebKit/537.36 (KHTML, like Gecko) Chrome/150.0.0.0 Safari/537.36"
105.113.65.234 - - [21/Jul/2026:10:19:39 +0000] "GET /wp-admin/css/widgets.min.css?ver=7.0.2 HTTP/1.1" 200 14620 "https://tradedealings.shop/wp-admin/post.php?post=9&action=elementor" "Mozilla/5.0 (Windows NT 10.0; Win64; x64) AppleWebKit/537.36 (KHTML, like Gecko) Chrome/150.0.0.0 Safari/537.36"
105.113.65.234 - - [21/Jul/2026:10:19:40 +0000] "GET /wp-includes/css/buttons.min.css?ver=7.0.2 HTTP/1.1" 200 8152 "https://tradedealings.shop/wp-admin/post.php?post=9&action=elementor" "Mozilla/5.0 (Windows NT 10.0; Win64; x64) AppleWebKit/537.36 (KHTML, like Gecko) Chrome/150.0.0.0 Safari/537.36"
105.113.65.234 - - [21/Jul/2026:10:19:40 +0000] "GET /wp-admin/css/media.min.css?ver=7.0.2 HTTP/1.1" 200 22893 "https://tradedealings.shop/wp-admin/post.php?post=9&action=elementor" "Mozilla/5.0 (Windows NT 10.0; Win64; x64) AppleWebKit/537.36 (KHTML, like Gecko) Chrome/150.0.0.0 Safari/537.36"
105.113.65.234 - - [21/Jul/2026:10:19:40 +0000] "GET /wp-content/plugins/elementor/assets/lib/eicons/css/elementor-icons.min.css?ver=5.53.0 HTTP/1.1" 304 - "https://tradedealings.shop/wp-admin/post.php?post=9&action=elementor" "Mozilla/5.0 (Windows NT 10.0; Win64; x64) AppleWebKit/537.36 (KHTML, like Gecko) Chrome/150.0.0.0 Safari/537.36"
105.113.65.234 - - [21/Jul/2026:10:19:40 +0000] "GET /wp-content/plugins/elementor/assets/css/common.min.css?ver=4.2.0 HTTP/1.1" 304 - "https://tradedealings.shop/wp-admin/post.php?post=9&action=elementor" "Mozilla/5.0 (Windows NT 10.0; Win64; x64) AppleWebKit/537.36 (KHTML, like Gecko) Chrome/150.0.0.0 Safari/537.36"
105.113.65.234 - - [21/Jul/2026:10:19:40 +0000] "GET /wp-content/plugins/elementor/assets/css/theme-light.min.css?ver=4.2.0 HTTP/1.1" 304 - "https://tradedealings.shop/wp-admin/post.php?post=9&action=elementor" "Mozilla/5.0 (Windows NT 10.0; Win64; x64) AppleWebKit/537.36 (KHTML, like Gecko) Chrome/150.0.0.0 Safari/537.36"
105.113.65.234 - - [21/Jul/2026:10:19:40 +0000] "GET /wp-includes/css/media-views.min.css?ver=7.0.2 HTTP/1.1" 200 49456 "https://tradedealings.shop/wp-admin/post.php?post=9&action=elementor" "Mozilla/5.0 (Windows NT 10.0; Win64; x64) AppleWebKit/537.36 (KHTML, like Gecko) Chrome/150.0.0.0 Safari/537.36"
13.229.55.180 - - [21/Jul/2026:10:19:38 +0000] "GET /.env.remote HTTP/1.1" 404 63770 "-" "Mozilla/5.0 (X11; Linux x86_64) AppleWebKit/537.36 (KHTML, like Gecko) Chrome/131.0.0.0 Safari/537.36"
105.113.65.234 - - [21/Jul/2026:10:19:40 +0000] "GET /wp-content/plugins/elementor/assets/lib/e-select2/css/e-select2.min.css?ver=4.0.6-rc.1 HTTP/1.1" 200 14773 "https://tradedealings.shop/wp-admin/post.php?post=9&action=elementor" "Mozilla/5.0 (Windows NT 10.0; Win64; x64) AppleWebKit/537.36 (KHTML, like Gecko) Chrome/150.0.0.0 Safari/537.36"
105.113.65.234 - - [21/Jul/2026:10:19:40 +0000] "GET /wp-includes/css/wp-auth-check.min.css?ver=7.0.2 HTTP/1.1" 200 1885 "https://tradedealings.shop/wp-admin/post.php?post=9&action=elementor" "Mozilla/5.0 (Windows NT 10.0; Win64; x64) AppleWebKit/537.36 (KHTML, like Gecko) Chrome/150.0.0.0 Safari/537.36"
105.113.65.234 - - [21/Jul/2026:10:19:40 +0000] "GET /wp-content/plugins/elementor/assets/lib/flatpickr/flatpickr.min.css?ver=4.6.13 HTTP/1.1" 200 15588 "https://tradedealings.shop/wp-admin/post.php?post=9&action=elementor" "Mozilla/5.0 (Windows NT 10.0; Win64; x64) AppleWebKit/537.36 (KHTML, like Gecko) Chrome/150.0.0.0 Safari/537.36"
105.113.65.234 - - [21/Jul/2026:10:19:40 +0000] "GET /wp-content/plugins/elementor/assets/lib/pickr/themes/monolith.min.css?ver=1.8.2 HTTP/1.1" 200 9117 "https://tradedealings.shop/wp-admin/post.php?post=9&action=elementor" "Mozilla/5.0 (Windows NT 10.0; Win64; x64) AppleWebKit/537.36 (KHTML, like Gecko) Chrome/150.0.0.0 Safari/537.36"
105.113.65.234 - - [21/Jul/2026:10:19:41 +0000] "GET /wp-content/plugins/elementor/assets/css/editor-v2-app-bar-overrides.min.css?ver=4.2.0 HTTP/1.1" 200 1007 "https://tradedealings.shop/wp-admin/post.php?post=9&action=elementor" "Mozilla/5.0 (Windows NT 10.0; Win64; x64) AppleWebKit/537.36 (KHTML, like Gecko) Chrome/150.0.0.0 Safari/537.36"
105.113.65.234 - - [21/Jul/2026:10:19:41 +0000] "GET /wp-content/plugins/elementor/assets/css/modules/ai/editor.min.css?ver=4.2.0 HTTP/1.1" 200 587 "https://tradedealings.shop/wp-admin/post.php?post=9&action=elementor" "Mozilla/5.0 (Windows NT 10.0; Win64; x64) AppleWebKit/537.36 (KHTML, like Gecko) Chrome/150.0.0.0 Safari/537.36"
105.113.65.234 - - [21/Jul/2026:10:19:41 +0000] "GET /wp-content/plugins/elementor/assets/css/modules/container-converter/editor.min.css?ver=4.2.0 HTTP/1.1" 200 399 "https://tradedealings.shop/wp-admin/post.php?post=9&action=elementor" "Mozilla/5.0 (Windows NT 10.0; Win64; x64) AppleWebKit/537.36 (KHTML, like Gecko) Chrome/150.0.0.0 Safari/537.36"
105.113.65.234 - - [21/Jul/2026:10:19:41 +0000] "GET /wp-content/plugins/elementor/assets/css/modules/notes/editor.min.css?ver=4.2.0 HTTP/1.1" 200 117 "https://tradedealings.shop/wp-admin/post.php?post=9&action=elementor" "Mozilla/5.0 (Windows NT 10.0; Win64; x64) AppleWebKit/537.36 (KHTML, like Gecko) Chrome/150.0.0.0 Safari/537.36"
105.113.65.234 - - [21/Jul/2026:10:19:41 +0000] "GET /wp-content/plugins/wpforms-lite/assets/css/admin-integrations.min.css?ver=2.0.0.2 HTTP/1.1" 304 - "https://tradedealings.shop/wp-admin/post.php?post=9&action=elementor" "Mozilla/5.0 (Windows NT 10.0; Win64; x64) AppleWebKit/537.36 (KHTML, like Gecko) Chrome/150.0.0.0 Safari/537.36"
105.113.65.234 - - [21/Jul/2026:10:19:41 +0000] "GET /wp-content/plugins/elementor/assets/css/modules/atomic-widgets/editor.min.css?ver=4.2.0 HTTP/1.1" 200 1468 "https://tradedealings.shop/wp-admin/post.php?post=9&action=elementor" "Mozilla/5.0 (Windows NT 10.0; Win64; x64) AppleWebKit/537.36 (KHTML, like Gecko) Chrome/150.0.0.0 Safari/537.36"
105.113.65.234 - - [21/Jul/2026:10:19:41 +0000] "GET /wp-content/plugins/elementor/assets/css/modules/design-system-sync/design-system-sync.min.css?ver=4.2.0 HTTP/1.1" 200 1772 "https://tradedealings.shop/wp-admin/post.php?post=9&action=elementor" "Mozilla/5.0 (Windows NT 10.0; Win64; x64) AppleWebKit/537.36 (KHTML, like Gecko) Chrome/150.0.0.0 Safari/537.36"
105.113.65.234 - - [21/Jul/2026:10:19:41 +0000] "GET /wp-content/plugins/elementor/assets/css/editor.min.css?ver=4.2.0 HTTP/1.1" 200 246449 "https://tradedealings.shop/wp-admin/post.php?post=9&action=elementor" "Mozilla/5.0 (Windows NT 10.0; Win64; x64) AppleWebKit/537.36 (KHTML, like Gecko) Chrome/150.0.0.0 Safari/537.36"
105.113.65.234 - - [21/Jul/2026:10:19:41 +0000] "GET /wp-admin/js/widgets/media-widgets.min.js?ver=7.0.2 HTTP/1.1" 200 14241 "https://tradedealings.shop/wp-admin/post.php?post=9&action=elementor" "Mozilla/5.0 (Windows NT 10.0; Win64; x64) AppleWebKit/537.36 (KHTML, like Gecko) Chrome/150.0.0.0 Safari/537.36"
105.113.65.234 - - [21/Jul/2026:10:19:41 +0000] "GET /wp-admin/js/widgets/media-audio-widget.min.js?ver=7.0.2 HTTP/1.1" 200 1447 "https://tradedealings.shop/wp-admin/post.php?post=9&action=elementor" "Mozilla/5.0 (Windows NT 10.0; Win64; x64) AppleWebKit/537.36 (KHTML, like Gecko) Chrome/150.0.0.0 Safari/537.36"
105.113.65.234 - - [21/Jul/2026:10:19:41 +0000] "GET /wp-includes/js/utils.min.js?ver=7.0.2 HTTP/1.1" 200 1864 "https://tradedealings.shop/wp-admin/post.php?post=9&action=elementor" "Mozilla/5.0 (Windows NT 10.0; Win64; x64) AppleWebKit/537.36 (KHTML, like Gecko) Chrome/150.0.0.0 Safari/537.36"
105.113.65.234 - - [21/Jul/2026:10:19:42 +0000] "GET /wp-admin/js/widgets/media-image-widget.min.js?ver=7.0.2 HTTP/1.1" 200 2024 "https://tradedealings.shop/wp-admin/post.php?post=9&action=elementor" "Mozilla/5.0 (Windows NT 10.0; Win64; x64) AppleWebKit/537.36 (KHTML, like Gecko) Chrome/150.0.0.0 Safari/537.36"
105.113.65.234 - - [21/Jul/2026:10:19:42 +0000] "GET /wp-admin/js/widgets/media-video-widget.min.js?ver=7.0.2 HTTP/1.1" 200 2702 "https://tradedealings.shop/wp-admin/post.php?post=9&action=elementor" "Mozilla/5.0 (Windows NT 10.0; Win64; x64) AppleWebKit/537.36 (KHTML, like Gecko) Chrome/150.0.0.0 Safari/537.36"
105.113.65.234 - - [21/Jul/2026:10:19:42 +0000] "GET /wp-admin/js/widgets/media-gallery-widget.min.js?ver=7.0.2 HTTP/1.1" 200 3766 "https://tradedealings.shop/wp-admin/post.php?post=9&action=elementor" "Mozilla/5.0 (Windows NT 10.0; Win64; x64) AppleWebKit/537.36 (KHTML, like Gecko) Chrome/150.0.0.0 Safari/537.36"
13.229.55.180 - - [21/Jul/2026:10:19:41 +0000] "GET /.env.bak HTTP/1.1" 301 - "-" "Mozilla/5.0 (X11; Linux x86_64) AppleWebKit/537.36 (KHTML, like Gecko) Chrome/131.0.0.0 Safari/537.36"
105.113.65.234 - - [21/Jul/2026:10:19:42 +0000] "GET /wp-admin/js/widgets/text-widgets.min.js?ver=7.0.2 HTTP/1.1" 200 5853 "https://tradedealings.shop/wp-admin/post.php?post=9&action=elementor" "Mozilla/5.0 (Windows NT 10.0; Win64; x64) AppleWebKit/537.36 (KHTML, like Gecko) Chrome/150.0.0.0 Safari/537.36"
105.113.65.234 - - [21/Jul/2026:10:19:42 +0000] "GET /wp-admin/js/widgets/custom-html-widgets.min.js?ver=7.0.2 HTTP/1.1" 200 5582 "https://tradedealings.shop/wp-admin/post.php?post=9&action=elementor" "Mozilla/5.0 (Windows NT 10.0; Win64; x64) AppleWebKit/537.36 (KHTML, like Gecko) Chrome/150.0.0.0 Safari/537.36"
105.113.65.234 - - [21/Jul/2026:10:19:41 +0000] "GET /wp-admin/load-scripts.php?c=1&load%5Bchunk_0%5D=jquery-core,jquery-migrate,jquery-ui-core,jquery-ui-mouse,underscore,backbone,wp-api-request,wp-hooks&ver=7.0.2 HTTP/1.1" 200 175429 "https://tradedealings.shop/wp-admin/post.php?post=9&action=elementor" "Mozilla/5.0 (Windows NT 10.0; Win64; x64) AppleWebKit/537.36 (KHTML, like Gecko) Chrome/150.0.0.0 Safari/537.36"
105.113.65.234 - - [21/Jul/2026:10:19:42 +0000] "GET /wp-content/plugins/wpforms-lite/assets/lib/choices.min.js?ver=10.2.0 HTTP/1.1" 304 - "https://tradedealings.shop/wp-admin/post.php?post=9&action=elementor" "Mozilla/5.0 (Windows NT 10.0; Win64; x64) AppleWebKit/537.36 (KHTML, like Gecko) Chrome/150.0.0.0 Safari/537.36"
105.113.65.234 - - [21/Jul/2026:10:19:42 +0000] "GET /wp-content/plugins/elementor/assets/js/editor-modules.min.js?ver=4.2.0 HTTP/1.1" 200 49544 "https://tradedealings.shop/wp-admin/post.php?post=9&action=elementor" "Mozilla/5.0 (Windows NT 10.0; Win64; x64) AppleWebKit/537.36 (KHTML, like Gecko) Chrome/150.0.0.0 Safari/537.36"
105.113.65.234 - - [21/Jul/2026:10:19:42 +0000] "GET /wp-content/plugins/elementor/assets/js/editor-document.min.js?ver=4.2.0 HTTP/1.1" 200 25841 "https://tradedealings.shop/wp-admin/post.php?post=9&action=elementor" "Mozilla/5.0 (Windows NT 10.0; Win64; x64) AppleWebKit/537.36 (KHTML, like Gecko) Chrome/150.0.0.0 Safari/537.36"
105.113.65.234 - - [21/Jul/2026:10:19:42 +0000] "GET /wp-admin/load-scripts.php?c=1&load%5Bchunk_0%5D=jquery-ui-draggable,react,react-dom&ver=7.0.2 HTTP/1.1" 200 161009 "https://tradedealings.shop/wp-admin/post.php?post=9&action=elementor" "Mozilla/5.0 (Windows NT 10.0; Win64; x64) AppleWebKit/537.36 (KHTML, like Gecko) Chrome/150.0.0.0 Safari/537.36"
105.113.65.234 - - [21/Jul/2026:10:19:43 +0000] "GET /wp-content/plugins/elementor/assets/js/ai-layout.min.js?ver=4.2.0 HTTP/1.1" 200 206696 "https://tradedealings.shop/wp-admin/post.php?post=9&action=elementor" "Mozilla/5.0 (Windows NT 10.0; Win64; x64) AppleWebKit/537.36 (KHTML, like Gecko) Chrome/150.0.0.0 Safari/537.36"
105.113.65.234 - - [21/Jul/2026:10:19:43 +0000] "GET /wp-content/plugins/elementor/assets/js/nested-elements.min.js?ver=4.2.0 HTTP/1.1" 200 6396 "https://tradedealings.shop/wp-admin/post.php?post=9&action=elementor" "Mozilla/5.0 (Windows NT 10.0; Win64; x64) AppleWebKit/537.36 (KHTML, like Gecko) Chrome/150.0.0.0 Safari/537.36"
105.113.65.234 - - [21/Jul/2026:10:19:35 +0000] "GET /wp-admin/post.php?post=9&action=elementor HTTP/1.1" 200 2349190 "https://tradedealings.shop/wp-admin/post.php?post=9&action=edit" "Mozilla/5.0 (Windows NT 10.0; Win64; x64) AppleWebKit/537.36 (KHTML, like Gecko) Chrome/150.0.0.0 Safari/537.36"
105.113.65.234 - - [21/Jul/2026:10:19:43 +0000] "GET /wp-content/plugins/elementor/assets/js/nested-accordion.min.js?ver=4.2.0 HTTP/1.1" 200 10859 "https://tradedealings.shop/wp-admin/post.php?post=9&action=elementor" "Mozilla/5.0 (Windows NT 10.0; Win64; x64) AppleWebKit/537.36 (KHTML, like Gecko) Chrome/150.0.0.0 Safari/537.36"
105.113.65.234 - - [21/Jul/2026:10:19:43 +0000] "GET /wp-content/plugins/elementor/assets/js/nested-tabs.min.js?ver=4.2.0 HTTP/1.1" 200 10854 "https://tradedealings.shop/wp-admin/post.php?post=9&action=elementor" "Mozilla/5.0 (Windows NT 10.0; Win64; x64) AppleWebKit/537.36 (KHTML, like Gecko) Chrome/150.0.0.0 Safari/537.36"
105.113.65.234 - - [21/Jul/2026:10:19:44 +0000] "GET /wp-content/plugins/elementor/assets/lib/eicons/fonts/eicons.woff2?5.53.0 HTTP/1.1" 304 - "https://tradedealings.shop/wp-content/plugins/elementor/assets/lib/eicons/css/elementor-icons.min.css?ver=5.53.0" "Mozilla/5.0 (Windows NT 10.0; Win64; x64) AppleWebKit/537.36 (KHTML, like Gecko) Chrome/150.0.0.0 Safari/537.36"
105.113.65.234 - - [21/Jul/2026:10:19:44 +0000] "GET /wp-content/plugins/elementor/assets/js/editor-v4-opt-in-alphachip.min.js?ver=4.2.0 HTTP/1.1" 200 8758 "https://tradedealings.shop/wp-admin/post.php?post=9&action=elementor" "Mozilla/5.0 (Windows NT 10.0; Win64; x64) AppleWebKit/537.36 (KHTML, like Gecko) Chrome/150.0.0.0 Safari/537.36"
105.113.65.234 - - [21/Jul/2026:10:19:44 +0000] "GET /wp-content/plugins/elementor/assets/js/kit-elements-defaults-editor.min.js?ver=4.2.0 HTTP/1.1" 200 32712 "https://tradedealings.shop/wp-admin/post.php?post=9&action=elementor" "Mozilla/5.0 (Windows NT 10.0; Win64; x64) AppleWebKit/537.36 (KHTML, like Gecko) Chrome/150.0.0.0 Safari/537.36"
13.229.55.180 - - [21/Jul/2026:10:19:42 +0000] "GET /.env.bak HTTP/1.1" 404 63770 "-" "Mozilla/5.0 (X11; Linux x86_64) AppleWebKit/537.36 (KHTML, like Gecko) Chrome/131.0.0.0 Safari/537.36"
105.113.65.234 - - [21/Jul/2026:10:19:44 +0000] "GET /wp-content/plugins/elementor/assets/js/packages/utils/utils.min.js?ver=4.2.0 HTTP/1.1" 200 5061 "https://tradedealings.shop/wp-admin/post.php?post=9&action=elementor" "Mozilla/5.0 (Windows NT 10.0; Win64; x64) AppleWebKit/537.36 (KHTML, like Gecko) Chrome/150.0.0.0 Safari/537.36"
105.113.65.234 - - [21/Jul/2026:10:19:44 +0000] "GET /wp-content/plugins/elementor/assets/js/packages/editor-v1-adapters/editor-v1-adapters.min.js?ver=4.2.0 HTTP/1.1" 200 8052 "https://tradedealings.shop/wp-admin/post.php?post=9&action=elementor" "Mozilla/5.0 (Windows NT 10.0; Win64; x64) AppleWebKit/537.36 (KHTML, like Gecko) Chrome/150.0.0.0 Safari/537.36"
105.113.65.234 - - [21/Jul/2026:10:19:44 +0000] "GET /wp-content/plugins/elementor/assets/js/packages/http-client/http-client.min.js?ver=4.2.0 HTTP/1.1" 200 43226 "https://tradedealings.shop/wp-admin/post.php?post=9&action=elementor" "Mozilla/5.0 (Windows NT 10.0; Win64; x64) AppleWebKit/537.36 (KHTML, like Gecko) Chrome/150.0.0.0 Safari/537.36"
105.113.65.234 - - [21/Jul/2026:10:19:44 +0000] "GET /wp-content/plugins/elementor/assets/js/packages/env/env.min.js?ver=4.2.0 HTTP/1.1" 200 1423 "https://tradedealings.shop/wp-admin/post.php?post=9&action=elementor" "Mozilla/5.0 (Windows NT 10.0; Win64; x64) AppleWebKit/537.36 (KHTML, like Gecko) Chrome/150.0.0.0 Safari/537.36"
105.113.65.234 - - [21/Jul/2026:10:19:45 +0000] "GET /wp-content/plugins/elementor/assets/js/packages/query/query.min.js?ver=4.2.0 HTTP/1.1" 200 80859 "https://tradedealings.shop/wp-admin/post.php?post=9&action=elementor" "Mozilla/5.0 (Windows NT 10.0; Win64; x64) AppleWebKit/537.36 (KHTML, like Gecko) Chrome/150.0.0.0 Safari/537.36"
105.113.65.234 - - [21/Jul/2026:10:19:43 +0000] "GET /wp-content/plugins/elementor/assets/js/ai.min.js?ver=4.2.0 HTTP/1.1" 200 522494 "https://tradedealings.shop/wp-admin/post.php?post=9&action=elementor" "Mozilla/5.0 (Windows NT 10.0; Win64; x64) AppleWebKit/537.36 (KHTML, like Gecko) Chrome/150.0.0.0 Safari/537.36"
105.113.65.234 - - [21/Jul/2026:10:19:45 +0000] "GET /wp-content/plugins/elementor/assets/js/packages/editor-current-user/editor-current-user.min.js?ver=4.2.0 HTTP/1.1" 200 2641 "https://tradedealings.shop/wp-admin/post.php?post=9&action=elementor" "Mozilla/5.0 (Windows NT 10.0; Win64; x64) AppleWebKit/537.36 (KHTML, like Gecko) Chrome/150.0.0.0 Safari/537.36"
13.229.55.180 - - [21/Jul/2026:10:19:45 +0000] "GET /.env.backup HTTP/1.1" 301 - "-" "Mozilla/5.0 (X11; Linux x86_64) AppleWebKit/537.36 (KHTML, like Gecko) Chrome/131.0.0.0 Safari/537.36"
105.113.65.234 - - [21/Jul/2026:10:19:46 +0000] "GET /wp-content/plugins/elementor/assets/js/packages/editor-ui/editor-ui.min.js?ver=4.2.0 HTTP/1.1" 200 44756 "https://tradedealings.shop/wp-admin/post.php?post=9&action=elementor" "Mozilla/5.0 (Windows NT 10.0; Win64; x64) AppleWebKit/537.36 (KHTML, like Gecko) Chrome/150.0.0.0 Safari/537.36"
105.113.65.234 - - [21/Jul/2026:10:19:46 +0000] "GET /wp-content/plugins/elementor/assets/js/packages/locations/locations.min.js?ver=4.2.0 HTTP/1.1" 200 2991 "https://tradedealings.shop/wp-admin/post.php?post=9&action=elementor" "Mozilla/5.0 (Windows NT 10.0; Win64; x64) AppleWebKit/537.36 (KHTML, like Gecko) Chrome/150.0.0.0 Safari/537.36"
105.113.65.234 - - [21/Jul/2026:10:19:46 +0000] "GET /wp-content/plugins/elementor/assets/js/packages/store/store.min.js?ver=4.2.0 HTTP/1.1" 200 2347 "https://tradedealings.shop/wp-admin/post.php?post=9&action=elementor" "Mozilla/5.0 (Windows NT 10.0; Win64; x64) AppleWebKit/537.36 (KHTML, like Gecko) Chrome/150.0.0.0 Safari/537.36"
105.113.65.234 - - [21/Jul/2026:10:19:47 +0000] "GET /wp-content/plugins/elementor/assets/js/packages/editor-documents/editor-documents.min.js?ver=4.2.0 HTTP/1.1" 200 8861 "https://tradedealings.shop/wp-admin/post.php?post=9&action=elementor" "Mozilla/5.0 (Windows NT 10.0; Win64; x64) AppleWebKit/537.36 (KHTML, like Gecko) Chrome/150.0.0.0 Safari/537.36"
105.113.65.234 - - [21/Jul/2026:10:19:47 +0000] "GET /wp-content/plugins/elementor/assets/js/packages/editor/editor.min.js?ver=4.2.0 HTTP/1.1" 200 2605 "https://tradedealings.shop/wp-admin/post.php?post=9&action=elementor" "Mozilla/5.0 (Windows NT 10.0; Win64; x64) AppleWebKit/537.36 (KHTML, like Gecko) Chrome/150.0.0.0 Safari/537.36"
13.229.55.180 - - [21/Jul/2026:10:19:46 +0000] "GET /.env.backup HTTP/1.1" 404 63770 "-" "Mozilla/5.0 (X11; Linux x86_64) AppleWebKit/537.36 (KHTML, like Gecko) Chrome/131.0.0.0 Safari/537.36"
105.113.65.234 - - [21/Jul/2026:10:19:47 +0000] "GET /wp-content/plugins/elementor/assets/js/packages/events/events.min.js?ver=4.2.0 HTTP/1.1" 200 2331 "https://tradedealings.shop/wp-admin/post.php?post=9&action=elementor" "Mozilla/5.0 (Windows NT 10.0; Win64; x64) AppleWebKit/537.36 (KHTML, like Gecko) Chrome/150.0.0.0 Safari/537.36"
105.113.65.234 - - [21/Jul/2026:10:19:47 +0000] "GET /wp-content/plugins/elementor/assets/js/packages/editor-responsive/editor-responsive.min.js?ver=4.2.0 HTTP/1.1" 200 2819 "https://tradedealings.shop/wp-admin/post.php?post=9&action=elementor" "Mozilla/5.0 (Windows NT 10.0; Win64; x64) AppleWebKit/537.36 (KHTML, like Gecko) Chrome/150.0.0.0 Safari/537.36"
105.113.65.234 - - [21/Jul/2026:10:19:47 +0000] "GET /wp-content/plugins/elementor/assets/lib/backbone/backbone.radio.min.js?ver=1.0.4 HTTP/1.1" 304 - "https://tradedealings.shop/wp-admin/post.php?post=9&action=elementor" "Mozilla/5.0 (Windows NT 10.0; Win64; x64) AppleWebKit/537.36 (KHTML, like Gecko) Chrome/150.0.0.0 Safari/537.36"
105.113.65.234 - - [21/Jul/2026:10:19:47 +0000] "GET /wp-content/plugins/elementor/assets/lib/backbone/backbone.marionette.min.js?ver=2.4.5.e1 HTTP/1.1" 304 - "https://tradedealings.shop/wp-admin/post.php?post=9&action=elementor" "Mozilla/5.0 (Windows NT 10.0; Win64; x64) AppleWebKit/537.36 (KHTML, like Gecko) Chrome/150.0.0.0 Safari/537.36"
105.113.65.234 - - [21/Jul/2026:10:19:47 +0000] "GET /wp-content/plugins/elementor/assets/js/packages/menus/menus.min.js?ver=4.2.0 HTTP/1.1" 200 2718 "https://tradedealings.shop/wp-admin/post.php?post=9&action=elementor" "Mozilla/5.0 (Windows NT 10.0; Win64; x64) AppleWebKit/537.36 (KHTML, like Gecko) Chrome/150.0.0.0 Safari/537.36"
105.113.65.234 - - [21/Jul/2026:10:19:47 +0000] "GET /wp-content/plugins/elementor/assets/js/vendors-redux.min.js?ver=4.2.0 HTTP/1.1" 304 - "https://tradedealings.shop/wp-admin/post.php?post=9&action=elementor" "Mozilla/5.0 (Windows NT 10.0; Win64; x64) AppleWebKit/537.36 (KHTML, like Gecko) Chrome/150.0.0.0 Safari/537.36"
105.113.65.234 - - [21/Jul/2026:10:19:47 +0000] "GET /wp-content/plugins/elementor/assets/js/common-modules.min.js?ver=4.2.0 HTTP/1.1" 304 - "https://tradedealings.shop/wp-admin/post.php?post=9&action=elementor" "Mozilla/5.0 (Windows NT 10.0; Win64; x64) AppleWebKit/537.36 (KHTML, like Gecko) Chrome/150.0.0.0 Safari/537.36"
105.113.65.234 - - [21/Jul/2026:10:19:48 +0000] "GET /wp-content/plugins/elementor/assets/lib/dialog/dialog.min.js?ver=4.9.0 HTTP/1.1" 304 - "https://tradedealings.shop/wp-admin/post.php?post=9&action=elementor" "Mozilla/5.0 (Windows NT 10.0; Win64; x64) AppleWebKit/537.36 (KHTML, like Gecko) Chrome/150.0.0.0 Safari/537.36"
105.113.65.234 - - [21/Jul/2026:10:19:48 +0000] "GET /wp-content/plugins/elementor/assets/js/web-cli.min.js?ver=4.2.0 HTTP/1.1" 304 - "https://tradedealings.shop/wp-admin/post.php?post=9&action=elementor" "Mozilla/5.0 (Windows NT 10.0; Win64; x64) AppleWebKit/537.36 (KHTML, like Gecko) Chrome/150.0.0.0 Safari/537.36"
105.113.65.234 - - [21/Jul/2026:10:19:48 +0000] "GET /wp-content/plugins/elementor/assets/js/dev-tools.min.js?ver=4.2.0 HTTP/1.1" 304 - "https://tradedealings.shop/wp-admin/post.php?post=9&action=elementor" "Mozilla/5.0 (Windows NT 10.0; Win64; x64) AppleWebKit/537.36 (KHTML, like Gecko) Chrome/150.0.0.0 Safari/537.36"
105.113.65.234 - - [21/Jul/2026:10:19:48 +0000] "GET /wp-content/plugins/elementor/assets/js/app-loader.min.js?ver=4.2.0 HTTP/1.1" 304 - "https://tradedealings.shop/wp-admin/post.php?post=9&action=elementor" "Mozilla/5.0 (Windows NT 10.0; Win64; x64) AppleWebKit/537.36 (KHTML, like Gecko) Chrome/150.0.0.0 Safari/537.36"
105.113.65.234 - - [21/Jul/2026:10:19:48 +0000] "GET /wp-content/plugins/elementor/assets/js/common.min.js?ver=4.2.0 HTTP/1.1" 304 - "https://tradedealings.shop/wp-admin/post.php?post=9&action=elementor" "Mozilla/5.0 (Windows NT 10.0; Win64; x64) AppleWebKit/537.36 (KHTML, like Gecko) Chrome/150.0.0.0 Safari/537.36"
105.113.65.234 - - [21/Jul/2026:10:19:48 +0000] "GET /wp-content/plugins/elementor/assets/js/packages/ui/ui.min.js?ver=4.2.0 HTTP/1.1" 304 - "https://tradedealings.shop/wp-admin/post.php?post=9&action=elementor" "Mozilla/5.0 (Windows NT 10.0; Win64; x64) AppleWebKit/537.36 (KHTML, like Gecko) Chrome/150.0.0.0 Safari/537.36"
105.113.65.234 - - [21/Jul/2026:10:19:48 +0000] "GET /wp-content/plugins/elementor/assets/js/packages/icons/icons.min.js?ver=4.2.0 HTTP/1.1" 304 - "https://tradedealings.shop/wp-admin/post.php?post=9&action=elementor" "Mozilla/5.0 (Windows NT 10.0; Win64; x64) AppleWebKit/537.36 (KHTML, like Gecko) Chrome/150.0.0.0 Safari/537.36"
105.113.65.234 - - [21/Jul/2026:10:19:48 +0000] "GET /wp-content/plugins/elementor/assets/js/packages/schema/schema.min.js?ver=4.2.0 HTTP/1.1" 304 - "https://tradedealings.shop/wp-admin/post.php?post=9&action=elementor" "Mozilla/5.0 (Windows NT 10.0; Win64; x64) AppleWebKit/537.36 (KHTML, like Gecko) Chrome/150.0.0.0 Safari/537.36"
105.113.65.234 - - [21/Jul/2026:10:19:48 +0000] "GET /wp-content/plugins/elementor/assets/js/packages/editor-mcp/editor-mcp.min.js?ver=4.2.0 HTTP/1.1" 304 - "https://tradedealings.shop/wp-admin/post.php?post=9&action=elementor" "Mozilla/5.0 (Windows NT 10.0; Win64; x64) AppleWebKit/537.36 (KHTML, like Gecko) Chrome/150.0.0.0 Safari/537.36"
