17.22.245.46 - - [21/Jul/2026:12:33:32 +0000] "GET /wp-content/plugins/pixelyoursite/dist/scripts/public.js?ver=11.2.1 HTTP/1.1" 200 172979 "https://tradedealings.shop/" "Mozilla/5.0 (Macintosh; Intel Mac OS X 10_15_7) AppleWebKit/605.1.15 (KHTML, like Gecko) Version/17.4 Safari/605.1.15 (Applebot/0.1; +http://www.apple.com/go/applebot)"
17.22.245.46 - - [21/Jul/2026:12:33:33 +0000] "GET /wp-includes/js/dist/script-modules/interactivity/index.min.js?ver=efaa5193bbad9c60ffd1 HTTP/1.1" 200 40106 "https://tradedealings.shop/" "Mozilla/5.0 (Macintosh; Intel Mac OS X 10_15_7) AppleWebKit/605.1.15 (KHTML, like Gecko) Version/17.4 Safari/605.1.15 (Applebot/0.1; +http://www.apple.com/go/applebot)"
17.22.245.46 - - [21/Jul/2026:12:33:35 +0000] "GET /wp-includes/js/wp-emoji-release.min.js?ver=7.0.2 HTTP/1.1" 200 22752 "https://tradedealings.shop/" "Mozilla/5.0 (Macintosh; Intel Mac OS X 10_15_7) AppleWebKit/605.1.15 (KHTML, like Gecko) Version/17.4 Safari/605.1.15 (Applebot/0.1; +http://www.apple.com/go/applebot)"
193.70.113.250 - - [21/Jul/2026:12:34:22 +0000] "GET /wp-content/themes/twentytwentyfive/assets/images/grid-flower-2.webp HTTP/1.1" 200 82646 "-" "Mozilla/5.0 (X11; CrOS x86_64 14541.0.0) AppleWebKit/537.36 (KHTML, like Gecko) Chrome/120.0.0.0 Safari/537.3"
198.177.124.148 - - [21/Jul/2026:12:36:16 +0000] "POST /wp-cron.php?doing_wp_cron=1784637376.4801430702209472656250 HTTP/1.1" 200 - "-" "WordPress/7.0.2; https://tradedealings.shop"
105.113.84.166 - - [21/Jul/2026:12:36:15 +0000] "POST /wp-admin/admin-ajax.php HTTP/1.1" 200 77 "https://tradedealings.shop/wp-admin/post.php?post=9&action=elementor" "Mozilla/5.0 (Windows NT 10.0; Win64; x64) AppleWebKit/537.36 (KHTML, like Gecko) Chrome/150.0.0.0 Safari/537.36"
193.70.113.250 - - [21/Jul/2026:12:36:36 +0000] "GET /wp-content/themes/twentytwentyfive/assets/images/grid-flower-2.webp HTTP/1.1" 200 82646 "-" "Mozilla/5.0 (X11; CrOS x86_64 14541.0.0) AppleWebKit/537.36 (KHTML, like Gecko) Chrome/120.0.0.0 Safari/537.3"
198.177.124.148 - - [21/Jul/2026:12:38:16 +0000] "POST /wp-cron.php?doing_wp_cron=1784637496.3098940849304199218750 HTTP/1.1" 200 - "-" "WordPress/7.0.2; https://tradedealings.shop"
105.113.84.166 - - [21/Jul/2026:12:38:15 +0000] "POST /wp-admin/admin-ajax.php HTTP/1.1" 200 77 "https://tradedealings.shop/wp-admin/post.php?post=9&action=elementor" "Mozilla/5.0 (Windows NT 10.0; Win64; x64) AppleWebKit/537.36 (KHTML, like Gecko) Chrome/150.0.0.0 Safari/537.36"
193.70.113.250 - - [21/Jul/2026:12:38:26 +0000] "GET /wp-content/themes/twentytwentyfive/assets/images/grid-flower-2.webp HTTP/1.1" 200 82646 "-" "Mozilla/5.0 (X11; CrOS x86_64 14541.0.0) AppleWebKit/537.36 (KHTML, like Gecko) Chrome/120.0.0.0 Safari/537.3"
193.70.113.250 - - [21/Jul/2026:12:38:27 +0000] "GET /wp-content/themes/twentytwentyfive/assets/images/campanula-alliariifolia-flower.webp HTTP/1.1" 200 42036 "-" "Mozilla/5.0 (X11; CrOS x86_64 14541.0.0) AppleWebKit/537.36 (KHTML, like Gecko) Chrome/120.0.0.0 Safari/537.3"
193.70.113.250 - - [21/Jul/2026:12:38:29 +0000] "GET /wp-content/themes/twentytwentyfive/assets/images/campanula-alliariifolia-flower.webp HTTP/1.1" 200 42036 "-" "Mozilla/5.0 (X11; CrOS x86_64 14541.0.0) AppleWebKit/537.36 (KHTML, like Gecko) Chrome/120.0.0.0 Safari/537.3"
193.70.113.250 - - [21/Jul/2026:12:38:31 +0000] "GET /wp-content/themes/twentytwentyfive/assets/images/delphinium-flowers.webp HTTP/1.1" 200 42214 "-" "Mozilla/5.0 (X11; CrOS x86_64 14541.0.0) AppleWebKit/537.36 (KHTML, like Gecko) Chrome/120.0.0.0 Safari/537.3"
193.70.113.250 - - [21/Jul/2026:12:38:31 +0000] "GET /wp-content/themes/twentytwentyfive/assets/images/delphinium-flowers.webp HTTP/1.1" 200 42214 "-" "Mozilla/5.0 (X11; CrOS x86_64 14541.0.0) AppleWebKit/537.36 (KHTML, like Gecko) Chrome/120.0.0.0 Safari/537.3"
193.70.113.250 - - [21/Jul/2026:12:38:32 +0000] "GET /wp-content/themes/twentytwentyfive/assets/images/star-thristle-flower.webp HTTP/1.1" 200 21338 "-" "Mozilla/5.0 (X11; CrOS x86_64 14541.0.0) AppleWebKit/537.36 (KHTML, like Gecko) Chrome/120.0.0.0 Safari/537.3"
193.70.113.250 - - [21/Jul/2026:12:38:33 +0000] "GET /wp-content/themes/twentytwentyfive/assets/images/star-thristle-flower.webp HTTP/1.1" 200 21338 "-" "Mozilla/5.0 (X11; CrOS x86_64 14541.0.0) AppleWebKit/537.36 (KHTML, like Gecko) Chrome/120.0.0.0 Safari/537.3"
193.70.113.250 - - [21/Jul/2026:12:38:33 +0000] "GET /wp-content/themes/twentytwentyfive/assets/images/typewriter.webp HTTP/1.1" 200 97944 "-" "Mozilla/5.0 (X11; CrOS x86_64 14541.0.0) AppleWebKit/537.36 (KHTML, like Gecko) Chrome/120.0.0.0 Safari/537.3"
193.70.113.250 - - [21/Jul/2026:12:38:34 +0000] "GET /wp-content/themes/twentytwentyfive/assets/images/typewriter.webp HTTP/1.1" 200 97944 "-" "Mozilla/5.0 (X11; CrOS x86_64 14541.0.0) AppleWebKit/537.36 (KHTML, like Gecko) Chrome/120.0.0.0 Safari/537.3"
193.70.113.250 - - [21/Jul/2026:12:38:35 +0000] "GET /2026/07/20/hello-world/feed/ HTTP/1.1" 200 1676 "-" "Mozilla/5.0 (X11; CrOS x86_64 14541.0.0) AppleWebKit/537.36 (KHTML, like Gecko) Chrome/120.0.0.0 Safari/537.3"
193.70.113.250 - - [21/Jul/2026:12:38:37 +0000] "GET /2026/07/20/hello-world/feed/ HTTP/1.1" 200 1676 "-" "Mozilla/5.0 (X11; CrOS x86_64 14541.0.0) AppleWebKit/537.36 (KHTML, like Gecko) Chrome/120.0.0.0 Safari/537.3"
198.177.124.148 - - [21/Jul/2026:12:40:18 +0000] "POST /wp-cron.php?doing_wp_cron=1784637617.8938291072845458984375 HTTP/1.1" 200 - "-" "WordPress/7.0.2; https://tradedealings.shop"
105.113.84.166 - - [21/Jul/2026:12:40:16 +0000] "POST /wp-admin/admin-ajax.php HTTP/1.1" 200 77 "https://tradedealings.shop/wp-admin/post.php?post=9&action=elementor" "Mozilla/5.0 (Windows NT 10.0; Win64; x64) AppleWebKit/537.36 (KHTML, like Gecko) Chrome/150.0.0.0 Safari/537.36"
43.155.129.131 - - [21/Jul/2026:12:41:42 +0000] "GET /wp-content/themes/twentytwentyfive/assets/images/star-thristle-flower.webp HTTP/1.1" 200 21338 "-" "Mozilla/5.0 (iPhone; CPU iPhone OS 13_2_3 like Mac OS X) AppleWebKit/605.1.15 (KHTML, like Gecko) Version/13.0.3 Mobile/15E148 Safari/604.1"
198.177.124.148 - - [21/Jul/2026:12:42:18 +0000] "POST /wp-cron.php?doing_wp_cron=1784637738.5251820087432861328125 HTTP/1.1" 200 - "-" "WordPress/7.0.2; https://tradedealings.shop"
105.113.84.166 - - [21/Jul/2026:12:42:17 +0000] "POST /wp-admin/admin-ajax.php HTTP/1.1" 200 77 "https://tradedealings.shop/wp-admin/post.php?post=9&action=elementor" "Mozilla/5.0 (Windows NT 10.0; Win64; x64) AppleWebKit/537.36 (KHTML, like Gecko) Chrome/150.0.0.0 Safari/537.36"
198.177.124.148 - - [21/Jul/2026:12:44:19 +0000] "POST /wp-cron.php?doing_wp_cron=1784637859.3047289848327636718750 HTTP/1.1" 200 - "-" "WordPress/7.0.2; https://tradedealings.shop"
105.113.84.166 - - [21/Jul/2026:12:44:18 +0000] "POST /wp-admin/admin-ajax.php HTTP/1.1" 200 77 "https://tradedealings.shop/wp-admin/post.php?post=9&action=elementor" "Mozilla/5.0 (Windows NT 10.0; Win64; x64) AppleWebKit/537.36 (KHTML, like Gecko) Chrome/150.0.0.0 Safari/537.36"
193.70.113.250 - - [21/Jul/2026:12:44:21 +0000] "GET /wp-json/oembed/1.0/embed?url=https%3A%2F%2Ftradedealings.shop%2F2026%2F07%2F20%2Fhello-world%2F HTTP/1.1" 200 2183 "-" "Mozilla/5.0 (X11; CrOS x86_64 14541.0.0) AppleWebKit/537.36 (KHTML, like Gecko) Chrome/120.0.0.0 Safari/537.3"
198.177.124.148 - - [21/Jul/2026:12:45:49 +0000] "POST /wp-cron.php?doing_wp_cron=1784637949.4414350986480712890625 HTTP/1.1" 200 - "-" "WordPress/7.0.2; https://tradedealings.shop"
193.70.113.250 - - [21/Jul/2026:12:45:47 +0000] "GET /wp-json/oembed/1.0/embed?url=https%3A%2F%2Ftradedealings.shop%2F2026%2F07%2F20%2Fhello-world%2F HTTP/1.1" 200 2183 "-" "Mozilla/5.0 (X11; CrOS x86_64 14541.0.0) AppleWebKit/537.36 (KHTML, like Gecko) Chrome/120.0.0.0 Safari/537.3"
193.70.113.250 - - [21/Jul/2026:12:46:06 +0000] "GET /wp-json/oembed/1.0/embed?url=https%3A%2F%2Ftradedealings.shop%2F2026%2F07%2F20%2Fhello-world%2F&format=xml HTTP/1.1" 200 2329 "-" "Mozilla/5.0 (X11; CrOS x86_64 14541.0.0) AppleWebKit/537.36 (KHTML, like Gecko) Chrome/120.0.0.0 Safari/537.3"
198.177.124.148 - - [21/Jul/2026:12:46:19 +0000] "POST /wp-cron.php?doing_wp_cron=1784637979.7090370655059814453125 HTTP/1.1" 200 - "-" "WordPress/7.0.2; https://tradedealings.shop"
105.113.84.166 - - [21/Jul/2026:12:46:19 +0000] "POST /wp-admin/admin-ajax.php HTTP/1.1" 200 77 "https://tradedealings.shop/wp-admin/post.php?post=9&action=elementor" "Mozilla/5.0 (Windows NT 10.0; Win64; x64) AppleWebKit/537.36 (KHTML, like Gecko) Chrome/150.0.0.0 Safari/537.36"
198.177.124.148 - - [21/Jul/2026:12:47:59 +0000] "POST /wp-cron.php?doing_wp_cron=1784638079.7522840499877929687500 HTTP/1.1" 200 - "-" "WordPress/7.0.2; https://tradedealings.shop"
193.70.113.250 - - [21/Jul/2026:12:47:57 +0000] "GET /wp-json/oembed/1.0/embed?url=https%3A%2F%2Ftradedealings.shop%2F2026%2F07%2F20%2Fhello-world%2F&format=xml HTTP/1.1" 200 2329 "-" "Mozilla/5.0 (X11; CrOS x86_64 14541.0.0) AppleWebKit/537.36 (KHTML, like Gecko) Chrome/120.0.0.0 Safari/537.3"
193.70.113.250 - - [21/Jul/2026:12:48:00 +0000] "GET /wp-json/oembed/1.0/embed?url=https%3A%2F%2Ftradedealings.shop%2F2026%2F07%2F20%2Fhello-world%2F&format=xml HTTP/1.1" 200 2329 "-" "Mozilla/5.0 (X11; CrOS x86_64 14541.0.0) AppleWebKit/537.36 (KHTML, like Gecko) Chrome/120.0.0.0 Safari/537.3"
198.177.124.148 - - [21/Jul/2026:12:48:21 +0000] "POST /wp-cron.php?doing_wp_cron=1784638101.1059548854827880859375 HTTP/1.1" 200 - "-" "WordPress/7.0.2; https://tradedealings.shop"
105.113.84.166 - - [21/Jul/2026:12:48:20 +0000] "POST /wp-admin/admin-ajax.php HTTP/1.1" 200 77 "https://tradedealings.shop/wp-admin/post.php?post=9&action=elementor" "Mozilla/5.0 (Windows NT 10.0; Win64; x64) AppleWebKit/537.36 (KHTML, like Gecko) Chrome/150.0.0.0 Safari/537.36"
193.70.113.250 - - [21/Jul/2026:12:48:23 +0000] "GET /wp-json/wp/v2/posts/1 HTTP/1.1" 200 1943 "-" "Mozilla/5.0 (X11; CrOS x86_64 14541.0.0) AppleWebKit/537.36 (KHTML, like Gecko) Chrome/120.0.0.0 Safari/537.3"
198.177.124.148 - - [21/Jul/2026:12:50:25 +0000] "POST /wp-cron.php?doing_wp_cron=1784638225.8293569087982177734375 HTTP/1.1" 200 - "-" "WordPress/7.0.2; https://tradedealings.shop"
105.113.84.166 - - [21/Jul/2026:12:50:22 +0000] "POST /wp-admin/admin-ajax.php HTTP/1.1" 200 77 "https://tradedealings.shop/wp-admin/post.php?post=9&action=elementor" "Mozilla/5.0 (Windows NT 10.0; Win64; x64) AppleWebKit/537.36 (KHTML, like Gecko) Chrome/150.0.0.0 Safari/537.36"
43.156.37.91 - - [21/Jul/2026:12:50:29 +0000] "GET /wp-content/themes/twentytwentyfive/assets/images/delphinium-flowers.webp HTTP/1.1" 200 42214 "-" "Mozilla/5.0 (iPhone; CPU iPhone OS 13_2_3 like Mac OS X) AppleWebKit/605.1.15 (KHTML, like Gecko) Version/13.0.3 Mobile/15E148 Safari/604.1"
193.70.113.250 - - [21/Jul/2026:12:50:33 +0000] "GET /wp-json/wp/v2/posts/1 HTTP/1.1" 200 1943 "-" "Mozilla/5.0 (X11; CrOS x86_64 14541.0.0) AppleWebKit/537.36 (KHTML, like Gecko) Chrome/120.0.0.0 Safari/537.3"
193.70.113.250 - - [21/Jul/2026:12:50:45 +0000] "GET /?p=1 HTTP/1.1" 301 - "-" "Mozilla/5.0 (X11; CrOS x86_64 14541.0.0) AppleWebKit/537.36 (KHTML, like Gecko) Chrome/120.0.0.0 Safari/537.3"
193.70.113.250 - - [21/Jul/2026:12:50:47 +0000] "GET /2026/07/20/hello-world/ HTTP/1.1" 200 77199 "-" "Mozilla/5.0 (X11; CrOS x86_64 14541.0.0) AppleWebKit/537.36 (KHTML, like Gecko) Chrome/120.0.0.0 Safari/537.3"
198.177.124.148 - - [21/Jul/2026:12:52:01 +0000] "POST /wp-cron.php?doing_wp_cron=1784638321.1674339771270751953125 HTTP/1.1" 200 - "-" "WordPress/7.0.2; https://tradedealings.shop"
193.70.113.250 - - [21/Jul/2026:12:51:59 +0000] "GET /?p=1 HTTP/1.1" 301 - "-" "Mozilla/5.0 (X11; CrOS x86_64 14541.0.0) AppleWebKit/537.36 (KHTML, like Gecko) Chrome/120.0.0.0 Safari/537.3"
193.70.113.250 - - [21/Jul/2026:12:52:01 +0000] "GET /2026/07/20/hello-world/ HTTP/1.1" 200 77176 "-" "Mozilla/5.0 (X11; CrOS x86_64 14541.0.0) AppleWebKit/537.36 (KHTML, like Gecko) Chrome/120.0.0.0 Safari/537.3"
198.177.124.148 - - [21/Jul/2026:12:52:23 +0000] "POST /wp-cron.php?doing_wp_cron=1784638343.4889519214630126953125 HTTP/1.1" 200 - "-" "WordPress/7.0.2; https://tradedealings.shop"
105.113.84.166 - - [21/Jul/2026:12:52:22 +0000] "POST /wp-admin/admin-ajax.php HTTP/1.1" 200 77 "https://tradedealings.shop/wp-admin/post.php?post=9&action=elementor" "Mozilla/5.0 (Windows NT 10.0; Win64; x64) AppleWebKit/537.36 (KHTML, like Gecko) Chrome/150.0.0.0 Safari/537.36"
193.70.113.250 - - [21/Jul/2026:12:52:39 +0000] "GET /author/trade/ HTTP/1.1" 200 74155 "-" "Mozilla/5.0 (X11; CrOS x86_64 14541.0.0) AppleWebKit/537.36 (KHTML, like Gecko) Chrome/120.0.0.0 Safari/537.3"
193.70.113.250 - - [21/Jul/2026:12:52:53 +0000] "GET /author/trade/ HTTP/1.1" 200 74155 "-" "Mozilla/5.0 (X11; CrOS x86_64 14541.0.0) AppleWebKit/537.36 (KHTML, like Gecko) Chrome/120.0.0.0 Safari/537.3"
198.177.124.148 - - [21/Jul/2026:12:53:25 +0000] "POST /wp-cron.php?doing_wp_cron=1784638405.8712120056152343750000 HTTP/1.1" 200 - "-" "WordPress/7.0.2; https://tradedealings.shop"
66.154.100.10 - - [21/Jul/2026:12:53:23 +0000] "GET / HTTP/1.1" 200 75008 "-" "Mozilla/5.0 (Macintosh; Intel Mac OS X 10_15_7) AppleWebKit/537.36 (KHTML, like Gecko) Chrome/147.0.0.0 Safari/537.36"
193.70.113.250 - - [21/Jul/2026:12:53:52 +0000] "GET /category/uncategorized/ HTTP/1.1" 200 74220 "-" "Mozilla/5.0 (X11; CrOS x86_64 14541.0.0) AppleWebKit/537.36 (KHTML, like Gecko) Chrome/120.0.0.0 Safari/537.3"
193.70.113.250 - - [21/Jul/2026:12:54:04 +0000] "GET /category/uncategorized/ HTTP/1.1" 200 74220 "-" "Mozilla/5.0 (X11; CrOS x86_64 14541.0.0) AppleWebKit/537.36 (KHTML, like Gecko) Chrome/120.0.0.0 Safari/537.3"
198.177.124.148 - - [21/Jul/2026:12:54:25 +0000] "POST /wp-cron.php?doing_wp_cron=1784638465.5211551189422607421875 HTTP/1.1" 200 - "-" "WordPress/7.0.2; https://tradedealings.shop"
105.113.84.166 - - [21/Jul/2026:12:54:24 +0000] "POST /wp-admin/admin-ajax.php HTTP/1.1" 200 77 "https://tradedealings.shop/wp-admin/post.php?post=9&action=elementor" "Mozilla/5.0 (Windows NT 10.0; Win64; x64) AppleWebKit/537.36 (KHTML, like Gecko) Chrome/150.0.0.0 Safari/537.36"
198.177.124.148 - - [21/Jul/2026:12:55:14 +0000] "POST /wp-cron.php?doing_wp_cron=1784638514.4030060768127441406250 HTTP/1.1" 200 - "-" "WordPress/7.0.2; https://tradedealings.shop"
193.70.113.250 - - [21/Jul/2026:12:55:10 +0000] "GET /2026/07/20/hello-world/?replytocom=1 HTTP/1.1" 200 77244 "-" "Mozilla/5.0 (X11; CrOS x86_64 14541.0.0) AppleWebKit/537.36 (KHTML, like Gecko) Chrome/120.0.0.0 Safari/537.3"
198.177.124.148 - - [21/Jul/2026:12:56:26 +0000] "POST /wp-cron.php?doing_wp_cron=1784638586.4257180690765380859375 HTTP/1.1" 200 - "-" "WordPress/7.0.2; https://tradedealings.shop"
105.113.84.166 - - [21/Jul/2026:12:56:24 +0000] "POST /wp-admin/admin-ajax.php HTTP/1.1" 200 77 "https://tradedealings.shop/wp-admin/post.php?post=9&action=elementor" "Mozilla/5.0 (Windows NT 10.0; Win64; x64) AppleWebKit/537.36 (KHTML, like Gecko) Chrome/150.0.0.0 Safari/537.36"
193.70.113.250 - - [21/Jul/2026:12:56:34 +0000] "GET /2026/07/20/hello-world/?replytocom=1 HTTP/1.1" 200 77244 "-" "Mozilla/5.0 (X11; CrOS x86_64 14541.0.0) AppleWebKit/537.36 (KHTML, like Gecko) Chrome/120.0.0.0 Safari/537.3"
198.177.124.148 - - [21/Jul/2026:12:57:13 +0000] "POST /wp-cron.php?doing_wp_cron=1784638633.9077439308166503906250 HTTP/1.1" 200 - "-" "WordPress/7.0.2; https://tradedealings.shop"
193.70.113.250 - - [21/Jul/2026:12:57:09 +0000] "GET /2026/07/20/hello-world/?replytocom=1 HTTP/1.1" 200 77244 "-" "Mozilla/5.0 (X11; CrOS x86_64 14541.0.0) AppleWebKit/537.36 (KHTML, like Gecko) Chrome/120.0.0.0 Safari/537.3"
198.177.124.148 - - [21/Jul/2026:12:58:27 +0000] "POST /wp-cron.php?doing_wp_cron=1784638707.5106511116027832031250 HTTP/1.1" 200 - "-" "WordPress/7.0.2; https://tradedealings.shop"
105.113.84.166 - - [21/Jul/2026:12:58:25 +0000] "POST /wp-admin/admin-ajax.php HTTP/1.1" 200 77 "https://tradedealings.shop/wp-admin/post.php?post=9&action=elementor" "Mozilla/5.0 (Windows NT 10.0; Win64; x64) AppleWebKit/537.36 (KHTML, like Gecko) Chrome/150.0.0.0 Safari/537.36"
193.70.113.250 - - [21/Jul/2026:12:58:49 +0000] "GET /wp-admin/load-styles.php?c=1&dir=ltr&load%5Bchunk_0%5D=dashicons,buttons,forms,l10n,wp-base-styles,login&ver=7.0.2 HTTP/1.1" 200 111601 "-" "Mozilla/5.0 (X11; CrOS x86_64 14541.0.0) AppleWebKit/537.36 (KHTML, like Gecko) Chrome/120.0.0.0 Safari/537.3"
193.70.113.250 - - [21/Jul/2026:12:58:52 +0000] "GET /wp-admin/load-styles.php?c=1&dir=ltr&load%5Bchunk_0%5D=dashicons,buttons,forms,l10n,wp-base-styles,login&ver=7.0.2 HTTP/1.1" 200 111601 "-" "Mozilla/5.0 (X11; CrOS x86_64 14541.0.0) AppleWebKit/537.36 (KHTML, like Gecko) Chrome/120.0.0.0 Safari/537.3"
198.177.124.148 - - [21/Jul/2026:12:59:16 +0000] "POST /wp-cron.php?doing_wp_cron=1784638756.3141059875488281250000 HTTP/1.1" 200 - "-" "WordPress/7.0.2; https://tradedealings.shop"
193.70.113.250 - - [21/Jul/2026:12:59:14 +0000] "GET /wp-login.php?action=lostpassword HTTP/1.1" 200 2148 "-" "Mozilla/5.0 (X11; CrOS x86_64 14541.0.0) AppleWebKit/537.36 (KHTML, like Gecko) Chrome/120.0.0.0 Safari/537.3"
198.177.124.148 - - [21/Jul/2026:13:00:29 +0000] "POST /wp-cron.php?doing_wp_cron=1784638828.9525690078735351562500 HTTP/1.1" 200 - "-" "WordPress/7.0.2; https://tradedealings.shop"
105.113.84.166 - - [21/Jul/2026:13:00:26 +0000] "POST /wp-admin/admin-ajax.php HTTP/1.1" 200 77 "https://tradedealings.shop/wp-admin/post.php?post=9&action=elementor" "Mozilla/5.0 (Windows NT 10.0; Win64; x64) AppleWebKit/537.36 (KHTML, like Gecko) Chrome/150.0.0.0 Safari/537.36"
193.70.113.250 - - [21/Jul/2026:13:00:28 +0000] "GET /wp-login.php?action=lostpassword HTTP/1.1" 200 2148 "-" "Mozilla/5.0 (X11; CrOS x86_64 14541.0.0) AppleWebKit/537.36 (KHTML, like Gecko) Chrome/120.0.0.0 Safari/537.3"
193.70.113.250 - - [21/Jul/2026:13:00:35 +0000] "GET /wp-admin/load-scripts.php?c=1&load%5Bchunk_0%5D=clipboard,jquery-core,jquery-migrate,zxcvbn-async,wp-hooks&ver=7.0.2 HTTP/1.1" 200 115545 "-" "Mozilla/5.0 (X11; CrOS x86_64 14541.0.0) AppleWebKit/537.36 (KHTML, like Gecko) Chrome/120.0.0.0 Safari/537.3"
193.70.113.250 - - [21/Jul/2026:13:02:24 +0000] "GET /wp-admin/load-scripts.php?c=1&load%5Bchunk_0%5D=clipboard,jquery-core,jquery-migrate,zxcvbn-async,wp-hooks&ver=7.0.2 HTTP/1.1" 200 115545 "-" "Mozilla/5.0 (X11; CrOS x86_64 14541.0.0) AppleWebKit/537.36 (KHTML, like Gecko) Chrome/120.0.0.0 Safari/537.3"
198.177.124.148 - - [21/Jul/2026:13:05:55 +0000] "POST /wp-cron.php?doing_wp_cron=1784639155.8366611003875732421875 HTTP/1.1" 200 - "-" "WordPress/7.0.2; https://tradedealings.shop"
216.73.216.68 - - [21/Jul/2026:13:05:53 +0000] "GET /robots.txt HTTP/1.1" 200 119 "-" "Mozilla/5.0 AppleWebKit/537.36 (KHTML, like Gecko; compatible; ClaudeBot/1.0; +claudebot@anthropic.com)"
216.73.216.68 - - [21/Jul/2026:13:05:55 +0000] "GET /wp-sitemap-posts-page-1.xml HTTP/1.1" 200 500 "-" "Mozilla/5.0 AppleWebKit/537.36 (KHTML, like Gecko; compatible; ClaudeBot/1.0; +claudebot@anthropic.com)"
193.70.113.250 - - [21/Jul/2026:13:06:10 +0000] "GET /category/uncategorized/feed/ HTTP/1.1" 200 1759 "-" "Mozilla/5.0 (X11; CrOS x86_64 14541.0.0) AppleWebKit/537.36 (KHTML, like Gecko) Chrome/120.0.0.0 Safari/537.3"
198.177.124.148 - - [21/Jul/2026:13:06:21 +0000] "POST /wp-cron.php?doing_wp_cron=1784639181.7446839809417724609375 HTTP/1.1" 200 - "-" "WordPress/7.0.2; https://tradedealings.shop"
193.70.113.250 - - [21/Jul/2026:13:06:20 +0000] "GET /category/uncategorized/feed/ HTTP/1.1" 200 1759 "-" "Mozilla/5.0 (X11; CrOS x86_64 14541.0.0) AppleWebKit/537.36 (KHTML, like Gecko) Chrome/120.0.0.0 Safari/537.3"
105.113.65.234 - - [21/Jul/2026:13:06:29 +0000] "POST /wp-admin/admin-ajax.php HTTP/1.1" 200 77 "https://tradedealings.shop/wp-admin/post.php?post=9&action=elementor" "Mozilla/5.0 (Windows NT 10.0; Win64; x64) AppleWebKit/537.36 (KHTML, like Gecko) Chrome/150.0.0.0 Safari/537.36"
193.70.113.250 - - [21/Jul/2026:13:06:51 +0000] "GET /wp-json/wp/v2/categories/1 HTTP/1.1" 200 658 "-" "Mozilla/5.0 (X11; CrOS x86_64 14541.0.0) AppleWebKit/537.36 (KHTML, like Gecko) Chrome/120.0.0.0 Safari/537.3"
198.177.124.148 - - [21/Jul/2026:13:07:42 +0000] "POST /wp-cron.php?doing_wp_cron=1784639262.8442990779876708984375 HTTP/1.1" 200 - "-" "WordPress/7.0.2; https://tradedealings.shop"
193.70.113.250 - - [21/Jul/2026:13:07:40 +0000] "GET /wp-json/wp/v2/categories/1 HTTP/1.1" 200 658 "-" "Mozilla/5.0 (X11; CrOS x86_64 14541.0.0) AppleWebKit/537.36 (KHTML, like Gecko) Chrome/120.0.0.0 Safari/537.3"
216.73.216.68 - - [21/Jul/2026:13:08:08 +0000] "GET /wp-sitemap-taxonomies-category-1.xml HTTP/1.1" 200 266 "-" "Mozilla/5.0 AppleWebKit/537.36 (KHTML, like Gecko; compatible; ClaudeBot/1.0; +claudebot@anthropic.com)"
105.113.65.234 - - [21/Jul/2026:13:08:30 +0000] "POST /wp-admin/admin-ajax.php HTTP/1.1" 200 77 "https://tradedealings.shop/wp-admin/post.php?post=9&action=elementor" "Mozilla/5.0 (Windows NT 10.0; Win64; x64) AppleWebKit/537.36 (KHTML, like Gecko) Chrome/150.0.0.0 Safari/537.36"
193.70.113.250 - - [21/Jul/2026:13:08:36 +0000] "GET /wp-admin/images/loading.gif HTTP/1.1" 200 1368 "-" "Mozilla/5.0 (X11; CrOS x86_64 14541.0.0) AppleWebKit/537.36 (KHTML, like Gecko) Chrome/120.0.0.0 Safari/537.3"
193.70.113.250 - - [21/Jul/2026:13:08:54 +0000] "GET /wp-admin/images/loading.gif HTTP/1.1" 200 1368 "-" "Mozilla/5.0 (X11; CrOS x86_64 14541.0.0) AppleWebKit/537.36 (KHTML, like Gecko) Chrome/120.0.0.0 Safari/537.3"
216.73.216.68 - - [21/Jul/2026:13:09:09 +0000] "GET /wp-sitemap-users-1.xml HTTP/1.1" 200 256 "-" "Mozilla/5.0 AppleWebKit/537.36 (KHTML, like Gecko; compatible; ClaudeBot/1.0; +claudebot@anthropic.com)"
198.177.124.148 - - [21/Jul/2026:13:10:32 +0000] "POST /wp-cron.php?doing_wp_cron=1784639432.5204460620880126953125 HTTP/1.1" 200 - "-" "WordPress/7.0.2; https://tradedealings.shop"
105.113.65.234 - - [21/Jul/2026:13:10:31 +0000] "POST /wp-admin/admin-ajax.php HTTP/1.1" 200 77 "https://tradedealings.shop/wp-admin/post.php?post=9&action=elementor" "Mozilla/5.0 (Windows NT 10.0; Win64; x64) AppleWebKit/537.36 (KHTML, like Gecko) Chrome/150.0.0.0 Safari/537.36"
193.70.113.250 - - [21/Jul/2026:13:10:45 +0000] "GET /wp-admin/images/w-logo-gray.png?ver=20260303 HTTP/1.1" 200 4497 "-" "Mozilla/5.0 (X11; CrOS x86_64 14541.0.0) AppleWebKit/537.36 (KHTML, like Gecko) Chrome/120.0.0.0 Safari/537.3"
198.177.124.148 - - [21/Jul/2026:13:11:41 +0000] "POST /wp-cron.php?doing_wp_cron=1784639501.0235989093780517578125 HTTP/1.1" 200 - "-" "WordPress/7.0.2; https://tradedealings.shop"
216.73.216.68 - - [21/Jul/2026:13:11:38 +0000] "GET /wp-sitemap-posts-post-1.xml HTTP/1.1" 200 310 "-" "Mozilla/5.0 AppleWebKit/537.36 (KHTML, like Gecko; compatible; ClaudeBot/1.0; +claudebot@anthropic.com)"
193.70.113.250 - - [21/Jul/2026:13:11:57 +0000] "GET /wp-admin/images/w-logo-gray.png?ver=20260303 HTTP/1.1" 200 4497 "-" "Mozilla/5.0 (X11; CrOS x86_64 14541.0.0) AppleWebKit/537.36 (KHTML, like Gecko) Chrome/120.0.0.0 Safari/537.3"
198.177.124.148 - - [21/Jul/2026:13:12:33 +0000] "POST /wp-cron.php?doing_wp_cron=1784639553.5466430187225341796875 HTTP/1.1" 200 - "-" "WordPress/7.0.2; https://tradedealings.shop"
105.113.65.234 - - [21/Jul/2026:13:12:32 +0000] "POST /wp-admin/admin-ajax.php HTTP/1.1" 200 77 "https://tradedealings.shop/wp-admin/post.php?post=9&action=elementor" "Mozilla/5.0 (Windows NT 10.0; Win64; x64) AppleWebKit/537.36 (KHTML, like Gecko) Chrome/150.0.0.0 Safari/537.36"
193.70.113.250 - - [21/Jul/2026:13:12:54 +0000] "GET /wp-login.php HTTP/1.1" 200 4729 "-" "Mozilla/5.0 (X11; CrOS x86_64 14541.0.0) AppleWebKit/537.36 (KHTML, like Gecko) Chrome/120.0.0.0 Safari/537.3"
193.70.113.250 - - [21/Jul/2026:13:12:56 +0000] "GET /wp-login.php HTTP/1.1" 200 4729 "-" "Mozilla/5.0 (X11; CrOS x86_64 14541.0.0) AppleWebKit/537.36 (KHTML, like Gecko) Chrome/120.0.0.0 Safari/537.3"
198.177.124.148 - - [21/Jul/2026:13:14:35 +0000] "POST /wp-cron.php?doing_wp_cron=1784639675.2367479801177978515625 HTTP/1.1" 200 - "-" "WordPress/7.0.2; https://tradedealings.shop"
105.113.65.234 - - [21/Jul/2026:13:14:33 +0000] "POST /wp-admin/admin-ajax.php HTTP/1.1" 200 77 "https://tradedealings.shop/wp-admin/post.php?post=9&action=elementor" "Mozilla/5.0 (Windows NT 10.0; Win64; x64) AppleWebKit/537.36 (KHTML, like Gecko) Chrome/150.0.0.0 Safari/537.36"
198.177.124.148 - - [21/Jul/2026:13:16:36 +0000] "POST /wp-cron.php?doing_wp_cron=1784639796.4593958854675292968750 HTTP/1.1" 200 - "-" "WordPress/7.0.2; https://tradedealings.shop"
105.113.65.234 - - [21/Jul/2026:13:16:34 +0000] "POST /wp-admin/admin-ajax.php HTTP/1.1" 200 77 "https://tradedealings.shop/wp-admin/post.php?post=9&action=elementor" "Mozilla/5.0 (Windows NT 10.0; Win64; x64) AppleWebKit/537.36 (KHTML, like Gecko) Chrome/150.0.0.0 Safari/537.36"
198.177.124.148 - - [21/Jul/2026:13:18:36 +0000] "POST /wp-cron.php?doing_wp_cron=1784639916.8533709049224853515625 HTTP/1.1" 200 - "-" "WordPress/7.0.2; https://tradedealings.shop"
105.113.65.234 - - [21/Jul/2026:13:18:35 +0000] "POST /wp-admin/admin-ajax.php HTTP/1.1" 200 77 "https://tradedealings.shop/wp-admin/post.php?post=9&action=elementor" "Mozilla/5.0 (Windows NT 10.0; Win64; x64) AppleWebKit/537.36 (KHTML, like Gecko) Chrome/150.0.0.0 Safari/537.36"
198.177.124.148 - - [21/Jul/2026:13:20:41 +0000] "POST /wp-cron.php?doing_wp_cron=1784640041.3107249736785888671875 HTTP/1.1" 200 - "-" "WordPress/7.0.2; https://tradedealings.shop"
105.113.69.91 - - [21/Jul/2026:13:20:39 +0000] "POST /wp-admin/admin-ajax.php HTTP/1.1" 200 77 "https://tradedealings.shop/wp-admin/post.php?post=9&action=elementor" "Mozilla/5.0 (Windows NT 10.0; Win64; x64) AppleWebKit/537.36 (KHTML, like Gecko) Chrome/150.0.0.0 Safari/537.36"
198.177.124.148 - - [21/Jul/2026:13:22:38 +0000] "POST /wp-cron.php?doing_wp_cron=1784640158.2467141151428222656250 HTTP/1.1" 200 - "-" "WordPress/7.0.2; https://tradedealings.shop"
105.113.69.91 - - [21/Jul/2026:13:22:37 +0000] "POST /wp-admin/admin-ajax.php HTTP/1.1" 200 77 "https://tradedealings.shop/wp-admin/post.php?post=9&action=elementor" "Mozilla/5.0 (Windows NT 10.0; Win64; x64) AppleWebKit/537.36 (KHTML, like Gecko) Chrome/150.0.0.0 Safari/537.36"
198.177.124.148 - - [21/Jul/2026:13:32:35 +0000] "POST /wp-cron.php?doing_wp_cron=1784640755.3411099910736083984375 HTTP/1.1" 200 - "-" "WordPress/7.0.2; https://tradedealings.shop"
34.82.11.104 - - [21/Jul/2026:13:32:32 +0000] "GET / HTTP/1.1" 200 75008 "-" "Mozilla/5.0 (Linux; Android 12; Pixel 6) AppleWebKit/537.36 (KHTML, like Gecko) Chrome/114.0.0.0 Mobile Safari/537.36"
34.82.11.104 - - [21/Jul/2026:13:32:56 +0000] "GET / HTTP/1.1" 200 75008 "-" "Mozilla/5.0 (Linux; Android 12; Pixel 6) AppleWebKit/537.36 (KHTML, like Gecko) Chrome/114.0.0.0 Mobile Safari/537.36"
34.82.11.104 - - [21/Jul/2026:13:32:58 +0000] "GET /wp-includes/js/jquery/jquery-migrate.min.js?ver=3.4.1 HTTP/1.1" 200 13577 "-" "Mozilla/5.0 (Linux; Android 12; Pixel 6) AppleWebKit/537.36 (KHTML, like Gecko) Chrome/114.0.0.0 Mobile Safari/537.36"
34.82.11.104 - - [21/Jul/2026:13:32:58 +0000] "GET /wp-content/plugins/pixelyoursite/dist/scripts/js.cookie-2.1.3.min.js?ver=2.1.3 HTTP/1.1" 200 1709 "-" "Mozilla/5.0 (Linux; Android 12; Pixel 6) AppleWebKit/537.36 (KHTML, like Gecko) Chrome/114.0.0.0 Mobile Safari/537.36"
34.82.11.104 - - [21/Jul/2026:13:32:58 +0000] "GET /wp-content/plugins/pixelyoursite/dist/scripts/jquery.bind-first-0.2.3.min.js?ver=0.2.3 HTTP/1.1" 200 1317 "-" "Mozilla/5.0 (Linux; Android 12; Pixel 6) AppleWebKit/537.36 (KHTML, like Gecko) Chrome/114.0.0.0 Mobile Safari/537.36"
34.82.11.104 - - [21/Jul/2026:13:32:58 +0000] "GET /wp-content/plugins/pixelyoursite/dist/scripts/public.js?ver=11.2.1 HTTP/1.1" 200 172979 "-" "Mozilla/5.0 (Linux; Android 12; Pixel 6) AppleWebKit/537.36 (KHTML, like Gecko) Chrome/114.0.0.0 Mobile Safari/537.36"
34.82.11.104 - - [21/Jul/2026:13:32:58 +0000] "GET /wp-includes/js/dist/script-modules/interactivity/index.min.js?ver=efaa5193bbad9c60ffd1 HTTP/1.1" 200 40106 "-" "Mozilla/5.0 (Linux; Android 12; Pixel 6) AppleWebKit/537.36 (KHTML, like Gecko) Chrome/114.0.0.0 Mobile Safari/537.36"
34.82.11.104 - - [21/Jul/2026:13:32:58 +0000] "GET /wp-includes/js/jquery/jquery.min.js?ver=3.7.1 HTTP/1.1" 200 87553 "-" "Mozilla/5.0 (Linux; Android 12; Pixel 6) AppleWebKit/537.36 (KHTML, like Gecko) Chrome/114.0.0.0 Mobile Safari/537.36"
34.82.11.104 - - [21/Jul/2026:13:32:58 +0000] "GET /wp-content/plugins/pixelyoursite/dist/scripts/tld.min.js?ver=2.3.1 HTTP/1.1" 200 141079 "-" "Mozilla/5.0 (Linux; Android 12; Pixel 6) AppleWebKit/537.36 (KHTML, like Gecko) Chrome/114.0.0.0 Mobile Safari/537.36"
34.82.11.104 - - [21/Jul/2026:13:32:58 +0000] "GET /wp-includes/js/dist/script-modules/block-library/navigation/view.min.js?ver=96a846e1d7b789c39ab9 HTTP/1.1" 200 3053 "-" "Mozilla/5.0 (Linux; Android 12; Pixel 6) AppleWebKit/537.36 (KHTML, like Gecko) Chrome/114.0.0.0 Mobile Safari/537.36"
34.82.11.104 - - [21/Jul/2026:13:32:58 +0000] "GET /xmlrpc.php?rsd HTTP/1.1" 200 822 "-" "Mozilla/5.0 (Linux; Android 12; Pixel 6) AppleWebKit/537.36 (KHTML, like Gecko) Chrome/114.0.0.0 Mobile Safari/537.36"
34.82.11.104 - - [21/Jul/2026:13:32:58 +0000] "GET /wp-json/ HTTP/1.1" 200 267648 "-" "Mozilla/5.0 (Linux; Android 12; Pixel 6) AppleWebKit/537.36 (KHTML, like Gecko) Chrome/114.0.0.0 Mobile Safari/537.36"
34.82.11.104 - - [21/Jul/2026:13:32:58 +0000] "GET / HTTP/1.1" 200 75008 "-" "Mozilla/5.0 (Linux; Android 12; Pixel 6) AppleWebKit/537.36 (KHTML, like Gecko) Chrome/114.0.0.0 Mobile Safari/537.36"
34.82.11.104 - - [21/Jul/2026:13:32:58 +0000] "GET / HTTP/1.1" 200 75008 "-" "Mozilla/5.0 (Linux; Android 12; Pixel 6) AppleWebKit/537.36 (KHTML, like Gecko) Chrome/114.0.0.0 Mobile Safari/537.36"
34.82.11.104 - - [21/Jul/2026:13:32:58 +0000] "GET / HTTP/1.1" 200 75008 "-" "Mozilla/5.0 (Linux; Android 12; Pixel 6) AppleWebKit/537.36 (KHTML, like Gecko) Chrome/114.0.0.0 Mobile Safari/537.36"
34.82.11.104 - - [21/Jul/2026:13:32:58 +0000] "GET / HTTP/1.1" 200 75008 "-" "Mozilla/5.0 (Linux; Android 12; Pixel 6) AppleWebKit/537.36 (KHTML, like Gecko) Chrome/114.0.0.0 Mobile Safari/537.36"
34.82.11.104 - - [21/Jul/2026:13:32:58 +0000] "GET / HTTP/1.1" 200 75008 "-" "Mozilla/5.0 (Linux; Android 12; Pixel 6) AppleWebKit/537.36 (KHTML, like Gecko) Chrome/114.0.0.0 Mobile Safari/537.36"
34.82.11.104 - - [21/Jul/2026:13:32:58 +0000] "GET /comments/feed/ HTTP/1.1" 200 1656 "-" "Mozilla/5.0 (Linux; Android 12; Pixel 6) AppleWebKit/537.36 (KHTML, like Gecko) Chrome/114.0.0.0 Mobile Safari/537.36"
34.82.11.104 - - [21/Jul/2026:13:32:58 +0000] "GET / HTTP/1.1" 200 75008 "-" "Mozilla/5.0 (Linux; Android 12; Pixel 6) AppleWebKit/537.36 (KHTML, like Gecko) Chrome/114.0.0.0 Mobile Safari/537.36"
34.82.11.104 - - [21/Jul/2026:13:32:58 +0000] "GET / HTTP/1.1" 200 75008 "-" "Mozilla/5.0 (Linux; Android 12; Pixel 6) AppleWebKit/537.36 (KHTML, like Gecko) Chrome/114.0.0.0 Mobile Safari/537.36"
34.82.11.104 - - [21/Jul/2026:13:32:58 +0000] "GET /feed/ HTTP/1.1" 200 1714 "-" "Mozilla/5.0 (Linux; Android 12; Pixel 6) AppleWebKit/537.36 (KHTML, like Gecko) Chrome/114.0.0.0 Mobile Safari/537.36"
34.82.11.104 - - [21/Jul/2026:13:32:58 +0000] "GET /2026/07/20/hello-world/ HTTP/1.1" 200 77176 "-" "Mozilla/5.0 (Linux; Android 12; Pixel 6) AppleWebKit/537.36 (KHTML, like Gecko) Chrome/114.0.0.0 Mobile Safari/537.36"
34.82.11.104 - - [21/Jul/2026:13:32:58 +0000] "GET /sample-page/ HTTP/1.1" 200 74729 "-" "Mozilla/5.0 (Linux; Android 12; Pixel 6) AppleWebKit/537.36 (KHTML, like Gecko) Chrome/114.0.0.0 Mobile Safari/537.36"
34.82.11.104 - - [21/Jul/2026:13:32:58 +0000] "GET / HTTP/1.1" 200 75008 "-" "Mozilla/5.0 (Linux; Android 12; Pixel 6) AppleWebKit/537.36 (KHTML, like Gecko) Chrome/114.0.0.0 Mobile Safari/537.36"
34.82.11.104 - - [21/Jul/2026:13:32:58 +0000] "GET / HTTP/1.1" 200 75008 "-" "Mozilla/5.0 (Linux; Android 12; Pixel 6) AppleWebKit/537.36 (KHTML, like Gecko) Chrome/114.0.0.0 Mobile Safari/537.36"
34.82.11.104 - - [21/Jul/2026:13:32:58 +0000] "GET / HTTP/1.1" 200 75008 "-" "Mozilla/5.0 (Linux; Android 12; Pixel 6) AppleWebKit/537.36 (KHTML, like Gecko) Chrome/114.0.0.0 Mobile Safari/537.36"
34.82.11.104 - - [21/Jul/2026:13:32:58 +0000] "GET /2026/07/20/hello-world/ HTTP/1.1" 200 77176 "-" "Mozilla/5.0 (Linux; Android 12; Pixel 6) AppleWebKit/537.36 (KHTML, like Gecko) Chrome/114.0.0.0 Mobile Safari/537.36"
34.82.11.104 - - [21/Jul/2026:13:32:58 +0000] "GET / HTTP/1.1" 200 75008 "-" "Mozilla/5.0 (Linux; Android 12; Pixel 6) AppleWebKit/537.36 (KHTML, like Gecko) Chrome/114.0.0.0 Mobile Safari/537.36"
34.82.11.104 - - [21/Jul/2026:13:32:58 +0000] "GET /trade-dealings/ HTTP/1.1" 200 120680 "-" "Mozilla/5.0 (Linux; Android 12; Pixel 6) AppleWebKit/537.36 (KHTML, like Gecko) Chrome/114.0.0.0 Mobile Safari/537.36"
198.177.124.148 - - [21/Jul/2026:13:33:58 +0000] "POST /wp-cron.php?doing_wp_cron=1784640838.5774879455566406250000 HTTP/1.1" 200 - "-" "WordPress/7.0.2; https://tradedealings.shop"
45.148.10.120 - - [21/Jul/2026:13:33:55 +0000] "GET /aws.env HTTP/1.1" 404 63766 "-" "SEC-SGHE900/1.0 NetFront/3.2 Profile/MIDP-2.0 Configuration/CLDC-1.1 Opera/8.01 (J2ME/MIDP; Opera Mini/2.0.4509/1378; nl; U; ssr)"
45.148.10.120 - - [21/Jul/2026:13:33:57 +0000] "GET /.aws/credentials HTTP/1.1" 404 63775 "-" "Mozilla/5.0 (Windows NT 10.0; WOW64) AppleWebKit/537.36 (KHTML, like Gecko) Chrome/78.0.3879.0 Safari/537.36"
198.177.124.148 - - [21/Jul/2026:13:34:00 +0000] "POST /wp-cron.php?doing_wp_cron=1784640840.3890490531921386718750 HTTP/1.1" 200 - "-" "WordPress/7.0.2; https://tradedealings.shop"
45.148.10.120 - - [21/Jul/2026:13:33:57 +0000] "GET /.env.production HTTP/1.1" 404 63774 "-" "SonyEricssonK750i/R1CA Browser/SEMC-Browser/4.2 Profile/MIDP-2.0 Configuration/CLDC-1.1"
45.148.10.120 - - [21/Jul/2026:13:33:59 +0000] "GET /.env HTTP/1.1" 404 63763 "-" "Mozilla/5.0 (iPhone; U; CPU iPhone OS) (compatible; Googlebot-Mobile/2.1; http://www.google.com/bot.html)"
198.177.124.148 - - [21/Jul/2026:13:36:35 +0000] "POST /wp-cron.php?doing_wp_cron=1784640995.9591910839080810546875 HTTP/1.1" 200 - "-" "WordPress/7.0.2; https://tradedealings.shop"
34.187.190.249 - - [21/Jul/2026:13:36:33 +0000] "GET / HTTP/1.1" 200 75008 "-" "Mozilla/5.0 (Linux; Android 12; Pixel 6) AppleWebKit/537.36 (KHTML, like Gecko) Chrome/114.0.0.0 Mobile Safari/537.36"
34.187.190.249 - - [21/Jul/2026:13:36:52 +0000] "GET / HTTP/1.1" 200 75008 "-" "Mozilla/5.0 (Linux; Android 12; Pixel 6) AppleWebKit/537.36 (KHTML, like Gecko) Chrome/114.0.0.0 Mobile Safari/537.36"
34.187.190.249 - - [21/Jul/2026:13:36:56 +0000] "GET /wp-includes/js/dist/script-modules/interactivity/index.min.js?ver=efaa5193bbad9c60ffd1 HTTP/1.1" 200 40106 "-" "Mozilla/5.0 (Linux; Android 12; Pixel 6) AppleWebKit/537.36 (KHTML, like Gecko) Chrome/114.0.0.0 Mobile Safari/537.36"
34.187.190.249 - - [21/Jul/2026:13:36:56 +0000] "GET /wp-includes/js/jquery/jquery.min.js?ver=3.7.1 HTTP/1.1" 200 87553 "-" "Mozilla/5.0 (Linux; Android 12; Pixel 6) AppleWebKit/537.36 (KHTML, like Gecko) Chrome/114.0.0.0 Mobile Safari/537.36"
34.187.190.249 - - [21/Jul/2026:13:36:56 +0000] "GET /wp-content/plugins/pixelyoursite/dist/scripts/js.cookie-2.1.3.min.js?ver=2.1.3 HTTP/1.1" 200 1709 "-" "Mozilla/5.0 (Linux; Android 12; Pixel 6) AppleWebKit/537.36 (KHTML, like Gecko) Chrome/114.0.0.0 Mobile Safari/537.36"
34.187.190.249 - - [21/Jul/2026:13:36:56 +0000] "GET /wp-content/plugins/pixelyoursite/dist/scripts/tld.min.js?ver=2.3.1 HTTP/1.1" 200 141079 "-" "Mozilla/5.0 (Linux; Android 12; Pixel 6) AppleWebKit/537.36 (KHTML, like Gecko) Chrome/114.0.0.0 Mobile Safari/537.36"
34.187.190.249 - - [21/Jul/2026:13:36:56 +0000] "GET /wp-includes/js/dist/script-modules/block-library/navigation/view.min.js?ver=96a846e1d7b789c39ab9 HTTP/1.1" 200 3053 "-" "Mozilla/5.0 (Linux; Android 12; Pixel 6) AppleWebKit/537.36 (KHTML, like Gecko) Chrome/114.0.0.0 Mobile Safari/537.36"
34.187.190.249 - - [21/Jul/2026:13:36:56 +0000] "GET /wp-content/plugins/pixelyoursite/dist/scripts/jquery.bind-first-0.2.3.min.js?ver=0.2.3 HTTP/1.1" 200 1317 "-" "Mozilla/5.0 (Linux; Android 12; Pixel 6) AppleWebKit/537.36 (KHTML, like Gecko) Chrome/114.0.0.0 Mobile Safari/537.36"
34.187.190.249 - - [21/Jul/2026:13:36:56 +0000] "GET /wp-content/plugins/pixelyoursite/dist/scripts/public.js?ver=11.2.1 HTTP/1.1" 200 172979 "-" "Mozilla/5.0 (Linux; Android 12; Pixel 6) AppleWebKit/537.36 (KHTML, like Gecko) Chrome/114.0.0.0 Mobile Safari/537.36"
34.187.190.249 - - [21/Jul/2026:13:36:56 +0000] "GET /wp-includes/js/jquery/jquery-migrate.min.js?ver=3.4.1 HTTP/1.1" 200 13577 "-" "Mozilla/5.0 (Linux; Android 12; Pixel 6) AppleWebKit/537.36 (KHTML, like Gecko) Chrome/114.0.0.0 Mobile Safari/537.36"
34.187.190.249 - - [21/Jul/2026:13:36:56 +0000] "GET / HTTP/1.1" 200 75008 "-" "Mozilla/5.0 (Linux; Android 12; Pixel 6) AppleWebKit/537.36 (KHTML, like Gecko) Chrome/114.0.0.0 Mobile Safari/537.36"
34.187.190.249 - - [21/Jul/2026:13:36:56 +0000] "GET /wp-json/ HTTP/1.1" 200 267648 "-" "Mozilla/5.0 (Linux; Android 12; Pixel 6) AppleWebKit/537.36 (KHTML, like Gecko) Chrome/114.0.0.0 Mobile Safari/537.36"
34.187.190.249 - - [21/Jul/2026:13:36:56 +0000] "GET /xmlrpc.php?rsd HTTP/1.1" 200 822 "-" "Mozilla/5.0 (Linux; Android 12; Pixel 6) AppleWebKit/537.36 (KHTML, like Gecko) Chrome/114.0.0.0 Mobile Safari/537.36"
34.187.190.249 - - [21/Jul/2026:13:36:56 +0000] "GET / HTTP/1.1" 200 75008 "-" "Mozilla/5.0 (Linux; Android 12; Pixel 6) AppleWebKit/537.36 (KHTML, like Gecko) Chrome/114.0.0.0 Mobile Safari/537.36"
34.187.190.249 - - [21/Jul/2026:13:36:56 +0000] "GET /feed/ HTTP/1.1" 200 1714 "-" "Mozilla/5.0 (Linux; Android 12; Pixel 6) AppleWebKit/537.36 (KHTML, like Gecko) Chrome/114.0.0.0 Mobile Safari/537.36"
34.187.190.249 - - [21/Jul/2026:13:36:56 +0000] "GET / HTTP/1.1" 200 75008 "-" "Mozilla/5.0 (Linux; Android 12; Pixel 6) AppleWebKit/537.36 (KHTML, like Gecko) Chrome/114.0.0.0 Mobile Safari/537.36"
34.187.190.249 - - [21/Jul/2026:13:36:56 +0000] "GET /trade-dealings/ HTTP/1.1" 200 120680 "-" "Mozilla/5.0 (Linux; Android 12; Pixel 6) AppleWebKit/537.36 (KHTML, like Gecko) Chrome/114.0.0.0 Mobile Safari/537.36"
34.187.190.249 - - [21/Jul/2026:13:36:56 +0000] "GET /comments/feed/ HTTP/1.1" 200 1656 "-" "Mozilla/5.0 (Linux; Android 12; Pixel 6) AppleWebKit/537.36 (KHTML, like Gecko) Chrome/114.0.0.0 Mobile Safari/537.36"
34.187.190.249 - - [21/Jul/2026:13:36:56 +0000] "GET / HTTP/1.1" 200 75008 "-" "Mozilla/5.0 (Linux; Android 12; Pixel 6) AppleWebKit/537.36 (KHTML, like Gecko) Chrome/114.0.0.0 Mobile Safari/537.36"
34.187.190.249 - - [21/Jul/2026:13:36:56 +0000] "GET / HTTP/1.1" 200 75008 "-" "Mozilla/5.0 (Linux; Android 12; Pixel 6) AppleWebKit/537.36 (KHTML, like Gecko) Chrome/114.0.0.0 Mobile Safari/537.36"
34.187.190.249 - - [21/Jul/2026:13:36:57 +0000] "GET / HTTP/1.1" 200 75008 "-" "Mozilla/5.0 (Linux; Android 12; Pixel 6) AppleWebKit/537.36 (KHTML, like Gecko) Chrome/114.0.0.0 Mobile Safari/537.36"
34.187.190.249 - - [21/Jul/2026:13:36:56 +0000] "GET / HTTP/1.1" 200 75008 "-" "Mozilla/5.0 (Linux; Android 12; Pixel 6) AppleWebKit/537.36 (KHTML, like Gecko) Chrome/114.0.0.0 Mobile Safari/537.36"
34.187.190.249 - - [21/Jul/2026:13:36:56 +0000] "GET /sample-page/ HTTP/1.1" 200 74729 "-" "Mozilla/5.0 (Linux; Android 12; Pixel 6) AppleWebKit/537.36 (KHTML, like Gecko) Chrome/114.0.0.0 Mobile Safari/537.36"
34.187.190.249 - - [21/Jul/2026:13:36:56 +0000] "GET / HTTP/1.1" 200 75008 "-" "Mozilla/5.0 (Linux; Android 12; Pixel 6) AppleWebKit/537.36 (KHTML, like Gecko) Chrome/114.0.0.0 Mobile Safari/537.36"
34.187.190.249 - - [21/Jul/2026:13:36:56 +0000] "GET / HTTP/1.1" 200 75008 "-" "Mozilla/5.0 (Linux; Android 12; Pixel 6) AppleWebKit/537.36 (KHTML, like Gecko) Chrome/114.0.0.0 Mobile Safari/537.36"
198.177.124.148 - - [21/Jul/2026:13:37:13 +0000] "POST /wp-cron.php?doing_wp_cron=1784641033.4619779586791992187500 HTTP/1.1" 200 - "-" "WordPress/7.0.2; https://tradedealings.shop"
34.187.190.249 - - [21/Jul/2026:13:36:56 +0000] "GET /2026/07/20/hello-world/ HTTP/1.1" 200 77176 "-" "Mozilla/5.0 (Linux; Android 12; Pixel 6) AppleWebKit/537.36 (KHTML, like Gecko) Chrome/114.0.0.0 Mobile Safari/537.36"
34.187.190.249 - - [21/Jul/2026:13:36:57 +0000] "GET / HTTP/1.1" 200 75008 "-" "Mozilla/5.0 (Linux; Android 12; Pixel 6) AppleWebKit/537.36 (KHTML, like Gecko) Chrome/114.0.0.0 Mobile Safari/537.36"
34.187.190.249 - - [21/Jul/2026:13:36:56 +0000] "GET /2026/07/20/hello-world/ HTTP/1.1" 200 77176 "-" "Mozilla/5.0 (Linux; Android 12; Pixel 6) AppleWebKit/537.36 (KHTML, like Gecko) Chrome/114.0.0.0 Mobile Safari/537.36"
34.187.190.249 - - [21/Jul/2026:13:36:56 +0000] "GET / HTTP/1.1" 200 75008 "-" "Mozilla/5.0 (Linux; Android 12; Pixel 6) AppleWebKit/537.36 (KHTML, like Gecko) Chrome/114.0.0.0 Mobile Safari/537.36"
198.177.124.148 - - [21/Jul/2026:13:48:16 +0000] "POST /wp-cron.php?doing_wp_cron=1784641696.4850320816040039062500 HTTP/1.1" 200 - "-" "WordPress/7.0.2; https://tradedealings.shop"
216.73.216.68 - - [21/Jul/2026:13:48:15 +0000] "GET /wp-sitemap.xml HTTP/1.1" 200 552 "-" "Mozilla/5.0 AppleWebKit/537.36 (KHTML, like Gecko; compatible; ClaudeBot/1.0; +claudebot@anthropic.com)"
198.177.124.148 - - [21/Jul/2026:13:58:47 +0000] "POST /wp-cron.php?doing_wp_cron=1784642326.9414539337158203125000 HTTP/1.1" 200 - "-" "WordPress/7.0.2; https://tradedealings.shop"
34.127.62.59 - - [21/Jul/2026:13:58:42 +0000] "GET / HTTP/1.1" 200 75008 "-" "Mozilla/5.0 (Linux; Android 12; Pixel 6) AppleWebKit/537.36 (KHTML, like Gecko) Chrome/114.0.0.0 Mobile Safari/537.36"
34.127.62.59 - - [21/Jul/2026:13:59:07 +0000] "GET / HTTP/1.1" 200 75008 "-" "Mozilla/5.0 (Linux; Android 12; Pixel 6) AppleWebKit/537.36 (KHTML, like Gecko) Chrome/114.0.0.0 Mobile Safari/537.36"
34.127.62.59 - - [21/Jul/2026:13:59:10 +0000] "GET /wp-content/plugins/pixelyoursite/dist/scripts/js.cookie-2.1.3.min.js?ver=2.1.3 HTTP/1.1" 200 1709 "-" "Mozilla/5.0 (Linux; Android 12; Pixel 6) AppleWebKit/537.36 (KHTML, like Gecko) Chrome/114.0.0.0 Mobile Safari/537.36"
34.127.62.59 - - [21/Jul/2026:13:59:10 +0000] "GET /wp-content/plugins/pixelyoursite/dist/scripts/jquery.bind-first-0.2.3.min.js?ver=0.2.3 HTTP/1.1" 200 1317 "-" "Mozilla/5.0 (Linux; Android 12; Pixel 6) AppleWebKit/537.36 (KHTML, like Gecko) Chrome/114.0.0.0 Mobile Safari/537.36"
34.127.62.59 - - [21/Jul/2026:13:59:11 +0000] "GET /wp-includes/js/dist/script-modules/interactivity/index.min.js?ver=efaa5193bbad9c60ffd1 HTTP/1.1" 200 40106 "-" "Mozilla/5.0 (Linux; Android 12; Pixel 6) AppleWebKit/537.36 (KHTML, like Gecko) Chrome/114.0.0.0 Mobile Safari/537.36"
34.127.62.59 - - [21/Jul/2026:13:59:10 +0000] "GET /wp-includes/js/dist/script-modules/block-library/navigation/view.min.js?ver=96a846e1d7b789c39ab9 HTTP/1.1" 200 3053 "-" "Mozilla/5.0 (Linux; Android 12; Pixel 6) AppleWebKit/537.36 (KHTML, like Gecko) Chrome/114.0.0.0 Mobile Safari/537.36"
34.127.62.59 - - [21/Jul/2026:13:59:11 +0000] "GET /wp-includes/js/jquery/jquery.min.js?ver=3.7.1 HTTP/1.1" 200 87553 "-" "Mozilla/5.0 (Linux; Android 12; Pixel 6) AppleWebKit/537.36 (KHTML, like Gecko) Chrome/114.0.0.0 Mobile Safari/537.36"
34.127.62.59 - - [21/Jul/2026:13:59:11 +0000] "GET /wp-includes/js/jquery/jquery-migrate.min.js?ver=3.4.1 HTTP/1.1" 200 13577 "-" "Mozilla/5.0 (Linux; Android 12; Pixel 6) AppleWebKit/537.36 (KHTML, like Gecko) Chrome/114.0.0.0 Mobile Safari/537.36"
34.127.62.59 - - [21/Jul/2026:13:59:11 +0000] "GET /wp-content/plugins/pixelyoursite/dist/scripts/tld.min.js?ver=2.3.1 HTTP/1.1" 200 141079 "-" "Mozilla/5.0 (Linux; Android 12; Pixel 6) AppleWebKit/537.36 (KHTML, like Gecko) Chrome/114.0.0.0 Mobile Safari/537.36"
34.127.62.59 - - [21/Jul/2026:13:59:10 +0000] "GET /wp-content/plugins/pixelyoursite/dist/scripts/public.js?ver=11.2.1 HTTP/1.1" 200 172979 "-" "Mozilla/5.0 (Linux; Android 12; Pixel 6) AppleWebKit/537.36 (KHTML, like Gecko) Chrome/114.0.0.0 Mobile Safari/537.36"
198.177.124.148 - - [21/Jul/2026:13:59:17 +0000] "POST /wp-cron.php?doing_wp_cron=1784642356.8145649433135986328125 HTTP/1.1" 200 - "-" "WordPress/7.0.2; https://tradedealings.shop"
34.127.62.59 - - [21/Jul/2026:13:59:10 +0000] "GET /feed/ HTTP/1.1" 200 1714 "-" "Mozilla/5.0 (Linux; Android 12; Pixel 6) AppleWebKit/537.36 (KHTML, like Gecko) Chrome/114.0.0.0 Mobile Safari/537.36"
34.127.62.59 - - [21/Jul/2026:13:59:11 +0000] "GET /comments/feed/ HTTP/1.1" 200 1656 "-" "Mozilla/5.0 (Linux; Android 12; Pixel 6) AppleWebKit/537.36 (KHTML, like Gecko) Chrome/114.0.0.0 Mobile Safari/537.36"
34.127.62.59 - - [21/Jul/2026:13:59:11 +0000] "GET /xmlrpc.php?rsd HTTP/1.1" 200 822 "-" "Mozilla/5.0 (Linux; Android 12; Pixel 6) AppleWebKit/537.36 (KHTML, like Gecko) Chrome/114.0.0.0 Mobile Safari/537.36"
34.127.62.59 - - [21/Jul/2026:13:59:10 +0000] "GET /wp-json/ HTTP/1.1" 200 267648 "-" "Mozilla/5.0 (Linux; Android 12; Pixel 6) AppleWebKit/537.36 (KHTML, like Gecko) Chrome/114.0.0.0 Mobile Safari/537.36"
34.127.62.59 - - [21/Jul/2026:13:59:10 +0000] "GET / HTTP/1.1" 200 75008 "-" "Mozilla/5.0 (Linux; Android 12; Pixel 6) AppleWebKit/537.36 (KHTML, like Gecko) Chrome/114.0.0.0 Mobile Safari/537.36"
34.127.62.59 - - [21/Jul/2026:13:59:11 +0000] "GET / HTTP/1.1" 200 75008 "-" "Mozilla/5.0 (Linux; Android 12; Pixel 6) AppleWebKit/537.36 (KHTML, like Gecko) Chrome/114.0.0.0 Mobile Safari/537.36"
34.127.62.59 - - [21/Jul/2026:13:59:11 +0000] "GET / HTTP/1.1" 200 75008 "-" "Mozilla/5.0 (Linux; Android 12; Pixel 6) AppleWebKit/537.36 (KHTML, like Gecko) Chrome/114.0.0.0 Mobile Safari/537.36"
198.177.124.148 - - [21/Jul/2026:13:59:22 +0000] "POST /wp-cron.php?doing_wp_cron=1784642361.9787380695343017578125 HTTP/1.1" 200 - "-" "WordPress/7.0.2; https://tradedealings.shop"
34.127.62.59 - - [21/Jul/2026:13:59:10 +0000] "GET / HTTP/1.1" 200 75008 "-" "Mozilla/5.0 (Linux; Android 12; Pixel 6) AppleWebKit/537.36 (KHTML, like Gecko) Chrome/114.0.0.0 Mobile Safari/537.36"
34.127.62.59 - - [21/Jul/2026:13:59:11 +0000] "GET / HTTP/1.1" 200 75008 "-" "Mozilla/5.0 (Linux; Android 12; Pixel 6) AppleWebKit/537.36 (KHTML, like Gecko) Chrome/114.0.0.0 Mobile Safari/537.36"
34.127.62.59 - - [21/Jul/2026:13:59:11 +0000] "GET / HTTP/1.1" 200 75008 "-" "Mozilla/5.0 (Linux; Android 12; Pixel 6) AppleWebKit/537.36 (KHTML, like Gecko) Chrome/114.0.0.0 Mobile Safari/537.36"
34.127.62.59 - - [21/Jul/2026:13:59:11 +0000] "GET / HTTP/1.1" 200 75008 "-" "Mozilla/5.0 (Linux; Android 12; Pixel 6) AppleWebKit/537.36 (KHTML, like Gecko) Chrome/114.0.0.0 Mobile Safari/537.36"
34.127.62.59 - - [21/Jul/2026:13:59:11 +0000] "GET / HTTP/1.1" 200 75008 "-" "Mozilla/5.0 (Linux; Android 12; Pixel 6) AppleWebKit/537.36 (KHTML, like Gecko) Chrome/114.0.0.0 Mobile Safari/537.36"
34.127.62.59 - - [21/Jul/2026:13:59:11 +0000] "GET /2026/07/20/hello-world/ HTTP/1.1" 200 77176 "-" "Mozilla/5.0 (Linux; Android 12; Pixel 6) AppleWebKit/537.36 (KHTML, like Gecko) Chrome/114.0.0.0 Mobile Safari/537.36"
34.127.62.59 - - [21/Jul/2026:13:59:10 +0000] "GET /sample-page/ HTTP/1.1" 200 74729 "-" "Mozilla/5.0 (Linux; Android 12; Pixel 6) AppleWebKit/537.36 (KHTML, like Gecko) Chrome/114.0.0.0 Mobile Safari/537.36"
34.127.62.59 - - [21/Jul/2026:13:59:11 +0000] "GET /2026/07/20/hello-world/ HTTP/1.1" 200 77176 "-" "Mozilla/5.0 (Linux; Android 12; Pixel 6) AppleWebKit/537.36 (KHTML, like Gecko) Chrome/114.0.0.0 Mobile Safari/537.36"
34.127.62.59 - - [21/Jul/2026:13:59:11 +0000] "GET /trade-dealings/ HTTP/1.1" 200 120680 "-" "Mozilla/5.0 (Linux; Android 12; Pixel 6) AppleWebKit/537.36 (KHTML, like Gecko) Chrome/114.0.0.0 Mobile Safari/537.36"
34.127.62.59 - - [21/Jul/2026:13:59:11 +0000] "GET / HTTP/1.1" 200 75008 "-" "Mozilla/5.0 (Linux; Android 12; Pixel 6) AppleWebKit/537.36 (KHTML, like Gecko) Chrome/114.0.0.0 Mobile Safari/537.36"
34.127.62.59 - - [21/Jul/2026:13:59:11 +0000] "GET / HTTP/1.1" 200 75008 "-" "Mozilla/5.0 (Linux; Android 12; Pixel 6) AppleWebKit/537.36 (KHTML, like Gecko) Chrome/114.0.0.0 Mobile Safari/537.36"
34.127.62.59 - - [21/Jul/2026:13:59:11 +0000] "GET / HTTP/1.1" 200 75008 "-" "Mozilla/5.0 (Linux; Android 12; Pixel 6) AppleWebKit/537.36 (KHTML, like Gecko) Chrome/114.0.0.0 Mobile Safari/537.36"
198.177.124.148 - - [21/Jul/2026:14:02:55 +0000] "POST /wp-cron.php?doing_wp_cron=1784642575.9320271015167236328125 HTTP/1.1" 200 - "-" "WordPress/7.0.2; https://tradedealings.shop"
105.113.84.241 - - [21/Jul/2026:14:02:54 +0000] "GET /wp-json/elementor/v1/checklist/user-progress HTTP/1.1" 200 534 "https://tradedealings.shop/wp-admin/post.php?post=9&action=elementor" "Mozilla/5.0 (Windows NT 10.0; Win64; x64) AppleWebKit/537.36 (KHTML, like Gecko) Chrome/150.0.0.0 Safari/537.36"
198.177.124.148 - - [21/Jul/2026:14:02:56 +0000] "POST /wp-cron.php?doing_wp_cron=1784642576.1834828853607177734375 HTTP/1.1" 200 - "-" "WordPress/7.0.2; https://tradedealings.shop"
105.113.84.241 - - [21/Jul/2026:14:02:54 +0000] "POST /wp-admin/admin-ajax.php HTTP/1.1" 200 77 "https://tradedealings.shop/wp-admin/post.php?post=9&action=elementor" "Mozilla/5.0 (Windows NT 10.0; Win64; x64) AppleWebKit/537.36 (KHTML, like Gecko) Chrome/150.0.0.0 Safari/537.36"
105.113.84.241 - - [21/Jul/2026:14:03:09 +0000] "POST /wp-admin/admin-ajax.php HTTP/1.1" 200 77 "https://tradedealings.shop/wp-admin/post.php?post=9&action=elementor" "Mozilla/5.0 (Windows NT 10.0; Win64; x64) AppleWebKit/537.36 (KHTML, like Gecko) Chrome/150.0.0.0 Safari/537.36"
45.45.237.8 - - [21/Jul/2026:14:10:10 +0000] "GET / HTTP/1.1" 200 75008 "-" "Mozilla/5.0 (compatible; OAI-SearchBot/1.3; +https://openai.com/searchbot)"
198.177.124.148 - - [21/Jul/2026:14:10:15 +0000] "POST /wp-cron.php?doing_wp_cron=1784643015.0061450004577636718750 HTTP/1.1" 200 - "-" "WordPress/7.0.2; https://tradedealings.shop"
45.45.237.8 - - [21/Jul/2026:14:10:10 +0000] "GET /.git/config HTTP/1.1" 404 63770 "-" "Mozilla/5.0 AppleWebKit/537.36 (KHTML, like Gecko; compatible; GPTBot/1.3; +https://openai.com/gptbot)"
45.45.237.8 - - [21/Jul/2026:14:10:10 +0000] "GET /.git/HEAD HTTP/1.1" 404 63768 "-" "Mozilla/5.0 (compatible; PerplexityBot/1.0; +https://perplexity.ai/perplexitybot)"
