45.45.237.214 - - [21/Jul/2026:21:53:58 +0000] "GET /.npmrc HTTP/1.1" 500 2559 "-" "Mozilla/5.0 (compatible; Baiduspider/2.0; +http://www.baidu.com/search/spider.html)"
45.45.237.214 - - [21/Jul/2026:21:53:58 +0000] "GET /web.config HTTP/1.1" 500 2559 "-" "Mozilla/5.0 (compatible; OAI-SearchBot/1.3; +https://openai.com/searchbot)"
45.45.237.214 - - [21/Jul/2026:21:53:59 +0000] "GET /.netrc HTTP/1.1" 500 2559 "-" "Mozilla/5.0 (compatible; OAI-SearchBot/1.3; +https://openai.com/searchbot)"
45.45.237.214 - - [21/Jul/2026:21:53:59 +0000] "GET /.env.prod HTTP/1.1" 500 2559 "-" "Mozilla/5.0 (compatible; bingbot/2.0; +http://www.bing.com/bingbot.htm)"
45.45.237.214 - - [21/Jul/2026:21:54:01 +0000] "GET /.env.staging HTTP/1.1" 500 2559 "-" "Mozilla/5.0 AppleWebKit/537.36 (KHTML, like Gecko; compatible; ChatGPT-User/1.0; +https://openai.com/bot)"
198.177.124.148 - - [21/Jul/2026:21:54:18 +0000] "POST /wp-cron.php?doing_wp_cron=1784670856.7656700611114501953125 HTTP/1.1" 200 - "-" "WordPress/7.0.2; https://tradedealings.shop"
45.45.237.214 - - [21/Jul/2026:21:53:57 +0000] "GET /.git/config HTTP/1.1" 500 2559 "https://www.tradedealings.shop/.git/config" "Mozilla/5.0 (compatible; Googlebot/2.1; +http://www.google.com/bot.html)"
45.45.237.214 - - [21/Jul/2026:21:54:02 +0000] "GET /netlify.toml HTTP/1.1" 500 2559 "-" "CCBot/2.0 (https://commoncrawl.org/faq/)"
45.45.237.214 - - [21/Jul/2026:21:54:02 +0000] "GET /service_account.json HTTP/1.1" 500 2559 "-" "Mozilla/5.0 (compatible; Baiduspider/2.0; +http://www.baidu.com/search/spider.html)"
45.45.237.214 - - [21/Jul/2026:21:54:01 +0000] "GET /appsettings.json HTTP/1.1" 500 2559 "-" "Mozilla/5.0 (compatible; PerplexityBot/1.0; +https://perplexity.ai/perplexitybot)"
45.45.237.214 - - [21/Jul/2026:21:54:00 +0000] "GET /aws-exports.js HTTP/1.1" 500 2559 "-" "Mozilla/5.0 (compatible; bingbot/2.0; +http://www.bing.com/bingbot.htm)"
45.45.237.214 - - [21/Jul/2026:21:54:02 +0000] "GET /wp-content/plugins/pixelyoursite/dist/scripts/jquery.bind-first-0.2.3.min.js.map HTTP/1.1" 500 2559 "-" "Mozilla/5.0 (compatible; ClaudeBot/1.0; +claudebot@anthropic.com)"
45.45.237.214 - - [21/Jul/2026:21:54:02 +0000] "GET /api/.env HTTP/1.1" 500 2559 "-" "Mozilla/5.0 (compatible; OAI-SearchBot/1.3; +https://openai.com/searchbot)"
45.45.237.214 - - [21/Jul/2026:21:54:02 +0000] "GET /api/env HTTP/1.1" 500 2559 "-" "Mozilla/5.0 AppleWebKit/537.36 (KHTML, like Gecko; compatible; ChatGPT-User/1.0; +https://openai.com/bot)"
45.45.237.214 - - [21/Jul/2026:21:54:02 +0000] "GET /.gitlab-ci.yml HTTP/1.1" 500 2559 "-" "Mozilla/5.0 (compatible; xAI-SearchBot/1.0; +https://x.ai)"
45.45.237.214 - - [21/Jul/2026:21:54:00 +0000] "GET /terraform.tfstate HTTP/1.1" 500 2559 "-" "Mozilla/5.0 (compatible; Google-CloudVertexBot; +https://cloud.google.com/vertex-ai-bot)"
45.45.237.214 - - [21/Jul/2026:21:53:59 +0000] "GET /.env.backup HTTP/1.1" 500 2559 "-" "Mozilla/5.0 AppleWebKit/537.36 (KHTML, like Gecko; compatible; GPTBot/1.3; +https://openai.com/gptbot)"
45.45.237.214 - - [21/Jul/2026:21:53:59 +0000] "GET /wp-content/plugins/pixelyoursite/dist/scripts/js.cookie-2.1.3.min.js.map HTTP/1.1" 500 2559 "-" "Mozilla/5.0 (compatible; PerplexityBot/1.0; +https://perplexity.ai/perplexitybot)"
45.45.237.214 - - [21/Jul/2026:21:53:59 +0000] "GET /env.json HTTP/1.1" 500 2559 "-" "Mozilla/5.0 (compatible; OAI-SearchBot/1.3; +https://openai.com/searchbot)"
45.45.237.214 - - [21/Jul/2026:21:53:59 +0000] "GET /firebase.json HTTP/1.1" 500 2559 "-" "Mozilla/5.0 (compatible; YandexBot/3.0; +http://yandex.com/bots)"
45.45.237.214 - - [21/Jul/2026:21:53:59 +0000] "GET /graphql HTTP/1.1" 500 2559 "-" "Mozilla/5.0 (compatible; ClaudeBot/1.0; +claudebot@anthropic.com)"
45.45.237.214 - - [21/Jul/2026:21:54:00 +0000] "GET /config.json HTTP/1.1" 500 2559 "-" "Mozilla/5.0 (compatible; OAI-SearchBot/1.3; +https://openai.com/searchbot)"
45.45.237.214 - - [21/Jul/2026:21:54:00 +0000] "GET /keys.json HTTP/1.1" 500 2559 "-" "Mozilla/5.0 AppleWebKit/537.36 (KHTML, like Gecko; compatible; GPTBot/1.3; +https://openai.com/gptbot)"
45.45.237.214 - - [21/Jul/2026:21:53:59 +0000] "GET /wp/.env HTTP/1.1" 500 2559 "-" "Mozilla/5.0 (compatible; Baiduspider/2.0; +http://www.baidu.com/search/spider.html)"
45.45.237.214 - - [21/Jul/2026:21:53:59 +0000] "GET /sitemap.xml HTTP/1.1" 500 2559 "-" "Mozilla/5.0 (compatible; OAI-SearchBot/1.3; +https://openai.com/searchbot)"
45.45.237.214 - - [21/Jul/2026:21:54:02 +0000] "GET /wp-content/plugins/pixelyoursite/dist/scripts/tld.min.js.map HTTP/1.1" 500 2559 "-" "Mozilla/5.0 (compatible; DeepSeekBot/1.0; +https://www.deepseek.com/bot)"
45.45.237.214 - - [21/Jul/2026:21:53:57 +0000] "GET /.git/HEAD HTTP/1.1" 404 63768 "https://www.tradedealings.shop/.git/HEAD" "Mozilla/5.0 (compatible; bingbot/2.0; +http://www.bing.com/bingbot.htm)"
45.45.237.214 - - [21/Jul/2026:21:53:57 +0000] "GET / HTTP/1.1" 200 75008 "https://www.tradedealings.shop" "Mozilla/5.0 (compatible; Googlebot/2.1; +http://www.google.com/bot.html)"
198.177.124.148 - - [21/Jul/2026:21:57:55 +0000] "POST /wp-cron.php?doing_wp_cron=1784671075.0966649055480957031250 HTTP/1.1" 200 - "-" "WordPress/7.0.2; https://tradedealings.shop"
129.227.55.179 - - [21/Jul/2026:21:57:53 +0000] "POST /wp-login.php HTTP/1.1" 200 5142 "-" "Mozilla/5.0"
129.227.55.179 - - [21/Jul/2026:21:57:53 +0000] "POST /wp-login.php HTTP/1.1" 200 5142 "-" "Mozilla/5.0"
198.177.124.148 - - [21/Jul/2026:22:02:28 +0000] "POST /wp-cron.php?doing_wp_cron=1784671348.8492460250854492187500 HTTP/1.1" 200 - "-" "WordPress/7.0.2; https://tradedealings.shop"
129.227.55.179 - - [21/Jul/2026:22:02:26 +0000] "POST /wp-login.php HTTP/1.1" 200 5142 "-" "Mozilla/5.0"
129.227.55.179 - - [21/Jul/2026:22:02:26 +0000] "POST /wp-login.php HTTP/1.1" 200 5142 "-" "Mozilla/5.0"
129.227.55.179 - - [21/Jul/2026:22:07:02 +0000] "POST /wp-login.php HTTP/1.1" 200 5142 "-" "Mozilla/5.0"
198.177.124.148 - - [21/Jul/2026:22:07:04 +0000] "POST /wp-cron.php?doing_wp_cron=1784671624.5822858810424804687500 HTTP/1.1" 200 - "-" "WordPress/7.0.2; https://tradedealings.shop"
129.227.55.179 - - [21/Jul/2026:22:07:02 +0000] "POST /wp-login.php HTTP/1.1" 200 5142 "-" "Mozilla/5.0"
198.177.124.148 - - [21/Jul/2026:22:11:41 +0000] "POST /wp-cron.php?doing_wp_cron=1784671901.2713038921356201171875 HTTP/1.1" 200 - "-" "WordPress/7.0.2; https://tradedealings.shop"
129.227.55.179 - - [21/Jul/2026:22:11:40 +0000] "POST /wp-login.php HTTP/1.1" 200 5142 "-" "Mozilla/5.0"
129.227.55.179 - - [21/Jul/2026:22:11:40 +0000] "POST /wp-login.php HTTP/1.1" 200 5142 "-" "Mozilla/5.0"
198.177.124.148 - - [21/Jul/2026:22:16:43 +0000] "POST /wp-cron.php?doing_wp_cron=1784672203.1551229953765869140625 HTTP/1.1" 200 - "-" "WordPress/7.0.2; https://tradedealings.shop"
129.227.55.179 - - [21/Jul/2026:22:16:41 +0000] "POST /wp-login.php HTTP/1.1" 200 5142 "-" "Mozilla/5.0"
129.227.55.179 - - [21/Jul/2026:22:16:41 +0000] "POST /wp-login.php HTTP/1.1" 200 5142 "-" "Mozilla/5.0"
129.227.55.179 - - [21/Jul/2026:22:22:09 +0000] "POST /wp-login.php HTTP/1.1" 200 5142 "-" "Mozilla/5.0"
198.177.124.148 - - [21/Jul/2026:22:22:11 +0000] "POST /wp-cron.php?doing_wp_cron=1784672531.5661489963531494140625 HTTP/1.1" 200 - "-" "WordPress/7.0.2; https://tradedealings.shop"
129.227.55.179 - - [21/Jul/2026:22:22:09 +0000] "POST /wp-login.php HTTP/1.1" 200 5142 "-" "Mozilla/5.0"
198.177.124.148 - - [21/Jul/2026:22:27:35 +0000] "POST /wp-cron.php?doing_wp_cron=1784672855.8708031177520751953125 HTTP/1.1" 200 - "-" "WordPress/7.0.2; https://tradedealings.shop"
129.227.55.179 - - [21/Jul/2026:22:27:32 +0000] "POST /wp-login.php HTTP/1.1" 200 5142 "-" "Mozilla/5.0"
129.227.55.179 - - [21/Jul/2026:22:27:32 +0000] "POST /wp-login.php HTTP/1.1" 200 5142 "-" "Mozilla/5.0"
129.227.55.179 - - [21/Jul/2026:22:33:03 +0000] "POST /wp-login.php HTTP/1.1" 200 5142 "-" "Mozilla/5.0"
129.227.55.179 - - [21/Jul/2026:22:33:03 +0000] "POST /wp-login.php HTTP/1.1" 200 5142 "-" "Mozilla/5.0"
129.227.55.179 - - [21/Jul/2026:22:38:27 +0000] "POST /wp-login.php HTTP/1.1" 200 5142 "-" "Mozilla/5.0"
198.177.124.148 - - [21/Jul/2026:22:38:31 +0000] "POST /wp-cron.php?doing_wp_cron=1784673510.9969940185546875000000 HTTP/1.1" 200 - "-" "WordPress/7.0.2; https://tradedealings.shop"
129.227.55.179 - - [21/Jul/2026:22:38:27 +0000] "POST /wp-login.php HTTP/1.1" 200 5142 "-" "Mozilla/5.0"
198.177.124.148 - - [21/Jul/2026:22:44:57 +0000] "POST /wp-cron.php?doing_wp_cron=1784673897.7670249938964843750000 HTTP/1.1" 200 - "-" "WordPress/7.0.2; https://tradedealings.shop"
156.59.29.168 - - [21/Jul/2026:22:44:54 +0000] "POST /wp-login.php HTTP/1.1" 200 5142 "-" "Mozilla/5.0"
156.59.29.168 - - [21/Jul/2026:22:44:54 +0000] "POST /wp-login.php HTTP/1.1" 200 5142 "-" "Mozilla/5.0"
198.177.124.148 - - [21/Jul/2026:22:45:03 +0000] "POST /wp-cron.php HTTP/1.1" 200 - "-" "WordPress/7.0.2; https://tradedealings.shop"
198.177.124.148 - - [21/Jul/2026:22:45:03 +0000] "GET / HTTP/1.1" 200 75008 "-" "WordPress/7.0.2; https://tradedealings.shop"
198.177.124.148 - - [21/Jul/2026:22:45:08 +0000] "GET / HTTP/1.1" 200 75008 "-" "WordPress/7.0.2; https://tradedealings.shop"
198.177.124.148 - - [21/Jul/2026:22:45:12 +0000] "GET / HTTP/1.1" 200 75008 "-" "WordPress/7.0.2; https://tradedealings.shop"
198.177.124.148 - - [21/Jul/2026:22:45:15 +0000] "GET / HTTP/1.1" 200 75008 "-" "WordPress/7.0.2; https://tradedealings.shop"
198.177.124.148 - - [21/Jul/2026:22:48:44 +0000] "POST /wp-cron.php?doing_wp_cron=1784674124.8883519172668457031250 HTTP/1.1" 200 - "-" "WordPress/7.0.2; https://tradedealings.shop"
172.236.122.62 - - [21/Jul/2026:22:48:42 +0000] "GET / HTTP/1.1" 200 75008 "-" "Mozilla/5.0 (Windows NT 10.0; Win64; x64) AppleWebKit/537.36 (KHTML, like Gecko) Chrome/139.0.0.0 Safari/537.36"
23.95.96.140 - - [21/Jul/2026:23:04:37 +0000] "GET / HTTP/1.1" 301 - "-" "Mozilla/5.0 (ZZ; Linux x86_64) AppleWebKit/537.36 (KHTML, like Gecko) Chrome/121.0.0.0 Safari/537.36"
198.177.124.148 - - [21/Jul/2026:23:33:38 +0000] "POST /wp-cron.php?doing_wp_cron=1784676818.1591200828552246093750 HTTP/1.1" 200 - "-" "WordPress/7.0.2; https://tradedealings.shop"
216.73.216.68 - - [21/Jul/2026:23:33:35 +0000] "GET /robots.txt HTTP/1.1" 200 119 "-" "Mozilla/5.0 AppleWebKit/537.36 (KHTML, like Gecko; compatible; ClaudeBot/1.0; +claudebot@anthropic.com)"
216.73.216.68 - - [21/Jul/2026:23:33:42 +0000] "GET /wp-sitemap.xml HTTP/1.1" 200 552 "-" "Mozilla/5.0 AppleWebKit/537.36 (KHTML, like Gecko; compatible; ClaudeBot/1.0; +claudebot@anthropic.com)"
144.172.104.62 - - [21/Jul/2026:23:34:07 +0000] "GET /.git/config HTTP/1.1" 404 63770 "-" "Mozilla/5.0 (X11; Linux x86_64)"
198.177.124.148 - - [21/Jul/2026:23:38:14 +0000] "POST /wp-cron.php?doing_wp_cron=1784677094.0913910865783691406250 HTTP/1.1" 200 - "-" "WordPress/7.0.2; https://tradedealings.shop"
157.245.245.246 - - [21/Jul/2026:23:38:10 +0000] "GET / HTTP/1.1" 200 75008 "-" "Mozilla/5.0 (compatible; InternetMeasurement/1.0; +https://internet-measurement.com/)"
104.28.159.49 - - [22/Jul/2026:00:05:31 +0000] "GET /wp-login.php HTTP/1.1" 200 4729 "http://tradedealings.shop/wp-login.php" "Mozilla/5.0 (Windows NT 10.0; Win64; x64; rv:130.0) Gecko/20100101 Firefox/130.0"
104.28.159.49 - - [22/Jul/2026:00:05:33 +0000] "GET /wp-login.php HTTP/1.1" 200 4729 "http://tradedealings.shop/wp-login.php" "Mozilla/5.0 (Windows NT 10.0; Win64; x64; rv:130.0) Gecko/20100101 Firefox/130.0"
104.28.159.49 - - [22/Jul/2026:00:05:53 +0000] "GET /wp-login.php HTTP/1.1" 200 4729 "http://tradedealings.shop/wp-login.php" "Mozilla/5.0 (Windows NT 10.0; Win64; x64; rv:130.0) Gecko/20100101 Firefox/130.0"
104.28.159.49 - - [22/Jul/2026:00:05:55 +0000] "GET /wp-login.php HTTP/1.1" 200 4729 "http://tradedealings.shop/wp-login.php" "Mozilla/5.0 (Windows NT 10.0; Win64; x64; rv:130.0) Gecko/20100101 Firefox/130.0"
104.28.159.49 - - [22/Jul/2026:00:05:59 +0000] "GET /wp-login.php HTTP/1.1" 200 4729 "http://tradedealings.shop/wp-login.php" "Mozilla/5.0 (Windows NT 10.0; Win64; x64; rv:130.0) Gecko/20100101 Firefox/130.0"
104.28.159.49 - - [22/Jul/2026:00:06:02 +0000] "GET /wp-login.php HTTP/1.1" 200 4729 "http://tradedealings.shop/wp-login.php" "Mozilla/5.0 (Windows NT 10.0; Win64; x64; rv:130.0) Gecko/20100101 Firefox/130.0"
198.177.124.148 - - [22/Jul/2026:00:06:14 +0000] "POST /wp-cron.php?doing_wp_cron=1784678773.9916329383850097656250 HTTP/1.1" 200 - "-" "WordPress/7.0.2; https://tradedealings.shop"
104.28.159.49 - - [22/Jul/2026:00:06:13 +0000] "GET /wp-login.php HTTP/1.1" 200 4729 "http://tradedealings.shop/wp-login.php" "Mozilla/5.0 (X11; Linux x86_64) AppleWebKit/537.36 (KHTML, like Gecko) Chrome/92.0.4515.107 Safari/537.36"
104.28.159.49 - - [22/Jul/2026:00:06:15 +0000] "GET /wp-login.php HTTP/1.1" 200 4729 "http://tradedealings.shop/wp-login.php" "Mozilla/5.0 (X11; Linux x86_64) AppleWebKit/537.36 (KHTML, like Gecko) Chrome/92.0.4515.107 Safari/537.36"
104.28.159.49 - - [22/Jul/2026:00:06:19 +0000] "GET /wp-login.php HTTP/1.1" 200 4729 "http://tradedealings.shop/wp-login.php" "Mozilla/5.0 (Linux; Android 11; Nokia G50) AppleWebKit/537.36 (KHTML, like Gecko) Chrome/123.0.6312.61 Mobile Safari/537.36"
104.28.159.49 - - [22/Jul/2026:00:06:21 +0000] "GET /wp-login.php HTTP/1.1" 200 4729 "http://tradedealings.shop/wp-login.php" "Mozilla/5.0 (Linux; Android 11; Nokia G50) AppleWebKit/537.36 (KHTML, like Gecko) Chrome/123.0.6312.61 Mobile Safari/537.36"
104.28.159.49 - - [22/Jul/2026:00:06:29 +0000] "GET /wp-login.php HTTP/1.1" 200 4729 "http://tradedealings.shop/wp-login.php" "Mozilla/5.0 (Linux; Android 11; Nokia G50) AppleWebKit/537.36 (KHTML, like Gecko) Chrome/123.0.6312.61 Mobile Safari/537.36"
104.28.159.49 - - [22/Jul/2026:00:06:31 +0000] "GET /wp-login.php HTTP/1.1" 200 4729 "http://tradedealings.shop/wp-login.php" "Mozilla/5.0 (Linux; Android 11; Nokia G50) AppleWebKit/537.36 (KHTML, like Gecko) Chrome/123.0.6312.61 Mobile Safari/537.36"
104.28.159.49 - - [22/Jul/2026:00:06:42 +0000] "GET /wp-login.php HTTP/1.1" 200 4729 "http://tradedealings.shop/wp-login.php" "Mozilla/5.0 (Linux; Android 11; Nokia G50) AppleWebKit/537.36 (KHTML, like Gecko) Chrome/123.0.6312.61 Mobile Safari/537.36"
104.28.159.49 - - [22/Jul/2026:00:06:45 +0000] "GET /wp-login.php HTTP/1.1" 200 4729 "http://tradedealings.shop/wp-login.php" "Mozilla/5.0 (Linux; Android 11; Nokia G50) AppleWebKit/537.36 (KHTML, like Gecko) Chrome/123.0.6312.61 Mobile Safari/537.36"
104.28.159.49 - - [22/Jul/2026:00:06:56 +0000] "GET /wp-login.php HTTP/1.1" 200 4729 "http://tradedealings.shop/wp-login.php" "Mozilla/5.0 (Macintosh; Intel Mac OS X 10_15_7) AppleWebKit/537.36 (KHTML, like Gecko) Chrome/90.0.4430.93 Safari/537.36"
104.28.159.49 - - [22/Jul/2026:00:06:58 +0000] "GET /wp-login.php HTTP/1.1" 200 4729 "http://tradedealings.shop/wp-login.php" "Mozilla/5.0 (Macintosh; Intel Mac OS X 10_15_7) AppleWebKit/537.36 (KHTML, like Gecko) Chrome/90.0.4430.93 Safari/537.36"
198.177.124.148 - - [22/Jul/2026:00:07:14 +0000] "POST /wp-cron.php?doing_wp_cron=1784678834.9034569263458251953125 HTTP/1.1" 200 - "-" "WordPress/7.0.2; https://tradedealings.shop"
104.28.159.49 - - [22/Jul/2026:00:07:14 +0000] "GET /wp-login.php HTTP/1.1" 200 4729 "http://tradedealings.shop/wp-login.php" "Mozilla/5.0 (Linux; Android 11; Nokia G50) AppleWebKit/537.36 (KHTML, like Gecko) Chrome/123.0.6312.61 Mobile Safari/537.36"
104.28.159.49 - - [22/Jul/2026:00:07:19 +0000] "GET /wp-login.php HTTP/1.1" 200 4729 "http://tradedealings.shop/wp-login.php" "Mozilla/5.0 (Linux; Android 11; Nokia G50) AppleWebKit/537.36 (KHTML, like Gecko) Chrome/123.0.6312.61 Mobile Safari/537.36"
104.28.159.49 - - [22/Jul/2026:00:07:24 +0000] "GET /wp-login.php HTTP/1.1" 200 4729 "http://tradedealings.shop/wp-login.php" "Mozilla/5.0 (Macintosh; Intel Mac OS X 10_15_7) AppleWebKit/537.36 (KHTML, like Gecko) Chrome/90.0.4430.93 Safari/537.36"
104.28.159.49 - - [22/Jul/2026:00:07:26 +0000] "GET /wp-login.php HTTP/1.1" 200 4729 "http://tradedealings.shop/wp-login.php" "Mozilla/5.0 (Macintosh; Intel Mac OS X 10_15_7) AppleWebKit/537.36 (KHTML, like Gecko) Chrome/90.0.4430.93 Safari/537.36"
104.28.159.49 - - [22/Jul/2026:00:07:29 +0000] "GET /wp-login.php HTTP/1.1" 200 4729 "http://tradedealings.shop/wp-login.php" "Mozilla/5.0 (Linux; Android 11; Nokia G50) AppleWebKit/537.36 (KHTML, like Gecko) Chrome/123.0.6312.61 Mobile Safari/537.36"
104.28.159.49 - - [22/Jul/2026:00:07:31 +0000] "GET /wp-login.php HTTP/1.1" 200 4729 "http://tradedealings.shop/wp-login.php" "Mozilla/5.0 (Linux; Android 11; Nokia G50) AppleWebKit/537.36 (KHTML, like Gecko) Chrome/123.0.6312.61 Mobile Safari/537.36"
104.28.159.49 - - [22/Jul/2026:00:07:34 +0000] "GET /wp-login.php HTTP/1.1" 200 4729 "http://tradedealings.shop/wp-login.php" "Mozilla/5.0 (Linux; Android 11; Nokia G50) AppleWebKit/537.36 (KHTML, like Gecko) Chrome/123.0.6312.61 Mobile Safari/537.36"
104.28.159.49 - - [22/Jul/2026:00:07:36 +0000] "GET /wp-login.php HTTP/1.1" 200 4729 "http://tradedealings.shop/wp-login.php" "Mozilla/5.0 (Linux; Android 11; Nokia G50) AppleWebKit/537.36 (KHTML, like Gecko) Chrome/123.0.6312.61 Mobile Safari/537.36"
104.28.159.49 - - [22/Jul/2026:00:07:39 +0000] "GET /wp-login.php HTTP/1.1" 200 4729 "http://tradedealings.shop/wp-login.php" "Mozilla/5.0 (Windows NT 10.0; Win64; x64; rv:130.0) Gecko/20100101 Firefox/130.0"
104.28.159.49 - - [22/Jul/2026:00:07:42 +0000] "GET /wp-login.php HTTP/1.1" 200 4729 "http://tradedealings.shop/wp-login.php" "Mozilla/5.0 (Windows NT 10.0; Win64; x64; rv:130.0) Gecko/20100101 Firefox/130.0"
104.28.159.49 - - [22/Jul/2026:00:07:52 +0000] "GET /wp-login.php HTTP/1.1" 200 4729 "http://tradedealings.shop/wp-login.php" "Mozilla/5.0 (Windows NT 10.0; Win64; x64; rv:130.0) Gecko/20100101 Firefox/130.0"
104.28.159.49 - - [22/Jul/2026:00:07:54 +0000] "GET /wp-login.php HTTP/1.1" 200 4729 "http://tradedealings.shop/wp-login.php" "Mozilla/5.0 (Windows NT 10.0; Win64; x64; rv:130.0) Gecko/20100101 Firefox/130.0"
104.28.159.49 - - [22/Jul/2026:00:08:01 +0000] "GET /wp-login.php HTTP/1.1" 200 4729 "http://tradedealings.shop/wp-login.php" "Mozilla/5.0 (X11; Linux x86_64) AppleWebKit/537.36 (KHTML, like Gecko) Chrome/92.0.4515.107 Safari/537.36"
104.28.159.49 - - [22/Jul/2026:00:08:03 +0000] "GET /wp-login.php HTTP/1.1" 200 4729 "http://tradedealings.shop/wp-login.php" "Mozilla/5.0 (X11; Linux x86_64) AppleWebKit/537.36 (KHTML, like Gecko) Chrome/92.0.4515.107 Safari/537.36"
104.28.159.49 - - [22/Jul/2026:00:08:08 +0000] "GET /wp-login.php HTTP/1.1" 200 4729 "http://tradedealings.shop/wp-login.php" "Mozilla/5.0 (X11; Linux x86_64) AppleWebKit/537.36 (KHTML, like Gecko) Chrome/92.0.4515.107 Safari/537.36"
104.28.159.49 - - [22/Jul/2026:00:08:10 +0000] "GET /wp-login.php HTTP/1.1" 200 4729 "http://tradedealings.shop/wp-login.php" "Mozilla/5.0 (X11; Linux x86_64) AppleWebKit/537.36 (KHTML, like Gecko) Chrome/92.0.4515.107 Safari/537.36"
104.28.159.49 - - [22/Jul/2026:00:08:51 +0000] "GET /wp-login.php HTTP/1.1" 200 4729 "http://tradedealings.shop/wp-login.php" "Mozilla/5.0 (Macintosh; Intel Mac OS X 10_15_7) AppleWebKit/537.36 (KHTML, like Gecko) Chrome/90.0.4430.93 Safari/537.36"
104.28.159.49 - - [22/Jul/2026:00:08:59 +0000] "GET /wp-login.php HTTP/1.1" 200 4729 "http://tradedealings.shop/wp-login.php" "Mozilla/5.0 (Macintosh; Intel Mac OS X 10_15_7) AppleWebKit/537.36 (KHTML, like Gecko) Chrome/90.0.4430.93 Safari/537.36"
198.177.124.148 - - [22/Jul/2026:00:09:17 +0000] "POST /wp-cron.php?doing_wp_cron=1784678957.3430700302124023437500 HTTP/1.1" 200 - "-" "WordPress/7.0.2; https://tradedealings.shop"
74.7.244.60 - - [22/Jul/2026:00:09:16 +0000] "GET /robots.txt HTTP/1.1" 200 119 "-" "Mozilla/5.0 (Macintosh; Intel Mac OS X 10_15_7) AppleWebKit/537.36 (KHTML, like Gecko) Chrome/131.0.0.0 Safari/537.36; compatible; OAI-SearchBot/1.4; robots.txt; +https://openai.com/searchbot"
74.7.242.16 - - [22/Jul/2026:00:09:16 +0000] "GET /wp-sitemap.xml HTTP/1.1" 200 552 "-" "Mozilla/5.0 AppleWebKit/537.36 (KHTML, like Gecko; compatible; GPTBot/1.4; +https://openai.com/gptbot)"
51.195.20.42 - - [22/Jul/2026:00:16:03 +0000] "GET /sample-page/ HTTP/1.1" 200 74741 "http://tradedealings.shop/" "Mozilla/5.0 (Windows NT 10.0; Win64; x64) AppleWebKit/537.36 (KHTML, like Gecko) Chrome/102.0.0.0 Safari/537.36"
51.195.20.42 - - [22/Jul/2026:00:16:05 +0000] "GET /wp-includes/js/jquery/jquery.min.js?ver=3.7.1 HTTP/1.1" 200 87553 "https://tradedealings.shop/sample-page/" "Mozilla/5.0 (Windows NT 10.0; Win64; x64) AppleWebKit/537.36 (KHTML, like Gecko) Chrome/102.0.0.0 Safari/537.36"
51.195.20.42 - - [22/Jul/2026:00:16:05 +0000] "GET /wp-includes/js/jquery/jquery-migrate.min.js?ver=3.4.1 HTTP/1.1" 200 13577 "https://tradedealings.shop/sample-page/" "Mozilla/5.0 (Windows NT 10.0; Win64; x64) AppleWebKit/537.36 (KHTML, like Gecko) Chrome/102.0.0.0 Safari/537.36"
167.114.3.106 - - [22/Jul/2026:00:16:05 +0000] "GET /wp-includes/js/dist/script-modules/block-library/navigation/view.min.js?ver=96a846e1d7b789c39ab9 HTTP/1.1" 200 3053 "https://tradedealings.shop/sample-page/" "Mozilla/5.0 (Windows NT 10.0; Win64; x64) AppleWebKit/537.36 (KHTML, like Gecko) Chrome/102.0.0.0 Safari/537.36"
51.195.20.42 - - [22/Jul/2026:00:16:05 +0000] "GET /wp-includes/js/dist/script-modules/interactivity/index.min.js?ver=efaa5193bbad9c60ffd1 HTTP/1.1" 200 40106 "https://tradedealings.shop/sample-page/" "Mozilla/5.0 (Windows NT 10.0; Win64; x64) AppleWebKit/537.36 (KHTML, like Gecko) Chrome/102.0.0.0 Safari/537.36"
167.114.3.106 - - [22/Jul/2026:00:16:05 +0000] "GET /wp-content/plugins/pixelyoursite/dist/scripts/jquery.bind-first-0.2.3.min.js?ver=0.2.3 HTTP/1.1" 200 1317 "https://tradedealings.shop/sample-page/" "Mozilla/5.0 (Windows NT 10.0; Win64; x64) AppleWebKit/537.36 (KHTML, like Gecko) Chrome/102.0.0.0 Safari/537.36"
54.37.10.247 - - [22/Jul/2026:00:16:05 +0000] "GET /wp-content/themes/twentytwentyfive/assets/fonts/manrope/Manrope-VariableFont_wght.woff2 HTTP/1.1" 200 53600 "https://tradedealings.shop/sample-page/" "Mozilla/5.0 (Windows NT 10.0; Win64; x64) AppleWebKit/537.36 (KHTML, like Gecko) Chrome/102.0.0.0 Safari/537.36"
51.195.20.42 - - [22/Jul/2026:00:16:06 +0000] "GET /wp-content/plugins/pixelyoursite/dist/scripts/js.cookie-2.1.3.min.js?ver=2.1.3 HTTP/1.1" 200 1709 "https://tradedealings.shop/sample-page/" "Mozilla/5.0 (Windows NT 10.0; Win64; x64) AppleWebKit/537.36 (KHTML, like Gecko) Chrome/102.0.0.0 Safari/537.36"
51.195.20.42 - - [22/Jul/2026:00:16:06 +0000] "GET /wp-content/plugins/pixelyoursite/dist/scripts/tld.min.js?ver=2.3.1 HTTP/1.1" 200 141079 "https://tradedealings.shop/sample-page/" "Mozilla/5.0 (Windows NT 10.0; Win64; x64) AppleWebKit/537.36 (KHTML, like Gecko) Chrome/102.0.0.0 Safari/537.36"
51.38.135.19 - - [22/Jul/2026:00:16:06 +0000] "GET /wp-content/plugins/pixelyoursite/dist/scripts/public.js?ver=11.2.1 HTTP/1.1" 200 172979 "https://tradedealings.shop/sample-page/" "Mozilla/5.0 (Windows NT 10.0; Win64; x64) AppleWebKit/537.36 (KHTML, like Gecko) Chrome/102.0.0.0 Safari/537.36"
51.38.135.19 - - [22/Jul/2026:00:16:07 +0000] "GET /wp-includes/js/wp-emoji-release.min.js?ver=7.0.2 HTTP/1.1" 200 22752 "https://tradedealings.shop/sample-page/" "Mozilla/5.0 (Windows NT 10.0; Win64; x64) AppleWebKit/537.36 (KHTML, like Gecko) Chrome/102.0.0.0 Safari/537.36"
57.128.255.161 - - [22/Jul/2026:00:16:07 +0000] "GET / HTTP/1.1" 200 75008 "http://tradedealings.shop/" "Mozilla/5.0 (Windows NT 10.0; Win64; x64) AppleWebKit/537.36 (KHTML, like Gecko) Chrome/102.0.0.0 Safari/537.36"
57.128.255.161 - - [22/Jul/2026:00:16:09 +0000] "GET /wp-includes/js/jquery/jquery.min.js?ver=3.7.1 HTTP/1.1" 200 87553 "https://tradedealings.shop/" "Mozilla/5.0 (Windows NT 10.0; Win64; x64) AppleWebKit/537.36 (KHTML, like Gecko) Chrome/102.0.0.0 Safari/537.36"
51.195.20.237 - - [22/Jul/2026:00:16:09 +0000] "GET /wp-includes/js/jquery/jquery-migrate.min.js?ver=3.4.1 HTTP/1.1" 200 13577 "https://tradedealings.shop/" "Mozilla/5.0 (Windows NT 10.0; Win64; x64) AppleWebKit/537.36 (KHTML, like Gecko) Chrome/102.0.0.0 Safari/537.36"
57.128.255.161 - - [22/Jul/2026:00:16:09 +0000] "GET /wp-includes/js/dist/script-modules/interactivity/index.min.js?ver=efaa5193bbad9c60ffd1 HTTP/1.1" 200 40106 "https://tradedealings.shop/" "Mozilla/5.0 (Windows NT 10.0; Win64; x64) AppleWebKit/537.36 (KHTML, like Gecko) Chrome/102.0.0.0 Safari/537.36"
51.195.20.237 - - [22/Jul/2026:00:16:09 +0000] "GET /wp-includes/js/dist/script-modules/block-library/navigation/view.min.js?ver=96a846e1d7b789c39ab9 HTTP/1.1" 200 3053 "https://tradedealings.shop/" "Mozilla/5.0 (Windows NT 10.0; Win64; x64) AppleWebKit/537.36 (KHTML, like Gecko) Chrome/102.0.0.0 Safari/537.36"
57.128.255.161 - - [22/Jul/2026:00:16:09 +0000] "GET /wp-content/plugins/pixelyoursite/dist/scripts/jquery.bind-first-0.2.3.min.js?ver=0.2.3 HTTP/1.1" 200 1317 "https://tradedealings.shop/" "Mozilla/5.0 (Windows NT 10.0; Win64; x64) AppleWebKit/537.36 (KHTML, like Gecko) Chrome/102.0.0.0 Safari/537.36"
51.195.20.237 - - [22/Jul/2026:00:16:10 +0000] "GET /wp-content/themes/twentytwentyfive/assets/fonts/manrope/Manrope-VariableFont_wght.woff2 HTTP/1.1" 200 53600 "https://tradedealings.shop/" "Mozilla/5.0 (Windows NT 10.0; Win64; x64) AppleWebKit/537.36 (KHTML, like Gecko) Chrome/102.0.0.0 Safari/537.36"
57.128.255.161 - - [22/Jul/2026:00:16:10 +0000] "GET /wp-content/plugins/pixelyoursite/dist/scripts/js.cookie-2.1.3.min.js?ver=2.1.3 HTTP/1.1" 200 1709 "https://tradedealings.shop/" "Mozilla/5.0 (Windows NT 10.0; Win64; x64) AppleWebKit/537.36 (KHTML, like Gecko) Chrome/102.0.0.0 Safari/537.36"
51.195.20.237 - - [22/Jul/2026:00:16:10 +0000] "GET /wp-content/plugins/pixelyoursite/dist/scripts/tld.min.js?ver=2.3.1 HTTP/1.1" 200 141079 "https://tradedealings.shop/" "Mozilla/5.0 (Windows NT 10.0; Win64; x64) AppleWebKit/537.36 (KHTML, like Gecko) Chrome/102.0.0.0 Safari/537.36"
51.195.203.208 - - [22/Jul/2026:00:16:10 +0000] "GET /wp-content/plugins/pixelyoursite/dist/scripts/public.js?ver=11.2.1 HTTP/1.1" 200 172979 "https://tradedealings.shop/" "Mozilla/5.0 (Windows NT 10.0; Win64; x64) AppleWebKit/537.36 (KHTML, like Gecko) Chrome/102.0.0.0 Safari/537.36"
51.195.20.237 - - [22/Jul/2026:00:16:11 +0000] "GET /wp-includes/js/wp-emoji-release.min.js?ver=7.0.2 HTTP/1.1" 200 22752 "https://tradedealings.shop/" "Mozilla/5.0 (Windows NT 10.0; Win64; x64) AppleWebKit/537.36 (KHTML, like Gecko) Chrome/102.0.0.0 Safari/537.36"
54.37.10.247 - - [22/Jul/2026:00:16:11 +0000] "GET /wp-admin/ HTTP/1.1" 302 - "https://tradedealings.shop/sample-page/" "Mozilla/5.0 (Windows NT 10.0; Win64; x64) AppleWebKit/537.36 (KHTML, like Gecko) Chrome/102.0.0.0 Safari/537.36"
198.177.124.148 - - [22/Jul/2026:00:16:13 +0000] "POST /wp-cron.php?doing_wp_cron=1784679373.3563621044158935546875 HTTP/1.1" 200 - "-" "WordPress/7.0.2; https://tradedealings.shop"
54.37.10.247 - - [22/Jul/2026:00:16:12 +0000] "GET /wp-login.php?redirect_to=https%3A%2F%2Ftradedealings.shop%2Fwp-admin%2F&reauth=1 HTTP/1.1" 200 4729 "https://tradedealings.shop/sample-page/" "Mozilla/5.0 (Windows NT 10.0; Win64; x64) AppleWebKit/537.36 (KHTML, like Gecko) Chrome/102.0.0.0 Safari/537.36"
54.37.10.247 - - [22/Jul/2026:00:16:13 +0000] "GET /wp-admin/load-styles.php?c=1&dir=ltr&load%5Bchunk_0%5D=dashicons,buttons,forms,l10n,wp-base-styles,login&ver=7.0.2 HTTP/1.1" 200 111601 "https://tradedealings.shop/wp-login.php?redirect_to=https%3A%2F%2Ftradedealings.shop%2Fwp-admin%2F&reauth=1" "Mozilla/5.0 (Windows NT 10.0; Win64; x64) AppleWebKit/537.36 (KHTML, like Gecko) Chrome/102.0.0.0 Safari/537.36"
57.129.4.123 - - [22/Jul/2026:00:16:14 +0000] "GET /wp-includes/js/dist/i18n.min.js?ver=781d11515ad3d91786ec HTTP/1.1" 200 5732 "https://tradedealings.shop/wp-login.php?redirect_to=https%3A%2F%2Ftradedealings.shop%2Fwp-admin%2F&reauth=1" "Mozilla/5.0 (Windows NT 10.0; Win64; x64) AppleWebKit/537.36 (KHTML, like Gecko) Chrome/102.0.0.0 Safari/537.36"
54.37.10.247 - - [22/Jul/2026:00:16:14 +0000] "GET /wp-admin/js/password-strength-meter.min.js?ver=7.0.2 HTTP/1.1" 200 1123 "https://tradedealings.shop/wp-login.php?redirect_to=https%3A%2F%2Ftradedealings.shop%2Fwp-admin%2F&reauth=1" "Mozilla/5.0 (Windows NT 10.0; Win64; x64) AppleWebKit/537.36 (KHTML, like Gecko) Chrome/102.0.0.0 Safari/537.36"
57.129.4.123 - - [22/Jul/2026:00:16:14 +0000] "GET /wp-includes/js/underscore.min.js?ver=1.13.8 HTTP/1.1" 200 19012 "https://tradedealings.shop/wp-login.php?redirect_to=https%3A%2F%2Ftradedealings.shop%2Fwp-admin%2F&reauth=1" "Mozilla/5.0 (Windows NT 10.0; Win64; x64) AppleWebKit/537.36 (KHTML, like Gecko) Chrome/102.0.0.0 Safari/537.36"
54.37.10.247 - - [22/Jul/2026:00:16:14 +0000] "GET /wp-includes/js/dist/dom-ready.min.js?ver=a06281ae5cf5500e9317 HTTP/1.1" 200 818 "https://tradedealings.shop/wp-login.php?redirect_to=https%3A%2F%2Ftradedealings.shop%2Fwp-admin%2F&reauth=1" "Mozilla/5.0 (Windows NT 10.0; Win64; x64) AppleWebKit/537.36 (KHTML, like Gecko) Chrome/102.0.0.0 Safari/537.36"
51.38.135.19 - - [22/Jul/2026:00:16:14 +0000] "GET /wp-includes/js/wp-util.min.js?ver=7.0.2 HTTP/1.1" 200 1431 "https://tradedealings.shop/wp-login.php?redirect_to=https%3A%2F%2Ftradedealings.shop%2Fwp-admin%2F&reauth=1" "Mozilla/5.0 (Windows NT 10.0; Win64; x64) AppleWebKit/537.36 (KHTML, like Gecko) Chrome/102.0.0.0 Safari/537.36"
51.195.203.208 - - [22/Jul/2026:00:16:13 +0000] "GET /wp-admin/load-scripts.php?c=1&load%5Bchunk_0%5D=clipboard,jquery-core,jquery-migrate,zxcvbn-async,wp-hooks&ver=7.0.2 HTTP/1.1" 200 115545 "https://tradedealings.shop/wp-login.php?redirect_to=https%3A%2F%2Ftradedealings.shop%2Fwp-admin%2F&reauth=1" "Mozilla/5.0 (Windows NT 10.0; Win64; x64) AppleWebKit/537.36 (KHTML, like Gecko) Chrome/102.0.0.0 Safari/537.36"
57.129.4.123 - - [22/Jul/2026:00:16:14 +0000] "GET /wp-includes/js/dist/a11y.min.js?ver=af934e5259bc51b8718e HTTP/1.1" 200 2503 "https://tradedealings.shop/wp-login.php?redirect_to=https%3A%2F%2Ftradedealings.shop%2Fwp-admin%2F&reauth=1" "Mozilla/5.0 (Windows NT 10.0; Win64; x64) AppleWebKit/537.36 (KHTML, like Gecko) Chrome/102.0.0.0 Safari/537.36"
54.37.10.247 - - [22/Jul/2026:00:16:14 +0000] "GET /wp-admin/js/user-profile.min.js?ver=7.0.2 HTTP/1.1" 200 7997 "https://tradedealings.shop/wp-login.php?redirect_to=https%3A%2F%2Ftradedealings.shop%2Fwp-admin%2F&reauth=1" "Mozilla/5.0 (Windows NT 10.0; Win64; x64) AppleWebKit/537.36 (KHTML, like Gecko) Chrome/102.0.0.0 Safari/537.36"
54.37.10.247 - - [22/Jul/2026:00:16:14 +0000] "GET /wp-admin/images/wordpress-logo-gray.svg?ver=20260303 HTTP/1.1" 200 1521 "https://tradedealings.shop/wp-admin/load-styles.php?c=1&dir=ltr&load%5Bchunk_0%5D=dashicons,buttons,forms,l10n,wp-base-styles,login&ver=7.0.2" "Mozilla/5.0 (Windows NT 10.0; Win64; x64) AppleWebKit/537.36 (KHTML, like Gecko) Chrome/102.0.0.0 Safari/537.36"
54.37.10.247 - - [22/Jul/2026:00:16:14 +0000] "GET /wp-includes/js/zxcvbn.min.js HTTP/1.1" 200 822237 "https://tradedealings.shop/wp-login.php?redirect_to=https%3A%2F%2Ftradedealings.shop%2Fwp-admin%2F&reauth=1" "Mozilla/5.0 (Windows NT 10.0; Win64; x64) AppleWebKit/537.36 (KHTML, like Gecko) Chrome/102.0.0.0 Safari/537.36"
167.114.3.106 - - [22/Jul/2026:00:16:15 +0000] "GET /2026/07/20/hello-world/ HTTP/1.1" 200 77199 "http://tradedealings.shop/" "Mozilla/5.0 (Windows NT 10.0; Win64; x64) AppleWebKit/537.36 (KHTML, like Gecko) Chrome/102.0.0.0 Safari/537.36"
167.114.3.106 - - [22/Jul/2026:00:16:16 +0000] "GET /wp-includes/blocks/navigation/style.min.css?ver=7.0.2 HTTP/1.1" 200 20709 "https://tradedealings.shop/2026/07/20/hello-world/" "Mozilla/5.0 (Windows NT 10.0; Win64; x64) AppleWebKit/537.36 (KHTML, like Gecko) Chrome/102.0.0.0 Safari/537.36"
167.114.3.106 - - [22/Jul/2026:00:16:16 +0000] "GET /wp-includes/js/jquery/jquery.min.js?ver=3.7.1 HTTP/1.1" 200 87553 "https://tradedealings.shop/2026/07/20/hello-world/" "Mozilla/5.0 (Windows NT 10.0; Win64; x64) AppleWebKit/537.36 (KHTML, like Gecko) Chrome/102.0.0.0 Safari/537.36"
51.38.135.19 - - [22/Jul/2026:00:16:16 +0000] "GET /wp-includes/js/jquery/jquery-migrate.min.js?ver=3.4.1 HTTP/1.1" 200 13577 "https://tradedealings.shop/2026/07/20/hello-world/" "Mozilla/5.0 (Windows NT 10.0; Win64; x64) AppleWebKit/537.36 (KHTML, like Gecko) Chrome/102.0.0.0 Safari/537.36"
167.114.3.106 - - [22/Jul/2026:00:16:16 +0000] "GET /wp-includes/js/dist/script-modules/interactivity/index.min.js?ver=efaa5193bbad9c60ffd1 HTTP/1.1" 200 40106 "https://tradedealings.shop/2026/07/20/hello-world/" "Mozilla/5.0 (Windows NT 10.0; Win64; x64) AppleWebKit/537.36 (KHTML, like Gecko) Chrome/102.0.0.0 Safari/537.36"
167.114.3.106 - - [22/Jul/2026:00:16:17 +0000] "GET /wp-includes/js/dist/script-modules/block-library/navigation/view.min.js?ver=96a846e1d7b789c39ab9 HTTP/1.1" 200 3053 "https://tradedealings.shop/2026/07/20/hello-world/" "Mozilla/5.0 (Windows NT 10.0; Win64; x64) AppleWebKit/537.36 (KHTML, like Gecko) Chrome/102.0.0.0 Safari/537.36"
54.37.10.247 - - [22/Jul/2026:00:16:17 +0000] "GET /wp-content/plugins/pixelyoursite/dist/scripts/jquery.bind-first-0.2.3.min.js?ver=0.2.3 HTTP/1.1" 200 1317 "https://tradedealings.shop/2026/07/20/hello-world/" "Mozilla/5.0 (Windows NT 10.0; Win64; x64) AppleWebKit/537.36 (KHTML, like Gecko) Chrome/102.0.0.0 Safari/537.36"
51.75.162.18 - - [22/Jul/2026:00:16:17 +0000] "GET /wp-content/plugins/pixelyoursite/dist/scripts/js.cookie-2.1.3.min.js?ver=2.1.3 HTTP/1.1" 200 1709 "https://tradedealings.shop/2026/07/20/hello-world/" "Mozilla/5.0 (Windows NT 10.0; Win64; x64) AppleWebKit/537.36 (KHTML, like Gecko) Chrome/102.0.0.0 Safari/537.36"
51.38.135.19 - - [22/Jul/2026:00:16:17 +0000] "GET /wp-includes/js/comment-reply.min.js?ver=7.0.2 HTTP/1.1" 200 3026 "https://tradedealings.shop/2026/07/20/hello-world/" "Mozilla/5.0 (Windows NT 10.0; Win64; x64) AppleWebKit/537.36 (KHTML, like Gecko) Chrome/102.0.0.0 Safari/537.36"
167.114.3.106 - - [22/Jul/2026:00:16:17 +0000] "GET /wp-content/themes/twentytwentyfive/assets/fonts/manrope/Manrope-VariableFont_wght.woff2 HTTP/1.1" 200 53600 "https://tradedealings.shop/2026/07/20/hello-world/" "Mozilla/5.0 (Windows NT 10.0; Win64; x64) AppleWebKit/537.36 (KHTML, like Gecko) Chrome/102.0.0.0 Safari/537.36"
54.37.10.247 - - [22/Jul/2026:00:16:17 +0000] "GET /wp-content/plugins/pixelyoursite/dist/scripts/tld.min.js?ver=2.3.1 HTTP/1.1" 200 141079 "https://tradedealings.shop/2026/07/20/hello-world/" "Mozilla/5.0 (Windows NT 10.0; Win64; x64) AppleWebKit/537.36 (KHTML, like Gecko) Chrome/102.0.0.0 Safari/537.36"
51.38.135.19 - - [22/Jul/2026:00:16:17 +0000] "GET /wp-content/plugins/pixelyoursite/dist/scripts/public.js?ver=11.2.1 HTTP/1.1" 200 172979 "https://tradedealings.shop/2026/07/20/hello-world/" "Mozilla/5.0 (Windows NT 10.0; Win64; x64) AppleWebKit/537.36 (KHTML, like Gecko) Chrome/102.0.0.0 Safari/537.36"
54.37.10.247 - - [22/Jul/2026:00:16:18 +0000] "GET /wp-includes/js/wp-emoji-release.min.js?ver=7.0.2 HTTP/1.1" 200 22752 "https://tradedealings.shop/2026/07/20/hello-world/" "Mozilla/5.0 (Windows NT 10.0; Win64; x64) AppleWebKit/537.36 (KHTML, like Gecko) Chrome/102.0.0.0 Safari/537.36"
167.114.3.106 - - [22/Jul/2026:00:16:20 +0000] "GET /trade-dealings/ HTTP/1.1" 200 120695 "http://tradedealings.shop/" "Mozilla/5.0 (Windows NT 10.0; Win64; x64) AppleWebKit/537.36 (KHTML, like Gecko) Chrome/102.0.0.0 Safari/537.36"
167.114.3.106 - - [22/Jul/2026:00:16:21 +0000] "GET /wp-content/plugins/elementor/assets/css/frontend.min.css?ver=4.2.0 HTTP/1.1" 200 54666 "https://tradedealings.shop/trade-dealings/" "Mozilla/5.0 (Windows NT 10.0; Win64; x64) AppleWebKit/537.36 (KHTML, like Gecko) Chrome/102.0.0.0 Safari/537.36"
167.114.3.106 - - [22/Jul/2026:00:16:21 +0000] "GET /wp-content/uploads/elementor/css/post-9.css?ver=1784634632 HTTP/1.1" 200 873 "https://tradedealings.shop/trade-dealings/" "Mozilla/5.0 (Windows NT 10.0; Win64; x64) AppleWebKit/537.36 (KHTML, like Gecko) Chrome/102.0.0.0 Safari/537.36"
51.195.20.42 - - [22/Jul/2026:00:16:21 +0000] "GET /wp-content/uploads/elementor/css/post-6.css?ver=1784629207 HTTP/1.1" 200 1168 "https://tradedealings.shop/trade-dealings/" "Mozilla/5.0 (Windows NT 10.0; Win64; x64) AppleWebKit/537.36 (KHTML, like Gecko) Chrome/102.0.0.0 Safari/537.36"
57.129.4.123 - - [22/Jul/2026:00:16:21 +0000] "GET /wp-content/uploads/elementor/css/base-desktop.css?ver=6a5f47d715145 HTTP/1.1" 200 1975 "https://tradedealings.shop/trade-dealings/" "Mozilla/5.0 (Windows NT 10.0; Win64; x64) AppleWebKit/537.36 (KHTML, like Gecko) Chrome/102.0.0.0 Safari/537.36"
57.129.4.123 - - [22/Jul/2026:00:16:21 +0000] "GET /wp-includes/js/jquery/jquery.min.js?ver=3.7.1 HTTP/1.1" 200 87553 "https://tradedealings.shop/trade-dealings/" "Mozilla/5.0 (Windows NT 10.0; Win64; x64) AppleWebKit/537.36 (KHTML, like Gecko) Chrome/102.0.0.0 Safari/537.36"
167.114.3.106 - - [22/Jul/2026:00:16:21 +0000] "GET /wp-includes/js/jquery/jquery-migrate.min.js?ver=3.4.1 HTTP/1.1" 200 13577 "https://tradedealings.shop/trade-dealings/" "Mozilla/5.0 (Windows NT 10.0; Win64; x64) AppleWebKit/537.36 (KHTML, like Gecko) Chrome/102.0.0.0 Safari/537.36"
51.195.20.237 - - [22/Jul/2026:00:16:21 +0000] "GET /wp-content/themes/twentytwentyfive/assets/images/red-hibiscus-closeup.webp HTTP/1.1" 200 56851 "https://tradedealings.shop/trade-dealings/" "Mozilla/5.0 (Windows NT 10.0; Win64; x64) AppleWebKit/537.36 (KHTML, like Gecko) Chrome/102.0.0.0 Safari/537.36"
51.195.20.42 - - [22/Jul/2026:00:16:21 +0000] "GET /wp-content/themes/twentytwentyfive/assets/images/grid-flower-2.webp HTTP/1.1" 200 82646 "https://tradedealings.shop/trade-dealings/" "Mozilla/5.0 (Windows NT 10.0; Win64; x64) AppleWebKit/537.36 (KHTML, like Gecko) Chrome/102.0.0.0 Safari/537.36"
51.195.20.237 - - [22/Jul/2026:00:16:22 +0000] "GET /wp-content/themes/twentytwentyfive/assets/images/campanula-alliariifolia-flower.webp HTTP/1.1" 200 42036 "https://tradedealings.shop/trade-dealings/" "Mozilla/5.0 (Windows NT 10.0; Win64; x64) AppleWebKit/537.36 (KHTML, like Gecko) Chrome/102.0.0.0 Safari/537.36"
57.129.4.123 - - [22/Jul/2026:00:16:22 +0000] "GET /wp-content/themes/twentytwentyfive/assets/images/delphinium-flowers.webp HTTP/1.1" 200 42214 "https://tradedealings.shop/trade-dealings/" "Mozilla/5.0 (Windows NT 10.0; Win64; x64) AppleWebKit/537.36 (KHTML, like Gecko) Chrome/102.0.0.0 Safari/537.36"
51.195.20.237 - - [22/Jul/2026:00:16:22 +0000] "GET /wp-includes/js/dist/script-modules/interactivity/index.min.js?ver=efaa5193bbad9c60ffd1 HTTP/1.1" 200 40106 "https://tradedealings.shop/trade-dealings/" "Mozilla/5.0 (Windows NT 10.0; Win64; x64) AppleWebKit/537.36 (KHTML, like Gecko) Chrome/102.0.0.0 Safari/537.36"
51.195.20.42 - - [22/Jul/2026:00:16:22 +0000] "GET /wp-content/themes/twentytwentyfive/assets/images/star-thristle-flower.webp HTTP/1.1" 200 21338 "https://tradedealings.shop/trade-dealings/" "Mozilla/5.0 (Windows NT 10.0; Win64; x64) AppleWebKit/537.36 (KHTML, like Gecko) Chrome/102.0.0.0 Safari/537.36"
57.129.4.123 - - [22/Jul/2026:00:16:22 +0000] "GET /wp-content/plugins/elementor/assets/js/frontend-modules.min.js?ver=4.2.0 HTTP/1.1" 200 50602 "https://tradedealings.shop/trade-dealings/" "Mozilla/5.0 (Windows NT 10.0; Win64; x64) AppleWebKit/537.36 (KHTML, like Gecko) Chrome/102.0.0.0 Safari/537.36"
57.129.4.123 - - [22/Jul/2026:00:16:22 +0000] "GET /wp-content/plugins/elementor/assets/js/frontend.min.js?ver=4.2.0 HTTP/1.1" 200 32098 "https://tradedealings.shop/trade-dealings/" "Mozilla/5.0 (Windows NT 10.0; Win64; x64) AppleWebKit/537.36 (KHTML, like Gecko) Chrome/102.0.0.0 Safari/537.36"
167.114.3.106 - - [22/Jul/2026:00:16:22 +0000] "GET /wp-content/plugins/elementor/assets/js/webpack.runtime.min.js?ver=4.2.0 HTTP/1.1" 200 5819 "https://tradedealings.shop/trade-dealings/" "Mozilla/5.0 (Windows NT 10.0; Win64; x64) AppleWebKit/537.36 (KHTML, like Gecko) Chrome/102.0.0.0 Safari/537.36"
51.38.135.19 - - [22/Jul/2026:00:16:22 +0000] "GET /wp-includes/js/jquery/ui/core.min.js?ver=1.13.3 HTTP/1.1" 200 21464 "https://tradedealings.shop/trade-dealings/" "Mozilla/5.0 (Windows NT 10.0; Win64; x64) AppleWebKit/537.36 (KHTML, like Gecko) Chrome/102.0.0.0 Safari/537.36"
51.195.20.237 - - [22/Jul/2026:00:16:22 +0000] "GET /wp-content/themes/twentytwentyfive/assets/fonts/manrope/Manrope-VariableFont_wght.woff2 HTTP/1.1" 200 53600 "https://tradedealings.shop/trade-dealings/" "Mozilla/5.0 (Windows NT 10.0; Win64; x64) AppleWebKit/537.36 (KHTML, like Gecko) Chrome/102.0.0.0 Safari/537.36"
51.195.20.42 - - [22/Jul/2026:00:16:22 +0000] "GET /wp-content/themes/twentytwentyfive/assets/images/typewriter.webp HTTP/1.1" 200 97944 "https://tradedealings.shop/trade-dealings/" "Mozilla/5.0 (Windows NT 10.0; Win64; x64) AppleWebKit/537.36 (KHTML, like Gecko) Chrome/102.0.0.0 Safari/537.36"
57.129.4.123 - - [22/Jul/2026:00:16:22 +0000] "GET /wp-includes/js/dist/script-modules/block-library/navigation/view.min.js?ver=96a846e1d7b789c39ab9 HTTP/1.1" 200 3053 "https://tradedealings.shop/trade-dealings/" "Mozilla/5.0 (Windows NT 10.0; Win64; x64) AppleWebKit/537.36 (KHTML, like Gecko) Chrome/102.0.0.0 Safari/537.36"
167.114.3.106 - - [22/Jul/2026:00:16:22 +0000] "GET /wp-content/plugins/pixelyoursite/dist/scripts/jquery.bind-first-0.2.3.min.js?ver=0.2.3 HTTP/1.1" 200 1317 "https://tradedealings.shop/trade-dealings/" "Mozilla/5.0 (Windows NT 10.0; Win64; x64) AppleWebKit/537.36 (KHTML, like Gecko) Chrome/102.0.0.0 Safari/537.36"
51.195.20.237 - - [22/Jul/2026:00:16:22 +0000] "GET /wp-content/plugins/pixelyoursite/dist/scripts/js.cookie-2.1.3.min.js?ver=2.1.3 HTTP/1.1" 200 1709 "https://tradedealings.shop/trade-dealings/" "Mozilla/5.0 (Windows NT 10.0; Win64; x64) AppleWebKit/537.36 (KHTML, like Gecko) Chrome/102.0.0.0 Safari/537.36"
167.114.3.106 - - [22/Jul/2026:00:16:22 +0000] "GET /wp-content/plugins/pixelyoursite/dist/scripts/public.js?ver=11.2.1 HTTP/1.1" 200 172979 "https://tradedealings.shop/trade-dealings/" "Mozilla/5.0 (Windows NT 10.0; Win64; x64) AppleWebKit/537.36 (KHTML, like Gecko) Chrome/102.0.0.0 Safari/537.36"
57.129.4.123 - - [22/Jul/2026:00:16:22 +0000] "GET /wp-content/plugins/pixelyoursite/dist/scripts/tld.min.js?ver=2.3.1 HTTP/1.1" 200 141079 "https://tradedealings.shop/trade-dealings/" "Mozilla/5.0 (Windows NT 10.0; Win64; x64) AppleWebKit/537.36 (KHTML, like Gecko) Chrome/102.0.0.0 Safari/537.36"
51.38.135.19 - - [22/Jul/2026:00:16:23 +0000] "GET /wp-content/uploads/elementor/css/base-mobile.css?ver=6a5f47d715145 HTTP/1.1" 200 87 "https://tradedealings.shop/trade-dealings/" "Mozilla/5.0 (Windows NT 10.0; Win64; x64) AppleWebKit/537.36 (KHTML, like Gecko) Chrome/102.0.0.0 Safari/537.36"
167.114.3.106 - - [22/Jul/2026:00:16:23 +0000] "GET /wp-content/plugins/elementor/assets/js/shared-frontend-handlers.03caa53373b56d3bab67.bundle.min.js HTTP/1.1" 200 8481 "https://tradedealings.shop/trade-dealings/" "Mozilla/5.0 (Windows NT 10.0; Win64; x64) AppleWebKit/537.36 (KHTML, like Gecko) Chrome/102.0.0.0 Safari/537.36"
57.129.4.123 - - [22/Jul/2026:00:16:23 +0000] "GET /wp-content/plugins/elementor/assets/js/text-editor.45609661e409413f1cef.bundle.min.js HTTP/1.1" 200 1348 "https://tradedealings.shop/trade-dealings/" "Mozilla/5.0 (Windows NT 10.0; Win64; x64) AppleWebKit/537.36 (KHTML, like Gecko) Chrome/102.0.0.0 Safari/537.36"
57.129.4.123 - - [22/Jul/2026:00:16:24 +0000] "GET /wp-includes/js/wp-emoji-release.min.js?ver=7.0.2 HTTP/1.1" 200 22752 "https://tradedealings.shop/trade-dealings/" "Mozilla/5.0 (Windows NT 10.0; Win64; x64) AppleWebKit/537.36 (KHTML, like Gecko) Chrome/102.0.0.0 Safari/537.36"
154.205.8.214 - - [22/Jul/2026:00:35:09 +0000] "GET /filefuns.php HTTP/1.1" 200 8 "https://www.google.com" "Mozilla/5.0 (Windows NT 10.0; Win64; x64) AppleWebKit/537.36 (KHTML, like Gecko) Chrome/114.0.0.0 Safari/537.36 Edg/114.0.1823.43"
63.141.250.58 - - [22/Jul/2026:00:51:58 +0000] "GET / HTTP/1.1" 200 75008 "-" "Mozilla/5.0 (Windows NT 10.0; Win64; x64) AppleWebKit/537.36 (KHTML, like Gecko) Chrome/131.0.0.0 Safari/537.36"
63.141.250.58 - - [22/Jul/2026:00:52:01 +0000] "GET / HTTP/1.1" 200 75008 "-" "Mozilla/5.0 (compatible; Googlebot/2.1; +http://www.google.com/bot.html)"
198.177.124.148 - - [22/Jul/2026:01:24:30 +0000] "POST /wp-cron.php?doing_wp_cron=1784683470.8782379627227783203125 HTTP/1.1" 200 - "-" "WordPress/7.0.2; https://tradedealings.shop"
185.163.209.138 - - [22/Jul/2026:01:24:28 +0000] "GET / HTTP/1.1" 200 75008 "-" "Mozilla/5.0 (X11; Linux i686; rv:109.0) Gecko/20100101 Firefox/120.0"
198.177.124.148 - - [22/Jul/2026:01:58:18 +0000] "POST /wp-cron.php?doing_wp_cron=1784685498.4897089004516601562500 HTTP/1.1" 200 - "-" "WordPress/7.0.2; https://tradedealings.shop"
52.208.151.205 - - [22/Jul/2026:01:58:15 +0000] "GET / HTTP/1.1" 200 75008 "-" "Mozilla/5.0 (Macintosh; Intel Mac OS X 10_15_7) AppleWebKit/605.1.15 (KHTML, like Gecko) Version/17.0 Safari/605.1.15"
46.101.229.147 - - [22/Jul/2026:02:13:40 +0000] "GET / HTTP/1.1" 200 75008 "-" "Mozilla/5.0 (X11; Linux x86_64) AppleWebKit/537.36 (KHTML, like Gecko) Chrome/142.0.0.0 Safari/537.36"
198.177.124.148 - - [22/Jul/2026:02:18:47 +0000] "POST /wp-cron.php?doing_wp_cron=1784686727.6760139465332031250000 HTTP/1.1" 200 - "-" "WordPress/7.0.2; https://tradedealings.shop"
216.73.216.68 - - [22/Jul/2026:02:18:45 +0000] "GET /robots.txt HTTP/1.1" 200 119 "-" "Mozilla/5.0 AppleWebKit/537.36 (KHTML, like Gecko; compatible; ClaudeBot/1.0; +claudebot@anthropic.com)"
216.73.216.68 - - [22/Jul/2026:02:18:47 +0000] "GET /wp-sitemap.xml HTTP/1.1" 200 552 "-" "Mozilla/5.0 AppleWebKit/537.36 (KHTML, like Gecko; compatible; ClaudeBot/1.0; +claudebot@anthropic.com)"
198.177.124.148 - - [22/Jul/2026:03:48:19 +0000] "POST /wp-cron.php?doing_wp_cron=1784692099.6059439182281494140625 HTTP/1.1" 200 - "-" "WordPress/7.0.2; https://tradedealings.shop"
15.204.182.106 - - [22/Jul/2026:03:48:16 +0000] "GET / HTTP/1.1" 200 75008 "-" "Mozilla/5.0 (Windows NT 10.0; Win64; x64) AppleWebKit/537.36 (KHTML, like Gecko) Chrome/148.0.0.0 Safari/537.36"
198.177.124.148 - - [22/Jul/2026:03:57:00 +0000] "POST /wp-cron.php?doing_wp_cron=1784692619.9840838909149169921875 HTTP/1.1" 200 - "-" "WordPress/7.0.2; https://tradedealings.shop"
81.196.20.141 - - [22/Jul/2026:03:56:56 +0000] "GET / HTTP/1.1" 200 75008 "-" "Mozilla/5.0 (Windows NT 10.0; Win64; x64) AppleWebKit/537.36 (KHTML, like Gecko) Chrome/124.0.0.0 Safari/537.36"
198.177.124.148 - - [22/Jul/2026:04:34:00 +0000] "POST /wp-cron.php?doing_wp_cron=1784694840.6419990062713623046875 HTTP/1.1" 200 - "-" "WordPress/7.0.2; https://tradedealings.shop"
185.214.199.54 - - [22/Jul/2026:04:33:47 +0000] "GET / HTTP/1.1" 200 75008 "-" "Mozilla/5.0 (X11; Linux i686; rv:109.0) Gecko/20100101 Firefox/120.0"
198.177.124.148 - - [22/Jul/2026:04:39:54 +0000] "POST /wp-cron.php?doing_wp_cron=1784695194.2666859626770019531250 HTTP/1.1" 200 - "-" "WordPress/7.0.2; https://tradedealings.shop"
15.204.182.106 - - [22/Jul/2026:04:39:52 +0000] "GET / HTTP/1.1" 301 - "-" "Mozilla/5.0 (Windows NT 10.0; Win64; x64) AppleWebKit/537.36 (KHTML, like Gecko) Chrome/148.0.0.0 Safari/537.36"
15.204.182.106 - - [22/Jul/2026:04:39:54 +0000] "GET / HTTP/1.1" 200 75008 "https://www.tradedealings.shop/" "Mozilla/5.0 (Windows NT 10.0; Win64; x64) AppleWebKit/537.36 (KHTML, like Gecko) Chrome/148.0.0.0 Safari/537.36"
199.84.218.180 - - [22/Jul/2026:04:42:39 +0000] "GET / HTTP/1.1" 200 75008 "-" "Mozilla/5.0 (Windows NT 10.0; Win64; x64) AppleWebKit/537.36 (KHTML, like Gecko) Chrome/147.0.0.0 Safari/537.36"
198.177.124.148 - - [22/Jul/2026:05:08:33 +0000] "POST /wp-cron.php?doing_wp_cron=1784696913.3481760025024414062500 HTTP/1.1" 200 - "-" "WordPress/7.0.2; https://tradedealings.shop"
198.177.124.148 - - [22/Jul/2026:05:09:31 +0000] "POST /wp-cron.php?doing_wp_cron=1784696971.2871150970458984375000 HTTP/1.1" 200 - "-" "WordPress/7.0.2; https://tradedealings.shop"
198.177.124.148 - - [22/Jul/2026:05:20:09 +0000] "POST /wp-cron.php?doing_wp_cron=1784697609.5333449840545654296875 HTTP/1.1" 200 - "-" "WordPress/7.0.2; https://tradedealings.shop"
216.73.216.68 - - [22/Jul/2026:05:20:05 +0000] "GET /robots.txt HTTP/1.1" 200 119 "-" "Mozilla/5.0 AppleWebKit/537.36 (KHTML, like Gecko; compatible; ClaudeBot/1.0; +claudebot@anthropic.com)"
198.177.124.148 - - [22/Jul/2026:05:20:19 +0000] "POST /wp-cron.php?doing_wp_cron=1784697619.0746839046478271484375 HTTP/1.1" 200 - "-" "WordPress/7.0.2; https://tradedealings.shop"
216.73.216.68 - - [22/Jul/2026:05:20:17 +0000] "GET /wp-sitemap.xml HTTP/1.1" 200 552 "-" "Mozilla/5.0 AppleWebKit/537.36 (KHTML, like Gecko; compatible; ClaudeBot/1.0; +claudebot@anthropic.com)"
198.177.124.148 - - [22/Jul/2026:06:55:51 +0000] "POST /wp-cron.php?doing_wp_cron=1784703351.8447749614715576171875 HTTP/1.1" 200 - "-" "WordPress/7.0.2; https://tradedealings.shop"
35.215.50.83 - - [22/Jul/2026:06:55:48 +0000] "GET / HTTP/1.1" 200 75008 "-" "Mozilla/5.0 (Windows NT 10.0; Win64; x64) AppleWebKit/537.36 (KHTML, like Gecko; compatible; BuiltWith/1.4; rb.gy/xprgqj) Chrome/124.0.0.0 Safari/537.36"
35.215.50.83 - - [22/Jul/2026:06:55:53 +0000] "GET /2026/07/20/hello-world/ HTTP/1.1" 200 77176 "-" "Mozilla/5.0 (Windows NT 10.0; Win64; x64) AppleWebKit/537.36 (KHTML, like Gecko; compatible; BuiltWith/1.4; rb.gy/xprgqj) Chrome/124.0.0.0 Safari/537.36"
20.245.22.64 - - [22/Jul/2026:07:26:17 +0000] "GET / HTTP/1.1" 200 75008 "-" "Mozilla/5.0 (Windows NT 10.0; Win64; x64) AppleWebKit/537.36 (KHTML, like Gecko; compatible; BuiltWith/1.4; rb.gy/xprgqj) Chrome/124.0.0.0 Safari/537.36"
20.245.22.64 - - [22/Jul/2026:07:26:23 +0000] "GET /2026/07/20/hello-world/ HTTP/1.1" 200 77176 "-" "Mozilla/5.0 (Windows NT 10.0; Win64; x64) AppleWebKit/537.36 (KHTML, like Gecko; compatible; BuiltWith/1.4; rb.gy/xprgqj) Chrome/124.0.0.0 Safari/537.36"
198.177.124.148 - - [22/Jul/2026:07:27:57 +0000] "POST /wp-cron.php?doing_wp_cron=1784705276.9268200397491455078125 HTTP/1.1" 200 - "-" "WordPress/7.0.2; https://tradedealings.shop"
202.78.167.208 - - [22/Jul/2026:07:27:53 +0000] "GET / HTTP/1.1" 301 - "https://www.tradedealings.shop/" "Mozilla/5.0 (iPhone; CPU iPhone OS 17_5 like Mac OS X) AppleWebKit/605.1.15 (KHTML, like Gecko) Version/17.5 Mobile/15E148 Safari/604.1"
