172.235.192.254 - - [21/Jul/2026:18:35:53 +0000] "POST /wp-login.php HTTP/1.1" 200 5142 "-" "Mozilla/5.0 (Macintosh; Intel Mac OS X 14_2) AppleWebKit/537.36 (KHTML, like Gecko) Chrome/124.0.0.0 Safari/537.36 OPR/108.0.0.0"
172.235.192.254 - - [21/Jul/2026:18:35:53 +0000] "POST /wp-login.php HTTP/1.1" 200 5142 "-" "Mozilla/5.0 (Windows NT 6.1; Win64; x64) AppleWebKit/537.36 (KHTML, like Gecko) Chrome/120.0.0.0 Safari/537.36"
198.177.124.148 - - [21/Jul/2026:18:37:06 +0000] "POST /wp-cron.php?doing_wp_cron=1784659026.1830649375915527343750 HTTP/1.1" 200 - "-" "WordPress/7.0.2; https://tradedealings.shop"
172.235.192.254 - - [21/Jul/2026:18:37:04 +0000] "POST /wp-login.php HTTP/1.1" 200 5142 "-" "Mozilla/5.0 (Macintosh; Intel Mac OS X 10_15_7) AppleWebKit/537.36 (KHTML, like Gecko) Chrome/124.0.0.0 Safari/537.36"
172.235.192.254 - - [21/Jul/2026:18:37:04 +0000] "POST /wp-login.php HTTP/1.1" 200 5142 "-" "Mozilla/5.0 (X11; Linux x86_64) AppleWebKit/537.36 (KHTML, like Gecko) Chrome/124.0.0.0 Safari/537.36 Brave/1.65.0"
198.177.124.148 - - [21/Jul/2026:18:38:34 +0000] "POST /wp-cron.php?doing_wp_cron=1784659114.7342610359191894531250 HTTP/1.1" 200 - "-" "WordPress/7.0.2; https://tradedealings.shop"
172.235.192.254 - - [21/Jul/2026:18:38:33 +0000] "POST /wp-login.php HTTP/1.1" 200 5142 "-" "Mozilla/5.0 (Macintosh; Intel Mac OS X 14_3) AppleWebKit/605.1.15 (KHTML, like Gecko) Version/17.3 Safari/605.1.15"
172.235.192.254 - - [21/Jul/2026:18:38:33 +0000] "POST /wp-login.php HTTP/1.1" 200 5142 "-" "Mozilla/5.0 (Windows NT 10.0; Win64; x64; rv:124.0) Gecko/20100101 Firefox/124.0"
198.177.124.148 - - [21/Jul/2026:18:40:00 +0000] "POST /wp-cron.php?doing_wp_cron=1784659200.2150979042053222656250 HTTP/1.1" 200 - "-" "WordPress/7.0.2; https://tradedealings.shop"
172.235.192.254 - - [21/Jul/2026:18:39:59 +0000] "POST /wp-login.php HTTP/1.1" 200 5142 "-" "Mozilla/5.0 (Windows NT 10.0; WOW64) AppleWebKit/537.36 (KHTML, like Gecko) Chrome/118.0.0.0 Safari/537.36"
172.235.192.254 - - [21/Jul/2026:18:39:59 +0000] "POST /wp-login.php HTTP/1.1" 200 5142 "-" "Mozilla/5.0 (Windows NT 10.0; Win64; x64) AppleWebKit/537.36 (KHTML, like Gecko) Chrome/124.0.0.0 Safari/537.36"
198.177.124.148 - - [21/Jul/2026:18:41:24 +0000] "POST /wp-cron.php?doing_wp_cron=1784659284.0674591064453125000000 HTTP/1.1" 200 - "-" "WordPress/7.0.2; https://tradedealings.shop"
172.235.192.254 - - [21/Jul/2026:18:41:21 +0000] "POST /wp-login.php HTTP/1.1" 200 5142 "-" "Mozilla/5.0 (X11; Linux x86_64) AppleWebKit/537.36 (KHTML, like Gecko) Chrome/124.0.0.0 Safari/537.36 Vivaldi/6.7"
172.235.192.254 - - [21/Jul/2026:18:41:21 +0000] "POST /wp-login.php HTTP/1.1" 200 5142 "-" "Mozilla/5.0 (X11; Linux x86_64; rv:125.0) Gecko/20100101 Firefox/125.0"
198.177.124.148 - - [21/Jul/2026:18:42:46 +0000] "POST /wp-cron.php?doing_wp_cron=1784659366.4129450321197509765625 HTTP/1.1" 200 - "-" "WordPress/7.0.2; https://tradedealings.shop"
172.235.192.254 - - [21/Jul/2026:18:42:44 +0000] "POST /wp-login.php HTTP/1.1" 200 5142 "-" "Mozilla/5.0 (X11; Linux x86_64; rv:125.0) Gecko/20100101 Firefox/125.0"
172.235.192.254 - - [21/Jul/2026:18:42:44 +0000] "POST /wp-login.php HTTP/1.1" 200 5142 "-" "Mozilla/5.0 (Windows NT 11.0; Win64; x64) AppleWebKit/537.36 (KHTML, like Gecko) Chrome/125.0.0.0 Safari/537.36 Edg/125.0.0.0"
198.177.124.148 - - [21/Jul/2026:18:44:13 +0000] "POST /wp-cron.php?doing_wp_cron=1784659453.1740748882293701171875 HTTP/1.1" 200 - "-" "WordPress/7.0.2; https://tradedealings.shop"
172.235.192.254 - - [21/Jul/2026:18:44:12 +0000] "POST /wp-login.php HTTP/1.1" 200 5142 "-" "Mozilla/5.0 (X11; Linux x86_64) AppleWebKit/537.36 (KHTML, like Gecko) Chrome/123.0.0.0 Safari/537.36"
172.235.192.254 - - [21/Jul/2026:18:44:12 +0000] "POST /wp-login.php HTTP/1.1" 200 5142 "-" "Mozilla/5.0 (X11; Linux x86_64; rv:124.0) Gecko/20100101 Firefox/124.0"
198.177.124.148 - - [21/Jul/2026:18:45:43 +0000] "POST /wp-cron.php?doing_wp_cron=1784659543.2654581069946289062500 HTTP/1.1" 200 - "-" "WordPress/7.0.2; https://tradedealings.shop"
172.235.192.254 - - [21/Jul/2026:18:45:41 +0000] "POST /wp-login.php HTTP/1.1" 200 5142 "-" "Mozilla/5.0 (X11; Linux x86_64) AppleWebKit/537.36 (KHTML, like Gecko) Chrome/124.0.0.0 Safari/537.36 Edg/124.0.0.0"
172.235.192.254 - - [21/Jul/2026:18:45:42 +0000] "POST /wp-login.php HTTP/1.1" 200 5142 "-" "Mozilla/5.0 (Windows NT 10.0; Win64; x64; rv:125.0) Gecko/20100101 Firefox/125.0"
172.235.192.254 - - [21/Jul/2026:18:47:07 +0000] "POST /wp-login.php HTTP/1.1" 200 5142 "-" "Mozilla/5.0 (X11; Linux x86_64; rv:125.0) Gecko/20100101 Firefox/125.0"
198.177.124.148 - - [21/Jul/2026:18:47:10 +0000] "POST /wp-cron.php?doing_wp_cron=1784659630.0685889720916748046875 HTTP/1.1" 200 - "-" "WordPress/7.0.2; https://tradedealings.shop"
172.235.192.254 - - [21/Jul/2026:18:47:07 +0000] "POST /wp-login.php HTTP/1.1" 200 5142 "-" "Mozilla/5.0 (X11; Linux x86_64) AppleWebKit/537.36 (KHTML, like Gecko) Chrome/124.0.0.0 Safari/537.36 Vivaldi/6.7"
198.177.124.148 - - [21/Jul/2026:18:48:20 +0000] "POST /wp-cron.php?doing_wp_cron=1784659700.4564321041107177734375 HTTP/1.1" 200 - "-" "WordPress/7.0.2; https://tradedealings.shop"
104.28.157.147 - - [21/Jul/2026:18:48:19 +0000] "GET /wp-login.php HTTP/1.1" 200 4729 "-" "Mozilla/5.0 (Windows NT 10.0; Win64; x64) AppleWebKit/537.36 Chrome/129.0.0.0 Safari/537.36"
104.28.157.147 - - [21/Jul/2026:18:48:20 +0000] "GET /?author=1 HTTP/1.1" 301 - "-" "Mozilla/5.0 (Windows NT 10.0; Win64; x64) AppleWebKit/537.36 Chrome/129.0.0.0 Safari/537.36"
104.28.157.147 - - [21/Jul/2026:18:48:22 +0000] "GET /?rest_route=/wp/v2/users HTTP/1.1" 200 776 "-" "Mozilla/5.0 (Windows NT 10.0; Win64; rv:143.0) Gecko/20100101 Firefox/143.0"
104.28.157.147 - - [21/Jul/2026:18:48:23 +0000] "GET /?author=2 HTTP/1.1" 404 63759 "-" "Mozilla/5.0 (Windows NT 10.0; Win64; rv:143.0) Gecko/20100101 Firefox/143.0"
104.28.157.147 - - [21/Jul/2026:18:48:24 +0000] "GET /?rest_route=/wp/v2/users HTTP/1.1" 200 776 "-" "Mozilla/5.0 (Windows NT 10.0; Win64; x64) AppleWebKit/537.36 Chrome/129.0.0.0 Safari/537.36"
172.235.192.254 - - [21/Jul/2026:18:48:35 +0000] "POST /wp-login.php HTTP/1.1" 200 5142 "-" "Mozilla/5.0 (Windows NT 10.0; Win64; x64) AppleWebKit/537.36 (KHTML, like Gecko) Chrome/125.0.0.0 Safari/537.36"
172.235.192.254 - - [21/Jul/2026:18:48:35 +0000] "POST /wp-login.php HTTP/1.1" 200 5142 "-" "Mozilla/5.0 (X11; Linux x86_64) AppleWebKit/537.36 (KHTML, like Gecko) Chrome/123.0.0.0 Safari/537.36"
198.177.124.148 - - [21/Jul/2026:18:50:05 +0000] "POST /wp-cron.php?doing_wp_cron=1784659805.1370830535888671875000 HTTP/1.1" 200 - "-" "WordPress/7.0.2; https://tradedealings.shop"
172.235.192.254 - - [21/Jul/2026:18:50:03 +0000] "POST /wp-login.php HTTP/1.1" 200 5142 "-" "Mozilla/5.0 (X11; Linux x86_64) AppleWebKit/537.36 (KHTML, like Gecko) Chrome/123.0.0.0 Safari/537.36 OPR/107.0.0.0"
172.235.192.254 - - [21/Jul/2026:18:50:03 +0000] "POST /wp-login.php HTTP/1.1" 200 5142 "-" "Mozilla/5.0 (Windows NT 10.0; WOW64) AppleWebKit/537.36 (KHTML, like Gecko) Chrome/118.0.0.0 Safari/537.36"
198.177.124.148 - - [21/Jul/2026:18:51:33 +0000] "POST /wp-cron.php?doing_wp_cron=1784659893.4225180149078369140625 HTTP/1.1" 200 - "-" "WordPress/7.0.2; https://tradedealings.shop"
172.235.192.254 - - [21/Jul/2026:18:51:32 +0000] "POST /wp-login.php HTTP/1.1" 200 5142 "-" "Mozilla/5.0 (Windows NT 10.0; Win64; x64) AppleWebKit/537.36 (KHTML, like Gecko) Chrome/124.0.0.0 Safari/537.36"
172.235.192.254 - - [21/Jul/2026:18:51:32 +0000] "POST /wp-login.php HTTP/1.1" 200 5142 "-" "Mozilla/5.0 (Macintosh; Intel Mac OS X 13.5; rv:124.0) Gecko/20100101 Firefox/124.0"
198.177.124.148 - - [21/Jul/2026:18:53:02 +0000] "POST /wp-cron.php?doing_wp_cron=1784659982.7299039363861083984375 HTTP/1.1" 200 - "-" "WordPress/7.0.2; https://tradedealings.shop"
172.235.192.254 - - [21/Jul/2026:18:53:01 +0000] "POST /wp-login.php HTTP/1.1" 200 5142 "-" "Mozilla/5.0 (X11; Linux x86_64) AppleWebKit/537.36 (KHTML, like Gecko) Chrome/124.0.0.0 Safari/537.36"
172.235.192.254 - - [21/Jul/2026:18:53:01 +0000] "POST /wp-login.php HTTP/1.1" 200 5142 "-" "Mozilla/5.0 (X11; Linux x86_64; rv:124.0) Gecko/20100101 Firefox/124.0"
192.104.34.34 - - [21/Jul/2026:18:53:02 +0000] "GET / HTTP/1.1" 200 75008 "-" "Mozilla/5.0 (Windows NT 10.0; Win64; x64) AppleWebKit/537.36 (KHTML, like Gecko) Chrome/134.0.0.0 Safari/537.36"
192.104.34.34 - - [21/Jul/2026:18:53:03 +0000] "GET /2026/07/20/hello-world/ HTTP/1.1" 200 77199 "-" "Mozilla/5.0 (Windows NT 10.0; Win64; x64) AppleWebKit/537.36 (KHTML, like Gecko) Chrome/134.0.0.0 Safari/537.36"
192.104.34.34 - - [21/Jul/2026:18:53:06 +0000] "GET /comments/feed/ HTTP/1.1" 200 1656 "-" "Mozilla/5.0 (Windows NT 10.0; Win64; x64) AppleWebKit/537.36 (KHTML, like Gecko) Chrome/134.0.0.0 Safari/537.36"
192.104.34.34 - - [21/Jul/2026:18:53:07 +0000] "GET /feed/ HTTP/1.1" 200 1714 "-" "Mozilla/5.0 (Windows NT 10.0; Win64; x64) AppleWebKit/537.36 (KHTML, like Gecko) Chrome/134.0.0.0 Safari/537.36"
192.104.34.34 - - [21/Jul/2026:18:53:08 +0000] "GET /sample-page/ HTTP/1.1" 200 74741 "-" "Mozilla/5.0 (Windows NT 10.0; Win64; x64) AppleWebKit/537.36 (KHTML, like Gecko) Chrome/134.0.0.0 Safari/537.36"
192.104.34.34 - - [21/Jul/2026:18:53:09 +0000] "GET /trade-dealings/ HTTP/1.1" 200 120695 "-" "Mozilla/5.0 (Windows NT 10.0; Win64; x64) AppleWebKit/537.36 (KHTML, like Gecko) Chrome/134.0.0.0 Safari/537.36"
198.177.124.148 - - [21/Jul/2026:18:53:28 +0000] "POST /wp-cron.php?doing_wp_cron=1784660007.9918169975280761718750 HTTP/1.1" 200 - "-" "WordPress/7.0.2; https://tradedealings.shop"
216.73.216.68 - - [21/Jul/2026:18:53:27 +0000] "GET /robots.txt HTTP/1.1" 200 119 "-" "Mozilla/5.0 AppleWebKit/537.36 (KHTML, like Gecko; compatible; ClaudeBot/1.0; +claudebot@anthropic.com)"
198.177.124.148 - - [21/Jul/2026:18:54:29 +0000] "POST /wp-cron.php?doing_wp_cron=1784660069.5670480728149414062500 HTTP/1.1" 200 - "-" "WordPress/7.0.2; https://tradedealings.shop"
172.235.192.254 - - [21/Jul/2026:18:54:28 +0000] "POST /wp-login.php HTTP/1.1" 200 5142 "-" "Mozilla/5.0 (Macintosh; Intel Mac OS X 14_3) AppleWebKit/537.36 (KHTML, like Gecko) Chrome/125.0.0.0 Safari/537.36"
172.235.192.254 - - [21/Jul/2026:18:54:28 +0000] "POST /wp-login.php HTTP/1.1" 200 5142 "-" "Mozilla/5.0 (X11; Linux x86_64) AppleWebKit/537.36 (KHTML, like Gecko) Chrome/124.0.0.0 Safari/537.36 Vivaldi/6.7"
198.177.124.148 - - [21/Jul/2026:18:55:54 +0000] "POST /wp-cron.php?doing_wp_cron=1784660154.2039101123809814453125 HTTP/1.1" 200 - "-" "WordPress/7.0.2; https://tradedealings.shop"
172.235.192.254 - - [21/Jul/2026:18:55:53 +0000] "POST /wp-login.php HTTP/1.1" 200 5142 "-" "Mozilla/5.0 (X11; Linux x86_64) AppleWebKit/537.36 (KHTML, like Gecko) Chrome/123.0.0.0 Safari/537.36"
172.235.192.254 - - [21/Jul/2026:18:55:53 +0000] "POST /wp-login.php HTTP/1.1" 200 5142 "-" "Mozilla/5.0 (X11; Linux x86_64) AppleWebKit/537.36 (KHTML, like Gecko) Chrome/124.0.0.0 Safari/537.36 Edg/124.0.0.0"
198.177.124.148 - - [21/Jul/2026:18:57:19 +0000] "POST /wp-cron.php?doing_wp_cron=1784660239.4453461170196533203125 HTTP/1.1" 200 - "-" "WordPress/7.0.2; https://tradedealings.shop"
172.235.192.254 - - [21/Jul/2026:18:57:18 +0000] "POST /wp-login.php HTTP/1.1" 200 5142 "-" "Mozilla/5.0 (Windows NT 10.0; Win64; x64) AppleWebKit/537.36 (KHTML, like Gecko) Chrome/124.0.0.0 Safari/537.36 Brave/1.65.0"
172.235.192.254 - - [21/Jul/2026:18:57:18 +0000] "POST /wp-login.php HTTP/1.1" 200 5142 "-" "Mozilla/5.0 (Windows NT 6.1; Win64; x64) AppleWebKit/537.36 (KHTML, like Gecko) Chrome/120.0.0.0 Safari/537.36"
198.177.124.148 - - [21/Jul/2026:19:04:32 +0000] "POST /wp-cron.php?doing_wp_cron=1784660672.5099749565124511718750 HTTP/1.1" 200 - "-" "WordPress/7.0.2; https://tradedealings.shop"
104.28.157.147 - - [21/Jul/2026:19:04:31 +0000] "POST /wp-login.php HTTP/1.1" 200 5142 "-" "Mozilla/5.0 (Windows NT 10.0; Win64; rv:143.0) Gecko/20100101 Firefox/143.0"
104.28.157.147 - - [21/Jul/2026:19:04:31 +0000] "POST /wp-login.php HTTP/1.1" 200 5142 "-" "Mozilla/5.0 (Macintosh; Intel Mac OS X 10_15_7) AppleWebKit/605.1.15 Version/17.0 Safari/605.1.15"
198.177.124.148 - - [21/Jul/2026:19:05:24 +0000] "POST /wp-cron.php?doing_wp_cron=1784660724.2086589336395263671875 HTTP/1.1" 200 - "-" "WordPress/7.0.2; https://tradedealings.shop"
104.28.157.147 - - [21/Jul/2026:19:05:22 +0000] "POST /wp-login.php HTTP/1.1" 200 5142 "-" "Mozilla/5.0 (Windows NT 10.0; Win64; rv:143.0) Gecko/20100101 Firefox/143.0"
104.28.157.147 - - [21/Jul/2026:19:05:22 +0000] "POST /wp-login.php HTTP/1.1" 200 5142 "-" "Mozilla/5.0 (Windows NT 10.0; Win64; x64) AppleWebKit/537.36 Chrome/129.0.0.0 Safari/537.36"
104.28.157.147 - - [21/Jul/2026:19:05:56 +0000] "POST /wp-login.php HTTP/1.1" 200 5142 "-" "Mozilla/5.0 (Windows NT 10.0; Win64; x64) AppleWebKit/537.36 Chrome/129.0.0.0 Safari/537.36"
104.28.157.147 - - [21/Jul/2026:19:05:56 +0000] "POST /wp-login.php HTTP/1.1" 200 5142 "-" "Mozilla/5.0 (Windows NT 10.0; Win64; x64) AppleWebKit/537.36 Chrome/129.0.0.0 Safari/537.36"
198.177.124.148 - - [21/Jul/2026:19:06:31 +0000] "POST /wp-cron.php?doing_wp_cron=1784660791.6120851039886474609375 HTTP/1.1" 200 - "-" "WordPress/7.0.2; https://tradedealings.shop"
104.28.157.147 - - [21/Jul/2026:19:06:30 +0000] "POST /wp-login.php HTTP/1.1" 200 5142 "-" "Mozilla/5.0 (Windows NT 10.0; Win64; x64) AppleWebKit/537.36 Chrome/129.0.0.0 Safari/537.36"
104.28.157.147 - - [21/Jul/2026:19:06:30 +0000] "POST /wp-login.php HTTP/1.1" 200 5142 "-" "Mozilla/5.0 (Windows NT 10.0; Win64; rv:143.0) Gecko/20100101 Firefox/143.0"
104.28.157.147 - - [21/Jul/2026:19:07:06 +0000] "POST /wp-login.php HTTP/1.1" 200 5142 "-" "Mozilla/5.0 (Macintosh; Intel Mac OS X 10_15_7) AppleWebKit/605.1.15 Version/17.0 Safari/605.1.15"
104.28.157.147 - - [21/Jul/2026:19:07:06 +0000] "POST /wp-login.php HTTP/1.1" 200 5142 "-" "Mozilla/5.0 (Macintosh; Intel Mac OS X 10_15_7) AppleWebKit/605.1.15 Version/17.0 Safari/605.1.15"
198.177.124.148 - - [21/Jul/2026:19:07:45 +0000] "POST /wp-cron.php?doing_wp_cron=1784660865.6252419948577880859375 HTTP/1.1" 200 - "-" "WordPress/7.0.2; https://tradedealings.shop"
104.28.157.147 - - [21/Jul/2026:19:07:44 +0000] "POST /wp-login.php HTTP/1.1" 200 5142 "-" "Mozilla/5.0 (Macintosh; Intel Mac OS X 10_15_7) AppleWebKit/605.1.15 Version/17.0 Safari/605.1.15"
104.28.157.147 - - [21/Jul/2026:19:07:44 +0000] "POST /wp-login.php HTTP/1.1" 200 5142 "-" "Mozilla/5.0 (Macintosh; Intel Mac OS X 10_15_7) AppleWebKit/605.1.15 Version/17.0 Safari/605.1.15"
198.177.124.148 - - [21/Jul/2026:19:08:22 +0000] "POST /wp-cron.php?doing_wp_cron=1784660902.5083830356597900390625 HTTP/1.1" 200 - "-" "WordPress/7.0.2; https://tradedealings.shop"
104.28.157.147 - - [21/Jul/2026:19:08:21 +0000] "POST /wp-login.php HTTP/1.1" 200 5142 "-" "Mozilla/5.0 (Macintosh; Intel Mac OS X 10_15_7) AppleWebKit/605.1.15 Version/17.0 Safari/605.1.15"
104.28.157.147 - - [21/Jul/2026:19:08:21 +0000] "POST /wp-login.php HTTP/1.1" 200 5142 "-" "Mozilla/5.0 (Windows NT 10.0; Win64; rv:143.0) Gecko/20100101 Firefox/143.0"
104.28.157.147 - - [21/Jul/2026:19:09:00 +0000] "POST /wp-login.php HTTP/1.1" 200 5142 "-" "Mozilla/5.0 (Windows NT 10.0; Win64; x64) AppleWebKit/537.36 Chrome/129.0.0.0 Safari/537.36"
104.28.157.147 - - [21/Jul/2026:19:09:00 +0000] "POST /wp-login.php HTTP/1.1" 200 5142 "-" "Mozilla/5.0 (Windows NT 10.0; Win64; rv:143.0) Gecko/20100101 Firefox/143.0"
198.177.124.148 - - [21/Jul/2026:19:09:39 +0000] "POST /wp-cron.php?doing_wp_cron=1784660979.2221341133117675781250 HTTP/1.1" 200 - "-" "WordPress/7.0.2; https://tradedealings.shop"
104.28.157.147 - - [21/Jul/2026:19:09:38 +0000] "POST /wp-login.php HTTP/1.1" 200 5142 "-" "Mozilla/5.0 (Windows NT 10.0; Win64; rv:143.0) Gecko/20100101 Firefox/143.0"
104.28.157.147 - - [21/Jul/2026:19:09:38 +0000] "POST /wp-login.php HTTP/1.1" 200 5142 "-" "Mozilla/5.0 (Windows NT 10.0; Win64; rv:143.0) Gecko/20100101 Firefox/143.0"
198.177.124.148 - - [21/Jul/2026:19:10:17 +0000] "POST /wp-cron.php?doing_wp_cron=1784661017.0068390369415283203125 HTTP/1.1" 200 - "-" "WordPress/7.0.2; https://tradedealings.shop"
104.28.157.147 - - [21/Jul/2026:19:10:16 +0000] "POST /wp-login.php HTTP/1.1" 200 5142 "-" "Mozilla/5.0 (Windows NT 10.0; Win64; x64) AppleWebKit/537.36 Chrome/129.0.0.0 Safari/537.36"
104.28.157.147 - - [21/Jul/2026:19:10:16 +0000] "POST /wp-login.php HTTP/1.1" 200 5142 "-" "Mozilla/5.0 (Windows NT 10.0; Win64; x64) AppleWebKit/537.36 Chrome/129.0.0.0 Safari/537.36"
104.28.157.147 - - [21/Jul/2026:19:10:59 +0000] "POST /wp-login.php HTTP/1.1" 200 5142 "-" "Mozilla/5.0 (Windows NT 10.0; Win64; x64) AppleWebKit/537.36 Chrome/129.0.0.0 Safari/537.36"
104.28.157.147 - - [21/Jul/2026:19:10:59 +0000] "POST /wp-login.php HTTP/1.1" 200 5142 "-" "Mozilla/5.0 (Macintosh; Intel Mac OS X 10_15_7) AppleWebKit/605.1.15 Version/17.0 Safari/605.1.15"
198.177.124.148 - - [21/Jul/2026:19:11:42 +0000] "POST /wp-cron.php?doing_wp_cron=1784661102.8350899219512939453125 HTTP/1.1" 200 - "-" "WordPress/7.0.2; https://tradedealings.shop"
104.28.157.147 - - [21/Jul/2026:19:11:40 +0000] "POST /wp-login.php HTTP/1.1" 200 5142 "-" "Mozilla/5.0 (Macintosh; Intel Mac OS X 10_15_7) AppleWebKit/605.1.15 Version/17.0 Safari/605.1.15"
104.28.157.147 - - [21/Jul/2026:19:11:40 +0000] "POST /wp-login.php HTTP/1.1" 200 5142 "-" "Mozilla/5.0 (Windows NT 10.0; Win64; x64) AppleWebKit/537.36 Chrome/129.0.0.0 Safari/537.36"
198.177.124.148 - - [21/Jul/2026:19:12:20 +0000] "POST /wp-cron.php?doing_wp_cron=1784661140.6291010379791259765625 HTTP/1.1" 200 - "-" "WordPress/7.0.2; https://tradedealings.shop"
104.28.157.147 - - [21/Jul/2026:19:12:19 +0000] "POST /wp-login.php HTTP/1.1" 200 5142 "-" "Mozilla/5.0 (Windows NT 10.0; Win64; x64) AppleWebKit/537.36 Chrome/129.0.0.0 Safari/537.36"
104.28.157.147 - - [21/Jul/2026:19:12:19 +0000] "POST /wp-login.php HTTP/1.1" 200 5142 "-" "Mozilla/5.0 (Windows NT 10.0; Win64; rv:143.0) Gecko/20100101 Firefox/143.0"
104.28.157.147 - - [21/Jul/2026:19:13:00 +0000] "POST /wp-login.php HTTP/1.1" 200 5142 "-" "Mozilla/5.0 (Windows NT 10.0; Win64; x64) AppleWebKit/537.36 Chrome/129.0.0.0 Safari/537.36"
104.28.157.147 - - [21/Jul/2026:19:13:00 +0000] "POST /wp-login.php HTTP/1.1" 200 5142 "-" "Mozilla/5.0 (Macintosh; Intel Mac OS X 10_15_7) AppleWebKit/605.1.15 Version/17.0 Safari/605.1.15"
198.177.124.148 - - [21/Jul/2026:19:13:43 +0000] "POST /wp-cron.php?doing_wp_cron=1784661223.7809529304504394531250 HTTP/1.1" 200 - "-" "WordPress/7.0.2; https://tradedealings.shop"
104.28.157.147 - - [21/Jul/2026:19:13:42 +0000] "POST /wp-login.php HTTP/1.1" 200 5142 "-" "Mozilla/5.0 (Macintosh; Intel Mac OS X 10_15_7) AppleWebKit/605.1.15 Version/17.0 Safari/605.1.15"
104.28.157.147 - - [21/Jul/2026:19:13:42 +0000] "POST /wp-login.php HTTP/1.1" 200 5142 "-" "Mozilla/5.0 (Windows NT 10.0; Win64; x64) AppleWebKit/537.36 Chrome/129.0.0.0 Safari/537.36"
198.177.124.148 - - [21/Jul/2026:19:14:26 +0000] "POST /wp-cron.php?doing_wp_cron=1784661265.9565610885620117187500 HTTP/1.1" 200 - "-" "WordPress/7.0.2; https://tradedealings.shop"
104.28.157.147 - - [21/Jul/2026:19:14:25 +0000] "POST /wp-login.php HTTP/1.1" 200 5142 "-" "Mozilla/5.0 (Windows NT 10.0; Win64; x64) AppleWebKit/537.36 Chrome/129.0.0.0 Safari/537.36"
104.28.157.147 - - [21/Jul/2026:19:14:25 +0000] "POST /wp-login.php HTTP/1.1" 200 5142 "-" "Mozilla/5.0 (Windows NT 10.0; Win64; rv:143.0) Gecko/20100101 Firefox/143.0"
104.28.157.147 - - [21/Jul/2026:19:15:08 +0000] "POST /wp-login.php HTTP/1.1" 200 5142 "-" "Mozilla/5.0 (Windows NT 10.0; Win64; x64) AppleWebKit/537.36 Chrome/129.0.0.0 Safari/537.36"
104.28.157.147 - - [21/Jul/2026:19:15:08 +0000] "POST /wp-login.php HTTP/1.1" 200 5142 "-" "Mozilla/5.0 (Windows NT 10.0; Win64; x64) AppleWebKit/537.36 Chrome/129.0.0.0 Safari/537.36"
198.177.124.148 - - [21/Jul/2026:19:15:53 +0000] "POST /wp-cron.php?doing_wp_cron=1784661353.6714930534362792968750 HTTP/1.1" 200 - "-" "WordPress/7.0.2; https://tradedealings.shop"
104.28.157.147 - - [21/Jul/2026:19:15:51 +0000] "POST /wp-login.php HTTP/1.1" 200 5142 "-" "Mozilla/5.0 (Windows NT 10.0; Win64; x64) AppleWebKit/537.36 Chrome/129.0.0.0 Safari/537.36"
104.28.157.147 - - [21/Jul/2026:19:15:51 +0000] "POST /wp-login.php HTTP/1.1" 200 5142 "-" "Mozilla/5.0 (Windows NT 10.0; Win64; x64) AppleWebKit/537.36 Chrome/129.0.0.0 Safari/537.36"
198.177.124.148 - - [21/Jul/2026:19:16:36 +0000] "POST /wp-cron.php?doing_wp_cron=1784661396.1728110313415527343750 HTTP/1.1" 200 - "-" "WordPress/7.0.2; https://tradedealings.shop"
104.28.157.147 - - [21/Jul/2026:19:16:33 +0000] "POST /wp-login.php HTTP/1.1" 200 5142 "-" "Mozilla/5.0 (Windows NT 10.0; Win64; rv:143.0) Gecko/20100101 Firefox/143.0"
104.28.157.147 - - [21/Jul/2026:19:16:33 +0000] "POST /wp-login.php HTTP/1.1" 200 5142 "-" "Mozilla/5.0 (Windows NT 10.0; Win64; rv:143.0) Gecko/20100101 Firefox/143.0"
198.177.124.148 - - [21/Jul/2026:19:17:19 +0000] "POST /wp-cron.php?doing_wp_cron=1784661438.9040141105651855468750 HTTP/1.1" 200 - "-" "WordPress/7.0.2; https://tradedealings.shop"
104.28.157.147 - - [21/Jul/2026:19:17:16 +0000] "POST /wp-login.php HTTP/1.1" 200 5142 "-" "Mozilla/5.0 (Windows NT 10.0; Win64; rv:143.0) Gecko/20100101 Firefox/143.0"
104.28.157.147 - - [21/Jul/2026:19:17:16 +0000] "POST /wp-login.php HTTP/1.1" 200 5142 "-" "Mozilla/5.0 (Windows NT 10.0; Win64; rv:143.0) Gecko/20100101 Firefox/143.0"
104.28.157.147 - - [21/Jul/2026:19:17:57 +0000] "POST /wp-login.php HTTP/1.1" 200 5142 "-" "Mozilla/5.0 (Windows NT 10.0; Win64; rv:143.0) Gecko/20100101 Firefox/143.0"
104.28.157.147 - - [21/Jul/2026:19:17:57 +0000] "POST /wp-login.php HTTP/1.1" 200 5142 "-" "Mozilla/5.0 (Macintosh; Intel Mac OS X 10_15_7) AppleWebKit/605.1.15 Version/17.0 Safari/605.1.15"
198.177.124.148 - - [21/Jul/2026:19:18:39 +0000] "POST /wp-cron.php?doing_wp_cron=1784661519.4371659755706787109375 HTTP/1.1" 200 - "-" "WordPress/7.0.2; https://tradedealings.shop"
104.28.157.147 - - [21/Jul/2026:19:18:37 +0000] "POST /wp-login.php HTTP/1.1" 200 5142 "-" "Mozilla/5.0 (Macintosh; Intel Mac OS X 10_15_7) AppleWebKit/605.1.15 Version/17.0 Safari/605.1.15"
104.28.157.147 - - [21/Jul/2026:19:18:37 +0000] "POST /wp-login.php HTTP/1.1" 200 5142 "-" "Mozilla/5.0 (Macintosh; Intel Mac OS X 10_15_7) AppleWebKit/605.1.15 Version/17.0 Safari/605.1.15"
198.177.124.148 - - [21/Jul/2026:19:19:19 +0000] "POST /wp-cron.php?doing_wp_cron=1784661559.3017690181732177734375 HTTP/1.1" 200 - "-" "WordPress/7.0.2; https://tradedealings.shop"
104.28.157.147 - - [21/Jul/2026:19:19:18 +0000] "POST /wp-login.php HTTP/1.1" 200 5142 "-" "Mozilla/5.0 (Macintosh; Intel Mac OS X 10_15_7) AppleWebKit/605.1.15 Version/17.0 Safari/605.1.15"
104.28.157.147 - - [21/Jul/2026:19:19:18 +0000] "POST /wp-login.php HTTP/1.1" 200 5142 "-" "Mozilla/5.0 (Macintosh; Intel Mac OS X 10_15_7) AppleWebKit/605.1.15 Version/17.0 Safari/605.1.15"
104.28.157.147 - - [21/Jul/2026:19:19:59 +0000] "POST /wp-login.php HTTP/1.1" 200 5142 "-" "Mozilla/5.0 (Macintosh; Intel Mac OS X 10_15_7) AppleWebKit/605.1.15 Version/17.0 Safari/605.1.15"
104.28.157.147 - - [21/Jul/2026:19:19:59 +0000] "POST /wp-login.php HTTP/1.1" 200 5142 "-" "Mozilla/5.0 (Windows NT 10.0; Win64; rv:143.0) Gecko/20100101 Firefox/143.0"
198.177.124.148 - - [21/Jul/2026:19:20:44 +0000] "POST /wp-cron.php?doing_wp_cron=1784661644.0638179779052734375000 HTTP/1.1" 200 - "-" "WordPress/7.0.2; https://tradedealings.shop"
104.28.157.147 - - [21/Jul/2026:19:20:43 +0000] "POST /wp-login.php HTTP/1.1" 200 5142 "-" "Mozilla/5.0 (Windows NT 10.0; Win64; rv:143.0) Gecko/20100101 Firefox/143.0"
104.28.157.147 - - [21/Jul/2026:19:20:43 +0000] "POST /wp-login.php HTTP/1.1" 200 5142 "-" "Mozilla/5.0 (Macintosh; Intel Mac OS X 10_15_7) AppleWebKit/605.1.15 Version/17.0 Safari/605.1.15"
198.177.124.148 - - [21/Jul/2026:19:21:27 +0000] "POST /wp-cron.php?doing_wp_cron=1784661687.0550880432128906250000 HTTP/1.1" 200 - "-" "WordPress/7.0.2; https://tradedealings.shop"
104.28.157.147 - - [21/Jul/2026:19:21:25 +0000] "POST /wp-login.php HTTP/1.1" 200 5142 "-" "Mozilla/5.0 (Windows NT 10.0; Win64; rv:143.0) Gecko/20100101 Firefox/143.0"
104.28.157.147 - - [21/Jul/2026:19:21:25 +0000] "POST /wp-login.php HTTP/1.1" 200 5142 "-" "Mozilla/5.0 (Macintosh; Intel Mac OS X 10_15_7) AppleWebKit/605.1.15 Version/17.0 Safari/605.1.15"
104.28.157.147 - - [21/Jul/2026:19:22:08 +0000] "POST /wp-login.php HTTP/1.1" 200 5142 "-" "Mozilla/5.0 (Windows NT 10.0; Win64; x64) AppleWebKit/537.36 Chrome/129.0.0.0 Safari/537.36"
104.28.157.147 - - [21/Jul/2026:19:22:08 +0000] "POST /wp-login.php HTTP/1.1" 200 5142 "-" "Mozilla/5.0 (Windows NT 10.0; Win64; x64) AppleWebKit/537.36 Chrome/129.0.0.0 Safari/537.36"
198.177.124.148 - - [21/Jul/2026:19:22:54 +0000] "POST /wp-cron.php?doing_wp_cron=1784661774.1767539978027343750000 HTTP/1.1" 200 - "-" "WordPress/7.0.2; https://tradedealings.shop"
104.28.157.147 - - [21/Jul/2026:19:22:51 +0000] "POST /wp-login.php HTTP/1.1" 200 5142 "-" "Mozilla/5.0 (Macintosh; Intel Mac OS X 10_15_7) AppleWebKit/605.1.15 Version/17.0 Safari/605.1.15"
104.28.157.147 - - [21/Jul/2026:19:22:52 +0000] "POST /wp-login.php HTTP/1.1" 200 5142 "-" "Mozilla/5.0 (Macintosh; Intel Mac OS X 10_15_7) AppleWebKit/605.1.15 Version/17.0 Safari/605.1.15"
198.177.124.148 - - [21/Jul/2026:19:23:35 +0000] "POST /wp-cron.php?doing_wp_cron=1784661815.6598339080810546875000 HTTP/1.1" 200 - "-" "WordPress/7.0.2; https://tradedealings.shop"
104.28.157.147 - - [21/Jul/2026:19:23:33 +0000] "POST /wp-login.php HTTP/1.1" 200 5142 "-" "Mozilla/5.0 (Windows NT 10.0; Win64; x64) AppleWebKit/537.36 Chrome/129.0.0.0 Safari/537.36"
104.28.157.147 - - [21/Jul/2026:19:23:33 +0000] "POST /wp-login.php HTTP/1.1" 200 5142 "-" "Mozilla/5.0 (Windows NT 10.0; Win64; x64) AppleWebKit/537.36 Chrome/129.0.0.0 Safari/537.36"
198.177.124.148 - - [21/Jul/2026:19:24:17 +0000] "POST /wp-cron.php?doing_wp_cron=1784661857.5010349750518798828125 HTTP/1.1" 200 - "-" "WordPress/7.0.2; https://tradedealings.shop"
104.28.157.147 - - [21/Jul/2026:19:24:15 +0000] "POST /wp-login.php HTTP/1.1" 200 5142 "-" "Mozilla/5.0 (Windows NT 10.0; Win64; x64) AppleWebKit/537.36 Chrome/129.0.0.0 Safari/537.36"
104.28.157.147 - - [21/Jul/2026:19:24:15 +0000] "POST /wp-login.php HTTP/1.1" 200 5142 "-" "Mozilla/5.0 (Windows NT 10.0; Win64; x64) AppleWebKit/537.36 Chrome/129.0.0.0 Safari/537.36"
216.73.216.68 - - [21/Jul/2026:19:24:43 +0000] "GET /wp-content/themes/twentytwentyfive/assets/images/grid-flower-2.webp HTTP/1.1" 200 82646 "-" "Mozilla/5.0 AppleWebKit/537.36 (KHTML, like Gecko; compatible; ClaudeBot/1.0; +claudebot@anthropic.com)"
216.73.216.68 - - [21/Jul/2026:19:24:43 +0000] "GET /wp-content/themes/twentytwentyfive/assets/images/typewriter.webp HTTP/1.1" 200 97944 "-" "Mozilla/5.0 AppleWebKit/537.36 (KHTML, like Gecko; compatible; ClaudeBot/1.0; +claudebot@anthropic.com)"
104.28.157.147 - - [21/Jul/2026:19:24:58 +0000] "POST /wp-login.php HTTP/1.1" 200 5142 "-" "Mozilla/5.0 (Windows NT 10.0; Win64; x64) AppleWebKit/537.36 Chrome/129.0.0.0 Safari/537.36"
104.28.157.147 - - [21/Jul/2026:19:24:57 +0000] "POST /wp-login.php HTTP/1.1" 200 5142 "-" "Mozilla/5.0 (Windows NT 10.0; Win64; rv:143.0) Gecko/20100101 Firefox/143.0"
104.28.157.147 - - [21/Jul/2026:19:25:40 +0000] "POST /wp-login.php HTTP/1.1" 200 5142 "-" "Mozilla/5.0 (Macintosh; Intel Mac OS X 10_15_7) AppleWebKit/605.1.15 Version/17.0 Safari/605.1.15"
198.177.124.148 - - [21/Jul/2026:19:25:43 +0000] "POST /wp-cron.php?doing_wp_cron=1784661943.8488891124725341796875 HTTP/1.1" 200 - "-" "WordPress/7.0.2; https://tradedealings.shop"
104.28.157.147 - - [21/Jul/2026:19:25:40 +0000] "POST /wp-login.php HTTP/1.1" 200 5142 "-" "Mozilla/5.0 (Windows NT 10.0; Win64; rv:143.0) Gecko/20100101 Firefox/143.0"
198.177.124.148 - - [21/Jul/2026:19:26:26 +0000] "POST /wp-cron.php?doing_wp_cron=1784661986.4320220947265625000000 HTTP/1.1" 200 - "-" "WordPress/7.0.2; https://tradedealings.shop"
104.28.157.147 - - [21/Jul/2026:19:26:24 +0000] "POST /wp-login.php HTTP/1.1" 200 5142 "-" "Mozilla/5.0 (Windows NT 10.0; Win64; rv:143.0) Gecko/20100101 Firefox/143.0"
104.28.157.147 - - [21/Jul/2026:19:26:24 +0000] "POST /wp-login.php HTTP/1.1" 200 5142 "-" "Mozilla/5.0 (Windows NT 10.0; Win64; x64) AppleWebKit/537.36 Chrome/129.0.0.0 Safari/537.36"
104.28.157.147 - - [21/Jul/2026:19:27:08 +0000] "POST /wp-login.php HTTP/1.1" 200 5142 "-" "Mozilla/5.0 (Windows NT 10.0; Win64; x64) AppleWebKit/537.36 Chrome/129.0.0.0 Safari/537.36"
104.28.157.147 - - [21/Jul/2026:19:27:08 +0000] "POST /wp-login.php HTTP/1.1" 200 5142 "-" "Mozilla/5.0 (Windows NT 10.0; Win64; rv:143.0) Gecko/20100101 Firefox/143.0"
216.73.216.68 - - [21/Jul/2026:19:27:16 +0000] "GET /wp-content/themes/twentytwentyfive/assets/images/delphinium-flowers.webp HTTP/1.1" 200 42214 "-" "Mozilla/5.0 AppleWebKit/537.36 (KHTML, like Gecko; compatible; ClaudeBot/1.0; +claudebot@anthropic.com)"
216.73.216.68 - - [21/Jul/2026:19:29:46 +0000] "GET /wp-content/themes/twentytwentyfive/assets/images/red-hibiscus-closeup.webp HTTP/1.1" 200 56851 "-" "Mozilla/5.0 AppleWebKit/537.36 (KHTML, like Gecko; compatible; ClaudeBot/1.0; +claudebot@anthropic.com)"
216.73.216.68 - - [21/Jul/2026:19:32:18 +0000] "GET /wp-content/themes/twentytwentyfive/assets/images/star-thristle-flower.webp HTTP/1.1" 200 21338 "-" "Mozilla/5.0 AppleWebKit/537.36 (KHTML, like Gecko; compatible; ClaudeBot/1.0; +claudebot@anthropic.com)"
216.73.216.68 - - [21/Jul/2026:19:32:41 +0000] "GET /wp-content/themes/twentytwentyfive/assets/images/campanula-alliariifolia-flower.webp HTTP/1.1" 200 42036 "-" "Mozilla/5.0 AppleWebKit/537.36 (KHTML, like Gecko; compatible; ClaudeBot/1.0; +claudebot@anthropic.com)"
198.177.124.148 - - [21/Jul/2026:19:33:54 +0000] "POST /wp-cron.php?doing_wp_cron=1784662434.6198348999023437500000 HTTP/1.1" 200 - "-" "WordPress/7.0.2; https://tradedealings.shop"
216.73.216.68 - - [21/Jul/2026:19:33:52 +0000] "GET /category/uncategorized/feed/ HTTP/1.1" 200 1759 "-" "Mozilla/5.0 AppleWebKit/537.36 (KHTML, like Gecko; compatible; ClaudeBot/1.0; +claudebot@anthropic.com)"
198.177.124.148 - - [21/Jul/2026:19:35:19 +0000] "POST /wp-cron.php?doing_wp_cron=1784662519.2640640735626220703125 HTTP/1.1" 200 - "-" "WordPress/7.0.2; https://tradedealings.shop"
216.73.216.68 - - [21/Jul/2026:19:35:17 +0000] "GET /author/trade/feed/ HTTP/1.1" 200 1741 "-" "Mozilla/5.0 AppleWebKit/537.36 (KHTML, like Gecko; compatible; ClaudeBot/1.0; +claudebot@anthropic.com)"
198.177.124.148 - - [21/Jul/2026:19:39:35 +0000] "POST /wp-cron.php?doing_wp_cron=1784662775.7693679332733154296875 HTTP/1.1" 200 - "-" "WordPress/7.0.2; https://tradedealings.shop"
172.235.211.152 - - [21/Jul/2026:19:39:33 +0000] "GET /wp-login.php HTTP/1.1" 200 4729 "-" "Mozilla/5.0"
172.235.211.152 - - [21/Jul/2026:19:39:36 +0000] "GET /?author=1 HTTP/1.1" 301 - "-" "Mozilla/5.0"
172.235.211.152 - - [21/Jul/2026:19:39:38 +0000] "GET /?rest_route=/wp/v2/users HTTP/1.1" 200 776 "-" "Mozilla/5.0"
172.235.211.152 - - [21/Jul/2026:19:39:40 +0000] "GET /?author=2 HTTP/1.1" 404 63759 "-" "Mozilla/5.0"
172.235.211.152 - - [21/Jul/2026:19:39:44 +0000] "GET /?rest_route=/wp/v2/users HTTP/1.1" 200 776 "-" "Mozilla/5.0"
198.177.124.148 - - [21/Jul/2026:19:51:59 +0000] "POST /wp-cron.php?doing_wp_cron=1784663519.6384611129760742187500 HTTP/1.1" 200 - "-" "WordPress/7.0.2; https://tradedealings.shop"
45.148.10.62 - - [21/Jul/2026:19:51:57 +0000] "GET / HTTP/1.1" 301 - "-" "Mozilla/5.0 (Windows NT 10.0; Win64; x64; rv:133.0) Gecko/20100101 Firefox/133.0"
198.177.124.148 - - [21/Jul/2026:19:52:15 +0000] "POST /wp-cron.php?doing_wp_cron=1784663535.6446099281311035156250 HTTP/1.1" 200 - "-" "WordPress/7.0.2; https://tradedealings.shop"
45.248.151.230 - - [21/Jul/2026:19:52:14 +0000] "GET /wp-content/plugins/config-bs/bootstrap.php?p= HTTP/1.1" 301 - "-" "Mozilla/5.0 (Windows NT 10.0; Win64; x64) AppleWebKit/537.36 (KHTML, like Gecko) Chrome/150.0.0.0 Safari/537.36"
45.248.151.230 - - [21/Jul/2026:19:52:19 +0000] "GET /wp-content/plugins/config-bs/bootstrap.php HTTP/1.1" 404 63801 "-" "Mozilla/5.0 (Windows NT 10.0; Win64; x64) AppleWebKit/537.36 (KHTML, like Gecko) Chrome/150.0.0.0 Safari/537.36"
45.248.151.230 - - [21/Jul/2026:19:52:21 +0000] "GET /wp-includes/blocks/navigation/style.min.css?ver=7.0.2 HTTP/1.1" 200 20709 "https://tradedealings.shop/wp-content/plugins/config-bs/bootstrap.php" "Mozilla/5.0 (Windows NT 10.0; Win64; x64) AppleWebKit/537.36 (KHTML, like Gecko) Chrome/150.0.0.0 Safari/537.36"
45.248.151.230 - - [21/Jul/2026:19:52:21 +0000] "GET /wp-includes/js/jquery/jquery.min.js?ver=3.7.1 HTTP/1.1" 200 87553 "https://tradedealings.shop/wp-content/plugins/config-bs/bootstrap.php" "Mozilla/5.0 (Windows NT 10.0; Win64; x64) AppleWebKit/537.36 (KHTML, like Gecko) Chrome/150.0.0.0 Safari/537.36"
45.248.151.230 - - [21/Jul/2026:19:52:22 +0000] "GET /wp-includes/js/jquery/jquery-migrate.min.js?ver=3.4.1 HTTP/1.1" 200 13577 "https://tradedealings.shop/wp-content/plugins/config-bs/bootstrap.php" "Mozilla/5.0 (Windows NT 10.0; Win64; x64) AppleWebKit/537.36 (KHTML, like Gecko) Chrome/150.0.0.0 Safari/537.36"
45.248.151.230 - - [21/Jul/2026:19:52:22 +0000] "GET /wp-content/themes/twentytwentyfive/assets/images/404-image.webp HTTP/1.1" 200 129970 "https://tradedealings.shop/wp-content/plugins/config-bs/bootstrap.php" "Mozilla/5.0 (Windows NT 10.0; Win64; x64) AppleWebKit/537.36 (KHTML, like Gecko) Chrome/150.0.0.0 Safari/537.36"
45.248.151.230 - - [21/Jul/2026:19:52:22 +0000] "GET /wp-includes/js/dist/script-modules/block-library/navigation/view.min.js?ver=96a846e1d7b789c39ab9 HTTP/1.1" 200 3053 "https://tradedealings.shop/wp-content/plugins/config-bs/bootstrap.php" "Mozilla/5.0 (Windows NT 10.0; Win64; x64) AppleWebKit/537.36 (KHTML, like Gecko) Chrome/150.0.0.0 Safari/537.36"
45.248.151.230 - - [21/Jul/2026:19:52:22 +0000] "GET /wp-includes/js/dist/script-modules/interactivity/index.min.js?ver=efaa5193bbad9c60ffd1 HTTP/1.1" 200 40106 "https://tradedealings.shop/wp-content/plugins/config-bs/bootstrap.php" "Mozilla/5.0 (Windows NT 10.0; Win64; x64) AppleWebKit/537.36 (KHTML, like Gecko) Chrome/150.0.0.0 Safari/537.36"
45.248.151.230 - - [21/Jul/2026:19:52:22 +0000] "GET /wp-content/plugins/pixelyoursite/dist/scripts/jquery.bind-first-0.2.3.min.js?ver=0.2.3 HTTP/1.1" 200 1317 "https://tradedealings.shop/wp-content/plugins/config-bs/bootstrap.php" "Mozilla/5.0 (Windows NT 10.0; Win64; x64) AppleWebKit/537.36 (KHTML, like Gecko) Chrome/150.0.0.0 Safari/537.36"
45.248.151.230 - - [21/Jul/2026:19:52:22 +0000] "GET /wp-content/plugins/pixelyoursite/dist/scripts/js.cookie-2.1.3.min.js?ver=2.1.3 HTTP/1.1" 200 1709 "https://tradedealings.shop/wp-content/plugins/config-bs/bootstrap.php" "Mozilla/5.0 (Windows NT 10.0; Win64; x64) AppleWebKit/537.36 (KHTML, like Gecko) Chrome/150.0.0.0 Safari/537.36"
45.248.151.230 - - [21/Jul/2026:19:52:23 +0000] "GET /wp-content/plugins/pixelyoursite/dist/scripts/public.js?ver=11.2.1 HTTP/1.1" 200 172979 "https://tradedealings.shop/wp-content/plugins/config-bs/bootstrap.php" "Mozilla/5.0 (Windows NT 10.0; Win64; x64) AppleWebKit/537.36 (KHTML, like Gecko) Chrome/150.0.0.0 Safari/537.36"
45.248.151.230 - - [21/Jul/2026:19:52:23 +0000] "GET /wp-content/plugins/pixelyoursite/dist/scripts/tld.min.js?ver=2.3.1 HTTP/1.1" 200 141079 "https://tradedealings.shop/wp-content/plugins/config-bs/bootstrap.php" "Mozilla/5.0 (Windows NT 10.0; Win64; x64) AppleWebKit/537.36 (KHTML, like Gecko) Chrome/150.0.0.0 Safari/537.36"
45.248.151.230 - - [21/Jul/2026:19:52:29 +0000] "GET /wp-content/themes/twentytwentyfive/assets/fonts/manrope/Manrope-VariableFont_wght.woff2 HTTP/1.1" 200 53600 "https://tradedealings.shop/wp-content/plugins/config-bs/bootstrap.php" "Mozilla/5.0 (Windows NT 10.0; Win64; x64) AppleWebKit/537.36 (KHTML, like Gecko) Chrome/150.0.0.0 Safari/537.36"
114.31.31.69 - - [21/Jul/2026:19:52:42 +0000] "GET /wp-content/plugins/config-bs/bootstrap.php HTTP/1.1" 404 63801 "-" "Mozilla/5.0 (Windows NT 10.0; Win64; x64) AppleWebKit/537.36 (KHTML, like Gecko) Chrome/105.0.0.0 Safari/537.3"
114.31.31.69 - - [21/Jul/2026:19:52:45 +0000] "GET /wp-includes/blocks/navigation/style.min.css?ver=7.0.2 HTTP/1.1" 200 20709 "https://tradedealings.shop/wp-content/plugins/config-bs/bootstrap.php" "Mozilla/5.0 (Windows NT 10.0; Win64; x64) AppleWebKit/537.36 (KHTML, like Gecko) Chrome/105.0.0.0 Safari/537.3"
114.31.31.69 - - [21/Jul/2026:19:52:46 +0000] "GET /wp-includes/js/jquery/jquery-migrate.min.js?ver=3.4.1 HTTP/1.1" 200 13577 "https://tradedealings.shop/wp-content/plugins/config-bs/bootstrap.php" "Mozilla/5.0 (Windows NT 10.0; Win64; x64) AppleWebKit/537.36 (KHTML, like Gecko) Chrome/105.0.0.0 Safari/537.3"
114.31.31.69 - - [21/Jul/2026:19:52:47 +0000] "GET /wp-content/themes/twentytwentyfive/assets/images/404-image.webp HTTP/1.1" 200 129970 "https://tradedealings.shop/wp-content/plugins/config-bs/bootstrap.php" "Mozilla/5.0 (Windows NT 10.0; Win64; x64) AppleWebKit/537.36 (KHTML, like Gecko) Chrome/105.0.0.0 Safari/537.3"
114.31.31.69 - - [21/Jul/2026:19:52:46 +0000] "GET /wp-includes/js/jquery/jquery.min.js?ver=3.7.1 HTTP/1.1" 200 87553 "https://tradedealings.shop/wp-content/plugins/config-bs/bootstrap.php" "Mozilla/5.0 (Windows NT 10.0; Win64; x64) AppleWebKit/537.36 (KHTML, like Gecko) Chrome/105.0.0.0 Safari/537.3"
114.31.31.69 - - [21/Jul/2026:19:52:47 +0000] "GET /wp-includes/js/dist/script-modules/interactivity/index.min.js?ver=efaa5193bbad9c60ffd1 HTTP/1.1" 200 40106 "https://tradedealings.shop/wp-content/plugins/config-bs/bootstrap.php" "Mozilla/5.0 (Windows NT 10.0; Win64; x64) AppleWebKit/537.36 (KHTML, like Gecko) Chrome/105.0.0.0 Safari/537.3"
114.31.31.69 - - [21/Jul/2026:19:52:48 +0000] "GET /wp-includes/js/dist/script-modules/block-library/navigation/view.min.js?ver=96a846e1d7b789c39ab9 HTTP/1.1" 200 3053 "https://tradedealings.shop/wp-content/plugins/config-bs/bootstrap.php" "Mozilla/5.0 (Windows NT 10.0; Win64; x64) AppleWebKit/537.36 (KHTML, like Gecko) Chrome/105.0.0.0 Safari/537.3"
114.31.31.69 - - [21/Jul/2026:19:52:48 +0000] "GET /wp-content/plugins/pixelyoursite/dist/scripts/js.cookie-2.1.3.min.js?ver=2.1.3 HTTP/1.1" 200 1709 "https://tradedealings.shop/wp-content/plugins/config-bs/bootstrap.php" "Mozilla/5.0 (Windows NT 10.0; Win64; x64) AppleWebKit/537.36 (KHTML, like Gecko) Chrome/105.0.0.0 Safari/537.3"
114.31.31.69 - - [21/Jul/2026:19:52:48 +0000] "GET /wp-content/plugins/pixelyoursite/dist/scripts/jquery.bind-first-0.2.3.min.js?ver=0.2.3 HTTP/1.1" 200 1317 "https://tradedealings.shop/wp-content/plugins/config-bs/bootstrap.php" "Mozilla/5.0 (Windows NT 10.0; Win64; x64) AppleWebKit/537.36 (KHTML, like Gecko) Chrome/105.0.0.0 Safari/537.3"
114.31.31.69 - - [21/Jul/2026:19:52:48 +0000] "GET /wp-content/themes/twentytwentyfive/assets/fonts/manrope/Manrope-VariableFont_wght.woff2 HTTP/1.1" 200 53600 "https://tradedealings.shop/wp-content/plugins/config-bs/bootstrap.php" "Mozilla/5.0 (Windows NT 10.0; Win64; x64) AppleWebKit/537.36 (KHTML, like Gecko) Chrome/105.0.0.0 Safari/537.3"
114.31.31.69 - - [21/Jul/2026:19:52:48 +0000] "GET /wp-content/plugins/pixelyoursite/dist/scripts/tld.min.js?ver=2.3.1 HTTP/1.1" 200 141079 "https://tradedealings.shop/wp-content/plugins/config-bs/bootstrap.php" "Mozilla/5.0 (Windows NT 10.0; Win64; x64) AppleWebKit/537.36 (KHTML, like Gecko) Chrome/105.0.0.0 Safari/537.3"
114.31.31.69 - - [21/Jul/2026:19:52:48 +0000] "GET /wp-content/plugins/pixelyoursite/dist/scripts/public.js?ver=11.2.1 HTTP/1.1" 200 172979 "https://tradedealings.shop/wp-content/plugins/config-bs/bootstrap.php" "Mozilla/5.0 (Windows NT 10.0; Win64; x64) AppleWebKit/537.36 (KHTML, like Gecko) Chrome/105.0.0.0 Safari/537.3"
114.31.31.69 - - [21/Jul/2026:19:52:50 +0000] "GET /wp-includes/js/wp-emoji-release.min.js?ver=7.0.2 HTTP/1.1" 200 22752 "https://tradedealings.shop/wp-content/plugins/config-bs/bootstrap.php" "Mozilla/5.0 (Windows NT 10.0; Win64; x64) AppleWebKit/537.36 (KHTML, like Gecko) Chrome/105.0.0.0 Safari/537.3"
114.31.31.69 - - [21/Jul/2026:19:52:50 +0000] "GET /favicon.ico HTTP/1.1" 302 - "https://tradedealings.shop/wp-content/plugins/config-bs/bootstrap.php" "Mozilla/5.0 (Windows NT 10.0; Win64; x64) AppleWebKit/537.36 (KHTML, like Gecko) Chrome/105.0.0.0 Safari/537.3"
114.31.31.69 - - [21/Jul/2026:19:52:53 +0000] "GET /wp-includes/images/w-logo-blue-white-bg.png HTTP/1.1" 200 4119 "https://tradedealings.shop/wp-content/plugins/config-bs/bootstrap.php" "Mozilla/5.0 (Windows NT 10.0; Win64; x64) AppleWebKit/537.36 (KHTML, like Gecko) Chrome/105.0.0.0 Safari/537.3"
45.248.151.230 - - [21/Jul/2026:19:53:03 +0000] "GET /wp-includes/js/wp-emoji-release.min.js?ver=7.0.2 HTTP/1.1" 200 22752 "https://tradedealings.shop/wp-content/plugins/config-bs/bootstrap.php" "Mozilla/5.0 (Windows NT 10.0; Win64; x64) AppleWebKit/537.36 (KHTML, like Gecko) Chrome/150.0.0.0 Safari/537.36"
45.248.151.230 - - [21/Jul/2026:19:53:03 +0000] "GET /favicon.ico HTTP/1.1" 302 - "https://tradedealings.shop/wp-content/plugins/config-bs/bootstrap.php" "Mozilla/5.0 (Windows NT 10.0; Win64; x64) AppleWebKit/537.36 (KHTML, like Gecko) Chrome/150.0.0.0 Safari/537.36"
45.248.151.230 - - [21/Jul/2026:19:53:05 +0000] "GET /wp-includes/images/w-logo-blue-white-bg.png HTTP/1.1" 200 4119 "https://tradedealings.shop/wp-content/plugins/config-bs/bootstrap.php" "Mozilla/5.0 (Windows NT 10.0; Win64; x64) AppleWebKit/537.36 (KHTML, like Gecko) Chrome/150.0.0.0 Safari/537.36"
198.177.124.148 - - [21/Jul/2026:19:55:10 +0000] "POST /wp-cron.php?doing_wp_cron=1784663710.1711709499359130859375 HTTP/1.1" 200 - "-" "WordPress/7.0.2; https://tradedealings.shop"
45.148.10.62 - - [21/Jul/2026:19:55:07 +0000] "GET / HTTP/1.1" 200 75008 "-" "Mozilla/5.0 (X11; Linux x86_64) AppleWebKit/537.36 (KHTML, like Gecko) Chrome/131.0.0.0 Safari/537.36"
198.177.124.148 - - [21/Jul/2026:20:08:48 +0000] "POST /wp-cron.php?doing_wp_cron=1784664528.1603400707244873046875 HTTP/1.1" 200 - "-" "WordPress/7.0.2; https://tradedealings.shop"
45.148.10.244 - - [21/Jul/2026:20:08:46 +0000] "GET / HTTP/1.1" 301 - "-" "Mozilla/5.0 (compatible; pathscan/1.0)"
45.148.10.244 - - [21/Jul/2026:20:08:52 +0000] "GET / HTTP/1.1" 200 75008 "https://www.tradedealings.shop/" "Mozilla/5.0 (compatible; pathscan/1.0)"
45.148.10.244 - - [21/Jul/2026:20:08:58 +0000] "GET /1xdtrt2jkqlfs11uapq02tkrdv HTTP/1.1" 301 - "-" "Mozilla/5.0 (compatible; pathscan/1.0)"
45.148.10.244 - - [21/Jul/2026:20:09:03 +0000] "GET /1xdtrt2jkqlfs11uapq02tkrdv HTTP/1.1" 404 63785 "https://www.tradedealings.shop/1xdtrt2jkqlfs11uapq02tkrdv" "Mozilla/5.0 (compatible; pathscan/1.0)"
45.148.10.244 - - [21/Jul/2026:20:09:10 +0000] "GET /1328xiros25ic1wdsrhzs2u7vw.html HTTP/1.1" 301 - "-" "Mozilla/5.0 (compatible; pathscan/1.0)"
198.177.124.148 - - [21/Jul/2026:20:09:16 +0000] "POST /wp-cron.php?doing_wp_cron=1784664556.4623060226440429687500 HTTP/1.1" 200 - "-" "WordPress/7.0.2; https://tradedealings.shop"
45.148.10.244 - - [21/Jul/2026:20:09:15 +0000] "GET /1328xiros25ic1wdsrhzs2u7vw.html HTTP/1.1" 404 63790 "https://www.tradedealings.shop/1328xiros25ic1wdsrhzs2u7vw.html" "Mozilla/5.0 (compatible; pathscan/1.0)"
45.148.10.244 - - [21/Jul/2026:20:09:19 +0000] "GET /1e1503v2e7d8sy9u03tpja9rd.php HTTP/1.1" 301 - "-" "Mozilla/5.0 (compatible; pathscan/1.0)"
45.148.10.244 - - [21/Jul/2026:20:09:23 +0000] "GET /1e1503v2e7d8sy9u03tpja9rd.php HTTP/1.1" 404 63788 "https://www.tradedealings.shop/1e1503v2e7d8sy9u03tpja9rd.php" "Mozilla/5.0 (compatible; pathscan/1.0)"
45.148.10.244 - - [21/Jul/2026:20:09:27 +0000] "GET /backend/.env HTTP/1.1" 301 - "-" "Mozilla/5.0 (compatible; pathscan/1.0)"
45.148.10.244 - - [21/Jul/2026:20:09:27 +0000] "GET /.env HTTP/1.1" 301 - "-" "Mozilla/5.0 (compatible; pathscan/1.0)"
45.148.10.244 - - [21/Jul/2026:20:09:28 +0000] "GET /WEB-INF/web.xml HTTP/1.1" 301 - "-" "Mozilla/5.0 (compatible; pathscan/1.0)"
45.148.10.244 - - [21/Jul/2026:20:09:29 +0000] "GET /.env HTTP/1.1" 404 63763 "https://www.tradedealings.shop/.env" "Mozilla/5.0 (compatible; pathscan/1.0)"
45.148.10.244 - - [21/Jul/2026:20:09:30 +0000] "GET /backend/.env HTTP/1.1" 404 63771 "https://www.tradedealings.shop/backend/.env" "Mozilla/5.0 (compatible; pathscan/1.0)"
45.148.10.120 - - [21/Jul/2026:20:09:32 +0000] "GET /.env HTTP/1.1" 301 - "-" "Opera/9.20 (Macintosh; Intel Mac OS X; U; en)"
45.148.10.120 - - [21/Jul/2026:20:09:32 +0000] "GET /aws.env HTTP/1.1" 301 - "-" "Mozilla/5.0 (Windows NT 6.1; Win64; x64) AppleWebKit/537.36 (KHTML, like Gecko) Chrome/65.0.3325.146 Safari/537.36"
45.148.10.120 - - [21/Jul/2026:20:09:32 +0000] "GET /.aws/credentials HTTP/1.1" 301 - "-" "Mozilla/5.0 (PlayBook; U; RIM Tablet OS 2.1.0; en-US) AppleWebKit/536.2+ (KHTML like Gecko) Version/7.2.1.0 Safari/536.2+"
45.148.10.244 - - [21/Jul/2026:20:09:32 +0000] "GET /WEB-INF/web.xml HTTP/1.1" 404 63774 "https://www.tradedealings.shop/WEB-INF/web.xml" "Mozilla/5.0 (compatible; pathscan/1.0)"
45.148.10.244 - - [21/Jul/2026:20:09:33 +0000] "GET /.gitlab-ci.yml HTTP/1.1" 301 - "-" "Mozilla/5.0 (compatible; pathscan/1.0)"
45.148.10.120 - - [21/Jul/2026:20:09:33 +0000] "GET /.env.production HTTP/1.1" 301 - "-" "Mozilla/5.0 (Windows NT 10.0; Win64; x64) AppleWebKit/537.36 (KHTML, like Gecko) Chrome/42.0.2311.135 Safari/537.36 Edge/12.10240&Win32"
45.148.10.244 - - [21/Jul/2026:20:09:33 +0000] "GET /.env.production HTTP/1.1" 301 - "-" "Mozilla/5.0 (compatible; pathscan/1.0)"
45.148.10.244 - - [21/Jul/2026:20:09:39 +0000] "GET /.env.production HTTP/1.1" 404 63774 "https://www.tradedealings.shop/.env.production" "Mozilla/5.0 (compatible; pathscan/1.0)"
45.148.10.244 - - [21/Jul/2026:20:09:42 +0000] "GET /.gitlab-ci.yml HTTP/1.1" 404 63773 "https://www.tradedealings.shop/.gitlab-ci.yml" "Mozilla/5.0 (compatible; pathscan/1.0)"
45.148.10.244 - - [21/Jul/2026:20:09:44 +0000] "GET /deploy.sh HTTP/1.1" 301 - "-" "Mozilla/5.0 (compatible; pathscan/1.0)"
45.148.10.244 - - [21/Jul/2026:20:09:46 +0000] "GET /source/.env HTTP/1.1" 301 - "-" "Mozilla/5.0 (compatible; pathscan/1.0)"
45.148.10.244 - - [21/Jul/2026:20:09:46 +0000] "GET /deploy.sh HTTP/1.1" 404 63768 "https://www.tradedealings.shop/deploy.sh" "Mozilla/5.0 (compatible; pathscan/1.0)"
45.148.10.244 - - [21/Jul/2026:20:09:47 +0000] "GET /config.env HTTP/1.1" 301 - "-" "Mozilla/5.0 (compatible; pathscan/1.0)"
45.148.10.244 - - [21/Jul/2026:20:09:49 +0000] "GET /source/.env HTTP/1.1" 404 63770 "https://www.tradedealings.shop/source/.env" "Mozilla/5.0 (compatible; pathscan/1.0)"
45.148.10.244 - - [21/Jul/2026:20:09:50 +0000] "GET /framework/.env HTTP/1.1" 301 - "-" "Mozilla/5.0 (compatible; pathscan/1.0)"
45.148.10.244 - - [21/Jul/2026:20:09:50 +0000] "GET /config.env HTTP/1.1" 404 63769 "https://www.tradedealings.shop/config.env" "Mozilla/5.0 (compatible; pathscan/1.0)"
45.148.10.244 - - [21/Jul/2026:20:09:52 +0000] "GET /ikiwiki/.env HTTP/1.1" 301 - "-" "Mozilla/5.0 (compatible; pathscan/1.0)"
45.148.10.244 - - [21/Jul/2026:20:09:52 +0000] "GET /framework/.env HTTP/1.1" 404 63773 "https://www.tradedealings.shop/framework/.env" "Mozilla/5.0 (compatible; pathscan/1.0)"
45.148.10.244 - - [21/Jul/2026:20:09:56 +0000] "GET /config.inc.php HTTP/1.1" 301 - "-" "Mozilla/5.0 (compatible; pathscan/1.0)"
45.148.10.244 - - [21/Jul/2026:20:09:59 +0000] "GET /system/.env HTTP/1.1" 301 - "-" "Mozilla/5.0 (compatible; pathscan/1.0)"
45.148.10.244 - - [21/Jul/2026:20:10:00 +0000] "GET /ikiwiki/.env HTTP/1.1" 404 63771 "https://www.tradedealings.shop/ikiwiki/.env" "Mozilla/5.0 (compatible; pathscan/1.0)"
45.148.10.244 - - [21/Jul/2026:20:10:01 +0000] "GET /config.inc.php HTTP/1.1" 404 63773 "https://www.tradedealings.shop/config.inc.php" "Mozilla/5.0 (compatible; pathscan/1.0)"
45.148.10.244 - - [21/Jul/2026:20:10:03 +0000] "GET /system/.env HTTP/1.1" 404 63770 "https://www.tradedealings.shop/system/.env" "Mozilla/5.0 (compatible; pathscan/1.0)"
198.177.124.148 - - [21/Jul/2026:20:10:15 +0000] "POST /wp-cron.php?doing_wp_cron=1784664615.7157909870147705078125 HTTP/1.1" 200 - "-" "WordPress/7.0.2; https://tradedealings.shop"
45.148.10.244 - - [21/Jul/2026:20:10:14 +0000] "GET /wp-config.php.backup HTTP/1.1" 301 - "-" "Mozilla/5.0 (compatible; pathscan/1.0)"
45.148.10.244 - - [21/Jul/2026:20:10:15 +0000] "GET /.env.dev HTTP/1.1" 301 - "-" "Mozilla/5.0 (compatible; pathscan/1.0)"
198.177.124.148 - - [21/Jul/2026:20:10:17 +0000] "POST /wp-cron.php?doing_wp_cron=1784664617.6003940105438232421875 HTTP/1.1" 200 - "-" "WordPress/7.0.2; https://tradedealings.shop"
45.148.10.244 - - [21/Jul/2026:20:10:15 +0000] "GET /test/ HTTP/1.1" 301 - "-" "Mozilla/5.0 (compatible; pathscan/1.0)"
45.148.10.244 - - [21/Jul/2026:20:10:17 +0000] "GET /wp-config.php.backup HTTP/1.1" 404 63779 "https://www.tradedealings.shop/wp-config.php.backup" "Mozilla/5.0 (compatible; pathscan/1.0)"
45.148.10.244 - - [21/Jul/2026:20:10:20 +0000] "GET /.env.dev HTTP/1.1" 404 63767 "https://www.tradedealings.shop/.env.dev" "Mozilla/5.0 (compatible; pathscan/1.0)"
45.148.10.244 - - [21/Jul/2026:20:10:21 +0000] "GET /.env.sample HTTP/1.1" 301 - "-" "Mozilla/5.0 (compatible; pathscan/1.0)"
45.148.10.244 - - [21/Jul/2026:20:10:21 +0000] "GET /test/ HTTP/1.1" 404 63764 "https://www.tradedealings.shop/test/" "Mozilla/5.0 (compatible; pathscan/1.0)"
45.148.10.244 - - [21/Jul/2026:20:10:26 +0000] "GET /.env.sample HTTP/1.1" 404 63770 "https://www.tradedealings.shop/.env.sample" "Mozilla/5.0 (compatible; pathscan/1.0)"
45.148.10.244 - - [21/Jul/2026:20:10:27 +0000] "GET /wp-content/mysql.sql HTTP/1.1" 301 - "-" "Mozilla/5.0 (compatible; pathscan/1.0)"
45.148.10.244 - - [21/Jul/2026:20:10:29 +0000] "GET /app_dev.php/_profiler/open?file=app/config/parameters.yml HTTP/1.1" 301 - "-" "Mozilla/5.0 (compatible; pathscan/1.0)"
45.148.10.244 - - [21/Jul/2026:20:10:30 +0000] "GET /wp-content/mysql.sql HTTP/1.1" 404 63779 "https://www.tradedealings.shop/wp-content/mysql.sql" "Mozilla/5.0 (compatible; pathscan/1.0)"
45.148.10.244 - - [21/Jul/2026:20:10:31 +0000] "GET /.env.example HTTP/1.1" 301 - "-" "Mozilla/5.0 (compatible; pathscan/1.0)"
