129.205.124.206 - - [21/Jul/2026:09:45:46 +0000] "GET /wp-json/wp/v2/users/me?context=edit&_locale=user HTTP/1.1" 200 2358 "https://tradedealings.shop/wp-admin/plugins.php" "Mozilla/5.0 (Windows NT 10.0; Win64; x64) AppleWebKit/537.36 (KHTML, like Gecko) Chrome/150.0.0.0 Safari/537.36"
129.205.124.206 - - [21/Jul/2026:09:45:46 +0000] "GET /wp-admin/admin-ajax.php?action=wp-compression-test&test=1&_ajax_nonce=9d8b78a84f&1784627147162 HTTP/1.1" 200 1114 "https://tradedealings.shop/wp-admin/plugins.php" "Mozilla/5.0 (Windows NT 10.0; Win64; x64) AppleWebKit/537.36 (KHTML, like Gecko) Chrome/150.0.0.0 Safari/537.36"
129.205.124.206 - - [21/Jul/2026:09:45:47 +0000] "GET /favicon.ico HTTP/1.1" 302 - "https://tradedealings.shop/wp-admin/plugins.php" "Mozilla/5.0 (Windows NT 10.0; Win64; x64) AppleWebKit/537.36 (KHTML, like Gecko) Chrome/150.0.0.0 Safari/537.36"
129.205.124.206 - - [21/Jul/2026:09:45:48 +0000] "GET /wp-admin/admin-ajax.php?action=wp-compression-test&test=2&_ajax_nonce=9d8b78a84f&1784627149152 HTTP/1.1" 200 572 "https://tradedealings.shop/wp-admin/plugins.php" "Mozilla/5.0 (Windows NT 10.0; Win64; x64) AppleWebKit/537.36 (KHTML, like Gecko) Chrome/150.0.0.0 Safari/537.36"
129.205.124.206 - - [21/Jul/2026:09:45:49 +0000] "GET /wp-admin/admin-ajax.php?action=wp-compression-test&test=yes&_ajax_nonce=9d8b78a84f&1784627150945 HTTP/1.1" 200 1 "https://tradedealings.shop/wp-admin/plugins.php" "Mozilla/5.0 (Windows NT 10.0; Win64; x64) AppleWebKit/537.36 (KHTML, like Gecko) Chrome/150.0.0.0 Safari/537.36"
198.177.124.148 - - [21/Jul/2026:09:46:40 +0000] "POST /wp-cron.php?doing_wp_cron=1784627199.8348629474639892578125 HTTP/1.1" 200 - "-" "WordPress/7.0.2; https://tradedealings.shop"
216.73.216.68 - - [21/Jul/2026:09:46:38 +0000] "GET /robots.txt HTTP/1.1" 200 119 "-" "Mozilla/5.0 AppleWebKit/537.36 (KHTML, like Gecko; compatible; ClaudeBot/1.0; +claudebot@anthropic.com)"
129.205.124.206 - - [21/Jul/2026:09:46:39 +0000] "POST /wp-admin/admin-ajax.php HTTP/1.1" 200 1817 "https://tradedealings.shop/wp-admin/plugins.php?s=Wp%20form&plugin_status=all" "Mozilla/5.0 (Windows NT 10.0; Win64; x64) AppleWebKit/537.36 (KHTML, like Gecko) Chrome/150.0.0.0 Safari/537.36"
216.73.216.68 - - [21/Jul/2026:09:46:41 +0000] "GET /wp-sitemap.xml HTTP/1.1" 200 552 "-" "Mozilla/5.0 AppleWebKit/537.36 (KHTML, like Gecko; compatible; ClaudeBot/1.0; +claudebot@anthropic.com)"
129.205.124.206 - - [21/Jul/2026:09:46:40 +0000] "GET /wp-admin/plugin-install.php HTTP/1.1" 200 132022 "https://tradedealings.shop/wp-admin/plugins.php?s=Wp%20form&plugin_status=all" "Mozilla/5.0 (Windows NT 10.0; Win64; x64) AppleWebKit/537.36 (KHTML, like Gecko) Chrome/150.0.0.0 Safari/537.36"
129.205.124.206 - - [21/Jul/2026:09:46:44 +0000] "GET /wp-admin/load-scripts.php?c=1&load%5Bchunk_0%5D=jquery-core,jquery-migrate,utils&ver=7.0.2 HTTP/1.1" 200 102997 "https://tradedealings.shop/wp-admin/plugin-install.php" "Mozilla/5.0 (Windows NT 10.0; Win64; x64) AppleWebKit/537.36 (KHTML, like Gecko) Chrome/150.0.0.0 Safari/537.36"
129.205.124.206 - - [21/Jul/2026:09:46:44 +0000] "GET /wp-admin/load-styles.php?c=1&dir=ltr&load%5Bchunk_0%5D=dashicons,admin-bar,common,forms,admin-menu,dashboard,list-tables,edit,revisions,media,themes,about,nav-menus,wp-pointer,widgets&load%5Bchunk_1%5D=,site-icon,l10n,wp-base-styles,buttons,wp-auth-check,wp-components,wp-commands&ver=7.0.2 HTTP/1.1" 200 520610 "https://tradedealings.shop/wp-admin/plugin-install.php" "Mozilla/5.0 (Windows NT 10.0; Win64; x64) AppleWebKit/537.36 (KHTML, like Gecko) Chrome/150.0.0.0 Safari/537.36"
129.205.124.206 - - [21/Jul/2026:09:46:46 +0000] "GET /wp-admin/load-scripts.php?c=1&load%5Bchunk_0%5D=hoverIntent,wp-dom-ready,wp-hooks&ver=7.0.2 HTTP/1.1" 200 7370 "https://tradedealings.shop/wp-admin/plugin-install.php" "Mozilla/5.0 (Windows NT 10.0; Win64; x64) AppleWebKit/537.36 (KHTML, like Gecko) Chrome/150.0.0.0 Safari/537.36"
129.205.124.206 - - [21/Jul/2026:09:46:46 +0000] "GET /wp-json/wp/v2/users/me?context=edit&_locale=user HTTP/1.1" 200 2358 "https://tradedealings.shop/wp-admin/plugin-install.php" "Mozilla/5.0 (Windows NT 10.0; Win64; x64) AppleWebKit/537.36 (KHTML, like Gecko) Chrome/150.0.0.0 Safari/537.36"
129.205.124.206 - - [21/Jul/2026:09:46:51 +0000] "POST /wp-admin/admin-ajax.php HTTP/1.1" 200 110296 "https://tradedealings.shop/wp-admin/plugin-install.php?s=Wp%2520form&tab=search&type=term" "Mozilla/5.0 (Windows NT 10.0; Win64; x64) AppleWebKit/537.36 (KHTML, like Gecko) Chrome/150.0.0.0 Safari/537.36"
129.205.124.206 - - [21/Jul/2026:09:46:55 +0000] "GET /favicon.ico HTTP/1.1" 302 - "https://tradedealings.shop/wp-admin/plugin-install.php?s=Wp%2520form&tab=search&type=term" "Mozilla/5.0 (Windows NT 10.0; Win64; x64) AppleWebKit/537.36 (KHTML, like Gecko) Chrome/150.0.0.0 Safari/537.36"
129.205.124.206 - - [21/Jul/2026:09:47:01 +0000] "POST /wp-admin/admin-ajax.php HTTP/1.1" 200 331 "https://tradedealings.shop/wp-admin/plugin-install.php?s=Wp%2520form&tab=search&type=term" "Mozilla/5.0 (Windows NT 10.0; Win64; x64) AppleWebKit/537.36 (KHTML, like Gecko) Chrome/150.0.0.0 Safari/537.36"
129.205.124.206 - - [21/Jul/2026:09:47:09 +0000] "POST /wp-admin/admin-ajax.php HTTP/1.1" 200 297 "https://tradedealings.shop/wp-admin/plugin-install.php?s=Wp%2520form&tab=search&type=term" "Mozilla/5.0 (Windows NT 10.0; Win64; x64) AppleWebKit/537.36 (KHTML, like Gecko) Chrome/150.0.0.0 Safari/537.36"
198.177.124.148 - - [21/Jul/2026:09:47:14 +0000] "POST /wp-cron.php?doing_wp_cron=1784627234.0691130161285400390625 HTTP/1.1" 200 - "-" "WordPress/7.0.2; https://tradedealings.shop"
129.205.124.206 - - [21/Jul/2026:09:47:12 +0000] "GET /wp-admin/plugins.php?_wpnonce=a8757e808d&action=activate&plugin=wpforms-lite/wpforms.php HTTP/1.1" 302 - "https://tradedealings.shop/wp-admin/plugin-install.php?s=Wp%2520form&tab=search&type=term" "Mozilla/5.0 (Windows NT 10.0; Win64; x64) AppleWebKit/537.36 (KHTML, like Gecko) Chrome/150.0.0.0 Safari/537.36"
129.205.124.206 - - [21/Jul/2026:09:47:14 +0000] "GET /wp-admin/plugins.php?activate=true&plugin_status=all&paged=1&s= HTTP/1.1" 200 1067 "https://tradedealings.shop/wp-admin/plugin-install.php?s=Wp%2520form&tab=search&type=term" "Mozilla/5.0 (Windows NT 10.0; Win64; x64) AppleWebKit/537.36 (KHTML, like Gecko) Chrome/150.0.0.0 Safari/537.36"
198.177.124.148 - - [21/Jul/2026:09:47:19 +0000] "POST /wp-cron.php?doing_wp_cron=1784627239.2400629520416259765625 HTTP/1.1" 200 - "-" "WordPress/7.0.2; https://tradedealings.shop"
34.96.46.9 - - [21/Jul/2026:09:47:18 +0000] "GET /wp-json/wpforms/v1/setup-wizard/hydrate HTTP/1.1" 200 1242 "-" "GuzzleHttp/7"
129.205.124.206 - - [21/Jul/2026:09:47:26 +0000] "GET /wp-admin/plugin-install.php?s=Wp%2520form&tab=search&type=term HTTP/1.1" 200 203767 "https://tradedealings.shop/wp-admin/plugins.php?s=Wp%20form&plugin_status=all" "Mozilla/5.0 (Windows NT 10.0; Win64; x64) AppleWebKit/537.36 (KHTML, like Gecko) Chrome/150.0.0.0 Safari/537.36"
129.205.124.206 - - [21/Jul/2026:09:47:29 +0000] "GET /wp-content/plugins/wpforms-lite/assets/lib/font-awesome/css/all.min.css?ver=7.0.1 HTTP/1.1" 200 74320 "https://tradedealings.shop/wp-admin/plugin-install.php?s=Wp%2520form&tab=search&type=term" "Mozilla/5.0 (Windows NT 10.0; Win64; x64) AppleWebKit/537.36 (KHTML, like Gecko) Chrome/150.0.0.0 Safari/537.36"
129.205.124.206 - - [21/Jul/2026:09:47:29 +0000] "GET /wp-content/plugins/wpforms-lite/assets/lib/font-awesome/css/v4-shims.min.css?ver=4.7.0 HTTP/1.1" 200 21210 "https://tradedealings.shop/wp-admin/plugin-install.php?s=Wp%2520form&tab=search&type=term" "Mozilla/5.0 (Windows NT 10.0; Win64; x64) AppleWebKit/537.36 (KHTML, like Gecko) Chrome/150.0.0.0 Safari/537.36"
129.205.124.206 - - [21/Jul/2026:09:47:30 +0000] "GET /wp-content/plugins/wpforms-lite/assets/css/admin-bar.min.css?ver=2.0.0.2 HTTP/1.1" 200 1443 "https://tradedealings.shop/wp-admin/plugin-install.php?s=Wp%2520form&tab=search&type=term" "Mozilla/5.0 (Windows NT 10.0; Win64; x64) AppleWebKit/537.36 (KHTML, like Gecko) Chrome/150.0.0.0 Safari/537.36"
129.205.124.206 - - [21/Jul/2026:09:47:30 +0000] "GET /wp-json/wp/v2/users/me?context=edit&_locale=user HTTP/1.1" 200 2358 "https://tradedealings.shop/wp-admin/plugin-install.php?s=Wp%2520form&tab=search&type=term" "Mozilla/5.0 (Windows NT 10.0; Win64; x64) AppleWebKit/537.36 (KHTML, like Gecko) Chrome/150.0.0.0 Safari/537.36"
129.205.124.206 - - [21/Jul/2026:09:47:31 +0000] "GET /favicon.ico HTTP/1.1" 302 - "https://tradedealings.shop/wp-admin/plugin-install.php?s=Wp%2520form&tab=search&type=term" "Mozilla/5.0 (Windows NT 10.0; Win64; x64) AppleWebKit/537.36 (KHTML, like Gecko) Chrome/150.0.0.0 Safari/537.36"
129.205.124.206 - - [21/Jul/2026:09:47:44 +0000] "POST /wp-admin/admin-ajax.php HTTP/1.1" 200 106595 "https://tradedealings.shop/wp-admin/plugin-install.php?s=elemento&tab=search&type=term" "Mozilla/5.0 (Windows NT 10.0; Win64; x64) AppleWebKit/537.36 (KHTML, like Gecko) Chrome/150.0.0.0 Safari/537.36"
129.205.124.206 - - [21/Jul/2026:09:47:45 +0000] "POST /wp-admin/admin-ajax.php HTTP/1.1" 200 116878 "https://tradedealings.shop/wp-admin/plugin-install.php?s=elementor&tab=search&type=term" "Mozilla/5.0 (Windows NT 10.0; Win64; x64) AppleWebKit/537.36 (KHTML, like Gecko) Chrome/150.0.0.0 Safari/537.36"
205.169.39.166 - - [21/Jul/2026:09:47:48 +0000] "GET /favicon.ico HTTP/1.1" 302 - "-" "Mozilla/5.0 (Windows NT 6.1; Win64; x64) AppleWebKit/537.36 (KHTML, like Gecko) Chrome/83.0.4103.61 Safari/537.36"
205.169.39.166 - - [21/Jul/2026:09:47:49 +0000] "GET /wp-includes/images/w-logo-blue-white-bg.png HTTP/1.1" 200 4119 "-" "Mozilla/5.0 (Windows NT 6.1; Win64; x64) AppleWebKit/537.36 (KHTML, like Gecko) Chrome/83.0.4103.61 Safari/537.36"
129.205.124.206 - - [21/Jul/2026:09:47:57 +0000] "POST /wp-admin/admin-ajax.php HTTP/1.1" 200 278 "https://tradedealings.shop/wp-admin/plugin-install.php?s=elementor&tab=search&type=term" "Mozilla/5.0 (Windows NT 10.0; Win64; x64) AppleWebKit/537.36 (KHTML, like Gecko) Chrome/150.0.0.0 Safari/537.36"
129.205.124.206 - - [21/Jul/2026:09:48:07 +0000] "POST /wp-admin/admin-ajax.php HTTP/1.1" 200 289 "https://tradedealings.shop/wp-admin/plugin-install.php?s=elementor&tab=search&type=term" "Mozilla/5.0 (Windows NT 10.0; Win64; x64) AppleWebKit/537.36 (KHTML, like Gecko) Chrome/150.0.0.0 Safari/537.36"
198.177.124.148 - - [21/Jul/2026:09:48:11 +0000] "POST /wp-cron.php?doing_wp_cron=1784627291.0269129276275634765625 HTTP/1.1" 200 - "-" "WordPress/7.0.2; https://tradedealings.shop"
129.205.124.206 - - [21/Jul/2026:09:48:09 +0000] "GET /wp-admin/plugins.php?_wpnonce=975d52ca41&action=activate&plugin=elementor/elementor.php HTTP/1.1" 302 - "https://tradedealings.shop/wp-admin/plugin-install.php?s=elementor&tab=search&type=term" "Mozilla/5.0 (Windows NT 10.0; Win64; x64) AppleWebKit/537.36 (KHTML, like Gecko) Chrome/150.0.0.0 Safari/537.36"
129.205.124.206 - - [21/Jul/2026:09:48:11 +0000] "GET /wp-admin/plugins.php?activate=true&plugin_status=all&paged=1&s= HTTP/1.1" 302 - "https://tradedealings.shop/wp-admin/plugin-install.php?s=elementor&tab=search&type=term" "Mozilla/5.0 (Windows NT 10.0; Win64; x64) AppleWebKit/537.36 (KHTML, like Gecko) Chrome/150.0.0.0 Safari/537.36"
198.177.124.148 - - [21/Jul/2026:09:48:17 +0000] "POST /wp-cron.php?doing_wp_cron=1784627297.0156130790710449218750 HTTP/1.1" 200 - "-" "WordPress/7.0.2; https://tradedealings.shop"
129.205.124.206 - - [21/Jul/2026:09:48:14 +0000] "GET /wp-admin/plugins.php?_wpnonce=975d52ca41&action=activate&plugin=elementor/elementor.php HTTP/1.1" 302 - "https://tradedealings.shop/wp-admin/plugin-install.php?s=elementor&tab=search&type=term" "Mozilla/5.0 (Windows NT 10.0; Win64; x64) AppleWebKit/537.36 (KHTML, like Gecko) Chrome/150.0.0.0 Safari/537.36"
129.205.124.206 - - [21/Jul/2026:09:48:20 +0000] "GET /wp-content/plugins/elementor/vendor/elementor/wp-one-package/assets/build/common.css?ver=1.0.68 HTTP/1.1" 200 1562 "https://tradedealings.shop/wp-admin/plugins.php?activate=true&plugin_status=all&paged=1&s=" "Mozilla/5.0 (Windows NT 10.0; Win64; x64) AppleWebKit/537.36 (KHTML, like Gecko) Chrome/150.0.0.0 Safari/537.36"
129.205.124.206 - - [21/Jul/2026:09:48:17 +0000] "GET /wp-admin/plugins.php?activate=true&plugin_status=all&paged=1&s= HTTP/1.1" 200 171228 "https://tradedealings.shop/wp-admin/plugin-install.php?s=elementor&tab=search&type=term" "Mozilla/5.0 (Windows NT 10.0; Win64; x64) AppleWebKit/537.36 (KHTML, like Gecko) Chrome/150.0.0.0 Safari/537.36"
129.205.124.206 - - [21/Jul/2026:09:48:20 +0000] "GET /wp-content/plugins/elementor/assets/css/modules/editor-one/admin-menu.min.css?ver=4.2.0 HTTP/1.1" 200 5462 "https://tradedealings.shop/wp-admin/plugins.php?activate=true&plugin_status=all&paged=1&s=" "Mozilla/5.0 (Windows NT 10.0; Win64; x64) AppleWebKit/537.36 (KHTML, like Gecko) Chrome/150.0.0.0 Safari/537.36"
129.205.124.206 - - [21/Jul/2026:09:48:21 +0000] "GET /wp-content/plugins/elementor/assets/lib/eicons/css/elementor-icons.min.css?ver=5.53.0 HTTP/1.1" 200 22258 "https://tradedealings.shop/wp-admin/plugins.php?activate=true&plugin_status=all&paged=1&s=" "Mozilla/5.0 (Windows NT 10.0; Win64; x64) AppleWebKit/537.36 (KHTML, like Gecko) Chrome/150.0.0.0 Safari/537.36"
129.205.124.206 - - [21/Jul/2026:09:48:21 +0000] "GET /wp-content/plugins/elementor/assets/css/common.min.css?ver=4.2.0 HTTP/1.1" 200 25438 "https://tradedealings.shop/wp-admin/plugins.php?activate=true&plugin_status=all&paged=1&s=" "Mozilla/5.0 (Windows NT 10.0; Win64; x64) AppleWebKit/537.36 (KHTML, like Gecko) Chrome/150.0.0.0 Safari/537.36"
129.205.124.206 - - [21/Jul/2026:09:48:21 +0000] "GET /wp-content/plugins/elementor/assets/css/theme-light.min.css?ver=4.2.0 HTTP/1.1" 200 2367 "https://tradedealings.shop/wp-admin/plugins.php?activate=true&plugin_status=all&paged=1&s=" "Mozilla/5.0 (Windows NT 10.0; Win64; x64) AppleWebKit/537.36 (KHTML, like Gecko) Chrome/150.0.0.0 Safari/537.36"
129.205.124.206 - - [21/Jul/2026:09:48:21 +0000] "GET /wp-content/plugins/elementor/assets/css/modules/promotions/conversion-banner.css?ver=4.2.0 HTTP/1.1" 200 2347 "https://tradedealings.shop/wp-admin/plugins.php?activate=true&plugin_status=all&paged=1&s=" "Mozilla/5.0 (Windows NT 10.0; Win64; x64) AppleWebKit/537.36 (KHTML, like Gecko) Chrome/150.0.0.0 Safari/537.36"
129.205.124.206 - - [21/Jul/2026:09:48:21 +0000] "GET /wp-content/plugins/wpforms-lite/assets/lib/font-awesome/css/all.min.css?ver=7.0.1 HTTP/1.1" 304 - "https://tradedealings.shop/wp-admin/plugins.php?activate=true&plugin_status=all&paged=1&s=" "Mozilla/5.0 (Windows NT 10.0; Win64; x64) AppleWebKit/537.36 (KHTML, like Gecko) Chrome/150.0.0.0 Safari/537.36"
129.205.124.206 - - [21/Jul/2026:09:48:21 +0000] "GET /wp-content/plugins/wpforms-lite/assets/lib/font-awesome/css/v4-shims.min.css?ver=4.7.0 HTTP/1.1" 304 - "https://tradedealings.shop/wp-admin/plugins.php?activate=true&plugin_status=all&paged=1&s=" "Mozilla/5.0 (Windows NT 10.0; Win64; x64) AppleWebKit/537.36 (KHTML, like Gecko) Chrome/150.0.0.0 Safari/537.36"
129.205.124.206 - - [21/Jul/2026:09:48:21 +0000] "GET /wp-content/plugins/wpforms-lite/assets/css/admin-bar.min.css?ver=2.0.0.2 HTTP/1.1" 304 - "https://tradedealings.shop/wp-admin/plugins.php?activate=true&plugin_status=all&paged=1&s=" "Mozilla/5.0 (Windows NT 10.0; Win64; x64) AppleWebKit/537.36 (KHTML, like Gecko) Chrome/150.0.0.0 Safari/537.36"
129.205.124.206 - - [21/Jul/2026:09:48:21 +0000] "GET /wp-content/plugins/elementor/assets/css/admin.min.css?ver=4.2.0 HTTP/1.1" 200 138649 "https://tradedealings.shop/wp-admin/plugins.php?activate=true&plugin_status=all&paged=1&s=" "Mozilla/5.0 (Windows NT 10.0; Win64; x64) AppleWebKit/537.36 (KHTML, like Gecko) Chrome/150.0.0.0 Safari/537.36"
129.205.124.206 - - [21/Jul/2026:09:48:21 +0000] "GET /wp-includes/js/jquery/ui/draggable.min.js?ver=1.13.3 HTTP/1.1" 200 18420 "https://tradedealings.shop/wp-admin/plugins.php?activate=true&plugin_status=all&paged=1&s=" "Mozilla/5.0 (Windows NT 10.0; Win64; x64) AppleWebKit/537.36 (KHTML, like Gecko) Chrome/150.0.0.0 Safari/537.36"
129.205.124.206 - - [21/Jul/2026:09:48:21 +0000] "GET /wp-includes/js/backbone.min.js?ver=1.6.1 HTTP/1.1" 200 24314 "https://tradedealings.shop/wp-admin/plugins.php?activate=true&plugin_status=all&paged=1&s=" "Mozilla/5.0 (Windows NT 10.0; Win64; x64) AppleWebKit/537.36 (KHTML, like Gecko) Chrome/150.0.0.0 Safari/537.36"
129.205.124.206 - - [21/Jul/2026:09:48:22 +0000] "GET /wp-content/plugins/elementor/assets/lib/backbone/backbone.marionette.min.js?ver=2.4.5.e1 HTTP/1.1" 200 45156 "https://tradedealings.shop/wp-admin/plugins.php?activate=true&plugin_status=all&paged=1&s=" "Mozilla/5.0 (Windows NT 10.0; Win64; x64) AppleWebKit/537.36 (KHTML, like Gecko) Chrome/150.0.0.0 Safari/537.36"
129.205.124.206 - - [21/Jul/2026:09:48:22 +0000] "GET /wp-content/plugins/elementor/assets/lib/backbone/backbone.radio.min.js?ver=1.0.4 HTTP/1.1" 200 3753 "https://tradedealings.shop/wp-admin/plugins.php?activate=true&plugin_status=all&paged=1&s=" "Mozilla/5.0 (Windows NT 10.0; Win64; x64) AppleWebKit/537.36 (KHTML, like Gecko) Chrome/150.0.0.0 Safari/537.36"
129.205.124.206 - - [21/Jul/2026:09:48:22 +0000] "GET /wp-content/plugins/elementor/assets/js/vendors-redux.min.js?ver=4.2.0 HTTP/1.1" 200 69128 "https://tradedealings.shop/wp-admin/plugins.php?activate=true&plugin_status=all&paged=1&s=" "Mozilla/5.0 (Windows NT 10.0; Win64; x64) AppleWebKit/537.36 (KHTML, like Gecko) Chrome/150.0.0.0 Safari/537.36"
129.205.124.206 - - [21/Jul/2026:09:48:22 +0000] "GET /wp-content/plugins/elementor/assets/js/common-modules.min.js?ver=4.2.0 HTTP/1.1" 200 58348 "https://tradedealings.shop/wp-admin/plugins.php?activate=true&plugin_status=all&paged=1&s=" "Mozilla/5.0 (Windows NT 10.0; Win64; x64) AppleWebKit/537.36 (KHTML, like Gecko) Chrome/150.0.0.0 Safari/537.36"
129.205.124.206 - - [21/Jul/2026:09:48:22 +0000] "GET /wp-content/plugins/elementor/assets/lib/dialog/dialog.min.js?ver=4.9.0 HTTP/1.1" 200 11622 "https://tradedealings.shop/wp-admin/plugins.php?activate=true&plugin_status=all&paged=1&s=" "Mozilla/5.0 (Windows NT 10.0; Win64; x64) AppleWebKit/537.36 (KHTML, like Gecko) Chrome/150.0.0.0 Safari/537.36"
129.205.124.206 - - [21/Jul/2026:09:48:22 +0000] "GET /wp-content/plugins/elementor/assets/js/web-cli.min.js?ver=4.2.0 HTTP/1.1" 200 119227 "https://tradedealings.shop/wp-admin/plugins.php?activate=true&plugin_status=all&paged=1&s=" "Mozilla/5.0 (Windows NT 10.0; Win64; x64) AppleWebKit/537.36 (KHTML, like Gecko) Chrome/150.0.0.0 Safari/537.36"
129.205.124.206 - - [21/Jul/2026:09:48:22 +0000] "GET /wp-content/plugins/elementor/assets/js/dev-tools.min.js?ver=4.2.0 HTTP/1.1" 200 7577 "https://tradedealings.shop/wp-admin/plugins.php?activate=true&plugin_status=all&paged=1&s=" "Mozilla/5.0 (Windows NT 10.0; Win64; x64) AppleWebKit/537.36 (KHTML, like Gecko) Chrome/150.0.0.0 Safari/537.36"
129.205.124.206 - - [21/Jul/2026:09:48:22 +0000] "GET /wp-content/plugins/elementor/assets/js/app-loader.min.js?ver=4.2.0 HTTP/1.1" 200 39069 "https://tradedealings.shop/wp-admin/plugins.php?activate=true&plugin_status=all&paged=1&s=" "Mozilla/5.0 (Windows NT 10.0; Win64; x64) AppleWebKit/537.36 (KHTML, like Gecko) Chrome/150.0.0.0 Safari/537.36"
129.205.124.206 - - [21/Jul/2026:09:48:23 +0000] "GET /wp-content/plugins/elementor/vendor/elementor/wp-one-package/assets/build/common.js?ver=1f031a48279dd8a7d4bd HTTP/1.1" 200 187 "https://tradedealings.shop/wp-admin/plugins.php?activate=true&plugin_status=all&paged=1&s=" "Mozilla/5.0 (Windows NT 10.0; Win64; x64) AppleWebKit/537.36 (KHTML, like Gecko) Chrome/150.0.0.0 Safari/537.36"
129.205.124.206 - - [21/Jul/2026:09:48:23 +0000] "GET /wp-content/plugins/elementor/assets/js/editor-one-menu.min.js?ver=4.2.0 HTTP/1.1" 200 30955 "https://tradedealings.shop/wp-admin/plugins.php?activate=true&plugin_status=all&paged=1&s=" "Mozilla/5.0 (Windows NT 10.0; Win64; x64) AppleWebKit/537.36 (KHTML, like Gecko) Chrome/150.0.0.0 Safari/537.36"
129.205.124.206 - - [21/Jul/2026:09:48:23 +0000] "GET /wp-content/plugins/elementor/assets/js/import-export-admin.min.js?ver=4.2.0 HTTP/1.1" 200 6529 "https://tradedealings.shop/wp-admin/plugins.php?activate=true&plugin_status=all&paged=1&s=" "Mozilla/5.0 (Windows NT 10.0; Win64; x64) AppleWebKit/537.36 (KHTML, like Gecko) Chrome/150.0.0.0 Safari/537.36"
129.205.124.206 - - [21/Jul/2026:09:48:23 +0000] "GET /wp-content/plugins/elementor/assets/js/import-export-customization-admin.min.js?ver=4.2.0 HTTP/1.1" 200 38535 "https://tradedealings.shop/wp-admin/plugins.php?activate=true&plugin_status=all&paged=1&s=" "Mozilla/5.0 (Windows NT 10.0; Win64; x64) AppleWebKit/537.36 (KHTML, like Gecko) Chrome/150.0.0.0 Safari/537.36"
129.205.124.206 - - [21/Jul/2026:09:48:23 +0000] "GET /wp-content/plugins/elementor/assets/js/admin-modules.min.js?ver=4.2.0 HTTP/1.1" 200 15736 "https://tradedealings.shop/wp-admin/plugins.php?activate=true&plugin_status=all&paged=1&s=" "Mozilla/5.0 (Windows NT 10.0; Win64; x64) AppleWebKit/537.36 (KHTML, like Gecko) Chrome/150.0.0.0 Safari/537.36"
129.205.124.206 - - [21/Jul/2026:09:48:23 +0000] "GET /wp-content/plugins/elementor/assets/js/admin.min.js?ver=4.2.0 HTTP/1.1" 200 90336 "https://tradedealings.shop/wp-admin/plugins.php?activate=true&plugin_status=all&paged=1&s=" "Mozilla/5.0 (Windows NT 10.0; Win64; x64) AppleWebKit/537.36 (KHTML, like Gecko) Chrome/150.0.0.0 Safari/537.36"
129.205.124.206 - - [21/Jul/2026:09:48:23 +0000] "GET /wp-content/plugins/elementor/assets/js/media-hints.min.js?ver=4.2.0 HTTP/1.1" 200 6122 "https://tradedealings.shop/wp-admin/plugins.php?activate=true&plugin_status=all&paged=1&s=" "Mozilla/5.0 (Windows NT 10.0; Win64; x64) AppleWebKit/537.36 (KHTML, like Gecko) Chrome/150.0.0.0 Safari/537.36"
198.177.124.148 - - [21/Jul/2026:09:48:16 +0000] "POST /wp-admin/admin-ajax.php?action=as_async_request_queue_runner&nonce=b90d1caf99 HTTP/1.1" 200 - "-" "WordPress/7.0.2; https://tradedealings.shop"
129.205.124.206 - - [21/Jul/2026:09:48:24 +0000] "GET /wp-content/plugins/elementor/assets/js/e-conversion-banner.min.js?ver=4.2.0 HTTP/1.1" 200 8569 "https://tradedealings.shop/wp-admin/plugins.php?activate=true&plugin_status=all&paged=1&s=" "Mozilla/5.0 (Windows NT 10.0; Win64; x64) AppleWebKit/537.36 (KHTML, like Gecko) Chrome/150.0.0.0 Safari/537.36"
129.205.124.206 - - [21/Jul/2026:09:48:22 +0000] "GET /wp-content/plugins/elementor/assets/js/common.min.js?ver=4.2.0 HTTP/1.1" 200 488681 "https://tradedealings.shop/wp-admin/plugins.php?activate=true&plugin_status=all&paged=1&s=" "Mozilla/5.0 (Windows NT 10.0; Win64; x64) AppleWebKit/537.36 (KHTML, like Gecko) Chrome/150.0.0.0 Safari/537.36"
129.205.124.206 - - [21/Jul/2026:09:48:24 +0000] "GET /wp-content/plugins/elementor/assets/js/admin-feedback.min.js?ver=4.2.0 HTTP/1.1" 200 1913 "https://tradedealings.shop/wp-admin/plugins.php?activate=true&plugin_status=all&paged=1&s=" "Mozilla/5.0 (Windows NT 10.0; Win64; x64) AppleWebKit/537.36 (KHTML, like Gecko) Chrome/150.0.0.0 Safari/537.36"
129.205.124.206 - - [21/Jul/2026:09:48:24 +0000] "GET /wp-content/plugins/elementor/assets/js/packages/elementor-capabilities-mcp/elementor-capabilities-mcp.min.js?ver=4.2.0 HTTP/1.1" 200 11326 "https://tradedealings.shop/wp-admin/plugins.php?activate=true&plugin_status=all&paged=1&s=" "Mozilla/5.0 (Windows NT 10.0; Win64; x64) AppleWebKit/537.36 (KHTML, like Gecko) Chrome/150.0.0.0 Safari/537.36"
129.205.124.206 - - [21/Jul/2026:09:48:24 +0000] "GET /wp-content/plugins/elementor/assets/js/packages/schema/schema.min.js?ver=4.2.0 HTTP/1.1" 200 349319 "https://tradedealings.shop/wp-admin/plugins.php?activate=true&plugin_status=all&paged=1&s=" "Mozilla/5.0 (Windows NT 10.0; Win64; x64) AppleWebKit/537.36 (KHTML, like Gecko) Chrome/150.0.0.0 Safari/537.36"
129.205.124.206 - - [21/Jul/2026:09:48:24 +0000] "GET /wp-content/plugins/elementor/assets/js/packages/editor-mcp/editor-mcp.min.js?ver=4.2.0 HTTP/1.1" 200 791399 "https://tradedealings.shop/wp-admin/plugins.php?activate=true&plugin_status=all&paged=1&s=" "Mozilla/5.0 (Windows NT 10.0; Win64; x64) AppleWebKit/537.36 (KHTML, like Gecko) Chrome/150.0.0.0 Safari/537.36"
129.205.124.206 - - [21/Jul/2026:09:48:24 +0000] "GET /wp-content/plugins/elementor/assets/js/packages/elementor-mcp-common/elementor-mcp-common.min.js?ver=4.2.0 HTTP/1.1" 200 638399 "https://tradedealings.shop/wp-admin/plugins.php?activate=true&plugin_status=all&paged=1&s=" "Mozilla/5.0 (Windows NT 10.0; Win64; x64) AppleWebKit/537.36 (KHTML, like Gecko) Chrome/150.0.0.0 Safari/537.36"
129.205.124.206 - - [21/Jul/2026:09:48:25 +0000] "GET /wp-json/wp/v2/users/me?context=edit&_locale=user HTTP/1.1" 200 2623 "https://tradedealings.shop/wp-admin/plugins.php?plugin_status=all&paged=1&s" "Mozilla/5.0 (Windows NT 10.0; Win64; x64) AppleWebKit/537.36 (KHTML, like Gecko) Chrome/150.0.0.0 Safari/537.36"
129.205.124.206 - - [21/Jul/2026:09:48:27 +0000] "GET /favicon.ico HTTP/1.1" 302 - "https://tradedealings.shop/wp-admin/plugins.php?plugin_status=all&paged=1&s" "Mozilla/5.0 (Windows NT 10.0; Win64; x64) AppleWebKit/537.36 (KHTML, like Gecko) Chrome/150.0.0.0 Safari/537.36"
129.205.124.206 - - [21/Jul/2026:09:49:00 +0000] "POST /wp-admin/admin-ajax.php HTTP/1.1" 200 7603 "https://tradedealings.shop/wp-admin/plugins.php?s=pixel&plugin_status=all" "Mozilla/5.0 (Windows NT 10.0; Win64; x64) AppleWebKit/537.36 (KHTML, like Gecko) Chrome/150.0.0.0 Safari/537.36"
129.205.124.206 - - [21/Jul/2026:09:49:03 +0000] "POST /wp-admin/admin-ajax.php HTTP/1.1" 200 1835 "https://tradedealings.shop/wp-admin/plugins.php?s=pixelyoursite&plugin_status=all" "Mozilla/5.0 (Windows NT 10.0; Win64; x64) AppleWebKit/537.36 (KHTML, like Gecko) Chrome/150.0.0.0 Safari/537.36"
198.177.124.148 - - [21/Jul/2026:09:49:15 +0000] "POST /wp-cron.php?doing_wp_cron=1784627355.7098939418792724609375 HTTP/1.1" 200 - "-" "WordPress/7.0.2; https://tradedealings.shop"
129.205.124.206 - - [21/Jul/2026:09:49:13 +0000] "GET /wp-admin/plugin-install.php HTTP/1.1" 200 190353 "https://tradedealings.shop/wp-admin/plugins.php?s=pixelyoursite&plugin_status=all" "Mozilla/5.0 (Windows NT 10.0; Win64; x64) AppleWebKit/537.36 (KHTML, like Gecko) Chrome/150.0.0.0 Safari/537.36"
129.205.124.206 - - [21/Jul/2026:09:49:16 +0000] "GET /wp-content/plugins/wpforms-lite/assets/lib/font-awesome/css/all.min.css?ver=7.0.1 HTTP/1.1" 304 - "https://tradedealings.shop/wp-admin/plugin-install.php" "Mozilla/5.0 (Windows NT 10.0; Win64; x64) AppleWebKit/537.36 (KHTML, like Gecko) Chrome/150.0.0.0 Safari/537.36"
129.205.124.206 - - [21/Jul/2026:09:49:16 +0000] "GET /wp-content/plugins/wpforms-lite/assets/lib/font-awesome/css/v4-shims.min.css?ver=4.7.0 HTTP/1.1" 304 - "https://tradedealings.shop/wp-admin/plugin-install.php" "Mozilla/5.0 (Windows NT 10.0; Win64; x64) AppleWebKit/537.36 (KHTML, like Gecko) Chrome/150.0.0.0 Safari/537.36"
129.205.124.206 - - [21/Jul/2026:09:49:16 +0000] "GET /wp-content/plugins/elementor/vendor/elementor/wp-one-package/assets/build/common.css?ver=1.0.68 HTTP/1.1" 304 - "https://tradedealings.shop/wp-admin/plugin-install.php" "Mozilla/5.0 (Windows NT 10.0; Win64; x64) AppleWebKit/537.36 (KHTML, like Gecko) Chrome/150.0.0.0 Safari/537.36"
129.205.124.206 - - [21/Jul/2026:09:49:16 +0000] "GET /wp-content/plugins/elementor/assets/css/modules/editor-one/admin-menu.min.css?ver=4.2.0 HTTP/1.1" 304 - "https://tradedealings.shop/wp-admin/plugin-install.php" "Mozilla/5.0 (Windows NT 10.0; Win64; x64) AppleWebKit/537.36 (KHTML, like Gecko) Chrome/150.0.0.0 Safari/537.36"
129.205.124.206 - - [21/Jul/2026:09:49:16 +0000] "GET /wp-content/plugins/elementor/assets/lib/eicons/css/elementor-icons.min.css?ver=5.53.0 HTTP/1.1" 304 - "https://tradedealings.shop/wp-admin/plugin-install.php" "Mozilla/5.0 (Windows NT 10.0; Win64; x64) AppleWebKit/537.36 (KHTML, like Gecko) Chrome/150.0.0.0 Safari/537.36"
129.205.124.206 - - [21/Jul/2026:09:49:16 +0000] "GET /wp-content/plugins/elementor/assets/css/common.min.css?ver=4.2.0 HTTP/1.1" 304 - "https://tradedealings.shop/wp-admin/plugin-install.php" "Mozilla/5.0 (Windows NT 10.0; Win64; x64) AppleWebKit/537.36 (KHTML, like Gecko) Chrome/150.0.0.0 Safari/537.36"
129.205.124.206 - - [21/Jul/2026:09:49:16 +0000] "GET /wp-content/plugins/elementor/assets/css/theme-light.min.css?ver=4.2.0 HTTP/1.1" 304 - "https://tradedealings.shop/wp-admin/plugin-install.php" "Mozilla/5.0 (Windows NT 10.0; Win64; x64) AppleWebKit/537.36 (KHTML, like Gecko) Chrome/150.0.0.0 Safari/537.36"
129.205.124.206 - - [21/Jul/2026:09:49:16 +0000] "GET /wp-content/plugins/elementor/assets/css/admin.min.css?ver=4.2.0 HTTP/1.1" 304 - "https://tradedealings.shop/wp-admin/plugin-install.php" "Mozilla/5.0 (Windows NT 10.0; Win64; x64) AppleWebKit/537.36 (KHTML, like Gecko) Chrome/150.0.0.0 Safari/537.36"
129.205.124.206 - - [21/Jul/2026:09:49:16 +0000] "GET /wp-content/plugins/wpforms-lite/assets/css/admin-bar.min.css?ver=2.0.0.2 HTTP/1.1" 304 - "https://tradedealings.shop/wp-admin/plugin-install.php" "Mozilla/5.0 (Windows NT 10.0; Win64; x64) AppleWebKit/537.36 (KHTML, like Gecko) Chrome/150.0.0.0 Safari/537.36"
129.205.124.206 - - [21/Jul/2026:09:49:16 +0000] "GET /wp-content/plugins/elementor/assets/css/modules/promotions/conversion-banner.css?ver=4.2.0 HTTP/1.1" 304 - "https://tradedealings.shop/wp-admin/plugin-install.php" "Mozilla/5.0 (Windows NT 10.0; Win64; x64) AppleWebKit/537.36 (KHTML, like Gecko) Chrome/150.0.0.0 Safari/537.36"
129.205.124.206 - - [21/Jul/2026:09:49:17 +0000] "GET /wp-content/plugins/elementor/assets/lib/backbone/backbone.marionette.min.js?ver=2.4.5.e1 HTTP/1.1" 304 - "https://tradedealings.shop/wp-admin/plugin-install.php" "Mozilla/5.0 (Windows NT 10.0; Win64; x64) AppleWebKit/537.36 (KHTML, like Gecko) Chrome/150.0.0.0 Safari/537.36"
129.205.124.206 - - [21/Jul/2026:09:49:17 +0000] "GET /wp-content/plugins/elementor/assets/lib/backbone/backbone.radio.min.js?ver=1.0.4 HTTP/1.1" 304 - "https://tradedealings.shop/wp-admin/plugin-install.php" "Mozilla/5.0 (Windows NT 10.0; Win64; x64) AppleWebKit/537.36 (KHTML, like Gecko) Chrome/150.0.0.0 Safari/537.36"
129.205.124.206 - - [21/Jul/2026:09:49:17 +0000] "GET /wp-content/plugins/elementor/assets/js/vendors-redux.min.js?ver=4.2.0 HTTP/1.1" 304 - "https://tradedealings.shop/wp-admin/plugin-install.php" "Mozilla/5.0 (Windows NT 10.0; Win64; x64) AppleWebKit/537.36 (KHTML, like Gecko) Chrome/150.0.0.0 Safari/537.36"
129.205.124.206 - - [21/Jul/2026:09:49:17 +0000] "GET /wp-content/plugins/elementor/assets/js/common-modules.min.js?ver=4.2.0 HTTP/1.1" 304 - "https://tradedealings.shop/wp-admin/plugin-install.php" "Mozilla/5.0 (Windows NT 10.0; Win64; x64) AppleWebKit/537.36 (KHTML, like Gecko) Chrome/150.0.0.0 Safari/537.36"
129.205.124.206 - - [21/Jul/2026:09:49:17 +0000] "GET /wp-content/plugins/elementor/assets/js/web-cli.min.js?ver=4.2.0 HTTP/1.1" 304 - "https://tradedealings.shop/wp-admin/plugin-install.php" "Mozilla/5.0 (Windows NT 10.0; Win64; x64) AppleWebKit/537.36 (KHTML, like Gecko) Chrome/150.0.0.0 Safari/537.36"
129.205.124.206 - - [21/Jul/2026:09:49:17 +0000] "GET /wp-content/plugins/elementor/assets/lib/dialog/dialog.min.js?ver=4.9.0 HTTP/1.1" 304 - "https://tradedealings.shop/wp-admin/plugin-install.php" "Mozilla/5.0 (Windows NT 10.0; Win64; x64) AppleWebKit/537.36 (KHTML, like Gecko) Chrome/150.0.0.0 Safari/537.36"
129.205.124.206 - - [21/Jul/2026:09:49:17 +0000] "GET /wp-content/plugins/elementor/assets/js/dev-tools.min.js?ver=4.2.0 HTTP/1.1" 304 - "https://tradedealings.shop/wp-admin/plugin-install.php" "Mozilla/5.0 (Windows NT 10.0; Win64; x64) AppleWebKit/537.36 (KHTML, like Gecko) Chrome/150.0.0.0 Safari/537.36"
129.205.124.206 - - [21/Jul/2026:09:49:17 +0000] "GET /wp-content/plugins/elementor/assets/js/common.min.js?ver=4.2.0 HTTP/1.1" 304 - "https://tradedealings.shop/wp-admin/plugin-install.php" "Mozilla/5.0 (Windows NT 10.0; Win64; x64) AppleWebKit/537.36 (KHTML, like Gecko) Chrome/150.0.0.0 Safari/537.36"
129.205.124.206 - - [21/Jul/2026:09:49:17 +0000] "GET /wp-content/plugins/elementor/assets/js/app-loader.min.js?ver=4.2.0 HTTP/1.1" 304 - "https://tradedealings.shop/wp-admin/plugin-install.php" "Mozilla/5.0 (Windows NT 10.0; Win64; x64) AppleWebKit/537.36 (KHTML, like Gecko) Chrome/150.0.0.0 Safari/537.36"
129.205.124.206 - - [21/Jul/2026:09:49:17 +0000] "GET /wp-content/plugins/elementor/vendor/elementor/wp-one-package/assets/build/common.js?ver=1f031a48279dd8a7d4bd HTTP/1.1" 304 - "https://tradedealings.shop/wp-admin/plugin-install.php" "Mozilla/5.0 (Windows NT 10.0; Win64; x64) AppleWebKit/537.36 (KHTML, like Gecko) Chrome/150.0.0.0 Safari/537.36"
129.205.124.206 - - [21/Jul/2026:09:49:17 +0000] "GET /wp-content/plugins/elementor/assets/js/editor-one-menu.min.js?ver=4.2.0 HTTP/1.1" 304 - "https://tradedealings.shop/wp-admin/plugin-install.php" "Mozilla/5.0 (Windows NT 10.0; Win64; x64) AppleWebKit/537.36 (KHTML, like Gecko) Chrome/150.0.0.0 Safari/537.36"
129.205.124.206 - - [21/Jul/2026:09:49:17 +0000] "GET /wp-content/plugins/elementor/assets/js/import-export-admin.min.js?ver=4.2.0 HTTP/1.1" 304 - "https://tradedealings.shop/wp-admin/plugin-install.php" "Mozilla/5.0 (Windows NT 10.0; Win64; x64) AppleWebKit/537.36 (KHTML, like Gecko) Chrome/150.0.0.0 Safari/537.36"
129.205.124.206 - - [21/Jul/2026:09:49:18 +0000] "GET /wp-content/plugins/elementor/assets/js/import-export-customization-admin.min.js?ver=4.2.0 HTTP/1.1" 304 - "https://tradedealings.shop/wp-admin/plugin-install.php" "Mozilla/5.0 (Windows NT 10.0; Win64; x64) AppleWebKit/537.36 (KHTML, like Gecko) Chrome/150.0.0.0 Safari/537.36"
129.205.124.206 - - [21/Jul/2026:09:49:18 +0000] "GET /wp-content/plugins/elementor/assets/js/admin-modules.min.js?ver=4.2.0 HTTP/1.1" 304 - "https://tradedealings.shop/wp-admin/plugin-install.php" "Mozilla/5.0 (Windows NT 10.0; Win64; x64) AppleWebKit/537.36 (KHTML, like Gecko) Chrome/150.0.0.0 Safari/537.36"
129.205.124.206 - - [21/Jul/2026:09:49:18 +0000] "GET /wp-content/plugins/elementor/assets/js/admin.min.js?ver=4.2.0 HTTP/1.1" 304 - "https://tradedealings.shop/wp-admin/plugin-install.php" "Mozilla/5.0 (Windows NT 10.0; Win64; x64) AppleWebKit/537.36 (KHTML, like Gecko) Chrome/150.0.0.0 Safari/537.36"
129.205.124.206 - - [21/Jul/2026:09:49:18 +0000] "GET /wp-content/plugins/elementor/assets/js/media-hints.min.js?ver=4.2.0 HTTP/1.1" 304 - "https://tradedealings.shop/wp-admin/plugin-install.php" "Mozilla/5.0 (Windows NT 10.0; Win64; x64) AppleWebKit/537.36 (KHTML, like Gecko) Chrome/150.0.0.0 Safari/537.36"
129.205.124.206 - - [21/Jul/2026:09:49:18 +0000] "GET /wp-content/plugins/elementor/assets/js/e-conversion-banner.min.js?ver=4.2.0 HTTP/1.1" 304 - "https://tradedealings.shop/wp-admin/plugin-install.php" "Mozilla/5.0 (Windows NT 10.0; Win64; x64) AppleWebKit/537.36 (KHTML, like Gecko) Chrome/150.0.0.0 Safari/537.36"
129.205.124.206 - - [21/Jul/2026:09:49:18 +0000] "GET /wp-content/plugins/elementor/assets/js/packages/schema/schema.min.js?ver=4.2.0 HTTP/1.1" 304 - "https://tradedealings.shop/wp-admin/plugin-install.php" "Mozilla/5.0 (Windows NT 10.0; Win64; x64) AppleWebKit/537.36 (KHTML, like Gecko) Chrome/150.0.0.0 Safari/537.36"
129.205.124.206 - - [21/Jul/2026:09:49:18 +0000] "GET /wp-content/plugins/elementor/assets/js/packages/editor-mcp/editor-mcp.min.js?ver=4.2.0 HTTP/1.1" 304 - "https://tradedealings.shop/wp-admin/plugin-install.php" "Mozilla/5.0 (Windows NT 10.0; Win64; x64) AppleWebKit/537.36 (KHTML, like Gecko) Chrome/150.0.0.0 Safari/537.36"
129.205.124.206 - - [21/Jul/2026:09:49:18 +0000] "GET /wp-content/plugins/elementor/assets/js/packages/elementor-mcp-common/elementor-mcp-common.min.js?ver=4.2.0 HTTP/1.1" 304 - "https://tradedealings.shop/wp-admin/plugin-install.php" "Mozilla/5.0 (Windows NT 10.0; Win64; x64) AppleWebKit/537.36 (KHTML, like Gecko) Chrome/150.0.0.0 Safari/537.36"
129.205.124.206 - - [21/Jul/2026:09:49:18 +0000] "GET /wp-content/plugins/elementor/assets/js/packages/elementor-capabilities-mcp/elementor-capabilities-mcp.min.js?ver=4.2.0 HTTP/1.1" 304 - "https://tradedealings.shop/wp-admin/plugin-install.php" "Mozilla/5.0 (Windows NT 10.0; Win64; x64) AppleWebKit/537.36 (KHTML, like Gecko) Chrome/150.0.0.0 Safari/537.36"
129.205.124.206 - - [21/Jul/2026:09:49:18 +0000] "GET /wp-json/wp/v2/users/me?context=edit&_locale=user HTTP/1.1" 200 2623 "https://tradedealings.shop/wp-admin/plugin-install.php" "Mozilla/5.0 (Windows NT 10.0; Win64; x64) AppleWebKit/537.36 (KHTML, like Gecko) Chrome/150.0.0.0 Safari/537.36"
129.205.124.206 - - [21/Jul/2026:09:49:24 +0000] "POST /wp-admin/admin-ajax.php HTTP/1.1" 200 67728 "https://tradedealings.shop/wp-admin/plugin-install.php?s=pixelyoursite&tab=search&type=term" "Mozilla/5.0 (Windows NT 10.0; Win64; x64) AppleWebKit/537.36 (KHTML, like Gecko) Chrome/150.0.0.0 Safari/537.36"
129.205.124.206 - - [21/Jul/2026:09:49:27 +0000] "GET /favicon.ico HTTP/1.1" 302 - "https://tradedealings.shop/wp-admin/plugin-install.php?s=pixelyoursite&tab=search&type=term" "Mozilla/5.0 (Windows NT 10.0; Win64; x64) AppleWebKit/537.36 (KHTML, like Gecko) Chrome/150.0.0.0 Safari/537.36"
198.177.124.148 - - [21/Jul/2026:09:49:26 +0000] "POST /wp-admin/admin-ajax.php?action=as_async_request_queue_runner&nonce=b90d1caf99 HTTP/1.1" 200 - "-" "WordPress/7.0.2; https://tradedealings.shop"
129.205.124.206 - - [21/Jul/2026:09:49:33 +0000] "POST /wp-admin/admin-ajax.php HTTP/1.1" 200 297 "https://tradedealings.shop/wp-admin/plugin-install.php?s=pixelyoursite&tab=search&type=term" "Mozilla/5.0 (Windows NT 10.0; Win64; x64) AppleWebKit/537.36 (KHTML, like Gecko) Chrome/150.0.0.0 Safari/537.36"
129.205.124.206 - - [21/Jul/2026:09:49:40 +0000] "POST /wp-admin/admin-ajax.php HTTP/1.1" 200 329 "https://tradedealings.shop/wp-admin/plugin-install.php?s=pixelyoursite&tab=search&type=term" "Mozilla/5.0 (Windows NT 10.0; Win64; x64) AppleWebKit/537.36 (KHTML, like Gecko) Chrome/150.0.0.0 Safari/537.36"
129.205.124.206 - - [21/Jul/2026:09:49:44 +0000] "GET /wp-admin/plugins.php?_wpnonce=028e687002&action=activate&plugin=pixelyoursite/facebook-pixel-master.php HTTP/1.1" 302 - "https://tradedealings.shop/wp-admin/plugin-install.php?s=pixelyoursite&tab=search&type=term" "Mozilla/5.0 (Windows NT 10.0; Win64; x64) AppleWebKit/537.36 (KHTML, like Gecko) Chrome/150.0.0.0 Safari/537.36"
129.205.124.206 - - [21/Jul/2026:09:49:49 +0000] "GET /wp-content/plugins/pixelyoursite/dist/styles/notice.min.css?ver=11.2.1 HTTP/1.1" 200 11684 "https://tradedealings.shop/wp-admin/plugins.php?activate=true&plugin_status=all&paged=1&s=" "Mozilla/5.0 (Windows NT 10.0; Win64; x64) AppleWebKit/537.36 (KHTML, like Gecko) Chrome/150.0.0.0 Safari/537.36"
129.205.124.206 - - [21/Jul/2026:09:49:47 +0000] "GET /wp-admin/plugins.php?activate=true&plugin_status=all&paged=1&s= HTTP/1.1" 200 188400 "https://tradedealings.shop/wp-admin/plugin-install.php?s=pixelyoursite&tab=search&type=term" "Mozilla/5.0 (Windows NT 10.0; Win64; x64) AppleWebKit/537.36 (KHTML, like Gecko) Chrome/150.0.0.0 Safari/537.36"
129.205.124.206 - - [21/Jul/2026:09:49:49 +0000] "GET /wp-content/plugins/wpforms-lite/assets/lib/font-awesome/css/all.min.css?ver=7.0.1 HTTP/1.1" 304 - "https://tradedealings.shop/wp-admin/plugins.php?activate=true&plugin_status=all&paged=1&s=" "Mozilla/5.0 (Windows NT 10.0; Win64; x64) AppleWebKit/537.36 (KHTML, like Gecko) Chrome/150.0.0.0 Safari/537.36"
129.205.124.206 - - [21/Jul/2026:09:49:50 +0000] "GET /wp-content/plugins/wpforms-lite/assets/lib/font-awesome/css/v4-shims.min.css?ver=4.7.0 HTTP/1.1" 304 - "https://tradedealings.shop/wp-admin/plugins.php?activate=true&plugin_status=all&paged=1&s=" "Mozilla/5.0 (Windows NT 10.0; Win64; x64) AppleWebKit/537.36 (KHTML, like Gecko) Chrome/150.0.0.0 Safari/537.36"
129.205.124.206 - - [21/Jul/2026:09:49:50 +0000] "GET /wp-content/plugins/elementor/vendor/elementor/wp-one-package/assets/build/common.css?ver=1.0.68 HTTP/1.1" 304 - "https://tradedealings.shop/wp-admin/plugins.php?activate=true&plugin_status=all&paged=1&s=" "Mozilla/5.0 (Windows NT 10.0; Win64; x64) AppleWebKit/537.36 (KHTML, like Gecko) Chrome/150.0.0.0 Safari/537.36"
129.205.124.206 - - [21/Jul/2026:09:49:50 +0000] "GET /wp-content/plugins/elementor/assets/css/modules/editor-one/admin-menu.min.css?ver=4.2.0 HTTP/1.1" 304 - "https://tradedealings.shop/wp-admin/plugins.php?activate=true&plugin_status=all&paged=1&s=" "Mozilla/5.0 (Windows NT 10.0; Win64; x64) AppleWebKit/537.36 (KHTML, like Gecko) Chrome/150.0.0.0 Safari/537.36"
129.205.124.206 - - [21/Jul/2026:09:49:50 +0000] "GET /wp-content/plugins/elementor/assets/lib/eicons/css/elementor-icons.min.css?ver=5.53.0 HTTP/1.1" 304 - "https://tradedealings.shop/wp-admin/plugins.php?activate=true&plugin_status=all&paged=1&s=" "Mozilla/5.0 (Windows NT 10.0; Win64; x64) AppleWebKit/537.36 (KHTML, like Gecko) Chrome/150.0.0.0 Safari/537.36"
129.205.124.206 - - [21/Jul/2026:09:49:50 +0000] "GET /wp-content/plugins/elementor/assets/css/common.min.css?ver=4.2.0 HTTP/1.1" 304 - "https://tradedealings.shop/wp-admin/plugins.php?activate=true&plugin_status=all&paged=1&s=" "Mozilla/5.0 (Windows NT 10.0; Win64; x64) AppleWebKit/537.36 (KHTML, like Gecko) Chrome/150.0.0.0 Safari/537.36"
129.205.124.206 - - [21/Jul/2026:09:49:50 +0000] "GET /wp-content/plugins/elementor/assets/css/theme-light.min.css?ver=4.2.0 HTTP/1.1" 304 - "https://tradedealings.shop/wp-admin/plugins.php?activate=true&plugin_status=all&paged=1&s=" "Mozilla/5.0 (Windows NT 10.0; Win64; x64) AppleWebKit/537.36 (KHTML, like Gecko) Chrome/150.0.0.0 Safari/537.36"
129.205.124.206 - - [21/Jul/2026:09:49:50 +0000] "GET /wp-content/plugins/elementor/assets/css/admin.min.css?ver=4.2.0 HTTP/1.1" 304 - "https://tradedealings.shop/wp-admin/plugins.php?activate=true&plugin_status=all&paged=1&s=" "Mozilla/5.0 (Windows NT 10.0; Win64; x64) AppleWebKit/537.36 (KHTML, like Gecko) Chrome/150.0.0.0 Safari/537.36"
129.205.124.206 - - [21/Jul/2026:09:49:50 +0000] "GET /wp-content/plugins/wpforms-lite/assets/css/admin-bar.min.css?ver=2.0.0.2 HTTP/1.1" 304 - "https://tradedealings.shop/wp-admin/plugins.php?activate=true&plugin_status=all&paged=1&s=" "Mozilla/5.0 (Windows NT 10.0; Win64; x64) AppleWebKit/537.36 (KHTML, like Gecko) Chrome/150.0.0.0 Safari/537.36"
129.205.124.206 - - [21/Jul/2026:09:49:50 +0000] "GET /wp-content/plugins/elementor/assets/css/modules/promotions/conversion-banner.css?ver=4.2.0 HTTP/1.1" 304 - "https://tradedealings.shop/wp-admin/plugins.php?activate=true&plugin_status=all&paged=1&s=" "Mozilla/5.0 (Windows NT 10.0; Win64; x64) AppleWebKit/537.36 (KHTML, like Gecko) Chrome/150.0.0.0 Safari/537.36"
129.205.124.206 - - [21/Jul/2026:09:49:50 +0000] "GET /wp-content/plugins/pixelyoursite/dist/images/favicon.png HTTP/1.1" 200 495 "https://tradedealings.shop/wp-admin/plugins.php?activate=true&plugin_status=all&paged=1&s=" "Mozilla/5.0 (Windows NT 10.0; Win64; x64) AppleWebKit/537.36 (KHTML, like Gecko) Chrome/150.0.0.0 Safari/537.36"
129.205.124.206 - - [21/Jul/2026:09:49:50 +0000] "GET /wp-content/plugins/pixelyoursite/dist/images/logo-original.svg HTTP/1.1" 200 461 "https://tradedealings.shop/wp-admin/plugins.php?activate=true&plugin_status=all&paged=1&s=" "Mozilla/5.0 (Windows NT 10.0; Win64; x64) AppleWebKit/537.36 (KHTML, like Gecko) Chrome/150.0.0.0 Safari/537.36"
129.205.124.206 - - [21/Jul/2026:09:49:50 +0000] "GET /wp-content/plugins/pixelyoursite/dist/images/pys-logo.svg HTTP/1.1" 200 31094 "https://tradedealings.shop/wp-admin/plugins.php?activate=true&plugin_status=all&paged=1&s=" "Mozilla/5.0 (Windows NT 10.0; Win64; x64) AppleWebKit/537.36 (KHTML, like Gecko) Chrome/150.0.0.0 Safari/537.36"
129.205.124.206 - - [21/Jul/2026:09:49:50 +0000] "GET /wp-content/plugins/elementor/assets/lib/backbone/backbone.marionette.min.js?ver=2.4.5.e1 HTTP/1.1" 304 - "https://tradedealings.shop/wp-admin/plugins.php?activate=true&plugin_status=all&paged=1&s=" "Mozilla/5.0 (Windows NT 10.0; Win64; x64) AppleWebKit/537.36 (KHTML, like Gecko) Chrome/150.0.0.0 Safari/537.36"
129.205.124.206 - - [21/Jul/2026:09:49:50 +0000] "GET /wp-content/plugins/elementor/assets/lib/backbone/backbone.radio.min.js?ver=1.0.4 HTTP/1.1" 304 - "https://tradedealings.shop/wp-admin/plugins.php?activate=true&plugin_status=all&paged=1&s=" "Mozilla/5.0 (Windows NT 10.0; Win64; x64) AppleWebKit/537.36 (KHTML, like Gecko) Chrome/150.0.0.0 Safari/537.36"
129.205.124.206 - - [21/Jul/2026:09:49:50 +0000] "GET /wp-content/plugins/elementor/assets/js/vendors-redux.min.js?ver=4.2.0 HTTP/1.1" 304 - "https://tradedealings.shop/wp-admin/plugins.php?activate=true&plugin_status=all&paged=1&s=" "Mozilla/5.0 (Windows NT 10.0; Win64; x64) AppleWebKit/537.36 (KHTML, like Gecko) Chrome/150.0.0.0 Safari/537.36"
129.205.124.206 - - [21/Jul/2026:09:49:51 +0000] "GET /wp-content/plugins/pixelyoursite/dist/fonts/Icomoon/icomoon.ttf?x22jiz HTTP/1.1" 200 4296 "https://tradedealings.shop/wp-content/plugins/pixelyoursite/dist/styles/notice.min.css?ver=11.2.1" "Mozilla/5.0 (Windows NT 10.0; Win64; x64) AppleWebKit/537.36 (KHTML, like Gecko) Chrome/150.0.0.0 Safari/537.36"
129.205.124.206 - - [21/Jul/2026:09:49:51 +0000] "GET /wp-content/plugins/elementor/assets/js/common-modules.min.js?ver=4.2.0 HTTP/1.1" 304 - "https://tradedealings.shop/wp-admin/plugins.php?activate=true&plugin_status=all&paged=1&s=" "Mozilla/5.0 (Windows NT 10.0; Win64; x64) AppleWebKit/537.36 (KHTML, like Gecko) Chrome/150.0.0.0 Safari/537.36"
129.205.124.206 - - [21/Jul/2026:09:49:51 +0000] "GET /wp-content/plugins/elementor/assets/js/web-cli.min.js?ver=4.2.0 HTTP/1.1" 304 - "https://tradedealings.shop/wp-admin/plugins.php?activate=true&plugin_status=all&paged=1&s=" "Mozilla/5.0 (Windows NT 10.0; Win64; x64) AppleWebKit/537.36 (KHTML, like Gecko) Chrome/150.0.0.0 Safari/537.36"
129.205.124.206 - - [21/Jul/2026:09:49:51 +0000] "GET /wp-content/plugins/elementor/assets/lib/dialog/dialog.min.js?ver=4.9.0 HTTP/1.1" 304 - "https://tradedealings.shop/wp-admin/plugins.php?activate=true&plugin_status=all&paged=1&s=" "Mozilla/5.0 (Windows NT 10.0; Win64; x64) AppleWebKit/537.36 (KHTML, like Gecko) Chrome/150.0.0.0 Safari/537.36"
129.205.124.206 - - [21/Jul/2026:09:49:51 +0000] "GET /wp-content/plugins/elementor/assets/js/dev-tools.min.js?ver=4.2.0 HTTP/1.1" 304 - "https://tradedealings.shop/wp-admin/plugins.php?activate=true&plugin_status=all&paged=1&s=" "Mozilla/5.0 (Windows NT 10.0; Win64; x64) AppleWebKit/537.36 (KHTML, like Gecko) Chrome/150.0.0.0 Safari/537.36"
129.205.124.206 - - [21/Jul/2026:09:49:51 +0000] "GET /wp-content/plugins/elementor/assets/js/common.min.js?ver=4.2.0 HTTP/1.1" 304 - "https://tradedealings.shop/wp-admin/plugins.php?activate=true&plugin_status=all&paged=1&s=" "Mozilla/5.0 (Windows NT 10.0; Win64; x64) AppleWebKit/537.36 (KHTML, like Gecko) Chrome/150.0.0.0 Safari/537.36"
129.205.124.206 - - [21/Jul/2026:09:49:51 +0000] "GET /wp-content/plugins/elementor/assets/js/app-loader.min.js?ver=4.2.0 HTTP/1.1" 304 - "https://tradedealings.shop/wp-admin/plugins.php?activate=true&plugin_status=all&paged=1&s=" "Mozilla/5.0 (Windows NT 10.0; Win64; x64) AppleWebKit/537.36 (KHTML, like Gecko) Chrome/150.0.0.0 Safari/537.36"
129.205.124.206 - - [21/Jul/2026:09:49:51 +0000] "GET /wp-content/plugins/elementor/vendor/elementor/wp-one-package/assets/build/common.js?ver=1f031a48279dd8a7d4bd HTTP/1.1" 304 - "https://tradedealings.shop/wp-admin/plugins.php?activate=true&plugin_status=all&paged=1&s=" "Mozilla/5.0 (Windows NT 10.0; Win64; x64) AppleWebKit/537.36 (KHTML, like Gecko) Chrome/150.0.0.0 Safari/537.36"
129.205.124.206 - - [21/Jul/2026:09:49:51 +0000] "GET /wp-content/plugins/elementor/assets/js/editor-one-menu.min.js?ver=4.2.0 HTTP/1.1" 304 - "https://tradedealings.shop/wp-admin/plugins.php?activate=true&plugin_status=all&paged=1&s=" "Mozilla/5.0 (Windows NT 10.0; Win64; x64) AppleWebKit/537.36 (KHTML, like Gecko) Chrome/150.0.0.0 Safari/537.36"
129.205.124.206 - - [21/Jul/2026:09:49:51 +0000] "GET /wp-content/plugins/elementor/assets/js/import-export-admin.min.js?ver=4.2.0 HTTP/1.1" 304 - "https://tradedealings.shop/wp-admin/plugins.php?activate=true&plugin_status=all&paged=1&s=" "Mozilla/5.0 (Windows NT 10.0; Win64; x64) AppleWebKit/537.36 (KHTML, like Gecko) Chrome/150.0.0.0 Safari/537.36"
129.205.124.206 - - [21/Jul/2026:09:49:51 +0000] "GET /wp-content/plugins/elementor/assets/js/import-export-customization-admin.min.js?ver=4.2.0 HTTP/1.1" 304 - "https://tradedealings.shop/wp-admin/plugins.php?activate=true&plugin_status=all&paged=1&s=" "Mozilla/5.0 (Windows NT 10.0; Win64; x64) AppleWebKit/537.36 (KHTML, like Gecko) Chrome/150.0.0.0 Safari/537.36"
129.205.124.206 - - [21/Jul/2026:09:49:51 +0000] "GET /wp-content/plugins/elementor/assets/js/admin-modules.min.js?ver=4.2.0 HTTP/1.1" 304 - "https://tradedealings.shop/wp-admin/plugins.php?activate=true&plugin_status=all&paged=1&s=" "Mozilla/5.0 (Windows NT 10.0; Win64; x64) AppleWebKit/537.36 (KHTML, like Gecko) Chrome/150.0.0.0 Safari/537.36"
129.205.124.206 - - [21/Jul/2026:09:49:51 +0000] "GET /wp-content/plugins/elementor/assets/js/admin.min.js?ver=4.2.0 HTTP/1.1" 304 - "https://tradedealings.shop/wp-admin/plugins.php?activate=true&plugin_status=all&paged=1&s=" "Mozilla/5.0 (Windows NT 10.0; Win64; x64) AppleWebKit/537.36 (KHTML, like Gecko) Chrome/150.0.0.0 Safari/537.36"
129.205.124.206 - - [21/Jul/2026:09:49:51 +0000] "GET /wp-content/plugins/elementor/assets/js/media-hints.min.js?ver=4.2.0 HTTP/1.1" 304 - "https://tradedealings.shop/wp-admin/plugins.php?activate=true&plugin_status=all&paged=1&s=" "Mozilla/5.0 (Windows NT 10.0; Win64; x64) AppleWebKit/537.36 (KHTML, like Gecko) Chrome/150.0.0.0 Safari/537.36"
129.205.124.206 - - [21/Jul/2026:09:49:52 +0000] "GET /wp-content/plugins/elementor/assets/js/e-conversion-banner.min.js?ver=4.2.0 HTTP/1.1" 304 - "https://tradedealings.shop/wp-admin/plugins.php?activate=true&plugin_status=all&paged=1&s=" "Mozilla/5.0 (Windows NT 10.0; Win64; x64) AppleWebKit/537.36 (KHTML, like Gecko) Chrome/150.0.0.0 Safari/537.36"
