105.113.65.234 - - [21/Jul/2026:10:21:52 +0000] "GET /wp-includes/js/tinymce/skins/lightgray/skin.min.css?wp-mce-49110-20250317 HTTP/1.1" 200 44010 "https://tradedealings.shop/wp-admin/post.php?post=9&action=elementor" "Mozilla/5.0 (Windows NT 10.0; Win64; x64) AppleWebKit/537.36 (KHTML, like Gecko) Chrome/150.0.0.0 Safari/537.36"
105.113.65.234 - - [21/Jul/2026:10:21:53 +0000] "GET /wp-includes/js/tinymce/skins/wordpress/wp-content.css?ver=7.0.2&wp-mce-49110-20250317 HTTP/1.1" 200 8760 "https://tradedealings.shop/wp-admin/post.php?post=9&action=elementor" "Mozilla/5.0 (Windows NT 10.0; Win64; x64) AppleWebKit/537.36 (KHTML, like Gecko) Chrome/150.0.0.0 Safari/537.36"
105.113.65.234 - - [21/Jul/2026:10:21:53 +0000] "GET /wp-includes/css/dashicons.min.css?ver=7.0.2&wp-mce-49110-20250317 HTTP/1.1" 200 59004 "https://tradedealings.shop/wp-admin/post.php?post=9&action=elementor" "Mozilla/5.0 (Windows NT 10.0; Win64; x64) AppleWebKit/537.36 (KHTML, like Gecko) Chrome/150.0.0.0 Safari/537.36"
105.113.65.234 - - [21/Jul/2026:10:21:53 +0000] "GET /wp-content/themes/twentytwentyfive/assets/css/editor-style.css?wp-mce-49110-20250317 HTTP/1.1" 200 157 "https://tradedealings.shop/wp-admin/post.php?post=9&action=elementor" "Mozilla/5.0 (Windows NT 10.0; Win64; x64) AppleWebKit/537.36 (KHTML, like Gecko) Chrome/150.0.0.0 Safari/537.36"
13.229.55.180 - - [21/Jul/2026:10:21:53 +0000] "GET /application/.env HTTP/1.1" 301 - "-" "Mozilla/5.0 (X11; Linux x86_64) AppleWebKit/537.36 (KHTML, like Gecko) Chrome/131.0.0.0 Safari/537.36"
105.113.65.234 - - [21/Jul/2026:10:21:54 +0000] "GET /wp-includes/js/tinymce/skins/lightgray/fonts/tinymce.woff HTTP/1.1" 200 18824 "https://tradedealings.shop/wp-includes/js/tinymce/skins/lightgray/skin.min.css?wp-mce-49110-20250317" "Mozilla/5.0 (Windows NT 10.0; Win64; x64) AppleWebKit/537.36 (KHTML, like Gecko) Chrome/150.0.0.0 Safari/537.36"
13.229.55.180 - - [21/Jul/2026:10:21:54 +0000] "GET /application/.env HTTP/1.1" 404 63770 "-" "Mozilla/5.0 (X11; Linux x86_64) AppleWebKit/537.36 (KHTML, like Gecko) Chrome/131.0.0.0 Safari/537.36"
105.113.65.234 - - [21/Jul/2026:10:21:54 +0000] "GET /wp-json/elementor/v1/checklist/user-progress HTTP/1.1" 200 534 "https://tradedealings.shop/wp-admin/post.php?post=9&action=elementor" "Mozilla/5.0 (Windows NT 10.0; Win64; x64) AppleWebKit/537.36 (KHTML, like Gecko) Chrome/150.0.0.0 Safari/537.36"
105.113.65.234 - - [21/Jul/2026:10:21:54 +0000] "POST /wp-admin/admin-ajax.php HTTP/1.1" 200 19780 "https://tradedealings.shop/wp-admin/post.php?post=9&action=elementor" "Mozilla/5.0 (Windows NT 10.0; Win64; x64) AppleWebKit/537.36 (KHTML, like Gecko) Chrome/150.0.0.0 Safari/537.36"
13.229.55.180 - - [21/Jul/2026:10:21:56 +0000] "GET /bootstrap/.env HTTP/1.1" 301 - "-" "Mozilla/5.0 (X11; Linux x86_64) AppleWebKit/537.36 (KHTML, like Gecko) Chrome/131.0.0.0 Safari/537.36"
13.229.55.180 - - [21/Jul/2026:10:21:57 +0000] "GET /bootstrap/.env HTTP/1.1" 404 63770 "-" "Mozilla/5.0 (X11; Linux x86_64) AppleWebKit/537.36 (KHTML, like Gecko) Chrome/131.0.0.0 Safari/537.36"
13.229.55.180 - - [21/Jul/2026:10:22:00 +0000] "GET /database/.env HTTP/1.1" 301 - "-" "Mozilla/5.0 (X11; Linux x86_64) AppleWebKit/537.36 (KHTML, like Gecko) Chrome/131.0.0.0 Safari/537.36"
13.229.55.180 - - [21/Jul/2026:10:22:01 +0000] "GET /database/.env HTTP/1.1" 404 63770 "-" "Mozilla/5.0 (X11; Linux x86_64) AppleWebKit/537.36 (KHTML, like Gecko) Chrome/131.0.0.0 Safari/537.36"
105.113.65.234 - - [21/Jul/2026:10:22:03 +0000] "POST /wp-admin/admin-ajax.php HTTP/1.1" 200 77 "https://tradedealings.shop/wp-admin/post.php?post=9&action=elementor" "Mozilla/5.0 (Windows NT 10.0; Win64; x64) AppleWebKit/537.36 (KHTML, like Gecko) Chrome/150.0.0.0 Safari/537.36"
13.229.55.180 - - [21/Jul/2026:10:22:03 +0000] "GET /storage/.env HTTP/1.1" 301 - "-" "Mozilla/5.0 (X11; Linux x86_64) AppleWebKit/537.36 (KHTML, like Gecko) Chrome/131.0.0.0 Safari/537.36"
49.51.245.241 - - [21/Jul/2026:10:22:04 +0000] "GET /wp-json/oembed/1.0/embed?url=https%3A%2F%2Ftradedealings.shop%2F2026%2F07%2F20%2Fhello-world%2F HTTP/1.1" 200 2183 "-" "Mozilla/5.0 (iPhone; CPU iPhone OS 13_2_3 like Mac OS X) AppleWebKit/605.1.15 (KHTML, like Gecko) Version/13.0.3 Mobile/15E148 Safari/604.1"
13.229.55.180 - - [21/Jul/2026:10:22:04 +0000] "GET /storage/.env HTTP/1.1" 404 63770 "-" "Mozilla/5.0 (X11; Linux x86_64) AppleWebKit/537.36 (KHTML, like Gecko) Chrome/131.0.0.0 Safari/537.36"
13.229.55.180 - - [21/Jul/2026:10:22:07 +0000] "GET /var/www/.env HTTP/1.1" 301 - "-" "Mozilla/5.0 (X11; Linux x86_64) AppleWebKit/537.36 (KHTML, like Gecko) Chrome/131.0.0.0 Safari/537.36"
13.229.55.180 - - [21/Jul/2026:10:22:08 +0000] "GET /var/www/.env HTTP/1.1" 404 63770 "-" "Mozilla/5.0 (X11; Linux x86_64) AppleWebKit/537.36 (KHTML, like Gecko) Chrome/131.0.0.0 Safari/537.36"
13.229.55.180 - - [21/Jul/2026:10:22:10 +0000] "GET /var/www/html/.env HTTP/1.1" 301 - "-" "Mozilla/5.0 (X11; Linux x86_64) AppleWebKit/537.36 (KHTML, like Gecko) Chrome/131.0.0.0 Safari/537.36"
13.229.55.180 - - [21/Jul/2026:10:22:11 +0000] "GET /var/www/html/.env HTTP/1.1" 404 63770 "-" "Mozilla/5.0 (X11; Linux x86_64) AppleWebKit/537.36 (KHTML, like Gecko) Chrome/131.0.0.0 Safari/537.36"
198.177.124.148 - - [21/Jul/2026:10:22:14 +0000] "POST /wp-cron.php?doing_wp_cron=1784629334.4221360683441162109375 HTTP/1.1" 200 - "-" "WordPress/7.0.2; https://tradedealings.shop"
13.229.55.180 - - [21/Jul/2026:10:22:13 +0000] "GET /current/.env HTTP/1.1" 301 - "-" "Mozilla/5.0 (X11; Linux x86_64) AppleWebKit/537.36 (KHTML, like Gecko) Chrome/131.0.0.0 Safari/537.36"
13.229.55.180 - - [21/Jul/2026:10:22:14 +0000] "GET /current/.env HTTP/1.1" 404 63770 "-" "Mozilla/5.0 (X11; Linux x86_64) AppleWebKit/537.36 (KHTML, like Gecko) Chrome/131.0.0.0 Safari/537.36"
13.229.55.180 - - [21/Jul/2026:10:22:16 +0000] "GET /release/.env HTTP/1.1" 301 - "-" "Mozilla/5.0 (X11; Linux x86_64) AppleWebKit/537.36 (KHTML, like Gecko) Chrome/131.0.0.0 Safari/537.36"
13.229.55.180 - - [21/Jul/2026:10:22:17 +0000] "GET /release/.env HTTP/1.1" 404 63770 "-" "Mozilla/5.0 (X11; Linux x86_64) AppleWebKit/537.36 (KHTML, like Gecko) Chrome/131.0.0.0 Safari/537.36"
105.113.65.234 - - [21/Jul/2026:10:22:18 +0000] "POST /wp-admin/admin-ajax.php HTTP/1.1" 200 77 "https://tradedealings.shop/wp-admin/post.php?post=9&action=elementor" "Mozilla/5.0 (Windows NT 10.0; Win64; x64) AppleWebKit/537.36 (KHTML, like Gecko) Chrome/150.0.0.0 Safari/537.36"
13.229.55.180 - - [21/Jul/2026:10:22:19 +0000] "GET /releases/.env HTTP/1.1" 301 - "-" "Mozilla/5.0 (X11; Linux x86_64) AppleWebKit/537.36 (KHTML, like Gecko) Chrome/131.0.0.0 Safari/537.36"
13.229.55.180 - - [21/Jul/2026:10:22:20 +0000] "GET /releases/.env HTTP/1.1" 404 63770 "-" "Mozilla/5.0 (X11; Linux x86_64) AppleWebKit/537.36 (KHTML, like Gecko) Chrome/131.0.0.0 Safari/537.36"
13.229.55.180 - - [21/Jul/2026:10:22:21 +0000] "GET /shared/.env HTTP/1.1" 301 - "-" "Mozilla/5.0 (X11; Linux x86_64) AppleWebKit/537.36 (KHTML, like Gecko) Chrome/131.0.0.0 Safari/537.36"
13.229.55.180 - - [21/Jul/2026:10:22:22 +0000] "GET /shared/.env HTTP/1.1" 404 63770 "-" "Mozilla/5.0 (X11; Linux x86_64) AppleWebKit/537.36 (KHTML, like Gecko) Chrome/131.0.0.0 Safari/537.36"
13.229.55.180 - - [21/Jul/2026:10:22:24 +0000] "GET /deploy/.env HTTP/1.1" 301 - "-" "Mozilla/5.0 (X11; Linux x86_64) AppleWebKit/537.36 (KHTML, like Gecko) Chrome/131.0.0.0 Safari/537.36"
13.229.55.180 - - [21/Jul/2026:10:22:25 +0000] "GET /deploy/.env HTTP/1.1" 404 63770 "-" "Mozilla/5.0 (X11; Linux x86_64) AppleWebKit/537.36 (KHTML, like Gecko) Chrome/131.0.0.0 Safari/537.36"
13.229.55.180 - - [21/Jul/2026:10:22:27 +0000] "GET /build/.env HTTP/1.1" 301 - "-" "Mozilla/5.0 (X11; Linux x86_64) AppleWebKit/537.36 (KHTML, like Gecko) Chrome/131.0.0.0 Safari/537.36"
13.229.55.180 - - [21/Jul/2026:10:22:28 +0000] "GET /build/.env HTTP/1.1" 404 63770 "-" "Mozilla/5.0 (X11; Linux x86_64) AppleWebKit/537.36 (KHTML, like Gecko) Chrome/131.0.0.0 Safari/537.36"
13.229.55.180 - - [21/Jul/2026:10:22:29 +0000] "GET /dist/.env HTTP/1.1" 301 - "-" "Mozilla/5.0 (X11; Linux x86_64) AppleWebKit/537.36 (KHTML, like Gecko) Chrome/131.0.0.0 Safari/537.36"
13.229.55.180 - - [21/Jul/2026:10:22:30 +0000] "GET /dist/.env HTTP/1.1" 404 63770 "-" "Mozilla/5.0 (X11; Linux x86_64) AppleWebKit/537.36 (KHTML, like Gecko) Chrome/131.0.0.0 Safari/537.36"
13.229.55.180 - - [21/Jul/2026:10:22:32 +0000] "GET /public_html/.env HTTP/1.1" 301 - "-" "Mozilla/5.0 (X11; Linux x86_64) AppleWebKit/537.36 (KHTML, like Gecko) Chrome/131.0.0.0 Safari/537.36"
105.113.65.234 - - [21/Jul/2026:10:22:33 +0000] "POST /wp-admin/admin-ajax.php HTTP/1.1" 200 77 "https://tradedealings.shop/wp-admin/post.php?post=9&action=elementor" "Mozilla/5.0 (Windows NT 10.0; Win64; x64) AppleWebKit/537.36 (KHTML, like Gecko) Chrome/150.0.0.0 Safari/537.36"
13.229.55.180 - - [21/Jul/2026:10:22:33 +0000] "GET /public_html/.env HTTP/1.1" 404 63770 "-" "Mozilla/5.0 (X11; Linux x86_64) AppleWebKit/537.36 (KHTML, like Gecko) Chrome/131.0.0.0 Safari/537.36"
13.229.55.180 - - [21/Jul/2026:10:22:35 +0000] "GET /htdocs/.env HTTP/1.1" 301 - "-" "Mozilla/5.0 (X11; Linux x86_64) AppleWebKit/537.36 (KHTML, like Gecko) Chrome/131.0.0.0 Safari/537.36"
13.229.55.180 - - [21/Jul/2026:10:22:36 +0000] "GET /htdocs/.env HTTP/1.1" 404 63770 "-" "Mozilla/5.0 (X11; Linux x86_64) AppleWebKit/537.36 (KHTML, like Gecko) Chrome/131.0.0.0 Safari/537.36"
13.229.55.180 - - [21/Jul/2026:10:22:37 +0000] "GET /www/.env HTTP/1.1" 301 - "-" "Mozilla/5.0 (X11; Linux x86_64) AppleWebKit/537.36 (KHTML, like Gecko) Chrome/131.0.0.0 Safari/537.36"
13.229.55.180 - - [21/Jul/2026:10:22:39 +0000] "GET /www/.env HTTP/1.1" 404 63770 "-" "Mozilla/5.0 (X11; Linux x86_64) AppleWebKit/537.36 (KHTML, like Gecko) Chrome/131.0.0.0 Safari/537.36"
13.229.55.180 - - [21/Jul/2026:10:22:40 +0000] "GET /html/.env HTTP/1.1" 301 - "-" "Mozilla/5.0 (X11; Linux x86_64) AppleWebKit/537.36 (KHTML, like Gecko) Chrome/131.0.0.0 Safari/537.36"
13.229.55.180 - - [21/Jul/2026:10:22:41 +0000] "GET /html/.env HTTP/1.1" 404 63770 "-" "Mozilla/5.0 (X11; Linux x86_64) AppleWebKit/537.36 (KHTML, like Gecko) Chrome/131.0.0.0 Safari/537.36"
13.229.55.180 - - [21/Jul/2026:10:22:43 +0000] "GET /live/.env HTTP/1.1" 301 - "-" "Mozilla/5.0 (X11; Linux x86_64) AppleWebKit/537.36 (KHTML, like Gecko) Chrome/131.0.0.0 Safari/537.36"
13.229.55.180 - - [21/Jul/2026:10:22:44 +0000] "GET /live/.env HTTP/1.1" 404 63770 "-" "Mozilla/5.0 (X11; Linux x86_64) AppleWebKit/537.36 (KHTML, like Gecko) Chrome/131.0.0.0 Safari/537.36"
13.229.55.180 - - [21/Jul/2026:10:22:46 +0000] "GET /prod/.env HTTP/1.1" 301 - "-" "Mozilla/5.0 (X11; Linux x86_64) AppleWebKit/537.36 (KHTML, like Gecko) Chrome/131.0.0.0 Safari/537.36"
13.229.55.180 - - [21/Jul/2026:10:22:46 +0000] "GET /prod/.env HTTP/1.1" 404 63770 "-" "Mozilla/5.0 (X11; Linux x86_64) AppleWebKit/537.36 (KHTML, like Gecko) Chrome/131.0.0.0 Safari/537.36"
13.229.55.180 - - [21/Jul/2026:10:22:48 +0000] "GET /dev/.env HTTP/1.1" 301 - "-" "Mozilla/5.0 (X11; Linux x86_64) AppleWebKit/537.36 (KHTML, like Gecko) Chrome/131.0.0.0 Safari/537.36"
105.113.65.234 - - [21/Jul/2026:10:22:48 +0000] "POST /wp-admin/admin-ajax.php HTTP/1.1" 200 77 "https://tradedealings.shop/wp-admin/post.php?post=9&action=elementor" "Mozilla/5.0 (Windows NT 10.0; Win64; x64) AppleWebKit/537.36 (KHTML, like Gecko) Chrome/150.0.0.0 Safari/537.36"
13.229.55.180 - - [21/Jul/2026:10:22:49 +0000] "GET /dev/.env HTTP/1.1" 404 63770 "-" "Mozilla/5.0 (X11; Linux x86_64) AppleWebKit/537.36 (KHTML, like Gecko) Chrome/131.0.0.0 Safari/537.36"
13.229.55.180 - - [21/Jul/2026:10:22:51 +0000] "GET /staging/.env HTTP/1.1" 301 - "-" "Mozilla/5.0 (X11; Linux x86_64) AppleWebKit/537.36 (KHTML, like Gecko) Chrome/131.0.0.0 Safari/537.36"
13.229.55.180 - - [21/Jul/2026:10:22:52 +0000] "GET /staging/.env HTTP/1.1" 404 63770 "-" "Mozilla/5.0 (X11; Linux x86_64) AppleWebKit/537.36 (KHTML, like Gecko) Chrome/131.0.0.0 Safari/537.36"
13.229.55.180 - - [21/Jul/2026:10:22:54 +0000] "GET /opt/.env HTTP/1.1" 301 - "-" "Mozilla/5.0 (X11; Linux x86_64) AppleWebKit/537.36 (KHTML, like Gecko) Chrome/131.0.0.0 Safari/537.36"
13.229.55.180 - - [21/Jul/2026:10:22:55 +0000] "GET /opt/.env HTTP/1.1" 404 63770 "-" "Mozilla/5.0 (X11; Linux x86_64) AppleWebKit/537.36 (KHTML, like Gecko) Chrome/131.0.0.0 Safari/537.36"
13.229.55.180 - - [21/Jul/2026:10:22:57 +0000] "GET /laravel/.env HTTP/1.1" 301 - "-" "Mozilla/5.0 (X11; Linux x86_64) AppleWebKit/537.36 (KHTML, like Gecko) Chrome/131.0.0.0 Safari/537.36"
13.229.55.180 - - [21/Jul/2026:10:22:58 +0000] "GET /laravel/.env HTTP/1.1" 404 63770 "-" "Mozilla/5.0 (X11; Linux x86_64) AppleWebKit/537.36 (KHTML, like Gecko) Chrome/131.0.0.0 Safari/537.36"
13.229.55.180 - - [21/Jul/2026:10:23:00 +0000] "GET /symfony/.env HTTP/1.1" 301 - "-" "Mozilla/5.0 (X11; Linux x86_64) AppleWebKit/537.36 (KHTML, like Gecko) Chrome/131.0.0.0 Safari/537.36"
13.229.55.180 - - [21/Jul/2026:10:23:01 +0000] "GET /symfony/.env HTTP/1.1" 404 63770 "-" "Mozilla/5.0 (X11; Linux x86_64) AppleWebKit/537.36 (KHTML, like Gecko) Chrome/131.0.0.0 Safari/537.36"
13.229.55.180 - - [21/Jul/2026:10:23:03 +0000] "GET /wordpress/.env HTTP/1.1" 301 - "-" "Mozilla/5.0 (X11; Linux x86_64) AppleWebKit/537.36 (KHTML, like Gecko) Chrome/131.0.0.0 Safari/537.36"
105.113.65.234 - - [21/Jul/2026:10:23:03 +0000] "POST /wp-admin/admin-ajax.php HTTP/1.1" 200 77 "https://tradedealings.shop/wp-admin/post.php?post=9&action=elementor" "Mozilla/5.0 (Windows NT 10.0; Win64; x64) AppleWebKit/537.36 (KHTML, like Gecko) Chrome/150.0.0.0 Safari/537.36"
13.229.55.180 - - [21/Jul/2026:10:23:04 +0000] "GET /wordpress/.env HTTP/1.1" 404 63770 "-" "Mozilla/5.0 (X11; Linux x86_64) AppleWebKit/537.36 (KHTML, like Gecko) Chrome/131.0.0.0 Safari/537.36"
13.229.55.180 - - [21/Jul/2026:10:23:05 +0000] "GET /wp/.env HTTP/1.1" 301 - "-" "Mozilla/5.0 (X11; Linux x86_64) AppleWebKit/537.36 (KHTML, like Gecko) Chrome/131.0.0.0 Safari/537.36"
13.229.55.180 - - [21/Jul/2026:10:23:07 +0000] "GET /wp/.env HTTP/1.1" 404 63770 "-" "Mozilla/5.0 (X11; Linux x86_64) AppleWebKit/537.36 (KHTML, like Gecko) Chrome/131.0.0.0 Safari/537.36"
13.229.55.180 - - [21/Jul/2026:10:23:09 +0000] "GET /cms/.env HTTP/1.1" 301 - "-" "Mozilla/5.0 (X11; Linux x86_64) AppleWebKit/537.36 (KHTML, like Gecko) Chrome/131.0.0.0 Safari/537.36"
13.229.55.180 - - [21/Jul/2026:10:23:11 +0000] "GET /cms/.env HTTP/1.1" 404 63770 "-" "Mozilla/5.0 (X11; Linux x86_64) AppleWebKit/537.36 (KHTML, like Gecko) Chrome/131.0.0.0 Safari/537.36"
198.177.124.148 - - [21/Jul/2026:10:23:13 +0000] "POST /wp-cron.php?doing_wp_cron=1784629393.9406380653381347656250 HTTP/1.1" 200 - "-" "WordPress/7.0.2; https://tradedealings.shop"
13.229.55.180 - - [21/Jul/2026:10:23:13 +0000] "GET /drupal/.env HTTP/1.1" 301 - "-" "Mozilla/5.0 (X11; Linux x86_64) AppleWebKit/537.36 (KHTML, like Gecko) Chrome/131.0.0.0 Safari/537.36"
13.229.55.180 - - [21/Jul/2026:10:23:14 +0000] "GET /drupal/.env HTTP/1.1" 404 63770 "-" "Mozilla/5.0 (X11; Linux x86_64) AppleWebKit/537.36 (KHTML, like Gecko) Chrome/131.0.0.0 Safari/537.36"
13.229.55.180 - - [21/Jul/2026:10:23:15 +0000] "GET /joomla/.env HTTP/1.1" 301 - "-" "Mozilla/5.0 (X11; Linux x86_64) AppleWebKit/537.36 (KHTML, like Gecko) Chrome/131.0.0.0 Safari/537.36"
13.229.55.180 - - [21/Jul/2026:10:23:16 +0000] "GET /joomla/.env HTTP/1.1" 404 63770 "-" "Mozilla/5.0 (X11; Linux x86_64) AppleWebKit/537.36 (KHTML, like Gecko) Chrome/131.0.0.0 Safari/537.36"
13.229.55.180 - - [21/Jul/2026:10:23:18 +0000] "GET /magento/.env HTTP/1.1" 301 - "-" "Mozilla/5.0 (X11; Linux x86_64) AppleWebKit/537.36 (KHTML, like Gecko) Chrome/131.0.0.0 Safari/537.36"
105.113.65.234 - - [21/Jul/2026:10:23:18 +0000] "POST /wp-admin/admin-ajax.php HTTP/1.1" 200 77 "https://tradedealings.shop/wp-admin/post.php?post=9&action=elementor" "Mozilla/5.0 (Windows NT 10.0; Win64; x64) AppleWebKit/537.36 (KHTML, like Gecko) Chrome/150.0.0.0 Safari/537.36"
13.229.55.180 - - [21/Jul/2026:10:23:20 +0000] "GET /magento/.env HTTP/1.1" 404 63770 "-" "Mozilla/5.0 (X11; Linux x86_64) AppleWebKit/537.36 (KHTML, like Gecko) Chrome/131.0.0.0 Safari/537.36"
13.229.55.180 - - [21/Jul/2026:10:23:22 +0000] "GET /shopify/.env HTTP/1.1" 301 - "-" "Mozilla/5.0 (X11; Linux x86_64) AppleWebKit/537.36 (KHTML, like Gecko) Chrome/131.0.0.0 Safari/537.36"
13.229.55.180 - - [21/Jul/2026:10:23:23 +0000] "GET /shopify/.env HTTP/1.1" 404 63770 "-" "Mozilla/5.0 (X11; Linux x86_64) AppleWebKit/537.36 (KHTML, like Gecko) Chrome/131.0.0.0 Safari/537.36"
13.229.55.180 - - [21/Jul/2026:10:23:25 +0000] "GET /prestashop/.env HTTP/1.1" 301 - "-" "Mozilla/5.0 (X11; Linux x86_64) AppleWebKit/537.36 (KHTML, like Gecko) Chrome/131.0.0.0 Safari/537.36"
13.229.55.180 - - [21/Jul/2026:10:23:25 +0000] "GET /prestashop/.env HTTP/1.1" 404 63770 "-" "Mozilla/5.0 (X11; Linux x86_64) AppleWebKit/537.36 (KHTML, like Gecko) Chrome/131.0.0.0 Safari/537.36"
13.229.55.180 - - [21/Jul/2026:10:23:27 +0000] "GET /codeigniter/.env HTTP/1.1" 301 - "-" "Mozilla/5.0 (X11; Linux x86_64) AppleWebKit/537.36 (KHTML, like Gecko) Chrome/131.0.0.0 Safari/537.36"
13.229.55.180 - - [21/Jul/2026:10:23:29 +0000] "GET /codeigniter/.env HTTP/1.1" 404 63770 "-" "Mozilla/5.0 (X11; Linux x86_64) AppleWebKit/537.36 (KHTML, like Gecko) Chrome/131.0.0.0 Safari/537.36"
13.229.55.180 - - [21/Jul/2026:10:23:31 +0000] "GET /cakephp/.env HTTP/1.1" 301 - "-" "Mozilla/5.0 (X11; Linux x86_64) AppleWebKit/537.36 (KHTML, like Gecko) Chrome/131.0.0.0 Safari/537.36"
13.229.55.180 - - [21/Jul/2026:10:23:32 +0000] "GET /cakephp/.env HTTP/1.1" 404 63770 "-" "Mozilla/5.0 (X11; Linux x86_64) AppleWebKit/537.36 (KHTML, like Gecko) Chrome/131.0.0.0 Safari/537.36"
105.113.65.234 - - [21/Jul/2026:10:23:33 +0000] "POST /wp-admin/admin-ajax.php HTTP/1.1" 200 77 "https://tradedealings.shop/wp-admin/post.php?post=9&action=elementor" "Mozilla/5.0 (Windows NT 10.0; Win64; x64) AppleWebKit/537.36 (KHTML, like Gecko) Chrome/150.0.0.0 Safari/537.36"
13.229.55.180 - - [21/Jul/2026:10:23:34 +0000] "GET /zend/.env HTTP/1.1" 301 - "-" "Mozilla/5.0 (X11; Linux x86_64) AppleWebKit/537.36 (KHTML, like Gecko) Chrome/131.0.0.0 Safari/537.36"
13.229.55.180 - - [21/Jul/2026:10:23:36 +0000] "GET /zend/.env HTTP/1.1" 404 63770 "-" "Mozilla/5.0 (X11; Linux x86_64) AppleWebKit/537.36 (KHTML, like Gecko) Chrome/131.0.0.0 Safari/537.36"
13.229.55.180 - - [21/Jul/2026:10:23:37 +0000] "GET /yii/.env HTTP/1.1" 301 - "-" "Mozilla/5.0 (X11; Linux x86_64) AppleWebKit/537.36 (KHTML, like Gecko) Chrome/131.0.0.0 Safari/537.36"
13.229.55.180 - - [21/Jul/2026:10:23:38 +0000] "GET /yii/.env HTTP/1.1" 404 63770 "-" "Mozilla/5.0 (X11; Linux x86_64) AppleWebKit/537.36 (KHTML, like Gecko) Chrome/131.0.0.0 Safari/537.36"
13.229.55.180 - - [21/Jul/2026:10:23:39 +0000] "GET /laravel5/.env HTTP/1.1" 301 - "-" "Mozilla/5.0 (X11; Linux x86_64) AppleWebKit/537.36 (KHTML, like Gecko) Chrome/131.0.0.0 Safari/537.36"
13.229.55.180 - - [21/Jul/2026:10:23:41 +0000] "GET /laravel5/.env HTTP/1.1" 404 63770 "-" "Mozilla/5.0 (X11; Linux x86_64) AppleWebKit/537.36 (KHTML, like Gecko) Chrome/131.0.0.0 Safari/537.36"
13.229.55.180 - - [21/Jul/2026:10:23:43 +0000] "GET /v1/.env HTTP/1.1" 301 - "-" "Mozilla/5.0 (X11; Linux x86_64) AppleWebKit/537.36 (KHTML, like Gecko) Chrome/131.0.0.0 Safari/537.36"
13.229.55.180 - - [21/Jul/2026:10:23:44 +0000] "GET /v1/.env HTTP/1.1" 404 63770 "-" "Mozilla/5.0 (X11; Linux x86_64) AppleWebKit/537.36 (KHTML, like Gecko) Chrome/131.0.0.0 Safari/537.36"
13.229.55.180 - - [21/Jul/2026:10:23:46 +0000] "GET /v2/.env HTTP/1.1" 301 - "-" "Mozilla/5.0 (X11; Linux x86_64) AppleWebKit/537.36 (KHTML, like Gecko) Chrome/131.0.0.0 Safari/537.36"
13.229.55.180 - - [21/Jul/2026:10:23:47 +0000] "GET /v2/.env HTTP/1.1" 404 63770 "-" "Mozilla/5.0 (X11; Linux x86_64) AppleWebKit/537.36 (KHTML, like Gecko) Chrome/131.0.0.0 Safari/537.36"
105.113.65.234 - - [21/Jul/2026:10:23:48 +0000] "POST /wp-admin/admin-ajax.php HTTP/1.1" 200 77 "https://tradedealings.shop/wp-admin/post.php?post=9&action=elementor" "Mozilla/5.0 (Windows NT 10.0; Win64; x64) AppleWebKit/537.36 (KHTML, like Gecko) Chrome/150.0.0.0 Safari/537.36"
13.229.55.180 - - [21/Jul/2026:10:23:49 +0000] "GET /v3/.env HTTP/1.1" 301 - "-" "Mozilla/5.0 (X11; Linux x86_64) AppleWebKit/537.36 (KHTML, like Gecko) Chrome/131.0.0.0 Safari/537.36"
13.229.55.180 - - [21/Jul/2026:10:23:51 +0000] "GET /v3/.env HTTP/1.1" 404 63770 "-" "Mozilla/5.0 (X11; Linux x86_64) AppleWebKit/537.36 (KHTML, like Gecko) Chrome/131.0.0.0 Safari/537.36"
13.229.55.180 - - [21/Jul/2026:10:23:54 +0000] "GET /api/v1/.env HTTP/1.1" 301 - "-" "Mozilla/5.0 (X11; Linux x86_64) AppleWebKit/537.36 (KHTML, like Gecko) Chrome/131.0.0.0 Safari/537.36"
13.229.55.180 - - [21/Jul/2026:10:23:56 +0000] "GET /api/v1/.env HTTP/1.1" 404 63770 "-" "Mozilla/5.0 (X11; Linux x86_64) AppleWebKit/537.36 (KHTML, like Gecko) Chrome/131.0.0.0 Safari/537.36"
13.229.55.180 - - [21/Jul/2026:10:23:58 +0000] "GET /api/v2/.env HTTP/1.1" 301 - "-" "Mozilla/5.0 (X11; Linux x86_64) AppleWebKit/537.36 (KHTML, like Gecko) Chrome/131.0.0.0 Safari/537.36"
13.229.55.180 - - [21/Jul/2026:10:24:00 +0000] "GET /api/v2/.env HTTP/1.1" 404 63770 "-" "Mozilla/5.0 (X11; Linux x86_64) AppleWebKit/537.36 (KHTML, like Gecko) Chrome/131.0.0.0 Safari/537.36"
13.229.55.180 - - [21/Jul/2026:10:24:02 +0000] "GET /rest/.env HTTP/1.1" 301 - "-" "Mozilla/5.0 (X11; Linux x86_64) AppleWebKit/537.36 (KHTML, like Gecko) Chrome/131.0.0.0 Safari/537.36"
105.113.65.234 - - [21/Jul/2026:10:24:03 +0000] "POST /wp-admin/admin-ajax.php HTTP/1.1" 200 77 "https://tradedealings.shop/wp-admin/post.php?post=9&action=elementor" "Mozilla/5.0 (Windows NT 10.0; Win64; x64) AppleWebKit/537.36 (KHTML, like Gecko) Chrome/150.0.0.0 Safari/537.36"
13.229.55.180 - - [21/Jul/2026:10:24:03 +0000] "GET /rest/.env HTTP/1.1" 404 63770 "-" "Mozilla/5.0 (X11; Linux x86_64) AppleWebKit/537.36 (KHTML, like Gecko) Chrome/131.0.0.0 Safari/537.36"
13.229.55.180 - - [21/Jul/2026:10:24:05 +0000] "GET /graphql/.env HTTP/1.1" 301 - "-" "Mozilla/5.0 (X11; Linux x86_64) AppleWebKit/537.36 (KHTML, like Gecko) Chrome/131.0.0.0 Safari/537.36"
13.229.55.180 - - [21/Jul/2026:10:24:06 +0000] "GET /graphql/.env HTTP/1.1" 404 63770 "-" "Mozilla/5.0 (X11; Linux x86_64) AppleWebKit/537.36 (KHTML, like Gecko) Chrome/131.0.0.0 Safari/537.36"
13.229.55.180 - - [21/Jul/2026:10:24:08 +0000] "GET /gateway/.env HTTP/1.1" 301 - "-" "Mozilla/5.0 (X11; Linux x86_64) AppleWebKit/537.36 (KHTML, like Gecko) Chrome/131.0.0.0 Safari/537.36"
13.229.55.180 - - [21/Jul/2026:10:24:10 +0000] "GET /gateway/.env HTTP/1.1" 404 63770 "-" "Mozilla/5.0 (X11; Linux x86_64) AppleWebKit/537.36 (KHTML, like Gecko) Chrome/131.0.0.0 Safari/537.36"
198.177.124.148 - - [21/Jul/2026:10:24:14 +0000] "POST /wp-cron.php?doing_wp_cron=1784629454.4082179069519042968750 HTTP/1.1" 200 - "-" "WordPress/7.0.2; https://tradedealings.shop"
13.229.55.180 - - [21/Jul/2026:10:24:13 +0000] "GET /microservice/.env HTTP/1.1" 301 - "-" "Mozilla/5.0 (X11; Linux x86_64) AppleWebKit/537.36 (KHTML, like Gecko) Chrome/131.0.0.0 Safari/537.36"
13.229.55.180 - - [21/Jul/2026:10:24:14 +0000] "GET /microservice/.env HTTP/1.1" 404 63770 "-" "Mozilla/5.0 (X11; Linux x86_64) AppleWebKit/537.36 (KHTML, like Gecko) Chrome/131.0.0.0 Safari/537.36"
13.229.55.180 - - [21/Jul/2026:10:24:17 +0000] "GET /service/.env HTTP/1.1" 301 - "-" "Mozilla/5.0 (X11; Linux x86_64) AppleWebKit/537.36 (KHTML, like Gecko) Chrome/131.0.0.0 Safari/537.36"
13.229.55.180 - - [21/Jul/2026:10:24:18 +0000] "GET /service/.env HTTP/1.1" 404 63770 "-" "Mozilla/5.0 (X11; Linux x86_64) AppleWebKit/537.36 (KHTML, like Gecko) Chrome/131.0.0.0 Safari/537.36"
13.229.55.180 - - [21/Jul/2026:10:24:20 +0000] "GET /api/v3/.env HTTP/1.1" 301 - "-" "Mozilla/5.0 (X11; Linux x86_64) AppleWebKit/537.36 (KHTML, like Gecko) Chrome/131.0.0.0 Safari/537.36"
13.229.55.180 - - [21/Jul/2026:10:24:21 +0000] "GET /api/v3/.env HTTP/1.1" 404 63770 "-" "Mozilla/5.0 (X11; Linux x86_64) AppleWebKit/537.36 (KHTML, like Gecko) Chrome/131.0.0.0 Safari/537.36"
13.229.55.180 - - [21/Jul/2026:10:24:24 +0000] "GET /api/dev/.env HTTP/1.1" 301 - "-" "Mozilla/5.0 (X11; Linux x86_64) AppleWebKit/537.36 (KHTML, like Gecko) Chrome/131.0.0.0 Safari/537.36"
13.229.55.180 - - [21/Jul/2026:10:24:25 +0000] "GET /api/dev/.env HTTP/1.1" 404 63770 "-" "Mozilla/5.0 (X11; Linux x86_64) AppleWebKit/537.36 (KHTML, like Gecko) Chrome/131.0.0.0 Safari/537.36"
13.229.55.180 - - [21/Jul/2026:10:24:27 +0000] "GET /api/staging/.env HTTP/1.1" 301 - "-" "Mozilla/5.0 (X11; Linux x86_64) AppleWebKit/537.36 (KHTML, like Gecko) Chrome/131.0.0.0 Safari/537.36"
13.229.55.180 - - [21/Jul/2026:10:24:29 +0000] "GET /api/staging/.env HTTP/1.1" 404 63770 "-" "Mozilla/5.0 (X11; Linux x86_64) AppleWebKit/537.36 (KHTML, like Gecko) Chrome/131.0.0.0 Safari/537.36"
13.229.55.180 - - [21/Jul/2026:10:24:33 +0000] "GET /vendor/.env HTTP/1.1" 301 - "-" "Mozilla/5.0 (X11; Linux x86_64) AppleWebKit/537.36 (KHTML, like Gecko) Chrome/131.0.0.0 Safari/537.36"
105.113.65.234 - - [21/Jul/2026:10:24:34 +0000] "PUT /wp-json/elementor/v1/global-classes?context=preview HTTP/1.1" 204 - "https://tradedealings.shop/wp-admin/post.php?post=9&action=elementor" "Mozilla/5.0 (Windows NT 10.0; Win64; x64) AppleWebKit/537.36 (KHTML, like Gecko) Chrome/150.0.0.0 Safari/537.36"
105.113.65.234 - - [21/Jul/2026:10:24:34 +0000] "GET /wp-json/elementor/v1/checklist/user-progress HTTP/1.1" 200 534 "https://tradedealings.shop/wp-admin/post.php?post=9&action=elementor" "Mozilla/5.0 (Windows NT 10.0; Win64; x64) AppleWebKit/537.36 (KHTML, like Gecko) Chrome/150.0.0.0 Safari/537.36"
105.113.65.234 - - [21/Jul/2026:10:24:34 +0000] "POST /wp-admin/admin-ajax.php HTTP/1.1" 200 1517 "https://tradedealings.shop/wp-admin/post.php?post=9&action=elementor" "Mozilla/5.0 (Windows NT 10.0; Win64; x64) AppleWebKit/537.36 (KHTML, like Gecko) Chrome/150.0.0.0 Safari/537.36"
13.229.55.180 - - [21/Jul/2026:10:24:36 +0000] "GET /vendor/.env HTTP/1.1" 404 63770 "-" "Mozilla/5.0 (X11; Linux x86_64) AppleWebKit/537.36 (KHTML, like Gecko) Chrome/131.0.0.0 Safari/537.36"
105.113.65.234 - - [21/Jul/2026:10:24:37 +0000] "GET /wp-json/elementor/v1/checklist/user-progress HTTP/1.1" 200 534 "https://tradedealings.shop/wp-admin/post.php?post=9&action=elementor" "Mozilla/5.0 (Windows NT 10.0; Win64; x64) AppleWebKit/537.36 (KHTML, like Gecko) Chrome/150.0.0.0 Safari/537.36"
105.113.65.234 - - [21/Jul/2026:10:24:38 +0000] "POST /wp-admin/admin-ajax.php HTTP/1.1" 200 1161 "https://tradedealings.shop/wp-admin/post.php?post=9&action=elementor" "Mozilla/5.0 (Windows NT 10.0; Win64; x64) AppleWebKit/537.36 (KHTML, like Gecko) Chrome/150.0.0.0 Safari/537.36"
13.229.55.180 - - [21/Jul/2026:10:24:39 +0000] "GET /lib/.env HTTP/1.1" 301 - "-" "Mozilla/5.0 (X11; Linux x86_64) AppleWebKit/537.36 (KHTML, like Gecko) Chrome/131.0.0.0 Safari/537.36"
13.229.55.180 - - [21/Jul/2026:10:24:42 +0000] "GET /lib/.env HTTP/1.1" 404 63770 "-" "Mozilla/5.0 (X11; Linux x86_64) AppleWebKit/537.36 (KHTML, like Gecko) Chrome/131.0.0.0 Safari/537.36"
13.229.55.180 - - [21/Jul/2026:10:24:46 +0000] "GET /resources/.env HTTP/1.1" 301 - "-" "Mozilla/5.0 (X11; Linux x86_64) AppleWebKit/537.36 (KHTML, like Gecko) Chrome/131.0.0.0 Safari/537.36"
13.229.55.180 - - [21/Jul/2026:10:24:48 +0000] "GET /resources/.env HTTP/1.1" 404 63770 "-" "Mozilla/5.0 (X11; Linux x86_64) AppleWebKit/537.36 (KHTML, like Gecko) Chrome/131.0.0.0 Safari/537.36"
13.229.55.180 - - [21/Jul/2026:10:24:50 +0000] "GET /assets/.env HTTP/1.1" 301 - "-" "Mozilla/5.0 (X11; Linux x86_64) AppleWebKit/537.36 (KHTML, like Gecko) Chrome/131.0.0.0 Safari/537.36"
13.229.55.180 - - [21/Jul/2026:10:24:51 +0000] "GET /assets/.env HTTP/1.1" 404 63770 "-" "Mozilla/5.0 (X11; Linux x86_64) AppleWebKit/537.36 (KHTML, like Gecko) Chrome/131.0.0.0 Safari/537.36"
105.113.65.234 - - [21/Jul/2026:10:24:52 +0000] "POST /wp-admin/admin-ajax.php HTTP/1.1" 200 77 "https://tradedealings.shop/wp-admin/post.php?post=9&action=elementor" "Mozilla/5.0 (Windows NT 10.0; Win64; x64) AppleWebKit/537.36 (KHTML, like Gecko) Chrome/150.0.0.0 Safari/537.36"
105.113.65.234 - - [21/Jul/2026:10:24:52 +0000] "GET /wp-json/elementor/v1/checklist/user-progress HTTP/1.1" 200 534 "https://tradedealings.shop/wp-admin/post.php?post=9&action=elementor" "Mozilla/5.0 (Windows NT 10.0; Win64; x64) AppleWebKit/537.36 (KHTML, like Gecko) Chrome/150.0.0.0 Safari/537.36"
105.113.65.234 - - [21/Jul/2026:10:24:53 +0000] "GET /wp-content/plugins/elementor/assets/images/logo-panel.svg HTTP/1.1" 304 - "https://tradedealings.shop/wp-admin/post.php?post=9&action=elementor" "Mozilla/5.0 (Windows NT 10.0; Win64; x64) AppleWebKit/537.36 (KHTML, like Gecko) Chrome/150.0.0.0 Safari/537.36"
13.229.55.180 - - [21/Jul/2026:10:24:53 +0000] "GET /uploads/.env HTTP/1.1" 301 - "-" "Mozilla/5.0 (X11; Linux x86_64) AppleWebKit/537.36 (KHTML, like Gecko) Chrome/131.0.0.0 Safari/537.36"
105.113.65.234 - - [21/Jul/2026:10:24:53 +0000] "POST /wp-admin/admin-ajax.php HTTP/1.1" 200 19816 "https://tradedealings.shop/wp-admin/post.php?post=9&action=elementor" "Mozilla/5.0 (Windows NT 10.0; Win64; x64) AppleWebKit/537.36 (KHTML, like Gecko) Chrome/150.0.0.0 Safari/537.36"
13.229.55.180 - - [21/Jul/2026:10:24:55 +0000] "GET /uploads/.env HTTP/1.1" 404 63770 "-" "Mozilla/5.0 (X11; Linux x86_64) AppleWebKit/537.36 (KHTML, like Gecko) Chrome/131.0.0.0 Safari/537.36"
13.229.55.180 - - [21/Jul/2026:10:24:57 +0000] "GET /internal/.env HTTP/1.1" 301 - "-" "Mozilla/5.0 (X11; Linux x86_64) AppleWebKit/537.36 (KHTML, like Gecko) Chrome/131.0.0.0 Safari/537.36"
13.229.55.180 - - [21/Jul/2026:10:24:58 +0000] "GET /internal/.env HTTP/1.1" 404 63770 "-" "Mozilla/5.0 (X11; Linux x86_64) AppleWebKit/537.36 (KHTML, like Gecko) Chrome/131.0.0.0 Safari/537.36"
13.229.55.180 - - [21/Jul/2026:10:25:01 +0000] "GET /tools/.env HTTP/1.1" 301 - "-" "Mozilla/5.0 (X11; Linux x86_64) AppleWebKit/537.36 (KHTML, like Gecko) Chrome/131.0.0.0 Safari/537.36"
13.229.55.180 - - [21/Jul/2026:10:25:04 +0000] "GET /tools/.env HTTP/1.1" 404 63770 "-" "Mozilla/5.0 (X11; Linux x86_64) AppleWebKit/537.36 (KHTML, like Gecko) Chrome/131.0.0.0 Safari/537.36"
13.229.55.180 - - [21/Jul/2026:10:25:07 +0000] "GET /scripts/.env HTTP/1.1" 301 - "-" "Mozilla/5.0 (X11; Linux x86_64) AppleWebKit/537.36 (KHTML, like Gecko) Chrome/131.0.0.0 Safari/537.36"
105.113.65.234 - - [21/Jul/2026:10:25:07 +0000] "POST /wp-admin/admin-ajax.php HTTP/1.1" 200 77 "https://tradedealings.shop/wp-admin/post.php?post=9&action=elementor" "Mozilla/5.0 (Windows NT 10.0; Win64; x64) AppleWebKit/537.36 (KHTML, like Gecko) Chrome/150.0.0.0 Safari/537.36"
13.229.55.180 - - [21/Jul/2026:10:25:08 +0000] "GET /scripts/.env HTTP/1.1" 404 63770 "-" "Mozilla/5.0 (X11; Linux x86_64) AppleWebKit/537.36 (KHTML, like Gecko) Chrome/131.0.0.0 Safari/537.36"
13.229.55.180 - - [21/Jul/2026:10:25:11 +0000] "GET /bin/.env HTTP/1.1" 301 - "-" "Mozilla/5.0 (X11; Linux x86_64) AppleWebKit/537.36 (KHTML, like Gecko) Chrome/131.0.0.0 Safari/537.36"
198.177.124.148 - - [21/Jul/2026:10:25:14 +0000] "POST /wp-cron.php?doing_wp_cron=1784629514.6506950855255126953125 HTTP/1.1" 200 - "-" "WordPress/7.0.2; https://tradedealings.shop"
13.229.55.180 - - [21/Jul/2026:10:25:12 +0000] "GET /bin/.env HTTP/1.1" 404 63770 "-" "Mozilla/5.0 (X11; Linux x86_64) AppleWebKit/537.36 (KHTML, like Gecko) Chrome/131.0.0.0 Safari/537.36"
13.229.55.180 - - [21/Jul/2026:10:25:15 +0000] "GET /sbin/.env HTTP/1.1" 301 - "-" "Mozilla/5.0 (X11; Linux x86_64) AppleWebKit/537.36 (KHTML, like Gecko) Chrome/131.0.0.0 Safari/537.36"
13.229.55.180 - - [21/Jul/2026:10:25:17 +0000] "GET /sbin/.env HTTP/1.1" 404 63770 "-" "Mozilla/5.0 (X11; Linux x86_64) AppleWebKit/537.36 (KHTML, like Gecko) Chrome/131.0.0.0 Safari/537.36"
13.229.55.180 - - [21/Jul/2026:10:25:19 +0000] "GET /local/.env HTTP/1.1" 301 - "-" "Mozilla/5.0 (X11; Linux x86_64) AppleWebKit/537.36 (KHTML, like Gecko) Chrome/131.0.0.0 Safari/537.36"
13.229.55.180 - - [21/Jul/2026:10:25:20 +0000] "GET /local/.env HTTP/1.1" 404 63770 "-" "Mozilla/5.0 (X11; Linux x86_64) AppleWebKit/537.36 (KHTML, like Gecko) Chrome/131.0.0.0 Safari/537.36"
105.113.65.234 - - [21/Jul/2026:10:25:21 +0000] "POST /wp-admin/admin-ajax.php HTTP/1.1" 200 77 "https://tradedealings.shop/wp-admin/post.php?post=9&action=elementor" "Mozilla/5.0 (Windows NT 10.0; Win64; x64) AppleWebKit/537.36 (KHTML, like Gecko) Chrome/150.0.0.0 Safari/537.36"
13.229.55.180 - - [21/Jul/2026:10:25:22 +0000] "GET /portal/.env HTTP/1.1" 301 - "-" "Mozilla/5.0 (X11; Linux x86_64) AppleWebKit/537.36 (KHTML, like Gecko) Chrome/131.0.0.0 Safari/537.36"
105.113.65.234 - - [21/Jul/2026:10:25:22 +0000] "POST /wp-admin/admin-ajax.php HTTP/1.1" 200 19816 "https://tradedealings.shop/wp-admin/post.php?post=9&action=elementor" "Mozilla/5.0 (Windows NT 10.0; Win64; x64) AppleWebKit/537.36 (KHTML, like Gecko) Chrome/150.0.0.0 Safari/537.36"
13.229.55.180 - - [21/Jul/2026:10:25:24 +0000] "GET /portal/.env HTTP/1.1" 404 63770 "-" "Mozilla/5.0 (X11; Linux x86_64) AppleWebKit/537.36 (KHTML, like Gecko) Chrome/131.0.0.0 Safari/537.36"
13.229.55.180 - - [21/Jul/2026:10:25:26 +0000] "GET /dashboard/.env HTTP/1.1" 301 - "-" "Mozilla/5.0 (X11; Linux x86_64) AppleWebKit/537.36 (KHTML, like Gecko) Chrome/131.0.0.0 Safari/537.36"
13.229.55.180 - - [21/Jul/2026:10:25:27 +0000] "GET /dashboard/.env HTTP/1.1" 404 63770 "-" "Mozilla/5.0 (X11; Linux x86_64) AppleWebKit/537.36 (KHTML, like Gecko) Chrome/131.0.0.0 Safari/537.36"
13.229.55.180 - - [21/Jul/2026:10:25:30 +0000] "GET /panel/.env HTTP/1.1" 301 - "-" "Mozilla/5.0 (X11; Linux x86_64) AppleWebKit/537.36 (KHTML, like Gecko) Chrome/131.0.0.0 Safari/537.36"
13.229.55.180 - - [21/Jul/2026:10:25:31 +0000] "GET /panel/.env HTTP/1.1" 404 63770 "-" "Mozilla/5.0 (X11; Linux x86_64) AppleWebKit/537.36 (KHTML, like Gecko) Chrome/131.0.0.0 Safari/537.36"
13.229.55.180 - - [21/Jul/2026:10:25:33 +0000] "GET /crm/.env HTTP/1.1" 301 - "-" "Mozilla/5.0 (X11; Linux x86_64) AppleWebKit/537.36 (KHTML, like Gecko) Chrome/131.0.0.0 Safari/537.36"
13.229.55.180 - - [21/Jul/2026:10:25:34 +0000] "GET /crm/.env HTTP/1.1" 404 63770 "-" "Mozilla/5.0 (X11; Linux x86_64) AppleWebKit/537.36 (KHTML, like Gecko) Chrome/131.0.0.0 Safari/537.36"
13.229.55.180 - - [21/Jul/2026:10:25:36 +0000] "GET /erp/.env HTTP/1.1" 301 - "-" "Mozilla/5.0 (X11; Linux x86_64) AppleWebKit/537.36 (KHTML, like Gecko) Chrome/131.0.0.0 Safari/537.36"
105.113.65.234 - - [21/Jul/2026:10:25:36 +0000] "POST /wp-admin/admin-ajax.php HTTP/1.1" 200 77 "https://tradedealings.shop/wp-admin/post.php?post=9&action=elementor" "Mozilla/5.0 (Windows NT 10.0; Win64; x64) AppleWebKit/537.36 (KHTML, like Gecko) Chrome/150.0.0.0 Safari/537.36"
13.229.55.180 - - [21/Jul/2026:10:25:37 +0000] "GET /erp/.env HTTP/1.1" 404 63770 "-" "Mozilla/5.0 (X11; Linux x86_64) AppleWebKit/537.36 (KHTML, like Gecko) Chrome/131.0.0.0 Safari/537.36"
13.229.55.180 - - [21/Jul/2026:10:25:39 +0000] "GET /shop/.env HTTP/1.1" 301 - "-" "Mozilla/5.0 (X11; Linux x86_64) AppleWebKit/537.36 (KHTML, like Gecko) Chrome/131.0.0.0 Safari/537.36"
13.229.55.180 - - [21/Jul/2026:10:25:40 +0000] "GET /shop/.env HTTP/1.1" 404 63770 "-" "Mozilla/5.0 (X11; Linux x86_64) AppleWebKit/537.36 (KHTML, like Gecko) Chrome/131.0.0.0 Safari/537.36"
13.229.55.180 - - [21/Jul/2026:10:25:42 +0000] "GET /store/.env HTTP/1.1" 301 - "-" "Mozilla/5.0 (X11; Linux x86_64) AppleWebKit/537.36 (KHTML, like Gecko) Chrome/131.0.0.0 Safari/537.36"
13.229.55.180 - - [21/Jul/2026:10:25:44 +0000] "GET /store/.env HTTP/1.1" 404 63770 "-" "Mozilla/5.0 (X11; Linux x86_64) AppleWebKit/537.36 (KHTML, like Gecko) Chrome/131.0.0.0 Safari/537.36"
13.229.55.180 - - [21/Jul/2026:10:25:47 +0000] "GET /saas/.env HTTP/1.1" 301 - "-" "Mozilla/5.0 (X11; Linux x86_64) AppleWebKit/537.36 (KHTML, like Gecko) Chrome/131.0.0.0 Safari/537.36"
13.229.55.180 - - [21/Jul/2026:10:25:48 +0000] "GET /saas/.env HTTP/1.1" 404 63770 "-" "Mozilla/5.0 (X11; Linux x86_64) AppleWebKit/537.36 (KHTML, like Gecko) Chrome/131.0.0.0 Safari/537.36"
13.229.55.180 - - [21/Jul/2026:10:25:51 +0000] "GET /client/.env HTTP/1.1" 301 - "-" "Mozilla/5.0 (X11; Linux x86_64) AppleWebKit/537.36 (KHTML, like Gecko) Chrome/131.0.0.0 Safari/537.36"
105.113.65.234 - - [21/Jul/2026:10:25:52 +0000] "POST /wp-admin/admin-ajax.php HTTP/1.1" 200 77 "https://tradedealings.shop/wp-admin/post.php?post=9&action=elementor" "Mozilla/5.0 (Windows NT 10.0; Win64; x64) AppleWebKit/537.36 (KHTML, like Gecko) Chrome/150.0.0.0 Safari/537.36"
13.229.55.180 - - [21/Jul/2026:10:25:52 +0000] "GET /client/.env HTTP/1.1" 404 63770 "-" "Mozilla/5.0 (X11; Linux x86_64) AppleWebKit/537.36 (KHTML, like Gecko) Chrome/131.0.0.0 Safari/537.36"
13.229.55.180 - - [21/Jul/2026:10:25:55 +0000] "GET /project/.env HTTP/1.1" 301 - "-" "Mozilla/5.0 (X11; Linux x86_64) AppleWebKit/537.36 (KHTML, like Gecko) Chrome/131.0.0.0 Safari/537.36"
13.229.55.180 - - [21/Jul/2026:10:25:56 +0000] "GET /project/.env HTTP/1.1" 404 63770 "-" "Mozilla/5.0 (X11; Linux x86_64) AppleWebKit/537.36 (KHTML, like Gecko) Chrome/131.0.0.0 Safari/537.36"
13.229.55.180 - - [21/Jul/2026:10:25:59 +0000] "GET /admin-panel/.env HTTP/1.1" 301 - "-" "Mozilla/5.0 (X11; Linux x86_64) AppleWebKit/537.36 (KHTML, like Gecko) Chrome/131.0.0.0 Safari/537.36"
13.229.55.180 - - [21/Jul/2026:10:26:00 +0000] "GET /admin-panel/.env HTTP/1.1" 404 63770 "-" "Mozilla/5.0 (X11; Linux x86_64) AppleWebKit/537.36 (KHTML, like Gecko) Chrome/131.0.0.0 Safari/537.36"
13.229.55.180 - - [21/Jul/2026:10:26:02 +0000] "GET /control-panel/.env HTTP/1.1" 301 - "-" "Mozilla/5.0 (X11; Linux x86_64) AppleWebKit/537.36 (KHTML, like Gecko) Chrome/131.0.0.0 Safari/537.36"
13.229.55.180 - - [21/Jul/2026:10:26:04 +0000] "GET /control-panel/.env HTTP/1.1" 404 63770 "-" "Mozilla/5.0 (X11; Linux x86_64) AppleWebKit/537.36 (KHTML, like Gecko) Chrome/131.0.0.0 Safari/537.36"
105.113.65.234 - - [21/Jul/2026:10:26:06 +0000] "POST /wp-admin/admin-ajax.php HTTP/1.1" 200 77 "https://tradedealings.shop/wp-admin/post.php?post=9&action=elementor" "Mozilla/5.0 (Windows NT 10.0; Win64; x64) AppleWebKit/537.36 (KHTML, like Gecko) Chrome/150.0.0.0 Safari/537.36"
13.229.55.180 - - [21/Jul/2026:10:26:07 +0000] "GET /user-panel/.env HTTP/1.1" 301 - "-" "Mozilla/5.0 (X11; Linux x86_64) AppleWebKit/537.36 (KHTML, like Gecko) Chrome/131.0.0.0 Safari/537.36"
13.229.55.180 - - [21/Jul/2026:10:26:09 +0000] "GET /user-panel/.env HTTP/1.1" 404 63770 "-" "Mozilla/5.0 (X11; Linux x86_64) AppleWebKit/537.36 (KHTML, like Gecko) Chrome/131.0.0.0 Safari/537.36"
198.177.124.148 - - [21/Jul/2026:10:26:14 +0000] "POST /wp-cron.php?doing_wp_cron=1784629574.1678609848022460937500 HTTP/1.1" 200 - "-" "WordPress/7.0.2; https://tradedealings.shop"
13.229.55.180 - - [21/Jul/2026:10:26:12 +0000] "GET /node/.env HTTP/1.1" 301 - "-" "Mozilla/5.0 (X11; Linux x86_64) AppleWebKit/537.36 (KHTML, like Gecko) Chrome/131.0.0.0 Safari/537.36"
13.229.55.180 - - [21/Jul/2026:10:26:14 +0000] "GET /node/.env HTTP/1.1" 404 63770 "-" "Mozilla/5.0 (X11; Linux x86_64) AppleWebKit/537.36 (KHTML, like Gecko) Chrome/131.0.0.0 Safari/537.36"
13.229.55.180 - - [21/Jul/2026:10:26:18 +0000] "GET /express/.env HTTP/1.1" 301 - "-" "Mozilla/5.0 (X11; Linux x86_64) AppleWebKit/537.36 (KHTML, like Gecko) Chrome/131.0.0.0 Safari/537.36"
13.229.55.180 - - [21/Jul/2026:10:26:19 +0000] "GET /express/.env HTTP/1.1" 404 63770 "-" "Mozilla/5.0 (X11; Linux x86_64) AppleWebKit/537.36 (KHTML, like Gecko) Chrome/131.0.0.0 Safari/537.36"
13.229.55.180 - - [21/Jul/2026:10:26:21 +0000] "GET /next/.env HTTP/1.1" 301 - "-" "Mozilla/5.0 (X11; Linux x86_64) AppleWebKit/537.36 (KHTML, like Gecko) Chrome/131.0.0.0 Safari/537.36"
105.113.65.234 - - [21/Jul/2026:10:26:22 +0000] "POST /wp-admin/admin-ajax.php HTTP/1.1" 200 77 "https://tradedealings.shop/wp-admin/post.php?post=9&action=elementor" "Mozilla/5.0 (Windows NT 10.0; Win64; x64) AppleWebKit/537.36 (KHTML, like Gecko) Chrome/150.0.0.0 Safari/537.36"
13.229.55.180 - - [21/Jul/2026:10:26:23 +0000] "GET /next/.env HTTP/1.1" 404 63770 "-" "Mozilla/5.0 (X11; Linux x86_64) AppleWebKit/537.36 (KHTML, like Gecko) Chrome/131.0.0.0 Safari/537.36"
13.229.55.180 - - [21/Jul/2026:10:26:26 +0000] "GET /nuxt/.env HTTP/1.1" 301 - "-" "Mozilla/5.0 (X11; Linux x86_64) AppleWebKit/537.36 (KHTML, like Gecko) Chrome/131.0.0.0 Safari/537.36"
13.229.55.180 - - [21/Jul/2026:10:26:29 +0000] "GET /nuxt/.env HTTP/1.1" 404 63770 "-" "Mozilla/5.0 (X11; Linux x86_64) AppleWebKit/537.36 (KHTML, like Gecko) Chrome/131.0.0.0 Safari/537.36"
13.229.55.180 - - [21/Jul/2026:10:26:32 +0000] "GET /nest/.env HTTP/1.1" 301 - "-" "Mozilla/5.0 (X11; Linux x86_64) AppleWebKit/537.36 (KHTML, like Gecko) Chrome/131.0.0.0 Safari/537.36"
13.229.55.180 - - [21/Jul/2026:10:26:34 +0000] "GET /nest/.env HTTP/1.1" 404 63770 "-" "Mozilla/5.0 (X11; Linux x86_64) AppleWebKit/537.36 (KHTML, like Gecko) Chrome/131.0.0.0 Safari/537.36"
105.113.65.234 - - [21/Jul/2026:10:26:36 +0000] "POST /wp-admin/admin-ajax.php HTTP/1.1" 200 77 "https://tradedealings.shop/wp-admin/post.php?post=9&action=elementor" "Mozilla/5.0 (Windows NT 10.0; Win64; x64) AppleWebKit/537.36 (KHTML, like Gecko) Chrome/150.0.0.0 Safari/537.36"
13.229.55.180 - - [21/Jul/2026:10:26:37 +0000] "GET /react/.env HTTP/1.1" 301 - "-" "Mozilla/5.0 (X11; Linux x86_64) AppleWebKit/537.36 (KHTML, like Gecko) Chrome/131.0.0.0 Safari/537.36"
13.229.55.180 - - [21/Jul/2026:10:26:39 +0000] "GET /react/.env HTTP/1.1" 404 63770 "-" "Mozilla/5.0 (X11; Linux x86_64) AppleWebKit/537.36 (KHTML, like Gecko) Chrome/131.0.0.0 Safari/537.36"
13.229.55.180 - - [21/Jul/2026:10:26:42 +0000] "GET /vue/.env HTTP/1.1" 301 - "-" "Mozilla/5.0 (X11; Linux x86_64) AppleWebKit/537.36 (KHTML, like Gecko) Chrome/131.0.0.0 Safari/537.36"
13.229.55.180 - - [21/Jul/2026:10:26:44 +0000] "GET /vue/.env HTTP/1.1" 404 63770 "-" "Mozilla/5.0 (X11; Linux x86_64) AppleWebKit/537.36 (KHTML, like Gecko) Chrome/131.0.0.0 Safari/537.36"
13.229.55.180 - - [21/Jul/2026:10:26:46 +0000] "GET /angular/.env HTTP/1.1" 301 - "-" "Mozilla/5.0 (X11; Linux x86_64) AppleWebKit/537.36 (KHTML, like Gecko) Chrome/131.0.0.0 Safari/537.36"
13.229.55.180 - - [21/Jul/2026:10:26:47 +0000] "GET /angular/.env HTTP/1.1" 404 63770 "-" "Mozilla/5.0 (X11; Linux x86_64) AppleWebKit/537.36 (KHTML, like Gecko) Chrome/131.0.0.0 Safari/537.36"
13.229.55.180 - - [21/Jul/2026:10:26:50 +0000] "GET /svelte/.env HTTP/1.1" 301 - "-" "Mozilla/5.0 (X11; Linux x86_64) AppleWebKit/537.36 (KHTML, like Gecko) Chrome/131.0.0.0 Safari/537.36"
105.113.65.234 - - [21/Jul/2026:10:26:52 +0000] "POST /wp-admin/admin-ajax.php HTTP/1.1" 200 77 "https://tradedealings.shop/wp-admin/post.php?post=9&action=elementor" "Mozilla/5.0 (Windows NT 10.0; Win64; x64) AppleWebKit/537.36 (KHTML, like Gecko) Chrome/150.0.0.0 Safari/537.36"
13.229.55.180 - - [21/Jul/2026:10:26:52 +0000] "GET /svelte/.env HTTP/1.1" 404 63770 "-" "Mozilla/5.0 (X11; Linux x86_64) AppleWebKit/537.36 (KHTML, like Gecko) Chrome/131.0.0.0 Safari/537.36"
13.229.55.180 - - [21/Jul/2026:10:26:55 +0000] "GET /vite/.env HTTP/1.1" 301 - "-" "Mozilla/5.0 (X11; Linux x86_64) AppleWebKit/537.36 (KHTML, like Gecko) Chrome/131.0.0.0 Safari/537.36"
13.229.55.180 - - [21/Jul/2026:10:26:56 +0000] "GET /vite/.env HTTP/1.1" 404 63770 "-" "Mozilla/5.0 (X11; Linux x86_64) AppleWebKit/537.36 (KHTML, like Gecko) Chrome/131.0.0.0 Safari/537.36"
105.113.65.234 - - [21/Jul/2026:10:26:55 +0000] "POST /wp-admin/admin-ajax.php HTTP/1.1" 200 19872 "https://tradedealings.shop/wp-admin/post.php?post=9&action=elementor" "Mozilla/5.0 (Windows NT 10.0; Win64; x64) AppleWebKit/537.36 (KHTML, like Gecko) Chrome/150.0.0.0 Safari/537.36"
13.229.55.180 - - [21/Jul/2026:10:26:59 +0000] "GET /backup/.env HTTP/1.1" 301 - "-" "Mozilla/5.0 (X11; Linux x86_64) AppleWebKit/537.36 (KHTML, like Gecko) Chrome/131.0.0.0 Safari/537.36"
13.229.55.180 - - [21/Jul/2026:10:27:01 +0000] "GET /backup/.env HTTP/1.1" 404 63770 "-" "Mozilla/5.0 (X11; Linux x86_64) AppleWebKit/537.36 (KHTML, like Gecko) Chrome/131.0.0.0 Safari/537.36"
13.229.55.180 - - [21/Jul/2026:10:27:04 +0000] "GET /backups/.env HTTP/1.1" 301 - "-" "Mozilla/5.0 (X11; Linux x86_64) AppleWebKit/537.36 (KHTML, like Gecko) Chrome/131.0.0.0 Safari/537.36"
13.229.55.180 - - [21/Jul/2026:10:27:05 +0000] "GET /backups/.env HTTP/1.1" 404 63770 "-" "Mozilla/5.0 (X11; Linux x86_64) AppleWebKit/537.36 (KHTML, like Gecko) Chrome/131.0.0.0 Safari/537.36"
105.113.65.234 - - [21/Jul/2026:10:27:06 +0000] "POST /wp-admin/admin-ajax.php HTTP/1.1" 200 77 "https://tradedealings.shop/wp-admin/post.php?post=9&action=elementor" "Mozilla/5.0 (Windows NT 10.0; Win64; x64) AppleWebKit/537.36 (KHTML, like Gecko) Chrome/150.0.0.0 Safari/537.36"
13.229.55.180 - - [21/Jul/2026:10:27:07 +0000] "GET /old/.env HTTP/1.1" 301 - "-" "Mozilla/5.0 (X11; Linux x86_64) AppleWebKit/537.36 (KHTML, like Gecko) Chrome/131.0.0.0 Safari/537.36"
105.113.65.234 - - [21/Jul/2026:10:27:07 +0000] "POST /wp-admin/admin-ajax.php HTTP/1.1" 200 19872 "https://tradedealings.shop/wp-admin/post.php?post=9&action=elementor" "Mozilla/5.0 (Windows NT 10.0; Win64; x64) AppleWebKit/537.36 (KHTML, like Gecko) Chrome/150.0.0.0 Safari/537.36"
198.177.124.148 - - [21/Jul/2026:10:27:13 +0000] "POST /wp-cron.php?doing_wp_cron=1784629633.1220710277557373046875 HTTP/1.1" 200 - "-" "WordPress/7.0.2; https://tradedealings.shop"
13.229.55.180 - - [21/Jul/2026:10:27:09 +0000] "GET /old/.env HTTP/1.1" 404 63770 "-" "Mozilla/5.0 (X11; Linux x86_64) AppleWebKit/537.36 (KHTML, like Gecko) Chrome/131.0.0.0 Safari/537.36"
13.229.55.180 - - [21/Jul/2026:10:27:13 +0000] "GET /tmp/.env HTTP/1.1" 301 - "-" "Mozilla/5.0 (X11; Linux x86_64) AppleWebKit/537.36 (KHTML, like Gecko) Chrome/131.0.0.0 Safari/537.36"
13.229.55.180 - - [21/Jul/2026:10:27:18 +0000] "GET /tmp/.env HTTP/1.1" 404 63770 "-" "Mozilla/5.0 (X11; Linux x86_64) AppleWebKit/537.36 (KHTML, like Gecko) Chrome/131.0.0.0 Safari/537.36"
105.113.65.234 - - [21/Jul/2026:10:27:22 +0000] "POST /wp-admin/admin-ajax.php HTTP/1.1" 200 77 "https://tradedealings.shop/wp-admin/post.php?post=9&action=elementor" "Mozilla/5.0 (Windows NT 10.0; Win64; x64) AppleWebKit/537.36 (KHTML, like Gecko) Chrome/150.0.0.0 Safari/537.36"
13.229.55.180 - - [21/Jul/2026:10:27:22 +0000] "GET /temp/.env HTTP/1.1" 301 - "-" "Mozilla/5.0 (X11; Linux x86_64) AppleWebKit/537.36 (KHTML, like Gecko) Chrome/131.0.0.0 Safari/537.36"
13.229.55.180 - - [21/Jul/2026:10:27:25 +0000] "GET /temp/.env HTTP/1.1" 404 63770 "-" "Mozilla/5.0 (X11; Linux x86_64) AppleWebKit/537.36 (KHTML, like Gecko) Chrome/131.0.0.0 Safari/537.36"
13.229.55.180 - - [21/Jul/2026:10:27:27 +0000] "GET /lab/.env HTTP/1.1" 301 - "-" "Mozilla/5.0 (X11; Linux x86_64) AppleWebKit/537.36 (KHTML, like Gecko) Chrome/131.0.0.0 Safari/537.36"
13.229.55.180 - - [21/Jul/2026:10:27:29 +0000] "GET /lab/.env HTTP/1.1" 404 63770 "-" "Mozilla/5.0 (X11; Linux x86_64) AppleWebKit/537.36 (KHTML, like Gecko) Chrome/131.0.0.0 Safari/537.36"
13.229.55.180 - - [21/Jul/2026:10:27:32 +0000] "GET /cronlab/.env HTTP/1.1" 301 - "-" "Mozilla/5.0 (X11; Linux x86_64) AppleWebKit/537.36 (KHTML, like Gecko) Chrome/131.0.0.0 Safari/537.36"
105.113.65.234 - - [21/Jul/2026:10:27:24 +0000] "POST /wp-admin/admin-ajax.php HTTP/1.1" 200 19872 "https://tradedealings.shop/wp-admin/post.php?post=9&action=elementor" "Mozilla/5.0 (Windows NT 10.0; Win64; x64) AppleWebKit/537.36 (KHTML, like Gecko) Chrome/150.0.0.0 Safari/537.36"
13.229.55.180 - - [21/Jul/2026:10:27:34 +0000] "GET /cronlab/.env HTTP/1.1" 404 63770 "-" "Mozilla/5.0 (X11; Linux x86_64) AppleWebKit/537.36 (KHTML, like Gecko) Chrome/131.0.0.0 Safari/537.36"
105.113.65.234 - - [21/Jul/2026:10:27:36 +0000] "POST /wp-admin/admin-ajax.php HTTP/1.1" 200 77 "https://tradedealings.shop/wp-admin/post.php?post=9&action=elementor" "Mozilla/5.0 (Windows NT 10.0; Win64; x64) AppleWebKit/537.36 (KHTML, like Gecko) Chrome/150.0.0.0 Safari/537.36"
13.229.55.180 - - [21/Jul/2026:10:27:38 +0000] "GET /cron/.env HTTP/1.1" 301 - "-" "Mozilla/5.0 (X11; Linux x86_64) AppleWebKit/537.36 (KHTML, like Gecko) Chrome/131.0.0.0 Safari/537.36"
13.229.55.180 - - [21/Jul/2026:10:27:41 +0000] "GET /cron/.env HTTP/1.1" 404 63770 "-" "Mozilla/5.0 (X11; Linux x86_64) AppleWebKit/537.36 (KHTML, like Gecko) Chrome/131.0.0.0 Safari/537.36"
13.229.55.180 - - [21/Jul/2026:10:27:45 +0000] "GET /en/.env HTTP/1.1" 301 - "-" "Mozilla/5.0 (X11; Linux x86_64) AppleWebKit/537.36 (KHTML, like Gecko) Chrome/131.0.0.0 Safari/537.36"
13.229.55.180 - - [21/Jul/2026:10:27:48 +0000] "GET /en/.env HTTP/1.1" 404 63770 "-" "Mozilla/5.0 (X11; Linux x86_64) AppleWebKit/537.36 (KHTML, like Gecko) Chrome/131.0.0.0 Safari/537.36"
13.229.55.180 - - [21/Jul/2026:10:27:51 +0000] "GET /administrator/.env HTTP/1.1" 301 - "-" "Mozilla/5.0 (X11; Linux x86_64) AppleWebKit/537.36 (KHTML, like Gecko) Chrome/131.0.0.0 Safari/537.36"
13.229.55.180 - - [21/Jul/2026:10:27:52 +0000] "GET /administrator/.env HTTP/1.1" 404 63770 "-" "Mozilla/5.0 (X11; Linux x86_64) AppleWebKit/537.36 (KHTML, like Gecko) Chrome/131.0.0.0 Safari/537.36"
13.229.55.180 - - [21/Jul/2026:10:27:54 +0000] "GET /psnlink/.env HTTP/1.1" 301 - "-" "Mozilla/5.0 (X11; Linux x86_64) AppleWebKit/537.36 (KHTML, like Gecko) Chrome/131.0.0.0 Safari/537.36"
13.229.55.180 - - [21/Jul/2026:10:27:55 +0000] "GET /psnlink/.env HTTP/1.1" 404 63770 "-" "Mozilla/5.0 (X11; Linux x86_64) AppleWebKit/537.36 (KHTML, like Gecko) Chrome/131.0.0.0 Safari/537.36"
13.229.55.180 - - [21/Jul/2026:10:27:57 +0000] "GET /exapi/.env HTTP/1.1" 301 - "-" "Mozilla/5.0 (X11; Linux x86_64) AppleWebKit/537.36 (KHTML, like Gecko) Chrome/131.0.0.0 Safari/537.36"
105.113.84.166 - - [21/Jul/2026:10:27:57 +0000] "POST /wp-admin/admin-ajax.php HTTP/1.1" 200 77 "https://tradedealings.shop/wp-admin/post.php?post=9&action=elementor" "Mozilla/5.0 (Windows NT 10.0; Win64; x64) AppleWebKit/537.36 (KHTML, like Gecko) Chrome/150.0.0.0 Safari/537.36"
