105.113.84.166 - - [21/Jul/2026:12:15:24 +0000] "POST /wp-admin/admin-ajax.php HTTP/1.1" 200 77 "https://tradedealings.shop/wp-admin/post.php?post=9&action=elementor" "Mozilla/5.0 (Windows NT 10.0; Win64; x64) AppleWebKit/537.36 (KHTML, like Gecko) Chrome/150.0.0.0 Safari/537.36"
198.177.124.148 - - [21/Jul/2026:12:16:54 +0000] "POST /wp-cron.php?doing_wp_cron=1784636214.6135981082916259765625 HTTP/1.1" 200 - "-" "WordPress/7.0.2; https://tradedealings.shop"
193.70.113.250 - - [21/Jul/2026:12:16:52 +0000] "GET /favicon.ico HTTP/1.1" 302 - "-" "Mozilla/5.0 (X11; CrOS x86_64 14541.0.0) AppleWebKit/537.36 (KHTML, like Gecko) Chrome/120.0.0.0 Safari/537.3"
193.70.113.250 - - [21/Jul/2026:12:16:54 +0000] "GET /wp-includes/images/w-logo-blue-white-bg.png HTTP/1.1" 200 4119 "-" "Mozilla/5.0 (X11; CrOS x86_64 14541.0.0) AppleWebKit/537.36 (KHTML, like Gecko) Chrome/120.0.0.0 Safari/537.3"
193.70.113.250 - - [21/Jul/2026:12:17:01 +0000] "HEAD / HTTP/1.1" 200 - "-" "Mozilla/5.0 (Windows NT 10.0; Win64; x64) AppleWebKit/537.36 (KHTML, like Gecko) Chrome/42.0.2311.135 Safari/537.36 Edge/12.246"
193.70.113.250 - - [21/Jul/2026:12:17:03 +0000] "GET / HTTP/1.1" 200 75008 "-" "Mozilla/5.0 (Windows NT 10.0; Win64; x64) AppleWebKit/537.36 (KHTML, like Gecko) Chrome/42.0.2311.135 Safari/537.36 Edge/12.246"
193.70.113.250 - - [21/Jul/2026:12:17:07 +0000] "HEAD /feed/ HTTP/1.1" 200 - "https://tradedealings.shop/" "Mozilla/5.0 (Windows NT 10.0; Win64; x64) AppleWebKit/537.36 (KHTML, like Gecko) Chrome/42.0.2311.135 Safari/537.36 Edge/12.246"
198.177.124.148 - - [21/Jul/2026:12:17:13 +0000] "POST /wp-cron.php?doing_wp_cron=1784636233.6179599761962890625000 HTTP/1.1" 200 - "-" "WordPress/7.0.2; https://tradedealings.shop"
193.70.113.250 - - [21/Jul/2026:12:17:11 +0000] "HEAD /comments/feed/ HTTP/1.1" 200 - "https://tradedealings.shop/" "Mozilla/5.0 (Windows NT 10.0; Win64; x64) AppleWebKit/537.36 (KHTML, like Gecko) Chrome/42.0.2311.135 Safari/537.36 Edge/12.246"
193.70.113.250 - - [21/Jul/2026:12:17:13 +0000] "HEAD /wp-includes/js/jquery/jquery.min.js?ver=3.7.1 HTTP/1.1" 200 - "https://tradedealings.shop/" "Mozilla/5.0 (Windows NT 10.0; Win64; x64) AppleWebKit/537.36 (KHTML, like Gecko) Chrome/42.0.2311.135 Safari/537.36 Edge/12.246"
193.70.113.250 - - [21/Jul/2026:12:17:14 +0000] "HEAD /wp-includes/js/jquery/jquery-migrate.min.js?ver=3.4.1 HTTP/1.1" 200 - "https://tradedealings.shop/" "Mozilla/5.0 (Windows NT 10.0; Win64; x64) AppleWebKit/537.36 (KHTML, like Gecko) Chrome/42.0.2311.135 Safari/537.36 Edge/12.246"
193.70.113.250 - - [21/Jul/2026:12:17:14 +0000] "HEAD /wp-json/ HTTP/1.1" 200 - "https://tradedealings.shop/" "Mozilla/5.0 (Windows NT 10.0; Win64; x64) AppleWebKit/537.36 (KHTML, like Gecko) Chrome/42.0.2311.135 Safari/537.36 Edge/12.246"
193.70.113.250 - - [21/Jul/2026:12:17:17 +0000] "HEAD /xmlrpc.php?rsd HTTP/1.1" 200 - "https://tradedealings.shop/" "Mozilla/5.0 (Windows NT 10.0; Win64; x64) AppleWebKit/537.36 (KHTML, like Gecko) Chrome/42.0.2311.135 Safari/537.36 Edge/12.246"
193.70.113.250 - - [21/Jul/2026:12:17:19 +0000] "HEAD /wp-includes/js/dist/script-modules/interactivity/index.min.js?ver=efaa5193bbad9c60ffd1 HTTP/1.1" 200 - "https://tradedealings.shop/" "Mozilla/5.0 (Windows NT 10.0; Win64; x64) AppleWebKit/537.36 (KHTML, like Gecko) Chrome/42.0.2311.135 Safari/537.36 Edge/12.246"
193.70.113.250 - - [21/Jul/2026:12:17:20 +0000] "HEAD /wp-content/themes/twentytwentyfive/assets/fonts/manrope/Manrope-VariableFont_wght.woff2 HTTP/1.1" 200 - "https://tradedealings.shop/" "Mozilla/5.0 (Windows NT 10.0; Win64; x64) AppleWebKit/537.36 (KHTML, like Gecko) Chrome/42.0.2311.135 Safari/537.36 Edge/12.246"
193.70.113.250 - - [21/Jul/2026:12:17:20 +0000] "HEAD /wp-content/themes/twentytwentyfive/assets/fonts/fira-code/FiraCode-VariableFont_wght.woff2 HTTP/1.1" 200 - "https://tradedealings.shop/" "Mozilla/5.0 (Windows NT 10.0; Win64; x64) AppleWebKit/537.36 (KHTML, like Gecko) Chrome/42.0.2311.135 Safari/537.36 Edge/12.246"
193.70.113.250 - - [21/Jul/2026:12:17:20 +0000] "HEAD /sample-page/ HTTP/1.1" 200 - "https://tradedealings.shop/" "Mozilla/5.0 (Windows NT 10.0; Win64; x64) AppleWebKit/537.36 (KHTML, like Gecko) Chrome/42.0.2311.135 Safari/537.36 Edge/12.246"
193.70.113.250 - - [21/Jul/2026:12:17:22 +0000] "GET /sample-page/ HTTP/1.1" 200 74729 "https://tradedealings.shop/" "Mozilla/5.0 (Windows NT 10.0; Win64; x64) AppleWebKit/537.36 (KHTML, like Gecko) Chrome/42.0.2311.135 Safari/537.36 Edge/12.246"
105.113.84.166 - - [21/Jul/2026:12:17:25 +0000] "POST /wp-admin/admin-ajax.php HTTP/1.1" 200 77 "https://tradedealings.shop/wp-admin/post.php?post=9&action=elementor" "Mozilla/5.0 (Windows NT 10.0; Win64; x64) AppleWebKit/537.36 (KHTML, like Gecko) Chrome/150.0.0.0 Safari/537.36"
193.70.113.250 - - [21/Jul/2026:12:17:25 +0000] "HEAD /trade-dealings/ HTTP/1.1" 200 - "https://tradedealings.shop/" "Mozilla/5.0 (Windows NT 10.0; Win64; x64) AppleWebKit/537.36 (KHTML, like Gecko) Chrome/42.0.2311.135 Safari/537.36 Edge/12.246"
193.70.113.250 - - [21/Jul/2026:12:17:27 +0000] "GET /trade-dealings/ HTTP/1.1" 200 120680 "https://tradedealings.shop/" "Mozilla/5.0 (Windows NT 10.0; Win64; x64) AppleWebKit/537.36 (KHTML, like Gecko) Chrome/42.0.2311.135 Safari/537.36 Edge/12.246"
193.70.113.250 - - [21/Jul/2026:12:17:29 +0000] "HEAD /2026/07/20/hello-world/ HTTP/1.1" 200 - "https://tradedealings.shop/" "Mozilla/5.0 (Windows NT 10.0; Win64; x64) AppleWebKit/537.36 (KHTML, like Gecko) Chrome/42.0.2311.135 Safari/537.36 Edge/12.246"
193.70.113.250 - - [21/Jul/2026:12:17:30 +0000] "GET /2026/07/20/hello-world/ HTTP/1.1" 200 77176 "https://tradedealings.shop/" "Mozilla/5.0 (Windows NT 10.0; Win64; x64) AppleWebKit/537.36 (KHTML, like Gecko) Chrome/42.0.2311.135 Safari/537.36 Edge/12.246"
193.70.113.250 - - [21/Jul/2026:12:17:31 +0000] "HEAD /wp-includes/js/dist/script-modules/block-library/navigation/view.min.js?ver=96a846e1d7b789c39ab9 HTTP/1.1" 200 - "https://tradedealings.shop/" "Mozilla/5.0 (Windows NT 10.0; Win64; x64) AppleWebKit/537.36 (KHTML, like Gecko) Chrome/42.0.2311.135 Safari/537.36 Edge/12.246"
193.70.113.250 - - [21/Jul/2026:12:17:32 +0000] "HEAD /wp-content/plugins/pixelyoursite/dist/scripts/jquery.bind-first-0.2.3.min.js?ver=0.2.3 HTTP/1.1" 200 - "https://tradedealings.shop/" "Mozilla/5.0 (Windows NT 10.0; Win64; x64) AppleWebKit/537.36 (KHTML, like Gecko) Chrome/42.0.2311.135 Safari/537.36 Edge/12.246"
193.70.113.250 - - [21/Jul/2026:12:17:32 +0000] "HEAD /wp-content/plugins/pixelyoursite/dist/scripts/js.cookie-2.1.3.min.js?ver=2.1.3 HTTP/1.1" 200 - "https://tradedealings.shop/" "Mozilla/5.0 (Windows NT 10.0; Win64; x64) AppleWebKit/537.36 (KHTML, like Gecko) Chrome/42.0.2311.135 Safari/537.36 Edge/12.246"
193.70.113.250 - - [21/Jul/2026:12:17:32 +0000] "HEAD /wp-content/plugins/pixelyoursite/dist/scripts/tld.min.js?ver=2.3.1 HTTP/1.1" 200 - "https://tradedealings.shop/" "Mozilla/5.0 (Windows NT 10.0; Win64; x64) AppleWebKit/537.36 (KHTML, like Gecko) Chrome/42.0.2311.135 Safari/537.36 Edge/12.246"
193.70.113.250 - - [21/Jul/2026:12:17:32 +0000] "HEAD /wp-content/plugins/pixelyoursite/dist/scripts/public.js?ver=11.2.1 HTTP/1.1" 200 - "https://tradedealings.shop/" "Mozilla/5.0 (Windows NT 10.0; Win64; x64) AppleWebKit/537.36 (KHTML, like Gecko) Chrome/42.0.2311.135 Safari/537.36 Edge/12.246"
193.70.113.250 - - [21/Jul/2026:12:17:32 +0000] "HEAD /sample-page/feed/ HTTP/1.1" 200 - "https://tradedealings.shop/sample-page/" "Mozilla/5.0 (Windows NT 10.0; Win64; x64) AppleWebKit/537.36 (KHTML, like Gecko) Chrome/42.0.2311.135 Safari/537.36 Edge/12.246"
193.70.113.250 - - [21/Jul/2026:12:17:34 +0000] "HEAD /wp-json/oembed/1.0/embed?url=https%3A%2F%2Ftradedealings.shop%2Fsample-page%2F HTTP/1.1" 200 - "https://tradedealings.shop/sample-page/" "Mozilla/5.0 (Windows NT 10.0; Win64; x64) AppleWebKit/537.36 (KHTML, like Gecko) Chrome/42.0.2311.135 Safari/537.36 Edge/12.246"
193.70.113.250 - - [21/Jul/2026:12:17:36 +0000] "HEAD /wp-json/oembed/1.0/embed?url=https%3A%2F%2Ftradedealings.shop%2Fsample-page%2F&format=xml HTTP/1.1" 200 - "https://tradedealings.shop/sample-page/" "Mozilla/5.0 (Windows NT 10.0; Win64; x64) AppleWebKit/537.36 (KHTML, like Gecko) Chrome/42.0.2311.135 Safari/537.36 Edge/12.246"
193.70.113.250 - - [21/Jul/2026:12:17:39 +0000] "HEAD /wp-json/wp/v2/pages/2 HTTP/1.1" 200 - "https://tradedealings.shop/sample-page/" "Mozilla/5.0 (Windows NT 10.0; Win64; x64) AppleWebKit/537.36 (KHTML, like Gecko) Chrome/42.0.2311.135 Safari/537.36 Edge/12.246"
193.70.113.250 - - [21/Jul/2026:12:17:40 +0000] "HEAD /?p=2 HTTP/1.1" 301 - "https://tradedealings.shop/sample-page/" "Mozilla/5.0 (Windows NT 10.0; Win64; x64) AppleWebKit/537.36 (KHTML, like Gecko) Chrome/42.0.2311.135 Safari/537.36 Edge/12.246"
193.70.113.250 - - [21/Jul/2026:12:17:42 +0000] "HEAD /sample-page/ HTTP/1.1" 200 - "https://tradedealings.shop/sample-page/" "Mozilla/5.0 (Windows NT 10.0; Win64; x64) AppleWebKit/537.36 (KHTML, like Gecko) Chrome/42.0.2311.135 Safari/537.36 Edge/12.246"
193.70.113.250 - - [21/Jul/2026:12:17:43 +0000] "GET /sample-page/ HTTP/1.1" 200 74729 "https://tradedealings.shop/sample-page/" "Mozilla/5.0 (Windows NT 10.0; Win64; x64) AppleWebKit/537.36 (KHTML, like Gecko) Chrome/42.0.2311.135 Safari/537.36 Edge/12.246"
193.70.113.250 - - [21/Jul/2026:12:17:45 +0000] "HEAD /wp-admin/ HTTP/1.1" 302 - "https://tradedealings.shop/sample-page/" "Mozilla/5.0 (Windows NT 10.0; Win64; x64) AppleWebKit/537.36 (KHTML, like Gecko) Chrome/42.0.2311.135 Safari/537.36 Edge/12.246"
193.70.113.250 - - [21/Jul/2026:12:17:46 +0000] "HEAD /wp-login.php?redirect_to=https%3A%2F%2Ftradedealings.shop%2Fwp-admin%2F&reauth=1 HTTP/1.1" 200 - "https://tradedealings.shop/sample-page/" "Mozilla/5.0 (Windows NT 10.0; Win64; x64) AppleWebKit/537.36 (KHTML, like Gecko) Chrome/42.0.2311.135 Safari/537.36 Edge/12.246"
193.70.113.250 - - [21/Jul/2026:12:17:49 +0000] "GET /wp-login.php?redirect_to=https%3A%2F%2Ftradedealings.shop%2Fwp-admin%2F&reauth=1 HTTP/1.1" 200 4729 "https://tradedealings.shop/sample-page/" "Mozilla/5.0 (Windows NT 10.0; Win64; x64) AppleWebKit/537.36 (KHTML, like Gecko) Chrome/42.0.2311.135 Safari/537.36 Edge/12.246"
193.70.113.250 - - [21/Jul/2026:12:17:51 +0000] "HEAD /wp-json/oembed/1.0/embed?url=https%3A%2F%2Ftradedealings.shop%2Ftrade-dealings%2F HTTP/1.1" 200 - "https://tradedealings.shop/trade-dealings/" "Mozilla/5.0 (Windows NT 10.0; Win64; x64) AppleWebKit/537.36 (KHTML, like Gecko) Chrome/42.0.2311.135 Safari/537.36 Edge/12.246"
193.70.113.250 - - [21/Jul/2026:12:17:53 +0000] "HEAD /wp-json/oembed/1.0/embed?url=https%3A%2F%2Ftradedealings.shop%2Ftrade-dealings%2F&format=xml HTTP/1.1" 200 - "https://tradedealings.shop/trade-dealings/" "Mozilla/5.0 (Windows NT 10.0; Win64; x64) AppleWebKit/537.36 (KHTML, like Gecko) Chrome/42.0.2311.135 Safari/537.36 Edge/12.246"
193.70.113.250 - - [21/Jul/2026:12:17:55 +0000] "HEAD /wp-content/plugins/elementor/assets/css/frontend.min.css?ver=4.2.0 HTTP/1.1" 200 - "https://tradedealings.shop/trade-dealings/" "Mozilla/5.0 (Windows NT 10.0; Win64; x64) AppleWebKit/537.36 (KHTML, like Gecko) Chrome/42.0.2311.135 Safari/537.36 Edge/12.246"
193.70.113.250 - - [21/Jul/2026:12:17:55 +0000] "GET /wp-content/plugins/elementor/assets/css/frontend.min.css?ver=4.2.0 HTTP/1.1" 200 54666 "https://tradedealings.shop/trade-dealings/" "Mozilla/5.0 (Windows NT 10.0; Win64; x64) AppleWebKit/537.36 (KHTML, like Gecko) Chrome/42.0.2311.135 Safari/537.36 Edge/12.246"
193.70.113.250 - - [21/Jul/2026:12:17:56 +0000] "HEAD /wp-content/uploads/elementor/css/post-9.css?ver=1784634632 HTTP/1.1" 200 - "https://tradedealings.shop/trade-dealings/" "Mozilla/5.0 (Windows NT 10.0; Win64; x64) AppleWebKit/537.36 (KHTML, like Gecko) Chrome/42.0.2311.135 Safari/537.36 Edge/12.246"
193.70.113.250 - - [21/Jul/2026:12:17:56 +0000] "GET /wp-content/uploads/elementor/css/post-9.css?ver=1784634632 HTTP/1.1" 200 873 "https://tradedealings.shop/trade-dealings/" "Mozilla/5.0 (Windows NT 10.0; Win64; x64) AppleWebKit/537.36 (KHTML, like Gecko) Chrome/42.0.2311.135 Safari/537.36 Edge/12.246"
193.70.113.250 - - [21/Jul/2026:12:17:56 +0000] "HEAD /wp-content/uploads/elementor/css/post-6.css?ver=1784629207 HTTP/1.1" 200 - "https://tradedealings.shop/trade-dealings/" "Mozilla/5.0 (Windows NT 10.0; Win64; x64) AppleWebKit/537.36 (KHTML, like Gecko) Chrome/42.0.2311.135 Safari/537.36 Edge/12.246"
193.70.113.250 - - [21/Jul/2026:12:17:56 +0000] "GET /wp-content/uploads/elementor/css/post-6.css?ver=1784629207 HTTP/1.1" 200 1168 "https://tradedealings.shop/trade-dealings/" "Mozilla/5.0 (Windows NT 10.0; Win64; x64) AppleWebKit/537.36 (KHTML, like Gecko) Chrome/42.0.2311.135 Safari/537.36 Edge/12.246"
193.70.113.250 - - [21/Jul/2026:12:17:56 +0000] "HEAD /wp-content/uploads/elementor/css/base-desktop.css?ver=6a5f47d715145 HTTP/1.1" 200 - "https://tradedealings.shop/trade-dealings/" "Mozilla/5.0 (Windows NT 10.0; Win64; x64) AppleWebKit/537.36 (KHTML, like Gecko) Chrome/42.0.2311.135 Safari/537.36 Edge/12.246"
193.70.113.250 - - [21/Jul/2026:12:17:56 +0000] "GET /wp-content/uploads/elementor/css/base-desktop.css?ver=6a5f47d715145 HTTP/1.1" 200 1975 "https://tradedealings.shop/trade-dealings/" "Mozilla/5.0 (Windows NT 10.0; Win64; x64) AppleWebKit/537.36 (KHTML, like Gecko) Chrome/42.0.2311.135 Safari/537.36 Edge/12.246"
193.70.113.250 - - [21/Jul/2026:12:17:57 +0000] "HEAD /wp-content/uploads/elementor/css/base-mobile.css?ver=6a5f47d715145 HTTP/1.1" 200 - "https://tradedealings.shop/trade-dealings/" "Mozilla/5.0 (Windows NT 10.0; Win64; x64) AppleWebKit/537.36 (KHTML, like Gecko) Chrome/42.0.2311.135 Safari/537.36 Edge/12.246"
193.70.113.250 - - [21/Jul/2026:12:17:57 +0000] "GET /wp-content/uploads/elementor/css/base-mobile.css?ver=6a5f47d715145 HTTP/1.1" 200 87 "https://tradedealings.shop/trade-dealings/" "Mozilla/5.0 (Windows NT 10.0; Win64; x64) AppleWebKit/537.36 (KHTML, like Gecko) Chrome/42.0.2311.135 Safari/537.36 Edge/12.246"
193.70.113.250 - - [21/Jul/2026:12:17:57 +0000] "HEAD /wp-json/wp/v2/pages/9 HTTP/1.1" 200 - "https://tradedealings.shop/trade-dealings/" "Mozilla/5.0 (Windows NT 10.0; Win64; x64) AppleWebKit/537.36 (KHTML, like Gecko) Chrome/42.0.2311.135 Safari/537.36 Edge/12.246"
193.70.113.250 - - [21/Jul/2026:12:17:59 +0000] "HEAD /?p=9 HTTP/1.1" 301 - "https://tradedealings.shop/trade-dealings/" "Mozilla/5.0 (Windows NT 10.0; Win64; x64) AppleWebKit/537.36 (KHTML, like Gecko) Chrome/42.0.2311.135 Safari/537.36 Edge/12.246"
193.70.113.250 - - [21/Jul/2026:12:18:01 +0000] "HEAD /trade-dealings/ HTTP/1.1" 200 - "https://tradedealings.shop/trade-dealings/" "Mozilla/5.0 (Windows NT 10.0; Win64; x64) AppleWebKit/537.36 (KHTML, like Gecko) Chrome/42.0.2311.135 Safari/537.36 Edge/12.246"
193.70.113.250 - - [21/Jul/2026:12:18:03 +0000] "GET /trade-dealings/ HTTP/1.1" 200 120680 "https://tradedealings.shop/trade-dealings/" "Mozilla/5.0 (Windows NT 10.0; Win64; x64) AppleWebKit/537.36 (KHTML, like Gecko) Chrome/42.0.2311.135 Safari/537.36 Edge/12.246"
193.70.113.250 - - [21/Jul/2026:12:18:06 +0000] "HEAD /wp-content/themes/twentytwentyfive/assets/images/red-hibiscus-closeup.webp HTTP/1.1" 200 - "https://tradedealings.shop/trade-dealings/" "Mozilla/5.0 (Windows NT 10.0; Win64; x64) AppleWebKit/537.36 (KHTML, like Gecko) Chrome/42.0.2311.135 Safari/537.36 Edge/12.246"
193.70.113.250 - - [21/Jul/2026:12:18:06 +0000] "HEAD /wp-content/themes/twentytwentyfive/assets/images/grid-flower-2.webp HTTP/1.1" 200 - "https://tradedealings.shop/trade-dealings/" "Mozilla/5.0 (Windows NT 10.0; Win64; x64) AppleWebKit/537.36 (KHTML, like Gecko) Chrome/42.0.2311.135 Safari/537.36 Edge/12.246"
193.70.113.250 - - [21/Jul/2026:12:18:06 +0000] "HEAD /wp-content/themes/twentytwentyfive/assets/images/campanula-alliariifolia-flower.webp HTTP/1.1" 200 - "https://tradedealings.shop/trade-dealings/" "Mozilla/5.0 (Windows NT 10.0; Win64; x64) AppleWebKit/537.36 (KHTML, like Gecko) Chrome/42.0.2311.135 Safari/537.36 Edge/12.246"
193.70.113.250 - - [21/Jul/2026:12:18:06 +0000] "HEAD /wp-content/themes/twentytwentyfive/assets/images/delphinium-flowers.webp HTTP/1.1" 200 - "https://tradedealings.shop/trade-dealings/" "Mozilla/5.0 (Windows NT 10.0; Win64; x64) AppleWebKit/537.36 (KHTML, like Gecko) Chrome/42.0.2311.135 Safari/537.36 Edge/12.246"
193.70.113.250 - - [21/Jul/2026:12:18:06 +0000] "HEAD /wp-content/themes/twentytwentyfive/assets/images/star-thristle-flower.webp HTTP/1.1" 200 - "https://tradedealings.shop/trade-dealings/" "Mozilla/5.0 (Windows NT 10.0; Win64; x64) AppleWebKit/537.36 (KHTML, like Gecko) Chrome/42.0.2311.135 Safari/537.36 Edge/12.246"
193.70.113.250 - - [21/Jul/2026:12:18:06 +0000] "HEAD /wp-content/themes/twentytwentyfive/assets/images/typewriter.webp HTTP/1.1" 200 - "https://tradedealings.shop/trade-dealings/" "Mozilla/5.0 (Windows NT 10.0; Win64; x64) AppleWebKit/537.36 (KHTML, like Gecko) Chrome/42.0.2311.135 Safari/537.36 Edge/12.246"
193.70.113.250 - - [21/Jul/2026:12:18:07 +0000] "HEAD /wp-content/plugins/elementor/assets/js/webpack.runtime.min.js?ver=4.2.0 HTTP/1.1" 200 - "https://tradedealings.shop/trade-dealings/" "Mozilla/5.0 (Windows NT 10.0; Win64; x64) AppleWebKit/537.36 (KHTML, like Gecko) Chrome/42.0.2311.135 Safari/537.36 Edge/12.246"
193.70.113.250 - - [21/Jul/2026:12:18:07 +0000] "HEAD /wp-content/plugins/elementor/assets/js/frontend-modules.min.js?ver=4.2.0 HTTP/1.1" 200 - "https://tradedealings.shop/trade-dealings/" "Mozilla/5.0 (Windows NT 10.0; Win64; x64) AppleWebKit/537.36 (KHTML, like Gecko) Chrome/42.0.2311.135 Safari/537.36 Edge/12.246"
193.70.113.250 - - [21/Jul/2026:12:18:07 +0000] "HEAD /wp-includes/js/jquery/ui/core.min.js?ver=1.13.3 HTTP/1.1" 200 - "https://tradedealings.shop/trade-dealings/" "Mozilla/5.0 (Windows NT 10.0; Win64; x64) AppleWebKit/537.36 (KHTML, like Gecko) Chrome/42.0.2311.135 Safari/537.36 Edge/12.246"
193.70.113.250 - - [21/Jul/2026:12:18:07 +0000] "HEAD /wp-content/plugins/elementor/assets/js/frontend.min.js?ver=4.2.0 HTTP/1.1" 200 - "https://tradedealings.shop/trade-dealings/" "Mozilla/5.0 (Windows NT 10.0; Win64; x64) AppleWebKit/537.36 (KHTML, like Gecko) Chrome/42.0.2311.135 Safari/537.36 Edge/12.246"
193.70.113.250 - - [21/Jul/2026:12:18:07 +0000] "HEAD /2026/07/20/hello-world/feed/ HTTP/1.1" 200 - "https://tradedealings.shop/2026/07/20/hello-world/" "Mozilla/5.0 (Windows NT 10.0; Win64; x64) AppleWebKit/537.36 (KHTML, like Gecko) Chrome/42.0.2311.135 Safari/537.36 Edge/12.246"
193.70.113.250 - - [21/Jul/2026:12:18:09 +0000] "HEAD /wp-json/oembed/1.0/embed?url=https%3A%2F%2Ftradedealings.shop%2F2026%2F07%2F20%2Fhello-world%2F HTTP/1.1" 200 - "https://tradedealings.shop/2026/07/20/hello-world/" "Mozilla/5.0 (Windows NT 10.0; Win64; x64) AppleWebKit/537.36 (KHTML, like Gecko) Chrome/42.0.2311.135 Safari/537.36 Edge/12.246"
198.177.124.148 - - [21/Jul/2026:12:18:13 +0000] "POST /wp-cron.php?doing_wp_cron=1784636293.0791010856628417968750 HTTP/1.1" 200 - "-" "WordPress/7.0.2; https://tradedealings.shop"
193.70.113.250 - - [21/Jul/2026:12:18:11 +0000] "HEAD /wp-json/oembed/1.0/embed?url=https%3A%2F%2Ftradedealings.shop%2F2026%2F07%2F20%2Fhello-world%2F&format=xml HTTP/1.1" 200 - "https://tradedealings.shop/2026/07/20/hello-world/" "Mozilla/5.0 (Windows NT 10.0; Win64; x64) AppleWebKit/537.36 (KHTML, like Gecko) Chrome/42.0.2311.135 Safari/537.36 Edge/12.246"
193.70.113.250 - - [21/Jul/2026:12:18:13 +0000] "HEAD /wp-includes/blocks/navigation/style.min.css?ver=7.0.2 HTTP/1.1" 200 - "https://tradedealings.shop/2026/07/20/hello-world/" "Mozilla/5.0 (Windows NT 10.0; Win64; x64) AppleWebKit/537.36 (KHTML, like Gecko) Chrome/42.0.2311.135 Safari/537.36 Edge/12.246"
193.70.113.250 - - [21/Jul/2026:12:18:13 +0000] "GET /wp-includes/blocks/navigation/style.min.css?ver=7.0.2 HTTP/1.1" 200 20709 "https://tradedealings.shop/2026/07/20/hello-world/" "Mozilla/5.0 (Windows NT 10.0; Win64; x64) AppleWebKit/537.36 (KHTML, like Gecko) Chrome/42.0.2311.135 Safari/537.36 Edge/12.246"
193.70.113.250 - - [21/Jul/2026:12:18:13 +0000] "HEAD /wp-json/wp/v2/posts/1 HTTP/1.1" 200 - "https://tradedealings.shop/2026/07/20/hello-world/" "Mozilla/5.0 (Windows NT 10.0; Win64; x64) AppleWebKit/537.36 (KHTML, like Gecko) Chrome/42.0.2311.135 Safari/537.36 Edge/12.246"
193.70.113.250 - - [21/Jul/2026:12:18:15 +0000] "HEAD /?p=1 HTTP/1.1" 301 - "https://tradedealings.shop/2026/07/20/hello-world/" "Mozilla/5.0 (Windows NT 10.0; Win64; x64) AppleWebKit/537.36 (KHTML, like Gecko) Chrome/42.0.2311.135 Safari/537.36 Edge/12.246"
193.70.113.250 - - [21/Jul/2026:12:18:17 +0000] "HEAD /2026/07/20/hello-world/ HTTP/1.1" 200 - "https://tradedealings.shop/2026/07/20/hello-world/" "Mozilla/5.0 (Windows NT 10.0; Win64; x64) AppleWebKit/537.36 (KHTML, like Gecko) Chrome/42.0.2311.135 Safari/537.36 Edge/12.246"
193.70.113.250 - - [21/Jul/2026:12:18:19 +0000] "GET /2026/07/20/hello-world/ HTTP/1.1" 200 77176 "https://tradedealings.shop/2026/07/20/hello-world/" "Mozilla/5.0 (Windows NT 10.0; Win64; x64) AppleWebKit/537.36 (KHTML, like Gecko) Chrome/42.0.2311.135 Safari/537.36 Edge/12.246"
193.70.113.250 - - [21/Jul/2026:12:18:22 +0000] "HEAD /author/trade/ HTTP/1.1" 200 - "https://tradedealings.shop/2026/07/20/hello-world/" "Mozilla/5.0 (Windows NT 10.0; Win64; x64) AppleWebKit/537.36 (KHTML, like Gecko) Chrome/42.0.2311.135 Safari/537.36 Edge/12.246"
193.70.113.250 - - [21/Jul/2026:12:18:24 +0000] "GET /author/trade/ HTTP/1.1" 200 74142 "https://tradedealings.shop/2026/07/20/hello-world/" "Mozilla/5.0 (Windows NT 10.0; Win64; x64) AppleWebKit/537.36 (KHTML, like Gecko) Chrome/42.0.2311.135 Safari/537.36 Edge/12.246"
193.70.113.250 - - [21/Jul/2026:12:18:27 +0000] "HEAD /category/uncategorized/ HTTP/1.1" 200 - "https://tradedealings.shop/2026/07/20/hello-world/" "Mozilla/5.0 (Windows NT 10.0; Win64; x64) AppleWebKit/537.36 (KHTML, like Gecko) Chrome/42.0.2311.135 Safari/537.36 Edge/12.246"
193.70.113.250 - - [21/Jul/2026:12:18:28 +0000] "GET /category/uncategorized/ HTTP/1.1" 200 74197 "https://tradedealings.shop/2026/07/20/hello-world/" "Mozilla/5.0 (Windows NT 10.0; Win64; x64) AppleWebKit/537.36 (KHTML, like Gecko) Chrome/42.0.2311.135 Safari/537.36 Edge/12.246"
193.70.113.250 - - [21/Jul/2026:12:18:31 +0000] "HEAD /2026/07/20/hello-world/?replytocom=1 HTTP/1.1" 200 - "https://tradedealings.shop/2026/07/20/hello-world/" "Mozilla/5.0 (Windows NT 10.0; Win64; x64) AppleWebKit/537.36 (KHTML, like Gecko) Chrome/42.0.2311.135 Safari/537.36 Edge/12.246"
193.70.113.250 - - [21/Jul/2026:12:18:34 +0000] "GET /2026/07/20/hello-world/?replytocom=1 HTTP/1.1" 200 77221 "https://tradedealings.shop/2026/07/20/hello-world/" "Mozilla/5.0 (Windows NT 10.0; Win64; x64) AppleWebKit/537.36 (KHTML, like Gecko) Chrome/42.0.2311.135 Safari/537.36 Edge/12.246"
193.70.113.250 - - [21/Jul/2026:12:18:38 +0000] "HEAD /wp-includes/js/comment-reply.min.js?ver=7.0.2 HTTP/1.1" 200 - "https://tradedealings.shop/2026/07/20/hello-world/" "Mozilla/5.0 (Windows NT 10.0; Win64; x64) AppleWebKit/537.36 (KHTML, like Gecko) Chrome/42.0.2311.135 Safari/537.36 Edge/12.246"
193.70.113.250 - - [21/Jul/2026:12:18:39 +0000] "HEAD /wp-admin/load-styles.php?c=1&dir=ltr&load%5Bchunk_0%5D=dashicons,buttons,forms,l10n,wp-base-styles,login&ver=7.0.2 HTTP/1.1" 200 - "https://tradedealings.shop/wp-login.php?redirect_to=https%3A%2F%2Ftradedealings.shop%2Fwp-admin%2F&reauth=1" "Mozilla/5.0 (Windows NT 10.0; Win64; x64) AppleWebKit/537.36 (KHTML, like Gecko) Chrome/42.0.2311.135 Safari/537.36 Edge/12.246"
193.70.113.250 - - [21/Jul/2026:12:18:39 +0000] "GET /wp-admin/load-styles.php?c=1&dir=ltr&load%5Bchunk_0%5D=dashicons,buttons,forms,l10n,wp-base-styles,login&ver=7.0.2 HTTP/1.1" 200 111601 "https://tradedealings.shop/wp-login.php?redirect_to=https%3A%2F%2Ftradedealings.shop%2Fwp-admin%2F&reauth=1" "Mozilla/5.0 (Windows NT 10.0; Win64; x64) AppleWebKit/537.36 (KHTML, like Gecko) Chrome/42.0.2311.135 Safari/537.36 Edge/12.246"
193.70.113.250 - - [21/Jul/2026:12:18:39 +0000] "HEAD /wp-login.php?action=lostpassword HTTP/1.1" 200 - "https://tradedealings.shop/wp-login.php?redirect_to=https%3A%2F%2Ftradedealings.shop%2Fwp-admin%2F&reauth=1" "Mozilla/5.0 (Windows NT 10.0; Win64; x64) AppleWebKit/537.36 (KHTML, like Gecko) Chrome/42.0.2311.135 Safari/537.36 Edge/12.246"
193.70.113.250 - - [21/Jul/2026:12:18:42 +0000] "GET /wp-login.php?action=lostpassword HTTP/1.1" 200 2148 "https://tradedealings.shop/wp-login.php?redirect_to=https%3A%2F%2Ftradedealings.shop%2Fwp-admin%2F&reauth=1" "Mozilla/5.0 (Windows NT 10.0; Win64; x64) AppleWebKit/537.36 (KHTML, like Gecko) Chrome/42.0.2311.135 Safari/537.36 Edge/12.246"
193.70.113.250 - - [21/Jul/2026:12:18:43 +0000] "HEAD /wp-admin/load-scripts.php?c=1&load%5Bchunk_0%5D=clipboard,jquery-core,jquery-migrate,zxcvbn-async,wp-hooks&ver=7.0.2 HTTP/1.1" 200 - "https://tradedealings.shop/wp-login.php?redirect_to=https%3A%2F%2Ftradedealings.shop%2Fwp-admin%2F&reauth=1" "Mozilla/5.0 (Windows NT 10.0; Win64; x64) AppleWebKit/537.36 (KHTML, like Gecko) Chrome/42.0.2311.135 Safari/537.36 Edge/12.246"
193.70.113.250 - - [21/Jul/2026:12:18:44 +0000] "HEAD /wp-includes/js/dist/i18n.min.js?ver=781d11515ad3d91786ec HTTP/1.1" 200 - "https://tradedealings.shop/wp-login.php?redirect_to=https%3A%2F%2Ftradedealings.shop%2Fwp-admin%2F&reauth=1" "Mozilla/5.0 (Windows NT 10.0; Win64; x64) AppleWebKit/537.36 (KHTML, like Gecko) Chrome/42.0.2311.135 Safari/537.36 Edge/12.246"
193.70.113.250 - - [21/Jul/2026:12:18:44 +0000] "HEAD /wp-admin/js/password-strength-meter.min.js?ver=7.0.2 HTTP/1.1" 200 - "https://tradedealings.shop/wp-login.php?redirect_to=https%3A%2F%2Ftradedealings.shop%2Fwp-admin%2F&reauth=1" "Mozilla/5.0 (Windows NT 10.0; Win64; x64) AppleWebKit/537.36 (KHTML, like Gecko) Chrome/42.0.2311.135 Safari/537.36 Edge/12.246"
193.70.113.250 - - [21/Jul/2026:12:18:44 +0000] "HEAD /wp-includes/js/underscore.min.js?ver=1.13.8 HTTP/1.1" 200 - "https://tradedealings.shop/wp-login.php?redirect_to=https%3A%2F%2Ftradedealings.shop%2Fwp-admin%2F&reauth=1" "Mozilla/5.0 (Windows NT 10.0; Win64; x64) AppleWebKit/537.36 (KHTML, like Gecko) Chrome/42.0.2311.135 Safari/537.36 Edge/12.246"
193.70.113.250 - - [21/Jul/2026:12:18:44 +0000] "HEAD /wp-includes/js/wp-util.min.js?ver=7.0.2 HTTP/1.1" 200 - "https://tradedealings.shop/wp-login.php?redirect_to=https%3A%2F%2Ftradedealings.shop%2Fwp-admin%2F&reauth=1" "Mozilla/5.0 (Windows NT 10.0; Win64; x64) AppleWebKit/537.36 (KHTML, like Gecko) Chrome/42.0.2311.135 Safari/537.36 Edge/12.246"
193.70.113.250 - - [21/Jul/2026:12:18:44 +0000] "HEAD /wp-includes/js/dist/dom-ready.min.js?ver=a06281ae5cf5500e9317 HTTP/1.1" 200 - "https://tradedealings.shop/wp-login.php?redirect_to=https%3A%2F%2Ftradedealings.shop%2Fwp-admin%2F&reauth=1" "Mozilla/5.0 (Windows NT 10.0; Win64; x64) AppleWebKit/537.36 (KHTML, like Gecko) Chrome/42.0.2311.135 Safari/537.36 Edge/12.246"
193.70.113.250 - - [21/Jul/2026:12:18:44 +0000] "HEAD /wp-includes/js/dist/a11y.min.js?ver=af934e5259bc51b8718e HTTP/1.1" 200 - "https://tradedealings.shop/wp-login.php?redirect_to=https%3A%2F%2Ftradedealings.shop%2Fwp-admin%2F&reauth=1" "Mozilla/5.0 (Windows NT 10.0; Win64; x64) AppleWebKit/537.36 (KHTML, like Gecko) Chrome/42.0.2311.135 Safari/537.36 Edge/12.246"
193.70.113.250 - - [21/Jul/2026:12:18:45 +0000] "HEAD /wp-admin/js/user-profile.min.js?ver=7.0.2 HTTP/1.1" 200 - "https://tradedealings.shop/wp-login.php?redirect_to=https%3A%2F%2Ftradedealings.shop%2Fwp-admin%2F&reauth=1" "Mozilla/5.0 (Windows NT 10.0; Win64; x64) AppleWebKit/537.36 (KHTML, like Gecko) Chrome/42.0.2311.135 Safari/537.36 Edge/12.246"
193.70.113.250 - - [21/Jul/2026:12:18:45 +0000] "HEAD /author/trade/feed/ HTTP/1.1" 200 - "https://tradedealings.shop/author/trade/" "Mozilla/5.0 (Windows NT 10.0; Win64; x64) AppleWebKit/537.36 (KHTML, like Gecko) Chrome/42.0.2311.135 Safari/537.36 Edge/12.246"
193.70.113.250 - - [21/Jul/2026:12:18:46 +0000] "HEAD /wp-json/wp/v2/users/1 HTTP/1.1" 200 - "https://tradedealings.shop/author/trade/" "Mozilla/5.0 (Windows NT 10.0; Win64; x64) AppleWebKit/537.36 (KHTML, like Gecko) Chrome/42.0.2311.135 Safari/537.36 Edge/12.246"
193.70.113.250 - - [21/Jul/2026:12:18:47 +0000] "HEAD /category/uncategorized/feed/ HTTP/1.1" 200 - "https://tradedealings.shop/category/uncategorized/" "Mozilla/5.0 (Windows NT 10.0; Win64; x64) AppleWebKit/537.36 (KHTML, like Gecko) Chrome/42.0.2311.135 Safari/537.36 Edge/12.246"
193.70.113.250 - - [21/Jul/2026:12:18:48 +0000] "HEAD /wp-json/wp/v2/categories/1 HTTP/1.1" 200 - "https://tradedealings.shop/category/uncategorized/" "Mozilla/5.0 (Windows NT 10.0; Win64; x64) AppleWebKit/537.36 (KHTML, like Gecko) Chrome/42.0.2311.135 Safari/537.36 Edge/12.246"
193.70.113.250 - - [21/Jul/2026:12:18:49 +0000] "HEAD /wp-includes/fonts/dashicons.eot?99ac726223c749443b642ce33df8b800 HTTP/1.1" 200 - "https://tradedealings.shop/wp-admin/load-styles.php?c=1&dir=ltr&load%5Bchunk_0%5D=dashicons,buttons,forms,l10n,wp-base-styles,login&ver=7.0.2" "Mozilla/5.0 (Windows NT 10.0; Win64; x64) AppleWebKit/537.36 (KHTML, like Gecko) Chrome/42.0.2311.135 Safari/537.36 Edge/12.246"
193.70.113.250 - - [21/Jul/2026:12:18:49 +0000] "HEAD /wp-includes/fonts/dashicons.ttf?99ac726223c749443b642ce33df8b800 HTTP/1.1" 200 - "https://tradedealings.shop/wp-admin/load-styles.php?c=1&dir=ltr&load%5Bchunk_0%5D=dashicons,buttons,forms,l10n,wp-base-styles,login&ver=7.0.2" "Mozilla/5.0 (Windows NT 10.0; Win64; x64) AppleWebKit/537.36 (KHTML, like Gecko) Chrome/42.0.2311.135 Safari/537.36 Edge/12.246"
193.70.113.250 - - [21/Jul/2026:12:18:49 +0000] "HEAD /wp-admin/images/loading.gif HTTP/1.1" 200 - "https://tradedealings.shop/wp-admin/load-styles.php?c=1&dir=ltr&load%5Bchunk_0%5D=dashicons,buttons,forms,l10n,wp-base-styles,login&ver=7.0.2" "Mozilla/5.0 (Windows NT 10.0; Win64; x64) AppleWebKit/537.36 (KHTML, like Gecko) Chrome/42.0.2311.135 Safari/537.36 Edge/12.246"
193.70.113.250 - - [21/Jul/2026:12:18:50 +0000] "HEAD /wp-admin/images/w-logo-gray.png?ver=20260303 HTTP/1.1" 200 - "https://tradedealings.shop/wp-admin/load-styles.php?c=1&dir=ltr&load%5Bchunk_0%5D=dashicons,buttons,forms,l10n,wp-base-styles,login&ver=7.0.2" "Mozilla/5.0 (Windows NT 10.0; Win64; x64) AppleWebKit/537.36 (KHTML, like Gecko) Chrome/42.0.2311.135 Safari/537.36 Edge/12.246"
193.70.113.250 - - [21/Jul/2026:12:18:50 +0000] "HEAD /wp-admin/images/wordpress-logo-gray.svg?ver=20260303 HTTP/1.1" 200 - "https://tradedealings.shop/wp-admin/load-styles.php?c=1&dir=ltr&load%5Bchunk_0%5D=dashicons,buttons,forms,l10n,wp-base-styles,login&ver=7.0.2" "Mozilla/5.0 (Windows NT 10.0; Win64; x64) AppleWebKit/537.36 (KHTML, like Gecko) Chrome/42.0.2311.135 Safari/537.36 Edge/12.246"
193.70.113.250 - - [21/Jul/2026:12:18:50 +0000] "HEAD /wp-login.php HTTP/1.1" 200 - "https://tradedealings.shop/wp-login.php?action=lostpassword" "Mozilla/5.0 (Windows NT 10.0; Win64; x64) AppleWebKit/537.36 (KHTML, like Gecko) Chrome/42.0.2311.135 Safari/537.36 Edge/12.246"
193.70.113.250 - - [21/Jul/2026:12:18:52 +0000] "GET /wp-login.php HTTP/1.1" 200 4729 "https://tradedealings.shop/wp-login.php?action=lostpassword" "Mozilla/5.0 (Windows NT 10.0; Win64; x64) AppleWebKit/537.36 (KHTML, like Gecko) Chrome/42.0.2311.135 Safari/537.36 Edge/12.246"
193.70.113.250 - - [21/Jul/2026:12:19:09 +0000] "GET / HTTP/1.1" 200 75008 "-" "Mozilla/5.0 (X11; CrOS x86_64 14541.0.0) AppleWebKit/537.36 (KHTML, like Gecko) Chrome/120.0.0.0 Safari/537.3"
198.177.124.148 - - [21/Jul/2026:12:19:22 +0000] "POST /wp-cron.php?doing_wp_cron=1784636362.5319790840148925781250 HTTP/1.1" 200 - "-" "WordPress/7.0.2; https://tradedealings.shop"
193.70.113.250 - - [21/Jul/2026:12:19:19 +0000] "GET / HTTP/1.1" 200 75008 "-" "Mozilla/5.0 (X11; CrOS x86_64 14541.0.0) AppleWebKit/537.36 (KHTML, like Gecko) Chrome/120.0.0.0 Safari/537.3"
198.177.124.148 - - [21/Jul/2026:12:21:03 +0000] "POST /wp-cron.php?doing_wp_cron=1784636463.6887509822845458984375 HTTP/1.1" 200 - "-" "WordPress/7.0.2; https://tradedealings.shop"
193.70.113.250 - - [21/Jul/2026:12:21:00 +0000] "GET /feed/ HTTP/1.1" 200 1714 "-" "Mozilla/5.0 (X11; CrOS x86_64 14541.0.0) AppleWebKit/537.36 (KHTML, like Gecko) Chrome/120.0.0.0 Safari/537.3"
198.177.124.148 - - [21/Jul/2026:12:21:15 +0000] "POST /wp-cron.php?doing_wp_cron=1784636475.9230890274047851562500 HTTP/1.1" 200 - "-" "WordPress/7.0.2; https://tradedealings.shop"
193.70.113.250 - - [21/Jul/2026:12:21:13 +0000] "GET /feed/ HTTP/1.1" 200 1714 "-" "Mozilla/5.0 (X11; CrOS x86_64 14541.0.0) AppleWebKit/537.36 (KHTML, like Gecko) Chrome/120.0.0.0 Safari/537.3"
193.70.113.250 - - [21/Jul/2026:12:21:18 +0000] "GET /comments/feed/ HTTP/1.1" 200 1656 "-" "Mozilla/5.0 (X11; CrOS x86_64 14541.0.0) AppleWebKit/537.36 (KHTML, like Gecko) Chrome/120.0.0.0 Safari/537.3"
193.70.113.250 - - [21/Jul/2026:12:21:28 +0000] "GET /comments/feed/ HTTP/1.1" 200 1656 "-" "Mozilla/5.0 (X11; CrOS x86_64 14541.0.0) AppleWebKit/537.36 (KHTML, like Gecko) Chrome/120.0.0.0 Safari/537.3"
193.70.113.250 - - [21/Jul/2026:12:21:34 +0000] "GET /wp-json/ HTTP/1.1" 200 267648 "-" "Mozilla/5.0 (X11; CrOS x86_64 14541.0.0) AppleWebKit/537.36 (KHTML, like Gecko) Chrome/120.0.0.0 Safari/537.3"
193.70.113.250 - - [21/Jul/2026:12:21:43 +0000] "GET /wp-json/ HTTP/1.1" 200 267648 "-" "Mozilla/5.0 (X11; CrOS x86_64 14541.0.0) AppleWebKit/537.36 (KHTML, like Gecko) Chrome/120.0.0.0 Safari/537.3"
43.159.35.188 - - [21/Jul/2026:12:21:50 +0000] "GET /wp-json/wp/v2/pages/9 HTTP/1.1" 200 46470 "-" "Mozilla/5.0 (iPhone; CPU iPhone OS 13_2_3 like Mac OS X) AppleWebKit/605.1.15 (KHTML, like Gecko) Version/13.0.3 Mobile/15E148 Safari/604.1"
193.70.113.250 - - [21/Jul/2026:12:21:52 +0000] "GET /xmlrpc.php?rsd HTTP/1.1" 200 822 "-" "Mozilla/5.0 (X11; CrOS x86_64 14541.0.0) AppleWebKit/537.36 (KHTML, like Gecko) Chrome/120.0.0.0 Safari/537.3"
198.177.124.148 - - [21/Jul/2026:12:22:33 +0000] "POST /wp-cron.php?doing_wp_cron=1784636553.9319829940795898437500 HTTP/1.1" 200 - "-" "WordPress/7.0.2; https://tradedealings.shop"
193.70.113.250 - - [21/Jul/2026:12:22:31 +0000] "GET /xmlrpc.php?rsd HTTP/1.1" 200 822 "-" "Mozilla/5.0 (X11; CrOS x86_64 14541.0.0) AppleWebKit/537.36 (KHTML, like Gecko) Chrome/120.0.0.0 Safari/537.3"
193.70.113.250 - - [21/Jul/2026:12:22:42 +0000] "GET /sample-page/ HTTP/1.1" 200 74741 "-" "Mozilla/5.0 (X11; CrOS x86_64 14541.0.0) AppleWebKit/537.36 (KHTML, like Gecko) Chrome/120.0.0.0 Safari/537.3"
193.70.113.250 - - [21/Jul/2026:12:23:04 +0000] "GET /sample-page/ HTTP/1.1" 200 74741 "-" "Mozilla/5.0 (X11; CrOS x86_64 14541.0.0) AppleWebKit/537.36 (KHTML, like Gecko) Chrome/120.0.0.0 Safari/537.3"
198.177.124.148 - - [21/Jul/2026:12:23:42 +0000] "POST /wp-cron.php?doing_wp_cron=1784636622.5925738811492919921875 HTTP/1.1" 200 - "-" "WordPress/7.0.2; https://tradedealings.shop"
105.113.84.166 - - [21/Jul/2026:12:23:40 +0000] "POST /wp-admin/admin-ajax.php HTTP/1.1" 200 77 "https://tradedealings.shop/wp-admin/post.php?post=9&action=elementor" "Mozilla/5.0 (Windows NT 10.0; Win64; x64) AppleWebKit/537.36 (KHTML, like Gecko) Chrome/150.0.0.0 Safari/537.36"
105.113.84.166 - - [21/Jul/2026:12:23:40 +0000] "GET /wp-json/elementor/v1/checklist/user-progress HTTP/1.1" 200 534 "https://tradedealings.shop/wp-admin/post.php?post=9&action=elementor" "Mozilla/5.0 (Windows NT 10.0; Win64; x64) AppleWebKit/537.36 (KHTML, like Gecko) Chrome/150.0.0.0 Safari/537.36"
105.113.84.166 - - [21/Jul/2026:12:23:55 +0000] "POST /wp-admin/admin-ajax.php HTTP/1.1" 200 77 "https://tradedealings.shop/wp-admin/post.php?post=9&action=elementor" "Mozilla/5.0 (Windows NT 10.0; Win64; x64) AppleWebKit/537.36 (KHTML, like Gecko) Chrome/150.0.0.0 Safari/537.36"
193.70.113.250 - - [21/Jul/2026:12:24:00 +0000] "GET /trade-dealings/ HTTP/1.1" 200 120695 "-" "Mozilla/5.0 (X11; CrOS x86_64 14541.0.0) AppleWebKit/537.36 (KHTML, like Gecko) Chrome/120.0.0.0 Safari/537.3"
193.70.113.250 - - [21/Jul/2026:12:24:04 +0000] "GET /trade-dealings/ HTTP/1.1" 200 120695 "-" "Mozilla/5.0 (X11; CrOS x86_64 14541.0.0) AppleWebKit/537.36 (KHTML, like Gecko) Chrome/120.0.0.0 Safari/537.3"
198.177.124.148 - - [21/Jul/2026:12:25:38 +0000] "POST /wp-cron.php?doing_wp_cron=1784636738.2537789344787597656250 HTTP/1.1" 200 - "-" "WordPress/7.0.2; https://tradedealings.shop"
193.70.113.250 - - [21/Jul/2026:12:25:35 +0000] "GET /2026/07/20/hello-world/ HTTP/1.1" 200 77199 "-" "Mozilla/5.0 (X11; CrOS x86_64 14541.0.0) AppleWebKit/537.36 (KHTML, like Gecko) Chrome/120.0.0.0 Safari/537.3"
193.70.113.250 - - [21/Jul/2026:12:25:50 +0000] "GET /2026/07/20/hello-world/ HTTP/1.1" 200 77199 "-" "Mozilla/5.0 (X11; CrOS x86_64 14541.0.0) AppleWebKit/537.36 (KHTML, like Gecko) Chrome/120.0.0.0 Safari/537.3"
105.113.84.166 - - [21/Jul/2026:12:25:57 +0000] "POST /wp-admin/admin-ajax.php HTTP/1.1" 200 77 "https://tradedealings.shop/wp-admin/post.php?post=9&action=elementor" "Mozilla/5.0 (Windows NT 10.0; Win64; x64) AppleWebKit/537.36 (KHTML, like Gecko) Chrome/150.0.0.0 Safari/537.36"
198.177.124.148 - - [21/Jul/2026:12:26:39 +0000] "POST /wp-cron.php?doing_wp_cron=1784636799.3357129096984863281250 HTTP/1.1" 200 - "-" "WordPress/7.0.2; https://tradedealings.shop"
104.164.131.3 - - [21/Jul/2026:12:26:36 +0000] "GET /robots.txt HTTP/1.1" 301 - "-" "SpillBot/1.0 (+https://spill.sh/about; opt-out: https://spill.sh/remove)"
104.164.131.3 - - [21/Jul/2026:12:26:39 +0000] "GET / HTTP/1.1" 301 - "-" "SpillBot/1.0 (+https://spill.sh/about; opt-out: https://spill.sh/remove)"
104.164.131.3 - - [21/Jul/2026:12:26:42 +0000] "GET / HTTP/1.1" 200 75008 "-" "SpillBot/1.0 (+https://spill.sh/about; opt-out: https://spill.sh/remove)"
104.164.131.3 - - [21/Jul/2026:12:26:44 +0000] "GET /wp-includes/js/jquery/jquery.min.js?ver=3.7.1 HTTP/1.1" 200 87553 "-" "SpillBot/1.0 (+https://spill.sh/about; opt-out: https://spill.sh/remove)"
104.164.131.3 - - [21/Jul/2026:12:26:45 +0000] "GET /wp-includes/js/dist/script-modules/interactivity/index.min.js?ver=efaa5193bbad9c60ffd1 HTTP/1.1" 200 40106 "-" "SpillBot/1.0 (+https://spill.sh/about; opt-out: https://spill.sh/remove)"
193.70.113.250 - - [21/Jul/2026:12:26:57 +0000] "GET /sample-page/feed/ HTTP/1.1" 200 740 "-" "Mozilla/5.0 (X11; CrOS x86_64 14541.0.0) AppleWebKit/537.36 (KHTML, like Gecko) Chrome/120.0.0.0 Safari/537.3"
193.70.113.250 - - [21/Jul/2026:12:27:00 +0000] "GET /sample-page/feed/ HTTP/1.1" 200 740 "-" "Mozilla/5.0 (X11; CrOS x86_64 14541.0.0) AppleWebKit/537.36 (KHTML, like Gecko) Chrome/120.0.0.0 Safari/537.3"
198.177.124.148 - - [21/Jul/2026:12:27:39 +0000] "POST /wp-cron.php?doing_wp_cron=1784636859.4608540534973144531250 HTTP/1.1" 200 - "-" "WordPress/7.0.2; https://tradedealings.shop"
193.70.113.250 - - [21/Jul/2026:12:27:36 +0000] "GET /wp-json/oembed/1.0/embed?url=https%3A%2F%2Ftradedealings.shop%2Fsample-page%2F HTTP/1.1" 200 2152 "-" "Mozilla/5.0 (X11; CrOS x86_64 14541.0.0) AppleWebKit/537.36 (KHTML, like Gecko) Chrome/120.0.0.0 Safari/537.3"
193.70.113.250 - - [21/Jul/2026:12:27:41 +0000] "GET /wp-json/oembed/1.0/embed?url=https%3A%2F%2Ftradedealings.shop%2Fsample-page%2F HTTP/1.1" 200 2152 "-" "Mozilla/5.0 (X11; CrOS x86_64 14541.0.0) AppleWebKit/537.36 (KHTML, like Gecko) Chrome/120.0.0.0 Safari/537.3"
105.113.84.166 - - [21/Jul/2026:12:27:58 +0000] "POST /wp-admin/admin-ajax.php HTTP/1.1" 200 77 "https://tradedealings.shop/wp-admin/post.php?post=9&action=elementor" "Mozilla/5.0 (Windows NT 10.0; Win64; x64) AppleWebKit/537.36 (KHTML, like Gecko) Chrome/150.0.0.0 Safari/537.36"
193.70.113.250 - - [21/Jul/2026:12:27:59 +0000] "GET /wp-json/oembed/1.0/embed?url=https%3A%2F%2Ftradedealings.shop%2Fsample-page%2F&format=xml HTTP/1.1" 200 2304 "-" "Mozilla/5.0 (X11; CrOS x86_64 14541.0.0) AppleWebKit/537.36 (KHTML, like Gecko) Chrome/120.0.0.0 Safari/537.3"
198.177.124.148 - - [21/Jul/2026:12:28:14 +0000] "POST /wp-cron.php?doing_wp_cron=1784636894.0185780525207519531250 HTTP/1.1" 200 - "-" "WordPress/7.0.2; https://tradedealings.shop"
193.70.113.250 - - [21/Jul/2026:12:28:12 +0000] "GET /wp-json/oembed/1.0/embed?url=https%3A%2F%2Ftradedealings.shop%2Fsample-page%2F&format=xml HTTP/1.1" 200 2304 "-" "Mozilla/5.0 (X11; CrOS x86_64 14541.0.0) AppleWebKit/537.36 (KHTML, like Gecko) Chrome/120.0.0.0 Safari/537.3"
193.70.113.250 - - [21/Jul/2026:12:28:48 +0000] "GET /wp-json/wp/v2/pages/2 HTTP/1.1" 200 3094 "-" "Mozilla/5.0 (X11; CrOS x86_64 14541.0.0) AppleWebKit/537.36 (KHTML, like Gecko) Chrome/120.0.0.0 Safari/537.3"
193.70.113.250 - - [21/Jul/2026:12:28:52 +0000] "GET /wp-json/wp/v2/pages/2 HTTP/1.1" 200 3094 "-" "Mozilla/5.0 (X11; CrOS x86_64 14541.0.0) AppleWebKit/537.36 (KHTML, like Gecko) Chrome/120.0.0.0 Safari/537.3"
193.70.113.250 - - [21/Jul/2026:12:29:07 +0000] "GET /?p=2 HTTP/1.1" 301 - "-" "Mozilla/5.0 (X11; CrOS x86_64 14541.0.0) AppleWebKit/537.36 (KHTML, like Gecko) Chrome/120.0.0.0 Safari/537.3"
198.177.124.148 - - [21/Jul/2026:12:29:14 +0000] "POST /wp-cron.php?doing_wp_cron=1784636953.9874520301818847656250 HTTP/1.1" 200 - "-" "WordPress/7.0.2; https://tradedealings.shop"
193.70.113.250 - - [21/Jul/2026:12:29:11 +0000] "GET /sample-page/ HTTP/1.1" 200 74741 "-" "Mozilla/5.0 (X11; CrOS x86_64 14541.0.0) AppleWebKit/537.36 (KHTML, like Gecko) Chrome/120.0.0.0 Safari/537.3"
193.70.113.250 - - [21/Jul/2026:12:29:25 +0000] "GET /?p=2 HTTP/1.1" 301 - "-" "Mozilla/5.0 (X11; CrOS x86_64 14541.0.0) AppleWebKit/537.36 (KHTML, like Gecko) Chrome/120.0.0.0 Safari/537.3"
193.70.113.250 - - [21/Jul/2026:12:29:28 +0000] "GET /sample-page/ HTTP/1.1" 200 74729 "-" "Mozilla/5.0 (X11; CrOS x86_64 14541.0.0) AppleWebKit/537.36 (KHTML, like Gecko) Chrome/120.0.0.0 Safari/537.3"
193.70.113.250 - - [21/Jul/2026:12:29:36 +0000] "GET /wp-admin/ HTTP/1.1" 302 - "-" "Mozilla/5.0 (X11; CrOS x86_64 14541.0.0) AppleWebKit/537.36 (KHTML, like Gecko) Chrome/120.0.0.0 Safari/537.3"
193.70.113.250 - - [21/Jul/2026:12:29:41 +0000] "GET /wp-login.php?redirect_to=https%3A%2F%2Ftradedealings.shop%2Fwp-admin%2F&reauth=1 HTTP/1.1" 200 4729 "-" "Mozilla/5.0 (X11; CrOS x86_64 14541.0.0) AppleWebKit/537.36 (KHTML, like Gecko) Chrome/120.0.0.0 Safari/537.3"
193.70.113.250 - - [21/Jul/2026:12:29:45 +0000] "GET /wp-admin/ HTTP/1.1" 302 - "-" "Mozilla/5.0 (X11; CrOS x86_64 14541.0.0) AppleWebKit/537.36 (KHTML, like Gecko) Chrome/120.0.0.0 Safari/537.3"
193.70.113.250 - - [21/Jul/2026:12:29:46 +0000] "GET /wp-login.php?redirect_to=https%3A%2F%2Ftradedealings.shop%2Fwp-admin%2F&reauth=1 HTTP/1.1" 200 4729 "-" "Mozilla/5.0 (X11; CrOS x86_64 14541.0.0) AppleWebKit/537.36 (KHTML, like Gecko) Chrome/120.0.0.0 Safari/537.3"
193.70.113.250 - - [21/Jul/2026:12:29:53 +0000] "GET /wp-login.php?redirect_to=https%3A%2F%2Ftradedealings.shop%2Fwp-admin%2F&reauth=1 HTTP/1.1" 200 4729 "-" "Mozilla/5.0 (X11; CrOS x86_64 14541.0.0) AppleWebKit/537.36 (KHTML, like Gecko) Chrome/120.0.0.0 Safari/537.3"
105.113.84.166 - - [21/Jul/2026:12:29:59 +0000] "POST /wp-admin/admin-ajax.php HTTP/1.1" 200 77 "https://tradedealings.shop/wp-admin/post.php?post=9&action=elementor" "Mozilla/5.0 (Windows NT 10.0; Win64; x64) AppleWebKit/537.36 (KHTML, like Gecko) Chrome/150.0.0.0 Safari/537.36"
193.70.113.250 - - [21/Jul/2026:12:30:03 +0000] "GET /wp-login.php?redirect_to=https%3A%2F%2Ftradedealings.shop%2Fwp-admin%2F&reauth=1 HTTP/1.1" 200 4729 "-" "Mozilla/5.0 (X11; CrOS x86_64 14541.0.0) AppleWebKit/537.36 (KHTML, like Gecko) Chrome/120.0.0.0 Safari/537.3"
198.177.124.148 - - [21/Jul/2026:12:30:21 +0000] "POST /wp-cron.php?doing_wp_cron=1784637021.3481380939483642578125 HTTP/1.1" 200 - "-" "WordPress/7.0.2; https://tradedealings.shop"
193.70.113.250 - - [21/Jul/2026:12:30:19 +0000] "GET /wp-json/oembed/1.0/embed?url=https%3A%2F%2Ftradedealings.shop%2Ftrade-dealings%2F HTTP/1.1" 200 2167 "-" "Mozilla/5.0 (X11; CrOS x86_64 14541.0.0) AppleWebKit/537.36 (KHTML, like Gecko) Chrome/120.0.0.0 Safari/537.3"
193.70.113.250 - - [21/Jul/2026:12:30:28 +0000] "GET /wp-json/oembed/1.0/embed?url=https%3A%2F%2Ftradedealings.shop%2Ftrade-dealings%2F HTTP/1.1" 200 2167 "-" "Mozilla/5.0 (X11; CrOS x86_64 14541.0.0) AppleWebKit/537.36 (KHTML, like Gecko) Chrome/120.0.0.0 Safari/537.3"
193.70.113.250 - - [21/Jul/2026:12:30:32 +0000] "GET /wp-json/oembed/1.0/embed?url=https%3A%2F%2Ftradedealings.shop%2Ftrade-dealings%2F&format=xml HTTP/1.1" 200 2319 "-" "Mozilla/5.0 (X11; CrOS x86_64 14541.0.0) AppleWebKit/537.36 (KHTML, like Gecko) Chrome/120.0.0.0 Safari/537.3"
193.70.113.250 - - [21/Jul/2026:12:30:35 +0000] "GET /wp-json/oembed/1.0/embed?url=https%3A%2F%2Ftradedealings.shop%2Ftrade-dealings%2F&format=xml HTTP/1.1" 200 2319 "-" "Mozilla/5.0 (X11; CrOS x86_64 14541.0.0) AppleWebKit/537.36 (KHTML, like Gecko) Chrome/120.0.0.0 Safari/537.3"
193.70.113.250 - - [21/Jul/2026:12:30:44 +0000] "GET /wp-json/wp/v2/pages/9 HTTP/1.1" 200 46470 "-" "Mozilla/5.0 (X11; CrOS x86_64 14541.0.0) AppleWebKit/537.36 (KHTML, like Gecko) Chrome/120.0.0.0 Safari/537.3"
193.70.113.250 - - [21/Jul/2026:12:30:49 +0000] "GET /wp-json/wp/v2/pages/9 HTTP/1.1" 200 46470 "-" "Mozilla/5.0 (X11; CrOS x86_64 14541.0.0) AppleWebKit/537.36 (KHTML, like Gecko) Chrome/120.0.0.0 Safari/537.3"
198.177.124.148 - - [21/Jul/2026:12:31:31 +0000] "POST /wp-cron.php?doing_wp_cron=1784637091.0926079750061035156250 HTTP/1.1" 200 - "-" "WordPress/7.0.2; https://tradedealings.shop"
193.70.113.250 - - [21/Jul/2026:12:31:29 +0000] "GET /?p=9 HTTP/1.1" 301 - "-" "Mozilla/5.0 (X11; CrOS x86_64 14541.0.0) AppleWebKit/537.36 (KHTML, like Gecko) Chrome/120.0.0.0 Safari/537.3"
193.70.113.250 - - [21/Jul/2026:12:31:31 +0000] "GET /trade-dealings/ HTTP/1.1" 200 120695 "-" "Mozilla/5.0 (X11; CrOS x86_64 14541.0.0) AppleWebKit/537.36 (KHTML, like Gecko) Chrome/120.0.0.0 Safari/537.3"
193.70.113.250 - - [21/Jul/2026:12:31:42 +0000] "GET /?p=9 HTTP/1.1" 301 - "-" "Mozilla/5.0 (X11; CrOS x86_64 14541.0.0) AppleWebKit/537.36 (KHTML, like Gecko) Chrome/120.0.0.0 Safari/537.3"
193.70.113.250 - - [21/Jul/2026:12:31:44 +0000] "GET /trade-dealings/ HTTP/1.1" 200 120680 "-" "Mozilla/5.0 (X11; CrOS x86_64 14541.0.0) AppleWebKit/537.36 (KHTML, like Gecko) Chrome/120.0.0.0 Safari/537.3"
170.106.110.146 - - [21/Jul/2026:12:31:52 +0000] "GET /wp-content/themes/twentytwentyfive/assets/images/grid-flower-2.webp HTTP/1.1" 200 82646 "-" "Mozilla/5.0 (iPhone; CPU iPhone OS 13_2_3 like Mac OS X) AppleWebKit/605.1.15 (KHTML, like Gecko) Version/13.0.3 Mobile/15E148 Safari/604.1"
105.113.84.166 - - [21/Jul/2026:12:32:00 +0000] "POST /wp-admin/admin-ajax.php HTTP/1.1" 200 77 "https://tradedealings.shop/wp-admin/post.php?post=9&action=elementor" "Mozilla/5.0 (Windows NT 10.0; Win64; x64) AppleWebKit/537.36 (KHTML, like Gecko) Chrome/150.0.0.0 Safari/537.36"
198.177.124.148 - - [21/Jul/2026:12:33:06 +0000] "POST /wp-cron.php?doing_wp_cron=1784637186.7258880138397216796875 HTTP/1.1" 200 - "-" "WordPress/7.0.2; https://tradedealings.shop"
17.22.245.50 - - [21/Jul/2026:12:33:05 +0000] "GET /robots.txt HTTP/1.1" 301 - "-" "Mozilla/5.0 (Macintosh; Intel Mac OS X 10_15_7) AppleWebKit/605.1.15 (KHTML, like Gecko) Version/17.4 Safari/605.1.15 (Applebot/0.1; +http://www.apple.com/go/applebot)"
17.22.245.248 - - [21/Jul/2026:12:33:07 +0000] "GET /robots.txt HTTP/1.1" 200 119 "-" "Mozilla/5.0 (Macintosh; Intel Mac OS X 10_15_7) AppleWebKit/605.1.15 (KHTML, like Gecko) Version/17.4 Safari/605.1.15 (Applebot/0.1; +http://www.apple.com/go/applebot)"
17.22.245.50 - - [21/Jul/2026:12:33:08 +0000] "GET / HTTP/1.1" 301 - "-" "Mozilla/5.0 (Macintosh; Intel Mac OS X 10_15_7) AppleWebKit/605.1.15 (KHTML, like Gecko) Version/17.4 Safari/605.1.15 (Applebot/0.1; +http://www.apple.com/go/applebot)"
17.22.245.248 - - [21/Jul/2026:12:33:10 +0000] "GET / HTTP/1.1" 200 75008 "-" "Mozilla/5.0 (Macintosh; Intel Mac OS X 10_15_7) AppleWebKit/605.1.15 (KHTML, like Gecko) Version/17.4 Safari/605.1.15 (Applebot/0.1; +http://www.apple.com/go/applebot)"
17.22.245.46 - - [21/Jul/2026:12:33:23 +0000] "GET /wp-content/plugins/pixelyoursite/dist/scripts/tld.min.js?ver=2.3.1 HTTP/1.1" 200 141079 "https://tradedealings.shop/" "Mozilla/5.0 (Macintosh; Intel Mac OS X 10_15_7) AppleWebKit/605.1.15 (KHTML, like Gecko) Version/17.4 Safari/605.1.15 (Applebot/0.1; +http://www.apple.com/go/applebot)"
17.22.245.46 - - [21/Jul/2026:12:33:25 +0000] "GET /wp-content/plugins/pixelyoursite/dist/scripts/js.cookie-2.1.3.min.js?ver=2.1.3 HTTP/1.1" 200 1709 "https://tradedealings.shop/" "Mozilla/5.0 (Macintosh; Intel Mac OS X 10_15_7) AppleWebKit/605.1.15 (KHTML, like Gecko) Version/17.4 Safari/605.1.15 (Applebot/0.1; +http://www.apple.com/go/applebot)"
17.22.245.46 - - [21/Jul/2026:12:33:26 +0000] "GET /wp-content/plugins/pixelyoursite/dist/scripts/jquery.bind-first-0.2.3.min.js?ver=0.2.3 HTTP/1.1" 200 1317 "https://tradedealings.shop/" "Mozilla/5.0 (Macintosh; Intel Mac OS X 10_15_7) AppleWebKit/605.1.15 (KHTML, like Gecko) Version/17.4 Safari/605.1.15 (Applebot/0.1; +http://www.apple.com/go/applebot)"
17.22.245.46 - - [21/Jul/2026:12:33:27 +0000] "GET /wp-includes/js/jquery/jquery.min.js?ver=3.7.1 HTTP/1.1" 200 87553 "https://tradedealings.shop/" "Mozilla/5.0 (Macintosh; Intel Mac OS X 10_15_7) AppleWebKit/605.1.15 (KHTML, like Gecko) Version/17.4 Safari/605.1.15 (Applebot/0.1; +http://www.apple.com/go/applebot)"
17.22.245.46 - - [21/Jul/2026:12:33:29 +0000] "GET /wp-includes/js/jquery/jquery-migrate.min.js?ver=3.4.1 HTTP/1.1" 200 13577 "https://tradedealings.shop/" "Mozilla/5.0 (Macintosh; Intel Mac OS X 10_15_7) AppleWebKit/605.1.15 (KHTML, like Gecko) Version/17.4 Safari/605.1.15 (Applebot/0.1; +http://www.apple.com/go/applebot)"
17.22.245.46 - - [21/Jul/2026:12:33:30 +0000] "GET /wp-includes/js/dist/script-modules/block-library/navigation/view.min.js?ver=96a846e1d7b789c39ab9 HTTP/1.1" 200 3053 "https://tradedealings.shop/" "Mozilla/5.0 (Macintosh; Intel Mac OS X 10_15_7) AppleWebKit/605.1.15 (KHTML, like Gecko) Version/17.4 Safari/605.1.15 (Applebot/0.1; +http://www.apple.com/go/applebot)"
