105.113.65.234 - - [21/Jul/2026:09:53:07 +0000] "GET /wp-content/plugins/insert-headers-and-footers/build/admin-bar.css?ver=c95624a69c80301272a0 HTTP/1.1" 304 - "https://tradedealings.shop/wp-admin/plugin-install.php?s=pizelyoursite&tab=search&type=term" "Mozilla/5.0 (Windows NT 10.0; Win64; x64) AppleWebKit/537.36 (KHTML, like Gecko) Chrome/150.0.0.0 Safari/537.36"
105.113.65.234 - - [21/Jul/2026:09:53:07 +0000] "GET /wp-content/plugins/elementor/vendor/elementor/wp-one-package/assets/build/common.css?ver=1.0.68 HTTP/1.1" 304 - "https://tradedealings.shop/wp-admin/plugin-install.php?s=pizelyoursite&tab=search&type=term" "Mozilla/5.0 (Windows NT 10.0; Win64; x64) AppleWebKit/537.36 (KHTML, like Gecko) Chrome/150.0.0.0 Safari/537.36"
105.113.65.234 - - [21/Jul/2026:09:53:07 +0000] "GET /wp-content/plugins/elementor/assets/css/modules/editor-one/admin-menu.min.css?ver=4.2.0 HTTP/1.1" 304 - "https://tradedealings.shop/wp-admin/plugin-install.php?s=pizelyoursite&tab=search&type=term" "Mozilla/5.0 (Windows NT 10.0; Win64; x64) AppleWebKit/537.36 (KHTML, like Gecko) Chrome/150.0.0.0 Safari/537.36"
105.113.65.234 - - [21/Jul/2026:09:53:07 +0000] "GET /wp-content/plugins/elementor/assets/lib/eicons/css/elementor-icons.min.css?ver=5.53.0 HTTP/1.1" 304 - "https://tradedealings.shop/wp-admin/plugin-install.php?s=pizelyoursite&tab=search&type=term" "Mozilla/5.0 (Windows NT 10.0; Win64; x64) AppleWebKit/537.36 (KHTML, like Gecko) Chrome/150.0.0.0 Safari/537.36"
105.113.65.234 - - [21/Jul/2026:09:53:07 +0000] "GET /wp-content/plugins/elementor/assets/css/common.min.css?ver=4.2.0 HTTP/1.1" 304 - "https://tradedealings.shop/wp-admin/plugin-install.php?s=pizelyoursite&tab=search&type=term" "Mozilla/5.0 (Windows NT 10.0; Win64; x64) AppleWebKit/537.36 (KHTML, like Gecko) Chrome/150.0.0.0 Safari/537.36"
105.113.65.234 - - [21/Jul/2026:09:53:07 +0000] "GET /wp-content/plugins/elementor/assets/css/theme-light.min.css?ver=4.2.0 HTTP/1.1" 304 - "https://tradedealings.shop/wp-admin/plugin-install.php?s=pizelyoursite&tab=search&type=term" "Mozilla/5.0 (Windows NT 10.0; Win64; x64) AppleWebKit/537.36 (KHTML, like Gecko) Chrome/150.0.0.0 Safari/537.36"
105.113.65.234 - - [21/Jul/2026:09:53:07 +0000] "GET /wp-content/plugins/elementor/assets/css/admin.min.css?ver=4.2.0 HTTP/1.1" 304 - "https://tradedealings.shop/wp-admin/plugin-install.php?s=pizelyoursite&tab=search&type=term" "Mozilla/5.0 (Windows NT 10.0; Win64; x64) AppleWebKit/537.36 (KHTML, like Gecko) Chrome/150.0.0.0 Safari/537.36"
105.113.65.234 - - [21/Jul/2026:09:53:07 +0000] "GET /wp-content/plugins/wpforms-lite/assets/css/admin-bar.min.css?ver=2.0.0.2 HTTP/1.1" 304 - "https://tradedealings.shop/wp-admin/plugin-install.php?s=pizelyoursite&tab=search&type=term" "Mozilla/5.0 (Windows NT 10.0; Win64; x64) AppleWebKit/537.36 (KHTML, like Gecko) Chrome/150.0.0.0 Safari/537.36"
105.113.65.234 - - [21/Jul/2026:09:53:07 +0000] "GET /wp-content/plugins/elementor/assets/css/modules/promotions/conversion-banner.css?ver=4.2.0 HTTP/1.1" 304 - "https://tradedealings.shop/wp-admin/plugin-install.php?s=pizelyoursite&tab=search&type=term" "Mozilla/5.0 (Windows NT 10.0; Win64; x64) AppleWebKit/537.36 (KHTML, like Gecko) Chrome/150.0.0.0 Safari/537.36"
105.113.65.234 - - [21/Jul/2026:09:53:07 +0000] "GET /wp-content/plugins/pixelyoursite/dist/images/favicon.png HTTP/1.1" 304 - "https://tradedealings.shop/wp-admin/plugin-install.php?s=pizelyoursite&tab=search&type=term" "Mozilla/5.0 (Windows NT 10.0; Win64; x64) AppleWebKit/537.36 (KHTML, like Gecko) Chrome/150.0.0.0 Safari/537.36"
105.113.65.234 - - [21/Jul/2026:09:53:07 +0000] "GET /wp-content/plugins/pixelyoursite/dist/images/logo-original.svg HTTP/1.1" 304 - "https://tradedealings.shop/wp-admin/plugin-install.php?s=pizelyoursite&tab=search&type=term" "Mozilla/5.0 (Windows NT 10.0; Win64; x64) AppleWebKit/537.36 (KHTML, like Gecko) Chrome/150.0.0.0 Safari/537.36"
105.113.65.234 - - [21/Jul/2026:09:53:07 +0000] "GET /wp-content/plugins/insert-headers-and-footers/build/admin-bar.js?ver=c95624a69c80301272a0 HTTP/1.1" 304 - "https://tradedealings.shop/wp-admin/plugin-install.php?s=pizelyoursite&tab=search&type=term" "Mozilla/5.0 (Windows NT 10.0; Win64; x64) AppleWebKit/537.36 (KHTML, like Gecko) Chrome/150.0.0.0 Safari/537.36"
105.113.65.234 - - [21/Jul/2026:09:53:07 +0000] "GET /wp-content/plugins/pixelyoursite/dist/images/pys-logo.svg HTTP/1.1" 304 - "https://tradedealings.shop/wp-admin/plugin-install.php?s=pizelyoursite&tab=search&type=term" "Mozilla/5.0 (Windows NT 10.0; Win64; x64) AppleWebKit/537.36 (KHTML, like Gecko) Chrome/150.0.0.0 Safari/537.36"
105.113.65.234 - - [21/Jul/2026:09:53:07 +0000] "GET /wp-content/plugins/elementor/assets/lib/backbone/backbone.marionette.min.js?ver=2.4.5.e1 HTTP/1.1" 304 - "https://tradedealings.shop/wp-admin/plugin-install.php?s=pizelyoursite&tab=search&type=term" "Mozilla/5.0 (Windows NT 10.0; Win64; x64) AppleWebKit/537.36 (KHTML, like Gecko) Chrome/150.0.0.0 Safari/537.36"
105.113.65.234 - - [21/Jul/2026:09:53:07 +0000] "GET /wp-content/plugins/elementor/assets/lib/backbone/backbone.radio.min.js?ver=1.0.4 HTTP/1.1" 304 - "https://tradedealings.shop/wp-admin/plugin-install.php?s=pizelyoursite&tab=search&type=term" "Mozilla/5.0 (Windows NT 10.0; Win64; x64) AppleWebKit/537.36 (KHTML, like Gecko) Chrome/150.0.0.0 Safari/537.36"
105.113.65.234 - - [21/Jul/2026:09:53:08 +0000] "GET /wp-content/plugins/elementor/assets/js/vendors-redux.min.js?ver=4.2.0 HTTP/1.1" 304 - "https://tradedealings.shop/wp-admin/plugin-install.php?s=pizelyoursite&tab=search&type=term" "Mozilla/5.0 (Windows NT 10.0; Win64; x64) AppleWebKit/537.36 (KHTML, like Gecko) Chrome/150.0.0.0 Safari/537.36"
105.113.65.234 - - [21/Jul/2026:09:53:08 +0000] "GET /wp-content/plugins/elementor/assets/js/common-modules.min.js?ver=4.2.0 HTTP/1.1" 304 - "https://tradedealings.shop/wp-admin/plugin-install.php?s=pizelyoursite&tab=search&type=term" "Mozilla/5.0 (Windows NT 10.0; Win64; x64) AppleWebKit/537.36 (KHTML, like Gecko) Chrome/150.0.0.0 Safari/537.36"
105.113.65.234 - - [21/Jul/2026:09:53:08 +0000] "GET /wp-content/plugins/elementor/assets/js/web-cli.min.js?ver=4.2.0 HTTP/1.1" 304 - "https://tradedealings.shop/wp-admin/plugin-install.php?s=pizelyoursite&tab=search&type=term" "Mozilla/5.0 (Windows NT 10.0; Win64; x64) AppleWebKit/537.36 (KHTML, like Gecko) Chrome/150.0.0.0 Safari/537.36"
105.113.65.234 - - [21/Jul/2026:09:53:08 +0000] "GET /wp-content/plugins/elementor/assets/js/dev-tools.min.js?ver=4.2.0 HTTP/1.1" 304 - "https://tradedealings.shop/wp-admin/plugin-install.php?s=pizelyoursite&tab=search&type=term" "Mozilla/5.0 (Windows NT 10.0; Win64; x64) AppleWebKit/537.36 (KHTML, like Gecko) Chrome/150.0.0.0 Safari/537.36"
105.113.65.234 - - [21/Jul/2026:09:53:08 +0000] "GET /wp-content/plugins/elementor/assets/lib/dialog/dialog.min.js?ver=4.9.0 HTTP/1.1" 304 - "https://tradedealings.shop/wp-admin/plugin-install.php?s=pizelyoursite&tab=search&type=term" "Mozilla/5.0 (Windows NT 10.0; Win64; x64) AppleWebKit/537.36 (KHTML, like Gecko) Chrome/150.0.0.0 Safari/537.36"
105.113.65.234 - - [21/Jul/2026:09:53:08 +0000] "GET /wp-content/plugins/elementor/assets/js/common.min.js?ver=4.2.0 HTTP/1.1" 304 - "https://tradedealings.shop/wp-admin/plugin-install.php?s=pizelyoursite&tab=search&type=term" "Mozilla/5.0 (Windows NT 10.0; Win64; x64) AppleWebKit/537.36 (KHTML, like Gecko) Chrome/150.0.0.0 Safari/537.36"
105.113.65.234 - - [21/Jul/2026:09:53:08 +0000] "GET /wp-content/plugins/elementor/vendor/elementor/wp-one-package/assets/build/common.js?ver=1f031a48279dd8a7d4bd HTTP/1.1" 304 - "https://tradedealings.shop/wp-admin/plugin-install.php?s=pizelyoursite&tab=search&type=term" "Mozilla/5.0 (Windows NT 10.0; Win64; x64) AppleWebKit/537.36 (KHTML, like Gecko) Chrome/150.0.0.0 Safari/537.36"
105.113.65.234 - - [21/Jul/2026:09:53:08 +0000] "GET /wp-content/plugins/elementor/assets/js/app-loader.min.js?ver=4.2.0 HTTP/1.1" 304 - "https://tradedealings.shop/wp-admin/plugin-install.php?s=pizelyoursite&tab=search&type=term" "Mozilla/5.0 (Windows NT 10.0; Win64; x64) AppleWebKit/537.36 (KHTML, like Gecko) Chrome/150.0.0.0 Safari/537.36"
105.113.65.234 - - [21/Jul/2026:09:53:08 +0000] "GET /wp-content/plugins/elementor/assets/js/editor-one-menu.min.js?ver=4.2.0 HTTP/1.1" 304 - "https://tradedealings.shop/wp-admin/plugin-install.php?s=pizelyoursite&tab=search&type=term" "Mozilla/5.0 (Windows NT 10.0; Win64; x64) AppleWebKit/537.36 (KHTML, like Gecko) Chrome/150.0.0.0 Safari/537.36"
105.113.65.234 - - [21/Jul/2026:09:53:08 +0000] "GET /wp-content/plugins/elementor/assets/js/admin-modules.min.js?ver=4.2.0 HTTP/1.1" 304 - "https://tradedealings.shop/wp-admin/plugin-install.php?s=pizelyoursite&tab=search&type=term" "Mozilla/5.0 (Windows NT 10.0; Win64; x64) AppleWebKit/537.36 (KHTML, like Gecko) Chrome/150.0.0.0 Safari/537.36"
105.113.65.234 - - [21/Jul/2026:09:53:08 +0000] "GET /wp-content/plugins/elementor/assets/js/import-export-customization-admin.min.js?ver=4.2.0 HTTP/1.1" 304 - "https://tradedealings.shop/wp-admin/plugin-install.php?s=pizelyoursite&tab=search&type=term" "Mozilla/5.0 (Windows NT 10.0; Win64; x64) AppleWebKit/537.36 (KHTML, like Gecko) Chrome/150.0.0.0 Safari/537.36"
105.113.65.234 - - [21/Jul/2026:09:53:08 +0000] "GET /wp-content/plugins/elementor/assets/js/import-export-admin.min.js?ver=4.2.0 HTTP/1.1" 304 - "https://tradedealings.shop/wp-admin/plugin-install.php?s=pizelyoursite&tab=search&type=term" "Mozilla/5.0 (Windows NT 10.0; Win64; x64) AppleWebKit/537.36 (KHTML, like Gecko) Chrome/150.0.0.0 Safari/537.36"
105.113.65.234 - - [21/Jul/2026:09:53:08 +0000] "GET /wp-content/plugins/elementor/assets/js/admin.min.js?ver=4.2.0 HTTP/1.1" 304 - "https://tradedealings.shop/wp-admin/plugin-install.php?s=pizelyoursite&tab=search&type=term" "Mozilla/5.0 (Windows NT 10.0; Win64; x64) AppleWebKit/537.36 (KHTML, like Gecko) Chrome/150.0.0.0 Safari/537.36"
105.113.65.234 - - [21/Jul/2026:09:53:08 +0000] "GET /wp-content/plugins/elementor/assets/js/media-hints.min.js?ver=4.2.0 HTTP/1.1" 304 - "https://tradedealings.shop/wp-admin/plugin-install.php?s=pizelyoursite&tab=search&type=term" "Mozilla/5.0 (Windows NT 10.0; Win64; x64) AppleWebKit/537.36 (KHTML, like Gecko) Chrome/150.0.0.0 Safari/537.36"
105.113.65.234 - - [21/Jul/2026:09:53:08 +0000] "GET /wp-content/plugins/elementor/assets/js/e-conversion-banner.min.js?ver=4.2.0 HTTP/1.1" 304 - "https://tradedealings.shop/wp-admin/plugin-install.php?s=pizelyoursite&tab=search&type=term" "Mozilla/5.0 (Windows NT 10.0; Win64; x64) AppleWebKit/537.36 (KHTML, like Gecko) Chrome/150.0.0.0 Safari/537.36"
105.113.65.234 - - [21/Jul/2026:09:53:08 +0000] "GET /wp-content/plugins/elementor/assets/js/packages/schema/schema.min.js?ver=4.2.0 HTTP/1.1" 304 - "https://tradedealings.shop/wp-admin/plugin-install.php?s=pizelyoursite&tab=search&type=term" "Mozilla/5.0 (Windows NT 10.0; Win64; x64) AppleWebKit/537.36 (KHTML, like Gecko) Chrome/150.0.0.0 Safari/537.36"
105.113.65.234 - - [21/Jul/2026:09:53:09 +0000] "GET /wp-content/plugins/elementor/assets/js/packages/editor-mcp/editor-mcp.min.js?ver=4.2.0 HTTP/1.1" 304 - "https://tradedealings.shop/wp-admin/plugin-install.php?s=pizelyoursite&tab=search&type=term" "Mozilla/5.0 (Windows NT 10.0; Win64; x64) AppleWebKit/537.36 (KHTML, like Gecko) Chrome/150.0.0.0 Safari/537.36"
105.113.65.234 - - [21/Jul/2026:09:53:09 +0000] "GET /wp-content/plugins/elementor/assets/js/packages/elementor-mcp-common/elementor-mcp-common.min.js?ver=4.2.0 HTTP/1.1" 304 - "https://tradedealings.shop/wp-admin/plugin-install.php?s=pizelyoursite&tab=search&type=term" "Mozilla/5.0 (Windows NT 10.0; Win64; x64) AppleWebKit/537.36 (KHTML, like Gecko) Chrome/150.0.0.0 Safari/537.36"
105.113.65.234 - - [21/Jul/2026:09:53:09 +0000] "GET /wp-content/plugins/elementor/assets/js/packages/elementor-capabilities-mcp/elementor-capabilities-mcp.min.js?ver=4.2.0 HTTP/1.1" 304 - "https://tradedealings.shop/wp-admin/plugin-install.php?s=pizelyoursite&tab=search&type=term" "Mozilla/5.0 (Windows NT 10.0; Win64; x64) AppleWebKit/537.36 (KHTML, like Gecko) Chrome/150.0.0.0 Safari/537.36"
105.113.65.234 - - [21/Jul/2026:09:53:08 +0000] "GET /wp-json/wp/v2/users/me?context=edit&_locale=user HTTP/1.1" 200 2701 "https://tradedealings.shop/wp-admin/plugin-install.php?s=pizelyoursite&tab=search&type=term" "Mozilla/5.0 (Windows NT 10.0; Win64; x64) AppleWebKit/537.36 (KHTML, like Gecko) Chrome/150.0.0.0 Safari/537.36"
105.113.65.234 - - [21/Jul/2026:09:53:09 +0000] "GET /favicon.ico HTTP/1.1" 302 - "https://tradedealings.shop/wp-admin/plugin-install.php?s=pizelyoursite&tab=search&type=term" "Mozilla/5.0 (Windows NT 10.0; Win64; x64) AppleWebKit/537.36 (KHTML, like Gecko) Chrome/150.0.0.0 Safari/537.36"
105.113.65.234 - - [21/Jul/2026:09:53:11 +0000] "GET /favicon.ico HTTP/1.1" 302 - "https://tradedealings.shop/wp-admin/plugin-install.php?s=pizelyoursite&tab=search&type=term" "Mozilla/5.0 (Windows NT 10.0; Win64; x64) AppleWebKit/537.36 (KHTML, like Gecko) Chrome/150.0.0.0 Safari/537.36"
198.177.124.148 - - [21/Jul/2026:09:53:28 +0000] "POST /wp-cron.php?doing_wp_cron=1784627608.4111809730529785156250 HTTP/1.1" 200 - "-" "WordPress/7.0.2; https://tradedealings.shop"
105.113.65.234 - - [21/Jul/2026:09:53:26 +0000] "GET /wp-admin/plugin-install.php?s=pizelyoursite&tab=search&type=term HTTP/1.1" 200 173753 "https://tradedealings.shop/wp-admin/plugins.php?plugin_status=all&paged=1&s" "Mozilla/5.0 (Windows NT 10.0; Win64; x64) AppleWebKit/537.36 (KHTML, like Gecko) Chrome/150.0.0.0 Safari/537.36"
198.177.124.148 - - [21/Jul/2026:09:53:30 +0000] "POST /wp-cron.php?doing_wp_cron=1784627610.4701969623565673828125 HTTP/1.1" 200 - "-" "WordPress/7.0.2; https://tradedealings.shop"
105.113.65.234 - - [21/Jul/2026:09:53:27 +0000] "GET /wp-admin/plugin-install.php HTTP/1.1" 200 213992 "https://tradedealings.shop/wp-admin/plugin-install.php?s=pizelyoursite&tab=search&type=term" "Mozilla/5.0 (Windows NT 10.0; Win64; x64) AppleWebKit/537.36 (KHTML, like Gecko) Chrome/150.0.0.0 Safari/537.36"
105.113.65.234 - - [21/Jul/2026:09:53:32 +0000] "GET /wp-content/plugins/pixelyoursite/dist/styles/notice.min.css?ver=11.2.1 HTTP/1.1" 304 - "https://tradedealings.shop/wp-admin/plugin-install.php" "Mozilla/5.0 (Windows NT 10.0; Win64; x64) AppleWebKit/537.36 (KHTML, like Gecko) Chrome/150.0.0.0 Safari/537.36"
105.113.65.234 - - [21/Jul/2026:09:53:32 +0000] "GET /wp-content/plugins/insert-headers-and-footers/build/admin-bar.css?ver=c95624a69c80301272a0 HTTP/1.1" 304 - "https://tradedealings.shop/wp-admin/plugin-install.php" "Mozilla/5.0 (Windows NT 10.0; Win64; x64) AppleWebKit/537.36 (KHTML, like Gecko) Chrome/150.0.0.0 Safari/537.36"
105.113.65.234 - - [21/Jul/2026:09:53:29 +0000] "GET /wp-admin/plugin-install.php HTTP/1.1" 200 213992 "https://tradedealings.shop/wp-admin/plugin-install.php?s=pizelyoursite&tab=search&type=term" "Mozilla/5.0 (Windows NT 10.0; Win64; x64) AppleWebKit/537.36 (KHTML, like Gecko) Chrome/150.0.0.0 Safari/537.36"
105.113.65.234 - - [21/Jul/2026:09:53:32 +0000] "GET /wp-content/plugins/pixelyoursite/dist/images/favicon.png HTTP/1.1" 304 - "https://tradedealings.shop/wp-admin/plugin-install.php" "Mozilla/5.0 (Windows NT 10.0; Win64; x64) AppleWebKit/537.36 (KHTML, like Gecko) Chrome/150.0.0.0 Safari/537.36"
105.113.65.234 - - [21/Jul/2026:09:53:33 +0000] "GET /wp-content/plugins/pixelyoursite/dist/images/logo-original.svg HTTP/1.1" 304 - "https://tradedealings.shop/wp-admin/plugin-install.php" "Mozilla/5.0 (Windows NT 10.0; Win64; x64) AppleWebKit/537.36 (KHTML, like Gecko) Chrome/150.0.0.0 Safari/537.36"
105.113.65.234 - - [21/Jul/2026:09:53:33 +0000] "GET /wp-content/plugins/pixelyoursite/dist/images/pys-logo.svg HTTP/1.1" 304 - "https://tradedealings.shop/wp-admin/plugin-install.php" "Mozilla/5.0 (Windows NT 10.0; Win64; x64) AppleWebKit/537.36 (KHTML, like Gecko) Chrome/150.0.0.0 Safari/537.36"
105.113.65.234 - - [21/Jul/2026:09:53:33 +0000] "GET /wp-content/plugins/insert-headers-and-footers/build/admin-bar.js?ver=c95624a69c80301272a0 HTTP/1.1" 304 - "https://tradedealings.shop/wp-admin/plugin-install.php" "Mozilla/5.0 (Windows NT 10.0; Win64; x64) AppleWebKit/537.36 (KHTML, like Gecko) Chrome/150.0.0.0 Safari/537.36"
105.113.65.234 - - [21/Jul/2026:09:53:34 +0000] "GET /wp-json/wp/v2/users/me?context=edit&_locale=user HTTP/1.1" 200 2701 "https://tradedealings.shop/wp-admin/plugin-install.php" "Mozilla/5.0 (Windows NT 10.0; Win64; x64) AppleWebKit/537.36 (KHTML, like Gecko) Chrome/150.0.0.0 Safari/537.36"
105.113.65.234 - - [21/Jul/2026:09:53:34 +0000] "GET /favicon.ico HTTP/1.1" 302 - "https://tradedealings.shop/wp-admin/plugin-install.php" "Mozilla/5.0 (Windows NT 10.0; Win64; x64) AppleWebKit/537.36 (KHTML, like Gecko) Chrome/150.0.0.0 Safari/537.36"
105.113.65.234 - - [21/Jul/2026:09:53:36 +0000] "GET /favicon.ico HTTP/1.1" 302 - "https://tradedealings.shop/wp-admin/plugin-install.php" "Mozilla/5.0 (Windows NT 10.0; Win64; x64) AppleWebKit/537.36 (KHTML, like Gecko) Chrome/150.0.0.0 Safari/537.36"
105.113.65.234 - - [21/Jul/2026:09:53:41 +0000] "POST /wp-admin/admin-ajax.php HTTP/1.1" 200 67417 "https://tradedealings.shop/wp-admin/plugin-install.php?s=pixelyoursite&tab=search&type=term" "Mozilla/5.0 (Windows NT 10.0; Win64; x64) AppleWebKit/537.36 (KHTML, like Gecko) Chrome/150.0.0.0 Safari/537.36"
198.177.124.148 - - [21/Jul/2026:09:54:37 +0000] "POST /wp-cron.php?doing_wp_cron=1784627677.2595400810241699218750 HTTP/1.1" 200 - "-" "WordPress/7.0.2; https://tradedealings.shop"
105.113.65.234 - - [21/Jul/2026:09:54:34 +0000] "POST /wp-admin/admin-ajax.php HTTP/1.1" 200 47 "https://tradedealings.shop/wp-admin/plugin-install.php?s=pixelyoursite&tab=search&type=term" "Mozilla/5.0 (Windows NT 10.0; Win64; x64) AppleWebKit/537.36 (KHTML, like Gecko) Chrome/150.0.0.0 Safari/537.36"
198.177.124.148 - - [21/Jul/2026:09:55:15 +0000] "POST /wp-cron.php?doing_wp_cron=1784627715.0008840560913085937500 HTTP/1.1" 200 - "-" "WordPress/7.0.2; https://tradedealings.shop"
105.113.65.234 - - [21/Jul/2026:09:55:08 +0000] "POST /wp-admin/admin-ajax.php HTTP/1.1" 200 109583 "https://tradedealings.shop/wp-admin/plugin-install.php?s=wp%2520mail&tab=search&type=term" "Mozilla/5.0 (Windows NT 10.0; Win64; x64) AppleWebKit/537.36 (KHTML, like Gecko) Chrome/150.0.0.0 Safari/537.36"
105.113.65.234 - - [21/Jul/2026:09:55:25 +0000] "POST /wp-admin/admin-ajax.php HTTP/1.1" 200 298 "https://tradedealings.shop/wp-admin/plugin-install.php?s=wp%2520mail&tab=search&type=term" "Mozilla/5.0 (Windows NT 10.0; Win64; x64) AppleWebKit/537.36 (KHTML, like Gecko) Chrome/150.0.0.0 Safari/537.36"
105.113.65.234 - - [21/Jul/2026:09:55:32 +0000] "POST /wp-admin/admin-ajax.php HTTP/1.1" 200 307 "https://tradedealings.shop/wp-admin/plugin-install.php?s=wp%2520mail&tab=search&type=term" "Mozilla/5.0 (Windows NT 10.0; Win64; x64) AppleWebKit/537.36 (KHTML, like Gecko) Chrome/150.0.0.0 Safari/537.36"
105.113.65.234 - - [21/Jul/2026:09:55:34 +0000] "POST /wp-admin/admin-ajax.php HTTP/1.1" 200 47 "https://tradedealings.shop/wp-admin/plugin-install.php?s=wp%2520mail&tab=search&type=term" "Mozilla/5.0 (Windows NT 10.0; Win64; x64) AppleWebKit/537.36 (KHTML, like Gecko) Chrome/150.0.0.0 Safari/537.36"
105.113.65.234 - - [21/Jul/2026:09:55:36 +0000] "GET /wp-admin/plugins.php?_wpnonce=1d21afc86b&action=activate&plugin=wp-mail-smtp/wp_mail_smtp.php HTTP/1.1" 302 - "https://tradedealings.shop/wp-admin/plugin-install.php?s=wp%2520mail&tab=search&type=term" "Mozilla/5.0 (Windows NT 10.0; Win64; x64) AppleWebKit/537.36 (KHTML, like Gecko) Chrome/150.0.0.0 Safari/537.36"
105.113.65.234 - - [21/Jul/2026:09:55:40 +0000] "GET /wp-admin/plugins.php?activate=true&plugin_status=all&paged=1&s= HTTP/1.1" 302 - "https://tradedealings.shop/wp-admin/plugin-install.php?s=wp%2520mail&tab=search&type=term" "Mozilla/5.0 (Windows NT 10.0; Win64; x64) AppleWebKit/537.36 (KHTML, like Gecko) Chrome/150.0.0.0 Safari/537.36"
105.113.65.234 - - [21/Jul/2026:09:55:42 +0000] "GET /wp-admin/admin.php?page=wp-mail-smtp-setup-wizard HTTP/1.1" 200 89488 "https://tradedealings.shop/wp-admin/plugin-install.php?s=wp%2520mail&tab=search&type=term" "Mozilla/5.0 (Windows NT 10.0; Win64; x64) AppleWebKit/537.36 (KHTML, like Gecko) Chrome/150.0.0.0 Safari/537.36"
105.113.65.234 - - [21/Jul/2026:09:55:44 +0000] "GET /wp-admin/load-styles.php?c=1&dir=ltr&load%5Bchunk_0%5D=dashicons,admin-bar&ver=7.0.2 HTTP/1.1" 200 79823 "https://tradedealings.shop/wp-admin/admin.php?page=wp-mail-smtp-setup-wizard" "Mozilla/5.0 (Windows NT 10.0; Win64; x64) AppleWebKit/537.36 (KHTML, like Gecko) Chrome/150.0.0.0 Safari/537.36"
105.113.65.234 - - [21/Jul/2026:09:55:45 +0000] "GET /wp-content/plugins/wp-mail-smtp/assets/vue/css/wizard.min.css?ver=4.9.0 HTTP/1.1" 200 75891 "https://tradedealings.shop/wp-admin/admin.php?page=wp-mail-smtp-setup-wizard" "Mozilla/5.0 (Windows NT 10.0; Win64; x64) AppleWebKit/537.36 (KHTML, like Gecko) Chrome/150.0.0.0 Safari/537.36"
105.113.65.234 - - [21/Jul/2026:09:55:45 +0000] "GET /wp-content/plugins/pixelyoursite/dist/styles/notice.min.css?ver=11.2.1 HTTP/1.1" 304 - "https://tradedealings.shop/wp-admin/admin.php?page=wp-mail-smtp-setup-wizard" "Mozilla/5.0 (Windows NT 10.0; Win64; x64) AppleWebKit/537.36 (KHTML, like Gecko) Chrome/150.0.0.0 Safari/537.36"
105.113.65.234 - - [21/Jul/2026:09:55:45 +0000] "GET /wp-content/plugins/wpforms-lite/assets/lib/font-awesome/css/all.min.css?ver=7.0.1 HTTP/1.1" 304 - "https://tradedealings.shop/wp-admin/admin.php?page=wp-mail-smtp-setup-wizard" "Mozilla/5.0 (Windows NT 10.0; Win64; x64) AppleWebKit/537.36 (KHTML, like Gecko) Chrome/150.0.0.0 Safari/537.36"
105.113.65.234 - - [21/Jul/2026:09:55:45 +0000] "GET /wp-content/plugins/wpforms-lite/assets/lib/font-awesome/css/v4-shims.min.css?ver=4.7.0 HTTP/1.1" 304 - "https://tradedealings.shop/wp-admin/admin.php?page=wp-mail-smtp-setup-wizard" "Mozilla/5.0 (Windows NT 10.0; Win64; x64) AppleWebKit/537.36 (KHTML, like Gecko) Chrome/150.0.0.0 Safari/537.36"
105.113.65.234 - - [21/Jul/2026:09:55:45 +0000] "GET /wp-content/plugins/insert-headers-and-footers/build/admin-bar.css?ver=c95624a69c80301272a0 HTTP/1.1" 304 - "https://tradedealings.shop/wp-admin/admin.php?page=wp-mail-smtp-setup-wizard" "Mozilla/5.0 (Windows NT 10.0; Win64; x64) AppleWebKit/537.36 (KHTML, like Gecko) Chrome/150.0.0.0 Safari/537.36"
105.113.65.234 - - [21/Jul/2026:09:55:45 +0000] "GET /wp-content/plugins/wp-mail-smtp/assets/vue/js/chunk-vendors.min.js?ver=4.9.0 HTTP/1.1" 200 379897 "https://tradedealings.shop/wp-admin/admin.php?page=wp-mail-smtp-setup-wizard" "Mozilla/5.0 (Windows NT 10.0; Win64; x64) AppleWebKit/537.36 (KHTML, like Gecko) Chrome/150.0.0.0 Safari/537.36"
105.113.65.234 - - [21/Jul/2026:09:55:45 +0000] "GET /wp-content/plugins/wp-mail-smtp/assets/vue/js/wizard.min.js?ver=4.9.0 HTTP/1.1" 200 339492 "https://tradedealings.shop/wp-admin/admin.php?page=wp-mail-smtp-setup-wizard" "Mozilla/5.0 (Windows NT 10.0; Win64; x64) AppleWebKit/537.36 (KHTML, like Gecko) Chrome/150.0.0.0 Safari/537.36"
105.113.65.234 - - [21/Jul/2026:09:55:47 +0000] "GET /wp-content/plugins/wp-mail-smtp/assets/vue/img/long-arrow-alt-right-regular.svg HTTP/1.1" 200 476 "https://tradedealings.shop/wp-admin/admin.php?page=wp-mail-smtp-setup-wizard" "Mozilla/5.0 (Windows NT 10.0; Win64; x64) AppleWebKit/537.36 (KHTML, like Gecko) Chrome/150.0.0.0 Safari/537.36"
105.113.65.234 - - [21/Jul/2026:09:55:47 +0000] "GET /wp-content/plugins/wp-mail-smtp/assets/vue/img/logo.svg HTTP/1.1" 200 11766 "https://tradedealings.shop/wp-admin/admin.php?page=wp-mail-smtp-setup-wizard" "Mozilla/5.0 (Windows NT 10.0; Win64; x64) AppleWebKit/537.36 (KHTML, like Gecko) Chrome/150.0.0.0 Safari/537.36"
105.113.65.234 - - [21/Jul/2026:09:55:51 +0000] "GET /wp-admin/plugin-install.php?s=wp%2520mail&tab=search&type=term HTTP/1.1" 200 274090 "https://tradedealings.shop/wp-admin/plugin-install.php?s=pizelyoursite&tab=search&type=term" "Mozilla/5.0 (Windows NT 10.0; Win64; x64) AppleWebKit/537.36 (KHTML, like Gecko) Chrome/150.0.0.0 Safari/537.36"
105.113.65.234 - - [21/Jul/2026:09:55:55 +0000] "GET /wp-content/plugins/wp-mail-smtp/assets/css/admin-bar.min.css?ver=4.9.0 HTTP/1.1" 200 908 "https://tradedealings.shop/wp-admin/plugin-install.php?s=wp%2520mail&tab=search&type=term" "Mozilla/5.0 (Windows NT 10.0; Win64; x64) AppleWebKit/537.36 (KHTML, like Gecko) Chrome/150.0.0.0 Safari/537.36"
105.113.65.234 - - [21/Jul/2026:09:55:56 +0000] "GET /wp-json/wp/v2/users/me?context=edit&_locale=user HTTP/1.1" 200 2701 "https://tradedealings.shop/wp-admin/plugin-install.php?s=wp%2520mail&tab=search&type=term" "Mozilla/5.0 (Windows NT 10.0; Win64; x64) AppleWebKit/537.36 (KHTML, like Gecko) Chrome/150.0.0.0 Safari/537.36"
105.113.65.234 - - [21/Jul/2026:09:55:56 +0000] "GET /favicon.ico HTTP/1.1" 302 - "https://tradedealings.shop/wp-admin/plugin-install.php?s=wp%2520mail&tab=search&type=term" "Mozilla/5.0 (Windows NT 10.0; Win64; x64) AppleWebKit/537.36 (KHTML, like Gecko) Chrome/150.0.0.0 Safari/537.36"
105.113.65.234 - - [21/Jul/2026:09:56:01 +0000] "GET /wp-admin/options-general.php HTTP/1.1" 200 291014 "https://tradedealings.shop/wp-admin/plugin-install.php?s=wp%2520mail&tab=search&type=term" "Mozilla/5.0 (Windows NT 10.0; Win64; x64) AppleWebKit/537.36 (KHTML, like Gecko) Chrome/150.0.0.0 Safari/537.36"
105.113.65.234 - - [21/Jul/2026:09:56:05 +0000] "GET /wp-content/plugins/elementor/vendor/elementor/wp-one-package/assets/build/common.css?ver=1.0.68 HTTP/1.1" 304 - "https://tradedealings.shop/wp-admin/options-general.php" "Mozilla/5.0 (Windows NT 10.0; Win64; x64) AppleWebKit/537.36 (KHTML, like Gecko) Chrome/150.0.0.0 Safari/537.36"
105.113.65.234 - - [21/Jul/2026:09:56:05 +0000] "GET /wp-content/plugins/wp-mail-smtp/assets/css/admin-bar.min.css?ver=4.9.0 HTTP/1.1" 304 - "https://tradedealings.shop/wp-admin/options-general.php" "Mozilla/5.0 (Windows NT 10.0; Win64; x64) AppleWebKit/537.36 (KHTML, like Gecko) Chrome/150.0.0.0 Safari/537.36"
105.113.65.234 - - [21/Jul/2026:09:56:05 +0000] "GET /wp-content/plugins/elementor/assets/css/modules/editor-one/admin-menu.min.css?ver=4.2.0 HTTP/1.1" 304 - "https://tradedealings.shop/wp-admin/options-general.php" "Mozilla/5.0 (Windows NT 10.0; Win64; x64) AppleWebKit/537.36 (KHTML, like Gecko) Chrome/150.0.0.0 Safari/537.36"
105.113.65.234 - - [21/Jul/2026:09:56:05 +0000] "GET /wp-content/plugins/elementor/assets/lib/eicons/css/elementor-icons.min.css?ver=5.53.0 HTTP/1.1" 304 - "https://tradedealings.shop/wp-admin/options-general.php" "Mozilla/5.0 (Windows NT 10.0; Win64; x64) AppleWebKit/537.36 (KHTML, like Gecko) Chrome/150.0.0.0 Safari/537.36"
105.113.65.234 - - [21/Jul/2026:09:56:05 +0000] "GET /wp-content/plugins/elementor/assets/css/common.min.css?ver=4.2.0 HTTP/1.1" 304 - "https://tradedealings.shop/wp-admin/options-general.php" "Mozilla/5.0 (Windows NT 10.0; Win64; x64) AppleWebKit/537.36 (KHTML, like Gecko) Chrome/150.0.0.0 Safari/537.36"
105.113.65.234 - - [21/Jul/2026:09:56:05 +0000] "GET /wp-content/plugins/elementor/assets/css/theme-light.min.css?ver=4.2.0 HTTP/1.1" 304 - "https://tradedealings.shop/wp-admin/options-general.php" "Mozilla/5.0 (Windows NT 10.0; Win64; x64) AppleWebKit/537.36 (KHTML, like Gecko) Chrome/150.0.0.0 Safari/537.36"
105.113.65.234 - - [21/Jul/2026:09:56:05 +0000] "GET /wp-content/plugins/elementor/assets/css/admin.min.css?ver=4.2.0 HTTP/1.1" 304 - "https://tradedealings.shop/wp-admin/options-general.php" "Mozilla/5.0 (Windows NT 10.0; Win64; x64) AppleWebKit/537.36 (KHTML, like Gecko) Chrome/150.0.0.0 Safari/537.36"
105.113.65.234 - - [21/Jul/2026:09:56:05 +0000] "GET /wp-content/plugins/wpforms-lite/assets/css/admin-bar.min.css?ver=2.0.0.2 HTTP/1.1" 304 - "https://tradedealings.shop/wp-admin/options-general.php" "Mozilla/5.0 (Windows NT 10.0; Win64; x64) AppleWebKit/537.36 (KHTML, like Gecko) Chrome/150.0.0.0 Safari/537.36"
105.113.65.234 - - [21/Jul/2026:09:56:05 +0000] "GET /wp-content/plugins/pixelyoursite/dist/images/favicon.png HTTP/1.1" 304 - "https://tradedealings.shop/wp-admin/options-general.php" "Mozilla/5.0 (Windows NT 10.0; Win64; x64) AppleWebKit/537.36 (KHTML, like Gecko) Chrome/150.0.0.0 Safari/537.36"
105.113.65.234 - - [21/Jul/2026:09:56:06 +0000] "GET /wp-content/plugins/pixelyoursite/dist/images/logo-original.svg HTTP/1.1" 304 - "https://tradedealings.shop/wp-admin/options-general.php" "Mozilla/5.0 (Windows NT 10.0; Win64; x64) AppleWebKit/537.36 (KHTML, like Gecko) Chrome/150.0.0.0 Safari/537.36"
105.113.65.234 - - [21/Jul/2026:09:56:06 +0000] "GET /wp-content/plugins/pixelyoursite/dist/images/pys-logo.svg HTTP/1.1" 304 - "https://tradedealings.shop/wp-admin/options-general.php" "Mozilla/5.0 (Windows NT 10.0; Win64; x64) AppleWebKit/537.36 (KHTML, like Gecko) Chrome/150.0.0.0 Safari/537.36"
105.113.65.234 - - [21/Jul/2026:09:56:06 +0000] "GET /wp-includes/js/mediaelement/wp-mediaelement.min.css?ver=7.0.2 HTTP/1.1" 200 4186 "https://tradedealings.shop/wp-admin/options-general.php" "Mozilla/5.0 (Windows NT 10.0; Win64; x64) AppleWebKit/537.36 (KHTML, like Gecko) Chrome/150.0.0.0 Safari/537.36"
105.113.65.234 - - [21/Jul/2026:09:56:06 +0000] "GET /wp-includes/js/imgareaselect/imgareaselect.css?ver=0.9.8 HTTP/1.1" 200 790 "https://tradedealings.shop/wp-admin/options-general.php" "Mozilla/5.0 (Windows NT 10.0; Win64; x64) AppleWebKit/537.36 (KHTML, like Gecko) Chrome/150.0.0.0 Safari/537.36"
105.113.65.234 - - [21/Jul/2026:09:56:06 +0000] "GET /wp-includes/js/mediaelement/mediaelementplayer-legacy.min.css?ver=4.2.17 HTTP/1.1" 200 11256 "https://tradedealings.shop/wp-admin/options-general.php" "Mozilla/5.0 (Windows NT 10.0; Win64; x64) AppleWebKit/537.36 (KHTML, like Gecko) Chrome/150.0.0.0 Safari/537.36"
105.113.65.234 - - [21/Jul/2026:09:56:06 +0000] "GET /wp-content/plugins/insert-headers-and-footers/build/admin-bar.js?ver=c95624a69c80301272a0 HTTP/1.1" 304 - "https://tradedealings.shop/wp-admin/options-general.php" "Mozilla/5.0 (Windows NT 10.0; Win64; x64) AppleWebKit/537.36 (KHTML, like Gecko) Chrome/150.0.0.0 Safari/537.36"
105.113.65.234 - - [21/Jul/2026:09:56:06 +0000] "GET /wp-content/plugins/elementor/assets/lib/backbone/backbone.marionette.min.js?ver=2.4.5.e1 HTTP/1.1" 304 - "https://tradedealings.shop/wp-admin/options-general.php" "Mozilla/5.0 (Windows NT 10.0; Win64; x64) AppleWebKit/537.36 (KHTML, like Gecko) Chrome/150.0.0.0 Safari/537.36"
105.113.65.234 - - [21/Jul/2026:09:56:06 +0000] "GET /wp-content/plugins/elementor/assets/lib/backbone/backbone.radio.min.js?ver=1.0.4 HTTP/1.1" 304 - "https://tradedealings.shop/wp-admin/options-general.php" "Mozilla/5.0 (Windows NT 10.0; Win64; x64) AppleWebKit/537.36 (KHTML, like Gecko) Chrome/150.0.0.0 Safari/537.36"
105.113.65.234 - - [21/Jul/2026:09:56:06 +0000] "GET /wp-content/plugins/elementor/assets/js/vendors-redux.min.js?ver=4.2.0 HTTP/1.1" 304 - "https://tradedealings.shop/wp-admin/options-general.php" "Mozilla/5.0 (Windows NT 10.0; Win64; x64) AppleWebKit/537.36 (KHTML, like Gecko) Chrome/150.0.0.0 Safari/537.36"
105.113.65.234 - - [21/Jul/2026:09:56:06 +0000] "GET /wp-admin/load-styles.php?c=1&dir=ltr&load%5Bchunk_0%5D=media-views&ver=7.0.2 HTTP/1.1" 200 49505 "https://tradedealings.shop/wp-admin/options-general.php" "Mozilla/5.0 (Windows NT 10.0; Win64; x64) AppleWebKit/537.36 (KHTML, like Gecko) Chrome/150.0.0.0 Safari/537.36"
105.113.65.234 - - [21/Jul/2026:09:56:06 +0000] "GET /wp-content/plugins/elementor/assets/js/web-cli.min.js?ver=4.2.0 HTTP/1.1" 304 - "https://tradedealings.shop/wp-admin/options-general.php" "Mozilla/5.0 (Windows NT 10.0; Win64; x64) AppleWebKit/537.36 (KHTML, like Gecko) Chrome/150.0.0.0 Safari/537.36"
105.113.65.234 - - [21/Jul/2026:09:56:06 +0000] "GET /wp-content/plugins/elementor/assets/js/common-modules.min.js?ver=4.2.0 HTTP/1.1" 304 - "https://tradedealings.shop/wp-admin/options-general.php" "Mozilla/5.0 (Windows NT 10.0; Win64; x64) AppleWebKit/537.36 (KHTML, like Gecko) Chrome/150.0.0.0 Safari/537.36"
105.113.65.234 - - [21/Jul/2026:09:56:06 +0000] "GET /wp-content/plugins/elementor/assets/lib/dialog/dialog.min.js?ver=4.9.0 HTTP/1.1" 304 - "https://tradedealings.shop/wp-admin/options-general.php" "Mozilla/5.0 (Windows NT 10.0; Win64; x64) AppleWebKit/537.36 (KHTML, like Gecko) Chrome/150.0.0.0 Safari/537.36"
105.113.65.234 - - [21/Jul/2026:09:56:07 +0000] "GET /wp-content/plugins/elementor/assets/js/dev-tools.min.js?ver=4.2.0 HTTP/1.1" 304 - "https://tradedealings.shop/wp-admin/options-general.php" "Mozilla/5.0 (Windows NT 10.0; Win64; x64) AppleWebKit/537.36 (KHTML, like Gecko) Chrome/150.0.0.0 Safari/537.36"
105.113.65.234 - - [21/Jul/2026:09:56:07 +0000] "GET /wp-content/plugins/elementor/assets/js/common.min.js?ver=4.2.0 HTTP/1.1" 304 - "https://tradedealings.shop/wp-admin/options-general.php" "Mozilla/5.0 (Windows NT 10.0; Win64; x64) AppleWebKit/537.36 (KHTML, like Gecko) Chrome/150.0.0.0 Safari/537.36"
105.113.65.234 - - [21/Jul/2026:09:56:07 +0000] "GET /wp-content/plugins/elementor/assets/js/app-loader.min.js?ver=4.2.0 HTTP/1.1" 304 - "https://tradedealings.shop/wp-admin/options-general.php" "Mozilla/5.0 (Windows NT 10.0; Win64; x64) AppleWebKit/537.36 (KHTML, like Gecko) Chrome/150.0.0.0 Safari/537.36"
105.113.65.234 - - [21/Jul/2026:09:56:07 +0000] "GET /wp-content/plugins/elementor/vendor/elementor/wp-one-package/assets/build/common.js?ver=1f031a48279dd8a7d4bd HTTP/1.1" 304 - "https://tradedealings.shop/wp-admin/options-general.php" "Mozilla/5.0 (Windows NT 10.0; Win64; x64) AppleWebKit/537.36 (KHTML, like Gecko) Chrome/150.0.0.0 Safari/537.36"
105.113.65.234 - - [21/Jul/2026:09:56:07 +0000] "GET /wp-content/plugins/elementor/assets/js/editor-one-menu.min.js?ver=4.2.0 HTTP/1.1" 304 - "https://tradedealings.shop/wp-admin/options-general.php" "Mozilla/5.0 (Windows NT 10.0; Win64; x64) AppleWebKit/537.36 (KHTML, like Gecko) Chrome/150.0.0.0 Safari/537.36"
105.113.65.234 - - [21/Jul/2026:09:56:07 +0000] "GET /wp-content/plugins/elementor/assets/js/import-export-customization-admin.min.js?ver=4.2.0 HTTP/1.1" 304 - "https://tradedealings.shop/wp-admin/options-general.php" "Mozilla/5.0 (Windows NT 10.0; Win64; x64) AppleWebKit/537.36 (KHTML, like Gecko) Chrome/150.0.0.0 Safari/537.36"
105.113.65.234 - - [21/Jul/2026:09:56:07 +0000] "GET /wp-content/plugins/elementor/assets/js/import-export-admin.min.js?ver=4.2.0 HTTP/1.1" 304 - "https://tradedealings.shop/wp-admin/options-general.php" "Mozilla/5.0 (Windows NT 10.0; Win64; x64) AppleWebKit/537.36 (KHTML, like Gecko) Chrome/150.0.0.0 Safari/537.36"
105.113.65.234 - - [21/Jul/2026:09:56:07 +0000] "GET /wp-content/plugins/elementor/assets/js/admin-modules.min.js?ver=4.2.0 HTTP/1.1" 304 - "https://tradedealings.shop/wp-admin/options-general.php" "Mozilla/5.0 (Windows NT 10.0; Win64; x64) AppleWebKit/537.36 (KHTML, like Gecko) Chrome/150.0.0.0 Safari/537.36"
105.113.65.234 - - [21/Jul/2026:09:56:07 +0000] "GET /wp-content/plugins/elementor/assets/js/admin.min.js?ver=4.2.0 HTTP/1.1" 304 - "https://tradedealings.shop/wp-admin/options-general.php" "Mozilla/5.0 (Windows NT 10.0; Win64; x64) AppleWebKit/537.36 (KHTML, like Gecko) Chrome/150.0.0.0 Safari/537.36"
105.113.65.234 - - [21/Jul/2026:09:56:07 +0000] "GET /wp-content/plugins/elementor/assets/js/media-hints.min.js?ver=4.2.0 HTTP/1.1" 304 - "https://tradedealings.shop/wp-admin/options-general.php" "Mozilla/5.0 (Windows NT 10.0; Win64; x64) AppleWebKit/537.36 (KHTML, like Gecko) Chrome/150.0.0.0 Safari/537.36"
105.113.65.234 - - [21/Jul/2026:09:56:07 +0000] "GET /wp-content/plugins/elementor/assets/js/packages/schema/schema.min.js?ver=4.2.0 HTTP/1.1" 304 - "https://tradedealings.shop/wp-admin/options-general.php" "Mozilla/5.0 (Windows NT 10.0; Win64; x64) AppleWebKit/537.36 (KHTML, like Gecko) Chrome/150.0.0.0 Safari/537.36"
105.113.65.234 - - [21/Jul/2026:09:56:07 +0000] "GET /wp-content/plugins/elementor/assets/js/packages/editor-mcp/editor-mcp.min.js?ver=4.2.0 HTTP/1.1" 304 - "https://tradedealings.shop/wp-admin/options-general.php" "Mozilla/5.0 (Windows NT 10.0; Win64; x64) AppleWebKit/537.36 (KHTML, like Gecko) Chrome/150.0.0.0 Safari/537.36"
105.113.65.234 - - [21/Jul/2026:09:56:07 +0000] "GET /wp-content/plugins/elementor/assets/js/packages/elementor-mcp-common/elementor-mcp-common.min.js?ver=4.2.0 HTTP/1.1" 304 - "https://tradedealings.shop/wp-admin/options-general.php" "Mozilla/5.0 (Windows NT 10.0; Win64; x64) AppleWebKit/537.36 (KHTML, like Gecko) Chrome/150.0.0.0 Safari/537.36"
105.113.65.234 - - [21/Jul/2026:09:56:07 +0000] "GET /wp-content/plugins/elementor/assets/js/packages/elementor-capabilities-mcp/elementor-capabilities-mcp.min.js?ver=4.2.0 HTTP/1.1" 304 - "https://tradedealings.shop/wp-admin/options-general.php" "Mozilla/5.0 (Windows NT 10.0; Win64; x64) AppleWebKit/537.36 (KHTML, like Gecko) Chrome/150.0.0.0 Safari/537.36"
105.113.65.234 - - [21/Jul/2026:09:56:07 +0000] "GET /wp-includes/js/wp-backbone.min.js?ver=7.0.2 HTTP/1.1" 200 3039 "https://tradedealings.shop/wp-admin/options-general.php" "Mozilla/5.0 (Windows NT 10.0; Win64; x64) AppleWebKit/537.36 (KHTML, like Gecko) Chrome/150.0.0.0 Safari/537.36"
105.113.65.234 - - [21/Jul/2026:09:56:07 +0000] "GET /wp-includes/js/media-models.min.js?ver=7.0.2 HTTP/1.1" 200 13279 "https://tradedealings.shop/wp-admin/options-general.php" "Mozilla/5.0 (Windows NT 10.0; Win64; x64) AppleWebKit/537.36 (KHTML, like Gecko) Chrome/150.0.0.0 Safari/537.36"
105.113.65.234 - - [21/Jul/2026:09:56:08 +0000] "GET /wp-includes/js/plupload/plupload.min.js?ver=2.1.9 HTTP/1.1" 200 15605 "https://tradedealings.shop/wp-admin/options-general.php" "Mozilla/5.0 (Windows NT 10.0; Win64; x64) AppleWebKit/537.36 (KHTML, like Gecko) Chrome/150.0.0.0 Safari/537.36"
105.113.65.234 - - [21/Jul/2026:09:56:08 +0000] "GET /wp-includes/js/plupload/wp-plupload.min.js?ver=7.0.2 HTTP/1.1" 200 6036 "https://tradedealings.shop/wp-admin/options-general.php" "Mozilla/5.0 (Windows NT 10.0; Win64; x64) AppleWebKit/537.36 (KHTML, like Gecko) Chrome/150.0.0.0 Safari/537.36"
105.113.65.234 - - [21/Jul/2026:09:56:08 +0000] "GET /wp-includes/js/mediaelement/mediaelement-migrate.min.js?ver=7.0.2 HTTP/1.1" 200 1191 "https://tradedealings.shop/wp-admin/options-general.php" "Mozilla/5.0 (Windows NT 10.0; Win64; x64) AppleWebKit/537.36 (KHTML, like Gecko) Chrome/150.0.0.0 Safari/537.36"
105.113.65.234 - - [21/Jul/2026:09:56:08 +0000] "GET /wp-includes/js/mediaelement/wp-mediaelement.min.js?ver=7.0.2 HTTP/1.1" 200 1107 "https://tradedealings.shop/wp-admin/options-general.php" "Mozilla/5.0 (Windows NT 10.0; Win64; x64) AppleWebKit/537.36 (KHTML, like Gecko) Chrome/150.0.0.0 Safari/537.36"
105.113.65.234 - - [21/Jul/2026:09:56:08 +0000] "GET /wp-includes/js/plupload/moxie.min.js?ver=1.3.5.1 HTTP/1.1" 200 87394 "https://tradedealings.shop/wp-admin/options-general.php" "Mozilla/5.0 (Windows NT 10.0; Win64; x64) AppleWebKit/537.36 (KHTML, like Gecko) Chrome/150.0.0.0 Safari/537.36"
105.113.65.234 - - [21/Jul/2026:09:56:08 +0000] "GET /wp-includes/js/media-views.min.js?ver=7.0.2 HTTP/1.1" 200 110657 "https://tradedealings.shop/wp-admin/options-general.php" "Mozilla/5.0 (Windows NT 10.0; Win64; x64) AppleWebKit/537.36 (KHTML, like Gecko) Chrome/150.0.0.0 Safari/537.36"
105.113.65.234 - - [21/Jul/2026:09:56:07 +0000] "GET /wp-json/wp/v2/users/me?context=edit&_locale=user HTTP/1.1" 200 2701 "https://tradedealings.shop/wp-admin/options-general.php" "Mozilla/5.0 (Windows NT 10.0; Win64; x64) AppleWebKit/537.36 (KHTML, like Gecko) Chrome/150.0.0.0 Safari/537.36"
105.113.65.234 - - [21/Jul/2026:09:56:08 +0000] "GET /wp-includes/js/media-editor.min.js?ver=7.0.2 HTTP/1.1" 200 11092 "https://tradedealings.shop/wp-admin/options-general.php" "Mozilla/5.0 (Windows NT 10.0; Win64; x64) AppleWebKit/537.36 (KHTML, like Gecko) Chrome/150.0.0.0 Safari/537.36"
105.113.65.234 - - [21/Jul/2026:09:56:08 +0000] "GET /wp-includes/js/media-audiovideo.min.js?ver=7.0.2 HTTP/1.1" 200 12043 "https://tradedealings.shop/wp-admin/options-general.php" "Mozilla/5.0 (Windows NT 10.0; Win64; x64) AppleWebKit/537.36 (KHTML, like Gecko) Chrome/150.0.0.0 Safari/537.36"
105.113.65.234 - - [21/Jul/2026:09:56:08 +0000] "GET /wp-includes/js/mce-view.min.js?ver=7.0.2 HTTP/1.1" 200 9770 "https://tradedealings.shop/wp-admin/options-general.php" "Mozilla/5.0 (Windows NT 10.0; Win64; x64) AppleWebKit/537.36 (KHTML, like Gecko) Chrome/150.0.0.0 Safari/537.36"
105.113.65.234 - - [21/Jul/2026:09:56:08 +0000] "GET /wp-includes/js/mediaelement/mediaelement-and-player.min.js?ver=4.2.17 HTTP/1.1" 200 158005 "https://tradedealings.shop/wp-admin/options-general.php" "Mozilla/5.0 (Windows NT 10.0; Win64; x64) AppleWebKit/537.36 (KHTML, like Gecko) Chrome/150.0.0.0 Safari/537.36"
105.113.65.234 - - [21/Jul/2026:09:56:08 +0000] "GET /wp-includes/js/imgareaselect/jquery.imgareaselect.min.js?ver=7.0.2 HTTP/1.1" 200 9770 "https://tradedealings.shop/wp-admin/options-general.php" "Mozilla/5.0 (Windows NT 10.0; Win64; x64) AppleWebKit/537.36 (KHTML, like Gecko) Chrome/150.0.0.0 Safari/537.36"
105.113.65.234 - - [21/Jul/2026:09:56:08 +0000] "GET /wp-admin/js/image-edit.min.js?ver=7.0.2 HTTP/1.1" 200 15515 "https://tradedealings.shop/wp-admin/options-general.php" "Mozilla/5.0 (Windows NT 10.0; Win64; x64) AppleWebKit/537.36 (KHTML, like Gecko) Chrome/150.0.0.0 Safari/537.36"
105.113.65.234 - - [21/Jul/2026:09:56:09 +0000] "GET /wp-includes/js/media-grid.min.js?ver=7.0.2 HTTP/1.1" 200 13300 "https://tradedealings.shop/wp-admin/options-general.php" "Mozilla/5.0 (Windows NT 10.0; Win64; x64) AppleWebKit/537.36 (KHTML, like Gecko) Chrome/150.0.0.0 Safari/537.36"
105.113.65.234 - - [21/Jul/2026:09:56:09 +0000] "GET /wp-admin/js/site-icon.js?ver=7.0.2 HTTP/1.1" 200 6243 "https://tradedealings.shop/wp-admin/options-general.php" "Mozilla/5.0 (Windows NT 10.0; Win64; x64) AppleWebKit/537.36 (KHTML, like Gecko) Chrome/150.0.0.0 Safari/537.36"
105.113.65.234 - - [21/Jul/2026:09:56:09 +0000] "GET /wp-content/plugins/elementor/assets/js/ai-media-library.min.js?ver=4.2.0 HTTP/1.1" 200 498460 "https://tradedealings.shop/wp-admin/options-general.php" "Mozilla/5.0 (Windows NT 10.0; Win64; x64) AppleWebKit/537.36 (KHTML, like Gecko) Chrome/150.0.0.0 Safari/537.36"
105.113.65.234 - - [21/Jul/2026:09:56:09 +0000] "GET /wp-content/plugins/elementor/assets/js/packages/ui/ui.min.js?ver=4.2.0 HTTP/1.1" 200 1016616 "https://tradedealings.shop/wp-admin/options-general.php" "Mozilla/5.0 (Windows NT 10.0; Win64; x64) AppleWebKit/537.36 (KHTML, like Gecko) Chrome/150.0.0.0 Safari/537.36"
105.113.65.234 - - [21/Jul/2026:09:56:09 +0000] "GET /wp-content/plugins/elementor/assets/js/packages/icons/icons.min.js?ver=4.2.0 HTTP/1.1" 200 604414 "https://tradedealings.shop/wp-admin/options-general.php" "Mozilla/5.0 (Windows NT 10.0; Win64; x64) AppleWebKit/537.36 (KHTML, like Gecko) Chrome/150.0.0.0 Safari/537.36"
105.113.65.234 - - [21/Jul/2026:09:56:11 +0000] "GET /wp-content/plugins/wp-mail-smtp/assets/css/admin-bar.min.css?ver=4.9.0 HTTP/1.1" 304 - "https://tradedealings.shop/wp-admin/options-general.php" "Mozilla/5.0 (Windows NT 10.0; Win64; x64) AppleWebKit/537.36 (KHTML, like Gecko) Chrome/150.0.0.0 Safari/537.36"
105.113.65.234 - - [21/Jul/2026:09:56:09 +0000] "GET /wp-admin/options-general.php HTTP/1.1" 200 290961 "https://tradedealings.shop/wp-admin/options-general.php" "Mozilla/5.0 (Windows NT 10.0; Win64; x64) AppleWebKit/537.36 (KHTML, like Gecko) Chrome/150.0.0.0 Safari/537.36"
105.113.65.234 - - [21/Jul/2026:09:56:13 +0000] "GET /wp-includes/js/plupload/moxie.min.js?ver=1.3.5.1 HTTP/1.1" 206 1 "https://tradedealings.shop/wp-admin/options-general.php" "Mozilla/5.0 (Windows NT 10.0; Win64; x64) AppleWebKit/537.36 (KHTML, like Gecko) Chrome/150.0.0.0 Safari/537.36"
105.113.65.234 - - [21/Jul/2026:09:56:13 +0000] "GET /wp-content/plugins/elementor/assets/js/packages/icons/icons.min.js?ver=4.2.0 HTTP/1.1" 206 1 "https://tradedealings.shop/wp-admin/options-general.php" "Mozilla/5.0 (Windows NT 10.0; Win64; x64) AppleWebKit/537.36 (KHTML, like Gecko) Chrome/150.0.0.0 Safari/537.36"
105.113.65.234 - - [21/Jul/2026:09:56:13 +0000] "GET /wp-includes/js/plupload/moxie.min.js?ver=1.3.5.1 HTTP/1.1" 206 15451 "https://tradedealings.shop/wp-admin/options-general.php" "Mozilla/5.0 (Windows NT 10.0; Win64; x64) AppleWebKit/537.36 (KHTML, like Gecko) Chrome/150.0.0.0 Safari/537.36"
105.113.65.234 - - [21/Jul/2026:09:56:13 +0000] "GET /wp-content/plugins/elementor/assets/js/packages/icons/icons.min.js?ver=4.2.0 HTTP/1.1" 206 52472 "https://tradedealings.shop/wp-admin/options-general.php" "Mozilla/5.0 (Windows NT 10.0; Win64; x64) AppleWebKit/537.36 (KHTML, like Gecko) Chrome/150.0.0.0 Safari/537.36"
198.177.124.148 - - [21/Jul/2026:09:56:14 +0000] "POST /wp-cron.php?doing_wp_cron=1784627774.4668359756469726562500 HTTP/1.1" 200 - "-" "WordPress/7.0.2; https://tradedealings.shop"
105.113.65.234 - - [21/Jul/2026:09:56:12 +0000] "GET /wp-json/wp/v2/users/me?context=edit&_locale=user HTTP/1.1" 200 2701 "https://tradedealings.shop/wp-admin/options-general.php" "Mozilla/5.0 (Windows NT 10.0; Win64; x64) AppleWebKit/537.36 (KHTML, like Gecko) Chrome/150.0.0.0 Safari/537.36"
105.113.65.234 - - [21/Jul/2026:09:56:14 +0000] "GET /favicon.ico HTTP/1.1" 302 - "https://tradedealings.shop/wp-admin/options-general.php" "Mozilla/5.0 (Windows NT 10.0; Win64; x64) AppleWebKit/537.36 (KHTML, like Gecko) Chrome/150.0.0.0 Safari/537.36"
102.89.23.62 - - [21/Jul/2026:09:51:27 +0000] "GET /wp-admin/plugin-install.php HTTP/1.1" 200 213976 "https://tradedealings.shop/wp-admin/plugins.php?plugin_status=all&paged=1&s" "Mozilla/5.0 (Windows NT 10.0; Win64; x64) AppleWebKit/537.36 (KHTML, like Gecko) Chrome/150.0.0.0 Safari/537.36"
198.177.124.148 - - [21/Jul/2026:09:57:17 +0000] "POST /wp-cron.php?doing_wp_cron=1784627837.6397380828857421875000 HTTP/1.1" 200 - "-" "WordPress/7.0.2; https://tradedealings.shop"
105.113.65.234 - - [21/Jul/2026:09:57:15 +0000] "POST /wp-admin/admin-ajax.php HTTP/1.1" 200 47 "https://tradedealings.shop/wp-admin/options-general.php" "Mozilla/5.0 (Windows NT 10.0; Win64; x64) AppleWebKit/537.36 (KHTML, like Gecko) Chrome/150.0.0.0 Safari/537.36"
198.177.124.148 - - [21/Jul/2026:09:57:16 +0000] "POST /wp-admin/admin-ajax.php?action=as_async_request_queue_runner&nonce=b90d1caf99 HTTP/1.1" 200 - "-" "WordPress/7.0.2; https://tradedealings.shop"
198.177.124.148 - - [21/Jul/2026:09:58:16 +0000] "POST /wp-cron.php?doing_wp_cron=1784627896.1165139675140380859375 HTTP/1.1" 200 - "-" "WordPress/7.0.2; https://tradedealings.shop"
105.113.65.234 - - [21/Jul/2026:09:58:14 +0000] "POST /wp-admin/admin-ajax.php HTTP/1.1" 200 47 "https://tradedealings.shop/wp-admin/options-general.php" "Mozilla/5.0 (Windows NT 10.0; Win64; x64) AppleWebKit/537.36 (KHTML, like Gecko) Chrome/150.0.0.0 Safari/537.36"
198.177.124.148 - - [21/Jul/2026:09:59:16 +0000] "POST /wp-cron.php?doing_wp_cron=1784627956.7970631122589111328125 HTTP/1.1" 200 - "-" "WordPress/7.0.2; https://tradedealings.shop"
105.113.65.234 - - [21/Jul/2026:09:59:15 +0000] "POST /wp-admin/admin-ajax.php HTTP/1.1" 200 47 "https://tradedealings.shop/wp-admin/options-general.php" "Mozilla/5.0 (Windows NT 10.0; Win64; x64) AppleWebKit/537.36 (KHTML, like Gecko) Chrome/150.0.0.0 Safari/537.36"
198.177.124.148 - - [21/Jul/2026:10:01:18 +0000] "POST /wp-cron.php?doing_wp_cron=1784628078.0032320022583007812500 HTTP/1.1" 200 - "-" "WordPress/7.0.2; https://tradedealings.shop"
105.113.65.234 - - [21/Jul/2026:10:01:16 +0000] "POST /wp-admin/admin-ajax.php HTTP/1.1" 200 47 "https://tradedealings.shop/wp-admin/options-general.php" "Mozilla/5.0 (Windows NT 10.0; Win64; x64) AppleWebKit/537.36 (KHTML, like Gecko) Chrome/150.0.0.0 Safari/537.36"
43.130.74.193 - - [21/Jul/2026:10:01:48 +0000] "GET /wp-json/wp/v2/posts/1 HTTP/1.1" 200 1943 "-" "Mozilla/5.0 (iPhone; CPU iPhone OS 13_2_3 like Mac OS X) AppleWebKit/605.1.15 (KHTML, like Gecko) Version/13.0.3 Mobile/15E148 Safari/604.1"
216.73.216.68 - - [21/Jul/2026:10:02:09 +0000] "GET /wp-includes/js/dist/script-modules/block-library/navigation/view.min.js HTTP/1.1" 200 3053 "-" "Mozilla/5.0 AppleWebKit/537.36 (KHTML, like Gecko; compatible; ClaudeBot/1.0; +claudebot@anthropic.com)"
198.177.124.148 - - [21/Jul/2026:10:03:20 +0000] "POST /wp-cron.php?doing_wp_cron=1784628200.5708611011505126953125 HTTP/1.1" 200 - "-" "WordPress/7.0.2; https://tradedealings.shop"
105.113.65.234 - - [21/Jul/2026:10:03:18 +0000] "POST /wp-admin/admin-ajax.php HTTP/1.1" 200 47 "https://tradedealings.shop/wp-admin/options-general.php" "Mozilla/5.0 (Windows NT 10.0; Win64; x64) AppleWebKit/537.36 (KHTML, like Gecko) Chrome/150.0.0.0 Safari/537.36"
216.73.216.68 - - [21/Jul/2026:10:03:23 +0000] "GET /xmlrpc.php HTTP/1.1" 404 63536 "-" "Mozilla/5.0 AppleWebKit/537.36 (KHTML, like Gecko; compatible; ClaudeBot/1.0; +claudebot@anthropic.com)"
216.73.216.68 - - [21/Jul/2026:10:03:52 +0000] "GET /comments/feed/ HTTP/1.1" 200 1656 "-" "Mozilla/5.0 AppleWebKit/537.36 (KHTML, like Gecko; compatible; ClaudeBot/1.0; +claudebot@anthropic.com)"
198.177.124.148 - - [21/Jul/2026:10:05:18 +0000] "POST /wp-cron.php?doing_wp_cron=1784628318.9287400245666503906250 HTTP/1.1" 200 - "-" "WordPress/7.0.2; https://tradedealings.shop"
105.113.65.234 - - [21/Jul/2026:10:05:17 +0000] "POST /wp-admin/admin-ajax.php HTTP/1.1" 200 47 "https://tradedealings.shop/wp-admin/options-general.php" "Mozilla/5.0 (Windows NT 10.0; Win64; x64) AppleWebKit/537.36 (KHTML, like Gecko) Chrome/150.0.0.0 Safari/537.36"
216.73.216.68 - - [21/Jul/2026:10:05:44 +0000] "GET /2026/07/20/hello-world/ HTTP/1.1" 200 76966 "-" "Mozilla/5.0 AppleWebKit/537.36 (KHTML, like Gecko; compatible; ClaudeBot/1.0; +claudebot@anthropic.com)"
216.73.216.68 - - [21/Jul/2026:10:05:44 +0000] "GET /sample-page/ HTTP/1.1" 200 74508 "-" "Mozilla/5.0 AppleWebKit/537.36 (KHTML, like Gecko; compatible; ClaudeBot/1.0; +claudebot@anthropic.com)"
216.73.216.68 - - [21/Jul/2026:10:06:22 +0000] "GET /wp-includes/js/dist/script-modules/interactivity/index.min.js HTTP/1.1" 200 40106 "-" "Mozilla/5.0 AppleWebKit/537.36 (KHTML, like Gecko; compatible; ClaudeBot/1.0; +claudebot@anthropic.com)"
