129.227.238.163 - - [22/Jul/2026:17:43:48 +0000] "GET /?author=2 HTTP/1.1" 404 60473 "-" "Mozilla/5.0"
129.227.238.163 - - [22/Jul/2026:17:43:50 +0000] "GET /?rest_route=/wp/v2/users HTTP/1.1" 200 776 "-" "Mozilla/5.0"
198.177.124.148 - - [22/Jul/2026:17:44:54 +0000] "POST /wp-cron.php?doing_wp_cron=1784742293.9393439292907714843750 HTTP/1.1" 200 - "-" "WordPress/7.0.2; https://tradedealings.shop"
104.28.157.139 - - [22/Jul/2026:17:44:51 +0000] "POST /wp-login.php HTTP/1.1" 200 5142 "-" "Mozilla/5.0 (Windows NT 10.0; Win64; x64) AppleWebKit/537.36 Chrome/129.0.0.0 Safari/537.36"
104.28.157.139 - - [22/Jul/2026:17:44:51 +0000] "POST /wp-login.php HTTP/1.1" 200 5142 "-" "Mozilla/5.0 (Windows NT 10.0; Win64; rv:143.0) Gecko/20100101 Firefox/143.0"
198.177.124.148 - - [22/Jul/2026:17:45:26 +0000] "POST /wp-cron.php?doing_wp_cron=1784742326.4019579887390136718750 HTTP/1.1" 200 - "-" "WordPress/7.0.2; https://tradedealings.shop"
172.233.66.81 - - [22/Jul/2026:17:45:24 +0000] "GET /wp-login.php HTTP/1.1" 200 4729 "-" "Mozilla/5.0 (Macintosh; Intel Mac OS X 10_15_7) AppleWebKit/605.1.15 Version/17.0 Safari/605.1.15"
172.233.66.81 - - [22/Jul/2026:17:45:27 +0000] "GET /?author=1 HTTP/1.1" 301 - "-" "Mozilla/5.0 (Windows NT 10.0; Win64; rv:143.0) Gecko/20100101 Firefox/143.0"
172.233.66.81 - - [22/Jul/2026:17:45:29 +0000] "GET /?rest_route=/wp/v2/users HTTP/1.1" 200 776 "-" "Mozilla/5.0 (Macintosh; Intel Mac OS X 10_15_7) AppleWebKit/605.1.15 Version/17.0 Safari/605.1.15"
105.113.68.127 - - [22/Jul/2026:17:45:31 +0000] "POST /wp-admin/admin-ajax.php HTTP/1.1" 200 77 "https://tradedealings.shop/wp-admin/post.php?post=23&action=elementor" "Mozilla/5.0 (Windows NT 10.0; Win64; x64) AppleWebKit/537.36 (KHTML, like Gecko) Chrome/150.0.0.0 Safari/537.36"
172.233.66.81 - - [22/Jul/2026:17:45:32 +0000] "GET /?author=2 HTTP/1.1" 404 60473 "-" "Mozilla/5.0 (Macintosh; Intel Mac OS X 10_15_7) AppleWebKit/605.1.15 Version/17.0 Safari/605.1.15"
172.233.66.81 - - [22/Jul/2026:17:45:35 +0000] "GET /?rest_route=/wp/v2/users HTTP/1.1" 200 776 "-" "Mozilla/5.0 (Windows NT 10.0; Win64; rv:143.0) Gecko/20100101 Firefox/143.0"
198.177.124.148 - - [22/Jul/2026:17:47:34 +0000] "POST /wp-cron.php?doing_wp_cron=1784742454.1530721187591552734375 HTTP/1.1" 200 - "-" "WordPress/7.0.2; https://tradedealings.shop"
105.113.68.127 - - [22/Jul/2026:17:47:32 +0000] "POST /wp-admin/admin-ajax.php HTTP/1.1" 200 77 "https://tradedealings.shop/wp-admin/post.php?post=23&action=elementor" "Mozilla/5.0 (Windows NT 10.0; Win64; x64) AppleWebKit/537.36 (KHTML, like Gecko) Chrome/150.0.0.0 Safari/537.36"
198.177.124.148 - - [22/Jul/2026:17:50:52 +0000] "POST /wp-cron.php?doing_wp_cron=1784742652.7408370971679687500000 HTTP/1.1" 200 - "-" "WordPress/7.0.2; https://tradedealings.shop"
104.28.157.145 - - [22/Jul/2026:17:50:51 +0000] "POST /wp-login.php HTTP/1.1" 200 5142 "-" "Mozilla/5.0 (Windows NT 10.0; Win64; x64) AppleWebKit/537.36 Chrome/129.0.0.0 Safari/537.36"
104.28.157.145 - - [22/Jul/2026:17:50:51 +0000] "POST /wp-login.php HTTP/1.1" 200 5142 "-" "Mozilla/5.0 (Windows NT 10.0; Win64; x64) AppleWebKit/537.36 Chrome/129.0.0.0 Safari/537.36"
198.177.124.148 - - [22/Jul/2026:17:52:34 +0000] "POST /wp-cron.php?doing_wp_cron=1784742754.2882978916168212890625 HTTP/1.1" 200 - "-" "WordPress/7.0.2; https://tradedealings.shop"
104.28.163.98 - - [22/Jul/2026:17:52:33 +0000] "POST /wp-login.php HTTP/1.1" 200 5142 "-" "Mozilla/5.0 (Windows NT 10.0; Win64; rv:143.0) Gecko/20100101 Firefox/143.0"
104.28.163.98 - - [22/Jul/2026:17:52:35 +0000] "POST /wp-login.php HTTP/1.1" 200 5142 "-" "Mozilla/5.0 (Macintosh; Intel Mac OS X 10_15_7) AppleWebKit/605.1.15 Version/17.0 Safari/605.1.15"
198.177.124.148 - - [22/Jul/2026:17:53:15 +0000] "POST /wp-cron.php?doing_wp_cron=1784742795.4378619194030761718750 HTTP/1.1" 200 - "-" "WordPress/7.0.2; https://tradedealings.shop"
104.28.157.139 - - [22/Jul/2026:17:53:13 +0000] "POST /wp-login.php HTTP/1.1" 200 5142 "-" "Mozilla/5.0 (Macintosh; Intel Mac OS X 10_15_7) AppleWebKit/605.1.15 Version/17.0 Safari/605.1.15"
104.28.157.139 - - [22/Jul/2026:17:53:13 +0000] "POST /wp-login.php HTTP/1.1" 200 5142 "-" "Mozilla/5.0 (Windows NT 10.0; Win64; rv:143.0) Gecko/20100101 Firefox/143.0"
198.177.124.148 - - [22/Jul/2026:17:54:22 +0000] "POST /wp-cron.php?doing_wp_cron=1784742862.0200860500335693359375 HTTP/1.1" 200 - "-" "WordPress/7.0.2; https://tradedealings.shop"
172.233.66.81 - - [22/Jul/2026:17:54:20 +0000] "POST /wp-login.php HTTP/1.1" 200 5142 "-" "Mozilla/5.0 (Windows NT 10.0; Win64; rv:143.0) Gecko/20100101 Firefox/143.0"
172.233.66.81 - - [22/Jul/2026:17:54:20 +0000] "POST /wp-login.php HTTP/1.1" 200 5142 "-" "Mozilla/5.0 (Macintosh; Intel Mac OS X 10_15_7) AppleWebKit/605.1.15 Version/17.0 Safari/605.1.15"
198.177.124.148 - - [22/Jul/2026:17:55:41 +0000] "POST /wp-cron.php?doing_wp_cron=1784742941.3841009140014648437500 HTTP/1.1" 200 - "-" "WordPress/7.0.2; https://tradedealings.shop"
104.28.163.98 - - [22/Jul/2026:17:55:39 +0000] "POST /wp-login.php HTTP/1.1" 200 5142 "-" "Mozilla/5.0 (Windows NT 10.0; Win64; rv:143.0) Gecko/20100101 Firefox/143.0"
104.28.163.98 - - [22/Jul/2026:17:55:39 +0000] "POST /wp-login.php HTTP/1.1" 200 5142 "-" "Mozilla/5.0 (Windows NT 10.0; Win64; x64) AppleWebKit/537.36 Chrome/129.0.0.0 Safari/537.36"
198.177.124.148 - - [22/Jul/2026:17:58:13 +0000] "POST /wp-cron.php?doing_wp_cron=1784743093.2627069950103759765625 HTTP/1.1" 200 - "-" "WordPress/7.0.2; https://tradedealings.shop"
172.233.66.81 - - [22/Jul/2026:17:58:11 +0000] "POST /wp-login.php HTTP/1.1" 200 5142 "-" "Mozilla/5.0 (Windows NT 10.0; Win64; rv:143.0) Gecko/20100101 Firefox/143.0"
172.233.66.81 - - [22/Jul/2026:17:58:11 +0000] "POST /wp-login.php HTTP/1.1" 200 5142 "-" "Mozilla/5.0 (Windows NT 10.0; Win64; rv:143.0) Gecko/20100101 Firefox/143.0"
104.28.163.98 - - [22/Jul/2026:17:58:46 +0000] "POST /wp-login.php HTTP/1.1" 200 5142 "-" "Mozilla/5.0 (Windows NT 10.0; Win64; x64) AppleWebKit/537.36 Chrome/129.0.0.0 Safari/537.36"
104.28.163.98 - - [22/Jul/2026:17:58:46 +0000] "POST /wp-login.php HTTP/1.1" 200 5142 "-" "Mozilla/5.0 (Macintosh; Intel Mac OS X 10_15_7) AppleWebKit/605.1.15 Version/17.0 Safari/605.1.15"
104.28.157.145 - - [22/Jul/2026:18:01:32 +0000] "POST /wp-login.php HTTP/1.1" 200 5142 "-" "Mozilla/5.0 (Windows NT 10.0; Win64; x64) AppleWebKit/537.36 Chrome/129.0.0.0 Safari/537.36"
104.28.157.145 - - [22/Jul/2026:18:01:32 +0000] "POST /wp-login.php HTTP/1.1" 200 5142 "-" "Mozilla/5.0 (Macintosh; Intel Mac OS X 10_15_7) AppleWebKit/605.1.15 Version/17.0 Safari/605.1.15"
104.28.157.139 - - [22/Jul/2026:18:01:36 +0000] "POST /wp-login.php HTTP/1.1" 200 5142 "-" "Mozilla/5.0 (Windows NT 10.0; Win64; x64) AppleWebKit/537.36 Chrome/129.0.0.0 Safari/537.36"
104.28.157.139 - - [22/Jul/2026:18:01:36 +0000] "POST /wp-login.php HTTP/1.1" 200 5142 "-" "Mozilla/5.0 (Windows NT 10.0; Win64; rv:143.0) Gecko/20100101 Firefox/143.0"
172.233.66.81 - - [22/Jul/2026:18:02:01 +0000] "POST /wp-login.php HTTP/1.1" 200 5142 "-" "Mozilla/5.0 (Macintosh; Intel Mac OS X 10_15_7) AppleWebKit/605.1.15 Version/17.0 Safari/605.1.15"
172.233.66.81 - - [22/Jul/2026:18:02:02 +0000] "POST /wp-login.php HTTP/1.1" 200 5142 "-" "Mozilla/5.0 (Windows NT 10.0; Win64; x64) AppleWebKit/537.36 Chrome/129.0.0.0 Safari/537.36"
198.177.124.148 - - [22/Jul/2026:18:02:13 +0000] "POST /wp-cron.php?doing_wp_cron=1784743333.2200520038604736328125 HTTP/1.1" 200 - "-" "WordPress/7.0.2; https://tradedealings.shop"
104.28.163.98 - - [22/Jul/2026:18:02:11 +0000] "POST /wp-login.php HTTP/1.1" 200 5142 "-" "Mozilla/5.0 (Windows NT 10.0; Win64; x64) AppleWebKit/537.36 Chrome/129.0.0.0 Safari/537.36"
104.28.163.98 - - [22/Jul/2026:18:04:49 +0000] "POST /wp-login.php HTTP/1.1" 200 5142 "-" "Mozilla/5.0 (Windows NT 10.0; Win64; x64) AppleWebKit/537.36 Chrome/129.0.0.0 Safari/537.36"
104.28.163.98 - - [22/Jul/2026:18:04:51 +0000] "POST /wp-login.php HTTP/1.1" 200 5142 "-" "Mozilla/5.0 (Macintosh; Intel Mac OS X 10_15_7) AppleWebKit/605.1.15 Version/17.0 Safari/605.1.15"
198.177.124.148 - - [22/Jul/2026:18:05:52 +0000] "POST /wp-cron.php?doing_wp_cron=1784743552.5490479469299316406250 HTTP/1.1" 200 - "-" "WordPress/7.0.2; https://tradedealings.shop"
172.233.66.81 - - [22/Jul/2026:18:05:50 +0000] "POST /wp-login.php HTTP/1.1" 200 5142 "-" "Mozilla/5.0 (Windows NT 10.0; Win64; x64) AppleWebKit/537.36 Chrome/129.0.0.0 Safari/537.36"
172.233.66.81 - - [22/Jul/2026:18:05:50 +0000] "POST /wp-login.php HTTP/1.1" 200 5142 "-" "Mozilla/5.0 (Macintosh; Intel Mac OS X 10_15_7) AppleWebKit/605.1.15 Version/17.0 Safari/605.1.15"
198.177.124.148 - - [22/Jul/2026:18:07:27 +0000] "POST /wp-cron.php?doing_wp_cron=1784743647.7641808986663818359375 HTTP/1.1" 200 - "-" "WordPress/7.0.2; https://tradedealings.shop"
49.51.141.76 - - [22/Jul/2026:18:07:25 +0000] "GET /trade-dealings-2/ HTTP/1.1" 200 68954 "-" "Mozilla/5.0 (iPhone; CPU iPhone OS 13_2_3 like Mac OS X) AppleWebKit/605.1.15 (KHTML, like Gecko) Version/13.0.3 Mobile/15E148 Safari/604.1"
172.233.66.81 - - [22/Jul/2026:18:10:02 +0000] "POST /wp-login.php HTTP/1.1" 200 5142 "-" "Mozilla/5.0 (Windows NT 10.0; Win64; rv:143.0) Gecko/20100101 Firefox/143.0"
198.177.124.148 - - [22/Jul/2026:18:10:06 +0000] "POST /wp-cron.php?doing_wp_cron=1784743806.3022110462188720703125 HTTP/1.1" 200 - "-" "WordPress/7.0.2; https://tradedealings.shop"
172.233.66.81 - - [22/Jul/2026:18:10:02 +0000] "POST /wp-login.php HTTP/1.1" 200 5142 "-" "Mozilla/5.0 (Macintosh; Intel Mac OS X 10_15_7) AppleWebKit/605.1.15 Version/17.0 Safari/605.1.15"
104.28.157.139 - - [22/Jul/2026:18:10:04 +0000] "POST /wp-login.php HTTP/1.1" 200 5142 "-" "Mozilla/5.0 (Windows NT 10.0; Win64; rv:143.0) Gecko/20100101 Firefox/143.0"
104.28.157.139 - - [22/Jul/2026:18:10:04 +0000] "POST /wp-login.php HTTP/1.1" 200 5142 "-" "Mozilla/5.0 (Macintosh; Intel Mac OS X 10_15_7) AppleWebKit/605.1.15 Version/17.0 Safari/605.1.15"
198.177.124.148 - - [22/Jul/2026:18:12:18 +0000] "POST /wp-cron.php?doing_wp_cron=1784743938.2934939861297607421875 HTTP/1.1" 200 - "-" "WordPress/7.0.2; https://tradedealings.shop"
104.28.157.145 - - [22/Jul/2026:18:12:14 +0000] "POST /wp-login.php HTTP/1.1" 200 5142 "-" "Mozilla/5.0 (Windows NT 10.0; Win64; rv:143.0) Gecko/20100101 Firefox/143.0"
198.177.124.148 - - [22/Jul/2026:18:12:18 +0000] "POST /wp-cron.php?doing_wp_cron=1784743938.2914159297943115234375 HTTP/1.1" 200 - "-" "WordPress/7.0.2; https://tradedealings.shop"
104.28.157.145 - - [22/Jul/2026:18:12:14 +0000] "POST /wp-login.php HTTP/1.1" 200 5142 "-" "Mozilla/5.0 (Windows NT 10.0; Win64; rv:143.0) Gecko/20100101 Firefox/143.0"
172.235.211.122 - - [22/Jul/2026:18:12:54 +0000] "POST /wp-login.php HTTP/1.1" 200 5142 "-" "Mozilla/5.0 (Windows NT 10.0; Win64; rv:143.0) Gecko/20100101 Firefox/143.0"
172.235.211.122 - - [22/Jul/2026:18:12:54 +0000] "POST /wp-login.php HTTP/1.1" 200 5142 "-" "Mozilla/5.0 (Windows NT 10.0; Win64; x64) AppleWebKit/537.36 Chrome/129.0.0.0 Safari/537.36"
198.177.124.148 - - [22/Jul/2026:18:16:48 +0000] "POST /wp-cron.php?doing_wp_cron=1784744208.5653190612792968750000 HTTP/1.1" 200 - "-" "WordPress/7.0.2; https://tradedealings.shop"
172.235.211.122 - - [22/Jul/2026:18:16:46 +0000] "POST /wp-login.php HTTP/1.1" 200 5142 "-" "Mozilla/5.0 (Macintosh; Intel Mac OS X 10_15_7) AppleWebKit/605.1.15 Version/17.0 Safari/605.1.15"
172.235.211.122 - - [22/Jul/2026:18:16:46 +0000] "POST /wp-login.php HTTP/1.1" 200 5142 "-" "Mozilla/5.0 (Windows NT 10.0; Win64; rv:143.0) Gecko/20100101 Firefox/143.0"
198.177.124.148 - - [22/Jul/2026:18:17:16 +0000] "POST /wp-cron.php?doing_wp_cron=1784744236.3802459239959716796875 HTTP/1.1" 200 - "-" "WordPress/7.0.2; https://tradedealings.shop"
43.131.32.36 - - [22/Jul/2026:18:17:14 +0000] "GET /wp-json/wp/v2/pages/23 HTTP/1.1" 200 1535 "-" "Mozilla/5.0 (iPhone; CPU iPhone OS 13_2_3 like Mac OS X) AppleWebKit/605.1.15 (KHTML, like Gecko) Version/13.0.3 Mobile/15E148 Safari/604.1"
198.177.124.148 - - [22/Jul/2026:18:18:31 +0000] "POST /wp-cron.php?doing_wp_cron=1784744311.7456610202789306640625 HTTP/1.1" 200 - "-" "WordPress/7.0.2; https://tradedealings.shop"
104.28.157.139 - - [22/Jul/2026:18:18:29 +0000] "POST /wp-login.php HTTP/1.1" 200 5142 "-" "Mozilla/5.0 (Windows NT 10.0; Win64; x64) AppleWebKit/537.36 Chrome/129.0.0.0 Safari/537.36"
104.28.157.139 - - [22/Jul/2026:18:18:29 +0000] "POST /wp-login.php HTTP/1.1" 200 5142 "-" "Mozilla/5.0 (Macintosh; Intel Mac OS X 10_15_7) AppleWebKit/605.1.15 Version/17.0 Safari/605.1.15"
104.28.163.98 - - [22/Jul/2026:18:18:32 +0000] "POST /wp-login.php HTTP/1.1" 200 5142 "-" "Mozilla/5.0 (Windows NT 10.0; Win64; x64) AppleWebKit/537.36 Chrome/129.0.0.0 Safari/537.36"
104.28.163.98 - - [22/Jul/2026:18:18:32 +0000] "POST /wp-login.php HTTP/1.1" 200 5142 "-" "Mozilla/5.0 (Macintosh; Intel Mac OS X 10_15_7) AppleWebKit/605.1.15 Version/17.0 Safari/605.1.15"
198.177.124.148 - - [22/Jul/2026:18:20:28 +0000] "POST /wp-cron.php?doing_wp_cron=1784744428.0977900028228759765625 HTTP/1.1" 200 - "-" "WordPress/7.0.2; https://tradedealings.shop"
172.235.211.122 - - [22/Jul/2026:18:20:23 +0000] "POST /wp-login.php HTTP/1.1" 200 5142 "-" "Mozilla/5.0 (Windows NT 10.0; Win64; x64) AppleWebKit/537.36 Chrome/129.0.0.0 Safari/537.36"
172.235.211.122 - - [22/Jul/2026:18:20:23 +0000] "POST /wp-login.php HTTP/1.1" 200 5142 "-" "Mozilla/5.0 (Macintosh; Intel Mac OS X 10_15_7) AppleWebKit/605.1.15 Version/17.0 Safari/605.1.15"
198.177.124.148 - - [22/Jul/2026:18:23:01 +0000] "POST /wp-cron.php?doing_wp_cron=1784744581.8494830131530761718750 HTTP/1.1" 200 - "-" "WordPress/7.0.2; https://tradedealings.shop"
198.177.124.148 - - [22/Jul/2026:18:23:02 +0000] "POST /wp-cron.php?doing_wp_cron=1784744581.8586769104003906250000 HTTP/1.1" 200 - "-" "WordPress/7.0.2; https://tradedealings.shop"
104.28.157.145 - - [22/Jul/2026:18:22:56 +0000] "POST /wp-login.php HTTP/1.1" 200 5142 "-" "Mozilla/5.0 (Windows NT 10.0; Win64; x64) AppleWebKit/537.36 Chrome/129.0.0.0 Safari/537.36"
104.28.157.145 - - [22/Jul/2026:18:22:56 +0000] "POST /wp-login.php HTTP/1.1" 200 5142 "-" "Mozilla/5.0 (Windows NT 10.0; Win64; rv:143.0) Gecko/20100101 Firefox/143.0"
198.177.124.148 - - [22/Jul/2026:18:24:17 +0000] "POST /wp-cron.php?doing_wp_cron=1784744657.4504990577697753906250 HTTP/1.1" 200 - "-" "WordPress/7.0.2; https://tradedealings.shop"
172.235.211.122 - - [22/Jul/2026:18:24:10 +0000] "POST /wp-login.php HTTP/1.1" 200 5142 "-" "Mozilla/5.0 (Macintosh; Intel Mac OS X 10_15_7) AppleWebKit/605.1.15 Version/17.0 Safari/605.1.15"
172.235.211.122 - - [22/Jul/2026:18:24:10 +0000] "POST /wp-login.php HTTP/1.1" 200 5142 "-" "Mozilla/5.0 (Windows NT 10.0; Win64; x64) AppleWebKit/537.36 Chrome/129.0.0.0 Safari/537.36"
198.177.124.148 - - [22/Jul/2026:18:26:31 +0000] "POST /wp-cron.php?doing_wp_cron=1784744791.0220329761505126953125 HTTP/1.1" 200 - "-" "WordPress/7.0.2; https://tradedealings.shop"
43.158.91.71 - - [22/Jul/2026:18:26:28 +0000] "GET /trade-dealings-2/ HTTP/1.1" 200 68954 "-" "Mozilla/5.0 (iPhone; CPU iPhone OS 13_2_3 like Mac OS X) AppleWebKit/605.1.15 (KHTML, like Gecko) Version/13.0.3 Mobile/15E148 Safari/604.1"
104.28.157.139 - - [22/Jul/2026:18:26:52 +0000] "POST /wp-login.php HTTP/1.1" 200 5142 "-" "Mozilla/5.0 (Macintosh; Intel Mac OS X 10_15_7) AppleWebKit/605.1.15 Version/17.0 Safari/605.1.15"
104.28.157.139 - - [22/Jul/2026:18:26:52 +0000] "POST /wp-login.php HTTP/1.1" 200 5142 "-" "Mozilla/5.0 (Windows NT 10.0; Win64; rv:143.0) Gecko/20100101 Firefox/143.0"
198.177.124.148 - - [22/Jul/2026:18:28:05 +0000] "POST /wp-cron.php?doing_wp_cron=1784744885.0017080307006835937500 HTTP/1.1" 200 - "-" "WordPress/7.0.2; https://tradedealings.shop"
172.235.211.122 - - [22/Jul/2026:18:28:02 +0000] "POST /wp-login.php HTTP/1.1" 200 5142 "-" "Mozilla/5.0 (Windows NT 10.0; Win64; rv:143.0) Gecko/20100101 Firefox/143.0"
172.235.211.122 - - [22/Jul/2026:18:28:02 +0000] "POST /wp-login.php HTTP/1.1" 200 5142 "-" "Mozilla/5.0 (Windows NT 10.0; Win64; x64) AppleWebKit/537.36 Chrome/129.0.0.0 Safari/537.36"
198.177.124.148 - - [22/Jul/2026:18:29:20 +0000] "POST /wp-cron.php?doing_wp_cron=1784744960.8762910366058349609375 HTTP/1.1" 200 - "-" "WordPress/7.0.2; https://tradedealings.shop"
74.7.230.62 - - [22/Jul/2026:18:29:19 +0000] "GET /robots.txt HTTP/1.1" 301 - "-" "Mozilla/5.0 (Macintosh; Intel Mac OS X 10_15_7) AppleWebKit/537.36 (KHTML, like Gecko) Chrome/131.0.0.0 Safari/537.36; compatible; OAI-SearchBot/1.4; robots.txt; +https://openai.com/searchbot"
74.7.230.62 - - [22/Jul/2026:18:29:21 +0000] "GET /robots.txt HTTP/1.1" 200 119 "https://www.tradedealings.shop/robots.txt" "Mozilla/5.0 (Macintosh; Intel Mac OS X 10_15_7) AppleWebKit/537.36 (KHTML, like Gecko) Chrome/131.0.0.0 Safari/537.36; compatible; OAI-SearchBot/1.4; robots.txt; +https://openai.com/searchbot"
172.235.211.122 - - [22/Jul/2026:18:31:55 +0000] "POST /wp-login.php HTTP/1.1" 200 5142 "-" "Mozilla/5.0 (Windows NT 10.0; Win64; x64) AppleWebKit/537.36 Chrome/129.0.0.0 Safari/537.36"
172.235.211.122 - - [22/Jul/2026:18:31:55 +0000] "POST /wp-login.php HTTP/1.1" 200 5142 "-" "Mozilla/5.0 (Windows NT 10.0; Win64; rv:143.0) Gecko/20100101 Firefox/143.0"
198.177.124.148 - - [22/Jul/2026:18:33:40 +0000] "POST /wp-cron.php?doing_wp_cron=1784745220.7048430442810058593750 HTTP/1.1" 200 - "-" "WordPress/7.0.2; https://tradedealings.shop"
104.28.157.145 - - [22/Jul/2026:18:33:39 +0000] "POST /wp-login.php HTTP/1.1" 200 5142 "-" "Mozilla/5.0 (Windows NT 10.0; Win64; x64) AppleWebKit/537.36 Chrome/129.0.0.0 Safari/537.36"
104.28.157.145 - - [22/Jul/2026:18:33:39 +0000] "POST /wp-login.php HTTP/1.1" 200 5142 "-" "Mozilla/5.0 (Windows NT 10.0; Win64; rv:143.0) Gecko/20100101 Firefox/143.0"
198.177.124.148 - - [22/Jul/2026:18:34:33 +0000] "POST /wp-cron.php?doing_wp_cron=1784745273.6046929359436035156250 HTTP/1.1" 200 - "-" "WordPress/7.0.2; https://tradedealings.shop"
170.106.35.153 - - [22/Jul/2026:18:34:31 +0000] "GET /wp-json/oembed/1.0/embed?url=https%3A%2F%2Ftradedealings.shop%2Ftrade-dealings-2%2F&format=xml HTTP/1.1" 200 2323 "-" "Mozilla/5.0 (iPhone; CPU iPhone OS 13_2_3 like Mac OS X) AppleWebKit/605.1.15 (KHTML, like Gecko) Version/13.0.3 Mobile/15E148 Safari/604.1"
198.177.124.148 - - [22/Jul/2026:18:35:17 +0000] "POST /wp-cron.php?doing_wp_cron=1784745317.2819380760192871093750 HTTP/1.1" 200 - "-" "WordPress/7.0.2; https://tradedealings.shop"
104.28.157.139 - - [22/Jul/2026:18:35:15 +0000] "POST /wp-login.php HTTP/1.1" 200 5142 "-" "Mozilla/5.0 (Windows NT 10.0; Win64; x64) AppleWebKit/537.36 Chrome/129.0.0.0 Safari/537.36"
104.28.157.139 - - [22/Jul/2026:18:35:15 +0000] "POST /wp-login.php HTTP/1.1" 200 5142 "-" "Mozilla/5.0 (Windows NT 10.0; Win64; x64) AppleWebKit/537.36 Chrome/129.0.0.0 Safari/537.36"
172.235.211.122 - - [22/Jul/2026:18:35:38 +0000] "POST /wp-login.php HTTP/1.1" 200 5142 "-" "Mozilla/5.0 (Windows NT 10.0; Win64; x64) AppleWebKit/537.36 Chrome/129.0.0.0 Safari/537.36"
172.235.211.122 - - [22/Jul/2026:18:35:38 +0000] "POST /wp-login.php HTTP/1.1" 200 5142 "-" "Mozilla/5.0 (Windows NT 10.0; Win64; rv:143.0) Gecko/20100101 Firefox/143.0"
198.177.124.148 - - [22/Jul/2026:18:37:37 +0000] "POST /wp-cron.php?doing_wp_cron=1784745456.9746000766754150390625 HTTP/1.1" 200 - "-" "WordPress/7.0.2; https://tradedealings.shop"
104.28.163.98 - - [22/Jul/2026:18:37:36 +0000] "POST /wp-login.php HTTP/1.1" 200 5142 "-" "Mozilla/5.0 (Windows NT 10.0; Win64; rv:143.0) Gecko/20100101 Firefox/143.0"
104.28.163.98 - - [22/Jul/2026:18:37:36 +0000] "POST /wp-login.php HTTP/1.1" 200 5142 "-" "Mozilla/5.0 (Windows NT 10.0; Win64; rv:143.0) Gecko/20100101 Firefox/143.0"
198.177.124.148 - - [22/Jul/2026:18:39:43 +0000] "POST /wp-cron.php?doing_wp_cron=1784745583.0581750869750976562500 HTTP/1.1" 200 - "-" "WordPress/7.0.2; https://tradedealings.shop"
172.235.211.122 - - [22/Jul/2026:18:39:41 +0000] "POST /wp-login.php HTTP/1.1" 200 5142 "-" "Mozilla/5.0 (Macintosh; Intel Mac OS X 10_15_7) AppleWebKit/605.1.15 Version/17.0 Safari/605.1.15"
172.235.211.122 - - [22/Jul/2026:18:39:41 +0000] "POST /wp-login.php HTTP/1.1" 200 5142 "-" "Mozilla/5.0 (Windows NT 10.0; Win64; x64) AppleWebKit/537.36 Chrome/129.0.0.0 Safari/537.36"
198.177.124.148 - - [22/Jul/2026:18:44:23 +0000] "POST /wp-cron.php?doing_wp_cron=1784745863.7952899932861328125000 HTTP/1.1" 200 - "-" "WordPress/7.0.2; https://tradedealings.shop"
104.28.157.145 - - [22/Jul/2026:18:44:21 +0000] "POST /wp-login.php HTTP/1.1" 200 5142 "-" "Mozilla/5.0 (Windows NT 10.0; Win64; rv:143.0) Gecko/20100101 Firefox/143.0"
104.28.157.145 - - [22/Jul/2026:18:44:21 +0000] "POST /wp-login.php HTTP/1.1" 200 5142 "-" "Mozilla/5.0 (Windows NT 10.0; Win64; x64) AppleWebKit/537.36 Chrome/129.0.0.0 Safari/537.36"
198.177.124.148 - - [22/Jul/2026:18:47:21 +0000] "POST /wp-cron.php?doing_wp_cron=1784746041.0759830474853515625000 HTTP/1.1" 200 - "-" "WordPress/7.0.2; https://tradedealings.shop"
49.51.195.195 - - [22/Jul/2026:18:47:19 +0000] "GET /?p=23 HTTP/1.1" 301 - "-" "Mozilla/5.0 (iPhone; CPU iPhone OS 13_2_3 like Mac OS X) AppleWebKit/605.1.15 (KHTML, like Gecko) Version/13.0.3 Mobile/15E148 Safari/604.1"
49.51.195.195 - - [22/Jul/2026:18:47:22 +0000] "GET /trade-dealings-2/ HTTP/1.1" 200 68954 "https://tradedealings.shop/?p=23" "Mozilla/5.0 (iPhone; CPU iPhone OS 13_2_3 like Mac OS X) AppleWebKit/605.1.15 (KHTML, like Gecko) Version/13.0.3 Mobile/15E148 Safari/604.1"
34.6.161.103 - - [22/Jul/2026:18:47:24 +0000] "GET / HTTP/1.1" 301 - "-" "Mozilla/5.0 (Windows NT 10.0; Win64; x64; rv:126.0) Gecko/20100101 Firefox/126.0"
198.177.124.148 - - [22/Jul/2026:18:55:07 +0000] "POST /wp-cron.php?doing_wp_cron=1784746507.8552010059356689453125 HTTP/1.1" 200 - "-" "WordPress/7.0.2; https://tradedealings.shop"
104.28.157.145 - - [22/Jul/2026:18:55:06 +0000] "POST /wp-login.php HTTP/1.1" 200 5142 "-" "Mozilla/5.0 (Macintosh; Intel Mac OS X 10_15_7) AppleWebKit/605.1.15 Version/17.0 Safari/605.1.15"
104.28.157.145 - - [22/Jul/2026:18:55:06 +0000] "POST /wp-login.php HTTP/1.1" 200 5142 "-" "Mozilla/5.0 (Windows NT 10.0; Win64; rv:143.0) Gecko/20100101 Firefox/143.0"
104.28.163.98 - - [22/Jul/2026:18:56:41 +0000] "POST /wp-login.php HTTP/1.1" 200 5142 "-" "Mozilla/5.0 (Windows NT 10.0; Win64; x64) AppleWebKit/537.36 Chrome/129.0.0.0 Safari/537.36"
198.177.124.148 - - [22/Jul/2026:18:56:44 +0000] "POST /wp-cron.php?doing_wp_cron=1784746604.7360548973083496093750 HTTP/1.1" 200 - "-" "WordPress/7.0.2; https://tradedealings.shop"
104.28.163.98 - - [22/Jul/2026:18:56:41 +0000] "POST /wp-login.php HTTP/1.1" 200 5142 "-" "Mozilla/5.0 (Windows NT 10.0; Win64; x64) AppleWebKit/537.36 Chrome/129.0.0.0 Safari/537.36"
43.133.66.51 - - [22/Jul/2026:18:57:05 +0000] "GET /wp-json/oembed/1.0/embed?url=https%3A%2F%2Ftradedealings.shop%2Ftrade-dealings-2%2F HTTP/1.1" 200 2171 "-" "Mozilla/5.0 (iPhone; CPU iPhone OS 13_2_3 like Mac OS X) AppleWebKit/605.1.15 (KHTML, like Gecko) Version/13.0.3 Mobile/15E148 Safari/604.1"
198.177.124.148 - - [22/Jul/2026:18:59:22 +0000] "POST /wp-cron.php?doing_wp_cron=1784746762.0914890766143798828125 HTTP/1.1" 200 - "-" "WordPress/7.0.2; https://tradedealings.shop"
52.167.144.57 - - [22/Jul/2026:18:59:20 +0000] "GET /robots.txt HTTP/1.1" 200 119 "-" "Mozilla/5.0 AppleWebKit/537.36 (KHTML, like Gecko; compatible; bingbot/2.0; +http://www.bing.com/bingbot.htm) Chrome/116.0.1938.76 Safari/537.36"
52.167.144.139 - - [22/Jul/2026:18:59:27 +0000] "GET / HTTP/1.1" 200 71722 "-" "Mozilla/5.0 AppleWebKit/537.36 (KHTML, like Gecko; compatible; bingbot/2.0; +http://www.bing.com/bingbot.htm) Chrome/116.0.1938.76 Safari/537.36"
104.28.157.145 - - [22/Jul/2026:19:05:48 +0000] "POST /wp-login.php HTTP/1.1" 200 5142 "-" "Mozilla/5.0 (Macintosh; Intel Mac OS X 10_15_7) AppleWebKit/605.1.15 Version/17.0 Safari/605.1.15"
198.177.124.148 - - [22/Jul/2026:19:05:51 +0000] "POST /wp-cron.php?doing_wp_cron=1784747151.1033220291137695312500 HTTP/1.1" 200 - "-" "WordPress/7.0.2; https://tradedealings.shop"
104.28.157.145 - - [22/Jul/2026:19:05:48 +0000] "POST /wp-login.php HTTP/1.1" 200 5142 "-" "Mozilla/5.0 (Windows NT 10.0; Win64; rv:143.0) Gecko/20100101 Firefox/143.0"
198.177.124.148 - - [22/Jul/2026:19:06:28 +0000] "POST /wp-cron.php?doing_wp_cron=1784747188.2327508926391601562500 HTTP/1.1" 200 - "-" "WordPress/7.0.2; https://tradedealings.shop"
43.156.228.27 - - [22/Jul/2026:19:06:26 +0000] "GET /trade-dealings-2/embed/ HTTP/1.1" 200 19755 "-" "Mozilla/5.0 (iPhone; CPU iPhone OS 13_2_3 like Mac OS X) AppleWebKit/605.1.15 (KHTML, like Gecko) Version/13.0.3 Mobile/15E148 Safari/604.1"
104.28.163.98 - - [22/Jul/2026:19:15:58 +0000] "POST /wp-login.php HTTP/1.1" 200 5142 "-" "Mozilla/5.0 (Macintosh; Intel Mac OS X 10_15_7) AppleWebKit/605.1.15 Version/17.0 Safari/605.1.15"
104.28.163.98 - - [22/Jul/2026:19:15:58 +0000] "POST /wp-login.php HTTP/1.1" 200 5142 "-" "Mozilla/5.0 (Windows NT 10.0; Win64; rv:143.0) Gecko/20100101 Firefox/143.0"
104.28.163.98 - - [22/Jul/2026:19:35:05 +0000] "POST /wp-login.php HTTP/1.1" 200 5142 "-" "Mozilla/5.0 (Windows NT 10.0; Win64; x64) AppleWebKit/537.36 Chrome/129.0.0.0 Safari/537.36"
104.28.163.98 - - [22/Jul/2026:19:35:05 +0000] "POST /wp-login.php HTTP/1.1" 200 5142 "-" "Mozilla/5.0 (Macintosh; Intel Mac OS X 10_15_7) AppleWebKit/605.1.15 Version/17.0 Safari/605.1.15"
104.28.163.98 - - [22/Jul/2026:19:54:27 +0000] "POST /wp-login.php HTTP/1.1" 200 5142 "-" "Mozilla/5.0 (Macintosh; Intel Mac OS X 10_15_7) AppleWebKit/605.1.15 Version/17.0 Safari/605.1.15"
104.28.163.98 - - [22/Jul/2026:19:54:30 +0000] "POST /wp-login.php HTTP/1.1" 200 5142 "-" "Mozilla/5.0 (Windows NT 10.0; Win64; x64) AppleWebKit/537.36 Chrome/129.0.0.0 Safari/537.36"
104.28.156.115 - - [22/Jul/2026:19:56:20 +0000] "GET /wp-login.php HTTP/1.1" 200 4729 "-" "Mozilla/5.0 (Windows NT 10.0; Win64; rv:143.0) Gecko/20100101 Firefox/143.0"
104.28.156.115 - - [22/Jul/2026:19:56:22 +0000] "GET /?author=1 HTTP/1.1" 301 - "-" "Mozilla/5.0 (Macintosh; Intel Mac OS X 10_15_7) AppleWebKit/605.1.15 Version/17.0 Safari/605.1.15"
104.28.156.115 - - [22/Jul/2026:19:56:23 +0000] "GET /?rest_route=/wp/v2/users HTTP/1.1" 200 776 "-" "Mozilla/5.0 (Windows NT 10.0; Win64; x64) AppleWebKit/537.36 Chrome/129.0.0.0 Safari/537.36"
104.28.156.115 - - [22/Jul/2026:19:56:24 +0000] "GET /?author=2 HTTP/1.1" 404 60473 "-" "Mozilla/5.0 (Windows NT 10.0; Win64; x64) AppleWebKit/537.36 Chrome/129.0.0.0 Safari/537.36"
104.28.156.115 - - [22/Jul/2026:19:56:26 +0000] "GET /?rest_route=/wp/v2/users HTTP/1.1" 200 776 "-" "Mozilla/5.0 (Windows NT 10.0; Win64; rv:143.0) Gecko/20100101 Firefox/143.0"
198.177.124.148 - - [22/Jul/2026:19:58:12 +0000] "POST /wp-cron.php?doing_wp_cron=1784750292.6765980720520019531250 HTTP/1.1" 200 - "-" "WordPress/7.0.2; https://tradedealings.shop"
129.227.238.163 - - [22/Jul/2026:19:58:11 +0000] "POST /wp-login.php HTTP/1.1" 200 5142 "-" "Mozilla/5.0"
198.177.124.148 - - [22/Jul/2026:19:58:12 +0000] "POST /wp-cron.php?doing_wp_cron=1784750292.6839709281921386718750 HTTP/1.1" 200 - "-" "WordPress/7.0.2; https://tradedealings.shop"
129.227.238.163 - - [22/Jul/2026:19:58:11 +0000] "POST /wp-login.php HTTP/1.1" 200 5142 "-" "Mozilla/5.0"
198.177.124.148 - - [22/Jul/2026:19:59:16 +0000] "POST /wp-cron.php?doing_wp_cron=1784750356.8212840557098388671875 HTTP/1.1" 200 - "-" "WordPress/7.0.2; https://tradedealings.shop"
104.28.156.115 - - [22/Jul/2026:19:59:15 +0000] "POST /wp-login.php HTTP/1.1" 200 5142 "-" "Mozilla/5.0 (Windows NT 10.0; Win64; x64) AppleWebKit/537.36 Chrome/129.0.0.0 Safari/537.36"
104.28.156.115 - - [22/Jul/2026:19:59:21 +0000] "POST /wp-login.php HTTP/1.1" 200 5142 "-" "Mozilla/5.0 (Macintosh; Intel Mac OS X 10_15_7) AppleWebKit/605.1.15 Version/17.0 Safari/605.1.15"
104.28.156.115 - - [22/Jul/2026:19:59:36 +0000] "POST /wp-login.php HTTP/1.1" 200 5142 "-" "Mozilla/5.0 (Macintosh; Intel Mac OS X 10_15_7) AppleWebKit/605.1.15 Version/17.0 Safari/605.1.15"
104.28.156.115 - - [22/Jul/2026:19:59:36 +0000] "POST /wp-login.php HTTP/1.1" 200 5142 "-" "Mozilla/5.0 (Windows NT 10.0; Win64; rv:143.0) Gecko/20100101 Firefox/143.0"
104.28.156.115 - - [22/Jul/2026:19:59:41 +0000] "POST /wp-login.php HTTP/1.1" 200 5142 "-" "Mozilla/5.0 (Macintosh; Intel Mac OS X 10_15_7) AppleWebKit/605.1.15 Version/17.0 Safari/605.1.15"
104.28.156.115 - - [22/Jul/2026:19:59:41 +0000] "POST /wp-login.php HTTP/1.1" 200 5142 "-" "Mozilla/5.0 (Windows NT 10.0; Win64; rv:143.0) Gecko/20100101 Firefox/143.0"
104.28.156.115 - - [22/Jul/2026:19:59:46 +0000] "POST /wp-login.php HTTP/1.1" 200 5142 "-" "Mozilla/5.0 (Macintosh; Intel Mac OS X 10_15_7) AppleWebKit/605.1.15 Version/17.0 Safari/605.1.15"
104.28.156.115 - - [22/Jul/2026:19:59:46 +0000] "POST /wp-login.php HTTP/1.1" 200 5142 "-" "Mozilla/5.0 (Windows NT 10.0; Win64; x64) AppleWebKit/537.36 Chrome/129.0.0.0 Safari/537.36"
104.28.156.115 - - [22/Jul/2026:19:59:51 +0000] "POST /wp-login.php HTTP/1.1" 200 5142 "-" "Mozilla/5.0 (Windows NT 10.0; Win64; rv:143.0) Gecko/20100101 Firefox/143.0"
104.28.156.115 - - [22/Jul/2026:19:59:51 +0000] "POST /wp-login.php HTTP/1.1" 200 5142 "-" "Mozilla/5.0 (Windows NT 10.0; Win64; rv:143.0) Gecko/20100101 Firefox/143.0"
104.28.156.115 - - [22/Jul/2026:19:59:59 +0000] "POST /wp-login.php HTTP/1.1" 200 5142 "-" "Mozilla/5.0 (Macintosh; Intel Mac OS X 10_15_7) AppleWebKit/605.1.15 Version/17.0 Safari/605.1.15"
104.28.156.115 - - [22/Jul/2026:19:59:59 +0000] "POST /wp-login.php HTTP/1.1" 200 5142 "-" "Mozilla/5.0 (Windows NT 10.0; Win64; x64) AppleWebKit/537.36 Chrome/129.0.0.0 Safari/537.36"
104.28.156.115 - - [22/Jul/2026:20:00:06 +0000] "POST /wp-login.php HTTP/1.1" 200 5142 "-" "Mozilla/5.0 (Macintosh; Intel Mac OS X 10_15_7) AppleWebKit/605.1.15 Version/17.0 Safari/605.1.15"
104.28.156.115 - - [22/Jul/2026:20:00:06 +0000] "POST /wp-login.php HTTP/1.1" 200 5142 "-" "Mozilla/5.0 (Macintosh; Intel Mac OS X 10_15_7) AppleWebKit/605.1.15 Version/17.0 Safari/605.1.15"
198.177.124.148 - - [22/Jul/2026:20:00:15 +0000] "POST /wp-cron.php?doing_wp_cron=1784750415.6053059101104736328125 HTTP/1.1" 200 - "-" "WordPress/7.0.2; https://tradedealings.shop"
104.28.156.115 - - [22/Jul/2026:20:00:14 +0000] "POST /wp-login.php HTTP/1.1" 200 5142 "-" "Mozilla/5.0 (Windows NT 10.0; Win64; rv:143.0) Gecko/20100101 Firefox/143.0"
104.28.156.115 - - [22/Jul/2026:20:00:14 +0000] "POST /wp-login.php HTTP/1.1" 200 5142 "-" "Mozilla/5.0 (Windows NT 10.0; Win64; rv:143.0) Gecko/20100101 Firefox/143.0"
104.28.156.115 - - [22/Jul/2026:20:00:22 +0000] "POST /wp-login.php HTTP/1.1" 200 5142 "-" "Mozilla/5.0 (Windows NT 10.0; Win64; x64) AppleWebKit/537.36 Chrome/129.0.0.0 Safari/537.36"
104.28.156.115 - - [22/Jul/2026:20:00:22 +0000] "POST /wp-login.php HTTP/1.1" 200 5142 "-" "Mozilla/5.0 (Windows NT 10.0; Win64; x64) AppleWebKit/537.36 Chrome/129.0.0.0 Safari/537.36"
104.28.156.115 - - [22/Jul/2026:20:00:30 +0000] "POST /wp-login.php HTTP/1.1" 200 5142 "-" "Mozilla/5.0 (Windows NT 10.0; Win64; rv:143.0) Gecko/20100101 Firefox/143.0"
104.28.156.115 - - [22/Jul/2026:20:00:30 +0000] "POST /wp-login.php HTTP/1.1" 200 5142 "-" "Mozilla/5.0 (Macintosh; Intel Mac OS X 10_15_7) AppleWebKit/605.1.15 Version/17.0 Safari/605.1.15"
104.28.156.115 - - [22/Jul/2026:20:00:37 +0000] "POST /wp-login.php HTTP/1.1" 200 5142 "-" "Mozilla/5.0 (Windows NT 10.0; Win64; x64) AppleWebKit/537.36 Chrome/129.0.0.0 Safari/537.36"
104.28.156.115 - - [22/Jul/2026:20:00:37 +0000] "POST /wp-login.php HTTP/1.1" 200 5142 "-" "Mozilla/5.0 (Windows NT 10.0; Win64; x64) AppleWebKit/537.36 Chrome/129.0.0.0 Safari/537.36"
104.28.156.115 - - [22/Jul/2026:20:00:45 +0000] "POST /wp-login.php HTTP/1.1" 200 5142 "-" "Mozilla/5.0 (Windows NT 10.0; Win64; x64) AppleWebKit/537.36 Chrome/129.0.0.0 Safari/537.36"
104.28.156.115 - - [22/Jul/2026:20:00:45 +0000] "POST /wp-login.php HTTP/1.1" 200 5142 "-" "Mozilla/5.0 (Windows NT 10.0; Win64; rv:143.0) Gecko/20100101 Firefox/143.0"
104.28.156.115 - - [22/Jul/2026:20:00:52 +0000] "POST /wp-login.php HTTP/1.1" 200 5142 "-" "Mozilla/5.0 (Macintosh; Intel Mac OS X 10_15_7) AppleWebKit/605.1.15 Version/17.0 Safari/605.1.15"
104.28.156.115 - - [22/Jul/2026:20:00:52 +0000] "POST /wp-login.php HTTP/1.1" 200 5142 "-" "Mozilla/5.0 (Macintosh; Intel Mac OS X 10_15_7) AppleWebKit/605.1.15 Version/17.0 Safari/605.1.15"
104.28.156.115 - - [22/Jul/2026:20:01:00 +0000] "POST /wp-login.php HTTP/1.1" 200 5142 "-" "Mozilla/5.0 (Macintosh; Intel Mac OS X 10_15_7) AppleWebKit/605.1.15 Version/17.0 Safari/605.1.15"
104.28.156.115 - - [22/Jul/2026:20:01:00 +0000] "POST /wp-login.php HTTP/1.1" 200 5142 "-" "Mozilla/5.0 (Windows NT 10.0; Win64; x64) AppleWebKit/537.36 Chrome/129.0.0.0 Safari/537.36"
104.28.156.115 - - [22/Jul/2026:20:01:07 +0000] "POST /wp-login.php HTTP/1.1" 200 5142 "-" "Mozilla/5.0 (Windows NT 10.0; Win64; x64) AppleWebKit/537.36 Chrome/129.0.0.0 Safari/537.36"
104.28.156.115 - - [22/Jul/2026:20:01:07 +0000] "POST /wp-login.php HTTP/1.1" 200 5142 "-" "Mozilla/5.0 (Windows NT 10.0; Win64; x64) AppleWebKit/537.36 Chrome/129.0.0.0 Safari/537.36"
129.227.238.163 - - [22/Jul/2026:20:04:47 +0000] "POST /wp-login.php HTTP/1.1" 200 5142 "-" "Mozilla/5.0"
198.177.124.148 - - [22/Jul/2026:20:04:48 +0000] "POST /wp-cron.php?doing_wp_cron=1784750688.5400209426879882812500 HTTP/1.1" 200 - "-" "WordPress/7.0.2; https://tradedealings.shop"
129.227.238.163 - - [22/Jul/2026:20:04:47 +0000] "POST /wp-login.php HTTP/1.1" 200 5142 "-" "Mozilla/5.0"
198.177.124.148 - - [22/Jul/2026:20:11:58 +0000] "POST /wp-cron.php?doing_wp_cron=1784751118.8024179935455322265625 HTTP/1.1" 200 - "-" "WordPress/7.0.2; https://tradedealings.shop"
129.227.238.163 - - [22/Jul/2026:20:11:56 +0000] "POST /wp-login.php HTTP/1.1" 200 5142 "-" "Mozilla/5.0"
129.227.238.163 - - [22/Jul/2026:20:11:56 +0000] "POST /wp-login.php HTTP/1.1" 200 5142 "-" "Mozilla/5.0"
104.28.163.98 - - [22/Jul/2026:20:13:02 +0000] "POST /wp-login.php HTTP/1.1" 200 5142 "-" "Mozilla/5.0 (Windows NT 10.0; Win64; rv:143.0) Gecko/20100101 Firefox/143.0"
104.28.163.98 - - [22/Jul/2026:20:13:02 +0000] "POST /wp-login.php HTTP/1.1" 200 5142 "-" "Mozilla/5.0 (Macintosh; Intel Mac OS X 10_15_7) AppleWebKit/605.1.15 Version/17.0 Safari/605.1.15"
198.177.124.148 - - [22/Jul/2026:20:19:31 +0000] "POST /wp-cron.php?doing_wp_cron=1784751571.4186708927154541015625 HTTP/1.1" 200 - "-" "WordPress/7.0.2; https://tradedealings.shop"
129.227.238.163 - - [22/Jul/2026:20:19:30 +0000] "POST /wp-login.php HTTP/1.1" 200 5142 "-" "Mozilla/5.0"
129.227.238.163 - - [22/Jul/2026:20:19:30 +0000] "POST /wp-login.php HTTP/1.1" 200 5142 "-" "Mozilla/5.0"
198.177.124.148 - - [22/Jul/2026:20:27:17 +0000] "POST /wp-cron.php?doing_wp_cron=1784752037.5319700241088867187500 HTTP/1.1" 200 - "-" "WordPress/7.0.2; https://tradedealings.shop"
129.227.238.163 - - [22/Jul/2026:20:27:16 +0000] "POST /wp-login.php HTTP/1.1" 200 5142 "-" "Mozilla/5.0"
129.227.238.163 - - [22/Jul/2026:20:27:16 +0000] "POST /wp-login.php HTTP/1.1" 200 5142 "-" "Mozilla/5.0"
198.177.124.148 - - [22/Jul/2026:20:28:38 +0000] "POST /wp-cron.php?doing_wp_cron=1784752118.7001919746398925781250 HTTP/1.1" 200 - "-" "WordPress/7.0.2; https://tradedealings.shop"
103.252.127.202 - - [22/Jul/2026:20:28:36 +0000] "POST /wp-login.php HTTP/1.1" 200 5142 "-" "Mozilla/5.0 (Windows NT 10.0; Win64; x64) AppleWebKit/537.36 Chrome/129.0.0.0 Safari/537.36"
104.28.159.62 - - [22/Jul/2026:20:28:46 +0000] "POST /wp-login.php HTTP/1.1" 200 5142 "-" "Mozilla/5.0 (Windows NT 10.0; Win64; rv:143.0) Gecko/20100101 Firefox/143.0"
104.28.159.62 - - [22/Jul/2026:20:29:03 +0000] "POST /wp-login.php HTTP/1.1" 200 5142 "-" "Mozilla/5.0 (Windows NT 10.0; Win64; rv:143.0) Gecko/20100101 Firefox/143.0"
104.28.159.62 - - [22/Jul/2026:20:29:03 +0000] "POST /wp-login.php HTTP/1.1" 200 5142 "-" "Mozilla/5.0 (Windows NT 10.0; Win64; x64) AppleWebKit/537.36 Chrome/129.0.0.0 Safari/537.36"
198.177.124.148 - - [22/Jul/2026:20:29:16 +0000] "POST /wp-cron.php?doing_wp_cron=1784752156.1986699104309082031250 HTTP/1.1" 200 - "-" "WordPress/7.0.2; https://tradedealings.shop"
104.28.159.62 - - [22/Jul/2026:20:29:15 +0000] "POST /wp-login.php HTTP/1.1" 200 5142 "-" "Mozilla/5.0 (Macintosh; Intel Mac OS X 10_15_7) AppleWebKit/605.1.15 Version/17.0 Safari/605.1.15"
104.28.159.62 - - [22/Jul/2026:20:29:15 +0000] "POST /wp-login.php HTTP/1.1" 200 5142 "-" "Mozilla/5.0 (Windows NT 10.0; Win64; rv:143.0) Gecko/20100101 Firefox/143.0"
104.28.159.62 - - [22/Jul/2026:20:29:26 +0000] "POST /wp-login.php HTTP/1.1" 200 5142 "-" "Mozilla/5.0 (Windows NT 10.0; Win64; rv:143.0) Gecko/20100101 Firefox/143.0"
104.28.159.62 - - [22/Jul/2026:20:29:26 +0000] "POST /wp-login.php HTTP/1.1" 200 5142 "-" "Mozilla/5.0 (Macintosh; Intel Mac OS X 10_15_7) AppleWebKit/605.1.15 Version/17.0 Safari/605.1.15"
104.28.159.62 - - [22/Jul/2026:20:29:39 +0000] "POST /wp-login.php HTTP/1.1" 200 5142 "-" "Mozilla/5.0 (Windows NT 10.0; Win64; x64) AppleWebKit/537.36 Chrome/129.0.0.0 Safari/537.36"
104.28.159.62 - - [22/Jul/2026:20:29:39 +0000] "POST /wp-login.php HTTP/1.1" 200 5142 "-" "Mozilla/5.0 (Windows NT 10.0; Win64; rv:143.0) Gecko/20100101 Firefox/143.0"
104.28.159.62 - - [22/Jul/2026:20:29:52 +0000] "POST /wp-login.php HTTP/1.1" 200 5142 "-" "Mozilla/5.0 (Windows NT 10.0; Win64; x64) AppleWebKit/537.36 Chrome/129.0.0.0 Safari/537.36"
104.28.159.62 - - [22/Jul/2026:20:29:52 +0000] "POST /wp-login.php HTTP/1.1" 200 5142 "-" "Mozilla/5.0 (Windows NT 10.0; Win64; x64) AppleWebKit/537.36 Chrome/129.0.0.0 Safari/537.36"
104.28.159.62 - - [22/Jul/2026:20:30:02 +0000] "POST /wp-login.php HTTP/1.1" 200 5142 "-" "Mozilla/5.0 (Macintosh; Intel Mac OS X 10_15_7) AppleWebKit/605.1.15 Version/17.0 Safari/605.1.15"
104.28.159.62 - - [22/Jul/2026:20:30:02 +0000] "POST /wp-login.php HTTP/1.1" 200 5142 "-" "Mozilla/5.0 (Windows NT 10.0; Win64; rv:143.0) Gecko/20100101 Firefox/143.0"
198.177.124.148 - - [22/Jul/2026:20:30:16 +0000] "POST /wp-cron.php?doing_wp_cron=1784752215.9323949813842773437500 HTTP/1.1" 200 - "-" "WordPress/7.0.2; https://tradedealings.shop"
198.177.124.148 - - [22/Jul/2026:20:30:16 +0000] "POST /wp-cron.php?doing_wp_cron=1784752215.9301719665527343750000 HTTP/1.1" 200 - "-" "WordPress/7.0.2; https://tradedealings.shop"
104.28.159.62 - - [22/Jul/2026:20:30:13 +0000] "POST /wp-login.php HTTP/1.1" 200 5142 "-" "Mozilla/5.0 (Macintosh; Intel Mac OS X 10_15_7) AppleWebKit/605.1.15 Version/17.0 Safari/605.1.15"
104.28.159.62 - - [22/Jul/2026:20:30:13 +0000] "POST /wp-login.php HTTP/1.1" 200 5142 "-" "Mozilla/5.0 (Windows NT 10.0; Win64; rv:143.0) Gecko/20100101 Firefox/143.0"
104.28.159.62 - - [22/Jul/2026:20:30:24 +0000] "POST /wp-login.php HTTP/1.1" 200 5142 "-" "Mozilla/5.0 (Windows NT 10.0; Win64; rv:143.0) Gecko/20100101 Firefox/143.0"
104.28.159.62 - - [22/Jul/2026:20:30:24 +0000] "POST /wp-login.php HTTP/1.1" 200 5142 "-" "Mozilla/5.0 (Windows NT 10.0; Win64; x64) AppleWebKit/537.36 Chrome/129.0.0.0 Safari/537.36"
104.28.159.62 - - [22/Jul/2026:20:30:37 +0000] "POST /wp-login.php HTTP/1.1" 200 5142 "-" "Mozilla/5.0 (Windows NT 10.0; Win64; rv:143.0) Gecko/20100101 Firefox/143.0"
104.28.159.62 - - [22/Jul/2026:20:30:37 +0000] "POST /wp-login.php HTTP/1.1" 200 5142 "-" "Mozilla/5.0 (Windows NT 10.0; Win64; x64) AppleWebKit/537.36 Chrome/129.0.0.0 Safari/537.36"
104.28.159.62 - - [22/Jul/2026:20:30:49 +0000] "POST /wp-login.php HTTP/1.1" 200 5142 "-" "Mozilla/5.0 (Windows NT 10.0; Win64; rv:143.0) Gecko/20100101 Firefox/143.0"
104.28.159.62 - - [22/Jul/2026:20:30:49 +0000] "POST /wp-login.php HTTP/1.1" 200 5142 "-" "Mozilla/5.0 (Windows NT 10.0; Win64; rv:143.0) Gecko/20100101 Firefox/143.0"
104.28.159.62 - - [22/Jul/2026:20:30:58 +0000] "POST /wp-login.php HTTP/1.1" 200 5142 "-" "Mozilla/5.0 (Macintosh; Intel Mac OS X 10_15_7) AppleWebKit/605.1.15 Version/17.0 Safari/605.1.15"
104.28.159.62 - - [22/Jul/2026:20:30:58 +0000] "POST /wp-login.php HTTP/1.1" 200 5142 "-" "Mozilla/5.0 (Windows NT 10.0; Win64; rv:143.0) Gecko/20100101 Firefox/143.0"
104.28.159.62 - - [22/Jul/2026:20:31:06 +0000] "POST /wp-login.php HTTP/1.1" 200 5142 "-" "Mozilla/5.0 (Windows NT 10.0; Win64; rv:143.0) Gecko/20100101 Firefox/143.0"
104.28.159.62 - - [22/Jul/2026:20:31:06 +0000] "POST /wp-login.php HTTP/1.1" 200 5142 "-" "Mozilla/5.0 (Macintosh; Intel Mac OS X 10_15_7) AppleWebKit/605.1.15 Version/17.0 Safari/605.1.15"
198.177.124.148 - - [22/Jul/2026:20:31:15 +0000] "POST /wp-cron.php?doing_wp_cron=1784752275.5988550186157226562500 HTTP/1.1" 200 - "-" "WordPress/7.0.2; https://tradedealings.shop"
104.28.159.62 - - [22/Jul/2026:20:31:14 +0000] "POST /wp-login.php HTTP/1.1" 200 5142 "-" "Mozilla/5.0 (Windows NT 10.0; Win64; x64) AppleWebKit/537.36 Chrome/129.0.0.0 Safari/537.36"
104.28.159.62 - - [22/Jul/2026:20:31:14 +0000] "POST /wp-login.php HTTP/1.1" 200 5142 "-" "Mozilla/5.0 (Windows NT 10.0; Win64; x64) AppleWebKit/537.36 Chrome/129.0.0.0 Safari/537.36"
104.28.159.62 - - [22/Jul/2026:20:31:21 +0000] "POST /wp-login.php HTTP/1.1" 200 5142 "-" "Mozilla/5.0 (Windows NT 10.0; Win64; x64) AppleWebKit/537.36 Chrome/129.0.0.0 Safari/537.36"
104.28.159.62 - - [22/Jul/2026:20:31:29 +0000] "POST /wp-login.php HTTP/1.1" 200 5142 "-" "Mozilla/5.0 (Windows NT 10.0; Win64; rv:143.0) Gecko/20100101 Firefox/143.0"
104.28.159.62 - - [22/Jul/2026:20:31:29 +0000] "POST /wp-login.php HTTP/1.1" 200 5142 "-" "Mozilla/5.0 (Macintosh; Intel Mac OS X 10_15_7) AppleWebKit/605.1.15 Version/17.0 Safari/605.1.15"
104.28.159.62 - - [22/Jul/2026:20:31:35 +0000] "POST /wp-login.php HTTP/1.1" 200 5142 "-" "Mozilla/5.0 (Windows NT 10.0; Win64; rv:143.0) Gecko/20100101 Firefox/143.0"
104.28.159.62 - - [22/Jul/2026:20:31:42 +0000] "POST /wp-login.php HTTP/1.1" 200 5142 "-" "Mozilla/5.0 (Windows NT 10.0; Win64; rv:143.0) Gecko/20100101 Firefox/143.0"
104.28.159.62 - - [22/Jul/2026:20:31:43 +0000] "POST /wp-login.php HTTP/1.1" 200 5142 "-" "Mozilla/5.0 (Windows NT 10.0; Win64; x64) AppleWebKit/537.36 Chrome/129.0.0.0 Safari/537.36"
104.28.163.98 - - [22/Jul/2026:20:32:07 +0000] "POST /wp-login.php HTTP/1.1" 200 5142 "-" "Mozilla/5.0 (Macintosh; Intel Mac OS X 10_15_7) AppleWebKit/605.1.15 Version/17.0 Safari/605.1.15"
104.28.163.98 - - [22/Jul/2026:20:32:07 +0000] "POST /wp-login.php HTTP/1.1" 200 5142 "-" "Mozilla/5.0 (Windows NT 10.0; Win64; rv:143.0) Gecko/20100101 Firefox/143.0"
198.177.124.148 - - [22/Jul/2026:20:34:58 +0000] "POST /wp-cron.php?doing_wp_cron=1784752498.3131589889526367187500 HTTP/1.1" 200 - "-" "WordPress/7.0.2; https://tradedealings.shop"
129.227.238.163 - - [22/Jul/2026:20:34:57 +0000] "POST /wp-login.php HTTP/1.1" 200 5142 "-" "Mozilla/5.0"
129.227.238.163 - - [22/Jul/2026:20:34:57 +0000] "POST /wp-login.php HTTP/1.1" 200 5142 "-" "Mozilla/5.0"
198.177.124.148 - - [22/Jul/2026:20:42:49 +0000] "POST /wp-cron.php?doing_wp_cron=1784752969.5506839752197265625000 HTTP/1.1" 200 - "-" "WordPress/7.0.2; https://tradedealings.shop"
129.227.238.163 - - [22/Jul/2026:20:42:47 +0000] "POST /wp-login.php HTTP/1.1" 200 5142 "-" "Mozilla/5.0"
129.227.238.163 - - [22/Jul/2026:20:42:47 +0000] "POST /wp-login.php HTTP/1.1" 200 5142 "-" "Mozilla/5.0"
198.177.124.148 - - [22/Jul/2026:20:43:56 +0000] "POST /wp-cron.php?doing_wp_cron=1784753036.2795069217681884765625 HTTP/1.1" 200 - "-" "WordPress/7.0.2; https://tradedealings.shop"
209.54.107.130 - - [22/Jul/2026:20:43:53 +0000] "GET / HTTP/1.1" 200 71722 "-" "Mozilla/5.0 (Macintosh; Intel Mac OS X 10_15_7) AppleWebKit/537.36 (KHTML, like Gecko) Chrome/122.0.0.0 Safari/537.36"
198.177.124.148 - - [22/Jul/2026:20:50:41 +0000] "POST /wp-cron.php?doing_wp_cron=1784753441.2457139492034912109375 HTTP/1.1" 200 - "-" "WordPress/7.0.2; https://tradedealings.shop"
129.227.238.163 - - [22/Jul/2026:20:50:39 +0000] "POST /wp-login.php HTTP/1.1" 200 5142 "-" "Mozilla/5.0"
129.227.238.163 - - [22/Jul/2026:20:50:39 +0000] "POST /wp-login.php HTTP/1.1" 200 5142 "-" "Mozilla/5.0"
104.28.163.98 - - [22/Jul/2026:20:51:09 +0000] "POST /wp-login.php HTTP/1.1" 200 5142 "-" "Mozilla/5.0 (Macintosh; Intel Mac OS X 10_15_7) AppleWebKit/605.1.15 Version/17.0 Safari/605.1.15"
104.28.163.98 - - [22/Jul/2026:20:51:09 +0000] "POST /wp-login.php HTTP/1.1" 200 5142 "-" "Mozilla/5.0 (Macintosh; Intel Mac OS X 10_15_7) AppleWebKit/605.1.15 Version/17.0 Safari/605.1.15"
198.177.124.148 - - [22/Jul/2026:20:58:32 +0000] "POST /wp-cron.php?doing_wp_cron=1784753912.2435240745544433593750 HTTP/1.1" 200 - "-" "WordPress/7.0.2; https://tradedealings.shop"
129.227.238.163 - - [22/Jul/2026:20:58:30 +0000] "POST /wp-login.php HTTP/1.1" 200 5142 "-" "Mozilla/5.0"
129.227.238.163 - - [22/Jul/2026:20:58:30 +0000] "POST /wp-login.php HTTP/1.1" 200 5142 "-" "Mozilla/5.0"
198.177.124.148 - - [22/Jul/2026:21:06:24 +0000] "POST /wp-cron.php?doing_wp_cron=1784754384.4227089881896972656250 HTTP/1.1" 200 - "-" "WordPress/7.0.2; https://tradedealings.shop"
129.227.238.163 - - [22/Jul/2026:21:06:21 +0000] "POST /wp-login.php HTTP/1.1" 200 5142 "-" "Mozilla/5.0"
129.227.238.163 - - [22/Jul/2026:21:06:21 +0000] "POST /wp-login.php HTTP/1.1" 200 5142 "-" "Mozilla/5.0"
104.28.163.98 - - [22/Jul/2026:21:10:11 +0000] "POST /wp-login.php HTTP/1.1" 200 5142 "-" "Mozilla/5.0 (Windows NT 10.0; Win64; x64) AppleWebKit/537.36 Chrome/129.0.0.0 Safari/537.36"
198.177.124.148 - - [22/Jul/2026:21:10:14 +0000] "POST /wp-cron.php?doing_wp_cron=1784754614.1456460952758789062500 HTTP/1.1" 200 - "-" "WordPress/7.0.2; https://tradedealings.shop"
104.28.163.98 - - [22/Jul/2026:21:10:11 +0000] "POST /wp-login.php HTTP/1.1" 200 5142 "-" "Mozilla/5.0 (Macintosh; Intel Mac OS X 10_15_7) AppleWebKit/605.1.15 Version/17.0 Safari/605.1.15"
216.73.216.228 - - [22/Jul/2026:21:13:26 +0000] "GET /robots.txt HTTP/1.1" 200 119 "-" "Mozilla/5.0 AppleWebKit/537.36 (KHTML, like Gecko; compatible; ClaudeBot/1.0; +claudebot@anthropic.com)"
216.73.216.228 - - [22/Jul/2026:21:13:28 +0000] "GET /wp-sitemap.xml HTTP/1.1" 200 552 "-" "Mozilla/5.0 AppleWebKit/537.36 (KHTML, like Gecko; compatible; ClaudeBot/1.0; +claudebot@anthropic.com)"
129.227.238.163 - - [22/Jul/2026:21:14:06 +0000] "POST /wp-login.php HTTP/1.1" 200 5142 "-" "Mozilla/5.0"
129.227.238.163 - - [22/Jul/2026:21:14:06 +0000] "POST /wp-login.php HTTP/1.1" 200 5142 "-" "Mozilla/5.0"
198.177.124.148 - - [22/Jul/2026:21:21:59 +0000] "POST /wp-cron.php?doing_wp_cron=1784755319.6131100654602050781250 HTTP/1.1" 200 - "-" "WordPress/7.0.2; https://tradedealings.shop"
129.227.238.163 - - [22/Jul/2026:21:21:56 +0000] "POST /wp-login.php HTTP/1.1" 200 5142 "-" "Mozilla/5.0"
129.227.238.163 - - [22/Jul/2026:21:21:56 +0000] "POST /wp-login.php HTTP/1.1" 200 5142 "-" "Mozilla/5.0"
198.177.124.148 - - [22/Jul/2026:21:29:17 +0000] "POST /wp-cron.php?doing_wp_cron=1784755757.7904889583587646484375 HTTP/1.1" 200 - "-" "WordPress/7.0.2; https://tradedealings.shop"
104.28.163.98 - - [22/Jul/2026:21:29:15 +0000] "POST /wp-login.php HTTP/1.1" 200 5142 "-" "Mozilla/5.0 (Windows NT 10.0; Win64; x64) AppleWebKit/537.36 Chrome/129.0.0.0 Safari/537.36"
104.28.163.98 - - [22/Jul/2026:21:29:15 +0000] "POST /wp-login.php HTTP/1.1" 200 5142 "-" "Mozilla/5.0 (Windows NT 10.0; Win64; rv:143.0) Gecko/20100101 Firefox/143.0"
129.227.238.163 - - [22/Jul/2026:21:29:51 +0000] "POST /wp-login.php HTTP/1.1" 200 5142 "-" "Mozilla/5.0"
129.227.238.163 - - [22/Jul/2026:21:29:51 +0000] "POST /wp-login.php HTTP/1.1" 200 5142 "-" "Mozilla/5.0"
198.177.124.148 - - [22/Jul/2026:21:45:40 +0000] "POST /wp-cron.php?doing_wp_cron=1784756740.9209969043731689453125 HTTP/1.1" 200 - "-" "WordPress/7.0.2; https://tradedealings.shop"
129.227.238.163 - - [22/Jul/2026:21:45:39 +0000] "POST /wp-login.php HTTP/1.1" 200 5142 "-" "Mozilla/5.0"
129.227.238.163 - - [22/Jul/2026:21:45:39 +0000] "POST /wp-login.php HTTP/1.1" 200 5142 "-" "Mozilla/5.0"
104.28.163.98 - - [22/Jul/2026:21:48:24 +0000] "POST /wp-login.php HTTP/1.1" 200 5142 "-" "Mozilla/5.0 (Macintosh; Intel Mac OS X 10_15_7) AppleWebKit/605.1.15 Version/17.0 Safari/605.1.15"
198.177.124.148 - - [22/Jul/2026:21:48:25 +0000] "POST /wp-cron.php?doing_wp_cron=1784756905.8978240489959716796875 HTTP/1.1" 200 - "-" "WordPress/7.0.2; https://tradedealings.shop"
104.28.163.98 - - [22/Jul/2026:21:48:24 +0000] "POST /wp-login.php HTTP/1.1" 200 5142 "-" "Mozilla/5.0 (Windows NT 10.0; Win64; x64) AppleWebKit/537.36 Chrome/129.0.0.0 Safari/537.36"
198.177.124.148 - - [22/Jul/2026:21:55:57 +0000] "POST /wp-cron.php?doing_wp_cron=1784757357.8427710533142089843750 HTTP/1.1" 200 - "-" "WordPress/7.0.2; https://tradedealings.shop"
103.139.144.206 - - [22/Jul/2026:21:55:56 +0000] "POST /wp-login.php HTTP/1.1" 200 5142 "-" "Mozilla/5.0"
103.139.144.206 - - [22/Jul/2026:21:55:56 +0000] "POST /wp-login.php HTTP/1.1" 200 5142 "-" "Mozilla/5.0"
198.177.124.148 - - [22/Jul/2026:21:58:32 +0000] "POST /wp-cron.php?doing_wp_cron=1784757512.2347519397735595703125 HTTP/1.1" 200 - "-" "WordPress/7.0.2; https://tradedealings.shop"
66.249.69.170 - - [22/Jul/2026:21:58:30 +0000] "GET /robots.txt HTTP/1.1" 301 - "-" "Mozilla/5.0 (compatible; Googlebot/2.1; +http://www.google.com/bot.html)"
66.249.75.96 - - [22/Jul/2026:21:58:32 +0000] "GET /robots.txt HTTP/1.1" 200 119 "-" "Mozilla/5.0 (compatible; Googlebot/2.1; +http://www.google.com/bot.html)"
66.249.69.170 - - [22/Jul/2026:21:58:40 +0000] "GET / HTTP/1.1" 301 - "-" "Mozilla/5.0 (Linux; Android 6.0.1; Nexus 5X Build/MMB29P) AppleWebKit/537.36 (KHTML, like Gecko) Chrome/150.0.7871.128 Mobile Safari/537.36 (compatible; Googlebot/2.1; +http://www.google.com/bot.html)"
66.249.75.110 - - [22/Jul/2026:21:58:45 +0000] "GET / HTTP/1.1" 200 71722 "-" "Mozilla/5.0 (Linux; Android 6.0.1; Nexus 5X Build/MMB29P) AppleWebKit/537.36 (KHTML, like Gecko) Chrome/150.0.7871.128 Mobile Safari/537.36 (compatible; Googlebot/2.1; +http://www.google.com/bot.html)"
