202.78.167.208 - - [22/Jul/2026:07:27:53 +0000] "GET / HTTP/1.1" 200 75008 "https://tradedealings.shop/" "Mozilla/5.0 (iPhone; CPU iPhone OS 17_5 like Mac OS X) AppleWebKit/605.1.15 (KHTML, like Gecko) Version/17.5 Mobile/15E148 Safari/604.1"
202.78.167.208 - - [22/Jul/2026:07:27:56 +0000] "GET / HTTP/1.1" 301 - "https://www.tradedealings.shop/" "Mozilla/5.0 (iPhone; CPU iPhone OS 17_5 like Mac OS X) AppleWebKit/605.1.15 (KHTML, like Gecko) Version/17.5 Mobile/15E148 Safari/604.1"
202.78.167.208 - - [22/Jul/2026:07:27:56 +0000] "GET / HTTP/1.1" 200 75008 "https://tradedealings.shop/" "Mozilla/5.0 (iPhone; CPU iPhone OS 17_5 like Mac OS X) AppleWebKit/605.1.15 (KHTML, like Gecko) Version/17.5 Mobile/15E148 Safari/604.1"
198.177.124.148 - - [22/Jul/2026:07:56:16 +0000] "POST /wp-cron.php?doing_wp_cron=1784706976.7656469345092773437500 HTTP/1.1" 200 - "-" "WordPress/7.0.2; https://tradedealings.shop"
168.119.80.126 - - [22/Jul/2026:07:56:12 +0000] "GET / HTTP/1.1" 200 75008 "-" "Mozilla/5.0 (Macintosh; Intel Mac OS X 10_15_7) AppleWebKit/537.36 (KHTML, like Gecko) Chrome/120.0.0.0 Safari/537.36"
195.201.111.82 - - [22/Jul/2026:07:56:17 +0000] "GET / HTTP/1.1" 200 75008 "-" "Mozilla/5.0 (Macintosh; Intel Mac OS X 10_15_7) AppleWebKit/537.36 (KHTML, like Gecko) Chrome/138.0.0.0 Safari/537.36"
195.201.111.82 - - [22/Jul/2026:07:56:22 +0000] "GET /wp-includes/js/jquery/jquery.min.js?ver=3.7.1 HTTP/1.1" 200 87553 "https://tradedealings.shop/" "Mozilla/5.0 (Macintosh; Intel Mac OS X 10_15_7) AppleWebKit/537.36 (KHTML, like Gecko) Chrome/138.0.0.0 Safari/537.36"
195.201.111.82 - - [22/Jul/2026:07:56:22 +0000] "GET /wp-includes/js/jquery/jquery-migrate.min.js?ver=3.4.1 HTTP/1.1" 200 13577 "https://tradedealings.shop/" "Mozilla/5.0 (Macintosh; Intel Mac OS X 10_15_7) AppleWebKit/537.36 (KHTML, like Gecko) Chrome/138.0.0.0 Safari/537.36"
195.201.111.82 - - [22/Jul/2026:07:56:22 +0000] "GET /wp-includes/js/dist/script-modules/interactivity/index.min.js?ver=efaa5193bbad9c60ffd1 HTTP/1.1" 200 40106 "https://tradedealings.shop/" "Mozilla/5.0 (Macintosh; Intel Mac OS X 10_15_7) AppleWebKit/537.36 (KHTML, like Gecko) Chrome/138.0.0.0 Safari/537.36"
195.201.111.82 - - [22/Jul/2026:07:56:22 +0000] "GET /wp-includes/js/dist/script-modules/block-library/navigation/view.min.js?ver=96a846e1d7b789c39ab9 HTTP/1.1" 200 3053 "https://tradedealings.shop/" "Mozilla/5.0 (Macintosh; Intel Mac OS X 10_15_7) AppleWebKit/537.36 (KHTML, like Gecko) Chrome/138.0.0.0 Safari/537.36"
195.201.111.82 - - [22/Jul/2026:07:56:22 +0000] "GET /wp-content/themes/twentytwentyfive/assets/fonts/manrope/Manrope-VariableFont_wght.woff2 HTTP/1.1" 200 53600 "https://tradedealings.shop/" "Mozilla/5.0 (Macintosh; Intel Mac OS X 10_15_7) AppleWebKit/537.36 (KHTML, like Gecko) Chrome/138.0.0.0 Safari/537.36"
195.201.111.82 - - [22/Jul/2026:07:56:22 +0000] "GET /wp-content/plugins/pixelyoursite/dist/scripts/jquery.bind-first-0.2.3.min.js?ver=0.2.3 HTTP/1.1" 200 1317 "https://tradedealings.shop/" "Mozilla/5.0 (Macintosh; Intel Mac OS X 10_15_7) AppleWebKit/537.36 (KHTML, like Gecko) Chrome/138.0.0.0 Safari/537.36"
195.201.111.82 - - [22/Jul/2026:07:56:22 +0000] "GET /wp-content/plugins/pixelyoursite/dist/scripts/js.cookie-2.1.3.min.js?ver=2.1.3 HTTP/1.1" 200 1709 "https://tradedealings.shop/" "Mozilla/5.0 (Macintosh; Intel Mac OS X 10_15_7) AppleWebKit/537.36 (KHTML, like Gecko) Chrome/138.0.0.0 Safari/537.36"
195.201.111.82 - - [22/Jul/2026:07:56:23 +0000] "GET /wp-content/plugins/pixelyoursite/dist/scripts/tld.min.js?ver=2.3.1 HTTP/1.1" 200 141079 "https://tradedealings.shop/" "Mozilla/5.0 (Macintosh; Intel Mac OS X 10_15_7) AppleWebKit/537.36 (KHTML, like Gecko) Chrome/138.0.0.0 Safari/537.36"
195.201.111.82 - - [22/Jul/2026:07:56:23 +0000] "GET /wp-content/plugins/pixelyoursite/dist/scripts/public.js?ver=11.2.1 HTTP/1.1" 200 172979 "https://tradedealings.shop/" "Mozilla/5.0 (Macintosh; Intel Mac OS X 10_15_7) AppleWebKit/537.36 (KHTML, like Gecko) Chrome/138.0.0.0 Safari/537.36"
195.201.111.82 - - [22/Jul/2026:07:56:23 +0000] "GET /wp-includes/js/wp-emoji-release.min.js?ver=7.0.2 HTTP/1.1" 200 22752 "https://tradedealings.shop/" "Mozilla/5.0 (Macintosh; Intel Mac OS X 10_15_7) AppleWebKit/537.36 (KHTML, like Gecko) Chrome/138.0.0.0 Safari/537.36"
195.201.111.82 - - [22/Jul/2026:07:56:23 +0000] "GET /favicon.ico HTTP/1.1" 302 - "https://tradedealings.shop/" "Mozilla/5.0 (Macintosh; Intel Mac OS X 10_15_7) AppleWebKit/537.36 (KHTML, like Gecko) Chrome/138.0.0.0 Safari/537.36"
195.201.111.82 - - [22/Jul/2026:07:56:27 +0000] "GET /wp-includes/images/w-logo-blue-white-bg.png HTTP/1.1" 200 4119 "https://tradedealings.shop/" "Mozilla/5.0 (Macintosh; Intel Mac OS X 10_15_7) AppleWebKit/537.36 (KHTML, like Gecko) Chrome/138.0.0.0 Safari/537.36"
195.201.111.82 - - [22/Jul/2026:07:56:31 +0000] "GET /wp-content/themes/twentytwentyfive/assets/fonts/fira-code/FiraCode-VariableFont_wght.woff2 HTTP/1.1" 200 106112 "https://tradedealings.shop/" "Mozilla/5.0 (Macintosh; Intel Mac OS X 10_15_7) AppleWebKit/537.36 (KHTML, like Gecko) Chrome/138.0.0.0 Safari/537.36"
198.177.124.148 - - [22/Jul/2026:08:00:22 +0000] "POST /wp-cron.php?doing_wp_cron=1784707222.2954640388488769531250 HTTP/1.1" 200 - "-" "WordPress/7.0.2; https://tradedealings.shop"
47.251.87.199 - - [22/Jul/2026:08:00:18 +0000] "GET / HTTP/1.1" 200 75008 "-" "Go-http-client/1.1"
198.177.124.148 - - [22/Jul/2026:08:10:23 +0000] "POST /wp-cron.php?doing_wp_cron=1784707823.7411708831787109375000 HTTP/1.1" 200 - "-" "WordPress/7.0.2; https://tradedealings.shop"
187.72.149.74 - - [22/Jul/2026:08:10:17 +0000] "GET / HTTP/1.1" 200 75008 "-" "python-requests/2.32.3"
198.177.124.148 - - [22/Jul/2026:08:17:28 +0000] "POST /wp-cron.php?doing_wp_cron=1784708248.6149969100952148437500 HTTP/1.1" 200 - "-" "WordPress/7.0.2; https://tradedealings.shop"
185.223.59.48 - - [22/Jul/2026:08:17:26 +0000] "GET / HTTP/1.1" 200 75008 "-" "Mozilla/5.0 (Windows NT 10.0; Win64; x64) AppleWebKit/537.36 (KHTML, like Gecko) Chrome/120.0.0.0 Safari/537.36"
185.223.59.48 - - [22/Jul/2026:08:17:29 +0000] "GET /wp-includes/js/jquery/jquery.min.js?ver=3.7.1 HTTP/1.1" 200 87553 "https://tradedealings.shop/" "Mozilla/5.0 (Windows NT 10.0; Win64; x64) AppleWebKit/537.36 (KHTML, like Gecko) Chrome/120.0.0.0 Safari/537.36"
185.223.59.48 - - [22/Jul/2026:08:17:30 +0000] "GET /wp-includes/js/jquery/jquery-migrate.min.js?ver=3.4.1 HTTP/1.1" 200 13577 "https://tradedealings.shop/" "Mozilla/5.0 (Windows NT 10.0; Win64; x64) AppleWebKit/537.36 (KHTML, like Gecko) Chrome/120.0.0.0 Safari/537.36"
185.223.59.48 - - [22/Jul/2026:08:17:30 +0000] "GET /wp-includes/js/dist/script-modules/interactivity/index.min.js?ver=efaa5193bbad9c60ffd1 HTTP/1.1" 200 40106 "https://tradedealings.shop/" "Mozilla/5.0 (Windows NT 10.0; Win64; x64) AppleWebKit/537.36 (KHTML, like Gecko) Chrome/120.0.0.0 Safari/537.36"
185.223.59.48 - - [22/Jul/2026:08:17:30 +0000] "GET /wp-includes/js/dist/script-modules/block-library/navigation/view.min.js?ver=96a846e1d7b789c39ab9 HTTP/1.1" 200 3053 "https://tradedealings.shop/" "Mozilla/5.0 (Windows NT 10.0; Win64; x64) AppleWebKit/537.36 (KHTML, like Gecko) Chrome/120.0.0.0 Safari/537.36"
185.223.59.48 - - [22/Jul/2026:08:17:31 +0000] "GET /wp-content/themes/twentytwentyfive/assets/fonts/manrope/Manrope-VariableFont_wght.woff2 HTTP/1.1" 200 53600 "https://tradedealings.shop/" "Mozilla/5.0 (Windows NT 10.0; Win64; x64) AppleWebKit/537.36 (KHTML, like Gecko) Chrome/120.0.0.0 Safari/537.36"
185.223.59.48 - - [22/Jul/2026:08:17:31 +0000] "GET /wp-content/plugins/pixelyoursite/dist/scripts/jquery.bind-first-0.2.3.min.js?ver=0.2.3 HTTP/1.1" 200 1317 "https://tradedealings.shop/" "Mozilla/5.0 (Windows NT 10.0; Win64; x64) AppleWebKit/537.36 (KHTML, like Gecko) Chrome/120.0.0.0 Safari/537.36"
185.223.59.48 - - [22/Jul/2026:08:17:31 +0000] "GET /wp-content/plugins/pixelyoursite/dist/scripts/js.cookie-2.1.3.min.js?ver=2.1.3 HTTP/1.1" 200 1709 "https://tradedealings.shop/" "Mozilla/5.0 (Windows NT 10.0; Win64; x64) AppleWebKit/537.36 (KHTML, like Gecko) Chrome/120.0.0.0 Safari/537.36"
185.223.59.48 - - [22/Jul/2026:08:17:31 +0000] "GET /wp-content/plugins/pixelyoursite/dist/scripts/public.js?ver=11.2.1 HTTP/1.1" 200 172979 "https://tradedealings.shop/" "Mozilla/5.0 (Windows NT 10.0; Win64; x64) AppleWebKit/537.36 (KHTML, like Gecko) Chrome/120.0.0.0 Safari/537.36"
185.223.59.48 - - [22/Jul/2026:08:17:31 +0000] "GET /wp-content/plugins/pixelyoursite/dist/scripts/tld.min.js?ver=2.3.1 HTTP/1.1" 200 141079 "https://tradedealings.shop/" "Mozilla/5.0 (Windows NT 10.0; Win64; x64) AppleWebKit/537.36 (KHTML, like Gecko) Chrome/120.0.0.0 Safari/537.36"
165.140.196.156 - - [22/Jul/2026:08:17:44 +0000] "GET /cmd_sco HTTP/1.1" 404 63766 "-" "Mozilla/5.0 (Macintosh; Intel Mac OS X 10_15_7) AppleWebKit/537.36 (KHTML, like Gecko) Chrome/125.0.0.0 Safari/537.36"
168.91.100.158 - - [22/Jul/2026:08:17:51 +0000] "GET /cmd_sco HTTP/1.1" 404 63766 "-" "Mozilla/5.0 (Windows NT 10.0; Win64; x64) AppleWebKit/537.36 (KHTML, like Gecko) Chrome/120.0.0.0 Safari/537.36"
168.91.100.158 - - [22/Jul/2026:08:17:54 +0000] "GET /wp-includes/blocks/navigation/style.min.css?ver=7.0.2 HTTP/1.1" 200 20709 "https://tradedealings.shop/cmd_sco" "Mozilla/5.0 (Windows NT 10.0; Win64; x64) AppleWebKit/537.36 (KHTML, like Gecko) Chrome/120.0.0.0 Safari/537.36"
168.91.100.158 - - [22/Jul/2026:08:17:54 +0000] "GET /wp-includes/js/jquery/jquery.min.js?ver=3.7.1 HTTP/1.1" 200 87553 "https://tradedealings.shop/cmd_sco" "Mozilla/5.0 (Windows NT 10.0; Win64; x64) AppleWebKit/537.36 (KHTML, like Gecko) Chrome/120.0.0.0 Safari/537.36"
168.91.100.158 - - [22/Jul/2026:08:17:54 +0000] "GET /wp-includes/js/jquery/jquery-migrate.min.js?ver=3.4.1 HTTP/1.1" 200 13577 "https://tradedealings.shop/cmd_sco" "Mozilla/5.0 (Windows NT 10.0; Win64; x64) AppleWebKit/537.36 (KHTML, like Gecko) Chrome/120.0.0.0 Safari/537.36"
168.91.100.158 - - [22/Jul/2026:08:17:54 +0000] "GET /wp-content/themes/twentytwentyfive/assets/images/404-image.webp HTTP/1.1" 200 129970 "https://tradedealings.shop/cmd_sco" "Mozilla/5.0 (Windows NT 10.0; Win64; x64) AppleWebKit/537.36 (KHTML, like Gecko) Chrome/120.0.0.0 Safari/537.36"
168.91.100.158 - - [22/Jul/2026:08:17:55 +0000] "GET /wp-includes/js/dist/script-modules/interactivity/index.min.js?ver=efaa5193bbad9c60ffd1 HTTP/1.1" 200 40106 "https://tradedealings.shop/cmd_sco" "Mozilla/5.0 (Windows NT 10.0; Win64; x64) AppleWebKit/537.36 (KHTML, like Gecko) Chrome/120.0.0.0 Safari/537.36"
168.91.100.158 - - [22/Jul/2026:08:17:55 +0000] "GET /wp-includes/js/dist/script-modules/block-library/navigation/view.min.js?ver=96a846e1d7b789c39ab9 HTTP/1.1" 200 3053 "https://tradedealings.shop/cmd_sco" "Mozilla/5.0 (Windows NT 10.0; Win64; x64) AppleWebKit/537.36 (KHTML, like Gecko) Chrome/120.0.0.0 Safari/537.36"
168.91.100.158 - - [22/Jul/2026:08:17:55 +0000] "GET /wp-content/plugins/pixelyoursite/dist/scripts/jquery.bind-first-0.2.3.min.js?ver=0.2.3 HTTP/1.1" 200 1317 "https://tradedealings.shop/cmd_sco" "Mozilla/5.0 (Windows NT 10.0; Win64; x64) AppleWebKit/537.36 (KHTML, like Gecko) Chrome/120.0.0.0 Safari/537.36"
168.91.100.158 - - [22/Jul/2026:08:17:55 +0000] "GET /wp-content/plugins/pixelyoursite/dist/scripts/js.cookie-2.1.3.min.js?ver=2.1.3 HTTP/1.1" 200 1709 "https://tradedealings.shop/cmd_sco" "Mozilla/5.0 (Windows NT 10.0; Win64; x64) AppleWebKit/537.36 (KHTML, like Gecko) Chrome/120.0.0.0 Safari/537.36"
168.91.100.158 - - [22/Jul/2026:08:17:55 +0000] "GET /wp-content/plugins/pixelyoursite/dist/scripts/tld.min.js?ver=2.3.1 HTTP/1.1" 200 141079 "https://tradedealings.shop/cmd_sco" "Mozilla/5.0 (Windows NT 10.0; Win64; x64) AppleWebKit/537.36 (KHTML, like Gecko) Chrome/120.0.0.0 Safari/537.36"
168.91.100.158 - - [22/Jul/2026:08:17:55 +0000] "GET /wp-content/themes/twentytwentyfive/assets/fonts/manrope/Manrope-VariableFont_wght.woff2 HTTP/1.1" 200 53600 "https://tradedealings.shop/cmd_sco" "Mozilla/5.0 (Windows NT 10.0; Win64; x64) AppleWebKit/537.36 (KHTML, like Gecko) Chrome/120.0.0.0 Safari/537.36"
168.91.100.158 - - [22/Jul/2026:08:17:55 +0000] "GET /wp-content/plugins/pixelyoursite/dist/scripts/public.js?ver=11.2.1 HTTP/1.1" 200 172979 "https://tradedealings.shop/cmd_sco" "Mozilla/5.0 (Windows NT 10.0; Win64; x64) AppleWebKit/537.36 (KHTML, like Gecko) Chrome/120.0.0.0 Safari/537.36"
198.177.124.148 - - [22/Jul/2026:08:20:51 +0000] "POST /wp-cron.php?doing_wp_cron=1784708451.4243431091308593750000 HTTP/1.1" 200 - "-" "WordPress/7.0.2; https://tradedealings.shop"
45.85.242.63 - - [22/Jul/2026:08:20:48 +0000] "GET / HTTP/1.1" 200 75008 "-" "Mozilla/5.0 (Windows NT 10.0; Win64; x64) AppleWebKit/537.36 (KHTML, like Gecko) Chrome/120.0.0.0 Safari/537.36"
45.85.242.63 - - [22/Jul/2026:08:20:54 +0000] "GET /wp-includes/js/jquery/jquery.min.js?ver=3.7.1 HTTP/1.1" 200 87553 "https://tradedealings.shop/" "Mozilla/5.0 (Windows NT 10.0; Win64; x64) AppleWebKit/537.36 (KHTML, like Gecko) Chrome/120.0.0.0 Safari/537.36"
45.85.242.63 - - [22/Jul/2026:08:20:54 +0000] "GET /wp-includes/js/jquery/jquery-migrate.min.js?ver=3.4.1 HTTP/1.1" 200 13577 "https://tradedealings.shop/" "Mozilla/5.0 (Windows NT 10.0; Win64; x64) AppleWebKit/537.36 (KHTML, like Gecko) Chrome/120.0.0.0 Safari/537.36"
45.85.242.63 - - [22/Jul/2026:08:20:54 +0000] "GET /wp-includes/js/dist/script-modules/interactivity/index.min.js?ver=efaa5193bbad9c60ffd1 HTTP/1.1" 200 40106 "https://tradedealings.shop/" "Mozilla/5.0 (Windows NT 10.0; Win64; x64) AppleWebKit/537.36 (KHTML, like Gecko) Chrome/120.0.0.0 Safari/537.36"
45.85.242.63 - - [22/Jul/2026:08:20:55 +0000] "GET /wp-includes/js/dist/script-modules/block-library/navigation/view.min.js?ver=96a846e1d7b789c39ab9 HTTP/1.1" 200 3053 "https://tradedealings.shop/" "Mozilla/5.0 (Windows NT 10.0; Win64; x64) AppleWebKit/537.36 (KHTML, like Gecko) Chrome/120.0.0.0 Safari/537.36"
45.85.242.63 - - [22/Jul/2026:08:20:55 +0000] "GET /wp-content/plugins/pixelyoursite/dist/scripts/jquery.bind-first-0.2.3.min.js?ver=0.2.3 HTTP/1.1" 200 1317 "https://tradedealings.shop/" "Mozilla/5.0 (Windows NT 10.0; Win64; x64) AppleWebKit/537.36 (KHTML, like Gecko) Chrome/120.0.0.0 Safari/537.36"
45.85.242.63 - - [22/Jul/2026:08:20:55 +0000] "GET /wp-content/themes/twentytwentyfive/assets/fonts/manrope/Manrope-VariableFont_wght.woff2 HTTP/1.1" 200 53600 "https://tradedealings.shop/" "Mozilla/5.0 (Windows NT 10.0; Win64; x64) AppleWebKit/537.36 (KHTML, like Gecko) Chrome/120.0.0.0 Safari/537.36"
45.85.242.63 - - [22/Jul/2026:08:20:55 +0000] "GET /wp-content/plugins/pixelyoursite/dist/scripts/js.cookie-2.1.3.min.js?ver=2.1.3 HTTP/1.1" 200 1709 "https://tradedealings.shop/" "Mozilla/5.0 (Windows NT 10.0; Win64; x64) AppleWebKit/537.36 (KHTML, like Gecko) Chrome/120.0.0.0 Safari/537.36"
45.85.242.63 - - [22/Jul/2026:08:20:55 +0000] "GET /wp-content/plugins/pixelyoursite/dist/scripts/tld.min.js?ver=2.3.1 HTTP/1.1" 200 141079 "https://tradedealings.shop/" "Mozilla/5.0 (Windows NT 10.0; Win64; x64) AppleWebKit/537.36 (KHTML, like Gecko) Chrome/120.0.0.0 Safari/537.36"
45.85.242.63 - - [22/Jul/2026:08:20:55 +0000] "GET /wp-content/plugins/pixelyoursite/dist/scripts/public.js?ver=11.2.1 HTTP/1.1" 200 172979 "https://tradedealings.shop/" "Mozilla/5.0 (Windows NT 10.0; Win64; x64) AppleWebKit/537.36 (KHTML, like Gecko) Chrome/120.0.0.0 Safari/537.36"
34.76.117.34 - - [22/Jul/2026:08:21:00 +0000] "GET / HTTP/1.1" 200 75008 "-" "Python/3.10 aiohttp/3.13.0"
198.177.124.148 - - [22/Jul/2026:08:23:19 +0000] "POST /wp-cron.php?doing_wp_cron=1784708598.9481759071350097656250 HTTP/1.1" 200 - "-" "WordPress/7.0.2; https://tradedealings.shop"
45.66.50.181 - - [22/Jul/2026:08:23:16 +0000] "GET / HTTP/1.1" 200 75008 "-" "Mozilla/5.0 (Windows NT 10.0; Win64; x64) AppleWebKit/537.36 (KHTML, like Gecko) Chrome/120.0.0.0 Safari/537.36"
45.66.50.181 - - [22/Jul/2026:08:23:19 +0000] "GET /wp-includes/js/jquery/jquery.min.js?ver=3.7.1 HTTP/1.1" 200 87553 "https://tradedealings.shop/" "Mozilla/5.0 (Windows NT 10.0; Win64; x64) AppleWebKit/537.36 (KHTML, like Gecko) Chrome/120.0.0.0 Safari/537.36"
45.66.50.181 - - [22/Jul/2026:08:23:20 +0000] "GET /wp-includes/js/jquery/jquery-migrate.min.js?ver=3.4.1 HTTP/1.1" 200 13577 "https://tradedealings.shop/" "Mozilla/5.0 (Windows NT 10.0; Win64; x64) AppleWebKit/537.36 (KHTML, like Gecko) Chrome/120.0.0.0 Safari/537.36"
45.66.50.181 - - [22/Jul/2026:08:23:20 +0000] "GET /wp-includes/js/dist/script-modules/interactivity/index.min.js?ver=efaa5193bbad9c60ffd1 HTTP/1.1" 200 40106 "https://tradedealings.shop/" "Mozilla/5.0 (Windows NT 10.0; Win64; x64) AppleWebKit/537.36 (KHTML, like Gecko) Chrome/120.0.0.0 Safari/537.36"
45.66.50.181 - - [22/Jul/2026:08:23:20 +0000] "GET /wp-includes/js/dist/script-modules/block-library/navigation/view.min.js?ver=96a846e1d7b789c39ab9 HTTP/1.1" 200 3053 "https://tradedealings.shop/" "Mozilla/5.0 (Windows NT 10.0; Win64; x64) AppleWebKit/537.36 (KHTML, like Gecko) Chrome/120.0.0.0 Safari/537.36"
45.66.50.181 - - [22/Jul/2026:08:23:20 +0000] "GET /wp-content/plugins/pixelyoursite/dist/scripts/jquery.bind-first-0.2.3.min.js?ver=0.2.3 HTTP/1.1" 200 1317 "https://tradedealings.shop/" "Mozilla/5.0 (Windows NT 10.0; Win64; x64) AppleWebKit/537.36 (KHTML, like Gecko) Chrome/120.0.0.0 Safari/537.36"
45.66.50.181 - - [22/Jul/2026:08:23:20 +0000] "GET /wp-content/themes/twentytwentyfive/assets/fonts/manrope/Manrope-VariableFont_wght.woff2 HTTP/1.1" 200 53600 "https://tradedealings.shop/" "Mozilla/5.0 (Windows NT 10.0; Win64; x64) AppleWebKit/537.36 (KHTML, like Gecko) Chrome/120.0.0.0 Safari/537.36"
45.66.50.181 - - [22/Jul/2026:08:23:20 +0000] "GET /wp-content/plugins/pixelyoursite/dist/scripts/js.cookie-2.1.3.min.js?ver=2.1.3 HTTP/1.1" 200 1709 "https://tradedealings.shop/" "Mozilla/5.0 (Windows NT 10.0; Win64; x64) AppleWebKit/537.36 (KHTML, like Gecko) Chrome/120.0.0.0 Safari/537.36"
45.66.50.181 - - [22/Jul/2026:08:23:20 +0000] "GET /wp-content/plugins/pixelyoursite/dist/scripts/tld.min.js?ver=2.3.1 HTTP/1.1" 200 141079 "https://tradedealings.shop/" "Mozilla/5.0 (Windows NT 10.0; Win64; x64) AppleWebKit/537.36 (KHTML, like Gecko) Chrome/120.0.0.0 Safari/537.36"
45.66.50.181 - - [22/Jul/2026:08:23:21 +0000] "GET /wp-content/plugins/pixelyoursite/dist/scripts/public.js?ver=11.2.1 HTTP/1.1" 200 172979 "https://tradedealings.shop/" "Mozilla/5.0 (Windows NT 10.0; Win64; x64) AppleWebKit/537.36 (KHTML, like Gecko) Chrome/120.0.0.0 Safari/537.36"
165.140.196.156 - - [22/Jul/2026:08:23:29 +0000] "GET /cmd_sco HTTP/1.1" 404 63766 "-" "Mozilla/5.0 (Macintosh; Intel Mac OS X 10_15_7) AppleWebKit/537.36 (KHTML, like Gecko) Chrome/125.0.0.0 Safari/537.36"
185.223.248.174 - - [22/Jul/2026:08:23:50 +0000] "GET /cmd_sco HTTP/1.1" 404 63766 "-" "Mozilla/5.0 (Windows NT 10.0; Win64; x64) AppleWebKit/537.36 (KHTML, like Gecko) Chrome/120.0.0.0 Safari/537.36"
185.223.248.174 - - [22/Jul/2026:08:23:54 +0000] "GET /wp-includes/blocks/navigation/style.min.css?ver=7.0.2 HTTP/1.1" 200 20709 "https://tradedealings.shop/cmd_sco" "Mozilla/5.0 (Windows NT 10.0; Win64; x64) AppleWebKit/537.36 (KHTML, like Gecko) Chrome/120.0.0.0 Safari/537.36"
185.223.248.174 - - [22/Jul/2026:08:23:54 +0000] "GET /wp-includes/js/jquery/jquery.min.js?ver=3.7.1 HTTP/1.1" 200 87553 "https://tradedealings.shop/cmd_sco" "Mozilla/5.0 (Windows NT 10.0; Win64; x64) AppleWebKit/537.36 (KHTML, like Gecko) Chrome/120.0.0.0 Safari/537.36"
185.223.248.174 - - [22/Jul/2026:08:23:55 +0000] "GET /wp-includes/js/jquery/jquery-migrate.min.js?ver=3.4.1 HTTP/1.1" 200 13577 "https://tradedealings.shop/cmd_sco" "Mozilla/5.0 (Windows NT 10.0; Win64; x64) AppleWebKit/537.36 (KHTML, like Gecko) Chrome/120.0.0.0 Safari/537.36"
185.223.248.174 - - [22/Jul/2026:08:23:55 +0000] "GET /wp-content/themes/twentytwentyfive/assets/images/404-image.webp HTTP/1.1" 200 129970 "https://tradedealings.shop/cmd_sco" "Mozilla/5.0 (Windows NT 10.0; Win64; x64) AppleWebKit/537.36 (KHTML, like Gecko) Chrome/120.0.0.0 Safari/537.36"
185.223.248.174 - - [22/Jul/2026:08:23:55 +0000] "GET /wp-includes/js/dist/script-modules/interactivity/index.min.js?ver=efaa5193bbad9c60ffd1 HTTP/1.1" 200 40106 "https://tradedealings.shop/cmd_sco" "Mozilla/5.0 (Windows NT 10.0; Win64; x64) AppleWebKit/537.36 (KHTML, like Gecko) Chrome/120.0.0.0 Safari/537.36"
185.223.248.174 - - [22/Jul/2026:08:23:55 +0000] "GET /wp-includes/js/dist/script-modules/block-library/navigation/view.min.js?ver=96a846e1d7b789c39ab9 HTTP/1.1" 200 3053 "https://tradedealings.shop/cmd_sco" "Mozilla/5.0 (Windows NT 10.0; Win64; x64) AppleWebKit/537.36 (KHTML, like Gecko) Chrome/120.0.0.0 Safari/537.36"
185.223.248.174 - - [22/Jul/2026:08:23:55 +0000] "GET /wp-content/plugins/pixelyoursite/dist/scripts/jquery.bind-first-0.2.3.min.js?ver=0.2.3 HTTP/1.1" 200 1317 "https://tradedealings.shop/cmd_sco" "Mozilla/5.0 (Windows NT 10.0; Win64; x64) AppleWebKit/537.36 (KHTML, like Gecko) Chrome/120.0.0.0 Safari/537.36"
185.223.248.174 - - [22/Jul/2026:08:23:55 +0000] "GET /wp-content/plugins/pixelyoursite/dist/scripts/js.cookie-2.1.3.min.js?ver=2.1.3 HTTP/1.1" 200 1709 "https://tradedealings.shop/cmd_sco" "Mozilla/5.0 (Windows NT 10.0; Win64; x64) AppleWebKit/537.36 (KHTML, like Gecko) Chrome/120.0.0.0 Safari/537.36"
185.223.248.174 - - [22/Jul/2026:08:23:55 +0000] "GET /wp-content/plugins/pixelyoursite/dist/scripts/tld.min.js?ver=2.3.1 HTTP/1.1" 200 141079 "https://tradedealings.shop/cmd_sco" "Mozilla/5.0 (Windows NT 10.0; Win64; x64) AppleWebKit/537.36 (KHTML, like Gecko) Chrome/120.0.0.0 Safari/537.36"
185.223.248.174 - - [22/Jul/2026:08:23:55 +0000] "GET /wp-content/plugins/pixelyoursite/dist/scripts/public.js?ver=11.2.1 HTTP/1.1" 200 172979 "https://tradedealings.shop/cmd_sco" "Mozilla/5.0 (Windows NT 10.0; Win64; x64) AppleWebKit/537.36 (KHTML, like Gecko) Chrome/120.0.0.0 Safari/537.36"
185.223.248.174 - - [22/Jul/2026:08:23:56 +0000] "GET /wp-content/themes/twentytwentyfive/assets/fonts/manrope/Manrope-VariableFont_wght.woff2 HTTP/1.1" 200 53600 "https://tradedealings.shop/cmd_sco" "Mozilla/5.0 (Windows NT 10.0; Win64; x64) AppleWebKit/537.36 (KHTML, like Gecko) Chrome/120.0.0.0 Safari/537.36"
198.177.124.148 - - [22/Jul/2026:08:24:14 +0000] "POST /wp-cron.php?doing_wp_cron=1784708654.6273651123046875000000 HTTP/1.1" 200 - "-" "WordPress/7.0.2; https://tradedealings.shop"
34.76.117.34 - - [22/Jul/2026:08:24:10 +0000] "GET /cmd_sco HTTP/1.1" 404 63766 "-" "Python/3.10 aiohttp/3.13.0"
198.177.124.148 - - [22/Jul/2026:08:25:26 +0000] "POST /wp-cron.php?doing_wp_cron=1784708726.8396348953247070312500 HTTP/1.1" 200 - "-" "WordPress/7.0.2; https://tradedealings.shop"
34.76.117.34 - - [22/Jul/2026:08:25:23 +0000] "GET /about HTTP/1.1" 404 63764 "-" "Python/3.10 aiohttp/3.13.0"
198.177.124.148 - - [22/Jul/2026:08:33:06 +0000] "POST /wp-cron.php?doing_wp_cron=1784709186.7106719017028808593750 HTTP/1.1" 200 - "-" "WordPress/7.0.2; https://tradedealings.shop"
216.73.216.68 - - [22/Jul/2026:08:33:03 +0000] "GET /robots.txt HTTP/1.1" 200 119 "-" "Mozilla/5.0 AppleWebKit/537.36 (KHTML, like Gecko; compatible; ClaudeBot/1.0; +claudebot@anthropic.com)"
216.73.216.68 - - [22/Jul/2026:08:33:07 +0000] "GET /wp-sitemap.xml HTTP/1.1" 200 552 "-" "Mozilla/5.0 AppleWebKit/537.36 (KHTML, like Gecko; compatible; ClaudeBot/1.0; +claudebot@anthropic.com)"
198.177.124.148 - - [22/Jul/2026:08:42:09 +0000] "POST /wp-cron.php?doing_wp_cron=1784709729.6754419803619384765625 HTTP/1.1" 200 - "-" "WordPress/7.0.2; https://tradedealings.shop"
155.103.69.82 - - [22/Jul/2026:08:42:07 +0000] "GET / HTTP/1.1" 301 - "-" "Mozilla/5.0 (Windows NT 6.1) AppleWebKit/537.36 (KHTML, like Gecko) Chrome/35.0.1916.114 Safari/537.36"
198.177.124.148 - - [22/Jul/2026:08:42:23 +0000] "POST /wp-cron.php?doing_wp_cron=1784709743.4719450473785400390625 HTTP/1.1" 200 - "-" "WordPress/7.0.2; https://tradedealings.shop"
155.103.69.82 - - [22/Jul/2026:08:42:21 +0000] "GET / HTTP/1.1" 200 75008 "-" "Mozilla/5.0 (Windows NT 6.1) AppleWebKit/537.36 (KHTML, like Gecko) Chrome/35.0.1916.114 Safari/537.36"
155.103.69.82 - - [22/Jul/2026:08:42:32 +0000] "GET / HTTP/1.1" 200 75008 "-" "Mozilla/5.0 (Windows NT 6.1) AppleWebKit/537.36 (KHTML, like Gecko) Chrome/35.0.1916.114 Safari/537.36"
155.103.69.82 - - [22/Jul/2026:08:42:43 +0000] "GET /sample-page/ HTTP/1.1" 200 74729 "-" "Mozilla/5.0 (Windows NT 6.1) AppleWebKit/537.36 (KHTML, like Gecko) Chrome/35.0.1916.114 Safari/537.36"
155.103.69.82 - - [22/Jul/2026:08:42:53 +0000] "GET /trade-dealings/ HTTP/1.1" 200 120680 "-" "Mozilla/5.0 (Windows NT 6.1) AppleWebKit/537.36 (KHTML, like Gecko) Chrome/35.0.1916.114 Safari/537.36"
198.177.124.148 - - [22/Jul/2026:08:43:06 +0000] "POST /wp-cron.php?doing_wp_cron=1784709786.4600219726562500000000 HTTP/1.1" 200 - "-" "WordPress/7.0.2; https://tradedealings.shop"
155.103.69.82 - - [22/Jul/2026:08:43:04 +0000] "GET /2026/07/20/hello-world/ HTTP/1.1" 200 77176 "-" "Mozilla/5.0 (Windows NT 6.1) AppleWebKit/537.36 (KHTML, like Gecko) Chrome/35.0.1916.114 Safari/537.36"
198.177.124.148 - - [22/Jul/2026:08:43:15 +0000] "POST /wp-cron.php?doing_wp_cron=1784709795.7813720703125000000000 HTTP/1.1" 200 - "-" "WordPress/7.0.2; https://tradedealings.shop"
155.103.69.82 - - [22/Jul/2026:08:43:13 +0000] "GET /author/trade/ HTTP/1.1" 200 74142 "-" "Mozilla/5.0 (Windows NT 6.1) AppleWebKit/537.36 (KHTML, like Gecko) Chrome/35.0.1916.114 Safari/537.36"
155.103.69.82 - - [22/Jul/2026:08:43:23 +0000] "GET /wp-admin/ HTTP/1.1" 302 - "-" "Mozilla/5.0 (Windows NT 6.1) AppleWebKit/537.36 (KHTML, like Gecko) Chrome/35.0.1916.114 Safari/537.36"
155.103.69.82 - - [22/Jul/2026:08:43:31 +0000] "GET /wp-login.php?redirect_to=https://tradedealings.shop/wp-admin/&reauth=1 HTTP/1.1" 200 4729 "-" "Mozilla/5.0 (Windows NT 6.1) AppleWebKit/537.36 (KHTML, like Gecko) Chrome/35.0.1916.114 Safari/537.36"
155.103.69.82 - - [22/Jul/2026:08:43:41 +0000] "GET /wp-login.php?action=lostpassword HTTP/1.1" 200 2148 "-" "Mozilla/5.0 (Windows NT 6.1) AppleWebKit/537.36 (KHTML, like Gecko) Chrome/35.0.1916.114 Safari/537.36"
155.103.69.82 - - [22/Jul/2026:08:43:53 +0000] "GET /wp-login.php HTTP/1.1" 200 4729 "-" "Mozilla/5.0 (Windows NT 6.1) AppleWebKit/537.36 (KHTML, like Gecko) Chrome/35.0.1916.114 Safari/537.36"
155.103.69.82 - - [22/Jul/2026:08:44:07 +0000] "GET /category/uncategorized/ HTTP/1.1" 200 74197 "-" "Mozilla/5.0 (Windows NT 6.1) AppleWebKit/537.36 (KHTML, like Gecko) Chrome/35.0.1916.114 Safari/537.36"
194.116.236.215 - - [22/Jul/2026:08:44:10 +0000] "GET /2026/07/20/hello-world/ HTTP/1.1" 200 77199 "-" "Mozilla/5.0 (Windows NT 5.1) AppleWebKit/537.36 (KHTML, like Gecko) Chrome/44.0.2403.130 Safari/537.36"
198.177.124.148 - - [22/Jul/2026:08:44:17 +0000] "POST /wp-cron.php?doing_wp_cron=1784709857.3710529804229736328125 HTTP/1.1" 200 - "-" "WordPress/7.0.2; https://tradedealings.shop"
194.116.236.215 - - [22/Jul/2026:08:44:14 +0000] "POST /wp-comments-post.php HTTP/1.1" 302 - "https://tradedealings.shop/2026/07/20/hello-world/" "Mozilla/5.0 (Windows NT 5.1) AppleWebKit/537.36 (KHTML, like Gecko) Chrome/44.0.2403.130 Safari/537.36"
194.116.236.215 - - [22/Jul/2026:08:44:18 +0000] "POST /2026/07/20/hello-world/ HTTP/1.1" 200 77199 "https://tradedealings.shop/2026/07/20/hello-world/" "Mozilla/5.0 (Windows NT 5.1) AppleWebKit/537.36 (KHTML, like Gecko) Chrome/44.0.2403.130 Safari/537.36"
198.177.124.148 - - [22/Jul/2026:08:52:10 +0000] "POST /wp-cron.php?doing_wp_cron=1784710330.3473320007324218750000 HTTP/1.1" 200 - "-" "WordPress/7.0.2; https://tradedealings.shop"
68.183.143.107 - - [22/Jul/2026:08:52:07 +0000] "GET /wp-login.php HTTP/1.1" 200 4729 "-" "Mozilla/5.0"
68.183.143.107 - - [22/Jul/2026:08:52:10 +0000] "GET /?author=1 HTTP/1.1" 301 - "-" "Mozilla/5.0"
198.177.124.148 - - [22/Jul/2026:08:52:15 +0000] "POST /wp-cron.php?doing_wp_cron=1784710335.4756479263305664062500 HTTP/1.1" 200 - "-" "WordPress/7.0.2; https://tradedealings.shop"
68.183.143.107 - - [22/Jul/2026:08:52:12 +0000] "GET /?rest_route=/wp/v2/users HTTP/1.1" 200 776 "-" "Mozilla/5.0"
68.183.143.107 - - [22/Jul/2026:08:52:15 +0000] "GET /?author=2 HTTP/1.1" 404 63759 "-" "Mozilla/5.0"
68.183.143.107 - - [22/Jul/2026:08:52:18 +0000] "GET /?rest_route=/wp/v2/users HTTP/1.1" 200 776 "-" "Mozilla/5.0"
34.122.147.229 - - [22/Jul/2026:08:58:17 +0000] "GET /wp-includes/js/jquery/jquery-migrate.min.js?ver=3.4.1 HTTP/1.1" 200 13577 "-" "Mozilla/5.0 (Windows NT 10.0; Win64; x64) AppleWebKit/537.36 (KHTML, like Gecko) Chrome/125.0.6422.60 Safari/537.36 Edge/12.246"
34.123.170.104 - - [22/Jul/2026:08:58:17 +0000] "GET /wp-includes/js/jquery/jquery-migrate.min.js?ver=3.4.1 HTTP/1.1" 200 13577 "-" "Mozilla/5.0 (Windows NT 10.0; Win64; x64) AppleWebKit/537.36 (KHTML, like Gecko) Chrome/125.0.6422.60 Safari/537.36 Edge/12.246"
34.72.176.129 - - [22/Jul/2026:08:58:41 +0000] "GET /wp-content/plugins/pixelyoursite/dist/scripts/tld.min.js?ver=2.3.1 HTTP/1.1" 200 141079 "-" "Mozilla/5.0 (Windows NT 10.0; Win64; x64) AppleWebKit/537.36 (KHTML, like Gecko) Chrome/125.0.6422.60 Safari/537.36 Edge/12.246"
104.197.69.115 - - [22/Jul/2026:08:58:42 +0000] "GET /wp-content/plugins/pixelyoursite/dist/scripts/js.cookie-2.1.3.min.js?ver=2.1.3 HTTP/1.1" 200 1709 "-" "Mozilla/5.0 (Windows NT 10.0; Win64; x64) AppleWebKit/537.36 (KHTML, like Gecko) Chrome/125.0.6422.60 Safari/537.36 Edge/12.246"
198.177.124.148 - - [22/Jul/2026:09:03:42 +0000] "POST /wp-cron.php?doing_wp_cron=1784711022.1931490898132324218750 HTTP/1.1" 200 - "-" "WordPress/7.0.2; https://tradedealings.shop"
86.57.141.54 - - [22/Jul/2026:09:03:39 +0000] "GET / HTTP/1.1" 200 75008 "-" "Mozilla/5.0 (Windows NT 10.0; Win64; x64) AppleWebKit/537.36 (KHTML, like Gecko) Chrome/91.0.4472.124 Safari/537.36"
172.235.214.172 - - [22/Jul/2026:09:05:03 +0000] "GET /wp-login.php HTTP/1.1" 200 4729 "-" "Mozilla/5.0 (Macintosh; Intel Mac OS X 10_15_7) AppleWebKit/605.1.15 Version/17.0 Safari/605.1.15"
172.235.214.172 - - [22/Jul/2026:09:05:06 +0000] "GET /?author=1 HTTP/1.1" 301 - "-" "Mozilla/5.0 (Windows NT 10.0; Win64; rv:143.0) Gecko/20100101 Firefox/143.0"
172.235.214.172 - - [22/Jul/2026:09:05:09 +0000] "GET /?rest_route=/wp/v2/users HTTP/1.1" 200 776 "-" "Mozilla/5.0 (Windows NT 10.0; Win64; rv:143.0) Gecko/20100101 Firefox/143.0"
198.177.124.148 - - [22/Jul/2026:09:05:14 +0000] "POST /wp-cron.php?doing_wp_cron=1784711114.7805209159851074218750 HTTP/1.1" 200 - "-" "WordPress/7.0.2; https://tradedealings.shop"
172.235.214.172 - - [22/Jul/2026:09:05:12 +0000] "GET /?author=2 HTTP/1.1" 404 63759 "-" "Mozilla/5.0 (Windows NT 10.0; Win64; rv:143.0) Gecko/20100101 Firefox/143.0"
172.235.214.172 - - [22/Jul/2026:09:05:15 +0000] "GET /?rest_route=/wp/v2/users HTTP/1.1" 200 776 "-" "Mozilla/5.0 (Windows NT 10.0; Win64; rv:143.0) Gecko/20100101 Firefox/143.0"
122.161.79.177 - - [22/Jul/2026:09:09:51 +0000] "GET /sample-page/ HTTP/1.1" 200 74728 "http://tradedealings.shop" "Mozilla/5.0 (X11; Ubuntu; Linux x86_64; rv:137.0) Gecko/20100101 Firefox/137.0"
198.177.124.148 - - [22/Jul/2026:09:10:31 +0000] "POST /wp-cron.php?doing_wp_cron=1784711431.4925880432128906250000 HTTP/1.1" 200 - "-" "WordPress/7.0.2; https://tradedealings.shop"
122.161.79.177 - - [22/Jul/2026:09:10:28 +0000] "GET /trade-dealings/ HTTP/1.1" 200 120679 "http://tradedealings.shop" "Mozilla/5.0 (X11; Ubuntu; Linux x86_64; rv:137.0) Gecko/20100101 Firefox/137.0"
122.161.79.177 - - [22/Jul/2026:09:11:01 +0000] "GET / HTTP/1.1" 200 75007 "http://tradedealings.shop" "Mozilla/5.0 (X11; Ubuntu; Linux x86_64; rv:137.0) Gecko/20100101 Firefox/137.0"
205.169.39.169 - - [22/Jul/2026:09:14:04 +0000] "GET /wp-content/plugins/pixelyoursite/dist/scripts/js.cookie-2.1.3.min.js?ver=2.1.3 HTTP/1.1" 200 1709 "-" "Mozilla/5.0 (Windows NT 6.1; Win64; x64) AppleWebKit/537.36 (KHTML, like Gecko) Chrome/83.0.4103.61 Safari/537.36"
205.169.39.169 - - [22/Jul/2026:09:14:07 +0000] "GET /wp-content/plugins/pixelyoursite/dist/scripts/js.cookie-2.1.3.min.js?ver=2.1.3 HTTP/1.1" 200 1709 "-" "Mozilla/5.0 (Windows NT 10.0; Win64; x64) AppleWebKit/537.36 (KHTML, like Gecko) Chrome/79.0.3945.79 Safari/537.36"
205.169.39.226 - - [22/Jul/2026:09:15:09 +0000] "GET /wp-includes/js/jquery/jquery-migrate.min.js?ver=3.4.1 HTTP/1.1" 200 13577 "-" "Mozilla/5.0 (Windows NT 6.1; Win64; x64) AppleWebKit/537.36 (KHTML, like Gecko) Chrome/83.0.4103.61 Safari/537.36"
205.169.39.226 - - [22/Jul/2026:09:15:15 +0000] "GET /wp-includes/js/jquery/jquery-migrate.min.js?ver=3.4.1 HTTP/1.1" 200 13577 "-" "Mozilla/5.0 (Windows NT 10.0; Win64; x64) AppleWebKit/537.36 (KHTML, like Gecko) Chrome/79.0.3945.79 Safari/537.36"
205.169.39.114 - - [22/Jul/2026:09:15:41 +0000] "GET /wp-content/plugins/pixelyoursite/dist/scripts/tld.min.js?ver=2.3.1 HTTP/1.1" 200 141079 "-" "Mozilla/5.0 (Windows NT 6.1; Win64; x64) AppleWebKit/537.36 (KHTML, like Gecko) Chrome/83.0.4103.61 Safari/537.36"
205.169.39.114 - - [22/Jul/2026:09:15:46 +0000] "GET /wp-content/plugins/pixelyoursite/dist/scripts/tld.min.js?ver=2.3.1 HTTP/1.1" 200 141079 "-" "Mozilla/5.0 (Windows NT 10.0; Win64; x64) AppleWebKit/537.36 (KHTML, like Gecko) Chrome/79.0.3945.79 Safari/537.36"
18.234.38.144 - - [22/Jul/2026:10:35:08 +0000] "GET / HTTP/1.1" 301 - "-" "python-requests/2.33.1"
18.234.38.144 - - [22/Jul/2026:10:35:09 +0000] "GET / HTTP/1.1" 200 75008 "-" "python-requests/2.33.1"
198.177.124.148 - - [22/Jul/2026:10:53:00 +0000] "POST /wp-cron.php?doing_wp_cron=1784717580.0218911170959472656250 HTTP/1.1" 200 - "-" "WordPress/7.0.2; https://tradedealings.shop"
141.51.110.129 - - [22/Jul/2026:10:52:57 +0000] "GET / HTTP/1.1" 200 75008 "-" "Mozilla/5.0 (Windows NT 10.0; Win64; x64) AppleWebKit/537.36 (KHTML, like Gecko) Chrome/144.0.0.0 Safari/537.36"
141.51.110.129 - - [22/Jul/2026:10:53:03 +0000] "GET / HTTP/1.1" 301 - "-" "Mozilla/5.0 (Windows NT 10.0; Win64; x64) AppleWebKit/537.36 (KHTML, like Gecko) Chrome/144.0.0.0 Safari/537.36"
141.51.110.129 - - [22/Jul/2026:10:53:05 +0000] "GET / HTTP/1.1" 200 75008 "https://www.tradedealings.shop/" "Mozilla/5.0 (Windows NT 10.0; Win64; x64) AppleWebKit/537.36 (KHTML, like Gecko) Chrome/144.0.0.0 Safari/537.36"
216.73.216.68 - - [22/Jul/2026:11:09:16 +0000] "GET /robots.txt HTTP/1.1" 200 119 "-" "Mozilla/5.0 AppleWebKit/537.36 (KHTML, like Gecko; compatible; ClaudeBot/1.0; +claudebot@anthropic.com)"
216.73.216.68 - - [22/Jul/2026:11:09:21 +0000] "GET /wp-sitemap.xml HTTP/1.1" 200 552 "-" "Mozilla/5.0 AppleWebKit/537.36 (KHTML, like Gecko; compatible; ClaudeBot/1.0; +claudebot@anthropic.com)"
23.191.200.22 - - [22/Jul/2026:11:13:54 +0000] "GET / HTTP/1.1" 200 75008 "-" "Mozilla/5.0 (iPhone; CPU iPhone OS 18_7 like Mac OS X) AppleWebKit/605.1.15 (KHTML, like Gecko) Version/26.3 Mobile/15E148 Safari/604.1"
198.177.124.148 - - [22/Jul/2026:12:11:44 +0000] "POST /wp-cron.php?doing_wp_cron=1784722304.2801029682159423828125 HTTP/1.1" 200 - "-" "WordPress/7.0.2; https://tradedealings.shop"
185.220.101.28 - - [22/Jul/2026:12:11:41 +0000] "GET / HTTP/1.1" 200 75008 "-" "Mozilla/5.0 (iPhone; CPU iPhone OS 18_7 like Mac OS X) AppleWebKit/605.1.15 (KHTML, like Gecko) Version/26.6 Mobile/15E148 Safari/604.1"
192.42.116.16 - - [22/Jul/2026:12:11:46 +0000] "GET / HTTP/1.1" 200 75008 "-" "Mozilla/5.0 (iPhone; CPU iPhone OS 18_7 like Mac OS X) AppleWebKit/605.1.15 (KHTML, like Gecko) Version/26.6 Mobile/15E148 Safari/604.1"
205.169.39.5 - - [22/Jul/2026:12:56:58 +0000] "GET /wp-content/plugins/pixelyoursite/dist/scripts/tld.min.js?ver=2.3.1 HTTP/1.1" 200 141079 "https://bing.com/" "Mozilla/5.0 (Windows NT 10.0; Win64; x64) AppleWebKit/537.36 (KHTML, like Gecko) Chrome/117.0.5938.132 Safari/537.36"
205.169.39.5 - - [22/Jul/2026:12:56:59 +0000] "GET /favicon.ico HTTP/1.1" 302 - "https://tradedealings.shop/wp-content/plugins/pixelyoursite/dist/scripts/tld.min.js?ver=2.3.1" "Mozilla/5.0 (Windows NT 10.0; Win64; x64) AppleWebKit/537.36 (KHTML, like Gecko) Chrome/117.0.5938.132 Safari/537.36"
205.169.39.5 - - [22/Jul/2026:12:57:01 +0000] "GET /wp-includes/images/w-logo-blue-white-bg.png HTTP/1.1" 200 4119 "https://tradedealings.shop/wp-content/plugins/pixelyoursite/dist/scripts/tld.min.js?ver=2.3.1" "Mozilla/5.0 (Windows NT 10.0; Win64; x64) AppleWebKit/537.36 (KHTML, like Gecko) Chrome/117.0.5938.132 Safari/537.36"
205.169.39.5 - - [22/Jul/2026:12:57:21 +0000] "GET /wp-content/plugins/pixelyoursite/dist/scripts/tld.min.js?ver=2.3.1 HTTP/1.1" 200 141079 "-" "Mozilla/5.0 (Windows NT 10.0; Win64; x64) AppleWebKit/537.36 (KHTML, like Gecko) Chrome/117.0.5938.132 Safari/537.36"
205.169.39.26 - - [22/Jul/2026:13:02:15 +0000] "GET /wp-content/plugins/pixelyoursite/dist/scripts/js.cookie-2.1.3.min.js?ver=2.1.3 HTTP/1.1" 200 1709 "https://bing.com/" "Mozilla/5.0 (Windows NT 10.0; Win64; x64) AppleWebKit/537.36 (KHTML, like Gecko) Chrome/117.0.5938.132 Safari/537.36"
103.76.88.36 - - [22/Jul/2026:13:19:48 +0000] "GET /.env HTTP/1.1" 404 63763 "-" "Mozilla/5.0 (Windows NT 10.0; Win64; x64) AppleWebKit/537.36"
184.72.192.20 - - [22/Jul/2026:13:21:06 +0000] "GET / HTTP/1.1" 200 75008 "-" "Mozilla/5.0 (iPhone; CPU iPhone OS 18_7_8 like Mac OS X) AppleWebKit/605.1.15 (KHTML, like Gecko) Version/26.0 Mobile/15E148 Safari/604.1"
184.72.192.20 - - [22/Jul/2026:13:21:08 +0000] "GET /favicon.ico HTTP/1.1" 302 - "-" "okhttp/5.3.0"
184.72.192.20 - - [22/Jul/2026:13:21:10 +0000] "GET /wp-includes/images/w-logo-blue-white-bg.png HTTP/1.1" 200 4119 "-" "okhttp/5.3.0"
184.72.192.20 - - [22/Jul/2026:13:21:10 +0000] "GET /favicon.png HTTP/1.1" 404 63770 "-" "okhttp/5.3.0"
184.72.192.20 - - [22/Jul/2026:13:22:07 +0000] "GET / HTTP/1.1" 200 75008 "-" "Mozilla/5.0 (iPhone; CPU iPhone OS 18_7_8 like Mac OS X) AppleWebKit/605.1.15 (KHTML, like Gecko) Version/26.0 Mobile/15E148 Safari/604.1"
184.72.192.20 - - [22/Jul/2026:13:22:09 +0000] "GET /wp-includes/js/jquery/jquery.min.js?ver=3.7.1 HTTP/1.1" 200 87553 "https://tradedealings.shop/" "Mozilla/5.0 (iPhone; CPU iPhone OS 18_7_8 like Mac OS X) AppleWebKit/605.1.15 (KHTML, like Gecko) Version/26.0 Mobile/15E148 Safari/604.1"
184.72.192.20 - - [22/Jul/2026:13:22:09 +0000] "GET /wp-includes/js/jquery/jquery-migrate.min.js?ver=3.4.1 HTTP/1.1" 200 13577 "https://tradedealings.shop/" "Mozilla/5.0 (iPhone; CPU iPhone OS 18_7_8 like Mac OS X) AppleWebKit/605.1.15 (KHTML, like Gecko) Version/26.0 Mobile/15E148 Safari/604.1"
184.72.192.20 - - [22/Jul/2026:13:22:09 +0000] "GET /wp-includes/js/dist/script-modules/interactivity/index.min.js?ver=efaa5193bbad9c60ffd1 HTTP/1.1" 200 40106 "https://tradedealings.shop/" "Mozilla/5.0 (iPhone; CPU iPhone OS 18_7_8 like Mac OS X) AppleWebKit/605.1.15 (KHTML, like Gecko) Version/26.0 Mobile/15E148 Safari/604.1"
184.72.192.20 - - [22/Jul/2026:13:22:09 +0000] "GET /wp-includes/js/dist/script-modules/block-library/navigation/view.min.js?ver=96a846e1d7b789c39ab9 HTTP/1.1" 200 3053 "https://tradedealings.shop/" "Mozilla/5.0 (iPhone; CPU iPhone OS 18_7_8 like Mac OS X) AppleWebKit/605.1.15 (KHTML, like Gecko) Version/26.0 Mobile/15E148 Safari/604.1"
184.72.192.20 - - [22/Jul/2026:13:22:09 +0000] "GET /wp-content/plugins/pixelyoursite/dist/scripts/jquery.bind-first-0.2.3.min.js?ver=0.2.3 HTTP/1.1" 200 1317 "https://tradedealings.shop/" "Mozilla/5.0 (iPhone; CPU iPhone OS 18_7_8 like Mac OS X) AppleWebKit/605.1.15 (KHTML, like Gecko) Version/26.0 Mobile/15E148 Safari/604.1"
184.72.192.20 - - [22/Jul/2026:13:22:09 +0000] "GET /wp-content/plugins/pixelyoursite/dist/scripts/js.cookie-2.1.3.min.js?ver=2.1.3 HTTP/1.1" 200 1709 "https://tradedealings.shop/" "Mozilla/5.0 (iPhone; CPU iPhone OS 18_7_8 like Mac OS X) AppleWebKit/605.1.15 (KHTML, like Gecko) Version/26.0 Mobile/15E148 Safari/604.1"
184.72.192.20 - - [22/Jul/2026:13:22:09 +0000] "GET /wp-content/themes/twentytwentyfive/assets/fonts/manrope/Manrope-VariableFont_wght.woff2 HTTP/1.1" 200 53600 "https://tradedealings.shop/" "Mozilla/5.0 (iPhone; CPU iPhone OS 18_7_8 like Mac OS X) AppleWebKit/605.1.15 (KHTML, like Gecko) Version/26.0 Mobile/15E148 Safari/604.1"
184.72.192.20 - - [22/Jul/2026:13:22:09 +0000] "GET /wp-content/plugins/pixelyoursite/dist/scripts/tld.min.js?ver=2.3.1 HTTP/1.1" 200 141079 "https://tradedealings.shop/" "Mozilla/5.0 (iPhone; CPU iPhone OS 18_7_8 like Mac OS X) AppleWebKit/605.1.15 (KHTML, like Gecko) Version/26.0 Mobile/15E148 Safari/604.1"
184.72.192.20 - - [22/Jul/2026:13:22:09 +0000] "GET /wp-content/plugins/pixelyoursite/dist/scripts/public.js?ver=11.2.1 HTTP/1.1" 200 172979 "https://tradedealings.shop/" "Mozilla/5.0 (iPhone; CPU iPhone OS 18_7_8 like Mac OS X) AppleWebKit/605.1.15 (KHTML, like Gecko) Version/26.0 Mobile/15E148 Safari/604.1"
184.72.192.20 - - [22/Jul/2026:13:22:10 +0000] "GET /wp-includes/js/wp-emoji-release.min.js?ver=7.0.2 HTTP/1.1" 200 22752 "https://tradedealings.shop/" "Mozilla/5.0 (iPhone; CPU iPhone OS 18_7_8 like Mac OS X) AppleWebKit/605.1.15 (KHTML, like Gecko) Version/26.0 Mobile/15E148 Safari/604.1"
184.72.192.20 - - [22/Jul/2026:13:22:10 +0000] "GET /favicon.ico HTTP/1.1" 302 - "https://tradedealings.shop/" "Mozilla/5.0 (iPhone; CPU iPhone OS 18_7_8 like Mac OS X) AppleWebKit/605.1.15 (KHTML, like Gecko) Version/26.0 Mobile/15E148 Safari/604.1"
184.72.192.20 - - [22/Jul/2026:13:22:11 +0000] "GET /wp-includes/images/w-logo-blue-white-bg.png HTTP/1.1" 200 4119 "https://tradedealings.shop/" "Mozilla/5.0 (iPhone; CPU iPhone OS 18_7_8 like Mac OS X) AppleWebKit/605.1.15 (KHTML, like Gecko) Version/26.0 Mobile/15E148 Safari/604.1"
44.202.237.73 - - [22/Jul/2026:14:17:43 +0000] "GET / HTTP/1.1" 200 75008 "-" "Mozilla/5.0 (Windows NT 10.0; WOW64) AppleWebKit/537.36 (KHTML, like Gecko) Chrome/83.0.4103.97 Safari/537.36"
68.183.143.107 - - [22/Jul/2026:14:22:05 +0000] "GET /wp-login.php HTTP/1.1" 200 4729 "-" "Mozilla/5.0"
68.183.143.107 - - [22/Jul/2026:14:22:08 +0000] "GET /?author=1 HTTP/1.1" 301 - "-" "Mozilla/5.0"
68.183.143.107 - - [22/Jul/2026:14:22:10 +0000] "GET /?rest_route=/wp/v2/users HTTP/1.1" 200 776 "-" "Mozilla/5.0"
198.177.124.148 - - [22/Jul/2026:14:22:13 +0000] "POST /wp-cron.php?doing_wp_cron=1784730133.2675960063934326171875 HTTP/1.1" 200 - "-" "WordPress/7.0.2; https://tradedealings.shop"
68.183.143.107 - - [22/Jul/2026:14:22:11 +0000] "GET /?author=2 HTTP/1.1" 404 63759 "-" "Mozilla/5.0"
68.183.143.107 - - [22/Jul/2026:14:22:13 +0000] "GET /?rest_route=/wp/v2/users HTTP/1.1" 200 776 "-" "Mozilla/5.0"
198.177.124.148 - - [22/Jul/2026:14:26:24 +0000] "POST /wp-cron.php?doing_wp_cron=1784730384.5931410789489746093750 HTTP/1.1" 200 - "-" "WordPress/7.0.2; https://tradedealings.shop"
216.73.216.68 - - [22/Jul/2026:14:26:21 +0000] "GET /robots.txt HTTP/1.1" 200 119 "-" "Mozilla/5.0 AppleWebKit/537.36 (KHTML, like Gecko; compatible; ClaudeBot/1.0; +claudebot@anthropic.com)"
216.73.216.68 - - [22/Jul/2026:14:26:24 +0000] "GET /wp-sitemap.xml HTTP/1.1" 200 552 "-" "Mozilla/5.0 AppleWebKit/537.36 (KHTML, like Gecko; compatible; ClaudeBot/1.0; +claudebot@anthropic.com)"
164.92.192.106 - - [22/Jul/2026:14:41:48 +0000] "GET / HTTP/1.1" 301 - "-" "Mozilla/5.0 (X11; Linux x86_64) AppleWebKit/537.36 (KHTML, like Gecko) Chrome/142.0.0.0 Safari/537.36"
164.92.192.106 - - [22/Jul/2026:14:41:54 +0000] "GET /favicon.ico HTTP/1.1" 302 - "https://www.tradedealings.shop/" "Mozilla/5.0 (X11; Linux x86_64) AppleWebKit/537.36 (KHTML, like Gecko) Chrome/142.0.0.0 Safari/537.36"
198.177.124.148 - - [22/Jul/2026:14:51:15 +0000] "POST /wp-cron.php?doing_wp_cron=1784731875.6336300373077392578125 HTTP/1.1" 200 - "-" "WordPress/7.0.2; https://tradedealings.shop"
152.39.250.226 - - [22/Jul/2026:14:51:11 +0000] "GET / HTTP/1.1" 200 75008 "-" "Mozilla/5.0 (iPhone; CPU iPhone OS 26_3 like Mac OS X) AppleWebKit/605.1.15 (KHTML, like Gecko) CriOS/144.0.7559.95 Mobile/15E148 Safari/604.1"
161.123.219.137 - - [22/Jul/2026:14:51:15 +0000] "GET /wp-includes/js/jquery/jquery.min.js?ver=3.7.1 HTTP/1.1" 200 87553 "https://tradedealings.shop/" "Mozilla/5.0 (iPhone; CPU iPhone OS 26_3 like Mac OS X) AppleWebKit/605.1.15 (KHTML, like Gecko) CriOS/144.0.7559.95 Mobile/15E148 Safari/604.1"
152.39.250.226 - - [22/Jul/2026:14:51:15 +0000] "GET /wp-includes/js/jquery/jquery-migrate.min.js?ver=3.4.1 HTTP/1.1" 200 13577 "https://tradedealings.shop/" "Mozilla/5.0 (iPhone; CPU iPhone OS 26_3 like Mac OS X) AppleWebKit/605.1.15 (KHTML, like Gecko) CriOS/144.0.7559.95 Mobile/15E148 Safari/604.1"
152.39.250.226 - - [22/Jul/2026:14:51:16 +0000] "GET /wp-includes/js/dist/script-modules/interactivity/index.min.js?ver=efaa5193bbad9c60ffd1 HTTP/1.1" 200 40106 "https://tradedealings.shop/" "Mozilla/5.0 (iPhone; CPU iPhone OS 26_3 like Mac OS X) AppleWebKit/605.1.15 (KHTML, like Gecko) CriOS/144.0.7559.95 Mobile/15E148 Safari/604.1"
161.123.219.137 - - [22/Jul/2026:14:51:16 +0000] "GET /wp-includes/js/dist/script-modules/block-library/navigation/view.min.js?ver=96a846e1d7b789c39ab9 HTTP/1.1" 200 3053 "https://tradedealings.shop/" "Mozilla/5.0 (iPhone; CPU iPhone OS 26_3 like Mac OS X) AppleWebKit/605.1.15 (KHTML, like Gecko) CriOS/144.0.7559.95 Mobile/15E148 Safari/604.1"
152.39.250.226 - - [22/Jul/2026:14:51:16 +0000] "GET /wp-content/themes/twentytwentyfive/assets/fonts/manrope/Manrope-VariableFont_wght.woff2 HTTP/1.1" 200 53600 "https://tradedealings.shop/" "Mozilla/5.0 (iPhone; CPU iPhone OS 26_3 like Mac OS X) AppleWebKit/605.1.15 (KHTML, like Gecko) CriOS/144.0.7559.95 Mobile/15E148 Safari/604.1"
188.94.87.253 - - [22/Jul/2026:14:51:16 +0000] "GET /wp-content/plugins/pixelyoursite/dist/scripts/jquery.bind-first-0.2.3.min.js?ver=0.2.3 HTTP/1.1" 200 1317 "https://tradedealings.shop/" "Mozilla/5.0 (iPhone; CPU iPhone OS 26_3 like Mac OS X) AppleWebKit/605.1.15 (KHTML, like Gecko) CriOS/144.0.7559.95 Mobile/15E148 Safari/604.1"
152.39.250.226 - - [22/Jul/2026:14:51:16 +0000] "GET /wp-content/plugins/pixelyoursite/dist/scripts/tld.min.js?ver=2.3.1 HTTP/1.1" 200 141079 "https://tradedealings.shop/" "Mozilla/5.0 (iPhone; CPU iPhone OS 26_3 like Mac OS X) AppleWebKit/605.1.15 (KHTML, like Gecko) CriOS/144.0.7559.95 Mobile/15E148 Safari/604.1"
161.123.219.137 - - [22/Jul/2026:14:51:16 +0000] "GET /wp-content/plugins/pixelyoursite/dist/scripts/js.cookie-2.1.3.min.js?ver=2.1.3 HTTP/1.1" 200 1709 "https://tradedealings.shop/" "Mozilla/5.0 (iPhone; CPU iPhone OS 26_3 like Mac OS X) AppleWebKit/605.1.15 (KHTML, like Gecko) CriOS/144.0.7559.95 Mobile/15E148 Safari/604.1"
188.94.87.253 - - [22/Jul/2026:14:51:16 +0000] "GET /wp-content/plugins/pixelyoursite/dist/scripts/public.js?ver=11.2.1 HTTP/1.1" 200 172979 "https://tradedealings.shop/" "Mozilla/5.0 (iPhone; CPU iPhone OS 26_3 like Mac OS X) AppleWebKit/605.1.15 (KHTML, like Gecko) CriOS/144.0.7559.95 Mobile/15E148 Safari/604.1"
188.94.87.253 - - [22/Jul/2026:14:51:16 +0000] "GET /favicon.ico HTTP/1.1" 302 - "https://tradedealings.shop/" "Mozilla/5.0 (iPhone; CPU iPhone OS 26_3 like Mac OS X) AppleWebKit/605.1.15 (KHTML, like Gecko) CriOS/144.0.7559.95 Mobile/15E148 Safari/604.1"
188.94.87.253 - - [22/Jul/2026:14:51:19 +0000] "GET /wp-includes/images/w-logo-blue-white-bg.png HTTP/1.1" 200 4119 "https://tradedealings.shop/" "Mozilla/5.0 (iPhone; CPU iPhone OS 26_3 like Mac OS X) AppleWebKit/605.1.15 (KHTML, like Gecko) CriOS/144.0.7559.95 Mobile/15E148 Safari/604.1"
198.177.124.148 - - [22/Jul/2026:15:16:04 +0000] "POST /wp-cron.php?doing_wp_cron=1784733364.0509989261627197265625 HTTP/1.1" 200 - "-" "WordPress/7.0.2; https://tradedealings.shop"
172.235.192.240 - - [22/Jul/2026:15:16:01 +0000] "GET /wp-login.php HTTP/1.1" 200 4729 "-" "Mozilla/5.0 (Macintosh; Intel Mac OS X 13.5; rv:124.0) Gecko/20100101 Firefox/124.0"
172.235.192.240 - - [22/Jul/2026:15:16:04 +0000] "GET /?author=1 HTTP/1.1" 301 - "-" "Mozilla/5.0 (X11; Linux x86_64) AppleWebKit/537.36 (KHTML, like Gecko) Chrome/123.0.0.0 Safari/537.36"
172.235.192.240 - - [22/Jul/2026:15:16:06 +0000] "GET /?rest_route=/wp/v2/users HTTP/1.1" 200 776 "-" "Mozilla/5.0 (X11; Linux x86_64) AppleWebKit/537.36 (KHTML, like Gecko) Chrome/123.0.0.0 Safari/537.36 OPR/107.0.0.0"
172.235.192.240 - - [22/Jul/2026:15:16:08 +0000] "GET /?author=2 HTTP/1.1" 404 63759 "-" "Mozilla/5.0 (Windows NT 10.0; Win64; x64; rv:124.0) Gecko/20100101 Firefox/124.0"
198.177.124.148 - - [22/Jul/2026:15:16:14 +0000] "POST /wp-cron.php?doing_wp_cron=1784733373.9557170867919921875000 HTTP/1.1" 200 - "-" "WordPress/7.0.2; https://tradedealings.shop"
172.235.192.240 - - [22/Jul/2026:15:16:12 +0000] "GET /?rest_route=/wp/v2/users HTTP/1.1" 200 776 "-" "Mozilla/5.0 (Windows NT 10.0; Win64; x64; rv:125.0) Gecko/20100101 Firefox/125.0"
198.177.124.148 - - [22/Jul/2026:15:20:39 +0000] "POST /wp-cron.php?doing_wp_cron=1784733639.0163679122924804687500 HTTP/1.1" 200 - "-" "WordPress/7.0.2; https://tradedealings.shop"
104.28.157.145 - - [22/Jul/2026:15:20:32 +0000] "GET /wp-login.php HTTP/1.1" 200 4729 "-" "Mozilla/5.0 (Windows NT 10.0; Win64; rv:143.0) Gecko/20100101 Firefox/143.0"
104.28.157.145 - - [22/Jul/2026:15:20:39 +0000] "GET /?author=1 HTTP/1.1" 301 - "-" "Mozilla/5.0 (Windows NT 10.0; Win64; x64) AppleWebKit/537.36 Chrome/129.0.0.0 Safari/537.36"
104.28.157.145 - - [22/Jul/2026:15:20:45 +0000] "GET /?rest_route=/wp/v2/users HTTP/1.1" 200 776 "-" "Mozilla/5.0 (Macintosh; Intel Mac OS X 10_15_7) AppleWebKit/605.1.15 Version/17.0 Safari/605.1.15"
104.28.157.145 - - [22/Jul/2026:15:20:50 +0000] "GET /?author=2 HTTP/1.1" 404 63759 "-" "Mozilla/5.0 (Windows NT 10.0; Win64; rv:143.0) Gecko/20100101 Firefox/143.0"
104.28.157.145 - - [22/Jul/2026:15:20:55 +0000] "GET /?rest_route=/wp/v2/users HTTP/1.1" 200 776 "-" "Mozilla/5.0 (Macintosh; Intel Mac OS X 10_15_7) AppleWebKit/605.1.15 Version/17.0 Safari/605.1.15"
198.177.124.148 - - [22/Jul/2026:15:56:21 +0000] "POST /wp-cron.php?doing_wp_cron=1784735781.0997869968414306640625 HTTP/1.1" 200 - "-" "WordPress/7.0.2; https://tradedealings.shop"
104.28.157.139 - - [22/Jul/2026:15:56:18 +0000] "GET /wp-login.php HTTP/1.1" 200 4729 "-" "Mozilla/5.0 (Windows NT 10.0; Win64; rv:143.0) Gecko/20100101 Firefox/143.0"
104.28.157.139 - - [22/Jul/2026:15:56:21 +0000] "GET /?author=1 HTTP/1.1" 301 - "-" "Mozilla/5.0 (Windows NT 10.0; Win64; rv:143.0) Gecko/20100101 Firefox/143.0"
