HEX
Server: Apache
System: Linux server1.yalehafricanfoods.shop 5.14.0-687.15.1.el9_8.x86_64 #1 SMP PREEMPT_DYNAMIC Thu Jun 11 08:51:45 EDT 2026 x86_64
User: yalenocb (1002)
PHP: 8.1.34
Disabled: NONE
Upload Files
File: /home/yalenocb/access-logs/thenobelstores.shop.yalehafricanfoods.shop
192.178.6.73 - - [21/Jul/2026:07:13:15 +0000] "GET /saiga.php?sitemap6.xml HTTP/1.1" 200 551149 "-" "Mozilla/5.0 (compatible; Googlebot/2.1; +http://www.google.com/bot.html)"
192.178.6.65 - - [21/Jul/2026:07:14:58 +0000] "GET /saiga.php?sitemap473.xml HTTP/1.1" 200 551150 "-" "Mozilla/5.0 (compatible; Googlebot/2.1; +http://www.google.com/bot.html)"
192.178.6.65 - - [21/Jul/2026:07:15:31 +0000] "GET /saiga.php?sitemap395.xml HTTP/1.1" 200 551136 "-" "Mozilla/5.0 (compatible; Googlebot/2.1; +http://www.google.com/bot.html)"
192.178.6.64 - - [21/Jul/2026:07:15:32 +0000] "GET /saiga.php?sitemap744.xml HTTP/1.1" 200 551133 "-" "Mozilla/5.0 (compatible; Googlebot/2.1; +http://www.google.com/bot.html)"
192.178.6.65 - - [21/Jul/2026:07:17:05 +0000] "GET /saiga.php?sitemap333.xml HTTP/1.1" 200 551168 "-" "Mozilla/5.0 (compatible; Googlebot/2.1; +http://www.google.com/bot.html)"
192.178.6.73 - - [21/Jul/2026:07:17:31 +0000] "GET /saiga.php?sitemap993.xml HTTP/1.1" 200 551201 "-" "Mozilla/5.0 (compatible; Googlebot/2.1; +http://www.google.com/bot.html)"
192.178.6.73 - - [21/Jul/2026:07:18:35 +0000] "GET /saiga.php?sitemap608.xml HTTP/1.1" 200 551211 "-" "Mozilla/5.0 (compatible; Googlebot/2.1; +http://www.google.com/bot.html)"
192.178.6.64 - - [21/Jul/2026:07:19:42 +0000] "GET /saiga.php?sitemap872.xml HTTP/1.1" 200 551240 "-" "Mozilla/5.0 (compatible; Googlebot/2.1; +http://www.google.com/bot.html)"
192.178.6.64 - - [21/Jul/2026:07:20:27 +0000] "GET /saiga.php?sitemap88.xml HTTP/1.1" 200 551158 "-" "Mozilla/5.0 (compatible; Googlebot/2.1; +http://www.google.com/bot.html)"
192.178.6.64 - - [21/Jul/2026:07:20:40 +0000] "GET /saiga.php?sitemap913.xml HTTP/1.1" 200 551133 "-" "Mozilla/5.0 (compatible; Googlebot/2.1; +http://www.google.com/bot.html)"
192.178.6.64 - - [21/Jul/2026:07:21:15 +0000] "GET /saiga.php?sitemap97.xml HTTP/1.1" 200 551117 "-" "Mozilla/5.0 (compatible; Googlebot/2.1; +http://www.google.com/bot.html)"
192.178.6.73 - - [21/Jul/2026:07:21:55 +0000] "GET /saiga.php?sitemap638.xml HTTP/1.1" 200 551146 "-" "Mozilla/5.0 (compatible; Googlebot/2.1; +http://www.google.com/bot.html)"
192.178.6.73 - - [21/Jul/2026:07:23:41 +0000] "GET /saiga.php?sitemap779.xml HTTP/1.1" 200 551141 "-" "Mozilla/5.0 (compatible; Googlebot/2.1; +http://www.google.com/bot.html)"
192.178.6.73 - - [21/Jul/2026:07:25:57 +0000] "GET /saiga.php?sitemap810.xml HTTP/1.1" 200 551143 "-" "Mozilla/5.0 (compatible; Googlebot/2.1; +http://www.google.com/bot.html)"
192.178.6.64 - - [21/Jul/2026:07:26:34 +0000] "GET /saiga.php?sitemap702.xml HTTP/1.1" 200 551136 "-" "Mozilla/5.0 (compatible; Googlebot/2.1; +http://www.google.com/bot.html)"
192.178.6.64 - - [21/Jul/2026:07:26:35 +0000] "GET /saiga.php?sitemap536.xml HTTP/1.1" 200 551189 "-" "Mozilla/5.0 (compatible; Googlebot/2.1; +http://www.google.com/bot.html)"
192.178.6.65 - - [21/Jul/2026:07:27:37 +0000] "GET /saiga.php?sitemap564.xml HTTP/1.1" 200 551190 "-" "Mozilla/5.0 (compatible; Googlebot/2.1; +http://www.google.com/bot.html)"
192.178.6.64 - - [21/Jul/2026:07:27:45 +0000] "GET /saiga.php?sitemap687.xml HTTP/1.1" 200 551163 "-" "Mozilla/5.0 (compatible; Googlebot/2.1; +http://www.google.com/bot.html)"
192.178.6.64 - - [21/Jul/2026:07:28:01 +0000] "GET /saiga.php?sitemap538.xml HTTP/1.1" 200 551104 "-" "Mozilla/5.0 (compatible; Googlebot/2.1; +http://www.google.com/bot.html)"
192.178.6.73 - - [21/Jul/2026:07:28:05 +0000] "GET /saiga.php?sitemap124.xml HTTP/1.1" 200 551193 "-" "Mozilla/5.0 (compatible; Googlebot/2.1; +http://www.google.com/bot.html)"
192.178.6.73 - - [21/Jul/2026:07:28:20 +0000] "GET /sitemap97.xml HTTP/1.1" 200 506158 "-" "Mozilla/5.0 (compatible; Googlebot/2.1; +http://www.google.com/bot.html)"
192.178.6.73 - - [21/Jul/2026:07:28:36 +0000] "GET /saiga.php?sitemap772.xml HTTP/1.1" 200 551167 "-" "Mozilla/5.0 (compatible; Googlebot/2.1; +http://www.google.com/bot.html)"
198.177.124.148 - - [21/Jul/2026:07:28:53 +0000] "POST /wp-cron.php?doing_wp_cron=1784618933.2126519680023193359375 HTTP/1.1" 200 - "-" "WordPress/7.0.2; https://thenobelstores.shop"
172.71.144.2 - - [21/Jul/2026:07:28:52 +0000] "GET /wp-admin/install.php?step=1 HTTP/1.1" 200 1404 "-" "http://thenobelstores.shop/wp-admin/install.php?step=1"
192.178.6.65 - - [21/Jul/2026:07:30:26 +0000] "GET /saiga.php?sitemap462.xml HTTP/1.1" 200 551158 "-" "Mozilla/5.0 (compatible; Googlebot/2.1; +http://www.google.com/bot.html)"
192.178.6.65 - - [21/Jul/2026:07:30:28 +0000] "GET /saiga.php?sitemap649.xml HTTP/1.1" 200 551159 "-" "Mozilla/5.0 (compatible; Googlebot/2.1; +http://www.google.com/bot.html)"
192.178.6.64 - - [21/Jul/2026:07:31:10 +0000] "GET /saiga.php?sitemap953.xml HTTP/1.1" 200 551166 "-" "Mozilla/5.0 (compatible; Googlebot/2.1; +http://www.google.com/bot.html)"
192.178.6.64 - - [21/Jul/2026:07:31:26 +0000] "GET /saiga.php?sitemap589.xml HTTP/1.1" 200 551109 "-" "Mozilla/5.0 (compatible; Googlebot/2.1; +http://www.google.com/bot.html)"
192.178.6.64 - - [21/Jul/2026:07:32:33 +0000] "GET /saiga.php?sitemap513.xml HTTP/1.1" 200 551164 "-" "Mozilla/5.0 (compatible; Googlebot/2.1; +http://www.google.com/bot.html)"
192.178.6.64 - - [21/Jul/2026:07:33:04 +0000] "GET /saiga.php?sitemap946.xml HTTP/1.1" 200 551169 "-" "Mozilla/5.0 (compatible; Googlebot/2.1; +http://www.google.com/bot.html)"
192.178.6.73 - - [21/Jul/2026:07:33:17 +0000] "GET /saiga.php?sitemap444.xml HTTP/1.1" 200 551149 "-" "Mozilla/5.0 (compatible; Googlebot/2.1; +http://www.google.com/bot.html)"
185.242.177.62 - - [21/Jul/2026:07:33:22 +0000] "GET / HTTP/1.1" 500 - "-" "Mozilla/5.0 (Windows NT 10.0; Win64; x64; rv:147.0) Gecko/20100101 Firefox/147.0"
34.76.117.34 - - [21/Jul/2026:07:34:23 +0000] "GET / HTTP/1.1" 500 - "-" "Mozilla/5.0 (Windows NT 10.0; Win64; x64; rv:130.0) Gecko/20100101 Firefox/130.0"
192.178.6.64 - - [21/Jul/2026:07:34:29 +0000] "GET /saiga.php?sitemap550.xml HTTP/1.1" 200 551156 "-" "Mozilla/5.0 (compatible; Googlebot/2.1; +http://www.google.com/bot.html)"
192.178.6.64 - - [21/Jul/2026:07:36:32 +0000] "GET /saiga.php?sitemap831.xml HTTP/1.1" 200 551154 "-" "Mozilla/5.0 (compatible; Googlebot/2.1; +http://www.google.com/bot.html)"
192.178.6.65 - - [21/Jul/2026:07:36:46 +0000] "GET /saiga.php?sitemap8.xml HTTP/1.1" 200 551220 "-" "Mozilla/5.0 (compatible; Googlebot/2.1; +http://www.google.com/bot.html)"
192.178.6.64 - - [21/Jul/2026:07:36:57 +0000] "GET /saiga.php?sitemap895.xml HTTP/1.1" 200 551155 "-" "Mozilla/5.0 (compatible; Googlebot/2.1; +http://www.google.com/bot.html)"
192.178.6.73 - - [21/Jul/2026:07:36:57 +0000] "GET /saiga.php?sitemap632.xml HTTP/1.1" 200 551181 "-" "Mozilla/5.0 (compatible; Googlebot/2.1; +http://www.google.com/bot.html)"
192.178.6.65 - - [21/Jul/2026:07:37:45 +0000] "GET /saiga.php?sitemap802.xml HTTP/1.1" 200 551184 "-" "Mozilla/5.0 (compatible; Googlebot/2.1; +http://www.google.com/bot.html)"
192.178.6.73 - - [21/Jul/2026:07:39:32 +0000] "GET /saiga.php?sitemap6.xml HTTP/1.1" 200 551154 "-" "Mozilla/5.0 (compatible; Googlebot/2.1; +http://www.google.com/bot.html)"
192.178.6.65 - - [21/Jul/2026:07:40:10 +0000] "GET /saiga.php?sitemap675.xml HTTP/1.1" 200 551163 "-" "Mozilla/5.0 (compatible; Googlebot/2.1; +http://www.google.com/bot.html)"
192.178.6.73 - - [21/Jul/2026:07:40:27 +0000] "GET /saiga.php?sitemap469.xml HTTP/1.1" 200 551167 "-" "Mozilla/5.0 (compatible; Googlebot/2.1; +http://www.google.com/bot.html)"
192.178.6.64 - - [21/Jul/2026:07:41:22 +0000] "GET /saiga.php?sitemap898.xml HTTP/1.1" 200 551181 "-" "Mozilla/5.0 (compatible; Googlebot/2.1; +http://www.google.com/bot.html)"
192.178.6.64 - - [21/Jul/2026:07:43:20 +0000] "GET /saiga.php?sitemap415.xml HTTP/1.1" 200 551181 "-" "Mozilla/5.0 (compatible; Googlebot/2.1; +http://www.google.com/bot.html)"
192.178.6.73 - - [21/Jul/2026:07:46:04 +0000] "GET /saiga.php?sitemap872.xml HTTP/1.1" 200 551198 "-" "Mozilla/5.0 (compatible; Googlebot/2.1; +http://www.google.com/bot.html)"
192.178.6.65 - - [21/Jul/2026:07:47:09 +0000] "GET /saiga.php?sitemap88.xml HTTP/1.1" 200 551117 "-" "Mozilla/5.0 (compatible; Googlebot/2.1; +http://www.google.com/bot.html)"
192.178.6.64 - - [21/Jul/2026:07:47:20 +0000] "GET /saiga.php?sitemap993.xml HTTP/1.1" 200 551178 "-" "Mozilla/5.0 (compatible; Googlebot/2.1; +http://www.google.com/bot.html)"
192.178.6.73 - - [21/Jul/2026:07:47:28 +0000] "GET /saiga.php?sitemap608.xml HTTP/1.1" 200 551154 "-" "Mozilla/5.0 (compatible; Googlebot/2.1; +http://www.google.com/bot.html)"
192.178.6.73 - - [21/Jul/2026:07:47:36 +0000] "GET /saiga.php?sitemap473.xml HTTP/1.1" 200 551137 "-" "Mozilla/5.0 (compatible; Googlebot/2.1; +http://www.google.com/bot.html)"
192.178.6.73 - - [21/Jul/2026:07:48:50 +0000] "GET /saiga.php?sitemap395.xml HTTP/1.1" 200 551120 "-" "Mozilla/5.0 (compatible; Googlebot/2.1; +http://www.google.com/bot.html)"
192.178.6.73 - - [21/Jul/2026:07:49:46 +0000] "GET /saiga.php?sitemap333.xml HTTP/1.1" 200 551178 "-" "Mozilla/5.0 (compatible; Googlebot/2.1; +http://www.google.com/bot.html)"
192.178.6.64 - - [21/Jul/2026:07:50:02 +0000] "GET /saiga.php?sitemap744.xml HTTP/1.1" 200 551150 "-" "Mozilla/5.0 (compatible; Googlebot/2.1; +http://www.google.com/bot.html)"
192.178.6.64 - - [21/Jul/2026:07:50:50 +0000] "GET /saiga.php?sitemap913.xml HTTP/1.1" 200 551188 "-" "Mozilla/5.0 (compatible; Googlebot/2.1; +http://www.google.com/bot.html)"
192.178.6.73 - - [21/Jul/2026:07:53:15 +0000] "GET /saiga.php?sitemap779.xml HTTP/1.1" 200 551166 "-" "Mozilla/5.0 (compatible; Googlebot/2.1; +http://www.google.com/bot.html)"
192.178.6.73 - - [21/Jul/2026:07:53:35 +0000] "GET /saiga.php?sitemap97.xml HTTP/1.1" 200 551222 "-" "Mozilla/5.0 (compatible; Googlebot/2.1; +http://www.google.com/bot.html)"
198.177.124.148 - - [21/Jul/2026:07:54:16 +0000] "POST /wp-cron.php?doing_wp_cron=1784620456.0514430999755859375000 HTTP/1.1" 200 - "-" "WordPress/7.0.2; https://thenobelstores.shop"
104.23.223.85 - - [21/Jul/2026:07:54:15 +0000] "GET /wp-admin/install.php?step=1 HTTP/1.1" 200 1404 "-" "http://thenobelstores.shop/wp-admin/install.php?step=1"
192.178.6.64 - - [21/Jul/2026:07:54:43 +0000] "GET /saiga.php?sitemap638.xml HTTP/1.1" 200 551185 "-" "Mozilla/5.0 (compatible; Googlebot/2.1; +http://www.google.com/bot.html)"
192.178.6.65 - - [21/Jul/2026:07:55:23 +0000] "GET /saiga.php?sitemap536.xml HTTP/1.1" 200 551170 "-" "Mozilla/5.0 (compatible; Googlebot/2.1; +http://www.google.com/bot.html)"
192.178.6.73 - - [21/Jul/2026:07:55:58 +0000] "GET /saiga.php?sitemap124.xml HTTP/1.1" 200 551099 "-" "Mozilla/5.0 (compatible; Googlebot/2.1; +http://www.google.com/bot.html)"
192.178.6.65 - - [21/Jul/2026:07:56:34 +0000] "GET /saiga.php?sitemap649.xml HTTP/1.1" 200 551168 "-" "Mozilla/5.0 (compatible; Googlebot/2.1; +http://www.google.com/bot.html)"
192.178.6.73 - - [21/Jul/2026:07:57:03 +0000] "GET /saiga.php?sitemap702.xml HTTP/1.1" 200 551156 "-" "Mozilla/5.0 (compatible; Googlebot/2.1; +http://www.google.com/bot.html)"
192.178.6.73 - - [21/Jul/2026:07:57:11 +0000] "GET /saiga.php?sitemap810.xml HTTP/1.1" 200 551142 "-" "Mozilla/5.0 (compatible; Googlebot/2.1; +http://www.google.com/bot.html)"
192.178.6.64 - - [21/Jul/2026:07:58:24 +0000] "GET /saiga.php?sitemap687.xml HTTP/1.1" 200 551146 "-" "Mozilla/5.0 (compatible; Googlebot/2.1; +http://www.google.com/bot.html)"
192.178.6.64 - - [21/Jul/2026:07:58:36 +0000] "GET /saiga.php?sitemap772.xml HTTP/1.1" 200 551230 "-" "Mozilla/5.0 (compatible; Googlebot/2.1; +http://www.google.com/bot.html)"
192.178.6.65 - - [21/Jul/2026:08:00:38 +0000] "GET /saiga.php?sitemap462.xml HTTP/1.1" 200 551188 "-" "Mozilla/5.0 (compatible; Googlebot/2.1; +http://www.google.com/bot.html)"
192.178.6.64 - - [21/Jul/2026:08:00:41 +0000] "GET /saiga.php?sitemap513.xml HTTP/1.1" 200 551178 "-" "Mozilla/5.0 (compatible; Googlebot/2.1; +http://www.google.com/bot.html)"
192.178.6.64 - - [21/Jul/2026:08:01:18 +0000] "GET /saiga.php?sitemap564.xml HTTP/1.1" 200 551127 "-" "Mozilla/5.0 (compatible; Googlebot/2.1; +http://www.google.com/bot.html)"
43.153.49.151 - - [21/Jul/2026:08:01:36 +0000] "GET / HTTP/1.1" 500 - "-" "Mozilla/5.0 (iPhone; CPU iPhone OS 13_2_3 like Mac OS X) AppleWebKit/605.1.15 (KHTML, like Gecko) Version/13.0.3 Mobile/15E148 Safari/604.1"
192.178.6.73 - - [21/Jul/2026:08:01:51 +0000] "GET /saiga.php?sitemap538.xml HTTP/1.1" 200 551117 "-" "Mozilla/5.0 (compatible; Googlebot/2.1; +http://www.google.com/bot.html)"
192.178.6.65 - - [21/Jul/2026:08:03:29 +0000] "GET /saiga.php?sitemap946.xml HTTP/1.1" 200 551197 "-" "Mozilla/5.0 (compatible; Googlebot/2.1; +http://www.google.com/bot.html)"
192.178.6.73 - - [21/Jul/2026:08:04:06 +0000] "GET /sitemap.xml HTTP/1.1" 200 8512 "-" "Mozilla/5.0 (compatible; Googlebot/2.1; +http://www.google.com/bot.html)"
192.178.6.64 - - [21/Jul/2026:08:04:13 +0000] "GET /saiga.php?sitemap953.xml HTTP/1.1" 200 551125 "-" "Mozilla/5.0 (compatible; Googlebot/2.1; +http://www.google.com/bot.html)"
192.178.6.73 - - [21/Jul/2026:08:04:19 +0000] "GET /saiga.php?sitemap589.xml HTTP/1.1" 200 551174 "-" "Mozilla/5.0 (compatible; Googlebot/2.1; +http://www.google.com/bot.html)"
198.177.124.148 - - [21/Jul/2026:08:05:01 +0000] "POST /wp-cron.php?doing_wp_cron=1784621101.0466868877410888671875 HTTP/1.1" 200 - "-" "WordPress/7.0.2; https://thenobelstores.shop"
104.23.221.166 - - [21/Jul/2026:08:05:00 +0000] "GET /wp-admin/install.php?step=1 HTTP/1.1" 200 1404 "-" "http://thenobelstores.shop/wp-admin/install.php?step=1"
192.178.6.73 - - [21/Jul/2026:08:05:18 +0000] "GET /saiga.php?sitemap802.xml HTTP/1.1" 200 551167 "-" "Mozilla/5.0 (compatible; Googlebot/2.1; +http://www.google.com/bot.html)"
192.178.6.64 - - [21/Jul/2026:08:05:23 +0000] "GET /saiga.php?sitemap550.xml HTTP/1.1" 200 551164 "-" "Mozilla/5.0 (compatible; Googlebot/2.1; +http://www.google.com/bot.html)"
192.178.6.73 - - [21/Jul/2026:08:05:52 +0000] "GET /saiga.php?sitemap8.xml HTTP/1.1" 200 551135 "-" "Mozilla/5.0 (compatible; Googlebot/2.1; +http://www.google.com/bot.html)"
192.178.6.73 - - [21/Jul/2026:08:07:14 +0000] "GET /saiga.php?sitemap895.xml HTTP/1.1" 200 551121 "-" "Mozilla/5.0 (compatible; Googlebot/2.1; +http://www.google.com/bot.html)"
192.178.6.73 - - [21/Jul/2026:08:07:46 +0000] "GET /saiga.php?sitemap444.xml HTTP/1.1" 200 551177 "-" "Mozilla/5.0 (compatible; Googlebot/2.1; +http://www.google.com/bot.html)"
192.178.6.64 - - [21/Jul/2026:08:07:51 +0000] "GET /saiga.php?sitemap675.xml HTTP/1.1" 200 551138 "-" "Mozilla/5.0 (compatible; Googlebot/2.1; +http://www.google.com/bot.html)"
192.178.6.64 - - [21/Jul/2026:08:08:51 +0000] "GET /saiga.php?sitemap831.xml HTTP/1.1" 200 551189 "-" "Mozilla/5.0 (compatible; Googlebot/2.1; +http://www.google.com/bot.html)"
192.178.6.65 - - [21/Jul/2026:08:09:00 +0000] "GET /saiga.php?sitemap469.xml HTTP/1.1" 200 551159 "-" "Mozilla/5.0 (compatible; Googlebot/2.1; +http://www.google.com/bot.html)"
192.178.6.73 - - [21/Jul/2026:08:09:31 +0000] "GET /saiga.php?sitemap6.xml HTTP/1.1" 200 551131 "-" "Mozilla/5.0 (compatible; Googlebot/2.1; +http://www.google.com/bot.html)"
192.178.6.64 - - [21/Jul/2026:08:10:19 +0000] "GET /saiga.php?sitemap632.xml HTTP/1.1" 200 551221 "-" "Mozilla/5.0 (compatible; Googlebot/2.1; +http://www.google.com/bot.html)"
192.178.6.65 - - [21/Jul/2026:08:13:47 +0000] "GET /saiga.php?sitemap415.xml HTTP/1.1" 200 551100 "-" "Mozilla/5.0 (compatible; Googlebot/2.1; +http://www.google.com/bot.html)"
192.178.6.65 - - [21/Jul/2026:08:14:00 +0000] "GET /saiga.php?sitemap872.xml HTTP/1.1" 200 551208 "-" "Mozilla/5.0 (compatible; Googlebot/2.1; +http://www.google.com/bot.html)"
192.178.6.64 - - [21/Jul/2026:08:14:23 +0000] "GET /saiga.php?sitemap898.xml HTTP/1.1" 200 551176 "-" "Mozilla/5.0 (compatible; Googlebot/2.1; +http://www.google.com/bot.html)"
192.178.6.73 - - [21/Jul/2026:08:14:45 +0000] "GET /?c=3442634460 HTTP/1.1" 200 192960 "-" "Mozilla/5.0 (compatible; Googlebot/2.1; +http://www.google.com/bot.html)"
192.178.6.73 - - [21/Jul/2026:08:15:09 +0000] "GET /saiga.php?sitemap88.xml HTTP/1.1" 200 551158 "-" "Mozilla/5.0 (compatible; Googlebot/2.1; +http://www.google.com/bot.html)"
198.177.124.148 - - [21/Jul/2026:08:16:16 +0000] "POST /wp-cron.php?doing_wp_cron=1784621776.2979319095611572265625 HTTP/1.1" 200 - "-" "WordPress/7.0.2; https://thenobelstores.shop"
172.71.172.190 - - [21/Jul/2026:08:16:15 +0000] "GET /wp-admin/install.php?step=1 HTTP/1.1" 200 1404 "-" "http://thenobelstores.shop/wp-admin/install.php?step=1"
192.178.6.65 - - [21/Jul/2026:08:17:34 +0000] "GET /saiga.php?sitemap913.xml HTTP/1.1" 200 551198 "-" "Mozilla/5.0 (compatible; Googlebot/2.1; +http://www.google.com/bot.html)"
192.178.6.73 - - [21/Jul/2026:08:17:59 +0000] "GET /saiga.php?sitemap333.xml HTTP/1.1" 200 551134 "-" "Mozilla/5.0 (compatible; Googlebot/2.1; +http://www.google.com/bot.html)"
192.178.6.73 - - [21/Jul/2026:08:18:19 +0000] "GET /saiga.php?sitemap473.xml HTTP/1.1" 200 551174 "-" "Mozilla/5.0 (compatible; Googlebot/2.1; +http://www.google.com/bot.html)"
192.178.6.73 - - [21/Jul/2026:08:18:20 +0000] "GET /saiga.php?sitemap608.xml HTTP/1.1" 200 551149 "-" "Mozilla/5.0 (compatible; Googlebot/2.1; +http://www.google.com/bot.html)"
192.178.6.64 - - [21/Jul/2026:08:19:31 +0000] "GET /saiga.php?sitemap97.xml HTTP/1.1" 200 551132 "-" "Mozilla/5.0 (compatible; Googlebot/2.1; +http://www.google.com/bot.html)"
192.178.6.73 - - [21/Jul/2026:08:20:31 +0000] "GET /saiga.php?sitemap395.xml HTTP/1.1" 200 551177 "-" "Mozilla/5.0 (compatible; Googlebot/2.1; +http://www.google.com/bot.html)"
192.178.6.73 - - [21/Jul/2026:08:21:31 +0000] "GET /saiga.php?sitemap993.xml HTTP/1.1" 200 551165 "-" "Mozilla/5.0 (compatible; Googlebot/2.1; +http://www.google.com/bot.html)"
192.178.6.64 - - [21/Jul/2026:08:21:48 +0000] "GET /saiga.php?sitemap744.xml HTTP/1.1" 200 551139 "-" "Mozilla/5.0 (compatible; Googlebot/2.1; +http://www.google.com/bot.html)"
192.178.6.65 - - [21/Jul/2026:08:22:48 +0000] "GET /saiga.php?sitemap779.xml HTTP/1.1" 200 551127 "-" "Mozilla/5.0 (compatible; Googlebot/2.1; +http://www.google.com/bot.html)"
192.178.6.64 - - [21/Jul/2026:08:24:21 +0000] "GET /saiga.php?sitemap124.xml HTTP/1.1" 200 551185 "-" "Mozilla/5.0 (compatible; Googlebot/2.1; +http://www.google.com/bot.html)"
192.178.6.64 - - [21/Jul/2026:08:24:55 +0000] "GET /saiga.php?sitemap810.xml HTTP/1.1" 200 551110 "-" "Mozilla/5.0 (compatible; Googlebot/2.1; +http://www.google.com/bot.html)"
192.178.6.64 - - [21/Jul/2026:08:25:09 +0000] "GET /saiga.php?sitemap536.xml HTTP/1.1" 200 551134 "-" "Mozilla/5.0 (compatible; Googlebot/2.1; +http://www.google.com/bot.html)"
192.178.6.64 - - [21/Jul/2026:08:26:19 +0000] "GET /saiga.php?sitemap772.xml HTTP/1.1" 200 551181 "-" "Mozilla/5.0 (compatible; Googlebot/2.1; +http://www.google.com/bot.html)"
192.178.6.73 - - [21/Jul/2026:08:26:49 +0000] "GET /saiga.php?sitemap513.xml HTTP/1.1" 200 551147 "-" "Mozilla/5.0 (compatible; Googlebot/2.1; +http://www.google.com/bot.html)"
192.178.6.64 - - [21/Jul/2026:08:26:51 +0000] "GET /saiga.php?sitemap702.xml HTTP/1.1" 200 551101 "-" "Mozilla/5.0 (compatible; Googlebot/2.1; +http://www.google.com/bot.html)"
192.178.6.64 - - [21/Jul/2026:08:27:42 +0000] "GET /saiga.php?sitemap638.xml HTTP/1.1" 200 551140 "-" "Mozilla/5.0 (compatible; Googlebot/2.1; +http://www.google.com/bot.html)"
192.178.6.73 - - [21/Jul/2026:08:29:10 +0000] "GET /saiga.php?sitemap462.xml HTTP/1.1" 200 551199 "-" "Mozilla/5.0 (compatible; Googlebot/2.1; +http://www.google.com/bot.html)"
192.178.6.64 - - [21/Jul/2026:08:29:35 +0000] "GET /saiga.php?sitemap649.xml HTTP/1.1" 200 551160 "-" "Mozilla/5.0 (compatible; Googlebot/2.1; +http://www.google.com/bot.html)"
192.178.6.64 - - [21/Jul/2026:08:30:02 +0000] "GET /saiga.php?sitemap538.xml HTTP/1.1" 200 551136 "-" "Mozilla/5.0 (compatible; Googlebot/2.1; +http://www.google.com/bot.html)"
192.178.6.73 - - [21/Jul/2026:08:30:59 +0000] "GET /saiga.php?sitemap687.xml HTTP/1.1" 200 551160 "-" "Mozilla/5.0 (compatible; Googlebot/2.1; +http://www.google.com/bot.html)"
192.178.6.73 - - [21/Jul/2026:08:31:19 +0000] "GET /saiga.php?sitemap550.xml HTTP/1.1" 200 551150 "-" "Mozilla/5.0 (compatible; Googlebot/2.1; +http://www.google.com/bot.html)"
192.178.6.64 - - [21/Jul/2026:08:32:51 +0000] "GET /saiga.php?sitemap8.xml HTTP/1.1" 200 551190 "-" "Mozilla/5.0 (compatible; Googlebot/2.1; +http://www.google.com/bot.html)"
192.178.6.65 - - [21/Jul/2026:08:33:43 +0000] "GET /saiga.php?sitemap675.xml HTTP/1.1" 200 551163 "-" "Mozilla/5.0 (compatible; Googlebot/2.1; +http://www.google.com/bot.html)"
192.178.6.73 - - [21/Jul/2026:08:34:47 +0000] "GET /saiga.php?sitemap564.xml HTTP/1.1" 200 551192 "-" "Mozilla/5.0 (compatible; Googlebot/2.1; +http://www.google.com/bot.html)"
192.178.6.73 - - [21/Jul/2026:08:35:18 +0000] "GET /saiga.php?sitemap469.xml HTTP/1.1" 200 551136 "-" "Mozilla/5.0 (compatible; Googlebot/2.1; +http://www.google.com/bot.html)"
192.178.6.73 - - [21/Jul/2026:08:35:55 +0000] "GET /saiga.php?sitemap895.xml HTTP/1.1" 200 551154 "-" "Mozilla/5.0 (compatible; Googlebot/2.1; +http://www.google.com/bot.html)"
192.178.6.65 - - [21/Jul/2026:08:36:16 +0000] "GET /saiga.php?sitemap589.xml HTTP/1.1" 200 551119 "-" "Mozilla/5.0 (compatible; Googlebot/2.1; +http://www.google.com/bot.html)"
192.178.6.64 - - [21/Jul/2026:08:37:13 +0000] "GET /saiga.php?sitemap946.xml HTTP/1.1" 200 551170 "-" "Mozilla/5.0 (compatible; Googlebot/2.1; +http://www.google.com/bot.html)"
104.23.166.11 - - [21/Jul/2026:08:37:25 +0000] "GET /wp-admin/install.php?step=1 HTTP/1.1" 200 1404 "-" "http://thenobelstores.shop/wp-admin/install.php?step=1"
192.178.6.73 - - [21/Jul/2026:08:37:44 +0000] "GET /saiga.php?sitemap444.xml HTTP/1.1" 200 551198 "-" "Mozilla/5.0 (compatible; Googlebot/2.1; +http://www.google.com/bot.html)"
192.178.6.73 - - [21/Jul/2026:08:37:45 +0000] "GET /saiga.php?sitemap953.xml HTTP/1.1" 200 551161 "-" "Mozilla/5.0 (compatible; Googlebot/2.1; +http://www.google.com/bot.html)"
172.71.95.22 - - [21/Jul/2026:08:37:52 +0000] "GET /wp-admin/install.php?step=1 HTTP/1.1" 200 1404 "-" "http://thenobelstores.shop/wp-admin/install.php?step=1"
192.178.6.64 - - [21/Jul/2026:08:38:52 +0000] "GET /saiga.php?sitemap802.xml HTTP/1.1" 200 551171 "-" "Mozilla/5.0 (compatible; Googlebot/2.1; +http://www.google.com/bot.html)"
192.178.6.64 - - [21/Jul/2026:08:41:37 +0000] "GET /saiga.php?sitemap831.xml HTTP/1.1" 200 551173 "-" "Mozilla/5.0 (compatible; Googlebot/2.1; +http://www.google.com/bot.html)"
192.178.6.65 - - [21/Jul/2026:08:42:16 +0000] "GET /saiga.php?sitemap6.xml HTTP/1.1" 200 551153 "-" "Mozilla/5.0 (compatible; Googlebot/2.1; +http://www.google.com/bot.html)"
192.178.6.64 - - [21/Jul/2026:08:44:16 +0000] "GET /saiga.php?sitemap632.xml HTTP/1.1" 200 551161 "-" "Mozilla/5.0 (compatible; Googlebot/2.1; +http://www.google.com/bot.html)"
192.178.6.65 - - [21/Jul/2026:08:45:26 +0000] "GET /saiga.php?sitemap333.xml HTTP/1.1" 200 551178 "-" "Mozilla/5.0 (compatible; Googlebot/2.1; +http://www.google.com/bot.html)"
192.178.6.64 - - [21/Jul/2026:08:45:53 +0000] "GET /saiga.php?sitemap415.xml HTTP/1.1" 200 551152 "-" "Mozilla/5.0 (compatible; Googlebot/2.1; +http://www.google.com/bot.html)"
192.178.6.73 - - [21/Jul/2026:08:45:59 +0000] "GET /saiga.php?sitemap97.xml HTTP/1.1" 200 551180 "-" "Mozilla/5.0 (compatible; Googlebot/2.1; +http://www.google.com/bot.html)"
192.178.6.73 - - [21/Jul/2026:08:46:13 +0000] "GET /saiga.php?sitemap913.xml HTTP/1.1" 200 551186 "-" "Mozilla/5.0 (compatible; Googlebot/2.1; +http://www.google.com/bot.html)"
192.178.6.73 - - [21/Jul/2026:08:46:37 +0000] "GET /saiga.php?sitemap898.xml HTTP/1.1" 200 551155 "-" "Mozilla/5.0 (compatible; Googlebot/2.1; +http://www.google.com/bot.html)"
192.178.6.73 - - [21/Jul/2026:08:46:50 +0000] "GET /saiga.php?sitemap88.xml HTTP/1.1" 200 551176 "-" "Mozilla/5.0 (compatible; Googlebot/2.1; +http://www.google.com/bot.html)"
192.178.6.65 - - [21/Jul/2026:08:47:09 +0000] "GET /saiga.php?sitemap993.xml HTTP/1.1" 200 551209 "-" "Mozilla/5.0 (compatible; Googlebot/2.1; +http://www.google.com/bot.html)"
192.178.6.64 - - [21/Jul/2026:08:48:06 +0000] "GET /saiga.php?sitemap872.xml HTTP/1.1" 200 551164 "-" "Mozilla/5.0 (compatible; Googlebot/2.1; +http://www.google.com/bot.html)"
192.178.6.64 - - [21/Jul/2026:08:48:36 +0000] "GET /saiga.php?sitemap473.xml HTTP/1.1" 200 551199 "-" "Mozilla/5.0 (compatible; Googlebot/2.1; +http://www.google.com/bot.html)"
192.178.6.64 - - [21/Jul/2026:08:50:32 +0000] "GET /saiga.php?sitemap395.xml HTTP/1.1" 200 551158 "-" "Mozilla/5.0 (compatible; Googlebot/2.1; +http://www.google.com/bot.html)"
192.178.6.73 - - [21/Jul/2026:08:51:15 +0000] "GET /saiga.php?sitemap608.xml HTTP/1.1" 200 551127 "-" "Mozilla/5.0 (compatible; Googlebot/2.1; +http://www.google.com/bot.html)"
170.106.163.48 - - [21/Jul/2026:08:53:16 +0000] "GET / HTTP/1.1" 500 - "-" "Mozilla/5.0 (iPhone; CPU iPhone OS 13_2_3 like Mac OS X) AppleWebKit/605.1.15 (KHTML, like Gecko) Version/13.0.3 Mobile/15E148 Safari/604.1"
192.178.6.65 - - [21/Jul/2026:08:53:37 +0000] "GET /saiga.php?sitemap779.xml HTTP/1.1" 200 551179 "-" "Mozilla/5.0 (compatible; Googlebot/2.1; +http://www.google.com/bot.html)"
192.178.6.73 - - [21/Jul/2026:08:53:50 +0000] "GET /saiga.php?sitemap513.xml HTTP/1.1" 200 551170 "-" "Mozilla/5.0 (compatible; Googlebot/2.1; +http://www.google.com/bot.html)"
192.178.6.73 - - [21/Jul/2026:08:54:46 +0000] "GET /saiga.php?sitemap124.xml HTTP/1.1" 200 551209 "-" "Mozilla/5.0 (compatible; Googlebot/2.1; +http://www.google.com/bot.html)"
192.178.6.73 - - [21/Jul/2026:08:54:51 +0000] "GET /saiga.php?sitemap810.xml HTTP/1.1" 200 551205 "-" "Mozilla/5.0 (compatible; Googlebot/2.1; +http://www.google.com/bot.html)"
192.178.6.64 - - [21/Jul/2026:08:55:04 +0000] "GET /saiga.php?sitemap638.xml HTTP/1.1" 200 551152 "-" "Mozilla/5.0 (compatible; Googlebot/2.1; +http://www.google.com/bot.html)"
192.178.6.73 - - [21/Jul/2026:08:55:07 +0000] "GET /saiga.php?sitemap462.xml HTTP/1.1" 200 551168 "-" "Mozilla/5.0 (compatible; Googlebot/2.1; +http://www.google.com/bot.html)"
192.178.6.64 - - [21/Jul/2026:08:55:32 +0000] "GET /saiga.php?sitemap744.xml HTTP/1.1" 200 551185 "-" "Mozilla/5.0 (compatible; Googlebot/2.1; +http://www.google.com/bot.html)"
192.178.6.64 - - [21/Jul/2026:08:55:52 +0000] "GET /saiga.php?sitemap536.xml HTTP/1.1" 200 551176 "-" "Mozilla/5.0 (compatible; Googlebot/2.1; +http://www.google.com/bot.html)"
185.8.106.168 - - [21/Jul/2026:08:56:58 +0000] "HEAD / HTTP/1.1" 500 - "-" "Mozilla/5.0 (Windows NT 10.0; Win64; x64) Chrome/120.0.0.0"
192.178.6.65 - - [21/Jul/2026:08:57:01 +0000] "GET /saiga.php?sitemap772.xml HTTP/1.1" 200 551195 "-" "Mozilla/5.0 (compatible; Googlebot/2.1; +http://www.google.com/bot.html)"
192.178.6.73 - - [21/Jul/2026:08:58:45 +0000] "GET /saiga.php?sitemap649.xml HTTP/1.1" 200 551217 "-" "Mozilla/5.0 (compatible; Googlebot/2.1; +http://www.google.com/bot.html)"
192.178.6.64 - - [21/Jul/2026:08:59:35 +0000] "GET /saiga.php?sitemap675.xml HTTP/1.1" 200 551152 "-" "Mozilla/5.0 (compatible; Googlebot/2.1; +http://www.google.com/bot.html)"
192.178.6.73 - - [21/Jul/2026:09:00:02 +0000] "GET /saiga.php?sitemap702.xml HTTP/1.1" 200 551134 "-" "Mozilla/5.0 (compatible; Googlebot/2.1; +http://www.google.com/bot.html)"
192.178.6.65 - - [21/Jul/2026:09:01:12 +0000] "GET /saiga.php?sitemap550.xml HTTP/1.1" 200 551220 "-" "Mozilla/5.0 (compatible; Googlebot/2.1; +http://www.google.com/bot.html)"
192.178.6.73 - - [21/Jul/2026:09:01:56 +0000] "GET /saiga.php?sitemap687.xml HTTP/1.1" 200 551138 "-" "Mozilla/5.0 (compatible; Googlebot/2.1; +http://www.google.com/bot.html)"
192.178.6.73 - - [21/Jul/2026:09:02:51 +0000] "GET /saiga.php?sitemap8.xml HTTP/1.1" 200 551144 "-" "Mozilla/5.0 (compatible; Googlebot/2.1; +http://www.google.com/bot.html)"
192.178.6.64 - - [21/Jul/2026:09:03:20 +0000] "GET /saiga.php?sitemap895.xml HTTP/1.1" 200 551182 "-" "Mozilla/5.0 (compatible; Googlebot/2.1; +http://www.google.com/bot.html)"
192.178.6.73 - - [21/Jul/2026:09:03:39 +0000] "GET /saiga.php?sitemap538.xml HTTP/1.1" 200 551154 "-" "Mozilla/5.0 (compatible; Googlebot/2.1; +http://www.google.com/bot.html)"
192.178.6.65 - - [21/Jul/2026:09:05:17 +0000] "GET /saiga.php?sitemap469.xml HTTP/1.1" 200 551159 "-" "Mozilla/5.0 (compatible; Googlebot/2.1; +http://www.google.com/bot.html)"
192.178.6.73 - - [21/Jul/2026:09:08:53 +0000] "GET /saiga.php?sitemap444.xml HTTP/1.1" 200 551194 "-" "Mozilla/5.0 (compatible; Googlebot/2.1; +http://www.google.com/bot.html)"
192.178.6.65 - - [21/Jul/2026:09:08:55 +0000] "GET /saiga.php?sitemap589.xml HTTP/1.1" 200 551178 "-" "Mozilla/5.0 (compatible; Googlebot/2.1; +http://www.google.com/bot.html)"
192.178.6.64 - - [21/Jul/2026:09:09:00 +0000] "GET /saiga.php?sitemap564.xml HTTP/1.1" 200 551231 "-" "Mozilla/5.0 (compatible; Googlebot/2.1; +http://www.google.com/bot.html)"
172.69.224.80 - - [21/Jul/2026:09:09:05 +0000] "GET /wp-admin/install.php?step=1 HTTP/1.1" 200 1404 "-" "http://thenobelstores.shop/wp-admin/install.php?step=1"
192.178.6.64 - - [21/Jul/2026:09:09:37 +0000] "GET /saiga.php?sitemap6.xml HTTP/1.1" 200 551209 "-" "Mozilla/5.0 (compatible; Googlebot/2.1; +http://www.google.com/bot.html)"
192.178.6.73 - - [21/Jul/2026:09:09:47 +0000] "GET /saiga.php?sitemap831.xml HTTP/1.1" 200 551166 "-" "Mozilla/5.0 (compatible; Googlebot/2.1; +http://www.google.com/bot.html)"
192.178.6.64 - - [21/Jul/2026:09:11:14 +0000] "GET /saiga.php?sitemap946.xml HTTP/1.1" 200 551148 "-" "Mozilla/5.0 (compatible; Googlebot/2.1; +http://www.google.com/bot.html)"
192.178.6.73 - - [21/Jul/2026:09:11:18 +0000] "GET /saiga.php?sitemap632.xml HTTP/1.1" 200 551158 "-" "Mozilla/5.0 (compatible; Googlebot/2.1; +http://www.google.com/bot.html)"
192.178.6.64 - - [21/Jul/2026:09:11:19 +0000] "GET /sitemap29.xml HTTP/1.1" 200 506136 "-" "Mozilla/5.0 (compatible; Googlebot/2.1; +http://www.google.com/bot.html)"
192.178.6.73 - - [21/Jul/2026:09:11:24 +0000] "GET /saiga.php?sitemap953.xml HTTP/1.1" 200 551159 "-" "Mozilla/5.0 (compatible; Googlebot/2.1; +http://www.google.com/bot.html)"
192.178.6.73 - - [21/Jul/2026:09:11:26 +0000] "GET /saiga.php?sitemap802.xml HTTP/1.1" 200 551181 "-" "Mozilla/5.0 (compatible; Googlebot/2.1; +http://www.google.com/bot.html)"
104.23.223.84 - - [21/Jul/2026:09:13:10 +0000] "GET /wp-admin/install.php?step=1 HTTP/1.1" 200 1404 "-" "http://thenobelstores.shop/wp-admin/install.php?step=1"
192.178.6.64 - - [21/Jul/2026:09:14:18 +0000] "GET /sitemap22.xml HTTP/1.1" 200 506130 "-" "Mozilla/5.0 (compatible; Googlebot/2.1; +http://www.google.com/bot.html)"
192.178.6.73 - - [21/Jul/2026:09:15:43 +0000] "GET /saiga.php?sitemap333.xml HTTP/1.1" 200 551157 "-" "Mozilla/5.0 (compatible; Googlebot/2.1; +http://www.google.com/bot.html)"
34.76.117.34 - - [21/Jul/2026:09:23:37 +0000] "GET / HTTP/1.1" 500 - "-" "Mozilla/5.0 (Macintosh; Intel Mac OS X 10_15_7) AppleWebKit/605.1.15 (KHTML, like Gecko) Version/18.1 Safari/605.1.15"
192.178.6.64 - - [21/Jul/2026:09:25:22 +0000] "GET /saiga.php?sitemap536.xml HTTP/1.1" 200 551153 "-" "Mozilla/5.0 (compatible; Googlebot/2.1; +http://www.google.com/bot.html)"
192.178.6.64 - - [21/Jul/2026:09:26:28 +0000] "GET /saiga.php?sitemap675.xml HTTP/1.1" 200 551171 "-" "Mozilla/5.0 (compatible; Googlebot/2.1; +http://www.google.com/bot.html)"
192.178.6.65 - - [21/Jul/2026:09:29:29 +0000] "GET /saiga.php?sitemap550.xml HTTP/1.1" 200 551150 "-" "Mozilla/5.0 (compatible; Googlebot/2.1; +http://www.google.com/bot.html)"
192.178.6.64 - - [21/Jul/2026:09:29:38 +0000] "GET /saiga.php?sitemap772.xml HTTP/1.1" 200 551165 "-" "Mozilla/5.0 (compatible; Googlebot/2.1; +http://www.google.com/bot.html)"
192.178.6.65 - - [21/Jul/2026:09:31:17 +0000] "GET /saiga.php?sitemap702.xml HTTP/1.1" 200 551219 "-" "Mozilla/5.0 (compatible; Googlebot/2.1; +http://www.google.com/bot.html)"
192.178.6.73 - - [21/Jul/2026:09:31:29 +0000] "GET /saiga.php?sitemap538.xml HTTP/1.1" 200 551142 "-" "Mozilla/5.0 (compatible; Googlebot/2.1; +http://www.google.com/bot.html)"
146.56.199.139 - - [21/Jul/2026:09:32:53 +0000] "GET / HTTP/1.1" 500 - "-" "Mozilla/5.0 (iPhone; CPU iPhone OS 13_2_3 like Mac OS X) AppleWebKit/605.1.15 (KHTML, like Gecko) Version/13.0.3 Mobile/15E148 Safari/604.1"
192.178.6.73 - - [21/Jul/2026:09:32:58 +0000] "GET /saiga.php?sitemap8.xml HTTP/1.1" 200 551161 "-" "Mozilla/5.0 (compatible; Googlebot/2.1; +http://www.google.com/bot.html)"
192.178.6.64 - - [21/Jul/2026:09:34:00 +0000] "GET /saiga.php?sitemap687.xml HTTP/1.1" 200 551187 "-" "Mozilla/5.0 (compatible; Googlebot/2.1; +http://www.google.com/bot.html)"
192.178.6.64 - - [21/Jul/2026:09:34:05 +0000] "GET /saiga.php?sitemap444.xml HTTP/1.1" 200 551167 "-" "Mozilla/5.0 (compatible; Googlebot/2.1; +http://www.google.com/bot.html)"
192.178.6.73 - - [21/Jul/2026:09:34:50 +0000] "GET /robots.txt HTTP/1.1" 200 192927 "-" "Mozilla/5.0 (compatible; Googlebot/2.1; +http://www.google.com/bot.html)"
192.178.6.73 - - [21/Jul/2026:09:34:50 +0000] "GET /saiga.php?sitemap589.xml HTTP/1.1" 200 551159 "-" "Mozilla/5.0 (compatible; Googlebot/2.1; +http://www.google.com/bot.html)"
192.178.6.73 - - [21/Jul/2026:09:34:52 +0000] "GET /saiga.php?sitemap895.xml HTTP/1.1" 200 551188 "-" "Mozilla/5.0 (compatible; Googlebot/2.1; +http://www.google.com/bot.html)"
192.178.6.64 - - [21/Jul/2026:09:36:34 +0000] "GET /robots.txt HTTP/1.1" 200 192927 "-" "Mozilla/5.0 (compatible; Googlebot/2.1; +http://www.google.com/bot.html)"
192.178.6.64 - - [21/Jul/2026:09:36:52 +0000] "GET /saiga.php?sitemap831.xml HTTP/1.1" 200 551186 "-" "Mozilla/5.0 (compatible; Googlebot/2.1; +http://www.google.com/bot.html)"
192.178.6.73 - - [21/Jul/2026:09:36:59 +0000] "GET /?c=5273065987 HTTP/1.1" 200 196083 "-" "Mozilla/5.0 (Linux; Android 6.0.1; Nexus 5X Build/MMB29P) AppleWebKit/537.36 (KHTML, like Gecko) Chrome/150.0.7871.128 Mobile Safari/537.36 (compatible; GoogleOther)"
192.178.6.73 - - [21/Jul/2026:09:37:11 +0000] "GET /saiga.php?sitemap6.xml HTTP/1.1" 200 551129 "-" "Mozilla/5.0 (compatible; Googlebot/2.1; +http://www.google.com/bot.html)"
192.178.6.73 - - [21/Jul/2026:09:37:41 +0000] "GET /robots.txt HTTP/1.1" 200 192927 "-" "Mozilla/5.0 (compatible; Googlebot/2.1; +http://www.google.com/bot.html)"
192.178.6.73 - - [21/Jul/2026:09:37:41 +0000] "GET /saiga.php?sitemap469.xml HTTP/1.1" 200 551135 "-" "Mozilla/5.0 (compatible; Googlebot/2.1; +http://www.google.com/bot.html)"
192.178.6.65 - - [21/Jul/2026:09:38:48 +0000] "GET /robots.txt HTTP/1.1" 200 192927 "-" "Mozilla/5.0 (compatible; Googlebot/2.1; +http://www.google.com/bot.html)"
192.178.6.73 - - [21/Jul/2026:09:38:48 +0000] "GET /saiga.php?sitemap802.xml HTTP/1.1" 200 551189 "-" "Mozilla/5.0 (compatible; Googlebot/2.1; +http://www.google.com/bot.html)"
192.178.6.73 - - [21/Jul/2026:09:39:48 +0000] "GET /saiga.php?sitemap564.xml HTTP/1.1" 200 551152 "-" "Mozilla/5.0 (compatible; Googlebot/2.1; +http://www.google.com/bot.html)"
198.177.124.148 - - [21/Jul/2026:09:42:43 +0000] "POST /wp-cron.php?doing_wp_cron=1784626963.0804820060729980468750 HTTP/1.1" 200 - "-" "WordPress/7.0.2; https://thenobelstores.shop"
104.23.223.84 - - [21/Jul/2026:09:42:42 +0000] "GET /wp-admin/install.php?step=1 HTTP/1.1" 200 1404 "-" "http://thenobelstores.shop/wp-admin/install.php?step=1"
192.178.6.64 - - [21/Jul/2026:09:43:32 +0000] "GET /robots.txt HTTP/1.1" 200 192927 "-" "Mozilla/5.0 (compatible; Googlebot/2.1; +http://www.google.com/bot.html)"
192.178.6.65 - - [21/Jul/2026:09:45:03 +0000] "GET /saiga.php?sitemap953.xml HTTP/1.1" 200 551120 "-" "Mozilla/5.0 (compatible; Googlebot/2.1; +http://www.google.com/bot.html)"
192.178.6.73 - - [21/Jul/2026:09:45:45 +0000] "GET /robots.txt HTTP/1.1" 200 192927 "-" "Mozilla/5.0 (compatible; Googlebot/2.1; +http://www.google.com/bot.html)"
192.178.6.73 - - [21/Jul/2026:09:45:52 +0000] "GET /saiga.php?sitemap946.xml HTTP/1.1" 200 551159 "-" "Mozilla/5.0 (compatible; Googlebot/2.1; +http://www.google.com/bot.html)"
192.178.6.64 - - [21/Jul/2026:09:47:26 +0000] "GET /saiga.php?sitemap632.xml HTTP/1.1" 200 551137 "-" "Mozilla/5.0 (compatible; Googlebot/2.1; +http://www.google.com/bot.html)"
192.178.6.73 - - [21/Jul/2026:09:50:06 +0000] "GET /saiga.php?sitemap379.xml HTTP/1.1" 200 551095 "-" "Mozilla/5.0 (compatible; Googlebot/2.1; +http://www.google.com/bot.html)"
192.178.6.65 - - [21/Jul/2026:09:50:10 +0000] "GET /saiga.php?sitemap333.xml HTTP/1.1" 200 551125 "-" "Mozilla/5.0 (compatible; Googlebot/2.1; +http://www.google.com/bot.html)"
198.177.124.148 - - [21/Jul/2026:09:50:39 +0000] "POST /wp-cron.php?doing_wp_cron=1784627439.1439070701599121093750 HTTP/1.1" 200 - "-" "WordPress/7.0.2; https://thenobelstores.shop"
162.158.94.69 - - [21/Jul/2026:09:50:38 +0000] "GET /wp-admin/install.php?step=1 HTTP/1.1" 200 1404 "-" "http://thenobelstores.shop/wp-admin/install.php?step=1"
198.177.124.148 - - [21/Jul/2026:09:52:13 +0000] "POST /wp-cron.php?doing_wp_cron=1784627533.0327029228210449218750 HTTP/1.1" 200 - "-" "WordPress/7.0.2; https://thenobelstores.shop"
172.70.240.73 - - [21/Jul/2026:09:52:12 +0000] "GET /wp-admin/install.php?step=1 HTTP/1.1" 200 1404 "-" "http://thenobelstores.shop/wp-admin/install.php?step=1"
192.178.6.73 - - [21/Jul/2026:09:54:40 +0000] "GET /saiga.php?sitemap536.xml HTTP/1.1" 200 551158 "-" "Mozilla/5.0 (compatible; Googlebot/2.1; +http://www.google.com/bot.html)"
192.178.6.64 - - [21/Jul/2026:09:56:33 +0000] "GET /saiga.php?sitemap675.xml HTTP/1.1" 200 551167 "-" "Mozilla/5.0 (compatible; Googlebot/2.1; +http://www.google.com/bot.html)"
192.178.6.65 - - [21/Jul/2026:10:00:05 +0000] "GET /saiga.php?sitemap8.xml HTTP/1.1" 200 551142 "-" "Mozilla/5.0 (compatible; Googlebot/2.1; +http://www.google.com/bot.html)"
192.178.6.64 - - [21/Jul/2026:10:00:59 +0000] "GET /saiga.php?sitemap687.xml HTTP/1.1" 200 551139 "-" "Mozilla/5.0 (compatible; Googlebot/2.1; +http://www.google.com/bot.html)"
198.177.124.148 - - [21/Jul/2026:10:02:32 +0000] "GET /.well-known/acme-challenge/HBG1E2CH4JHSY76YWZUTNTO01YYXLABN HTTP/1.1" 200 64 "-" "Cpanel-HTTP-Client/1.0"
198.177.124.148 - - [21/Jul/2026:10:02:32 +0000] "GET /.well-known/acme-challenge/VPJW-FZALNJPJ0P5Q13P5BNHA0XYN_HJ HTTP/1.1" 200 64 "-" "Cpanel-HTTP-Client/1.0"
192.178.6.73 - - [21/Jul/2026:10:03:01 +0000] "GET /saiga.php?items/T97675133910/ HTTP/1.1" 200 200338 "-" "Mozilla/5.0 (compatible; Googlebot/2.1; +http://www.google.com/bot.html)"
192.178.6.73 - - [21/Jul/2026:10:03:32 +0000] "GET /saiga.php?sitemap895.xml HTTP/1.1" 200 551153 "-" "Mozilla/5.0 (compatible; Googlebot/2.1; +http://www.google.com/bot.html)"
192.178.6.64 - - [21/Jul/2026:10:03:35 +0000] "GET /saiga.php?sitemap772.xml HTTP/1.1" 200 551124 "-" "Mozilla/5.0 (compatible; Googlebot/2.1; +http://www.google.com/bot.html)"
192.178.6.73 - - [21/Jul/2026:10:03:42 +0000] "GET /saiga.php?sitemap444.xml HTTP/1.1" 200 551197 "-" "Mozilla/5.0 (compatible; Googlebot/2.1; +http://www.google.com/bot.html)"
192.178.6.73 - - [21/Jul/2026:10:03:45 +0000] "GET /saiga.php?sitemap550.xml HTTP/1.1" 200 551150 "-" "Mozilla/5.0 (compatible; Googlebot/2.1; +http://www.google.com/bot.html)"
192.178.6.64 - - [21/Jul/2026:10:04:39 +0000] "GET /saiga.php?sitemap6.xml HTTP/1.1" 403 533150 "-" "Mozilla/5.0 (compatible; Googlebot/2.1; +http://www.google.com/bot.html)"
192.178.6.73 - - [21/Jul/2026:10:05:25 +0000] "GET /saiga.php?sitemap702.xml HTTP/1.1" 403 533103 "-" "Mozilla/5.0 (compatible; Googlebot/2.1; +http://www.google.com/bot.html)"
192.178.6.64 - - [21/Jul/2026:10:05:28 +0000] "GET /saiga.php?sitemap589.xml HTTP/1.1" 403 533101 "-" "Mozilla/5.0 (compatible; Googlebot/2.1; +http://www.google.com/bot.html)"
192.178.6.73 - - [21/Jul/2026:10:05:52 +0000] "GET /saiga.php?sitemap538.xml HTTP/1.1" 403 533137 "-" "Mozilla/5.0 (compatible; Googlebot/2.1; +http://www.google.com/bot.html)"
192.178.6.65 - - [21/Jul/2026:10:09:10 +0000] "GET /saiga.php?sitemap564.xml HTTP/1.1" 403 533096 "-" "Mozilla/5.0 (compatible; Googlebot/2.1; +http://www.google.com/bot.html)"
192.178.6.64 - - [21/Jul/2026:10:09:20 +0000] "GET /saiga.php?sitemap946.xml HTTP/1.1" 403 533200 "-" "Mozilla/5.0 (compatible; Googlebot/2.1; +http://www.google.com/bot.html)"
192.178.6.73 - - [21/Jul/2026:10:09:45 +0000] "GET /saiga.php?sitemap831.xml HTTP/1.1" 403 533119 "-" "Mozilla/5.0 (compatible; Googlebot/2.1; +http://www.google.com/bot.html)"
192.178.6.65 - - [21/Jul/2026:10:10:07 +0000] "GET /saiga.php?sitemap802.xml HTTP/1.1" 403 533128 "-" "Mozilla/5.0 (compatible; Googlebot/2.1; +http://www.google.com/bot.html)"
192.178.6.73 - - [21/Jul/2026:10:10:38 +0000] "GET /saiga.php?sitemap953.xml HTTP/1.1" 403 533174 "-" "Mozilla/5.0 (compatible; Googlebot/2.1; +http://www.google.com/bot.html)"
192.178.6.73 - - [21/Jul/2026:10:11:17 +0000] "GET /saiga.php?sitemap326.xml HTTP/1.1" 403 533119 "-" "Mozilla/5.0 (compatible; Googlebot/2.1; +http://www.google.com/bot.html)"
192.178.6.73 - - [21/Jul/2026:10:11:47 +0000] "GET /saiga.php?sitemap469.xml HTTP/1.1" 403 533134 "-" "Mozilla/5.0 (compatible; Googlebot/2.1; +http://www.google.com/bot.html)"
192.178.6.64 - - [21/Jul/2026:10:12:47 +0000] "GET /saiga.php?sitemap632.xml HTTP/1.1" 403 533157 "-" "Mozilla/5.0 (compatible; Googlebot/2.1; +http://www.google.com/bot.html)"
192.178.6.65 - - [21/Jul/2026:10:18:19 +0000] "GET /sitemap37.xml HTTP/1.1" 200 506104 "-" "Mozilla/5.0 (compatible; Googlebot/2.1; +http://www.google.com/bot.html)"
104.23.221.166 - - [21/Jul/2026:10:19:05 +0000] "GET /wp-admin/install.php?step=1 HTTP/1.1" 500 - "-" "http://thenobelstores.shop/wp-admin/install.php?step=1"
192.178.6.64 - - [21/Jul/2026:10:21:42 +0000] "GET /saiga.php?sitemap333.xml HTTP/1.1" 403 533152 "-" "Mozilla/5.0 (compatible; Googlebot/2.1; +http://www.google.com/bot.html)"
192.178.6.65 - - [21/Jul/2026:10:24:25 +0000] "GET /saiga.php?sitemap536.xml HTTP/1.1" 403 533097 "-" "Mozilla/5.0 (compatible; Googlebot/2.1; +http://www.google.com/bot.html)"
192.178.6.65 - - [21/Jul/2026:10:27:19 +0000] "GET /saiga.php?sitemap675.xml HTTP/1.1" 403 533152 "-" "Mozilla/5.0 (compatible; Googlebot/2.1; +http://www.google.com/bot.html)"
192.178.6.73 - - [21/Jul/2026:10:28:26 +0000] "GET /saiga.php?sitemap550.xml HTTP/1.1" 403 533084 "-" "Mozilla/5.0 (compatible; Googlebot/2.1; +http://www.google.com/bot.html)"
192.178.6.64 - - [21/Jul/2026:10:28:56 +0000] "GET /saiga.php?sitemap687.xml HTTP/1.1" 403 533081 "-" "Mozilla/5.0 (compatible; Googlebot/2.1; +http://www.google.com/bot.html)"
104.23.221.166 - - [21/Jul/2026:10:30:04 +0000] "GET /wp-admin/install.php?step=1 HTTP/1.1" 500 - "-" "http://thenobelstores.shop/wp-admin/install.php?step=1"
192.178.6.65 - - [21/Jul/2026:10:32:01 +0000] "GET /saiga.php?sitemap772.xml HTTP/1.1" 403 533100 "-" "Mozilla/5.0 (compatible; Googlebot/2.1; +http://www.google.com/bot.html)"
192.178.6.64 - - [21/Jul/2026:10:32:18 +0000] "GET /saiga.php?sitemap895.xml HTTP/1.1" 403 533192 "-" "Mozilla/5.0 (compatible; Googlebot/2.1; +http://www.google.com/bot.html)"
192.178.6.65 - - [21/Jul/2026:10:33:47 +0000] "GET /saiga.php?sitemap8.xml HTTP/1.1" 403 533127 "-" "Mozilla/5.0 (compatible; Googlebot/2.1; +http://www.google.com/bot.html)"
192.178.6.65 - - [21/Jul/2026:10:34:23 +0000] "GET /saiga.php?sitemap444.xml HTTP/1.1" 403 533159 "-" "Mozilla/5.0 (compatible; Googlebot/2.1; +http://www.google.com/bot.html)"
192.178.6.64 - - [21/Jul/2026:10:44:21 +0000] "GET /saiga.php?sitemap.xml HTTP/1.1" 403 9215 "-" "Mozilla/5.0 (compatible; Googlebot/2.1; +http://www.google.com/bot.html)"
192.178.6.73 - - [21/Jul/2026:10:54:49 +0000] "GET /saiga.php?sitemap290.xml HTTP/1.1" 403 533134 "-" "Mozilla/5.0 (compatible; Googlebot/2.1; +http://www.google.com/bot.html)"
172.70.248.75 - - [21/Jul/2026:10:56:27 +0000] "GET /wp-admin/install.php?step=1 HTTP/1.1" 500 - "-" "http://thenobelstores.shop/wp-admin/install.php?step=1"
104.23.223.84 - - [21/Jul/2026:10:58:00 +0000] "GET /wp-admin/install.php?step=1 HTTP/1.1" 500 - "-" "http://thenobelstores.shop/wp-admin/install.php?step=1"
192.178.6.73 - - [21/Jul/2026:11:00:53 +0000] "GET /saiga.php?sitemap350.xml HTTP/1.1" 403 533158 "-" "Mozilla/5.0 (compatible; Googlebot/2.1; +http://www.google.com/bot.html)"
34.76.117.34 - - [21/Jul/2026:11:06:09 +0000] "GET / HTTP/1.1" 500 - "-" "Mozilla/5.0 (X11; Linux x86_64; rv:133.0) Gecko/20100101 Firefox/133.0"
62.210.198.225 - - [21/Jul/2026:11:12:58 +0000] "HEAD / HTTP/1.1" 500 - "-" "python-httpx/0.28.1"
62.210.198.225 - - [21/Jul/2026:11:13:02 +0000] "GET / HTTP/1.1" 500 - "-" "Mozilla/5.0 (X11; Linux x86_64) AppleWebKit/537.36 (KHTML, like Gecko) Chrome/134.0.0.0 Safari/537.3"
62.210.198.225 - - [21/Jul/2026:11:13:07 +0000] "GET /favicon.ico HTTP/1.1" 500 - "-" "Mozilla/5.0 (X11; Linux x86_64) AppleWebKit/537.36 (KHTML, like Gecko) Chrome/134.0.0.0 Safari/537.3"
62.210.198.225 - - [21/Jul/2026:11:13:13 +0000] "GET /ads.txt HTTP/1.1" 500 - "-" "Mozilla/5.0 (X11; Linux x86_64) AppleWebKit/537.36 (KHTML, like Gecko) Chrome/134.0.0.0 Safari/537.3"
62.210.198.225 - - [21/Jul/2026:11:13:13 +0000] "GET /app-ads.txt HTTP/1.1" 500 - "-" "Mozilla/5.0 (X11; Linux x86_64) AppleWebKit/537.36 (KHTML, like Gecko) Chrome/134.0.0.0 Safari/537.3"
62.210.198.225 - - [21/Jul/2026:11:13:14 +0000] "GET /sellers.json HTTP/1.1" 500 - "-" "Mozilla/5.0 (X11; Linux x86_64) AppleWebKit/537.36 (KHTML, like Gecko) Chrome/134.0.0.0 Safari/537.3"
172.71.148.31 - - [21/Jul/2026:11:18:57 +0000] "GET /wp-admin/install.php?step=1 HTTP/1.1" 500 - "-" "http://thenobelstores.shop/wp-admin/install.php?step=1"
192.178.6.64 - - [21/Jul/2026:11:20:13 +0000] "GET /saiga.php?sitemap791.xml HTTP/1.1" 403 533109 "-" "Mozilla/5.0 (compatible; Googlebot/2.1; +http://www.google.com/bot.html)"
192.178.6.73 - - [21/Jul/2026:11:25:04 +0000] "GET /saiga.php?sitemap410.xml HTTP/1.1" 403 533088 "-" "Mozilla/5.0 (compatible; Googlebot/2.1; +http://www.google.com/bot.html)"
162.158.94.68 - - [21/Jul/2026:11:34:22 +0000] "GET /wp-admin/install.php?step=1 HTTP/1.1" 500 - "-" "http://thenobelstores.shop/wp-admin/install.php?step=1"
192.178.6.64 - - [21/Jul/2026:11:37:33 +0000] "GET /saiga.php?sitemap367.xml HTTP/1.1" 403 533134 "-" "Mozilla/5.0 (compatible; Googlebot/2.1; +http://www.google.com/bot.html)"
52.91.212.121 - - [21/Jul/2026:11:41:44 +0000] "GET / HTTP/1.1" 500 - "-" "Mozilla/5.0 (X11; FreeBSD i386; rv:28.0) Gecko/20100101 Firefox/28.0 SeaMonkey/2.25"
104.23.221.166 - - [21/Jul/2026:11:44:48 +0000] "GET /wp-admin/install.php?step=1 HTTP/1.1" 500 - "-" "http://thenobelstores.shop/wp-admin/install.php?step=1"
147.185.132.69 - - [21/Jul/2026:11:46:02 +0000] "GET / HTTP/1.1" 500 - "-" "Hello from Palo Alto Networks, find out more about our scans in https://docs-cortex.paloaltonetworks.com/r/1/Cortex-Xpanse/Scanning-activity"
192.178.6.64 - - [21/Jul/2026:11:57:21 +0000] "GET /saiga.php?sitemap161.xml HTTP/1.1" 403 533149 "-" "Mozilla/5.0 (compatible; Googlebot/2.1; +http://www.google.com/bot.html)"
104.23.221.167 - - [21/Jul/2026:11:58:22 +0000] "GET /wp-admin/install.php?step=1 HTTP/1.1" 500 - "-" "http://thenobelstores.shop/wp-admin/install.php?step=1"
43.166.136.153 - - [21/Jul/2026:12:04:46 +0000] "GET / HTTP/1.1" 500 - "-" "Mozilla/5.0 (iPhone; CPU iPhone OS 13_2_3 like Mac OS X) AppleWebKit/605.1.15 (KHTML, like Gecko) Version/13.0.3 Mobile/15E148 Safari/604.1"
43.165.127.225 - - [21/Jul/2026:12:06:25 +0000] "GET / HTTP/1.1" 500 - "-" "Mozilla/5.0 (iPhone; CPU iPhone OS 13_2_3 like Mac OS X) AppleWebKit/605.1.15 (KHTML, like Gecko) Version/13.0.3 Mobile/15E148 Safari/604.1"
192.178.6.64 - - [21/Jul/2026:12:09:43 +0000] "GET /saiga.php?sitemap355.xml HTTP/1.1" 403 533180 "-" "Mozilla/5.0 (compatible; Googlebot/2.1; +http://www.google.com/bot.html)"
192.178.6.64 - - [21/Jul/2026:12:16:06 +0000] "GET /saiga.php?sitemap357.xml HTTP/1.1" 403 533163 "-" "Mozilla/5.0 (compatible; Googlebot/2.1; +http://www.google.com/bot.html)"
172.64.192.181 - - [21/Jul/2026:12:21:17 +0000] "GET /wp-admin/install.php?step=1 HTTP/1.1" 500 - "-" "http://thenobelstores.shop/wp-admin/install.php?step=1"
172.68.229.164 - - [21/Jul/2026:12:32:21 +0000] "GET /wp-admin/install.php?step=1 HTTP/1.1" 500 - "-" "http://thenobelstores.shop/wp-admin/install.php?step=1"
192.178.6.65 - - [21/Jul/2026:12:43:10 +0000] "GET /saiga.php?sitemap234.xml HTTP/1.1" 403 533117 "-" "Mozilla/5.0 (compatible; Googlebot/2.1; +http://www.google.com/bot.html)"
192.178.6.64 - - [21/Jul/2026:12:44:07 +0000] "GET /saiga.php?sitemap66.xml HTTP/1.1" 403 533143 "-" "Mozilla/5.0 (compatible; Googlebot/2.1; +http://www.google.com/bot.html)"
43.133.139.6 - - [21/Jul/2026:12:55:19 +0000] "GET / HTTP/1.1" 500 - "-" "Mozilla/5.0 (iPhone; CPU iPhone OS 13_2_3 like Mac OS X) AppleWebKit/605.1.15 (KHTML, like Gecko) Version/13.0.3 Mobile/15E148 Safari/604.1"
172.71.103.218 - - [21/Jul/2026:12:58:43 +0000] "GET /wp-admin/install.php?step=1 HTTP/1.1" 500 - "-" "http://thenobelstores.shop/wp-admin/install.php?step=1"
198.177.124.148 - - [21/Jul/2026:13:02:30 +0000] "GET /.well-known/acme-challenge/TSC1OW9ZQD13OPCRBF4DLZO2X83SWCVB HTTP/1.1" 200 64 "-" "Cpanel-HTTP-Client/1.0"
198.177.124.148 - - [21/Jul/2026:13:02:31 +0000] "GET /.well-known/acme-challenge/83DI7_E9Q238FE6S90T212TG47FNTW5V HTTP/1.1" 200 64 "-" "Cpanel-HTTP-Client/1.0"
172.71.172.190 - - [21/Jul/2026:13:14:39 +0000] "GET /wp-admin/install.php?step=1 HTTP/1.1" 500 - "-" "http://thenobelstores.shop/wp-admin/install.php?step=1"
146.190.232.152 - - [21/Jul/2026:13:15:37 +0000] "GET / HTTP/1.1" 500 - "-" "Mozilla/5.0 (X11; Linux x86_64) AppleWebKit/537.36 (KHTML, like Gecko) Chrome/142.0.0.0 Safari/537.36"
146.190.232.152 - - [21/Jul/2026:13:15:37 +0000] "GET /favicon.ico HTTP/1.1" 500 - "http://thenobelstores.shop/" "Mozilla/5.0 (X11; Linux x86_64) AppleWebKit/537.36 (KHTML, like Gecko) Chrome/142.0.0.0 Safari/537.36"
