66.249.69.197 - - [22/Jul/2026:10:51:48 +0000] "GET /robots.txt HTTP/1.1" 200 116 "-" "Mozilla/5.0 (compatible; Googlebot/2.1; +http://www.google.com/bot.html)"
66.249.69.197 - - [22/Jul/2026:10:52:59 +0000] "GET /robots.txt HTTP/1.1" 200 116 "-" "Mozilla/5.0 (compatible; Googlebot/2.1; +http://www.google.com/bot.html)"
66.249.69.197 - - [22/Jul/2026:10:53:00 +0000] "GET /?k=36124162146 HTTP/1.1" 200 97677 "-" "Mozilla/5.0 (Linux; Android 6.0.1; Nexus 5X Build/MMB29P) AppleWebKit/537.36 (KHTML, like Gecko) Chrome/150.0.7871.128 Mobile Safari/537.36 (compatible; GoogleOther)"
198.177.124.148 - - [22/Jul/2026:10:53:38 +0000] "POST /wp-cron.php?doing_wp_cron=1784717618.8587820529937744140625 HTTP/1.1" 200 - "-" "WordPress/7.0.2; https://tajhomehub.shop"
66.249.69.196 - - [22/Jul/2026:10:53:36 +0000] "GET /?g=72208151812 HTTP/1.1" 200 97677 "-" "Mozilla/5.0 (Linux; Android 6.0.1; Nexus 5X Build/MMB29P) AppleWebKit/537.36 (KHTML, like Gecko) Chrome/150.0.7871.128 Mobile Safari/537.36 (compatible; GoogleOther)"
66.249.69.198 - - [22/Jul/2026:10:54:05 +0000] "GET /?k=3612426278 HTTP/1.1" 200 97677 "-" "Mozilla/5.0 (Linux; Android 6.0.1; Nexus 5X Build/MMB29P) AppleWebKit/537.36 (KHTML, like Gecko) Chrome/150.0.7871.128 Mobile Safari/537.36 (compatible; GoogleOther)"
198.177.124.148 - - [22/Jul/2026:10:54:44 +0000] "POST /wp-cron.php?doing_wp_cron=1784717684.1708040237426757812500 HTTP/1.1" 200 - "-" "WordPress/7.0.2; https://tajhomehub.shop"
66.249.69.196 - - [22/Jul/2026:10:54:41 +0000] "GET /ammika.php?sitemap882.xml HTTP/1.1" 404 81257 "-" "Mozilla/5.0 (compatible; Googlebot/2.1; +http://www.google.com/bot.html)"
198.177.124.148 - - [22/Jul/2026:10:56:23 +0000] "POST /wp-cron.php?doing_wp_cron=1784717783.5283250808715820312500 HTTP/1.1" 200 - "-" "WordPress/7.0.2; https://tajhomehub.shop"
66.249.69.197 - - [22/Jul/2026:10:56:20 +0000] "GET /ammika.php?sitemap309.xml HTTP/1.1" 404 81257 "-" "Mozilla/5.0 (compatible; Googlebot/2.1; +http://www.google.com/bot.html)"
198.177.124.148 - - [22/Jul/2026:10:57:19 +0000] "POST /wp-cron.php?doing_wp_cron=1784717839.5649359226226806640625 HTTP/1.1" 200 - "-" "WordPress/7.0.2; https://tajhomehub.shop"
172.71.164.57 - - [22/Jul/2026:10:57:16 +0000] "GET /wp-admin/install.php?step=1 HTTP/1.1" 404 81267 "-" "http://tajhomehub.shop/wp-admin/install.php?step=1"
198.177.124.148 - - [22/Jul/2026:11:06:31 +0000] "POST /wp-cron.php?doing_wp_cron=1784718391.5508949756622314453125 HTTP/1.1" 200 - "-" "WordPress/7.0.2; https://tajhomehub.shop"
66.249.69.197 - - [22/Jul/2026:11:06:27 +0000] "GET /?k=3612430521 HTTP/1.1" 200 97677 "-" "Mozilla/5.0 (Linux; Android 6.0.1; Nexus 5X Build/MMB29P) AppleWebKit/537.36 (KHTML, like Gecko) Chrome/150.0.7871.128 Mobile Safari/537.36 (compatible; GoogleOther)"
198.177.124.148 - - [22/Jul/2026:11:10:23 +0000] "POST /wp-cron.php?doing_wp_cron=1784718623.4590730667114257812500 HTTP/1.1" 200 - "-" "WordPress/7.0.2; https://tajhomehub.shop"
104.23.239.56 - - [22/Jul/2026:11:10:19 +0000] "GET /wp-admin/install.php?step=1 HTTP/1.1" 404 81267 "-" "http://tajhomehub.shop/wp-admin/install.php?step=1"
198.177.124.148 - - [22/Jul/2026:11:13:09 +0000] "POST /wp-cron.php?doing_wp_cron=1784718789.0878620147705078125000 HTTP/1.1" 200 - "-" "WordPress/7.0.2; https://tajhomehub.shop"
43.166.7.113 - - [22/Jul/2026:11:13:06 +0000] "GET / HTTP/1.1" 200 97677 "-" "Mozilla/5.0 (iPhone; CPU iPhone OS 13_2_3 like Mac OS X) AppleWebKit/605.1.15 (KHTML, like Gecko) Version/13.0.3 Mobile/15E148 Safari/604.1"
198.177.124.148 - - [22/Jul/2026:11:13:55 +0000] "POST /wp-cron.php?doing_wp_cron=1784718835.3376119136810302734375 HTTP/1.1" 200 - "-" "WordPress/7.0.2; https://tajhomehub.shop"
66.249.69.198 - - [22/Jul/2026:11:13:51 +0000] "GET /?n=9525131227 HTTP/1.1" 200 97677 "-" "Mozilla/5.0 (Linux; Android 6.0.1; Nexus 5X Build/MMB29P) AppleWebKit/537.36 (KHTML, like Gecko) Chrome/150.0.7871.128 Mobile Safari/537.36 (compatible; GoogleOther)"
198.177.124.148 - - [22/Jul/2026:11:16:09 +0000] "POST /wp-cron.php?doing_wp_cron=1784718969.9408988952636718750000 HTTP/1.1" 200 - "-" "WordPress/7.0.2; https://tajhomehub.shop"
66.249.69.198 - - [22/Jul/2026:11:16:07 +0000] "GET /?y=63178202352 HTTP/1.1" 200 97677 "-" "Mozilla/5.0 (Linux; Android 6.0.1; Nexus 5X Build/MMB29P) AppleWebKit/537.36 (KHTML, like Gecko) Chrome/150.0.7871.128 Mobile Safari/537.36 (compatible; GoogleOther)"
198.177.124.148 - - [22/Jul/2026:11:27:28 +0000] "POST /wp-cron.php?doing_wp_cron=1784719648.1087460517883300781250 HTTP/1.1" 200 - "-" "WordPress/7.0.2; https://tajhomehub.shop"
66.249.69.197 - - [22/Jul/2026:11:27:25 +0000] "GET /ammika.php?sitemap139.xml HTTP/1.1" 404 81257 "-" "Mozilla/5.0 (compatible; Googlebot/2.1; +http://www.google.com/bot.html)"
172.70.242.146 - - [22/Jul/2026:11:28:52 +0000] "GET /wp-admin/install.php?step=1 HTTP/1.1" 404 81267 "-" "http://tajhomehub.shop/wp-admin/install.php?step=1"
198.177.124.148 - - [22/Jul/2026:11:34:48 +0000] "POST /wp-cron.php?doing_wp_cron=1784720088.6217861175537109375000 HTTP/1.1" 200 - "-" "WordPress/7.0.2; https://tajhomehub.shop"
129.28.84.30 - - [22/Jul/2026:11:34:46 +0000] "GET / HTTP/1.1" 200 97677 "-" "Mozilla/5.0 (iPhone; CPU iPhone OS 13_2_3 like Mac OS X) AppleWebKit/605.1.15 (KHTML, like Gecko) Version/13.0.3 Mobile/15E148 Safari/604.1"
198.177.124.148 - - [22/Jul/2026:11:36:05 +0000] "POST /wp-cron.php?doing_wp_cron=1784720165.9007220268249511718750 HTTP/1.1" 200 - "-" "WordPress/7.0.2; https://tajhomehub.shop"
66.249.69.198 - - [22/Jul/2026:11:36:02 +0000] "GET /ammika.php?sitemap45.xml HTTP/1.1" 404 81257 "-" "Mozilla/5.0 (compatible; Googlebot/2.1; +http://www.google.com/bot.html)"
66.249.69.197 - - [22/Jul/2026:11:42:24 +0000] "GET /ammika.php?sitemap87.xml HTTP/1.1" 404 81257 "-" "Mozilla/5.0 (compatible; Googlebot/2.1; +http://www.google.com/bot.html)"
198.177.124.148 - - [22/Jul/2026:11:47:05 +0000] "POST /wp-cron.php?doing_wp_cron=1784720825.0631029605865478515625 HTTP/1.1" 200 - "-" "WordPress/7.0.2; https://tajhomehub.shop"
66.249.69.196 - - [22/Jul/2026:11:47:01 +0000] "GET /ammika.php?sitemap614.xml HTTP/1.1" 404 81257 "-" "Mozilla/5.0 (compatible; Googlebot/2.1; +http://www.google.com/bot.html)"
172.71.148.118 - - [22/Jul/2026:11:47:49 +0000] "GET /wp-admin/install.php?step=1 HTTP/1.1" 404 81267 "-" "http://tajhomehub.shop/wp-admin/install.php?step=1"
66.249.69.198 - - [22/Jul/2026:11:50:04 +0000] "GET /ammika.php?sitemap572.xml HTTP/1.1" 404 81257 "-" "Mozilla/5.0 (compatible; Googlebot/2.1; +http://www.google.com/bot.html)"
198.177.124.148 - - [22/Jul/2026:11:51:31 +0000] "POST /wp-cron.php?doing_wp_cron=1784721091.0053269863128662109375 HTTP/1.1" 200 - "-" "WordPress/7.0.2; https://tajhomehub.shop"
66.249.69.198 - - [22/Jul/2026:11:51:28 +0000] "GET /ammika.php?sitemap768.xml HTTP/1.1" 404 81257 "-" "Mozilla/5.0 (compatible; Googlebot/2.1; +http://www.google.com/bot.html)"
172.70.242.146 - - [22/Jul/2026:11:51:57 +0000] "GET /wp-admin/install.php?step=1 HTTP/1.1" 404 81267 "-" "http://tajhomehub.shop/wp-admin/install.php?step=1"
43.153.48.240 - - [22/Jul/2026:11:52:00 +0000] "GET / HTTP/1.1" 301 - "-" "Mozilla/5.0 (iPhone; CPU iPhone OS 13_2_3 like Mac OS X) AppleWebKit/605.1.15 (KHTML, like Gecko) Version/13.0.3 Mobile/15E148 Safari/604.1"
43.153.48.240 - - [22/Jul/2026:11:52:03 +0000] "GET / HTTP/1.1" 200 97677 "http://www.tajhomehub.shop" "Mozilla/5.0 (iPhone; CPU iPhone OS 13_2_3 like Mac OS X) AppleWebKit/605.1.15 (KHTML, like Gecko) Version/13.0.3 Mobile/15E148 Safari/604.1"
198.177.124.148 - - [22/Jul/2026:11:57:24 +0000] "POST /wp-cron.php?doing_wp_cron=1784721444.3664050102233886718750 HTTP/1.1" 200 - "-" "WordPress/7.0.2; https://tajhomehub.shop"
66.249.69.198 - - [22/Jul/2026:11:57:21 +0000] "GET /robots.txt HTTP/1.1" 200 116 "-" "Mozilla/5.0 (compatible; Googlebot/2.1; +http://www.google.com/bot.html)"
66.249.69.196 - - [22/Jul/2026:11:57:45 +0000] "GET /ammika.php?sitemap548.xml HTTP/1.1" 404 81257 "-" "Mozilla/5.0 (compatible; Googlebot/2.1; +http://www.google.com/bot.html)"
43.165.2.110 - - [22/Jul/2026:12:06:52 +0000] "GET / HTTP/1.1" 301 - "-" "Mozilla/5.0 (iPhone; CPU iPhone OS 13_2_3 like Mac OS X) AppleWebKit/605.1.15 (KHTML, like Gecko) Version/13.0.3 Mobile/15E148 Safari/604.1"
43.165.2.110 - - [22/Jul/2026:12:06:55 +0000] "GET / HTTP/1.1" 200 97677 "http://www.tajhomehub.shop" "Mozilla/5.0 (iPhone; CPU iPhone OS 13_2_3 like Mac OS X) AppleWebKit/605.1.15 (KHTML, like Gecko) Version/13.0.3 Mobile/15E148 Safari/604.1"
198.177.124.148 - - [22/Jul/2026:12:11:38 +0000] "POST /wp-cron.php?doing_wp_cron=1784722298.8193678855895996093750 HTTP/1.1" 200 - "-" "WordPress/7.0.2; https://tajhomehub.shop"
66.249.69.197 - - [22/Jul/2026:12:11:36 +0000] "GET /?m=1972042192 HTTP/1.1" 404 81247 "-" "Mozilla/5.0 (Linux; Android 6.0.1; Nexus 5X Build/MMB29P) AppleWebKit/537.36 (KHTML, like Gecko) Chrome/150.0.7871.128 Mobile Safari/537.36 (compatible; GoogleOther)"
198.177.124.148 - - [22/Jul/2026:12:12:55 +0000] "POST /wp-cron.php?doing_wp_cron=1784722375.9251959323883056640625 HTTP/1.1" 200 - "-" "WordPress/7.0.2; https://tajhomehub.shop"
66.249.69.198 - - [22/Jul/2026:12:12:54 +0000] "GET /?w=6770060418 HTTP/1.1" 404 81247 "-" "Mozilla/5.0 (Linux; Android 6.0.1; Nexus 5X Build/MMB29P) AppleWebKit/537.36 (KHTML, like Gecko) Chrome/150.0.7871.128 Mobile Safari/537.36 (compatible; GoogleOther)"
66.249.69.196 - - [22/Jul/2026:12:13:44 +0000] "GET /?k=36124259377 HTTP/1.1" 200 97677 "-" "Mozilla/5.0 (Linux; Android 6.0.1; Nexus 5X Build/MMB29P) AppleWebKit/537.36 (KHTML, like Gecko) Chrome/150.0.7871.128 Mobile Safari/537.36 (compatible; GoogleOther)"
66.249.69.196 - - [22/Jul/2026:12:13:48 +0000] "GET /ammika.php?t=32389284707 HTTP/1.1" 404 81257 "-" "Mozilla/5.0 (compatible; Googlebot/2.1; +http://www.google.com/bot.html)"
198.177.124.148 - - [22/Jul/2026:12:14:53 +0000] "POST /wp-cron.php?doing_wp_cron=1784722493.6990389823913574218750 HTTP/1.1" 200 - "-" "WordPress/7.0.2; https://tajhomehub.shop"
66.249.69.196 - - [22/Jul/2026:12:14:48 +0000] "GET /?y=63178211638 HTTP/1.1" 200 97677 "-" "Mozilla/5.0 (Linux; Android 6.0.1; Nexus 5X Build/MMB29P) AppleWebKit/537.36 (KHTML, like Gecko) Chrome/150.0.7871.128 Mobile Safari/537.36 (compatible; GoogleOther)"
198.177.124.148 - - [22/Jul/2026:12:15:53 +0000] "POST /wp-cron.php?doing_wp_cron=1784722553.1266980171203613281250 HTTP/1.1" 200 - "-" "WordPress/7.0.2; https://tajhomehub.shop"
66.249.69.198 - - [22/Jul/2026:12:15:50 +0000] "GET /?y=6315236093 HTTP/1.1" 200 97677 "-" "Mozilla/5.0 (Linux; Android 6.0.1; Nexus 5X Build/MMB29P) AppleWebKit/537.36 (KHTML, like Gecko) Chrome/150.0.7871.128 Mobile Safari/537.36 (compatible; GoogleOther)"
198.177.124.148 - - [22/Jul/2026:12:16:36 +0000] "POST /wp-cron.php?doing_wp_cron=1784722596.5987958908081054687500 HTTP/1.1" 200 - "-" "WordPress/7.0.2; https://tajhomehub.shop"
172.70.248.64 - - [22/Jul/2026:12:16:33 +0000] "GET /wp-admin/install.php?step=1 HTTP/1.1" 404 81267 "-" "http://tajhomehub.shop/wp-admin/install.php?step=1"
198.177.124.148 - - [22/Jul/2026:12:17:29 +0000] "POST /wp-cron.php?doing_wp_cron=1784722649.8634200096130371093750 HTTP/1.1" 200 - "-" "WordPress/7.0.2; https://tajhomehub.shop"
66.249.69.198 - - [22/Jul/2026:12:17:26 +0000] "GET /?t=24641132591 HTTP/1.1" 200 97677 "-" "Mozilla/5.0 (Linux; Android 6.0.1; Nexus 5X Build/MMB29P) AppleWebKit/537.36 (KHTML, like Gecko) Chrome/150.0.7871.128 Mobile Safari/537.36 (compatible; GoogleOther)"
66.249.69.196 - - [22/Jul/2026:12:17:34 +0000] "GET /ammika.php?sitemap9.xml HTTP/1.1" 404 81257 "-" "Mozilla/5.0 (compatible; Googlebot/2.1; +http://www.google.com/bot.html)"
198.177.124.148 - - [22/Jul/2026:12:20:40 +0000] "POST /wp-cron.php?doing_wp_cron=1784722840.6094241142272949218750 HTTP/1.1" 200 - "-" "WordPress/7.0.2; https://tajhomehub.shop"
66.249.69.196 - - [22/Jul/2026:12:20:37 +0000] "GET /?m=1972060102 HTTP/1.1" 404 81247 "-" "Mozilla/5.0 (Linux; Android 6.0.1; Nexus 5X Build/MMB29P) AppleWebKit/537.36 (KHTML, like Gecko) Chrome/150.0.7871.128 Mobile Safari/537.36 (compatible; GoogleOther)"
198.177.124.148 - - [22/Jul/2026:12:24:54 +0000] "POST /wp-cron.php?doing_wp_cron=1784723094.1340079307556152343750 HTTP/1.1" 200 - "-" "WordPress/7.0.2; https://tajhomehub.shop"
66.249.69.198 - - [22/Jul/2026:12:24:49 +0000] "GET /ammika.php?sitemap341.xml HTTP/1.1" 404 81257 "-" "Mozilla/5.0 (compatible; Googlebot/2.1; +http://www.google.com/bot.html)"
172.71.172.131 - - [22/Jul/2026:12:26:25 +0000] "GET /wp-admin/install.php?step=1 HTTP/1.1" 404 81267 "-" "http://tajhomehub.shop/wp-admin/install.php?step=1"
66.249.69.197 - - [22/Jul/2026:12:27:03 +0000] "GET /ammika.php?sitemap479.xml HTTP/1.1" 404 81257 "-" "Mozilla/5.0 (compatible; Googlebot/2.1; +http://www.google.com/bot.html)"
66.249.69.197 - - [22/Jul/2026:12:32:52 +0000] "GET /ammika.php?sitemap560.xml HTTP/1.1" 404 81257 "-" "Mozilla/5.0 (compatible; Googlebot/2.1; +http://www.google.com/bot.html)"
172.70.242.146 - - [22/Jul/2026:12:43:07 +0000] "GET /wp-admin/install.php?step=1 HTTP/1.1" 404 81267 "-" "http://tajhomehub.shop/wp-admin/install.php?step=1"
66.249.69.196 - - [22/Jul/2026:12:45:11 +0000] "GET /ammika.php?sitemap952.xml HTTP/1.1" 404 81257 "-" "Mozilla/5.0 (compatible; Googlebot/2.1; +http://www.google.com/bot.html)"
198.177.124.148 - - [22/Jul/2026:12:47:19 +0000] "POST /wp-cron.php?doing_wp_cron=1784724439.7723009586334228515625 HTTP/1.1" 200 - "-" "WordPress/7.0.2; https://tajhomehub.shop"
104.23.221.131 - - [22/Jul/2026:12:47:18 +0000] "GET /wp-admin/install.php?step=1 HTTP/1.1" 404 81267 "-" "http://tajhomehub.shop/wp-admin/install.php?step=1"
66.249.69.196 - - [22/Jul/2026:12:49:07 +0000] "GET /?k=36124107883 HTTP/1.1" 200 97677 "-" "Mozilla/5.0 (Linux; Android 6.0.1; Nexus 5X Build/MMB29P) AppleWebKit/537.36 (KHTML, like Gecko) Chrome/150.0.7871.128 Mobile Safari/537.36 (compatible; GoogleOther)"
66.249.69.196 - - [22/Jul/2026:12:50:42 +0000] "GET /saiga.php?items/W58002246300/ HTTP/1.1" 404 81256 "-" "Mozilla/5.0 (compatible; Googlebot/2.1; +http://www.google.com/bot.html)"
198.177.124.148 - - [22/Jul/2026:12:57:51 +0000] "POST /wp-cron.php?doing_wp_cron=1784725071.3545010089874267578125 HTTP/1.1" 200 - "-" "WordPress/7.0.2; https://tajhomehub.shop"
66.249.69.196 - - [22/Jul/2026:12:57:49 +0000] "GET /robots.txt HTTP/1.1" 200 116 "-" "Mozilla/5.0 (compatible; Googlebot/2.1; +http://www.google.com/bot.html)"
66.249.69.196 - - [22/Jul/2026:12:57:50 +0000] "GET /ammika.php?sitemap885.xml HTTP/1.1" 404 81257 "-" "Mozilla/5.0 (compatible; Googlebot/2.1; +http://www.google.com/bot.html)"
66.249.69.196 - - [22/Jul/2026:13:00:35 +0000] "GET /robots.txt HTTP/1.1" 200 116 "-" "Mozilla/5.0 (compatible; Googlebot/2.1; +http://www.google.com/bot.html)"
198.177.124.148 - - [22/Jul/2026:13:02:23 +0000] "GET /.well-known/acme-challenge/61NG8GBW-ZHS1NR4CD7G2PBOAHN30WUJ HTTP/1.1" 200 64 "-" "Cpanel-HTTP-Client/1.0"
198.177.124.148 - - [22/Jul/2026:13:02:23 +0000] "GET /.well-known/acme-challenge/IN_B-F6HAPZE9R_Q3H5B6IVAS7X7WVR6 HTTP/1.1" 200 64 "-" "Cpanel-HTTP-Client/1.0"
66.249.69.197 - - [22/Jul/2026:13:02:24 +0000] "GET /ammika.php?sitemap659.xml HTTP/1.1" 404 81257 "-" "Mozilla/5.0 (compatible; Googlebot/2.1; +http://www.google.com/bot.html)"
66.249.69.197 - - [22/Jul/2026:13:02:27 +0000] "GET /robots.txt HTTP/1.1" 200 116 "-" "Mozilla/5.0 (compatible; Googlebot/2.1; +http://www.google.com/bot.html)"
66.249.69.196 - - [22/Jul/2026:13:02:45 +0000] "GET /ammika.php?sitemap528.xml HTTP/1.1" 404 81257 "-" "Mozilla/5.0 (compatible; Googlebot/2.1; +http://www.google.com/bot.html)"
198.177.124.148 - - [22/Jul/2026:13:05:16 +0000] "POST /wp-cron.php?doing_wp_cron=1784725516.5745220184326171875000 HTTP/1.1" 200 - "-" "WordPress/7.0.2; https://tajhomehub.shop"
66.249.69.198 - - [22/Jul/2026:13:05:14 +0000] "GET /robots.txt HTTP/1.1" 200 116 "-" "Mozilla/5.0 (compatible; Googlebot/2.1; +http://www.google.com/bot.html)"
66.249.69.198 - - [22/Jul/2026:13:06:17 +0000] "GET /robots.txt HTTP/1.1" 200 116 "-" "Mozilla/5.0 (compatible; Googlebot/2.1; +http://www.google.com/bot.html)"
66.249.69.197 - - [22/Jul/2026:13:06:30 +0000] "GET /ammika.php?sitemap683.xml HTTP/1.1" 404 81257 "-" "Mozilla/5.0 (compatible; Googlebot/2.1; +http://www.google.com/bot.html)"
66.249.69.196 - - [22/Jul/2026:13:07:35 +0000] "GET /ammika.php?sitemap519.xml HTTP/1.1" 404 81257 "-" "Mozilla/5.0 (compatible; Googlebot/2.1; +http://www.google.com/bot.html)"
172.70.247.151 - - [22/Jul/2026:13:10:56 +0000] "GET /wp-admin/install.php?step=1 HTTP/1.1" 404 81267 "-" "http://tajhomehub.shop/wp-admin/install.php?step=1"
198.177.124.148 - - [22/Jul/2026:13:18:55 +0000] "POST /wp-cron.php?doing_wp_cron=1784726335.8699760437011718750000 HTTP/1.1" 200 - "-" "WordPress/7.0.2; https://tajhomehub.shop"
39.43.244.108 - - [22/Jul/2026:13:18:50 +0000] "GET / HTTP/1.1" 200 97677 "-" "Mozilla/5.0 (Macintosh; Intel Mac OS X 14_5) AppleWebKit/605.1.15 (KHTML, like Gecko) Version/17.5 Safari/605.1.15"
39.43.244.108 - - [22/Jul/2026:13:19:05 +0000] "GET / HTTP/1.1" 200 97677 "-" "Mozilla/5.0 (X11; Linux x86_64) AppleWebKit/537.36 (KHTML, like Gecko) Chrome/126.0 Safari/537.36"
198.177.124.148 - - [22/Jul/2026:13:19:18 +0000] "POST /wp-cron.php?doing_wp_cron=1784726358.4863369464874267578125 HTTP/1.1" 200 - "-" "WordPress/7.0.2; https://tajhomehub.shop"
39.43.244.108 - - [22/Jul/2026:13:18:56 +0000] "GET / HTTP/1.1" 200 97677 "-" "Mozilla/5.0 (X11; Linux x86_64) AppleWebKit/537.36 (KHTML, like Gecko) Chrome/126.0 Safari/537.36"
39.43.244.108 - - [22/Jul/2026:13:19:16 +0000] "GET / HTTP/1.1" 200 97677 "-" "Mozilla/5.0 (Windows NT 10.0; Win64; x64; rv:127.0) Gecko/20100101 Firefox/127.0"
198.177.124.148 - - [22/Jul/2026:13:28:49 +0000] "POST /wp-cron.php?doing_wp_cron=1784726929.2554221153259277343750 HTTP/1.1" 200 - "-" "WordPress/7.0.2; https://tajhomehub.shop"
104.23.223.113 - - [22/Jul/2026:13:28:42 +0000] "GET /wp-admin/install.php?step=1 HTTP/1.1" 404 81267 "-" "http://tajhomehub.shop/wp-admin/install.php?step=1"
198.177.124.148 - - [22/Jul/2026:13:31:34 +0000] "POST /wp-cron.php?doing_wp_cron=1784727094.7512450218200683593750 HTTP/1.1" 200 - "-" "WordPress/7.0.2; https://tajhomehub.shop"
66.249.69.198 - - [22/Jul/2026:13:31:29 +0000] "GET /?k=3612457195 HTTP/1.1" 200 97677 "-" "Mozilla/5.0 (compatible; Googlebot/2.1; +http://www.google.com/bot.html)"
198.177.124.148 - - [22/Jul/2026:13:50:32 +0000] "POST /wp-cron.php?doing_wp_cron=1784728232.6274600028991699218750 HTTP/1.1" 200 - "-" "WordPress/7.0.2; https://tajhomehub.shop"
104.23.221.131 - - [22/Jul/2026:13:50:27 +0000] "GET /wp-admin/install.php?step=1 HTTP/1.1" 404 81267 "-" "http://tajhomehub.shop/wp-admin/install.php?step=1"
198.177.124.148 - - [22/Jul/2026:13:56:22 +0000] "POST /wp-cron.php?doing_wp_cron=1784728582.7624590396881103515625 HTTP/1.1" 200 - "-" "WordPress/7.0.2; https://tajhomehub.shop"
172.71.148.119 - - [22/Jul/2026:13:56:17 +0000] "GET /wp-admin/install.php?step=1 HTTP/1.1" 404 81267 "-" "http://tajhomehub.shop/wp-admin/install.php?step=1"
172.71.172.131 - - [22/Jul/2026:14:10:00 +0000] "GET /wp-admin/install.php?step=1 HTTP/1.1" 404 81267 "-" "http://tajhomehub.shop/wp-admin/install.php?step=1"
43.165.195.234 - - [22/Jul/2026:14:15:57 +0000] "GET / HTTP/1.1" 200 97677 "-" "Mozilla/5.0 (iPhone; CPU iPhone OS 13_2_3 like Mac OS X) AppleWebKit/605.1.15 (KHTML, like Gecko) Version/13.0.3 Mobile/15E148 Safari/604.1"
198.177.124.148 - - [22/Jul/2026:14:19:17 +0000] "POST /wp-cron.php?doing_wp_cron=1784729957.9460210800170898437500 HTTP/1.1" 200 - "-" "WordPress/7.0.2; https://tajhomehub.shop"
104.23.239.57 - - [22/Jul/2026:14:19:15 +0000] "GET /wp-admin/install.php?step=1 HTTP/1.1" 404 81267 "-" "http://tajhomehub.shop/wp-admin/install.php?step=1"
198.177.124.148 - - [22/Jul/2026:14:24:43 +0000] "POST /wp-cron.php?doing_wp_cron=1784730282.9646489620208740234375 HTTP/1.1" 200 - "-" "WordPress/7.0.2; https://tajhomehub.shop"
156.59.29.226 - - [22/Jul/2026:14:24:35 +0000] "GET /wp-login.php HTTP/1.1" 302 - "-" "Mozilla/5.0 (X11; Linux x86_64) AppleWebKit/537.36 (KHTML, like Gecko) Chrome/115.0.0.0 Safari/537.36"
104.23.239.56 - - [22/Jul/2026:14:39:54 +0000] "GET /wp-admin/install.php?step=1 HTTP/1.1" 404 81267 "-" "http://tajhomehub.shop/wp-admin/install.php?step=1"
66.249.69.198 - - [22/Jul/2026:14:52:11 +0000] "GET /robots.txt HTTP/1.1" 200 116 "-" "Mozilla/5.0 (compatible; Googlebot/2.1; +http://www.google.com/bot.html)"
198.177.124.148 - - [22/Jul/2026:14:52:15 +0000] "POST /wp-cron.php?doing_wp_cron=1784731935.1295659542083740234375 HTTP/1.1" 200 - "-" "WordPress/7.0.2; https://tajhomehub.shop"
66.249.69.197 - - [22/Jul/2026:14:52:13 +0000] "GET /saiga.php?sitemap631.xml HTTP/1.1" 404 81256 "-" "Mozilla/5.0 (compatible; Googlebot/2.1; +http://www.google.com/bot.html)"
43.166.129.247 - - [22/Jul/2026:14:53:07 +0000] "GET / HTTP/1.1" 301 - "-" "Mozilla/5.0 (iPhone; CPU iPhone OS 13_2_3 like Mac OS X) AppleWebKit/605.1.15 (KHTML, like Gecko) Version/13.0.3 Mobile/15E148 Safari/604.1"
198.177.124.148 - - [22/Jul/2026:14:53:14 +0000] "POST /wp-cron.php?doing_wp_cron=1784731994.0179500579833984375000 HTTP/1.1" 200 - "-" "WordPress/7.0.2; https://tajhomehub.shop"
43.166.129.247 - - [22/Jul/2026:14:53:10 +0000] "GET / HTTP/1.1" 200 97677 "http://www.tajhomehub.shop" "Mozilla/5.0 (iPhone; CPU iPhone OS 13_2_3 like Mac OS X) AppleWebKit/605.1.15 (KHTML, like Gecko) Version/13.0.3 Mobile/15E148 Safari/604.1"
66.249.69.196 - - [22/Jul/2026:14:58:35 +0000] "GET /contents/event/kansyasai/ HTTP/1.1" 404 81272 "-" "Mozilla/5.0 (Linux; Android 6.0.1; Nexus 5X Build/MMB29P) AppleWebKit/537.36 (KHTML, like Gecko) Chrome/150.0.7871.128 Mobile Safari/537.36 (compatible; Googlebot/2.1; +http://www.google.com/bot.html)"
104.23.223.113 - - [22/Jul/2026:15:00:26 +0000] "GET /wp-admin/install.php?step=1 HTTP/1.1" 404 81267 "-" "http://tajhomehub.shop/wp-admin/install.php?step=1"
43.166.253.94 - - [22/Jul/2026:15:04:38 +0000] "GET / HTTP/1.1" 301 - "-" "Mozilla/5.0 (iPhone; CPU iPhone OS 13_2_3 like Mac OS X) AppleWebKit/605.1.15 (KHTML, like Gecko) Version/13.0.3 Mobile/15E148 Safari/604.1"
43.166.253.94 - - [22/Jul/2026:15:04:43 +0000] "GET / HTTP/1.1" 200 97677 "http://www.tajhomehub.shop" "Mozilla/5.0 (iPhone; CPU iPhone OS 13_2_3 like Mac OS X) AppleWebKit/605.1.15 (KHTML, like Gecko) Version/13.0.3 Mobile/15E148 Safari/604.1"
3.87.40.13 - - [22/Jul/2026:15:05:20 +0000] "GET / HTTP/1.1" 200 97677 "-" "Mozilla/5.0 (Windows Phone 8.1; ARM; Trident/7.0; Touch; rv:11.0; IEMobile/11.0; NOKIA; Lumia 630) like Gecko"
66.249.69.197 - - [22/Jul/2026:15:06:16 +0000] "GET /?k=36124218493 HTTP/1.1" 200 97677 "-" "Mozilla/5.0 (Linux; Android 6.0.1; Nexus 5X Build/MMB29P) AppleWebKit/537.36 (KHTML, like Gecko) Chrome/150.0.7871.128 Mobile Safari/537.36 (compatible; GoogleOther)"
66.249.69.196 - - [22/Jul/2026:15:10:29 +0000] "GET /?k=36124245601 HTTP/1.1" 200 97677 "-" "Mozilla/5.0 (Linux; Android 6.0.1; Nexus 5X Build/MMB29P) AppleWebKit/537.36 (KHTML, like Gecko) Chrome/150.0.7871.128 Mobile Safari/537.36 (compatible; GoogleOther)"
198.177.124.148 - - [22/Jul/2026:15:18:16 +0000] "POST /wp-cron.php?doing_wp_cron=1784733496.3628640174865722656250 HTTP/1.1" 200 - "-" "WordPress/7.0.2; https://tajhomehub.shop"
66.249.69.196 - - [22/Jul/2026:15:18:09 +0000] "GET /?w=67700113284 HTTP/1.1" 404 81247 "-" "Mozilla/5.0 (Linux; Android 6.0.1; Nexus 5X Build/MMB29P) AppleWebKit/537.36 (KHTML, like Gecko) Chrome/150.0.7871.128 Mobile Safari/537.36 (compatible; GoogleOther)"
104.23.239.56 - - [22/Jul/2026:15:20:26 +0000] "GET /wp-admin/install.php?step=1 HTTP/1.1" 404 81267 "-" "http://tajhomehub.shop/wp-admin/install.php?step=1"
66.249.69.196 - - [22/Jul/2026:15:25:25 +0000] "GET /?k=36124118200 HTTP/1.1" 200 97677 "-" "Mozilla/5.0 (Linux; Android 6.0.1; Nexus 5X Build/MMB29P) AppleWebKit/537.36 (KHTML, like Gecko) Chrome/150.0.7871.128 Mobile Safari/537.36 (compatible; GoogleOther)"
104.23.166.96 - - [22/Jul/2026:15:32:08 +0000] "GET /wp-admin/install.php?step=1 HTTP/1.1" 404 81267 "-" "http://tajhomehub.shop/wp-admin/install.php?step=1"
198.177.124.148 - - [22/Jul/2026:15:37:19 +0000] "POST /wp-cron.php?doing_wp_cron=1784734639.5071730613708496093750 HTTP/1.1" 200 - "-" "WordPress/7.0.2; https://tajhomehub.shop"
66.249.69.198 - - [22/Jul/2026:15:37:16 +0000] "GET /?k=1566290189 HTTP/1.1" 200 97677 "-" "Mozilla/5.0 (Linux; Android 6.0.1; Nexus 5X Build/MMB29P) AppleWebKit/537.36 (KHTML, like Gecko) Chrome/150.0.7871.128 Mobile Safari/537.36 (compatible; GoogleOther)"
66.249.69.196 - - [22/Jul/2026:15:41:55 +0000] "GET /?k=3612488121 HTTP/1.1" 200 97677 "-" "Mozilla/5.0 (Linux; Android 6.0.1; Nexus 5X Build/MMB29P) AppleWebKit/537.36 (KHTML, like Gecko) Chrome/150.0.7871.128 Mobile Safari/537.36 (compatible; GoogleOther)"
172.71.241.35 - - [22/Jul/2026:15:43:06 +0000] "GET /wp-admin/install.php?step=1 HTTP/1.1" 404 81267 "-" "http://tajhomehub.shop/wp-admin/install.php?step=1"
66.249.69.196 - - [22/Jul/2026:15:45:01 +0000] "GET /?k=1566233954 HTTP/1.1" 200 97677 "-" "Mozilla/5.0 (Linux; Android 6.0.1; Nexus 5X Build/MMB29P) AppleWebKit/537.36 (KHTML, like Gecko) Chrome/150.0.7871.128 Mobile Safari/537.36 (compatible; GoogleOther)"
66.249.69.196 - - [22/Jul/2026:15:48:44 +0000] "GET /?k=15662240763 HTTP/1.1" 200 97677 "-" "Mozilla/5.0 (Linux; Android 6.0.1; Nexus 5X Build/MMB29P) AppleWebKit/537.36 (KHTML, like Gecko) Chrome/150.0.7871.128 Mobile Safari/537.36 (compatible; GoogleOther)"
104.23.166.96 - - [22/Jul/2026:15:53:42 +0000] "GET /wp-admin/install.php?step=1 HTTP/1.1" 404 81267 "-" "http://tajhomehub.shop/wp-admin/install.php?step=1"
198.177.124.148 - - [22/Jul/2026:16:02:27 +0000] "GET /.well-known/acme-challenge/8UEB30A7-SFGOQ16-LEVE_WCOBUKOF1L HTTP/1.1" 200 64 "-" "Cpanel-HTTP-Client/1.0"
198.177.124.148 - - [22/Jul/2026:16:02:27 +0000] "GET /.well-known/acme-challenge/J2_Y-DUHABGCTJ-VHCT9Z1_-IW9RMYP9 HTTP/1.1" 200 64 "-" "Cpanel-HTTP-Client/1.0"
104.22.123.52 - - [22/Jul/2026:16:10:41 +0000] "GET /wp-admin/install.php?step=1 HTTP/1.1" 404 81267 "-" "http://tajhomehub.shop/wp-admin/install.php?step=1"
172.71.164.57 - - [22/Jul/2026:16:16:59 +0000] "GET /wp-admin/install.php?step=1 HTTP/1.1" 404 81267 "-" "http://tajhomehub.shop/wp-admin/install.php?step=1"
216.251.143.109 - - [22/Jul/2026:16:25:45 +0000] "GET / HTTP/1.1" 200 97677 "-" "Mozilla/5.0 (X11; Linux x86_64) AppleWebKit/537.36 (KHTML, like Gecko) Chrome/150.0.0.0 Safari/537.36"
216.251.143.109 - - [22/Jul/2026:16:25:48 +0000] "GET /wp-includes/blocks/navigation/style.min.css?ver=7.0.2 HTTP/1.1" 200 20709 "http://tajhomehub.shop/" "Mozilla/5.0 (X11; Linux x86_64) AppleWebKit/537.36 (KHTML, like Gecko) Chrome/150.0.0.0 Safari/537.36"
216.251.143.109 - - [22/Jul/2026:16:25:48 +0000] "GET /wp-includes/js/jquery/jquery-migrate.min.js?ver=3.4.1 HTTP/1.1" 200 13577 "http://tajhomehub.shop/" "Mozilla/5.0 (X11; Linux x86_64) AppleWebKit/537.36 (KHTML, like Gecko) Chrome/150.0.0.0 Safari/537.36"
216.251.143.109 - - [22/Jul/2026:16:25:48 +0000] "GET /wp-includes/js/jquery/jquery.min.js?ver=3.7.1 HTTP/1.1" 200 87553 "http://tajhomehub.shop/" "Mozilla/5.0 (X11; Linux x86_64) AppleWebKit/537.36 (KHTML, like Gecko) Chrome/150.0.0.0 Safari/537.36"
216.251.143.109 - - [22/Jul/2026:16:25:48 +0000] "GET /wp-content/themes/twentytwentyfour/assets/images/tourist-and-building.webp HTTP/1.1" 200 66482 "http://tajhomehub.shop/" "Mozilla/5.0 (X11; Linux x86_64) AppleWebKit/537.36 (KHTML, like Gecko) Chrome/150.0.0.0 Safari/537.36"
216.251.143.109 - - [22/Jul/2026:16:25:48 +0000] "GET /wp-content/themes/twentytwentyfour/assets/images/building-exterior.webp HTTP/1.1" 200 199724 "http://tajhomehub.shop/" "Mozilla/5.0 (X11; Linux x86_64) AppleWebKit/537.36 (KHTML, like Gecko) Chrome/150.0.0.0 Safari/537.36"
216.251.143.109 - - [22/Jul/2026:16:25:48 +0000] "GET /wp-content/themes/twentytwentyfour/assets/images/windows.webp HTTP/1.1" 200 126244 "http://tajhomehub.shop/" "Mozilla/5.0 (X11; Linux x86_64) AppleWebKit/537.36 (KHTML, like Gecko) Chrome/150.0.0.0 Safari/537.36"
216.251.143.109 - - [22/Jul/2026:16:25:50 +0000] "GET /wp-includes/js/dist/script-modules/interactivity/index.min.js?ver=efaa5193bbad9c60ffd1 HTTP/1.1" 200 40106 "http://tajhomehub.shop/" "Mozilla/5.0 (X11; Linux x86_64) AppleWebKit/537.36 (KHTML, like Gecko) Chrome/150.0.0.0 Safari/537.36"
216.251.143.109 - - [22/Jul/2026:16:25:51 +0000] "GET /wp-includes/js/dist/script-modules/block-library/navigation/view.min.js?ver=96a846e1d7b789c39ab9 HTTP/1.1" 200 3053 "http://tajhomehub.shop/" "Mozilla/5.0 (X11; Linux x86_64) AppleWebKit/537.36 (KHTML, like Gecko) Chrome/150.0.0.0 Safari/537.36"
216.251.143.109 - - [22/Jul/2026:16:25:51 +0000] "GET /wp-content/plugins/pixelyoursite/dist/scripts/jquery.bind-first-0.2.3.min.js?ver=0.2.3 HTTP/1.1" 200 1317 "http://tajhomehub.shop/" "Mozilla/5.0 (X11; Linux x86_64) AppleWebKit/537.36 (KHTML, like Gecko) Chrome/150.0.0.0 Safari/537.36"
216.251.143.109 - - [22/Jul/2026:16:25:54 +0000] "GET /wp-content/plugins/pixelyoursite/dist/scripts/js.cookie-2.1.3.min.js?ver=2.1.3 HTTP/1.1" 200 1709 "http://tajhomehub.shop/" "Mozilla/5.0 (X11; Linux x86_64) AppleWebKit/537.36 (KHTML, like Gecko) Chrome/150.0.0.0 Safari/537.36"
216.251.143.109 - - [22/Jul/2026:16:25:56 +0000] "GET /wp-content/plugins/pixelyoursite/dist/scripts/tld.min.js?ver=2.3.1 HTTP/1.1" 200 141079 "http://tajhomehub.shop/" "Mozilla/5.0 (X11; Linux x86_64) AppleWebKit/537.36 (KHTML, like Gecko) Chrome/150.0.0.0 Safari/537.36"
216.251.143.109 - - [22/Jul/2026:16:25:56 +0000] "GET /wp-content/plugins/pixelyoursite/dist/scripts/public.js?ver=11.2.1 HTTP/1.1" 200 172979 "http://tajhomehub.shop/" "Mozilla/5.0 (X11; Linux x86_64) AppleWebKit/537.36 (KHTML, like Gecko) Chrome/150.0.0.0 Safari/537.36"
216.251.143.109 - - [22/Jul/2026:16:25:59 +0000] "GET /wp-content/themes/twentytwentyfour/assets/fonts/inter/Inter-VariableFont_slnt,wght.woff2 HTTP/1.1" 200 326628 "http://tajhomehub.shop/" "Mozilla/5.0 (X11; Linux x86_64) AppleWebKit/537.36 (KHTML, like Gecko) Chrome/150.0.0.0 Safari/537.36"
216.251.143.109 - - [22/Jul/2026:16:25:59 +0000] "GET /wp-content/themes/twentytwentyfour/assets/fonts/cardo/cardo_italic_400.woff2 HTTP/1.1" 200 105184 "http://tajhomehub.shop/" "Mozilla/5.0 (X11; Linux x86_64) AppleWebKit/537.36 (KHTML, like Gecko) Chrome/150.0.0.0 Safari/537.36"
216.251.143.109 - - [22/Jul/2026:16:26:00 +0000] "GET /wp-content/themes/twentytwentyfour/assets/fonts/cardo/cardo_normal_400.woff2 HTTP/1.1" 200 146060 "http://tajhomehub.shop/" "Mozilla/5.0 (X11; Linux x86_64) AppleWebKit/537.36 (KHTML, like Gecko) Chrome/150.0.0.0 Safari/537.36"
216.251.143.109 - - [22/Jul/2026:16:26:03 +0000] "GET /favicon.ico HTTP/1.1" 302 - "http://tajhomehub.shop/" "Mozilla/5.0 (X11; Linux x86_64) AppleWebKit/537.36 (KHTML, like Gecko) Chrome/150.0.0.0 Safari/537.36"
216.251.143.109 - - [22/Jul/2026:16:26:06 +0000] "GET /wp-includes/images/w-logo-blue-white-bg.png HTTP/1.1" 200 4119 "http://tajhomehub.shop/" "Mozilla/5.0 (X11; Linux x86_64) AppleWebKit/537.36 (KHTML, like Gecko) Chrome/150.0.0.0 Safari/537.36"
66.249.69.196 - - [22/Jul/2026:16:28:27 +0000] "GET /robots.txt HTTP/1.1" 200 116 "-" "Mozilla/5.0 (compatible; Googlebot/2.1; +http://www.google.com/bot.html)"
198.177.124.148 - - [22/Jul/2026:16:29:22 +0000] "POST /wp-cron.php?doing_wp_cron=1784737762.3495929241180419921875 HTTP/1.1" 200 - "-" "WordPress/7.0.2; https://tajhomehub.shop"
66.249.69.196 - - [22/Jul/2026:16:29:18 +0000] "GET /?w=67700156031 HTTP/1.1" 404 81247 "-" "Mozilla/5.0 (Linux; Android 6.0.1; Nexus 5X Build/MMB29P) AppleWebKit/537.36 (KHTML, like Gecko) Chrome/150.0.7871.128 Mobile Safari/537.36 (compatible; GoogleOther)"
104.23.221.131 - - [22/Jul/2026:16:33:40 +0000] "GET /wp-admin/install.php?step=1 HTTP/1.1" 404 81267 "-" "http://tajhomehub.shop/wp-admin/install.php?step=1"
66.249.69.196 - - [22/Jul/2026:16:37:28 +0000] "GET /?k=36124269309 HTTP/1.1" 200 97677 "-" "Mozilla/5.0 (Linux; Android 6.0.1; Nexus 5X Build/MMB29P) AppleWebKit/537.36 (KHTML, like Gecko) Chrome/150.0.7871.128 Mobile Safari/537.36 (compatible; GoogleOther)"
66.249.69.196 - - [22/Jul/2026:16:50:39 +0000] "GET /saiga.php?sitemap482.xml HTTP/1.1" 404 81256 "-" "Mozilla/5.0 (compatible; Googlebot/2.1; +http://www.google.com/bot.html)"
104.23.217.94 - - [22/Jul/2026:16:51:40 +0000] "GET /wp-admin/install.php?step=1 HTTP/1.1" 404 81267 "-" "http://tajhomehub.shop/wp-admin/install.php?step=1"
66.249.69.196 - - [22/Jul/2026:16:52:47 +0000] "GET /?k=36124258231 HTTP/1.1" 200 97677 "-" "Mozilla/5.0 (Linux; Android 6.0.1; Nexus 5X Build/MMB29P) AppleWebKit/537.36 (KHTML, like Gecko) Chrome/150.0.7871.128 Mobile Safari/537.36 (compatible; GoogleOther)"
198.177.124.148 - - [22/Jul/2026:17:14:29 +0000] "POST /wp-cron.php?doing_wp_cron=1784740469.7923738956451416015625 HTTP/1.1" 200 - "-" "WordPress/7.0.2; https://tajhomehub.shop"
172.71.144.172 - - [22/Jul/2026:17:14:27 +0000] "GET /wp-admin/install.php?step=1 HTTP/1.1" 404 81267 "-" "http://tajhomehub.shop/wp-admin/install.php?step=1"
101.42.46.71 - - [22/Jul/2026:17:15:36 +0000] "GET / HTTP/1.1" 301 - "-" "Mozilla/5.0 (iPhone; CPU iPhone OS 13_2_3 like Mac OS X) AppleWebKit/605.1.15 (KHTML, like Gecko) Version/13.0.3 Mobile/15E148 Safari/604.1"
101.42.46.71 - - [22/Jul/2026:17:15:39 +0000] "GET / HTTP/1.1" 200 97677 "http://www.tajhomehub.shop" "Mozilla/5.0 (iPhone; CPU iPhone OS 13_2_3 like Mac OS X) AppleWebKit/605.1.15 (KHTML, like Gecko) Version/13.0.3 Mobile/15E148 Safari/604.1"
47.254.92.190 - - [22/Jul/2026:17:26:03 +0000] "GET / HTTP/1.1" 200 97677 "-" "Mozilla/5.0 (iPhone; CPU iPhone OS 13_2_3 like Mac OS X) AppleWebKit/605.1.15 (KHTML, like Gecko) Version/13.0.3 Mobile/15E148 Safari/604.1"
66.249.69.197 - - [22/Jul/2026:17:30:07 +0000] "GET /robots.txt HTTP/1.1" 200 116 "-" "Mozilla/5.0 (compatible; Googlebot/2.1; +http://www.google.com/bot.html)"
66.249.69.196 - - [22/Jul/2026:17:30:54 +0000] "GET /?k=15662252682 HTTP/1.1" 200 97677 "-" "Mozilla/5.0 (Linux; Android 6.0.1; Nexus 5X Build/MMB29P) AppleWebKit/537.36 (KHTML, like Gecko) Chrome/150.0.7871.128 Mobile Safari/537.36 (compatible; GoogleOther)"
66.249.69.196 - - [22/Jul/2026:17:35:49 +0000] "GET /robots.txt HTTP/1.1" 200 116 "-" "Mozilla/5.0 (compatible; Googlebot/2.1; +http://www.google.com/bot.html)"
66.249.69.196 - - [22/Jul/2026:17:36:33 +0000] "GET /?k=15662213451 HTTP/1.1" 200 97677 "-" "Mozilla/5.0 (Linux; Android 6.0.1; Nexus 5X Build/MMB29P) AppleWebKit/537.36 (KHTML, like Gecko) Chrome/150.0.7871.128 Mobile Safari/537.36 (compatible; GoogleOther)"
198.177.124.148 - - [22/Jul/2026:17:38:22 +0000] "POST /wp-cron.php?doing_wp_cron=1784741902.6628589630126953125000 HTTP/1.1" 200 - "-" "WordPress/7.0.2; https://tajhomehub.shop"
104.23.239.56 - - [22/Jul/2026:17:38:19 +0000] "GET /wp-admin/install.php?step=1 HTTP/1.1" 404 81267 "-" "http://tajhomehub.shop/wp-admin/install.php?step=1"
54.164.167.77 - - [22/Jul/2026:17:42:01 +0000] "GET / HTTP/1.1" 301 - "-" "Mozilla/5.0 (Windows NT 10.0; Win64; x64) AppleWebKit/537.36 (KHTML, like Gecko) Chrome/103.0.0.0 Safari/537.36"
54.164.167.77 - - [22/Jul/2026:17:42:04 +0000] "GET / HTTP/1.1" 200 97677 "-" "Mozilla/5.0 (Windows NT 10.0; Win64; x64) AppleWebKit/537.36 (KHTML, like Gecko) Chrome/103.0.0.0 Safari/537.36"
172.71.172.131 - - [22/Jul/2026:17:42:58 +0000] "GET /wp-admin/install.php?step=1 HTTP/1.1" 404 81267 "-" "http://tajhomehub.shop/wp-admin/install.php?step=1"
104.23.217.95 - - [22/Jul/2026:17:52:02 +0000] "GET /wp-admin/install.php?step=1 HTTP/1.1" 404 81267 "-" "http://tajhomehub.shop/wp-admin/install.php?step=1"
66.249.69.196 - - [22/Jul/2026:17:52:45 +0000] "GET /?k=15662145663 HTTP/1.1" 200 97677 "-" "Mozilla/5.0 (Linux; Android 6.0.1; Nexus 5X Build/MMB29P) AppleWebKit/537.36 (KHTML, like Gecko) Chrome/150.0.7871.128 Mobile Safari/537.36 (compatible; GoogleOther)"
66.249.69.196 - - [22/Jul/2026:17:53:20 +0000] "GET /?k=15662260637 HTTP/1.1" 200 97677 "-" "Mozilla/5.0 (Linux; Android 6.0.1; Nexus 5X Build/MMB29P) AppleWebKit/537.36 (KHTML, like Gecko) Chrome/150.0.7871.128 Mobile Safari/537.36 (compatible; GoogleOther)"
66.249.69.196 - - [22/Jul/2026:17:54:53 +0000] "GET /contents/event/kansyasai/ HTTP/1.1" 404 81272 "-" "Mozilla/5.0 (Linux; Android 6.0.1; Nexus 5X Build/MMB29P) AppleWebKit/537.36 (KHTML, like Gecko) Chrome/150.0.7871.128 Mobile Safari/537.36 (compatible; GoogleOther)"
43.130.12.43 - - [22/Jul/2026:18:04:31 +0000] "GET / HTTP/1.1" 301 - "-" "Mozilla/5.0 (iPhone; CPU iPhone OS 13_2_3 like Mac OS X) AppleWebKit/605.1.15 (KHTML, like Gecko) Version/13.0.3 Mobile/15E148 Safari/604.1"
43.130.12.43 - - [22/Jul/2026:18:04:34 +0000] "GET / HTTP/1.1" 200 97677 "http://www.tajhomehub.shop" "Mozilla/5.0 (iPhone; CPU iPhone OS 13_2_3 like Mac OS X) AppleWebKit/605.1.15 (KHTML, like Gecko) Version/13.0.3 Mobile/15E148 Safari/604.1"
198.177.124.148 - - [22/Jul/2026:18:06:21 +0000] "POST /wp-cron.php?doing_wp_cron=1784743581.7039990425109863281250 HTTP/1.1" 200 - "-" "WordPress/7.0.2; https://tajhomehub.shop"
104.23.223.112 - - [22/Jul/2026:18:06:18 +0000] "GET /wp-admin/install.php?step=1 HTTP/1.1" 404 81267 "-" "http://tajhomehub.shop/wp-admin/install.php?step=1"
66.249.69.196 - - [22/Jul/2026:18:11:59 +0000] "GET /?k=36124159576 HTTP/1.1" 200 97677 "-" "Mozilla/5.0 (Linux; Android 6.0.1; Nexus 5X Build/MMB29P) AppleWebKit/537.36 (KHTML, like Gecko) Chrome/150.0.7871.128 Mobile Safari/537.36 (compatible; GoogleOther)"
66.249.69.196 - - [22/Jul/2026:18:16:57 +0000] "GET /?k=15662275443 HTTP/1.1" 200 97677 "-" "Mozilla/5.0 (Linux; Android 6.0.1; Nexus 5X Build/MMB29P) AppleWebKit/537.36 (KHTML, like Gecko) Chrome/150.0.7871.128 Mobile Safari/537.36 (compatible; GoogleOther)"
198.177.124.148 - - [22/Jul/2026:18:21:42 +0000] "POST /wp-cron.php?doing_wp_cron=1784744502.0408349037170410156250 HTTP/1.1" 200 - "-" "WordPress/7.0.2; https://tajhomehub.shop"
66.249.69.196 - - [22/Jul/2026:18:21:40 +0000] "GET /?k=36124156984 HTTP/1.1" 200 97677 "-" "Mozilla/5.0 (Linux; Android 6.0.1; Nexus 5X Build/MMB29P) AppleWebKit/537.36 (KHTML, like Gecko) Chrome/150.0.7871.128 Mobile Safari/537.36 (compatible; GoogleOther)"
66.249.69.196 - - [22/Jul/2026:18:24:30 +0000] "GET /?w=6770016291 HTTP/1.1" 404 81247 "-" "Mozilla/5.0 (Linux; Android 6.0.1; Nexus 5X Build/MMB29P) AppleWebKit/537.36 (KHTML, like Gecko) Chrome/150.0.7871.128 Mobile Safari/537.36 (compatible; GoogleOther)"
66.249.69.198 - - [22/Jul/2026:18:31:22 +0000] "GET /?k=36124261617 HTTP/1.1" 200 97677 "-" "Mozilla/5.0 (Linux; Android 6.0.1; Nexus 5X Build/MMB29P) AppleWebKit/537.36 (KHTML, like Gecko) Chrome/150.0.7871.128 Mobile Safari/537.36 (compatible; GoogleOther)"
172.69.150.42 - - [22/Jul/2026:18:31:53 +0000] "GET /wp-admin/install.php?step=1 HTTP/1.1" 404 81267 "-" "http://tajhomehub.shop/wp-admin/install.php?step=1"
198.177.124.148 - - [22/Jul/2026:18:32:22 +0000] "POST /wp-cron.php?doing_wp_cron=1784745142.9595029354095458984375 HTTP/1.1" 200 - "-" "WordPress/7.0.2; https://tajhomehub.shop"
66.249.69.196 - - [22/Jul/2026:18:32:21 +0000] "GET /?k=36124183774 HTTP/1.1" 200 97677 "-" "Mozilla/5.0 (Linux; Android 6.0.1; Nexus 5X Build/MMB29P) AppleWebKit/537.36 (KHTML, like Gecko) Chrome/150.0.7871.128 Mobile Safari/537.36 (compatible; GoogleOther)"
66.249.69.196 - - [22/Jul/2026:18:39:54 +0000] "GET /robots.txt HTTP/1.1" 200 116 "-" "Mozilla/5.0 (compatible; Googlebot/2.1; +http://www.google.com/bot.html)"
66.249.69.198 - - [22/Jul/2026:18:39:54 +0000] "GET /?k=3612420519 HTTP/1.1" 200 97677 "-" "Mozilla/5.0 (Linux; Android 6.0.1; Nexus 5X Build/MMB29P) AppleWebKit/537.36 (KHTML, like Gecko) Chrome/150.0.7871.128 Mobile Safari/537.36 (compatible; GoogleOther)"
198.177.124.148 - - [22/Jul/2026:18:53:16 +0000] "POST /wp-cron.php?doing_wp_cron=1784746396.7211210727691650390625 HTTP/1.1" 200 - "-" "WordPress/7.0.2; https://tajhomehub.shop"
104.23.239.56 - - [22/Jul/2026:18:53:15 +0000] "GET /wp-admin/install.php?step=1 HTTP/1.1" 404 81267 "-" "http://tajhomehub.shop/wp-admin/install.php?step=1"
198.177.124.148 - - [22/Jul/2026:19:00:34 +0000] "POST /wp-cron.php?doing_wp_cron=1784746834.0600020885467529296875 HTTP/1.1" 200 - "-" "WordPress/7.0.2; https://tajhomehub.shop"
104.23.223.112 - - [22/Jul/2026:19:00:31 +0000] "GET /wp-admin/install.php?step=1 HTTP/1.1" 404 81267 "-" "http://tajhomehub.shop/wp-admin/install.php?step=1"
198.177.124.148 - - [22/Jul/2026:19:02:20 +0000] "GET /.well-known/acme-challenge/M4ESAD91MS_9TXF_2I1D8BYMQV7BHTXP HTTP/1.1" 200 64 "-" "Cpanel-HTTP-Client/1.0"
198.177.124.148 - - [22/Jul/2026:19:02:20 +0000] "GET /.well-known/acme-challenge/H890D5XA78YG01MB4ZQG-HA1AU5G4M_E HTTP/1.1" 200 64 "-" "Cpanel-HTTP-Client/1.0"
66.249.69.196 - - [22/Jul/2026:19:09:37 +0000] "GET /saiga.php?sitemap366.xml HTTP/1.1" 404 81256 "-" "Mozilla/5.0 (compatible; Googlebot/2.1; +http://www.google.com/bot.html)"
66.249.69.196 - - [22/Jul/2026:19:18:07 +0000] "GET /saiga.php?sitemap823.xml HTTP/1.1" 404 81256 "-" "Mozilla/5.0 (compatible; Googlebot/2.1; +http://www.google.com/bot.html)"
66.249.69.197 - - [22/Jul/2026:19:25:01 +0000] "GET /saiga.php?sitemap105.xml HTTP/1.1" 404 81256 "-" "Mozilla/5.0 (compatible; Googlebot/2.1; +http://www.google.com/bot.html)"
198.177.124.148 - - [22/Jul/2026:19:25:24 +0000] "POST /wp-cron.php?doing_wp_cron=1784748303.3289139270782470703125 HTTP/1.1" 200 - "-" "WordPress/7.0.2; https://tajhomehub.shop"
172.71.144.172 - - [22/Jul/2026:19:28:02 +0000] "GET /wp-admin/install.php?step=1 HTTP/1.1" 404 81267 "-" "http://tajhomehub.shop/wp-admin/install.php?step=1"
198.177.124.148 - - [22/Jul/2026:19:28:08 +0000] "POST /wp-cron.php?doing_wp_cron=1784748484.2032849788665771484375 HTTP/1.1" 200 - "-" "WordPress/7.0.2; https://tajhomehub.shop"
35.231.101.231 - - [22/Jul/2026:19:34:58 +0000] "GET /wp-login.php HTTP/1.1" 302 - "-" "Mozilla/5.0 (Windows NT 10.0; Win64; x64) AppleWebKit/537.36 (KHTML, like Gecko) HeadlessChrome/150.0.0.0 Safari/537.36"
198.177.124.148 - - [22/Jul/2026:19:35:19 +0000] "POST /wp-cron.php?doing_wp_cron=1784748900.1442780494689941406250 HTTP/1.1" 200 - "-" "WordPress/7.0.2; https://tajhomehub.shop"
104.23.217.95 - - [22/Jul/2026:19:36:48 +0000] "GET /wp-admin/install.php?step=1 HTTP/1.1" 404 81267 "-" "http://tajhomehub.shop/wp-admin/install.php?step=1"
198.177.124.148 - - [22/Jul/2026:19:36:51 +0000] "POST /wp-cron.php?doing_wp_cron=1784749009.7708671092987060546875 HTTP/1.1" 200 - "-" "WordPress/7.0.2; https://tajhomehub.shop"
162.158.95.101 - - [22/Jul/2026:19:36:50 +0000] "GET /wp-admin/install.php?step=1 HTTP/1.1" 404 81267 "-" "http://tajhomehub.shop/wp-admin/install.php?step=1"
66.249.69.196 - - [22/Jul/2026:19:43:18 +0000] "GET /robots.txt HTTP/1.1" 200 116 "-" "Mozilla/5.0 (compatible; Googlebot/2.1; +http://www.google.com/bot.html)"
172.64.192.125 - - [22/Jul/2026:20:12:48 +0000] "GET /wp-admin/install.php?step=1 HTTP/1.1" 404 81267 "-" "http://tajhomehub.shop/wp-admin/install.php?step=1"
66.249.69.198 - - [22/Jul/2026:20:18:05 +0000] "GET /?k=15662221167 HTTP/1.1" 200 97677 "-" "Mozilla/5.0 (Linux; Android 6.0.1; Nexus 5X Build/MMB29P) AppleWebKit/537.36 (KHTML, like Gecko) Chrome/150.0.7871.128 Mobile Safari/537.36 (compatible; GoogleOther)"
66.249.69.196 - - [22/Jul/2026:20:18:37 +0000] "GET /?k=156625613 HTTP/1.1" 200 97677 "-" "Mozilla/5.0 (Linux; Android 6.0.1; Nexus 5X Build/MMB29P) AppleWebKit/537.36 (KHTML, like Gecko) Chrome/150.0.7871.128 Mobile Safari/537.36 (compatible; GoogleOther)"
66.249.69.196 - - [22/Jul/2026:20:22:33 +0000] "GET /?k=3612462942 HTTP/1.1" 200 97677 "-" "Mozilla/5.0 (Linux; Android 6.0.1; Nexus 5X Build/MMB29P) AppleWebKit/537.36 (KHTML, like Gecko) Chrome/150.0.7871.128 Mobile Safari/537.36 (compatible; GoogleOther)"
66.249.69.197 - - [22/Jul/2026:20:25:22 +0000] "GET /?k=36124122052 HTTP/1.1" 200 97677 "-" "Mozilla/5.0 (Linux; Android 6.0.1; Nexus 5X Build/MMB29P) AppleWebKit/537.36 (KHTML, like Gecko) Chrome/150.0.7871.128 Mobile Safari/537.36 (compatible; GoogleOther)"
66.249.69.196 - - [22/Jul/2026:20:28:45 +0000] "GET /saiga.php?sitemap600.xml HTTP/1.1" 404 81256 "-" "Mozilla/5.0 (compatible; Googlebot/2.1; +http://www.google.com/bot.html)"
104.23.223.113 - - [22/Jul/2026:20:29:21 +0000] "GET /wp-admin/install.php?step=1 HTTP/1.1" 404 81267 "-" "http://tajhomehub.shop/wp-admin/install.php?step=1"
66.249.69.196 - - [22/Jul/2026:20:30:29 +0000] "GET /?k=36124258437 HTTP/1.1" 200 97677 "-" "Mozilla/5.0 (Linux; Android 6.0.1; Nexus 5X Build/MMB29P) AppleWebKit/537.36 (KHTML, like Gecko) Chrome/150.0.7871.128 Mobile Safari/537.36 (compatible; GoogleOther)"
198.177.124.148 - - [22/Jul/2026:20:33:21 +0000] "POST /wp-cron.php?doing_wp_cron=1784752401.4403810501098632812500 HTTP/1.1" 200 - "-" "WordPress/7.0.2; https://tajhomehub.shop"
66.249.69.198 - - [22/Jul/2026:20:33:20 +0000] "GET /?k=15662281235 HTTP/1.1" 200 97677 "-" "Mozilla/5.0 (Linux; Android 6.0.1; Nexus 5X Build/MMB29P) AppleWebKit/537.36 (KHTML, like Gecko) Chrome/150.0.7871.128 Mobile Safari/537.36 (compatible; GoogleOther)"
66.249.69.196 - - [22/Jul/2026:20:36:27 +0000] "GET /?k=3612486164 HTTP/1.1" 200 97677 "-" "Mozilla/5.0 (Linux; Android 6.0.1; Nexus 5X Build/MMB29P) AppleWebKit/537.36 (KHTML, like Gecko) Chrome/150.0.7871.128 Mobile Safari/537.36 (compatible; GoogleOther)"
66.249.69.196 - - [22/Jul/2026:20:36:42 +0000] "GET /?k=1566240977 HTTP/1.1" 200 97677 "-" "Mozilla/5.0 (Linux; Android 6.0.1; Nexus 5X Build/MMB29P) AppleWebKit/537.36 (KHTML, like Gecko) Chrome/150.0.7871.128 Mobile Safari/537.36 (compatible; GoogleOther)"
66.249.69.196 - - [22/Jul/2026:20:38:27 +0000] "GET /?k=3612450677 HTTP/1.1" 200 97677 "-" "Mozilla/5.0 (Linux; Android 6.0.1; Nexus 5X Build/MMB29P) AppleWebKit/537.36 (KHTML, like Gecko) Chrome/150.0.7871.128 Mobile Safari/537.36 (compatible; GoogleOther)"
43.154.127.188 - - [22/Jul/2026:20:39:06 +0000] "GET / HTTP/1.1" 200 97677 "-" "Mozilla/5.0 (iPhone; CPU iPhone OS 13_2_3 like Mac OS X) AppleWebKit/605.1.15 (KHTML, like Gecko) Version/13.0.3 Mobile/15E148 Safari/604.1"
198.177.124.148 - - [22/Jul/2026:20:45:23 +0000] "POST /wp-cron.php?doing_wp_cron=1784753123.5633749961853027343750 HTTP/1.1" 200 - "-" "WordPress/7.0.2; https://tajhomehub.shop"
80.94.92.206 - - [22/Jul/2026:20:45:21 +0000] "GET /.env HTTP/1.1" 404 81251 "-" "Mozilla/5.0 (X11; Linux x86_64) AppleWebKit/537.36 (KHTML, like Gecko) Chrome/81.0.4044.129 Safari/537.36"
80.94.92.206 - - [22/Jul/2026:20:45:24 +0000] "POST / HTTP/1.1" 200 97677 "-" "Mozilla/5.0 (X11; Linux x86_64) AppleWebKit/537.36 (KHTML, like Gecko) Chrome/81.0.4044.129 Safari/537.36"
66.249.69.198 - - [22/Jul/2026:20:48:05 +0000] "GET /robots.txt HTTP/1.1" 200 116 "-" "Mozilla/5.0 (compatible; Googlebot/2.1; +http://www.google.com/bot.html)"
66.249.69.196 - - [22/Jul/2026:20:48:26 +0000] "GET /?w=67700255153 HTTP/1.1" 404 81247 "-" "Mozilla/5.0 (Linux; Android 6.0.1; Nexus 5X Build/MMB29P) AppleWebKit/537.36 (KHTML, like Gecko) Chrome/150.0.7871.128 Mobile Safari/537.36 (compatible; GoogleOther)"
66.249.69.196 - - [22/Jul/2026:20:49:22 +0000] "GET /?k=15662190208 HTTP/1.1" 200 97677 "-" "Mozilla/5.0 (Linux; Android 6.0.1; Nexus 5X Build/MMB29P) AppleWebKit/537.36 (KHTML, like Gecko) Chrome/150.0.7871.128 Mobile Safari/537.36 (compatible; GoogleOther)"
66.249.69.196 - - [22/Jul/2026:20:50:29 +0000] "GET /robots.txt HTTP/1.1" 200 116 "-" "Mozilla/5.0 (compatible; Googlebot/2.1; +http://www.google.com/bot.html)"
66.249.69.196 - - [22/Jul/2026:20:50:57 +0000] "GET /?w=67700269134 HTTP/1.1" 404 81247 "-" "Mozilla/5.0 (Linux; Android 6.0.1; Nexus 5X Build/MMB29P) AppleWebKit/537.36 (KHTML, like Gecko) Chrome/150.0.7871.128 Mobile Safari/537.36 (compatible; GoogleOther)"
198.177.124.148 - - [22/Jul/2026:20:56:28 +0000] "POST /wp-cron.php?doing_wp_cron=1784753788.7580490112304687500000 HTTP/1.1" 200 - "-" "WordPress/7.0.2; https://tajhomehub.shop"
66.249.69.197 - - [22/Jul/2026:20:56:26 +0000] "GET /?y=6317820142 HTTP/1.1" 200 97677 "-" "Mozilla/5.0 (Linux; Android 6.0.1; Nexus 5X Build/MMB29P) AppleWebKit/537.36 (KHTML, like Gecko) Chrome/150.0.7871.128 Mobile Safari/537.36 (compatible; GoogleOther)"
198.177.124.148 - - [22/Jul/2026:21:01:49 +0000] "POST /wp-cron.php?doing_wp_cron=1784754109.9543080329895019531250 HTTP/1.1" 200 - "-" "WordPress/7.0.2; https://tajhomehub.shop"
172.71.172.154 - - [22/Jul/2026:21:01:47 +0000] "GET /wp-admin/install.php?step=1 HTTP/1.1" 404 81267 "-" "http://tajhomehub.shop/wp-admin/install.php?step=1"
198.177.124.148 - - [22/Jul/2026:21:14:15 +0000] "POST /wp-cron.php?doing_wp_cron=1784754855.4849541187286376953125 HTTP/1.1" 200 - "-" "WordPress/7.0.2; https://tajhomehub.shop"
170.106.107.87 - - [22/Jul/2026:21:14:11 +0000] "GET / HTTP/1.1" 301 - "-" "Mozilla/5.0 (iPhone; CPU iPhone OS 13_2_3 like Mac OS X) AppleWebKit/605.1.15 (KHTML, like Gecko) Version/13.0.3 Mobile/15E148 Safari/604.1"
170.106.107.87 - - [22/Jul/2026:21:14:15 +0000] "GET / HTTP/1.1" 200 97677 "http://www.tajhomehub.shop" "Mozilla/5.0 (iPhone; CPU iPhone OS 13_2_3 like Mac OS X) AppleWebKit/605.1.15 (KHTML, like Gecko) Version/13.0.3 Mobile/15E148 Safari/604.1"
198.177.124.148 - - [22/Jul/2026:21:17:16 +0000] "POST /wp-cron.php?doing_wp_cron=1784755036.2431600093841552734375 HTTP/1.1" 200 - "-" "WordPress/7.0.2; https://tajhomehub.shop"
172.70.240.156 - - [22/Jul/2026:21:17:13 +0000] "GET /wp-admin/install.php?step=1 HTTP/1.1" 404 81267 "-" "http://tajhomehub.shop/wp-admin/install.php?step=1"
172.70.240.156 - - [22/Jul/2026:21:22:57 +0000] "GET /wp-admin/install.php?step=1 HTTP/1.1" 404 81267 "-" "http://tajhomehub.shop/wp-admin/install.php?step=1"
162.158.110.102 - - [22/Jul/2026:21:24:34 +0000] "GET /wp-admin/install.php?step=1 HTTP/1.1" 404 81267 "-" "http://tajhomehub.shop/wp-admin/install.php?step=1"
104.23.221.131 - - [22/Jul/2026:17:39:29 +0000] "GET /wp-admin/install.php?step=1 HTTP/1.1" 503 - "-" "http://tajhomehub.shop/wp-admin/install.php?step=1"
