66.249.69.197 - - [21/Jul/2026:17:58:26 +0000] "GET /?k=15662161023 HTTP/1.1" 200 95541 "-" "Mozilla/5.0 (Linux; Android 6.0.1; Nexus 5X Build/MMB29P) AppleWebKit/537.36 (KHTML, like Gecko) Chrome/150.0.7871.128 Mobile Safari/537.36 (compatible; GoogleOther)"
66.249.69.196 - - [21/Jul/2026:17:58:59 +0000] "GET /?w=67700148160 HTTP/1.1" 404 81247 "-" "Mozilla/5.0 (Linux; Android 6.0.1; Nexus 5X Build/MMB29P) AppleWebKit/537.36 (KHTML, like Gecko) Chrome/150.0.7871.128 Mobile Safari/537.36 (compatible; GoogleOther)"
198.177.124.148 - - [21/Jul/2026:17:59:36 +0000] "POST /wp-cron.php?doing_wp_cron=1784656776.7895469665527343750000 HTTP/1.1" 200 - "-" "WordPress/7.0.2; https://tajhomehub.shop"
172.71.164.57 - - [21/Jul/2026:17:59:33 +0000] "GET /wp-admin/install.php?step=1 HTTP/1.1" 404 81267 "-" "http://tajhomehub.shop/wp-admin/install.php?step=1"
66.249.69.196 - - [21/Jul/2026:17:59:37 +0000] "GET / HTTP/1.1" 200 95541 "-" "Mozilla/5.0 (Linux; Android 6.0.1; Nexus 5X Build/MMB29P) AppleWebKit/537.36 (KHTML, like Gecko) Chrome/150.0.7871.128 Mobile Safari/537.36 (compatible; Googlebot/2.1; +http://www.google.com/bot.html)"
66.249.69.196 - - [21/Jul/2026:17:59:45 +0000] "GET /wp-includes/js/jquery/jquery-migrate.min.js?ver=3.4.1 HTTP/1.1" 200 13577 "http://tajhomehub.shop/" "Mozilla/5.0 (Linux; Android 6.0.1; Nexus 5X Build/MMB29P) AppleWebKit/537.36 (KHTML, like Gecko) Chrome/150.0.7871.128 Mobile Safari/537.36 (compatible; Googlebot/2.1; +http://www.google.com/bot.html)"
66.249.69.196 - - [21/Jul/2026:17:59:46 +0000] "GET /wp-includes/blocks/navigation/style.min.css?ver=7.0.2 HTTP/1.1" 200 20709 "http://tajhomehub.shop/" "Mozilla/5.0 (Linux; Android 6.0.1; Nexus 5X Build/MMB29P) AppleWebKit/537.36 (KHTML, like Gecko) Chrome/150.0.7871.128 Mobile Safari/537.36 (compatible; Googlebot/2.1; +http://www.google.com/bot.html)"
66.249.69.196 - - [21/Jul/2026:17:59:47 +0000] "GET /wp-includes/js/jquery/jquery.min.js?ver=3.7.1 HTTP/1.1" 200 87553 "http://tajhomehub.shop/" "Mozilla/5.0 (Linux; Android 6.0.1; Nexus 5X Build/MMB29P) AppleWebKit/537.36 (KHTML, like Gecko) Chrome/150.0.7871.128 Mobile Safari/537.36 (compatible; Googlebot/2.1; +http://www.google.com/bot.html)"
66.249.69.196 - - [21/Jul/2026:17:59:48 +0000] "GET /wp-includes/js/dist/script-modules/interactivity/index.min.js?ver=efaa5193bbad9c60ffd1 HTTP/1.1" 200 40106 "http://tajhomehub.shop/" "Mozilla/5.0 (Linux; Android 6.0.1; Nexus 5X Build/MMB29P) AppleWebKit/537.36 (KHTML, like Gecko) Chrome/150.0.7871.128 Mobile Safari/537.36 (compatible; Googlebot/2.1; +http://www.google.com/bot.html)"
66.249.69.196 - - [21/Jul/2026:17:59:48 +0000] "GET /wp-includes/js/dist/script-modules/block-library/navigation/view.min.js?ver=96a846e1d7b789c39ab9 HTTP/1.1" 200 3053 "http://tajhomehub.shop/" "Mozilla/5.0 (Linux; Android 6.0.1; Nexus 5X Build/MMB29P) AppleWebKit/537.36 (KHTML, like Gecko) Chrome/150.0.7871.128 Mobile Safari/537.36 (compatible; Googlebot/2.1; +http://www.google.com/bot.html)"
66.249.69.196 - - [21/Jul/2026:17:59:50 +0000] "GET /wp-content/plugins/pixelyoursite/dist/scripts/jquery.bind-first-0.2.3.min.js?ver=0.2.3 HTTP/1.1" 200 1317 "http://tajhomehub.shop/" "Mozilla/5.0 (Linux; Android 6.0.1; Nexus 5X Build/MMB29P) AppleWebKit/537.36 (KHTML, like Gecko) Chrome/150.0.7871.128 Mobile Safari/537.36 (compatible; Googlebot/2.1; +http://www.google.com/bot.html)"
66.249.69.196 - - [21/Jul/2026:17:59:51 +0000] "GET /wp-content/plugins/pixelyoursite/dist/scripts/js.cookie-2.1.3.min.js?ver=2.1.3 HTTP/1.1" 200 1709 "http://tajhomehub.shop/" "Mozilla/5.0 (Linux; Android 6.0.1; Nexus 5X Build/MMB29P) AppleWebKit/537.36 (KHTML, like Gecko) Chrome/150.0.7871.128 Mobile Safari/537.36 (compatible; Googlebot/2.1; +http://www.google.com/bot.html)"
66.249.69.196 - - [21/Jul/2026:17:59:52 +0000] "GET /wp-content/plugins/pixelyoursite/dist/scripts/tld.min.js?ver=2.3.1 HTTP/1.1" 200 141079 "http://tajhomehub.shop/" "Mozilla/5.0 (Linux; Android 6.0.1; Nexus 5X Build/MMB29P) AppleWebKit/537.36 (KHTML, like Gecko) Chrome/150.0.7871.128 Mobile Safari/537.36 (compatible; Googlebot/2.1; +http://www.google.com/bot.html)"
66.249.69.196 - - [21/Jul/2026:17:59:53 +0000] "GET /wp-content/plugins/pixelyoursite/dist/scripts/public.js?ver=11.2.1 HTTP/1.1" 200 172979 "http://tajhomehub.shop/" "Mozilla/5.0 (Linux; Android 6.0.1; Nexus 5X Build/MMB29P) AppleWebKit/537.36 (KHTML, like Gecko) Chrome/150.0.7871.128 Mobile Safari/537.36 (compatible; Googlebot/2.1; +http://www.google.com/bot.html)"
198.177.124.148 - - [21/Jul/2026:18:05:25 +0000] "POST /wp-cron.php?doing_wp_cron=1784657125.7159829139709472656250 HTTP/1.1" 200 - "-" "WordPress/7.0.2; https://tajhomehub.shop"
162.158.110.102 - - [21/Jul/2026:18:05:22 +0000] "GET /wp-admin/install.php?step=1 HTTP/1.1" 404 81267 "-" "http://tajhomehub.shop/wp-admin/install.php?step=1"
198.177.124.148 - - [21/Jul/2026:18:16:28 +0000] "POST /wp-cron.php?doing_wp_cron=1784657788.7781860828399658203125 HTTP/1.1" 200 - "-" "WordPress/7.0.2; https://tajhomehub.shop"
172.71.144.172 - - [21/Jul/2026:18:16:27 +0000] "GET /wp-admin/install.php?step=1 HTTP/1.1" 404 81267 "-" "http://tajhomehub.shop/wp-admin/install.php?step=1"
198.177.124.148 - - [21/Jul/2026:18:26:17 +0000] "POST /wp-cron.php?doing_wp_cron=1784658377.3139390945434570312500 HTTP/1.1" 200 - "-" "WordPress/7.0.2; https://tajhomehub.shop"
162.158.110.102 - - [21/Jul/2026:18:26:15 +0000] "GET /wp-admin/install.php?step=1 HTTP/1.1" 404 81267 "-" "http://tajhomehub.shop/wp-admin/install.php?step=1"
172.70.248.65 - - [21/Jul/2026:18:40:47 +0000] "GET /wp-admin/install.php?step=1 HTTP/1.1" 404 81267 "-" "http://tajhomehub.shop/wp-admin/install.php?step=1"
66.249.69.196 - - [21/Jul/2026:18:50:55 +0000] "GET /saiga.php?items/Z32629153622/ HTTP/1.1" 200 197724 "-" "Mozilla/5.0 (compatible; Googlebot/2.1; +http://www.google.com/bot.html)"
43.153.7.191 - - [21/Jul/2026:18:54:59 +0000] "GET / HTTP/1.1" 200 95541 "-" "Mozilla/5.0 (iPhone; CPU iPhone OS 13_2_3 like Mac OS X) AppleWebKit/605.1.15 (KHTML, like Gecko) Version/13.0.3 Mobile/15E148 Safari/604.1"
104.23.217.94 - - [21/Jul/2026:18:57:20 +0000] "GET /wp-admin/install.php?step=1 HTTP/1.1" 404 81267 "-" "http://tajhomehub.shop/wp-admin/install.php?step=1"
198.177.124.148 - - [21/Jul/2026:19:02:27 +0000] "GET /.well-known/acme-challenge/S_43I2R_S96MATB0DKZHLENQLV3GDJ7L HTTP/1.1" 200 64 "-" "Cpanel-HTTP-Client/1.0"
198.177.124.148 - - [21/Jul/2026:19:02:27 +0000] "GET /.well-known/acme-challenge/A5--IFAHL9-WMMGR6J_KRI5C7XYT7VSG HTTP/1.1" 200 64 "-" "Cpanel-HTTP-Client/1.0"
104.23.221.130 - - [21/Jul/2026:19:07:49 +0000] "GET /wp-admin/install.php?step=1 HTTP/1.1" 404 81267 "-" "http://tajhomehub.shop/wp-admin/install.php?step=1"
104.23.221.130 - - [21/Jul/2026:19:11:46 +0000] "GET /wp-admin/install.php?step=1 HTTP/1.1" 404 81267 "-" "http://tajhomehub.shop/wp-admin/install.php?step=1"
198.177.124.148 - - [21/Jul/2026:19:18:41 +0000] "POST /wp-cron.php?doing_wp_cron=1784661521.9292209148406982421875 HTTP/1.1" 200 - "-" "WordPress/7.0.2; https://tajhomehub.shop"
66.249.69.196 - - [21/Jul/2026:19:18:39 +0000] "GET /?k=1566298745 HTTP/1.1" 200 95541 "-" "Mozilla/5.0 (Linux; Android 6.0.1; Nexus 5X Build/MMB29P) AppleWebKit/537.36 (KHTML, like Gecko) Chrome/150.0.7871.128 Mobile Safari/537.36 (compatible; GoogleOther)"
198.177.124.148 - - [21/Jul/2026:19:33:22 +0000] "POST /wp-cron.php?doing_wp_cron=1784662402.1562769412994384765625 HTTP/1.1" 200 - "-" "WordPress/7.0.2; https://tajhomehub.shop"
49.51.183.75 - - [21/Jul/2026:19:33:20 +0000] "GET / HTTP/1.1" 301 - "-" "Mozilla/5.0 (iPhone; CPU iPhone OS 13_2_3 like Mac OS X) AppleWebKit/605.1.15 (KHTML, like Gecko) Version/13.0.3 Mobile/15E148 Safari/604.1"
49.51.183.75 - - [21/Jul/2026:19:33:22 +0000] "GET / HTTP/1.1" 200 95541 "http://www.tajhomehub.shop" "Mozilla/5.0 (iPhone; CPU iPhone OS 13_2_3 like Mac OS X) AppleWebKit/605.1.15 (KHTML, like Gecko) Version/13.0.3 Mobile/15E148 Safari/604.1"
198.177.124.148 - - [21/Jul/2026:19:34:24 +0000] "POST /wp-cron.php?doing_wp_cron=1784662464.1679570674896240234375 HTTP/1.1" 200 - "-" "WordPress/7.0.2; https://tajhomehub.shop"
86.106.84.150 - - [21/Jul/2026:19:34:22 +0000] "HEAD /?author=1 HTTP/1.1" 301 - "https://www.google.com" "Mozilla/5.0 (Windows NT 10.0; Win64; x64) AppleWebKit/537.36 (KHTML, like Gecko) Chrome/143.0.0.0 Safari/537.36"
104.23.223.112 - - [21/Jul/2026:19:35:49 +0000] "GET /wp-admin/install.php?step=1 HTTP/1.1" 404 81267 "-" "http://tajhomehub.shop/wp-admin/install.php?step=1"
104.23.217.94 - - [21/Jul/2026:19:38:35 +0000] "GET /wp-admin/install.php?step=1 HTTP/1.1" 404 81267 "-" "http://tajhomehub.shop/wp-admin/install.php?step=1"
118.24.135.34 - - [21/Jul/2026:19:45:32 +0000] "GET / HTTP/1.1" 301 - "-" "Mozilla/5.0 (iPhone; CPU iPhone OS 13_2_3 like Mac OS X) AppleWebKit/605.1.15 (KHTML, like Gecko) Version/13.0.3 Mobile/15E148 Safari/604.1"
118.24.135.34 - - [21/Jul/2026:19:45:34 +0000] "GET / HTTP/1.1" 200 95541 "http://www.tajhomehub.shop" "Mozilla/5.0 (iPhone; CPU iPhone OS 13_2_3 like Mac OS X) AppleWebKit/605.1.15 (KHTML, like Gecko) Version/13.0.3 Mobile/15E148 Safari/604.1"
198.177.124.148 - - [21/Jul/2026:20:03:27 +0000] "POST /wp-cron.php?doing_wp_cron=1784664207.1736080646514892578125 HTTP/1.1" 200 - "-" "WordPress/7.0.2; https://tajhomehub.shop"
172.70.247.152 - - [21/Jul/2026:20:03:23 +0000] "GET /wp-admin/install.php?step=1 HTTP/1.1" 404 81267 "-" "http://tajhomehub.shop/wp-admin/install.php?step=1"
198.177.124.148 - - [21/Jul/2026:20:11:29 +0000] "POST /wp-cron.php?doing_wp_cron=1784664689.4812290668487548828125 HTTP/1.1" 200 - "-" "WordPress/7.0.2; https://tajhomehub.shop"
104.23.223.113 - - [21/Jul/2026:20:11:27 +0000] "GET /wp-admin/install.php?step=1 HTTP/1.1" 404 81267 "-" "http://tajhomehub.shop/wp-admin/install.php?step=1"
162.158.182.42 - - [21/Jul/2026:20:22:27 +0000] "GET /wp-admin/install.php?step=1 HTTP/1.1" 404 81267 "-" "http://tajhomehub.shop/wp-admin/install.php?step=1"
66.249.69.196 - - [21/Jul/2026:20:27:27 +0000] "GET /?k=15662106144 HTTP/1.1" 200 95541 "-" "Mozilla/5.0 (Linux; Android 6.0.1; Nexus 5X Build/MMB29P) AppleWebKit/537.36 (KHTML, like Gecko) Chrome/150.0.7871.128 Mobile Safari/537.36 (compatible; GoogleOther)"
66.249.69.197 - - [21/Jul/2026:20:31:04 +0000] "GET /?t=24641220442 HTTP/1.1" 200 95541 "-" "Mozilla/5.0 (Linux; Android 6.0.1; Nexus 5X Build/MMB29P) AppleWebKit/537.36 (KHTML, like Gecko) Chrome/150.0.7871.128 Mobile Safari/537.36 (compatible; GoogleOther)"
162.158.110.102 - - [21/Jul/2026:20:37:24 +0000] "GET /wp-admin/install.php?step=1 HTTP/1.1" 404 81267 "-" "http://tajhomehub.shop/wp-admin/install.php?step=1"
66.249.69.196 - - [21/Jul/2026:20:46:32 +0000] "GET /saiga.php?sitemap.xml HTTP/1.1" 200 8936 "-" "Mozilla/5.0 (compatible; Googlebot/2.1; +http://www.google.com/bot.html)"
198.177.124.148 - - [21/Jul/2026:20:49:15 +0000] "POST /wp-cron.php?doing_wp_cron=1784666955.4186580181121826171875 HTTP/1.1" 200 - "-" "WordPress/7.0.2; https://tajhomehub.shop"
66.249.69.196 - - [21/Jul/2026:20:49:12 +0000] "GET /?t=24641104384 HTTP/1.1" 200 95541 "-" "Mozilla/5.0 (Linux; Android 6.0.1; Nexus 5X Build/MMB29P) AppleWebKit/537.36 (KHTML, like Gecko) Chrome/150.0.7871.128 Mobile Safari/537.36 (compatible; GoogleOther)"
66.249.69.196 - - [21/Jul/2026:20:49:44 +0000] "GET /?k=3612497954 HTTP/1.1" 200 95541 "-" "Mozilla/5.0 (Linux; Android 6.0.1; Nexus 5X Build/MMB29P) AppleWebKit/537.36 (KHTML, like Gecko) Chrome/150.0.7871.128 Mobile Safari/537.36 (compatible; GoogleOther)"
198.177.124.148 - - [21/Jul/2026:20:50:42 +0000] "POST /wp-cron.php?doing_wp_cron=1784667042.7946710586547851562500 HTTP/1.1" 200 - "-" "WordPress/7.0.2; https://tajhomehub.shop"
162.158.182.43 - - [21/Jul/2026:20:50:39 +0000] "GET /wp-admin/install.php?step=1 HTTP/1.1" 404 81267 "-" "http://tajhomehub.shop/wp-admin/install.php?step=1"
43.155.195.141 - - [21/Jul/2026:21:06:18 +0000] "GET / HTTP/1.1" 301 - "-" "Mozilla/5.0 (iPhone; CPU iPhone OS 13_2_3 like Mac OS X) AppleWebKit/605.1.15 (KHTML, like Gecko) Version/13.0.3 Mobile/15E148 Safari/604.1"
43.155.195.141 - - [21/Jul/2026:21:06:21 +0000] "GET / HTTP/1.1" 200 95541 "http://www.tajhomehub.shop" "Mozilla/5.0 (iPhone; CPU iPhone OS 13_2_3 like Mac OS X) AppleWebKit/605.1.15 (KHTML, like Gecko) Version/13.0.3 Mobile/15E148 Safari/604.1"
104.23.223.113 - - [21/Jul/2026:21:12:54 +0000] "GET /wp-admin/install.php?step=1 HTTP/1.1" 404 81267 "-" "http://tajhomehub.shop/wp-admin/install.php?step=1"
104.22.123.52 - - [21/Jul/2026:21:32:05 +0000] "GET /wp-admin/install.php?step=1 HTTP/1.1" 404 81267 "-" "http://tajhomehub.shop/wp-admin/install.php?step=1"
199.244.88.227 - - [21/Jul/2026:21:32:41 +0000] "GET / HTTP/1.1" 200 97677 "-" "Mozilla/5.0 (X11; Linux x86_64) AppleWebKit/537.36 (KHTML, like Gecko) Chrome/105.0.0.0 Safari/537.36"
66.249.69.196 - - [21/Jul/2026:21:37:07 +0000] "GET /?w=67700121983 HTTP/1.1" 404 81247 "-" "Mozilla/5.0 (Linux; Android 6.0.1; Nexus 5X Build/MMB29P) AppleWebKit/537.36 (KHTML, like Gecko) Chrome/150.0.7871.128 Mobile Safari/537.36 (compatible; GoogleOther)"
66.249.69.197 - - [21/Jul/2026:21:42:50 +0000] "GET /?w=67700225016 HTTP/1.1" 404 81247 "-" "Mozilla/5.0 (Linux; Android 6.0.1; Nexus 5X Build/MMB29P) AppleWebKit/537.36 (KHTML, like Gecko) Chrome/150.0.7871.128 Mobile Safari/537.36 (compatible; GoogleOther)"
66.249.69.196 - - [21/Jul/2026:21:44:57 +0000] "GET /?w=67700158714 HTTP/1.1" 404 81247 "-" "Mozilla/5.0 (Linux; Android 6.0.1; Nexus 5X Build/MMB29P) AppleWebKit/537.36 (KHTML, like Gecko) Chrome/150.0.7871.128 Mobile Safari/537.36 (compatible; GoogleOther)"
104.23.221.131 - - [21/Jul/2026:21:52:45 +0000] "GET /wp-admin/install.php?step=1 HTTP/1.1" 404 81267 "-" "http://tajhomehub.shop/wp-admin/install.php?step=1"
66.249.69.196 - - [21/Jul/2026:21:54:58 +0000] "GET /?k=361249942 HTTP/1.1" 200 97677 "-" "Mozilla/5.0 (Linux; Android 6.0.1; Nexus 5X Build/MMB29P) AppleWebKit/537.36 (KHTML, like Gecko) Chrome/150.0.7871.128 Mobile Safari/537.36 (compatible; GoogleOther)"
172.71.148.118 - - [21/Jul/2026:21:56:53 +0000] "GET /wp-admin/install.php?step=1 HTTP/1.1" 404 81267 "-" "http://tajhomehub.shop/wp-admin/install.php?step=1"
198.177.124.148 - - [21/Jul/2026:22:02:23 +0000] "GET /.well-known/acme-challenge/6C9DR-H2YO4Z12Q47P2VFF5ZCXNDL8C2 HTTP/1.1" 200 64 "-" "Cpanel-HTTP-Client/1.0"
198.177.124.148 - - [21/Jul/2026:22:02:23 +0000] "GET /.well-known/acme-challenge/0CXN4A_6WC3NDHURO5IVA-J3FXFITQUV HTTP/1.1" 200 64 "-" "Cpanel-HTTP-Client/1.0"
198.177.124.148 - - [21/Jul/2026:22:05:30 +0000] "POST /wp-cron.php?doing_wp_cron=1784671530.5102670192718505859375 HTTP/1.1" 200 - "-" "WordPress/7.0.2; https://tajhomehub.shop"
43.167.157.80 - - [21/Jul/2026:22:05:28 +0000] "GET / HTTP/1.1" 200 97677 "-" "Mozilla/5.0 (iPhone; CPU iPhone OS 13_2_3 like Mac OS X) AppleWebKit/605.1.15 (KHTML, like Gecko) Version/13.0.3 Mobile/15E148 Safari/604.1"
162.158.110.103 - - [21/Jul/2026:22:12:39 +0000] "GET /wp-admin/install.php?step=1 HTTP/1.1" 404 81267 "-" "http://tajhomehub.shop/wp-admin/install.php?step=1"
66.249.69.196 - - [21/Jul/2026:22:15:48 +0000] "GET /?k=1566225391 HTTP/1.1" 200 97677 "-" "Mozilla/5.0 (Linux; Android 6.0.1; Nexus 5X Build/MMB29P) AppleWebKit/537.36 (KHTML, like Gecko) Chrome/150.0.7871.128 Mobile Safari/537.36 (compatible; GoogleOther)"
66.249.69.196 - - [21/Jul/2026:22:17:34 +0000] "GET /?k=361249942 HTTP/1.1" 200 97677 "-" "Mozilla/5.0 (Linux; Android 6.0.1; Nexus 5X Build/MMB29P) AppleWebKit/537.36 (KHTML, like Gecko) Chrome/150.0.7871.128 Mobile Safari/537.36 (compatible; Googlebot/2.1; +http://www.google.com/bot.html)"
66.249.69.196 - - [21/Jul/2026:22:17:40 +0000] "GET /wp-includes/js/jquery/jquery.min.js?ver=3.7.1 HTTP/1.1" 200 87553 "http://tajhomehub.shop/?k=361249942" "Mozilla/5.0 (Linux; Android 6.0.1; Nexus 5X Build/MMB29P) AppleWebKit/537.36 (KHTML, like Gecko) Chrome/150.0.7871.128 Mobile Safari/537.36 (compatible; Googlebot/2.1; +http://www.google.com/bot.html)"
66.249.69.196 - - [21/Jul/2026:22:17:41 +0000] "GET /wp-includes/js/jquery/jquery-migrate.min.js?ver=3.4.1 HTTP/1.1" 200 13577 "http://tajhomehub.shop/?k=361249942" "Mozilla/5.0 (Linux; Android 6.0.1; Nexus 5X Build/MMB29P) AppleWebKit/537.36 (KHTML, like Gecko) Chrome/150.0.7871.128 Mobile Safari/537.36 (compatible; Googlebot/2.1; +http://www.google.com/bot.html)"
66.249.69.196 - - [21/Jul/2026:22:17:41 +0000] "GET /wp-includes/blocks/navigation/style.min.css?ver=7.0.2 HTTP/1.1" 200 20709 "http://tajhomehub.shop/?k=361249942" "Mozilla/5.0 (Linux; Android 6.0.1; Nexus 5X Build/MMB29P) AppleWebKit/537.36 (KHTML, like Gecko) Chrome/150.0.7871.128 Mobile Safari/537.36 (compatible; Googlebot/2.1; +http://www.google.com/bot.html)"
66.249.69.196 - - [21/Jul/2026:22:17:42 +0000] "GET /wp-includes/js/dist/script-modules/interactivity/index.min.js?ver=efaa5193bbad9c60ffd1 HTTP/1.1" 200 40106 "http://tajhomehub.shop/?k=361249942" "Mozilla/5.0 (Linux; Android 6.0.1; Nexus 5X Build/MMB29P) AppleWebKit/537.36 (KHTML, like Gecko) Chrome/150.0.7871.128 Mobile Safari/537.36 (compatible; Googlebot/2.1; +http://www.google.com/bot.html)"
66.249.69.196 - - [21/Jul/2026:22:17:42 +0000] "GET /wp-includes/js/dist/script-modules/block-library/navigation/view.min.js?ver=96a846e1d7b789c39ab9 HTTP/1.1" 200 3053 "http://tajhomehub.shop/?k=361249942" "Mozilla/5.0 (Linux; Android 6.0.1; Nexus 5X Build/MMB29P) AppleWebKit/537.36 (KHTML, like Gecko) Chrome/150.0.7871.128 Mobile Safari/537.36 (compatible; Googlebot/2.1; +http://www.google.com/bot.html)"
66.249.69.196 - - [21/Jul/2026:22:17:43 +0000] "GET /wp-content/plugins/pixelyoursite/dist/scripts/jquery.bind-first-0.2.3.min.js?ver=0.2.3 HTTP/1.1" 200 1317 "http://tajhomehub.shop/?k=361249942" "Mozilla/5.0 (Linux; Android 6.0.1; Nexus 5X Build/MMB29P) AppleWebKit/537.36 (KHTML, like Gecko) Chrome/150.0.7871.128 Mobile Safari/537.36 (compatible; Googlebot/2.1; +http://www.google.com/bot.html)"
66.249.69.196 - - [21/Jul/2026:22:17:43 +0000] "GET /wp-content/plugins/pixelyoursite/dist/scripts/tld.min.js?ver=2.3.1 HTTP/1.1" 200 141079 "http://tajhomehub.shop/?k=361249942" "Mozilla/5.0 (Linux; Android 6.0.1; Nexus 5X Build/MMB29P) AppleWebKit/537.36 (KHTML, like Gecko) Chrome/150.0.7871.128 Mobile Safari/537.36 (compatible; Googlebot/2.1; +http://www.google.com/bot.html)"
66.249.69.196 - - [21/Jul/2026:22:17:44 +0000] "GET /wp-content/plugins/pixelyoursite/dist/scripts/js.cookie-2.1.3.min.js?ver=2.1.3 HTTP/1.1" 200 1709 "http://tajhomehub.shop/?k=361249942" "Mozilla/5.0 (Linux; Android 6.0.1; Nexus 5X Build/MMB29P) AppleWebKit/537.36 (KHTML, like Gecko) Chrome/150.0.7871.128 Mobile Safari/537.36 (compatible; Googlebot/2.1; +http://www.google.com/bot.html)"
66.249.69.196 - - [21/Jul/2026:22:17:45 +0000] "GET /wp-content/plugins/pixelyoursite/dist/scripts/public.js?ver=11.2.1 HTTP/1.1" 200 172979 "http://tajhomehub.shop/?k=361249942" "Mozilla/5.0 (Linux; Android 6.0.1; Nexus 5X Build/MMB29P) AppleWebKit/537.36 (KHTML, like Gecko) Chrome/150.0.7871.128 Mobile Safari/537.36 (compatible; Googlebot/2.1; +http://www.google.com/bot.html)"
104.23.168.56 - - [21/Jul/2026:22:22:34 +0000] "GET /wp-admin/install.php?step=1 HTTP/1.1" 404 81267 "-" "http://tajhomehub.shop/wp-admin/install.php?step=1"
66.249.69.196 - - [21/Jul/2026:22:26:33 +0000] "GET /?d=8764939284 HTTP/1.1" 200 97677 "-" "Mozilla/5.0 (Linux; Android 6.0.1; Nexus 5X Build/MMB29P) AppleWebKit/537.36 (KHTML, like Gecko) Chrome/150.0.7871.128 Mobile Safari/537.36 (compatible; GoogleOther)"
66.249.69.196 - - [21/Jul/2026:22:27:39 +0000] "GET /?k=15662140651 HTTP/1.1" 200 97677 "-" "Mozilla/5.0 (Linux; Android 6.0.1; Nexus 5X Build/MMB29P) AppleWebKit/537.36 (KHTML, like Gecko) Chrome/150.0.7871.128 Mobile Safari/537.36 (compatible; GoogleOther)"
66.249.69.196 - - [21/Jul/2026:22:27:55 +0000] "GET /?k=1566219750 HTTP/1.1" 200 97677 "-" "Mozilla/5.0 (Linux; Android 6.0.1; Nexus 5X Build/MMB29P) AppleWebKit/537.36 (KHTML, like Gecko) Chrome/150.0.7871.128 Mobile Safari/537.36 (compatible; GoogleOther)"
66.249.69.196 - - [21/Jul/2026:22:38:20 +0000] "GET /?t=2464136203 HTTP/1.1" 200 97677 "-" "Mozilla/5.0 (Linux; Android 6.0.1; Nexus 5X Build/MMB29P) AppleWebKit/537.36 (KHTML, like Gecko) Chrome/150.0.7871.128 Mobile Safari/537.36 (compatible; GoogleOther)"
104.23.217.95 - - [21/Jul/2026:22:44:18 +0000] "GET /wp-admin/install.php?step=1 HTTP/1.1" 404 81267 "-" "http://tajhomehub.shop/wp-admin/install.php?step=1"
43.166.247.155 - - [21/Jul/2026:22:45:30 +0000] "GET / HTTP/1.1" 301 - "-" "Mozilla/5.0 (iPhone; CPU iPhone OS 13_2_3 like Mac OS X) AppleWebKit/605.1.15 (KHTML, like Gecko) Version/13.0.3 Mobile/15E148 Safari/604.1"
43.166.247.155 - - [21/Jul/2026:22:45:33 +0000] "GET / HTTP/1.1" 200 97677 "http://www.tajhomehub.shop" "Mozilla/5.0 (iPhone; CPU iPhone OS 13_2_3 like Mac OS X) AppleWebKit/605.1.15 (KHTML, like Gecko) Version/13.0.3 Mobile/15E148 Safari/604.1"
66.249.69.196 - - [21/Jul/2026:22:47:31 +0000] "GET /?n=952518074 HTTP/1.1" 200 97677 "-" "Mozilla/5.0 (Linux; Android 6.0.1; Nexus 5X Build/MMB29P) AppleWebKit/537.36 (KHTML, like Gecko) Chrome/150.0.7871.128 Mobile Safari/537.36 (compatible; GoogleOther)"
198.177.124.148 - - [21/Jul/2026:22:50:17 +0000] "POST /wp-cron.php?doing_wp_cron=1784674217.3906619548797607421875 HTTP/1.1" 200 - "-" "WordPress/7.0.2; https://tajhomehub.shop"
45.92.87.245 - - [21/Jul/2026:22:50:14 +0000] "GET / HTTP/1.1" 200 97677 "-" "Mozilla/5.0 (Windows NT 10.0; Win64; x64) AppleWebKit/537.36 (KHTML, like Gecko) Chrome/94.0.4606.61 Safari/537.36"
66.249.69.196 - - [21/Jul/2026:22:51:53 +0000] "GET /?k=15662270368 HTTP/1.1" 200 97677 "-" "Mozilla/5.0 (Linux; Android 6.0.1; Nexus 5X Build/MMB29P) AppleWebKit/537.36 (KHTML, like Gecko) Chrome/150.0.7871.128 Mobile Safari/537.36 (compatible; GoogleOther)"
66.249.72.35 - - [21/Jul/2026:22:58:27 +0000] "GET /robots.txt HTTP/1.1" 301 - "-" "Mozilla/5.0 (compatible; Googlebot/2.1; +http://www.google.com/bot.html)"
66.249.69.196 - - [21/Jul/2026:22:58:30 +0000] "GET /robots.txt HTTP/1.1" 200 116 "-" "Mozilla/5.0 (compatible; Googlebot/2.1; +http://www.google.com/bot.html)"
66.249.72.36 - - [21/Jul/2026:22:58:32 +0000] "GET / HTTP/1.1" 301 - "-" "Mozilla/5.0 (Linux; Android 6.0.1; Nexus 5X Build/MMB29P) AppleWebKit/537.36 (KHTML, like Gecko) Chrome/150.0.7871.128 Mobile Safari/537.36 (compatible; Googlebot/2.1; +http://www.google.com/bot.html)"
136.67.60.28 - - [21/Jul/2026:23:02:20 +0000] "GET /wp-content/plugins/helodoly/wp-config-sample.php HTTP/1.1" 404 81295 "-" "Mozilla/5.0 (Windows NT 10.0; Win64; x64) AppleWebKit/537.36 (KHTML, like Gecko) Chrome/91.0.4472.124 Safari/537.36"
104.23.221.130 - - [21/Jul/2026:23:03:44 +0000] "GET /wp-admin/install.php?step=1 HTTP/1.1" 404 81267 "-" "http://tajhomehub.shop/wp-admin/install.php?step=1"
136.67.60.28 - - [21/Jul/2026:23:15:29 +0000] "GET /system/bootstrap.php HTTP/1.1" 302 37915 "-" "Mozilla/5.0 (Windows NT 10.0; Win64; x64) AppleWebKit/537.36 (KHTML, like Gecko) Chrome/91.0.4472.124 Safari/537.36"
136.67.60.28 - - [21/Jul/2026:23:15:30 +0000] "GET /system/bootstrap.php?p= HTTP/1.1" 200 37915 "http://tajhomehub.shop/system/bootstrap.php" "Mozilla/5.0 (Windows NT 10.0; Win64; x64) AppleWebKit/537.36 (KHTML, like Gecko) Chrome/91.0.4472.124 Safari/537.36"
136.67.60.28 - - [21/Jul/2026:23:15:40 +0000] "GET /bootstrap.php HTTP/1.1" 302 37901 "-" "Mozilla/5.0 (Windows NT 10.0; Win64; x64) AppleWebKit/537.36 (KHTML, like Gecko) Chrome/91.0.4472.124 Safari/537.36"
136.67.60.28 - - [21/Jul/2026:23:15:40 +0000] "GET /bootstrap.php?p= HTTP/1.1" 200 37901 "http://tajhomehub.shop/bootstrap.php" "Mozilla/5.0 (Windows NT 10.0; Win64; x64) AppleWebKit/537.36 (KHTML, like Gecko) Chrome/91.0.4472.124 Safari/537.36"
66.249.69.196 - - [21/Jul/2026:23:15:39 +0000] "GET /?k=36124115347 HTTP/1.1" 200 97677 "-" "Mozilla/5.0 (Linux; Android 6.0.1; Nexus 5X Build/MMB29P) AppleWebKit/537.36 (KHTML, like Gecko) Chrome/150.0.7871.128 Mobile Safari/537.36 (compatible; GoogleOther)"
198.177.124.148 - - [21/Jul/2026:23:17:22 +0000] "POST /wp-cron.php?doing_wp_cron=1784675842.4265830516815185546875 HTTP/1.1" 200 - "-" "WordPress/7.0.2; https://tajhomehub.shop"
172.71.172.131 - - [21/Jul/2026:23:17:19 +0000] "GET /wp-admin/install.php?step=1 HTTP/1.1" 404 81267 "-" "http://tajhomehub.shop/wp-admin/install.php?step=1"
136.67.60.28 - - [21/Jul/2026:23:21:48 +0000] "GET /wp-content/plugins/config-cs/bootstrap.php HTTP/1.1" 302 37959 "-" "Mozilla/5.0 (Windows NT 10.0; Win64; x64) AppleWebKit/537.36 (KHTML, like Gecko) Chrome/91.0.4472.124 Safari/537.36"
136.67.60.28 - - [21/Jul/2026:23:21:48 +0000] "GET /wp-content/plugins/config-cs/bootstrap.php?p= HTTP/1.1" 200 37959 "http://tajhomehub.shop/wp-content/plugins/config-cs/bootstrap.php" "Mozilla/5.0 (Windows NT 10.0; Win64; x64) AppleWebKit/537.36 (KHTML, like Gecko) Chrome/91.0.4472.124 Safari/537.36"
66.249.69.196 - - [21/Jul/2026:23:25:53 +0000] "GET /?n=9525124705 HTTP/1.1" 200 97677 "-" "Mozilla/5.0 (Linux; Android 6.0.1; Nexus 5X Build/MMB29P) AppleWebKit/537.36 (KHTML, like Gecko) Chrome/150.0.7871.128 Mobile Safari/537.36 (compatible; GoogleOther)"
66.249.69.196 - - [21/Jul/2026:23:28:45 +0000] "GET /?k=3612444167 HTTP/1.1" 200 97677 "-" "Mozilla/5.0 (Linux; Android 6.0.1; Nexus 5X Build/MMB29P) AppleWebKit/537.36 (KHTML, like Gecko) Chrome/150.0.7871.128 Mobile Safari/537.36 (compatible; GoogleOther)"
162.158.95.101 - - [21/Jul/2026:23:29:43 +0000] "GET /wp-admin/install.php?step=1 HTTP/1.1" 404 81267 "-" "http://tajhomehub.shop/wp-admin/install.php?step=1"
172.71.148.118 - - [21/Jul/2026:23:35:59 +0000] "GET /wp-admin/install.php?step=1 HTTP/1.1" 404 81267 "-" "http://tajhomehub.shop/wp-admin/install.php?step=1"
172.70.248.64 - - [21/Jul/2026:23:38:53 +0000] "GET /wp-admin/install.php?step=1 HTTP/1.1" 404 81267 "-" "http://tajhomehub.shop/wp-admin/install.php?step=1"
66.249.69.196 - - [22/Jul/2026:00:07:53 +0000] "GET /?k=1566218439 HTTP/1.1" 200 97677 "-" "Mozilla/5.0 (Linux; Android 6.0.1; Nexus 5X Build/MMB29P) AppleWebKit/537.36 (KHTML, like Gecko) Chrome/150.0.7871.128 Mobile Safari/537.36 (compatible; GoogleOther)"
66.249.69.198 - - [22/Jul/2026:00:08:00 +0000] "GET /?k=1566273510 HTTP/1.1" 200 97677 "-" "Mozilla/5.0 (Linux; Android 6.0.1; Nexus 5X Build/MMB29P) AppleWebKit/537.36 (KHTML, like Gecko) Chrome/150.0.7871.128 Mobile Safari/537.36 (compatible; GoogleOther)"
198.177.124.148 - - [22/Jul/2026:00:08:41 +0000] "POST /wp-cron.php?doing_wp_cron=1784678921.1261188983917236328125 HTTP/1.1" 200 - "-" "WordPress/7.0.2; https://tajhomehub.shop"
172.70.240.157 - - [22/Jul/2026:00:08:39 +0000] "GET /wp-admin/install.php?step=1 HTTP/1.1" 404 81267 "-" "http://tajhomehub.shop/wp-admin/install.php?step=1"
198.177.124.148 - - [22/Jul/2026:00:11:13 +0000] "POST /wp-cron.php?doing_wp_cron=1784679073.9532129764556884765625 HTTP/1.1" 200 - "-" "WordPress/7.0.2; https://tajhomehub.shop"
66.249.69.196 - - [22/Jul/2026:00:11:12 +0000] "GET /?k=361245491 HTTP/1.1" 200 97677 "-" "Mozilla/5.0 (Linux; Android 6.0.1; Nexus 5X Build/MMB29P) AppleWebKit/537.36 (KHTML, like Gecko) Chrome/150.0.7871.128 Mobile Safari/537.36 (compatible; GoogleOther)"
66.249.69.196 - - [22/Jul/2026:00:11:39 +0000] "GET /?k=15662184798 HTTP/1.1" 200 97677 "-" "Mozilla/5.0 (Linux; Android 6.0.1; Nexus 5X Build/MMB29P) AppleWebKit/537.36 (KHTML, like Gecko) Chrome/150.0.7871.128 Mobile Safari/537.36 (compatible; GoogleOther)"
66.249.69.198 - - [22/Jul/2026:00:13:06 +0000] "GET /?n=9525124705 HTTP/1.1" 200 97677 "-" "Mozilla/5.0 (Linux; Android 6.0.1; Nexus 5X Build/MMB29P) AppleWebKit/537.36 (KHTML, like Gecko) Chrome/150.0.7871.128 Mobile Safari/537.36 (compatible; GoogleOther)"
66.249.69.196 - - [22/Jul/2026:00:14:41 +0000] "GET /?k=36124210548 HTTP/1.1" 200 97677 "-" "Mozilla/5.0 (Linux; Android 6.0.1; Nexus 5X Build/MMB29P) AppleWebKit/537.36 (KHTML, like Gecko) Chrome/150.0.7871.128 Mobile Safari/537.36 (compatible; GoogleOther)"
162.158.182.42 - - [22/Jul/2026:00:15:34 +0000] "GET /wp-admin/install.php?step=1 HTTP/1.1" 404 81267 "-" "http://tajhomehub.shop/wp-admin/install.php?step=1"
66.249.69.196 - - [22/Jul/2026:00:16:21 +0000] "GET /?k=36124223641 HTTP/1.1" 200 97677 "-" "Mozilla/5.0 (Linux; Android 6.0.1; Nexus 5X Build/MMB29P) AppleWebKit/537.36 (KHTML, like Gecko) Chrome/150.0.7871.128 Mobile Safari/537.36 (compatible; GoogleOther)"
66.249.69.196 - - [22/Jul/2026:00:17:52 +0000] "GET /?k=15662211336 HTTP/1.1" 200 97677 "-" "Mozilla/5.0 (Linux; Android 6.0.1; Nexus 5X Build/MMB29P) AppleWebKit/537.36 (KHTML, like Gecko) Chrome/150.0.7871.128 Mobile Safari/537.36 (compatible; GoogleOther)"
66.249.69.196 - - [22/Jul/2026:00:18:36 +0000] "GET /saiga.php?sitemap645.xml HTTP/1.1" 200 539194 "-" "Mozilla/5.0 (compatible; Googlebot/2.1; +http://www.google.com/bot.html)"
66.249.69.196 - - [22/Jul/2026:00:26:01 +0000] "GET /?k=1566216170 HTTP/1.1" 200 97677 "-" "Mozilla/5.0 (Linux; Android 6.0.1; Nexus 5X Build/MMB29P) AppleWebKit/537.36 (KHTML, like Gecko) Chrome/150.0.7871.128 Mobile Safari/537.36 (compatible; GoogleOther)"
142.54.166.194 - - [22/Jul/2026:00:27:48 +0000] "GET /11965qmdaamk88mewttmp9 HTTP/1.0" 404 81269 "-" "Googlebot/2.1 (+http://www.google.com/bot.html)"
142.54.166.194 - - [22/Jul/2026:00:27:51 +0000] "GET /ammika.php?8416qkuaarl38mewttme49 HTTP/1.0" 200 6092 "-" "Googlebot/2.1 (+http://www.google.com/bot.html)"
104.23.223.113 - - [22/Jul/2026:00:34:19 +0000] "GET /wp-admin/install.php?step=1 HTTP/1.1" 404 81267 "-" "http://tajhomehub.shop/wp-admin/install.php?step=1"
23.160.56.155 - - [22/Jul/2026:00:36:32 +0000] "GET /11965qmdaamk88mewttmp9 HTTP/1.0" 404 81269 "-" "Googlebot/2.1 (+http://www.google.com/bot.html)"
23.160.56.155 - - [22/Jul/2026:00:36:35 +0000] "GET /ammika.php?8416qkuaarl38mewttme49 HTTP/1.0" 200 6092 "-" "Googlebot/2.1 (+http://www.google.com/bot.html)"
66.249.69.196 - - [22/Jul/2026:00:36:37 +0000] "GET /?t=24641282882 HTTP/1.1" 200 97677 "-" "Mozilla/5.0 (Linux; Android 6.0.1; Nexus 5X Build/MMB29P) AppleWebKit/537.36 (KHTML, like Gecko) Chrome/150.0.7871.128 Mobile Safari/537.36 (compatible; GoogleOther)"
162.14.81.106 - - [22/Jul/2026:00:36:54 +0000] "GET / HTTP/1.1" 200 97677 "-" "Mozilla/5.0 (iPhone; CPU iPhone OS 13_2_3 like Mac OS X) AppleWebKit/605.1.15 (KHTML, like Gecko) Version/13.0.3 Mobile/15E148 Safari/604.1"
66.249.69.97 - - [22/Jul/2026:00:44:30 +0000] "GET /?w=67700189973 HTTP/1.1" 404 81247 "-" "Mozilla/5.0 (Linux; Android 6.0.1; Nexus 5X Build/MMB29P) AppleWebKit/537.36 (KHTML, like Gecko) Chrome/150.0.7871.128 Mobile Safari/537.36 (compatible; GoogleOther)"
63.141.250.58 - - [22/Jul/2026:00:50:50 +0000] "GET /index.php?params=1 HTTP/1.1" 301 - "-" "Mozilla/5.0 (Windows NT 10.0; Win64; x64) AppleWebKit/537.36 (KHTML, like Gecko) Chrome/131.0.0.0 Safari/537.36"
63.141.250.58 - - [22/Jul/2026:00:50:54 +0000] "GET /?params=1 HTTP/1.1" 200 97686 "-" "Mozilla/5.0 (Windows NT 10.0; Win64; x64) AppleWebKit/537.36 (KHTML, like Gecko) Chrome/131.0.0.0 Safari/537.36"
63.141.250.58 - - [22/Jul/2026:00:51:57 +0000] "GET /index.php?params=1 HTTP/1.1" 301 - "-" "Mozilla/5.0 (Windows NT 10.0; Win64; x64) AppleWebKit/537.36 (KHTML, like Gecko) Chrome/131.0.0.0 Safari/537.36"
63.141.250.58 - - [22/Jul/2026:00:52:00 +0000] "GET /?params=1 HTTP/1.1" 200 97686 "-" "Mozilla/5.0 (Windows NT 10.0; Win64; x64) AppleWebKit/537.36 (KHTML, like Gecko) Chrome/131.0.0.0 Safari/537.36"
198.177.124.148 - - [22/Jul/2026:00:59:17 +0000] "POST /wp-cron.php?doing_wp_cron=1784681957.7747519016265869140625 HTTP/1.1" 200 - "-" "WordPress/7.0.2; https://tajhomehub.shop"
104.23.223.112 - - [22/Jul/2026:00:59:16 +0000] "GET /wp-admin/install.php?step=1 HTTP/1.1" 404 81267 "-" "http://tajhomehub.shop/wp-admin/install.php?step=1"
198.177.124.148 - - [22/Jul/2026:01:01:22 +0000] "GET /.well-known/acme-challenge/I5JWWH-ISSZD3P4X2J4WX8CISWVI-YSH HTTP/1.1" 200 64 "-" "Cpanel-HTTP-Client/1.0"
198.177.124.148 - - [22/Jul/2026:01:01:22 +0000] "GET /.well-known/acme-challenge/IN_WV9FELY2OD6_PO6H1ET766RLNOTNU HTTP/1.1" 200 64 "-" "Cpanel-HTTP-Client/1.0"
43.157.46.118 - - [22/Jul/2026:01:08:24 +0000] "GET / HTTP/1.1" 200 97677 "-" "Mozilla/5.0 (iPhone; CPU iPhone OS 13_2_3 like Mac OS X) AppleWebKit/605.1.15 (KHTML, like Gecko) Version/13.0.3 Mobile/15E148 Safari/604.1"
162.158.110.103 - - [22/Jul/2026:01:17:59 +0000] "GET /wp-admin/install.php?step=1 HTTP/1.1" 404 81267 "-" "http://tajhomehub.shop/wp-admin/install.php?step=1"
172.70.248.65 - - [22/Jul/2026:01:19:49 +0000] "GET /wp-admin/install.php?step=1 HTTP/1.1" 404 81267 "-" "http://tajhomehub.shop/wp-admin/install.php?step=1"
170.106.187.106 - - [22/Jul/2026:01:24:26 +0000] "GET / HTTP/1.1" 200 97677 "-" "Mozilla/5.0 (iPhone; CPU iPhone OS 13_2_3 like Mac OS X) AppleWebKit/605.1.15 (KHTML, like Gecko) Version/13.0.3 Mobile/15E148 Safari/604.1"
162.158.182.42 - - [22/Jul/2026:01:41:05 +0000] "GET /wp-admin/install.php?step=1 HTTP/1.1" 404 81267 "-" "http://tajhomehub.shop/wp-admin/install.php?step=1"
172.71.172.130 - - [22/Jul/2026:01:47:08 +0000] "GET /wp-admin/install.php?step=1 HTTP/1.1" 404 81267 "-" "http://tajhomehub.shop/wp-admin/install.php?step=1"
66.249.69.97 - - [22/Jul/2026:01:48:28 +0000] "GET /?k=36124122727 HTTP/1.1" 200 97677 "-" "Mozilla/5.0 (Linux; Android 6.0.1; Nexus 5X Build/MMB29P) AppleWebKit/537.36 (KHTML, like Gecko) Chrome/150.0.7871.128 Mobile Safari/537.36 (compatible; GoogleOther)"
66.249.69.97 - - [22/Jul/2026:01:49:38 +0000] "GET /?k=15662218415 HTTP/1.1" 200 97677 "-" "Mozilla/5.0 (Linux; Android 6.0.1; Nexus 5X Build/MMB29P) AppleWebKit/537.36 (KHTML, like Gecko) Chrome/150.0.7871.128 Mobile Safari/537.36 (compatible; GoogleOther)"
84.32.41.136 - - [22/Jul/2026:01:51:04 +0000] "GET / HTTP/1.1" 200 97677 "-" "Mozilla/5.0 (X11; Linux x86_64) AppleWebKit/537.36 (KHTML, like Gecko) Chrome/135.0.0.0 Safari/537.36"
198.177.124.148 - - [22/Jul/2026:01:51:14 +0000] "POST /wp-cron.php?doing_wp_cron=1784685074.1719269752502441406250 HTTP/1.1" 200 - "-" "WordPress/7.0.2; https://tajhomehub.shop"
84.32.41.136 - - [22/Jul/2026:01:51:11 +0000] "GET / HTTP/1.1" 200 97677 "http://tajhomehub.shop" "Mozilla/5.0 (X11; Linux x86_64) AppleWebKit/537.36 (KHTML, like Gecko) Chrome/135.0.0.0 Safari/537.36"
84.32.41.136 - - [22/Jul/2026:01:51:17 +0000] "GET /wp-content/themes/twentytwentyfour/assets/fonts/cardo/cardo_italic_400.woff2 HTTP/1.1" 200 105184 "http://tajhomehub.shop" "Mozilla/5.0 (X11; Linux x86_64) AppleWebKit/537.36 (KHTML, like Gecko) Chrome/135.0.0.0 Safari/537.36"
84.32.41.136 - - [22/Jul/2026:01:51:21 +0000] "GET /wp-content/themes/twentytwentyfour/assets/fonts/cardo/cardo_normal_400.woff2 HTTP/1.1" 200 146060 "http://tajhomehub.shop" "Mozilla/5.0 (X11; Linux x86_64) AppleWebKit/537.36 (KHTML, like Gecko) Chrome/135.0.0.0 Safari/537.36"
84.32.41.136 - - [22/Jul/2026:01:51:25 +0000] "GET /wp-content/themes/twentytwentyfour/assets/fonts/cardo/cardo_normal_700.woff2 HTTP/1.1" 200 132564 "http://tajhomehub.shop" "Mozilla/5.0 (X11; Linux x86_64) AppleWebKit/537.36 (KHTML, like Gecko) Chrome/135.0.0.0 Safari/537.36"
84.32.41.136 - - [22/Jul/2026:01:51:28 +0000] "GET /wp-content/themes/twentytwentyfour/assets/fonts/inter/Inter-VariableFont_slnt,wght.woff2 HTTP/1.1" 200 326628 "http://tajhomehub.shop" "Mozilla/5.0 (X11; Linux x86_64) AppleWebKit/537.36 (KHTML, like Gecko) Chrome/135.0.0.0 Safari/537.36"
84.32.41.136 - - [22/Jul/2026:01:51:32 +0000] "GET /wp-content/themes/twentytwentyfour/assets/images/building-exterior.webp HTTP/1.1" 200 199724 "http://tajhomehub.shop" "Mozilla/5.0 (X11; Linux x86_64) AppleWebKit/537.36 (KHTML, like Gecko) Chrome/135.0.0.0 Safari/537.36"
84.32.41.136 - - [22/Jul/2026:01:51:36 +0000] "GET /wp-content/themes/twentytwentyfour/assets/images/tourist-and-building.webp HTTP/1.1" 200 66482 "http://tajhomehub.shop" "Mozilla/5.0 (X11; Linux x86_64) AppleWebKit/537.36 (KHTML, like Gecko) Chrome/135.0.0.0 Safari/537.36"
84.32.41.136 - - [22/Jul/2026:01:51:38 +0000] "GET / HTTP/1.1" 200 97677 "http://tajhomehub.shop" "Mozilla/5.0 (X11; Linux x86_64) AppleWebKit/537.36 (KHTML, like Gecko) Chrome/135.0.0.0 Safari/537.36"
84.32.41.136 - - [22/Jul/2026:01:51:40 +0000] "GET /wp-content/themes/twentytwentyfour/assets/images/windows.webp HTTP/1.1" 200 126244 "http://tajhomehub.shop" "Mozilla/5.0 (X11; Linux x86_64) AppleWebKit/537.36 (KHTML, like Gecko) Chrome/135.0.0.0 Safari/537.36"
198.177.124.148 - - [22/Jul/2026:02:01:52 +0000] "POST /wp-cron.php?doing_wp_cron=1784685712.7483448982238769531250 HTTP/1.1" 200 - "-" "WordPress/7.0.2; https://tajhomehub.shop"
170.106.148.137 - - [22/Jul/2026:02:01:49 +0000] "GET / HTTP/1.1" 301 - "-" "Mozilla/5.0 (iPhone; CPU iPhone OS 13_2_3 like Mac OS X) AppleWebKit/605.1.15 (KHTML, like Gecko) Version/13.0.3 Mobile/15E148 Safari/604.1"
170.106.148.137 - - [22/Jul/2026:02:01:53 +0000] "GET / HTTP/1.1" 200 97677 "http://www.tajhomehub.shop" "Mozilla/5.0 (iPhone; CPU iPhone OS 13_2_3 like Mac OS X) AppleWebKit/605.1.15 (KHTML, like Gecko) Version/13.0.3 Mobile/15E148 Safari/604.1"
172.71.172.131 - - [22/Jul/2026:02:02:09 +0000] "GET /wp-admin/install.php?step=1 HTTP/1.1" 404 81267 "-" "http://tajhomehub.shop/wp-admin/install.php?step=1"
198.177.124.148 - - [22/Jul/2026:02:07:48 +0000] "POST /wp-cron.php?doing_wp_cron=1784686068.8890728950500488281250 HTTP/1.1" 200 - "-" "WordPress/7.0.2; https://tajhomehub.shop"
66.249.69.98 - - [22/Jul/2026:02:07:45 +0000] "GET /?n=95251223172 HTTP/1.1" 200 97677 "-" "Mozilla/5.0 (Linux; Android 6.0.1; Nexus 5X Build/MMB29P) AppleWebKit/537.36 (KHTML, like Gecko) Chrome/150.0.7871.128 Mobile Safari/537.36 (compatible; GoogleOther)"
198.177.124.148 - - [22/Jul/2026:02:10:17 +0000] "POST /wp-cron.php?doing_wp_cron=1784686217.6601119041442871093750 HTTP/1.1" 200 - "-" "WordPress/7.0.2; https://tajhomehub.shop"
43.155.188.157 - - [22/Jul/2026:02:10:15 +0000] "GET / HTTP/1.1" 301 - "-" "Mozilla/5.0 (iPhone; CPU iPhone OS 13_2_3 like Mac OS X) AppleWebKit/605.1.15 (KHTML, like Gecko) Version/13.0.3 Mobile/15E148 Safari/604.1"
43.155.188.157 - - [22/Jul/2026:02:10:19 +0000] "GET / HTTP/1.1" 200 97677 "http://www.tajhomehub.shop" "Mozilla/5.0 (iPhone; CPU iPhone OS 13_2_3 like Mac OS X) AppleWebKit/605.1.15 (KHTML, like Gecko) Version/13.0.3 Mobile/15E148 Safari/604.1"
198.177.124.148 - - [22/Jul/2026:02:20:28 +0000] "POST /wp-cron.php?doing_wp_cron=1784686828.9101140499114990234375 HTTP/1.1" 200 - "-" "WordPress/7.0.2; https://tajhomehub.shop"
172.69.150.43 - - [22/Jul/2026:02:20:25 +0000] "GET /wp-admin/install.php?step=1 HTTP/1.1" 404 81267 "-" "http://tajhomehub.shop/wp-admin/install.php?step=1"
198.177.124.148 - - [22/Jul/2026:02:34:28 +0000] "POST /wp-cron.php?doing_wp_cron=1784687668.8210520744323730468750 HTTP/1.1" 200 - "-" "WordPress/7.0.2; https://tajhomehub.shop"
66.249.69.97 - - [22/Jul/2026:02:34:26 +0000] "GET /?w=67700229111 HTTP/1.1" 404 81247 "-" "Mozilla/5.0 (Linux; Android 6.0.1; Nexus 5X Build/MMB29P) AppleWebKit/537.36 (KHTML, like Gecko) Chrome/150.0.7871.128 Mobile Safari/537.36 (compatible; GoogleOther)"
104.23.217.94 - - [22/Jul/2026:02:41:57 +0000] "GET /wp-admin/install.php?step=1 HTTP/1.1" 404 81267 "-" "http://tajhomehub.shop/wp-admin/install.php?step=1"
66.249.69.97 - - [22/Jul/2026:02:43:39 +0000] "GET /saiga.php?sitemap866.xml HTTP/1.1" 200 539143 "-" "Mozilla/5.0 (compatible; Googlebot/2.1; +http://www.google.com/bot.html)"
198.177.124.148 - - [22/Jul/2026:02:44:20 +0000] "POST /wp-cron.php?doing_wp_cron=1784688260.4448199272155761718750 HTTP/1.1" 200 - "-" "WordPress/7.0.2; https://tajhomehub.shop"
66.249.69.97 - - [22/Jul/2026:02:44:17 +0000] "GET /?d=87649226317 HTTP/1.1" 200 97677 "-" "Mozilla/5.0 (Linux; Android 6.0.1; Nexus 5X Build/MMB29P) AppleWebKit/537.36 (KHTML, like Gecko) Chrome/150.0.7871.128 Mobile Safari/537.36 (compatible; GoogleOther)"
198.177.124.148 - - [22/Jul/2026:02:52:23 +0000] "POST /wp-cron.php?doing_wp_cron=1784688743.0872800350189208984375 HTTP/1.1" 200 - "-" "WordPress/7.0.2; https://tajhomehub.shop"
104.23.221.130 - - [22/Jul/2026:02:52:19 +0000] "GET /wp-admin/install.php?step=1 HTTP/1.1" 404 81267 "-" "http://tajhomehub.shop/wp-admin/install.php?step=1"
66.249.69.97 - - [22/Jul/2026:02:53:49 +0000] "GET /?k=36124243262 HTTP/1.1" 200 97677 "-" "Mozilla/5.0 (Linux; Android 6.0.1; Nexus 5X Build/MMB29P) AppleWebKit/537.36 (KHTML, like Gecko) Chrome/150.0.7871.128 Mobile Safari/537.36 (compatible; GoogleOther)"
104.23.170.56 - - [22/Jul/2026:02:57:49 +0000] "GET /wp-admin/install.php?step=1 HTTP/1.1" 404 81267 "-" "http://tajhomehub.shop/wp-admin/install.php?step=1"
198.177.124.148 - - [22/Jul/2026:02:58:26 +0000] "POST /wp-cron.php?doing_wp_cron=1784689106.4737629890441894531250 HTTP/1.1" 200 - "-" "WordPress/7.0.2; https://tajhomehub.shop"
66.249.69.98 - - [22/Jul/2026:02:58:22 +0000] "GET /?k=36124193010 HTTP/1.1" 200 97677 "-" "Mozilla/5.0 (Linux; Android 6.0.1; Nexus 5X Build/MMB29P) AppleWebKit/537.36 (KHTML, like Gecko) Chrome/150.0.7871.128 Mobile Safari/537.36 (compatible; GoogleOther)"
66.249.69.99 - - [22/Jul/2026:02:59:09 +0000] "GET /?k=1566249609 HTTP/1.1" 200 97677 "-" "Mozilla/5.0 (Linux; Android 6.0.1; Nexus 5X Build/MMB29P) AppleWebKit/537.36 (KHTML, like Gecko) Chrome/150.0.7871.128 Mobile Safari/537.36 (compatible; GoogleOther)"
66.249.69.97 - - [22/Jul/2026:03:03:41 +0000] "GET /?n=95251223172 HTTP/1.1" 200 97677 "-" "Mozilla/5.0 (Linux; Android 6.0.1; Nexus 5X Build/MMB29P) AppleWebKit/537.36 (KHTML, like Gecko) Chrome/150.0.7871.128 Mobile Safari/537.36 (compatible; GoogleOther)"
172.70.248.65 - - [22/Jul/2026:03:11:23 +0000] "GET /wp-admin/install.php?step=1 HTTP/1.1" 404 81267 "-" "http://tajhomehub.shop/wp-admin/install.php?step=1"
34.72.176.129 - - [22/Jul/2026:03:22:00 +0000] "GET / HTTP/1.1" 200 97677 "-" "Mozilla/5.0 (Windows NT 10.0; Win64; x64) AppleWebKit/537.36 (KHTML, like Gecko) Chrome/125.0.6422.60 Safari/537.36 Edge/12.246"
34.72.176.129 - - [22/Jul/2026:03:22:04 +0000] "GET /wp-includes/blocks/navigation/style.min.css?ver=7.0.2 HTTP/1.1" 200 20709 "http://tajhomehub.shop/" "Mozilla/5.0 (Windows NT 10.0; Win64; x64) AppleWebKit/537.36 (KHTML, like Gecko) Chrome/125.0.6422.60 Safari/537.36 Edge/12.246"
34.122.147.229 - - [22/Jul/2026:03:22:04 +0000] "GET /wp-includes/js/jquery/jquery.min.js?ver=3.7.1 HTTP/1.1" 200 87553 "http://tajhomehub.shop/" "Mozilla/5.0 (Windows NT 10.0; Win64; x64) AppleWebKit/537.36 (KHTML, like Gecko) Chrome/125.0.6422.60 Safari/537.36 Edge/12.246"
104.197.69.115 - - [22/Jul/2026:03:22:04 +0000] "GET /wp-includes/js/jquery/jquery-migrate.min.js?ver=3.4.1 HTTP/1.1" 200 13577 "http://tajhomehub.shop/" "Mozilla/5.0 (Windows NT 10.0; Win64; x64) AppleWebKit/537.36 (KHTML, like Gecko) Chrome/125.0.6422.60 Safari/537.36 Edge/12.246"
34.122.147.229 - - [22/Jul/2026:03:22:04 +0000] "GET /wp-content/themes/twentytwentyfour/assets/images/tourist-and-building.webp HTTP/1.1" 200 66482 "http://tajhomehub.shop/" "Mozilla/5.0 (Windows NT 10.0; Win64; x64) AppleWebKit/537.36 (KHTML, like Gecko) Chrome/125.0.6422.60 Safari/537.36 Edge/12.246"
34.122.147.229 - - [22/Jul/2026:03:22:06 +0000] "GET /wp-includes/js/dist/script-modules/interactivity/index.min.js?ver=efaa5193bbad9c60ffd1 HTTP/1.1" 200 40106 "http://tajhomehub.shop/" "Mozilla/5.0 (Windows NT 10.0; Win64; x64) AppleWebKit/537.36 (KHTML, like Gecko) Chrome/125.0.6422.60 Safari/537.36 Edge/12.246"
34.72.176.129 - - [22/Jul/2026:03:22:06 +0000] "GET /wp-content/plugins/pixelyoursite/dist/scripts/jquery.bind-first-0.2.3.min.js?ver=0.2.3 HTTP/1.1" 200 1317 "http://tajhomehub.shop/" "Mozilla/5.0 (Windows NT 10.0; Win64; x64) AppleWebKit/537.36 (KHTML, like Gecko) Chrome/125.0.6422.60 Safari/537.36 Edge/12.246"
104.197.69.115 - - [22/Jul/2026:03:22:06 +0000] "GET /wp-includes/js/dist/script-modules/block-library/navigation/view.min.js?ver=96a846e1d7b789c39ab9 HTTP/1.1" 200 3053 "http://tajhomehub.shop/" "Mozilla/5.0 (Windows NT 10.0; Win64; x64) AppleWebKit/537.36 (KHTML, like Gecko) Chrome/125.0.6422.60 Safari/537.36 Edge/12.246"
34.122.147.229 - - [22/Jul/2026:03:22:04 +0000] "GET /wp-content/themes/twentytwentyfour/assets/images/building-exterior.webp HTTP/1.1" 200 199724 "http://tajhomehub.shop/" "Mozilla/5.0 (Windows NT 10.0; Win64; x64) AppleWebKit/537.36 (KHTML, like Gecko) Chrome/125.0.6422.60 Safari/537.36 Edge/12.246"
34.72.176.129 - - [22/Jul/2026:03:22:06 +0000] "GET /wp-content/themes/twentytwentyfour/assets/fonts/cardo/cardo_normal_400.woff2 HTTP/1.1" 200 146060 "http://tajhomehub.shop/" "Mozilla/5.0 (Windows NT 10.0; Win64; x64) AppleWebKit/537.36 (KHTML, like Gecko) Chrome/125.0.6422.60 Safari/537.36 Edge/12.246"
34.122.147.229 - - [22/Jul/2026:03:22:07 +0000] "GET /wp-content/themes/twentytwentyfour/assets/fonts/cardo/cardo_italic_400.woff2 HTTP/1.1" 200 105184 "http://tajhomehub.shop/" "Mozilla/5.0 (Windows NT 10.0; Win64; x64) AppleWebKit/537.36 (KHTML, like Gecko) Chrome/125.0.6422.60 Safari/537.36 Edge/12.246"
34.122.147.229 - - [22/Jul/2026:03:22:06 +0000] "GET /wp-content/themes/twentytwentyfour/assets/images/windows.webp HTTP/1.1" 200 126244 "http://tajhomehub.shop/" "Mozilla/5.0 (Windows NT 10.0; Win64; x64) AppleWebKit/537.36 (KHTML, like Gecko) Chrome/125.0.6422.60 Safari/537.36 Edge/12.246"
34.72.176.129 - - [22/Jul/2026:03:22:06 +0000] "GET /wp-content/themes/twentytwentyfour/assets/fonts/inter/Inter-VariableFont_slnt,wght.woff2 HTTP/1.1" 200 326628 "http://tajhomehub.shop/" "Mozilla/5.0 (Windows NT 10.0; Win64; x64) AppleWebKit/537.36 (KHTML, like Gecko) Chrome/125.0.6422.60 Safari/537.36 Edge/12.246"
34.72.176.129 - - [22/Jul/2026:03:22:07 +0000] "GET /wp-content/plugins/pixelyoursite/dist/scripts/js.cookie-2.1.3.min.js?ver=2.1.3 HTTP/1.1" 200 1709 "http://tajhomehub.shop/" "Mozilla/5.0 (Windows NT 10.0; Win64; x64) AppleWebKit/537.36 (KHTML, like Gecko) Chrome/125.0.6422.60 Safari/537.36 Edge/12.246"
34.72.176.129 - - [22/Jul/2026:03:22:07 +0000] "GET /wp-content/plugins/pixelyoursite/dist/scripts/tld.min.js?ver=2.3.1 HTTP/1.1" 200 141079 "http://tajhomehub.shop/" "Mozilla/5.0 (Windows NT 10.0; Win64; x64) AppleWebKit/537.36 (KHTML, like Gecko) Chrome/125.0.6422.60 Safari/537.36 Edge/12.246"
34.72.176.129 - - [22/Jul/2026:03:22:07 +0000] "GET /wp-content/plugins/pixelyoursite/dist/scripts/public.js?ver=11.2.1 HTTP/1.1" 200 172979 "http://tajhomehub.shop/" "Mozilla/5.0 (Windows NT 10.0; Win64; x64) AppleWebKit/537.36 (KHTML, like Gecko) Chrome/125.0.6422.60 Safari/537.36 Edge/12.246"
104.197.69.115 - - [22/Jul/2026:03:22:10 +0000] "GET /wp-includes/js/wp-emoji-release.min.js?ver=7.0.2 HTTP/1.1" 200 22752 "http://tajhomehub.shop/" "Mozilla/5.0 (Windows NT 10.0; Win64; x64) AppleWebKit/537.36 (KHTML, like Gecko) Chrome/125.0.6422.60 Safari/537.36 Edge/12.246"
198.177.124.148 - - [22/Jul/2026:03:22:42 +0000] "POST /wp-cron.php?doing_wp_cron=1784690562.0325629711151123046875 HTTP/1.1" 200 - "-" "WordPress/7.0.2; https://tajhomehub.shop"
205.169.39.104 - - [22/Jul/2026:03:22:37 +0000] "GET / HTTP/1.1" 200 97677 "-" "Mozilla/5.0 (Windows NT 6.1; Win64; x64) AppleWebKit/537.36 (KHTML, like Gecko) Chrome/83.0.4103.61 Safari/537.36"
205.169.39.104 - - [22/Jul/2026:03:22:42 +0000] "GET /wp-includes/js/jquery/jquery.min.js?ver=3.7.1 HTTP/1.1" 200 87553 "http://tajhomehub.shop/" "Mozilla/5.0 (Windows NT 6.1; Win64; x64) AppleWebKit/537.36 (KHTML, like Gecko) Chrome/83.0.4103.61 Safari/537.36"
205.169.39.104 - - [22/Jul/2026:03:22:42 +0000] "GET /wp-includes/js/jquery/jquery-migrate.min.js?ver=3.4.1 HTTP/1.1" 200 13577 "http://tajhomehub.shop/" "Mozilla/5.0 (Windows NT 6.1; Win64; x64) AppleWebKit/537.36 (KHTML, like Gecko) Chrome/83.0.4103.61 Safari/537.36"
205.169.39.104 - - [22/Jul/2026:03:22:42 +0000] "GET /wp-content/plugins/pixelyoursite/dist/scripts/jquery.bind-first-0.2.3.min.js?ver=0.2.3 HTTP/1.1" 200 1317 "http://tajhomehub.shop/" "Mozilla/5.0 (Windows NT 6.1; Win64; x64) AppleWebKit/537.36 (KHTML, like Gecko) Chrome/83.0.4103.61 Safari/537.36"
205.169.39.104 - - [22/Jul/2026:03:22:42 +0000] "GET /wp-content/plugins/pixelyoursite/dist/scripts/js.cookie-2.1.3.min.js?ver=2.1.3 HTTP/1.1" 200 1709 "http://tajhomehub.shop/" "Mozilla/5.0 (Windows NT 6.1; Win64; x64) AppleWebKit/537.36 (KHTML, like Gecko) Chrome/83.0.4103.61 Safari/537.36"
205.169.39.104 - - [22/Jul/2026:03:22:42 +0000] "GET /wp-content/plugins/pixelyoursite/dist/scripts/tld.min.js?ver=2.3.1 HTTP/1.1" 200 141079 "http://tajhomehub.shop/" "Mozilla/5.0 (Windows NT 6.1; Win64; x64) AppleWebKit/537.36 (KHTML, like Gecko) Chrome/83.0.4103.61 Safari/537.36"
205.169.39.104 - - [22/Jul/2026:03:22:42 +0000] "GET /wp-content/plugins/pixelyoursite/dist/scripts/public.js?ver=11.2.1 HTTP/1.1" 200 172979 "http://tajhomehub.shop/" "Mozilla/5.0 (Windows NT 6.1; Win64; x64) AppleWebKit/537.36 (KHTML, like Gecko) Chrome/83.0.4103.61 Safari/537.36"
205.169.39.104 - - [22/Jul/2026:03:22:45 +0000] "GET / HTTP/1.1" 200 97677 "-" "Mozilla/5.0 (Windows NT 10.0; Win64; x64) AppleWebKit/537.36 (KHTML, like Gecko) Chrome/79.0.3945.79 Safari/537.36"
205.169.39.104 - - [22/Jul/2026:03:22:49 +0000] "GET /wp-includes/blocks/navigation/style.min.css?ver=7.0.2 HTTP/1.1" 200 20709 "http://tajhomehub.shop/" "Mozilla/5.0 (Windows NT 10.0; Win64; x64) AppleWebKit/537.36 (KHTML, like Gecko) Chrome/79.0.3945.79 Safari/537.36"
205.169.39.104 - - [22/Jul/2026:03:22:49 +0000] "GET /wp-includes/js/jquery/jquery-migrate.min.js?ver=3.4.1 HTTP/1.1" 200 13577 "http://tajhomehub.shop/" "Mozilla/5.0 (Windows NT 10.0; Win64; x64) AppleWebKit/537.36 (KHTML, like Gecko) Chrome/79.0.3945.79 Safari/537.36"
205.169.39.104 - - [22/Jul/2026:03:22:49 +0000] "GET /wp-includes/js/jquery/jquery.min.js?ver=3.7.1 HTTP/1.1" 200 87553 "http://tajhomehub.shop/" "Mozilla/5.0 (Windows NT 10.0; Win64; x64) AppleWebKit/537.36 (KHTML, like Gecko) Chrome/79.0.3945.79 Safari/537.36"
