205.169.39.104 - - [22/Jul/2026:03:22:49 +0000] "GET /wp-includes/js/dist/script-modules/interactivity/index.min.js?ver=efaa5193bbad9c60ffd1 HTTP/1.1" 200 40106 "http://tajhomehub.shop/" "Mozilla/5.0 (Windows NT 10.0; Win64; x64) AppleWebKit/537.36 (KHTML, like Gecko) Chrome/79.0.3945.79 Safari/537.36"
205.169.39.104 - - [22/Jul/2026:03:22:49 +0000] "GET /wp-includes/js/dist/script-modules/block-library/navigation/view.min.js?ver=96a846e1d7b789c39ab9 HTTP/1.1" 200 3053 "http://tajhomehub.shop/" "Mozilla/5.0 (Windows NT 10.0; Win64; x64) AppleWebKit/537.36 (KHTML, like Gecko) Chrome/79.0.3945.79 Safari/537.36"
205.169.39.104 - - [22/Jul/2026:03:22:49 +0000] "GET /wp-content/themes/twentytwentyfour/assets/images/building-exterior.webp HTTP/1.1" 200 199724 "http://tajhomehub.shop/" "Mozilla/5.0 (Windows NT 10.0; Win64; x64) AppleWebKit/537.36 (KHTML, like Gecko) Chrome/79.0.3945.79 Safari/537.36"
205.169.39.104 - - [22/Jul/2026:03:22:49 +0000] "GET /wp-content/themes/twentytwentyfour/assets/images/tourist-and-building.webp HTTP/1.1" 200 66482 "http://tajhomehub.shop/" "Mozilla/5.0 (Windows NT 10.0; Win64; x64) AppleWebKit/537.36 (KHTML, like Gecko) Chrome/79.0.3945.79 Safari/537.36"
205.169.39.104 - - [22/Jul/2026:03:22:49 +0000] "GET /wp-content/plugins/pixelyoursite/dist/scripts/jquery.bind-first-0.2.3.min.js?ver=0.2.3 HTTP/1.1" 200 1317 "http://tajhomehub.shop/" "Mozilla/5.0 (Windows NT 10.0; Win64; x64) AppleWebKit/537.36 (KHTML, like Gecko) Chrome/79.0.3945.79 Safari/537.36"
205.169.39.104 - - [22/Jul/2026:03:22:49 +0000] "GET /wp-content/plugins/pixelyoursite/dist/scripts/js.cookie-2.1.3.min.js?ver=2.1.3 HTTP/1.1" 200 1709 "http://tajhomehub.shop/" "Mozilla/5.0 (Windows NT 10.0; Win64; x64) AppleWebKit/537.36 (KHTML, like Gecko) Chrome/79.0.3945.79 Safari/537.36"
205.169.39.104 - - [22/Jul/2026:03:22:49 +0000] "GET /wp-content/themes/twentytwentyfour/assets/images/windows.webp HTTP/1.1" 200 126244 "http://tajhomehub.shop/" "Mozilla/5.0 (Windows NT 10.0; Win64; x64) AppleWebKit/537.36 (KHTML, like Gecko) Chrome/79.0.3945.79 Safari/537.36"
205.169.39.104 - - [22/Jul/2026:03:22:49 +0000] "GET /wp-content/plugins/pixelyoursite/dist/scripts/public.js?ver=11.2.1 HTTP/1.1" 200 172979 "http://tajhomehub.shop/" "Mozilla/5.0 (Windows NT 10.0; Win64; x64) AppleWebKit/537.36 (KHTML, like Gecko) Chrome/79.0.3945.79 Safari/537.36"
205.169.39.104 - - [22/Jul/2026:03:22:49 +0000] "GET /wp-content/themes/twentytwentyfour/assets/fonts/inter/Inter-VariableFont_slnt,wght.woff2 HTTP/1.1" 200 326628 "http://tajhomehub.shop/" "Mozilla/5.0 (Windows NT 10.0; Win64; x64) AppleWebKit/537.36 (KHTML, like Gecko) Chrome/79.0.3945.79 Safari/537.36"
205.169.39.104 - - [22/Jul/2026:03:22:49 +0000] "GET /wp-content/themes/twentytwentyfour/assets/fonts/cardo/cardo_normal_400.woff2 HTTP/1.1" 200 146060 "http://tajhomehub.shop/" "Mozilla/5.0 (Windows NT 10.0; Win64; x64) AppleWebKit/537.36 (KHTML, like Gecko) Chrome/79.0.3945.79 Safari/537.36"
205.169.39.104 - - [22/Jul/2026:03:22:49 +0000] "GET /wp-content/themes/twentytwentyfour/assets/fonts/cardo/cardo_italic_400.woff2 HTTP/1.1" 200 105184 "http://tajhomehub.shop/" "Mozilla/5.0 (Windows NT 10.0; Win64; x64) AppleWebKit/537.36 (KHTML, like Gecko) Chrome/79.0.3945.79 Safari/537.36"
205.169.39.104 - - [22/Jul/2026:03:22:49 +0000] "GET /wp-content/plugins/pixelyoursite/dist/scripts/tld.min.js?ver=2.3.1 HTTP/1.1" 200 141079 "http://tajhomehub.shop/" "Mozilla/5.0 (Windows NT 10.0; Win64; x64) AppleWebKit/537.36 (KHTML, like Gecko) Chrome/79.0.3945.79 Safari/537.36"
205.169.39.104 - - [22/Jul/2026:03:22:54 +0000] "GET /wp-includes/js/wp-emoji-release.min.js?ver=7.0.2 HTTP/1.1" 200 22752 "http://tajhomehub.shop/" "Mozilla/5.0 (Windows NT 10.0; Win64; x64) AppleWebKit/537.36 (KHTML, like Gecko) Chrome/79.0.3945.79 Safari/537.36"
198.177.124.148 - - [22/Jul/2026:03:35:30 +0000] "POST /wp-cron.php?doing_wp_cron=1784691330.8929550647735595703125 HTTP/1.1" 200 - "-" "WordPress/7.0.2; https://tajhomehub.shop"
66.249.69.97 - - [22/Jul/2026:03:35:29 +0000] "GET /?k=15662127689 HTTP/1.1" 200 97677 "-" "Mozilla/5.0 (Linux; Android 6.0.1; Nexus 5X Build/MMB29P) AppleWebKit/537.36 (KHTML, like Gecko) Chrome/150.0.7871.128 Mobile Safari/537.36 (compatible; GoogleOther)"
104.23.166.97 - - [22/Jul/2026:03:35:31 +0000] "GET /wp-admin/install.php?step=1 HTTP/1.1" 404 81267 "-" "http://tajhomehub.shop/wp-admin/install.php?step=1"
198.177.124.148 - - [22/Jul/2026:03:42:21 +0000] "POST /wp-cron.php?doing_wp_cron=1784691741.0185160636901855468750 HTTP/1.1" 200 - "-" "WordPress/7.0.2; https://tajhomehub.shop"
66.249.69.99 - - [22/Jul/2026:03:42:17 +0000] "GET /?k=15662171585 HTTP/1.1" 200 97677 "-" "Mozilla/5.0 (Linux; Android 6.0.1; Nexus 5X Build/MMB29P) AppleWebKit/537.36 (KHTML, like Gecko) Chrome/150.0.7871.128 Mobile Safari/537.36 (compatible; GoogleOther)"
198.177.124.148 - - [22/Jul/2026:03:46:47 +0000] "POST /wp-cron.php?doing_wp_cron=1784692007.3367059230804443359375 HTTP/1.1" 200 - "-" "WordPress/7.0.2; https://tajhomehub.shop"
104.23.166.96 - - [22/Jul/2026:03:46:44 +0000] "GET /wp-admin/install.php?step=1 HTTP/1.1" 404 81267 "-" "http://tajhomehub.shop/wp-admin/install.php?step=1"
198.177.124.148 - - [22/Jul/2026:04:02:27 +0000] "GET /.well-known/acme-challenge/-AJ3GBBRZDS7UDR0TTOUMGCWFZ0B_GDU HTTP/1.1" 200 64 "-" "Cpanel-HTTP-Client/1.0"
198.177.124.148 - - [22/Jul/2026:04:02:27 +0000] "GET /.well-known/acme-challenge/IQTVOO1HHJBVDFX9I-S9MQCDWNJI125G HTTP/1.1" 200 64 "-" "Cpanel-HTTP-Client/1.0"
66.249.69.197 - - [22/Jul/2026:04:03:40 +0000] "GET /saiga.php?sitemap377.xml HTTP/1.1" 200 539122 "-" "Mozilla/5.0 (compatible; Googlebot/2.1; +http://www.google.com/bot.html)"
198.177.124.148 - - [22/Jul/2026:04:04:19 +0000] "POST /wp-cron.php?doing_wp_cron=1784693059.0036098957061767578125 HTTP/1.1" 200 - "-" "WordPress/7.0.2; https://tajhomehub.shop"
172.70.248.65 - - [22/Jul/2026:04:04:16 +0000] "GET /wp-admin/install.php?step=1 HTTP/1.1" 404 81267 "-" "http://tajhomehub.shop/wp-admin/install.php?step=1"
198.177.124.148 - - [22/Jul/2026:04:20:05 +0000] "POST /wp-cron.php?doing_wp_cron=1784694005.2488410472869873046875 HTTP/1.1" 200 - "-" "WordPress/7.0.2; https://tajhomehub.shop"
66.249.69.197 - - [22/Jul/2026:04:19:59 +0000] "GET /?k=36124118211 HTTP/1.1" 200 97677 "-" "Mozilla/5.0 (Linux; Android 6.0.1; Nexus 5X Build/MMB29P) AppleWebKit/537.36 (KHTML, like Gecko) Chrome/150.0.7871.128 Mobile Safari/537.36 (compatible; GoogleOther)"
198.177.124.148 - - [22/Jul/2026:04:32:46 +0000] "POST /wp-cron.php?doing_wp_cron=1784694766.4284970760345458984375 HTTP/1.1" 200 - "-" "WordPress/7.0.2; https://tajhomehub.shop"
104.23.217.95 - - [22/Jul/2026:04:32:42 +0000] "GET /wp-admin/install.php?step=1 HTTP/1.1" 404 81267 "-" "http://tajhomehub.shop/wp-admin/install.php?step=1"
66.249.69.198 - - [22/Jul/2026:04:36:00 +0000] "GET /saiga.php?sitemap400.xml HTTP/1.1" 200 539127 "-" "Mozilla/5.0 (compatible; Googlebot/2.1; +http://www.google.com/bot.html)"
104.23.217.95 - - [22/Jul/2026:04:38:04 +0000] "GET /wp-admin/install.php?step=1 HTTP/1.1" 404 81267 "-" "http://tajhomehub.shop/wp-admin/install.php?step=1"
66.249.69.197 - - [22/Jul/2026:04:38:07 +0000] "GET /?k=36124118205 HTTP/1.1" 200 97677 "-" "Mozilla/5.0 (Linux; Android 6.0.1; Nexus 5X Build/MMB29P) AppleWebKit/537.36 (KHTML, like Gecko) Chrome/150.0.7871.128 Mobile Safari/537.36 (compatible; GoogleOther)"
43.134.91.35 - - [22/Jul/2026:04:43:37 +0000] "GET / HTTP/1.1" 200 97677 "-" "Mozilla/5.0 (iPhone; CPU iPhone OS 13_2_3 like Mac OS X) AppleWebKit/605.1.15 (KHTML, like Gecko) Version/13.0.3 Mobile/15E148 Safari/604.1"
66.249.69.198 - - [22/Jul/2026:04:48:09 +0000] "GET /?k=1566219006 HTTP/1.1" 200 97677 "-" "Mozilla/5.0 (Linux; Android 6.0.1; Nexus 5X Build/MMB29P) AppleWebKit/537.36 (KHTML, like Gecko) Chrome/150.0.7871.128 Mobile Safari/537.36 (compatible; GoogleOther)"
198.177.124.148 - - [22/Jul/2026:04:48:46 +0000] "POST /wp-cron.php?doing_wp_cron=1784695726.0249919891357421875000 HTTP/1.1" 200 - "-" "WordPress/7.0.2; https://tajhomehub.shop"
104.23.223.113 - - [22/Jul/2026:04:48:44 +0000] "GET /wp-admin/install.php?step=1 HTTP/1.1" 404 81267 "-" "http://tajhomehub.shop/wp-admin/install.php?step=1"
66.249.69.197 - - [22/Jul/2026:04:52:08 +0000] "GET /?k=36124118197 HTTP/1.1" 200 97677 "-" "Mozilla/5.0 (Linux; Android 6.0.1; Nexus 5X Build/MMB29P) AppleWebKit/537.36 (KHTML, like Gecko) Chrome/150.0.7871.128 Mobile Safari/537.36 (compatible; GoogleOther)"
66.249.69.197 - - [22/Jul/2026:04:54:36 +0000] "GET /?k=15662227316 HTTP/1.1" 200 97677 "-" "Mozilla/5.0 (Linux; Android 6.0.1; Nexus 5X Build/MMB29P) AppleWebKit/537.36 (KHTML, like Gecko) Chrome/150.0.7871.128 Mobile Safari/537.36 (compatible; GoogleOther)"
198.177.124.148 - - [22/Jul/2026:05:00:22 +0000] "POST /wp-cron.php?doing_wp_cron=1784696422.0682210922241210937500 HTTP/1.1" 200 - "-" "WordPress/7.0.2; https://tajhomehub.shop"
66.249.69.196 - - [22/Jul/2026:05:00:19 +0000] "GET /?k=15662182030 HTTP/1.1" 200 97677 "-" "Mozilla/5.0 (Linux; Android 6.0.1; Nexus 5X Build/MMB29P) AppleWebKit/537.36 (KHTML, like Gecko) Chrome/150.0.7871.128 Mobile Safari/537.36 (compatible; GoogleOther)"
198.177.124.148 - - [22/Jul/2026:05:03:28 +0000] "POST /wp-cron.php?doing_wp_cron=1784696608.5204849243164062500000 HTTP/1.1" 200 - "-" "WordPress/7.0.2; https://tajhomehub.shop"
66.249.69.197 - - [22/Jul/2026:05:03:26 +0000] "GET /?d=87649116778 HTTP/1.1" 200 97677 "-" "Mozilla/5.0 (Linux; Android 6.0.1; Nexus 5X Build/MMB29P) AppleWebKit/537.36 (KHTML, like Gecko) Chrome/150.0.7871.128 Mobile Safari/537.36 (compatible; GoogleOther)"
172.70.240.157 - - [22/Jul/2026:05:10:40 +0000] "GET /wp-admin/install.php?step=1 HTTP/1.1" 404 81267 "-" "http://tajhomehub.shop/wp-admin/install.php?step=1"
198.177.124.148 - - [22/Jul/2026:05:15:31 +0000] "POST /wp-cron.php?doing_wp_cron=1784697330.9868690967559814453125 HTTP/1.1" 200 - "-" "WordPress/7.0.2; https://tajhomehub.shop"
66.249.69.198 - - [22/Jul/2026:05:15:27 +0000] "GET /?w=6770038909 HTTP/1.1" 404 81247 "-" "Mozilla/5.0 (Linux; Android 6.0.1; Nexus 5X Build/MMB29P) AppleWebKit/537.36 (KHTML, like Gecko) Chrome/150.0.7871.128 Mobile Safari/537.36 (compatible; GoogleOther)"
198.177.124.148 - - [22/Jul/2026:05:21:07 +0000] "POST /wp-cron.php?doing_wp_cron=1784697667.4648869037628173828125 HTTP/1.1" 200 - "-" "WordPress/7.0.2; https://tajhomehub.shop"
66.249.69.196 - - [22/Jul/2026:05:21:04 +0000] "GET /?m=19720237926 HTTP/1.1" 404 81247 "-" "Mozilla/5.0 (Linux; Android 6.0.1; Nexus 5X Build/MMB29P) AppleWebKit/537.36 (KHTML, like Gecko) Chrome/150.0.7871.128 Mobile Safari/537.36 (compatible; GoogleOther)"
198.177.124.148 - - [22/Jul/2026:05:27:15 +0000] "POST /wp-cron.php?doing_wp_cron=1784698035.2905960083007812500000 HTTP/1.1" 200 - "-" "WordPress/7.0.2; https://tajhomehub.shop"
129.226.146.146 - - [22/Jul/2026:05:27:14 +0000] "GET / HTTP/1.1" 301 - "-" "Mozilla/5.0 (iPhone; CPU iPhone OS 13_2_3 like Mac OS X) AppleWebKit/605.1.15 (KHTML, like Gecko) Version/13.0.3 Mobile/15E148 Safari/604.1"
129.226.146.146 - - [22/Jul/2026:05:27:18 +0000] "GET / HTTP/1.1" 200 97677 "http://www.tajhomehub.shop" "Mozilla/5.0 (iPhone; CPU iPhone OS 13_2_3 like Mac OS X) AppleWebKit/605.1.15 (KHTML, like Gecko) Version/13.0.3 Mobile/15E148 Safari/604.1"
198.177.124.148 - - [22/Jul/2026:05:36:33 +0000] "POST /wp-cron.php?doing_wp_cron=1784698593.6027779579162597656250 HTTP/1.1" 200 - "-" "WordPress/7.0.2; https://tajhomehub.shop"
162.158.110.103 - - [22/Jul/2026:05:36:32 +0000] "GET /wp-admin/install.php?step=1 HTTP/1.1" 404 81267 "-" "http://tajhomehub.shop/wp-admin/install.php?step=1"
198.177.124.148 - - [22/Jul/2026:05:39:35 +0000] "POST /wp-cron.php?doing_wp_cron=1784698775.2071969509124755859375 HTTP/1.1" 200 - "-" "WordPress/7.0.2; https://tajhomehub.shop"
66.249.69.196 - - [22/Jul/2026:05:39:33 +0000] "GET /?k=15662179542 HTTP/1.1" 200 97677 "-" "Mozilla/5.0 (Linux; Android 6.0.1; Nexus 5X Build/MMB29P) AppleWebKit/537.36 (KHTML, like Gecko) Chrome/150.0.7871.128 Mobile Safari/537.36 (compatible; GoogleOther)"
66.249.69.198 - - [22/Jul/2026:05:48:09 +0000] "GET /?k=36124222029 HTTP/1.1" 200 97677 "-" "Mozilla/5.0 (Linux; Android 6.0.1; Nexus 5X Build/MMB29P) AppleWebKit/537.36 (KHTML, like Gecko) Chrome/150.0.7871.128 Mobile Safari/537.36 (compatible; GoogleOther)"
66.249.69.196 - - [22/Jul/2026:05:48:50 +0000] "GET /?k=15662247417 HTTP/1.1" 200 97677 "-" "Mozilla/5.0 (Linux; Android 6.0.1; Nexus 5X Build/MMB29P) AppleWebKit/537.36 (KHTML, like Gecko) Chrome/150.0.7871.128 Mobile Safari/537.36 (compatible; GoogleOther)"
162.158.95.101 - - [22/Jul/2026:05:52:31 +0000] "GET /wp-admin/install.php?step=1 HTTP/1.1" 404 81267 "-" "http://tajhomehub.shop/wp-admin/install.php?step=1"
139.155.134.17 - - [22/Jul/2026:05:52:41 +0000] "GET / HTTP/1.1" 301 - "-" "Mozilla/5.0 (iPhone; CPU iPhone OS 13_2_3 like Mac OS X) AppleWebKit/605.1.15 (KHTML, like Gecko) Version/13.0.3 Mobile/15E148 Safari/604.1"
139.155.134.17 - - [22/Jul/2026:05:52:43 +0000] "GET / HTTP/1.1" 200 97677 "http://www.tajhomehub.shop" "Mozilla/5.0 (iPhone; CPU iPhone OS 13_2_3 like Mac OS X) AppleWebKit/605.1.15 (KHTML, like Gecko) Version/13.0.3 Mobile/15E148 Safari/604.1"
173.232.230.137 - - [22/Jul/2026:06:05:13 +0000] "GET http://tajhomehub.shop/11965qmdaamk88mewttmp9 HTTP/1.1" 301 - "http://may.mhqzwphbcueqxoaxlssilfufo.xyz/" "Mozilla/5.0 (Windows NT 10.0; Win64; x64) AppleWebKit/537.36 (KHTML, like Gecko) Chrome/148.0.0.0 Safari/537.36"
173.232.230.137 - - [22/Jul/2026:06:05:13 +0000] "GET http://tajhomehub.shop/wp-login.php HTTP/1.1" 302 - "http://may.mhqzwphbcueqxoaxlssilfufo.xyz/" "Mozilla/5.0 (Windows NT 10.0; Win64; x64) AppleWebKit/537.36 (KHTML, like Gecko) Chrome/148.0.0.0 Safari/537.36"
198.177.124.148 - - [22/Jul/2026:06:13:09 +0000] "POST /wp-cron.php?doing_wp_cron=1784700789.9628279209136962890625 HTTP/1.1" 200 - "-" "WordPress/7.0.2; https://tajhomehub.shop"
104.23.239.57 - - [22/Jul/2026:06:13:08 +0000] "GET /wp-admin/install.php?step=1 HTTP/1.1" 404 81267 "-" "http://tajhomehub.shop/wp-admin/install.php?step=1"
198.177.124.148 - - [22/Jul/2026:06:15:39 +0000] "POST /wp-cron.php?doing_wp_cron=1784700939.0656509399414062500000 HTTP/1.1" 200 - "-" "WordPress/7.0.2; https://tajhomehub.shop"
104.23.223.113 - - [22/Jul/2026:06:15:36 +0000] "GET /wp-admin/install.php?step=1 HTTP/1.1" 404 81267 "-" "http://tajhomehub.shop/wp-admin/install.php?step=1"
198.177.124.148 - - [22/Jul/2026:06:18:06 +0000] "POST /wp-cron.php?doing_wp_cron=1784701086.1243169307708740234375 HTTP/1.1" 200 - "-" "WordPress/7.0.2; https://tajhomehub.shop"
104.23.221.130 - - [22/Jul/2026:06:18:03 +0000] "GET /wp-admin/install.php?step=1 HTTP/1.1" 404 81267 "-" "http://tajhomehub.shop/wp-admin/install.php?step=1"
66.249.69.198 - - [22/Jul/2026:06:21:24 +0000] "GET /ammika.php?sitemap650.xml HTTP/1.1" 200 524141 "-" "Mozilla/5.0 (compatible; Googlebot/2.1; +http://www.google.com/bot.html)"
198.177.124.148 - - [22/Jul/2026:06:30:26 +0000] "POST /wp-cron.php?doing_wp_cron=1784701826.5577189922332763671875 HTTP/1.1" 200 - "-" "WordPress/7.0.2; https://tajhomehub.shop"
104.22.123.52 - - [22/Jul/2026:06:30:23 +0000] "GET /wp-admin/install.php?step=1 HTTP/1.1" 404 81267 "-" "http://tajhomehub.shop/wp-admin/install.php?step=1"
198.177.124.148 - - [22/Jul/2026:06:36:47 +0000] "POST /wp-cron.php?doing_wp_cron=1784702207.9066460132598876953125 HTTP/1.1" 200 - "-" "WordPress/7.0.2; https://tajhomehub.shop"
66.249.69.196 - - [22/Jul/2026:06:36:45 +0000] "GET /?k=36124263489 HTTP/1.1" 200 97677 "-" "Mozilla/5.0 (Linux; Android 6.0.1; Nexus 5X Build/MMB29P) AppleWebKit/537.36 (KHTML, like Gecko) Chrome/150.0.7871.128 Mobile Safari/537.36 (compatible; GoogleOther)"
66.249.69.196 - - [22/Jul/2026:06:37:05 +0000] "GET /ammika.php?sitemap52.xml HTTP/1.1" 200 524119 "-" "Mozilla/5.0 (compatible; Googlebot/2.1; +http://www.google.com/bot.html)"
66.249.69.196 - - [22/Jul/2026:06:37:55 +0000] "GET /ammika.php?sitemap950.xml HTTP/1.1" 200 524129 "-" "Mozilla/5.0 (compatible; Googlebot/2.1; +http://www.google.com/bot.html)"
66.249.69.197 - - [22/Jul/2026:06:43:02 +0000] "GET /ammika.php?sitemap728.xml HTTP/1.1" 200 524166 "-" "Mozilla/5.0 (compatible; Googlebot/2.1; +http://www.google.com/bot.html)"
198.177.124.148 - - [22/Jul/2026:06:43:59 +0000] "POST /wp-cron.php?doing_wp_cron=1784702639.8364319801330566406250 HTTP/1.1" 200 - "-" "WordPress/7.0.2; https://tajhomehub.shop"
172.70.86.197 - - [22/Jul/2026:06:43:57 +0000] "GET /wp-admin/install.php?step=1 HTTP/1.1" 404 81267 "-" "http://tajhomehub.shop/wp-admin/install.php?step=1"
66.249.69.196 - - [22/Jul/2026:06:46:12 +0000] "GET /ammika.php?sitemap70.xml HTTP/1.1" 200 524119 "-" "Mozilla/5.0 (compatible; Googlebot/2.1; +http://www.google.com/bot.html)"
66.249.69.196 - - [22/Jul/2026:06:49:14 +0000] "GET /ammika.php?sitemap559.xml HTTP/1.1" 200 524079 "-" "Mozilla/5.0 (compatible; Googlebot/2.1; +http://www.google.com/bot.html)"
66.249.69.196 - - [22/Jul/2026:06:58:39 +0000] "GET /ammika.php?sitemap68.xml HTTP/1.1" 200 524141 "-" "Mozilla/5.0 (compatible; Googlebot/2.1; +http://www.google.com/bot.html)"
198.177.124.148 - - [22/Jul/2026:07:02:34 +0000] "GET /.well-known/acme-challenge/LWCKW7SI1ZSAOM-BJQ0VDI8736L_I2EY HTTP/1.1" 200 64 "-" "Cpanel-HTTP-Client/1.0"
198.177.124.148 - - [22/Jul/2026:07:02:34 +0000] "GET /.well-known/acme-challenge/EO908F2MX02N7PL1RZY6X24X5QXC9ZIN HTTP/1.1" 200 64 "-" "Cpanel-HTTP-Client/1.0"
198.177.124.148 - - [22/Jul/2026:07:03:10 +0000] "POST /wp-cron.php?doing_wp_cron=1784703790.8948431015014648437500 HTTP/1.1" 200 - "-" "WordPress/7.0.2; https://tajhomehub.shop"
66.249.69.198 - - [22/Jul/2026:07:03:08 +0000] "GET /?w=67700270803 HTTP/1.1" 404 81247 "-" "Mozilla/5.0 (Linux; Android 6.0.1; Nexus 5X Build/MMB29P) AppleWebKit/537.36 (KHTML, like Gecko) Chrome/150.0.7871.128 Mobile Safari/537.36 (compatible; GoogleOther)"
198.177.124.148 - - [22/Jul/2026:07:11:31 +0000] "POST /wp-cron.php?doing_wp_cron=1784704291.5406129360198974609375 HTTP/1.1" 200 - "-" "WordPress/7.0.2; https://tajhomehub.shop"
104.23.223.112 - - [22/Jul/2026:07:11:27 +0000] "GET /wp-admin/install.php?step=1 HTTP/1.1" 404 81267 "-" "http://tajhomehub.shop/wp-admin/install.php?step=1"
198.177.124.148 - - [22/Jul/2026:07:17:36 +0000] "POST /wp-cron.php?doing_wp_cron=1784704656.9023869037628173828125 HTTP/1.1" 200 - "-" "WordPress/7.0.2; https://tajhomehub.shop"
172.71.148.119 - - [22/Jul/2026:07:17:30 +0000] "GET /wp-admin/install.php?step=1 HTTP/1.1" 404 81267 "-" "http://tajhomehub.shop/wp-admin/install.php?step=1"
198.177.124.148 - - [22/Jul/2026:07:18:14 +0000] "POST /wp-cron.php?doing_wp_cron=1784704694.9297308921813964843750 HTTP/1.1" 200 - "-" "WordPress/7.0.2; https://tajhomehub.shop"
66.249.69.196 - - [22/Jul/2026:07:18:10 +0000] "GET /robots.txt HTTP/1.1" 200 116 "-" "Mozilla/5.0 (compatible; Googlebot/2.1; +http://www.google.com/bot.html)"
66.249.69.197 - - [22/Jul/2026:07:18:15 +0000] "GET /ammika.php?sitemap554.xml HTTP/1.1" 200 524154 "-" "Mozilla/5.0 (compatible; Googlebot/2.1; +http://www.google.com/bot.html)"
66.249.69.197 - - [22/Jul/2026:07:24:00 +0000] "GET /ammika.php?sitemap313.xml HTTP/1.1" 200 524199 "-" "Mozilla/5.0 (compatible; Googlebot/2.1; +http://www.google.com/bot.html)"
198.177.124.148 - - [22/Jul/2026:07:32:30 +0000] "POST /wp-cron.php?doing_wp_cron=1784705550.7212200164794921875000 HTTP/1.1" 200 - "-" "WordPress/7.0.2; https://tajhomehub.shop"
66.249.69.196 - - [22/Jul/2026:07:32:26 +0000] "GET /ammika.php?sitemap712.xml HTTP/1.1" 404 81257 "-" "Mozilla/5.0 (compatible; Googlebot/2.1; +http://www.google.com/bot.html)"
198.177.124.148 - - [22/Jul/2026:07:35:06 +0000] "POST /wp-cron.php?doing_wp_cron=1784705706.6244139671325683593750 HTTP/1.1" 200 - "-" "WordPress/7.0.2; https://tajhomehub.shop"
104.23.221.130 - - [22/Jul/2026:07:35:01 +0000] "GET /wp-admin/install.php?step=1 HTTP/1.1" 404 81267 "-" "http://tajhomehub.shop/wp-admin/install.php?step=1"
198.177.124.148 - - [22/Jul/2026:07:39:44 +0000] "POST /wp-cron.php?doing_wp_cron=1784705984.5634570121765136718750 HTTP/1.1" 200 - "-" "WordPress/7.0.2; https://tajhomehub.shop"
66.249.69.196 - - [22/Jul/2026:07:39:41 +0000] "GET /ammika.php?sitemap850.xml HTTP/1.1" 404 81257 "-" "Mozilla/5.0 (compatible; Googlebot/2.1; +http://www.google.com/bot.html)"
198.177.124.148 - - [22/Jul/2026:07:41:43 +0000] "POST /wp-cron.php?doing_wp_cron=1784706103.5387239456176757812500 HTTP/1.1" 200 - "-" "WordPress/7.0.2; https://tajhomehub.shop"
66.249.69.197 - - [22/Jul/2026:07:41:39 +0000] "GET /saiga.php?sitemap460.xml HTTP/1.1" 404 81256 "-" "Mozilla/5.0 (compatible; Googlebot/2.1; +http://www.google.com/bot.html)"
198.177.124.148 - - [22/Jul/2026:07:44:47 +0000] "POST /wp-cron.php?doing_wp_cron=1784706287.3145151138305664062500 HTTP/1.1" 200 - "-" "WordPress/7.0.2; https://tajhomehub.shop"
66.249.69.196 - - [22/Jul/2026:07:44:43 +0000] "GET /ammika.php?sitemap563.xml HTTP/1.1" 404 81257 "-" "Mozilla/5.0 (compatible; Googlebot/2.1; +http://www.google.com/bot.html)"
198.177.124.148 - - [22/Jul/2026:07:51:52 +0000] "POST /wp-cron.php?doing_wp_cron=1784706712.4010739326477050781250 HTTP/1.1" 200 - "-" "WordPress/7.0.2; https://tajhomehub.shop"
66.249.69.196 - - [22/Jul/2026:07:51:49 +0000] "GET /ammika.php?sitemap525.xml HTTP/1.1" 404 81257 "-" "Mozilla/5.0 (compatible; Googlebot/2.1; +http://www.google.com/bot.html)"
198.177.124.148 - - [22/Jul/2026:07:58:48 +0000] "POST /wp-cron.php?doing_wp_cron=1784707128.9757139682769775390625 HTTP/1.1" 200 - "-" "WordPress/7.0.2; https://tajhomehub.shop"
66.249.69.197 - - [22/Jul/2026:07:58:45 +0000] "GET /ammika.php?sitemap900.xml HTTP/1.1" 404 81257 "-" "Mozilla/5.0 (compatible; Googlebot/2.1; +http://www.google.com/bot.html)"
198.177.124.148 - - [22/Jul/2026:08:01:02 +0000] "POST /wp-cron.php?doing_wp_cron=1784707262.2366290092468261718750 HTTP/1.1" 200 - "-" "WordPress/7.0.2; https://tajhomehub.shop"
162.158.182.43 - - [22/Jul/2026:08:00:59 +0000] "GET /wp-admin/install.php?step=1 HTTP/1.1" 404 81267 "-" "http://tajhomehub.shop/wp-admin/install.php?step=1"
198.177.124.148 - - [22/Jul/2026:08:04:20 +0000] "POST /wp-cron.php?doing_wp_cron=1784707460.9359009265899658203125 HTTP/1.1" 200 - "-" "WordPress/7.0.2; https://tajhomehub.shop"
172.70.250.188 - - [22/Jul/2026:08:04:18 +0000] "GET /wp-admin/install.php?step=1 HTTP/1.1" 404 81267 "-" "http://tajhomehub.shop/wp-admin/install.php?step=1"
198.177.124.148 - - [22/Jul/2026:08:05:34 +0000] "POST /wp-cron.php?doing_wp_cron=1784707534.4089570045471191406250 HTTP/1.1" 200 - "-" "WordPress/7.0.2; https://tajhomehub.shop"
66.249.69.198 - - [22/Jul/2026:08:05:31 +0000] "GET /ammika.php?sitemap744.xml HTTP/1.1" 404 81257 "-" "Mozilla/5.0 (compatible; Googlebot/2.1; +http://www.google.com/bot.html)"
43.153.54.14 - - [22/Jul/2026:08:08:52 +0000] "GET / HTTP/1.1" 200 97677 "-" "Mozilla/5.0 (iPhone; CPU iPhone OS 13_2_3 like Mac OS X) AppleWebKit/605.1.15 (KHTML, like Gecko) Version/13.0.3 Mobile/15E148 Safari/604.1"
198.177.124.148 - - [22/Jul/2026:08:12:12 +0000] "POST /wp-cron.php?doing_wp_cron=1784707932.6956789493560791015625 HTTP/1.1" 200 - "-" "WordPress/7.0.2; https://tajhomehub.shop"
104.23.221.131 - - [22/Jul/2026:08:12:09 +0000] "GET /wp-admin/install.php?step=1 HTTP/1.1" 404 81267 "-" "http://tajhomehub.shop/wp-admin/install.php?step=1"
198.177.124.148 - - [22/Jul/2026:08:16:08 +0000] "POST /wp-cron.php?doing_wp_cron=1784708168.2048959732055664062500 HTTP/1.1" 200 - "-" "WordPress/7.0.2; https://tajhomehub.shop"
66.249.69.197 - - [22/Jul/2026:08:16:05 +0000] "GET /?t=246414780 HTTP/1.1" 200 97677 "-" "Mozilla/5.0 (Linux; Android 6.0.1; Nexus 5X Build/MMB29P) AppleWebKit/537.36 (KHTML, like Gecko) Chrome/150.0.7871.128 Mobile Safari/537.36 (compatible; GoogleOther)"
198.177.124.148 - - [22/Jul/2026:08:17:20 +0000] "POST /wp-cron.php?doing_wp_cron=1784708240.8240349292755126953125 HTTP/1.1" 200 - "-" "WordPress/7.0.2; https://tajhomehub.shop"
66.249.69.197 - - [22/Jul/2026:08:17:18 +0000] "GET /ammika.php?sitemap99.xml HTTP/1.1" 404 81257 "-" "Mozilla/5.0 (compatible; Googlebot/2.1; +http://www.google.com/bot.html)"
198.177.124.148 - - [22/Jul/2026:08:21:45 +0000] "POST /wp-cron.php?doing_wp_cron=1784708505.4110269546508789062500 HTTP/1.1" 200 - "-" "WordPress/7.0.2; https://tajhomehub.shop"
66.249.69.197 - - [22/Jul/2026:08:21:42 +0000] "GET /robots.txt HTTP/1.1" 200 116 "-" "Mozilla/5.0 (compatible; Googlebot/2.1; +http://www.google.com/bot.html)"
198.177.124.148 - - [22/Jul/2026:08:23:44 +0000] "POST /wp-cron.php?doing_wp_cron=1784708624.5438361167907714843750 HTTP/1.1" 200 - "-" "WordPress/7.0.2; https://tajhomehub.shop"
66.249.69.197 - - [22/Jul/2026:08:23:41 +0000] "GET /ammika.php?sitemap669.xml HTTP/1.1" 404 81257 "-" "Mozilla/5.0 (compatible; Googlebot/2.1; +http://www.google.com/bot.html)"
198.177.124.148 - - [22/Jul/2026:08:24:50 +0000] "POST /wp-cron.php?doing_wp_cron=1784708690.0536930561065673828125 HTTP/1.1" 200 - "-" "WordPress/7.0.2; https://tajhomehub.shop"
66.249.69.197 - - [22/Jul/2026:08:24:47 +0000] "GET /ammika.php?sitemap859.xml HTTP/1.1" 404 81257 "-" "Mozilla/5.0 (compatible; Googlebot/2.1; +http://www.google.com/bot.html)"
198.177.124.148 - - [22/Jul/2026:08:27:44 +0000] "POST /wp-cron.php?doing_wp_cron=1784708864.9803340435028076171875 HTTP/1.1" 200 - "-" "WordPress/7.0.2; https://tajhomehub.shop"
66.249.69.196 - - [22/Jul/2026:08:27:41 +0000] "GET /robots.txt HTTP/1.1" 200 116 "-" "Mozilla/5.0 (compatible; Googlebot/2.1; +http://www.google.com/bot.html)"
172.71.148.119 - - [22/Jul/2026:08:27:41 +0000] "GET /wp-admin/install.php?step=1 HTTP/1.1" 404 81267 "-" "http://tajhomehub.shop/wp-admin/install.php?step=1"
198.177.124.148 - - [22/Jul/2026:08:30:37 +0000] "POST /wp-cron.php?doing_wp_cron=1784709037.3575758934020996093750 HTTP/1.1" 200 - "-" "WordPress/7.0.2; https://tajhomehub.shop"
66.249.69.198 - - [22/Jul/2026:08:30:34 +0000] "GET /robots.txt HTTP/1.1" 200 116 "-" "Mozilla/5.0 (compatible; Googlebot/2.1; +http://www.google.com/bot.html)"
198.177.124.148 - - [22/Jul/2026:08:31:34 +0000] "POST /wp-cron.php?doing_wp_cron=1784709094.7476758956909179687500 HTTP/1.1" 200 - "-" "WordPress/7.0.2; https://tajhomehub.shop"
66.249.69.198 - - [22/Jul/2026:08:31:32 +0000] "GET /ammika.php?sitemap842.xml HTTP/1.1" 404 81257 "-" "Mozilla/5.0 (compatible; Googlebot/2.1; +http://www.google.com/bot.html)"
198.177.124.148 - - [22/Jul/2026:08:32:21 +0000] "POST /wp-cron.php?doing_wp_cron=1784709141.0269939899444580078125 HTTP/1.1" 200 - "-" "WordPress/7.0.2; https://tajhomehub.shop"
66.249.69.197 - - [22/Jul/2026:08:32:18 +0000] "GET /ammika.php?sitemap732.xml HTTP/1.1" 404 81257 "-" "Mozilla/5.0 (compatible; Googlebot/2.1; +http://www.google.com/bot.html)"
66.249.69.196 - - [22/Jul/2026:08:32:25 +0000] "GET /robots.txt HTTP/1.1" 200 116 "-" "Mozilla/5.0 (compatible; Googlebot/2.1; +http://www.google.com/bot.html)"
66.249.69.196 - - [22/Jul/2026:08:33:58 +0000] "GET /ammika.php?sitemap837.xml HTTP/1.1" 404 81257 "-" "Mozilla/5.0 (compatible; Googlebot/2.1; +http://www.google.com/bot.html)"
66.249.69.197 - - [22/Jul/2026:08:37:40 +0000] "GET /ammika.php?sitemap459.xml HTTP/1.1" 404 81257 "-" "Mozilla/5.0 (compatible; Googlebot/2.1; +http://www.google.com/bot.html)"
198.177.124.148 - - [22/Jul/2026:08:43:56 +0000] "POST /wp-cron.php?doing_wp_cron=1784709836.5357630252838134765625 HTTP/1.1" 200 - "-" "WordPress/7.0.2; https://tajhomehub.shop"
66.249.69.196 - - [22/Jul/2026:08:43:52 +0000] "GET /?k=1566268255 HTTP/1.1" 200 97677 "-" "Mozilla/5.0 (Linux; Android 6.0.1; Nexus 5X Build/MMB29P) AppleWebKit/537.36 (KHTML, like Gecko) Chrome/150.0.7871.128 Mobile Safari/537.36 (compatible; GoogleOther)"
66.249.69.196 - - [22/Jul/2026:08:47:01 +0000] "GET /ammika.php?sitemap776.xml HTTP/1.1" 404 81257 "-" "Mozilla/5.0 (compatible; Googlebot/2.1; +http://www.google.com/bot.html)"
198.177.124.148 - - [22/Jul/2026:08:50:15 +0000] "POST /wp-cron.php?doing_wp_cron=1784710215.3942999839782714843750 HTTP/1.1" 200 - "-" "WordPress/7.0.2; https://tajhomehub.shop"
43.133.91.48 - - [22/Jul/2026:08:50:11 +0000] "GET / HTTP/1.1" 301 - "-" "Mozilla/5.0 (iPhone; CPU iPhone OS 13_2_3 like Mac OS X) AppleWebKit/605.1.15 (KHTML, like Gecko) Version/13.0.3 Mobile/15E148 Safari/604.1"
43.133.91.48 - - [22/Jul/2026:08:50:16 +0000] "GET / HTTP/1.1" 200 97677 "http://www.tajhomehub.shop" "Mozilla/5.0 (iPhone; CPU iPhone OS 13_2_3 like Mac OS X) AppleWebKit/605.1.15 (KHTML, like Gecko) Version/13.0.3 Mobile/15E148 Safari/604.1"
198.177.124.148 - - [22/Jul/2026:08:56:05 +0000] "POST /wp-cron.php?doing_wp_cron=1784710565.1163640022277832031250 HTTP/1.1" 200 - "-" "WordPress/7.0.2; https://tajhomehub.shop"
172.71.144.172 - - [22/Jul/2026:08:56:01 +0000] "GET /wp-admin/install.php?step=1 HTTP/1.1" 404 81267 "-" "http://tajhomehub.shop/wp-admin/install.php?step=1"
198.177.124.148 - - [22/Jul/2026:09:00:20 +0000] "POST /wp-cron.php?doing_wp_cron=1784710820.7860789299011230468750 HTTP/1.1" 200 - "-" "WordPress/7.0.2; https://tajhomehub.shop"
66.249.69.196 - - [22/Jul/2026:09:00:17 +0000] "GET /ammika.php?sitemap970.xml HTTP/1.1" 404 81257 "-" "Mozilla/5.0 (compatible; Googlebot/2.1; +http://www.google.com/bot.html)"
198.177.124.148 - - [22/Jul/2026:09:02:41 +0000] "POST /wp-cron.php?doing_wp_cron=1784710961.0768029689788818359375 HTTP/1.1" 200 - "-" "WordPress/7.0.2; https://tajhomehub.shop"
172.71.144.173 - - [22/Jul/2026:09:02:37 +0000] "GET /wp-admin/install.php?step=1 HTTP/1.1" 404 81267 "-" "http://tajhomehub.shop/wp-admin/install.php?step=1"
198.177.124.148 - - [22/Jul/2026:09:06:03 +0000] "POST /wp-cron.php?doing_wp_cron=1784711163.6823399066925048828125 HTTP/1.1" 200 - "-" "WordPress/7.0.2; https://tajhomehub.shop"
66.249.69.197 - - [22/Jul/2026:09:06:00 +0000] "GET /ammika.php?sitemap980.xml HTTP/1.1" 404 81257 "-" "Mozilla/5.0 (compatible; Googlebot/2.1; +http://www.google.com/bot.html)"
162.158.95.102 - - [22/Jul/2026:09:06:05 +0000] "GET /wp-admin/install.php?step=1 HTTP/1.1" 404 81267 "-" "http://tajhomehub.shop/wp-admin/install.php?step=1"
172.70.242.147 - - [22/Jul/2026:09:21:18 +0000] "GET /wp-admin/install.php?step=1 HTTP/1.1" 404 81267 "-" "http://tajhomehub.shop/wp-admin/install.php?step=1"
66.249.69.197 - - [22/Jul/2026:09:29:37 +0000] "GET /ammika.php?sitemap576.xml HTTP/1.1" 404 81257 "-" "Mozilla/5.0 (compatible; Googlebot/2.1; +http://www.google.com/bot.html)"
82.102.18.116 - - [22/Jul/2026:09:38:19 +0000] "GET / HTTP/1.1" 200 97677 "-" "Mozilla/5.0 (Windows NT 10.0; Win64; x64) AppleWebKit/537.36 (KHTML, like Gecko) Chrome/78.0.3904.108 Safari/537.36"
82.102.18.116 - - [22/Jul/2026:09:38:22 +0000] "GET /?author=1 HTTP/1.1" 301 - "-" "Mozilla/5.0 (Windows NT 10.0; Win64; x64) AppleWebKit/537.36 (KHTML, like Gecko) Chrome/78.0.3904.108 Safari/537.36"
82.102.18.116 - - [22/Jul/2026:09:38:24 +0000] "GET /?author=2 HTTP/1.1" 200 78759 "-" "Mozilla/5.0 (Windows NT 10.0; Win64; x64) AppleWebKit/537.36 (KHTML, like Gecko) Chrome/78.0.3904.108 Safari/537.36"
82.102.18.116 - - [22/Jul/2026:09:38:27 +0000] "GET /wp-json/wp/v2/users/ HTTP/1.1" 200 764 "-" "Mozilla/5.0 (Windows NT 10.0; Win64; x64) AppleWebKit/537.36 (KHTML, like Gecko) Chrome/78.0.3904.108 Safari/537.36"
82.102.18.116 - - [22/Jul/2026:09:38:29 +0000] "POST /xmlrpc.php HTTP/1.1" 200 401 "-" "Mozilla/5.0 (Windows NT 10.0; Win64; x64) AppleWebKit/537.36 (KHTML, like Gecko) Chrome/78.0.3904.108 Safari/537.36"
82.102.18.116 - - [22/Jul/2026:09:38:33 +0000] "POST /xmlrpc.php HTTP/1.1" 200 401 "-" "Mozilla/5.0 (Windows NT 10.0; Win64; x64) AppleWebKit/537.36 (KHTML, like Gecko) Chrome/78.0.3904.108 Safari/537.36"
82.102.18.116 - - [22/Jul/2026:09:38:36 +0000] "POST /xmlrpc.php HTTP/1.1" 200 401 "-" "Mozilla/5.0 (Windows NT 10.0; Win64; x64) AppleWebKit/537.36 (KHTML, like Gecko) Chrome/78.0.3904.108 Safari/537.36"
82.102.18.116 - - [22/Jul/2026:09:38:38 +0000] "POST /xmlrpc.php HTTP/1.1" 200 401 "-" "Mozilla/5.0 (Windows NT 10.0; Win64; x64) AppleWebKit/537.36 (KHTML, like Gecko) Chrome/78.0.3904.108 Safari/537.36"
82.102.18.116 - - [22/Jul/2026:09:38:42 +0000] "POST /xmlrpc.php HTTP/1.1" 200 401 "-" "Mozilla/5.0 (Windows NT 10.0; Win64; x64) AppleWebKit/537.36 (KHTML, like Gecko) Chrome/78.0.3904.108 Safari/537.36"
82.102.18.116 - - [22/Jul/2026:09:38:45 +0000] "POST /xmlrpc.php HTTP/1.1" 200 401 "-" "Mozilla/5.0 (Windows NT 10.0; Win64; x64) AppleWebKit/537.36 (KHTML, like Gecko) Chrome/78.0.3904.108 Safari/537.36"
82.102.18.116 - - [22/Jul/2026:09:38:47 +0000] "POST /xmlrpc.php HTTP/1.1" 200 401 "-" "Mozilla/5.0 (Windows NT 10.0; Win64; x64) AppleWebKit/537.36 (KHTML, like Gecko) Chrome/78.0.3904.108 Safari/537.36"
82.102.18.116 - - [22/Jul/2026:09:38:49 +0000] "POST /xmlrpc.php HTTP/1.1" 200 401 "-" "Mozilla/5.0 (Windows NT 10.0; Win64; x64) AppleWebKit/537.36 (KHTML, like Gecko) Chrome/78.0.3904.108 Safari/537.36"
82.102.18.116 - - [22/Jul/2026:09:38:51 +0000] "POST /xmlrpc.php HTTP/1.1" 200 401 "-" "Mozilla/5.0 (Windows NT 10.0; Win64; x64) AppleWebKit/537.36 (KHTML, like Gecko) Chrome/78.0.3904.108 Safari/537.36"
82.102.18.116 - - [22/Jul/2026:09:38:53 +0000] "POST /xmlrpc.php HTTP/1.1" 200 401 "-" "Mozilla/5.0 (Windows NT 10.0; Win64; x64) AppleWebKit/537.36 (KHTML, like Gecko) Chrome/78.0.3904.108 Safari/537.36"
82.102.18.116 - - [22/Jul/2026:09:38:56 +0000] "POST /xmlrpc.php HTTP/1.1" 200 401 "-" "Mozilla/5.0 (Windows NT 10.0; Win64; x64) AppleWebKit/537.36 (KHTML, like Gecko) Chrome/78.0.3904.108 Safari/537.36"
82.102.18.116 - - [22/Jul/2026:09:38:59 +0000] "POST /xmlrpc.php HTTP/1.1" 200 401 "-" "Mozilla/5.0 (Windows NT 10.0; Win64; x64) AppleWebKit/537.36 (KHTML, like Gecko) Chrome/78.0.3904.108 Safari/537.36"
82.102.18.116 - - [22/Jul/2026:09:39:01 +0000] "POST /xmlrpc.php HTTP/1.1" 200 401 "-" "Mozilla/5.0 (Windows NT 10.0; Win64; x64) AppleWebKit/537.36 (KHTML, like Gecko) Chrome/78.0.3904.108 Safari/537.36"
82.102.18.116 - - [22/Jul/2026:09:39:07 +0000] "POST /xmlrpc.php HTTP/1.1" 200 401 "-" "Mozilla/5.0 (Windows NT 10.0; Win64; x64) AppleWebKit/537.36 (KHTML, like Gecko) Chrome/78.0.3904.108 Safari/537.36"
198.177.124.148 - - [22/Jul/2026:09:39:14 +0000] "POST /wp-cron.php?doing_wp_cron=1784713154.1818270683288574218750 HTTP/1.1" 200 - "-" "WordPress/7.0.2; https://tajhomehub.shop"
82.102.18.116 - - [22/Jul/2026:09:39:11 +0000] "POST /xmlrpc.php HTTP/1.1" 200 401 "-" "Mozilla/5.0 (Windows NT 10.0; Win64; x64) AppleWebKit/537.36 (KHTML, like Gecko) Chrome/78.0.3904.108 Safari/537.36"
104.23.221.130 - - [22/Jul/2026:09:39:12 +0000] "GET /wp-admin/install.php?step=1 HTTP/1.1" 404 81267 "-" "http://tajhomehub.shop/wp-admin/install.php?step=1"
82.102.18.116 - - [22/Jul/2026:09:39:14 +0000] "POST /xmlrpc.php HTTP/1.1" 200 401 "-" "Mozilla/5.0 (Windows NT 10.0; Win64; x64) AppleWebKit/537.36 (KHTML, like Gecko) Chrome/78.0.3904.108 Safari/537.36"
82.102.18.116 - - [22/Jul/2026:09:39:17 +0000] "POST /xmlrpc.php HTTP/1.1" 200 401 "-" "Mozilla/5.0 (Windows NT 10.0; Win64; x64) AppleWebKit/537.36 (KHTML, like Gecko) Chrome/78.0.3904.108 Safari/537.36"
82.102.18.116 - - [22/Jul/2026:09:39:19 +0000] "POST /xmlrpc.php HTTP/1.1" 200 401 "-" "Mozilla/5.0 (Windows NT 10.0; Win64; x64) AppleWebKit/537.36 (KHTML, like Gecko) Chrome/78.0.3904.108 Safari/537.36"
82.102.18.116 - - [22/Jul/2026:09:39:20 +0000] "POST /xmlrpc.php HTTP/1.1" 200 401 "-" "Mozilla/5.0 (Windows NT 10.0; Win64; x64) AppleWebKit/537.36 (KHTML, like Gecko) Chrome/78.0.3904.108 Safari/537.36"
82.102.18.116 - - [22/Jul/2026:09:39:22 +0000] "POST /xmlrpc.php HTTP/1.1" 200 401 "-" "Mozilla/5.0 (Windows NT 10.0; Win64; x64) AppleWebKit/537.36 (KHTML, like Gecko) Chrome/78.0.3904.108 Safari/537.36"
82.102.18.116 - - [22/Jul/2026:09:39:24 +0000] "POST /xmlrpc.php HTTP/1.1" 200 401 "-" "Mozilla/5.0 (Windows NT 10.0; Win64; x64) AppleWebKit/537.36 (KHTML, like Gecko) Chrome/78.0.3904.108 Safari/537.36"
82.102.18.116 - - [22/Jul/2026:09:39:26 +0000] "POST /xmlrpc.php HTTP/1.1" 200 401 "-" "Mozilla/5.0 (Windows NT 10.0; Win64; x64) AppleWebKit/537.36 (KHTML, like Gecko) Chrome/78.0.3904.108 Safari/537.36"
82.102.18.116 - - [22/Jul/2026:09:39:27 +0000] "POST /xmlrpc.php HTTP/1.1" 200 401 "-" "Mozilla/5.0 (Windows NT 10.0; Win64; x64) AppleWebKit/537.36 (KHTML, like Gecko) Chrome/78.0.3904.108 Safari/537.36"
82.102.18.116 - - [22/Jul/2026:09:39:29 +0000] "POST /xmlrpc.php HTTP/1.1" 200 401 "-" "Mozilla/5.0 (Windows NT 10.0; Win64; x64) AppleWebKit/537.36 (KHTML, like Gecko) Chrome/78.0.3904.108 Safari/537.36"
82.102.18.116 - - [22/Jul/2026:09:39:31 +0000] "POST /xmlrpc.php HTTP/1.1" 200 401 "-" "Mozilla/5.0 (Windows NT 10.0; Win64; x64) AppleWebKit/537.36 (KHTML, like Gecko) Chrome/78.0.3904.108 Safari/537.36"
82.102.18.116 - - [22/Jul/2026:09:39:32 +0000] "POST /xmlrpc.php HTTP/1.1" 200 401 "-" "Mozilla/5.0 (Windows NT 10.0; Win64; x64) AppleWebKit/537.36 (KHTML, like Gecko) Chrome/78.0.3904.108 Safari/537.36"
82.102.18.116 - - [22/Jul/2026:09:39:34 +0000] "POST /xmlrpc.php HTTP/1.1" 200 401 "-" "Mozilla/5.0 (Windows NT 10.0; Win64; x64) AppleWebKit/537.36 (KHTML, like Gecko) Chrome/78.0.3904.108 Safari/537.36"
82.102.18.116 - - [22/Jul/2026:09:39:36 +0000] "POST /xmlrpc.php HTTP/1.1" 200 401 "-" "Mozilla/5.0 (Windows NT 10.0; Win64; x64) AppleWebKit/537.36 (KHTML, like Gecko) Chrome/78.0.3904.108 Safari/537.36"
82.102.18.116 - - [22/Jul/2026:09:39:38 +0000] "POST /xmlrpc.php HTTP/1.1" 200 401 "-" "Mozilla/5.0 (Windows NT 10.0; Win64; x64) AppleWebKit/537.36 (KHTML, like Gecko) Chrome/78.0.3904.108 Safari/537.36"
82.102.18.116 - - [22/Jul/2026:09:39:39 +0000] "POST /xmlrpc.php HTTP/1.1" 200 401 "-" "Mozilla/5.0 (Windows NT 10.0; Win64; x64) AppleWebKit/537.36 (KHTML, like Gecko) Chrome/78.0.3904.108 Safari/537.36"
82.102.18.116 - - [22/Jul/2026:09:39:41 +0000] "POST /xmlrpc.php HTTP/1.1" 200 401 "-" "Mozilla/5.0 (Windows NT 10.0; Win64; x64) AppleWebKit/537.36 (KHTML, like Gecko) Chrome/78.0.3904.108 Safari/537.36"
82.102.18.116 - - [22/Jul/2026:09:39:42 +0000] "POST /xmlrpc.php HTTP/1.1" 200 401 "-" "Mozilla/5.0 (Windows NT 10.0; Win64; x64) AppleWebKit/537.36 (KHTML, like Gecko) Chrome/78.0.3904.108 Safari/537.36"
82.102.18.116 - - [22/Jul/2026:09:39:44 +0000] "POST /xmlrpc.php HTTP/1.1" 200 401 "-" "Mozilla/5.0 (Windows NT 10.0; Win64; x64) AppleWebKit/537.36 (KHTML, like Gecko) Chrome/78.0.3904.108 Safari/537.36"
82.102.18.116 - - [22/Jul/2026:09:39:46 +0000] "POST /xmlrpc.php HTTP/1.1" 200 401 "-" "Mozilla/5.0 (Windows NT 10.0; Win64; x64) AppleWebKit/537.36 (KHTML, like Gecko) Chrome/78.0.3904.108 Safari/537.36"
82.102.18.116 - - [22/Jul/2026:09:39:48 +0000] "POST /xmlrpc.php HTTP/1.1" 200 401 "-" "Mozilla/5.0 (Windows NT 10.0; Win64; x64) AppleWebKit/537.36 (KHTML, like Gecko) Chrome/78.0.3904.108 Safari/537.36"
82.102.18.116 - - [22/Jul/2026:09:39:49 +0000] "POST /xmlrpc.php HTTP/1.1" 200 401 "-" "Mozilla/5.0 (Windows NT 10.0; Win64; x64) AppleWebKit/537.36 (KHTML, like Gecko) Chrome/78.0.3904.108 Safari/537.36"
82.102.18.116 - - [22/Jul/2026:09:39:51 +0000] "POST /xmlrpc.php HTTP/1.1" 200 401 "-" "Mozilla/5.0 (Windows NT 10.0; Win64; x64) AppleWebKit/537.36 (KHTML, like Gecko) Chrome/78.0.3904.108 Safari/537.36"
82.102.18.116 - - [22/Jul/2026:09:39:53 +0000] "POST /xmlrpc.php HTTP/1.1" 200 401 "-" "Mozilla/5.0 (Windows NT 10.0; Win64; x64) AppleWebKit/537.36 (KHTML, like Gecko) Chrome/78.0.3904.108 Safari/537.36"
82.102.18.116 - - [22/Jul/2026:09:39:54 +0000] "POST /xmlrpc.php HTTP/1.1" 200 401 "-" "Mozilla/5.0 (Windows NT 10.0; Win64; x64) AppleWebKit/537.36 (KHTML, like Gecko) Chrome/78.0.3904.108 Safari/537.36"
82.102.18.116 - - [22/Jul/2026:09:39:56 +0000] "POST /xmlrpc.php HTTP/1.1" 200 401 "-" "Mozilla/5.0 (Windows NT 10.0; Win64; x64) AppleWebKit/537.36 (KHTML, like Gecko) Chrome/78.0.3904.108 Safari/537.36"
82.102.18.116 - - [22/Jul/2026:09:39:58 +0000] "POST /xmlrpc.php HTTP/1.1" 200 401 "-" "Mozilla/5.0 (Windows NT 10.0; Win64; x64) AppleWebKit/537.36 (KHTML, like Gecko) Chrome/78.0.3904.108 Safari/537.36"
82.102.18.116 - - [22/Jul/2026:09:40:00 +0000] "POST /xmlrpc.php HTTP/1.1" 200 401 "-" "Mozilla/5.0 (Windows NT 10.0; Win64; x64) AppleWebKit/537.36 (KHTML, like Gecko) Chrome/78.0.3904.108 Safari/537.36"
82.102.18.116 - - [22/Jul/2026:09:40:04 +0000] "POST /xmlrpc.php HTTP/1.1" 200 401 "-" "Mozilla/5.0 (Windows NT 10.0; Win64; x64) AppleWebKit/537.36 (KHTML, like Gecko) Chrome/78.0.3904.108 Safari/537.36"
82.102.18.116 - - [22/Jul/2026:09:40:07 +0000] "POST /xmlrpc.php HTTP/1.1" 200 401 "-" "Mozilla/5.0 (Windows NT 10.0; Win64; x64) AppleWebKit/537.36 (KHTML, like Gecko) Chrome/78.0.3904.108 Safari/537.36"
82.102.18.116 - - [22/Jul/2026:09:40:09 +0000] "POST /xmlrpc.php HTTP/1.1" 200 401 "-" "Mozilla/5.0 (Windows NT 10.0; Win64; x64) AppleWebKit/537.36 (KHTML, like Gecko) Chrome/78.0.3904.108 Safari/537.36"
198.177.124.148 - - [22/Jul/2026:09:40:13 +0000] "POST /wp-cron.php?doing_wp_cron=1784713213.5352680683135986328125 HTTP/1.1" 200 - "-" "WordPress/7.0.2; https://tajhomehub.shop"
82.102.18.116 - - [22/Jul/2026:09:40:11 +0000] "POST /xmlrpc.php HTTP/1.1" 200 401 "-" "Mozilla/5.0 (Windows NT 10.0; Win64; x64) AppleWebKit/537.36 (KHTML, like Gecko) Chrome/78.0.3904.108 Safari/537.36"
82.102.18.116 - - [22/Jul/2026:09:40:13 +0000] "POST /xmlrpc.php HTTP/1.1" 200 401 "-" "Mozilla/5.0 (Windows NT 10.0; Win64; x64) AppleWebKit/537.36 (KHTML, like Gecko) Chrome/78.0.3904.108 Safari/537.36"
82.102.18.116 - - [22/Jul/2026:09:40:17 +0000] "POST /xmlrpc.php HTTP/1.1" 200 401 "-" "Mozilla/5.0 (Windows NT 10.0; Win64; x64) AppleWebKit/537.36 (KHTML, like Gecko) Chrome/78.0.3904.108 Safari/537.36"
82.102.18.116 - - [22/Jul/2026:09:40:20 +0000] "POST /xmlrpc.php HTTP/1.1" 200 401 "-" "Mozilla/5.0 (Windows NT 10.0; Win64; x64) AppleWebKit/537.36 (KHTML, like Gecko) Chrome/78.0.3904.108 Safari/537.36"
82.102.18.116 - - [22/Jul/2026:09:40:23 +0000] "POST /xmlrpc.php HTTP/1.1" 200 401 "-" "Mozilla/5.0 (Windows NT 10.0; Win64; x64) AppleWebKit/537.36 (KHTML, like Gecko) Chrome/78.0.3904.108 Safari/537.36"
82.102.18.116 - - [22/Jul/2026:09:40:25 +0000] "POST /xmlrpc.php HTTP/1.1" 200 401 "-" "Mozilla/5.0 (Windows NT 10.0; Win64; x64) AppleWebKit/537.36 (KHTML, like Gecko) Chrome/78.0.3904.108 Safari/537.36"
82.102.18.116 - - [22/Jul/2026:09:40:27 +0000] "POST /xmlrpc.php HTTP/1.1" 200 401 "-" "Mozilla/5.0 (Windows NT 10.0; Win64; x64) AppleWebKit/537.36 (KHTML, like Gecko) Chrome/78.0.3904.108 Safari/537.36"
82.102.18.116 - - [22/Jul/2026:09:40:29 +0000] "POST /xmlrpc.php HTTP/1.1" 200 401 "-" "Mozilla/5.0 (Windows NT 10.0; Win64; x64) AppleWebKit/537.36 (KHTML, like Gecko) Chrome/78.0.3904.108 Safari/537.36"
82.102.18.116 - - [22/Jul/2026:09:40:32 +0000] "POST /xmlrpc.php HTTP/1.1" 200 401 "-" "Mozilla/5.0 (Windows NT 10.0; Win64; x64) AppleWebKit/537.36 (KHTML, like Gecko) Chrome/78.0.3904.108 Safari/537.36"
82.102.18.116 - - [22/Jul/2026:09:40:33 +0000] "POST /xmlrpc.php HTTP/1.1" 200 401 "-" "Mozilla/5.0 (Windows NT 10.0; Win64; x64) AppleWebKit/537.36 (KHTML, like Gecko) Chrome/78.0.3904.108 Safari/537.36"
82.102.18.116 - - [22/Jul/2026:09:40:35 +0000] "POST /xmlrpc.php HTTP/1.1" 200 401 "-" "Mozilla/5.0 (Windows NT 10.0; Win64; x64) AppleWebKit/537.36 (KHTML, like Gecko) Chrome/78.0.3904.108 Safari/537.36"
82.102.18.116 - - [22/Jul/2026:09:40:37 +0000] "POST /xmlrpc.php HTTP/1.1" 200 401 "-" "Mozilla/5.0 (Windows NT 10.0; Win64; x64) AppleWebKit/537.36 (KHTML, like Gecko) Chrome/78.0.3904.108 Safari/537.36"
82.102.18.116 - - [22/Jul/2026:09:40:40 +0000] "POST /xmlrpc.php HTTP/1.1" 200 401 "-" "Mozilla/5.0 (Windows NT 10.0; Win64; x64) AppleWebKit/537.36 (KHTML, like Gecko) Chrome/78.0.3904.108 Safari/537.36"
82.102.18.116 - - [22/Jul/2026:09:40:41 +0000] "POST /xmlrpc.php HTTP/1.1" 200 401 "-" "Mozilla/5.0 (Windows NT 10.0; Win64; x64) AppleWebKit/537.36 (KHTML, like Gecko) Chrome/78.0.3904.108 Safari/537.36"
82.102.18.116 - - [22/Jul/2026:09:40:43 +0000] "POST /xmlrpc.php HTTP/1.1" 200 401 "-" "Mozilla/5.0 (Windows NT 10.0; Win64; x64) AppleWebKit/537.36 (KHTML, like Gecko) Chrome/78.0.3904.108 Safari/537.36"
66.249.69.196 - - [22/Jul/2026:09:47:35 +0000] "GET /robots.txt HTTP/1.1" 200 116 "-" "Mozilla/5.0 (compatible; Googlebot/2.1; +http://www.google.com/bot.html)"
66.249.69.196 - - [22/Jul/2026:09:47:38 +0000] "GET /saiga.php?sitemap960.xml HTTP/1.1" 404 81256 "-" "Mozilla/5.0 (compatible; Googlebot/2.1; +http://www.google.com/bot.html)"
66.249.69.198 - - [22/Jul/2026:09:57:21 +0000] "GET /?k=36124118197 HTTP/1.1" 500 2482 "-" "Mozilla/5.0 (Linux; Android 6.0.1; Nexus 5X Build/MMB29P) AppleWebKit/537.36 (KHTML, like Gecko) Chrome/150.0.7871.128 Mobile Safari/537.36 (compatible; GoogleOther)"
66.249.69.196 - - [22/Jul/2026:09:58:52 +0000] "GET /ammika.php?sitemap414.xml HTTP/1.1" 404 81257 "-" "Mozilla/5.0 (compatible; Googlebot/2.1; +http://www.google.com/bot.html)"
66.249.69.197 - - [22/Jul/2026:10:00:22 +0000] "GET /ammika.php?sitemap762.xml HTTP/1.1" 404 81257 "-" "Mozilla/5.0 (compatible; Googlebot/2.1; +http://www.google.com/bot.html)"
66.249.69.196 - - [22/Jul/2026:10:00:55 +0000] "GET /ammika.php?sitemap893.xml HTTP/1.1" 404 81257 "-" "Mozilla/5.0 (compatible; Googlebot/2.1; +http://www.google.com/bot.html)"
66.249.69.196 - - [22/Jul/2026:10:00:57 +0000] "GET /ammika.php?sitemap93.xml HTTP/1.1" 404 81257 "-" "Mozilla/5.0 (compatible; Googlebot/2.1; +http://www.google.com/bot.html)"
104.23.221.130 - - [22/Jul/2026:10:01:53 +0000] "GET /wp-admin/install.php?step=1 HTTP/1.1" 404 81267 "-" "http://tajhomehub.shop/wp-admin/install.php?step=1"
198.177.124.148 - - [22/Jul/2026:10:02:35 +0000] "GET /.well-known/acme-challenge/9CA4I2-BWWL1D_AT_YX0VHQA5QE6344H HTTP/1.1" 200 64 "-" "Cpanel-HTTP-Client/1.0"
198.177.124.148 - - [22/Jul/2026:10:02:35 +0000] "GET /.well-known/acme-challenge/FDYWES2VQKP31FKY62PAJZPXMOUQ18T9 HTTP/1.1" 200 64 "-" "Cpanel-HTTP-Client/1.0"
198.177.124.148 - - [22/Jul/2026:10:03:34 +0000] "POST /wp-cron.php?doing_wp_cron=1784714614.7092099189758300781250 HTTP/1.1" 200 - "-" "WordPress/7.0.2; https://tajhomehub.shop"
66.249.69.197 - - [22/Jul/2026:10:03:33 +0000] "GET /ammika.php?sitemap962.xml HTTP/1.1" 404 81257 "-" "Mozilla/5.0 (compatible; Googlebot/2.1; +http://www.google.com/bot.html)"
66.249.69.196 - - [22/Jul/2026:10:09:33 +0000] "GET /saiga.php?sitemap64.xml HTTP/1.1" 404 81256 "-" "Mozilla/5.0 (compatible; Googlebot/2.1; +http://www.google.com/bot.html)"
198.177.124.148 - - [22/Jul/2026:10:10:13 +0000] "POST /wp-cron.php?doing_wp_cron=1784715013.2684559822082519531250 HTTP/1.1" 200 - "-" "WordPress/7.0.2; https://tajhomehub.shop"
66.249.69.196 - - [22/Jul/2026:10:10:11 +0000] "GET /ammika.php?sitemap287.xml HTTP/1.1" 404 81257 "-" "Mozilla/5.0 (compatible; Googlebot/2.1; +http://www.google.com/bot.html)"
66.249.69.197 - - [22/Jul/2026:10:13:31 +0000] "GET /ammika.php?sitemap740.xml HTTP/1.1" 404 81257 "-" "Mozilla/5.0 (compatible; Googlebot/2.1; +http://www.google.com/bot.html)"
198.177.124.148 - - [22/Jul/2026:10:20:25 +0000] "POST /wp-cron.php?doing_wp_cron=1784715625.6768879890441894531250 HTTP/1.1" 200 - "-" "WordPress/7.0.2; https://tajhomehub.shop"
104.23.223.112 - - [22/Jul/2026:10:20:24 +0000] "GET /wp-admin/install.php?step=1 HTTP/1.1" 404 81267 "-" "http://tajhomehub.shop/wp-admin/install.php?step=1"
66.249.69.196 - - [22/Jul/2026:10:25:38 +0000] "GET /ammika.php?sitemap870.xml HTTP/1.1" 404 81257 "-" "Mozilla/5.0 (compatible; Googlebot/2.1; +http://www.google.com/bot.html)"
198.177.124.148 - - [22/Jul/2026:10:27:02 +0000] "POST /wp-cron.php?doing_wp_cron=1784716022.7176990509033203125000 HTTP/1.1" 200 - "-" "WordPress/7.0.2; https://tajhomehub.shop"
66.249.69.197 - - [22/Jul/2026:10:27:01 +0000] "GET /?d=8764989059 HTTP/1.1" 200 97677 "-" "Mozilla/5.0 (Linux; Android 6.0.1; Nexus 5X Build/MMB29P) AppleWebKit/537.36 (KHTML, like Gecko) Chrome/150.0.7871.128 Mobile Safari/537.36 (compatible; GoogleOther)"
66.249.69.196 - - [22/Jul/2026:10:33:08 +0000] "GET /ammika.php?sitemap589.xml HTTP/1.1" 404 81257 "-" "Mozilla/5.0 (compatible; Googlebot/2.1; +http://www.google.com/bot.html)"
66.249.69.196 - - [22/Jul/2026:10:33:41 +0000] "GET /ammika.php?sitemap811.xml HTTP/1.1" 404 81257 "-" "Mozilla/5.0 (compatible; Googlebot/2.1; +http://www.google.com/bot.html)"
104.23.221.131 - - [22/Jul/2026:10:35:55 +0000] "GET /wp-admin/install.php?step=1 HTTP/1.1" 404 81267 "-" "http://tajhomehub.shop/wp-admin/install.php?step=1"
198.177.124.148 - - [22/Jul/2026:10:43:46 +0000] "POST /wp-cron.php?doing_wp_cron=1784717025.7838718891143798828125 HTTP/1.1" 200 - "-" "WordPress/7.0.2; https://tajhomehub.shop"
66.249.69.198 - - [22/Jul/2026:10:43:42 +0000] "GET /ammika.php?sitemap961.xml HTTP/1.1" 404 81257 "-" "Mozilla/5.0 (compatible; Googlebot/2.1; +http://www.google.com/bot.html)"
172.71.148.119 - - [22/Jul/2026:10:45:37 +0000] "GET /wp-admin/install.php?step=1 HTTP/1.1" 404 81267 "-" "http://tajhomehub.shop/wp-admin/install.php?step=1"
198.177.124.148 - - [22/Jul/2026:10:48:15 +0000] "POST /wp-cron.php?doing_wp_cron=1784717295.0211369991302490234375 HTTP/1.1" 200 - "-" "WordPress/7.0.2; https://tajhomehub.shop"
66.249.69.197 - - [22/Jul/2026:10:48:13 +0000] "GET /robots.txt HTTP/1.1" 200 116 "-" "Mozilla/5.0 (compatible; Googlebot/2.1; +http://www.google.com/bot.html)"
66.249.69.196 - - [22/Jul/2026:10:48:33 +0000] "GET /ammika.php?sitemap656.xml HTTP/1.1" 404 81257 "-" "Mozilla/5.0 (compatible; Googlebot/2.1; +http://www.google.com/bot.html)"
66.249.69.197 - - [22/Jul/2026:10:49:49 +0000] "GET /?m=1972039835 HTTP/1.1" 404 81247 "-" "Mozilla/5.0 (Linux; Android 6.0.1; Nexus 5X Build/MMB29P) AppleWebKit/537.36 (KHTML, like Gecko) Chrome/150.0.7871.128 Mobile Safari/537.36 (compatible; GoogleOther)"
198.177.124.148 - - [22/Jul/2026:10:50:20 +0000] "POST /wp-cron.php?doing_wp_cron=1784717420.3033208847045898437500 HTTP/1.1" 200 - "-" "WordPress/7.0.2; https://tajhomehub.shop"
66.249.69.197 - - [22/Jul/2026:10:50:17 +0000] "GET /robots.txt HTTP/1.1" 200 116 "-" "Mozilla/5.0 (compatible; Googlebot/2.1; +http://www.google.com/bot.html)"
