198.177.124.148 - - [22/Jul/2026:21:44:27 +0000] "POST /wp-cron.php?doing_wp_cron=1784756667.7653388977050781250000 HTTP/1.1" 200 - "-" "WordPress/7.0.2; https://tajhomehub.shop"
35.188.228.128 - - [22/Jul/2026:21:44:24 +0000] "GET /bootstrap.php HTTP/1.1" 404 81260 "-" "Mozilla/5.0 (Windows NT 10.0; Win64; x64) AppleWebKit/537.36 (KHTML, like Gecko) Chrome/91.0.4472.124 Safari/537.36"
35.188.228.128 - - [22/Jul/2026:21:44:24 +0000] "GET /system/bootstrap.php HTTP/1.1" 404 81267 "-" "Mozilla/5.0 (Windows NT 10.0; Win64; x64) AppleWebKit/537.36 (KHTML, like Gecko) Chrome/91.0.4472.124 Safari/537.36"
35.188.228.128 - - [22/Jul/2026:21:46:25 +0000] "GET /wp-content/plugins/config-cs/bootstrap.php HTTP/1.1" 302 37959 "-" "Mozilla/5.0 (Windows NT 10.0; Win64; x64) AppleWebKit/537.36 (KHTML, like Gecko) Chrome/91.0.4472.124 Safari/537.36"
35.188.228.128 - - [22/Jul/2026:21:46:26 +0000] "GET /wp-content/plugins/config-cs/bootstrap.php?p= HTTP/1.1" 200 37959 "http://tajhomehub.shop/wp-content/plugins/config-cs/bootstrap.php" "Mozilla/5.0 (Windows NT 10.0; Win64; x64) AppleWebKit/537.36 (KHTML, like Gecko) Chrome/91.0.4472.124 Safari/537.36"
198.177.124.148 - - [22/Jul/2026:21:48:45 +0000] "POST /wp-cron.php?doing_wp_cron=1784756925.7545909881591796875000 HTTP/1.1" 200 - "-" "WordPress/7.0.2; https://tajhomehub.shop"
66.249.69.197 - - [22/Jul/2026:21:48:44 +0000] "GET /saiga.php?sitemap242.xml HTTP/1.1" 404 81256 "-" "Mozilla/5.0 (compatible; Googlebot/2.1; +http://www.google.com/bot.html)"
198.177.124.148 - - [22/Jul/2026:22:01:40 +0000] "POST /wp-cron.php?doing_wp_cron=1784757700.7302720546722412109375 HTTP/1.1" 200 - "-" "WordPress/7.0.2; https://tajhomehub.shop"
66.249.69.196 - - [22/Jul/2026:22:01:39 +0000] "GET /robots.txt HTTP/1.1" 200 116 "-" "Mozilla/5.0 (compatible; Googlebot/2.1; +http://www.google.com/bot.html)"
198.177.124.148 - - [22/Jul/2026:22:02:14 +0000] "GET /.well-known/acme-challenge/62MHNZS58FB27ZUG8ND49_OJQ5T93DO6 HTTP/1.1" 200 64 "-" "Cpanel-HTTP-Client/1.0"
198.177.124.148 - - [22/Jul/2026:22:02:14 +0000] "GET /.well-known/acme-challenge/VKFAX_7PVF6TDG6HPUV5U2A_9FTPA_V- HTTP/1.1" 200 64 "-" "Cpanel-HTTP-Client/1.0"
198.177.124.148 - - [22/Jul/2026:22:02:15 +0000] "POST /wp-cron.php?doing_wp_cron=1784757735.2842528820037841796875 HTTP/1.1" 200 - "-" "WordPress/7.0.2; https://tajhomehub.shop"
66.249.69.197 - - [22/Jul/2026:22:02:12 +0000] "GET /ammika.php?sitemap.xml HTTP/1.1" 404 81257 "-" "Mozilla/5.0 (compatible; Googlebot/2.1; +http://www.google.com/bot.html)"
198.177.124.148 - - [22/Jul/2026:22:13:01 +0000] "POST /wp-cron.php?doing_wp_cron=1784758381.5554189682006835937500 HTTP/1.1" 200 - "-" "WordPress/7.0.2; https://tajhomehub.shop"
172.71.148.119 - - [22/Jul/2026:22:12:59 +0000] "GET /wp-admin/install.php?step=1 HTTP/1.1" 404 81267 "-" "http://tajhomehub.shop/wp-admin/install.php?step=1"
172.70.248.65 - - [22/Jul/2026:18:20:19 +0000] "GET /wp-admin/install.php?step=1 HTTP/1.1" 404 81267 "-" "http://tajhomehub.shop/wp-admin/install.php?step=1"
172.71.148.118 - - [22/Jul/2026:22:32:24 +0000] "GET /wp-admin/install.php?step=1 HTTP/1.1" 404 81267 "-" "http://tajhomehub.shop/wp-admin/install.php?step=1"
1.15.52.154 - - [22/Jul/2026:22:38:37 +0000] "GET / HTTP/1.1" 200 97677 "-" "Mozilla/5.0 (iPhone; CPU iPhone OS 13_2_3 like Mac OS X) AppleWebKit/605.1.15 (KHTML, like Gecko) Version/13.0.3 Mobile/15E148 Safari/604.1"
198.177.124.148 - - [22/Jul/2026:22:40:13 +0000] "POST /wp-cron.php?doing_wp_cron=1784760013.2941598892211914062500 HTTP/1.1" 200 - "-" "WordPress/7.0.2; https://tajhomehub.shop"
45.92.84.202 - - [22/Jul/2026:22:40:12 +0000] "GET / HTTP/1.1" 200 97677 "-" "Mozilla/5.0 (Windows NT 10.0; Win64; x64) AppleWebKit/537.36 (KHTML, like Gecko) Chrome/94.0.4606.61 Safari/537.36"
66.249.69.196 - - [22/Jul/2026:22:51:52 +0000] "GET /?k=36124217623 HTTP/1.1" 200 97677 "-" "Mozilla/5.0 (Linux; Android 6.0.1; Nexus 5X Build/MMB29P) AppleWebKit/537.36 (KHTML, like Gecko) Chrome/150.0.7871.128 Mobile Safari/537.36 (compatible; GoogleOther)"
66.249.69.196 - - [22/Jul/2026:22:57:55 +0000] "GET /?k=36124155345 HTTP/1.1" 200 97677 "-" "Mozilla/5.0 (Linux; Android 6.0.1; Nexus 5X Build/MMB29P) AppleWebKit/537.36 (KHTML, like Gecko) Chrome/150.0.7871.128 Mobile Safari/537.36 (compatible; GoogleOther)"
66.249.69.196 - - [22/Jul/2026:22:58:46 +0000] "GET / HTTP/1.1" 200 97677 "-" "Mozilla/5.0 (Linux; Android 6.0.1; Nexus 5X Build/MMB29P) AppleWebKit/537.36 (KHTML, like Gecko) Chrome/150.0.7871.128 Mobile Safari/537.36 (compatible; Googlebot/2.1; +http://www.google.com/bot.html)"
162.158.182.43 - - [22/Jul/2026:22:59:40 +0000] "GET /wp-admin/install.php?step=1 HTTP/1.1" 404 81267 "-" "http://tajhomehub.shop/wp-admin/install.php?step=1"
198.177.124.148 - - [22/Jul/2026:23:03:44 +0000] "POST /wp-cron.php?doing_wp_cron=1784761424.9051840305328369140625 HTTP/1.1" 200 - "-" "WordPress/7.0.2; https://tajhomehub.shop"
172.71.172.154 - - [22/Jul/2026:23:03:41 +0000] "GET /wp-admin/install.php?step=1 HTTP/1.1" 404 81267 "-" "http://tajhomehub.shop/wp-admin/install.php?step=1"
172.70.86.197 - - [22/Jul/2026:23:06:07 +0000] "GET /wp-admin/install.php?step=1 HTTP/1.1" 404 81267 "-" "http://tajhomehub.shop/wp-admin/install.php?step=1"
198.177.124.148 - - [22/Jul/2026:23:11:27 +0000] "POST /wp-cron.php?doing_wp_cron=1784761887.6053030490875244140625 HTTP/1.1" 200 - "-" "WordPress/7.0.2; https://tajhomehub.shop"
66.249.69.196 - - [22/Jul/2026:23:11:25 +0000] "GET /robots.txt HTTP/1.1" 200 116 "-" "Mozilla/5.0 (compatible; Googlebot/2.1; +http://www.google.com/bot.html)"
66.249.69.196 - - [22/Jul/2026:23:11:37 +0000] "GET /saiga.php?sitemap531.xml HTTP/1.1" 404 81256 "-" "Mozilla/5.0 (compatible; Googlebot/2.1; +http://www.google.com/bot.html)"
66.249.69.196 - - [22/Jul/2026:23:18:03 +0000] "GET /?k=15662123357 HTTP/1.1" 200 97677 "-" "Mozilla/5.0 (Linux; Android 6.0.1; Nexus 5X Build/MMB29P) AppleWebKit/537.36 (KHTML, like Gecko) Chrome/150.0.7871.128 Mobile Safari/537.36 (compatible; GoogleOther)"
66.249.69.196 - - [22/Jul/2026:23:19:46 +0000] "GET /?k=3612472614 HTTP/1.1" 200 97677 "-" "Mozilla/5.0 (Linux; Android 6.0.1; Nexus 5X Build/MMB29P) AppleWebKit/537.36 (KHTML, like Gecko) Chrome/150.0.7871.128 Mobile Safari/537.36 (compatible; GoogleOther)"
198.177.124.148 - - [22/Jul/2026:23:20:29 +0000] "POST /wp-cron.php?doing_wp_cron=1784762429.9245359897613525390625 HTTP/1.1" 200 - "-" "WordPress/7.0.2; https://tajhomehub.shop"
66.249.69.197 - - [22/Jul/2026:23:20:27 +0000] "GET /?k=15662113017 HTTP/1.1" 200 97677 "-" "Mozilla/5.0 (Linux; Android 6.0.1; Nexus 5X Build/MMB29P) AppleWebKit/537.36 (KHTML, like Gecko) Chrome/150.0.7871.128 Mobile Safari/537.36 (compatible; GoogleOther)"
66.249.69.196 - - [22/Jul/2026:23:21:42 +0000] "GET /saiga.php?sitemap575.xml HTTP/1.1" 404 81256 "-" "Mozilla/5.0 (compatible; Googlebot/2.1; +http://www.google.com/bot.html)"
66.249.69.198 - - [22/Jul/2026:23:27:08 +0000] "GET /?k=36124176058 HTTP/1.1" 200 97677 "-" "Mozilla/5.0 (Linux; Android 6.0.1; Nexus 5X Build/MMB29P) AppleWebKit/537.36 (KHTML, like Gecko) Chrome/150.0.7871.128 Mobile Safari/537.36 (compatible; GoogleOther)"
66.249.72.35 - - [22/Jul/2026:23:29:41 +0000] "GET /robots.txt HTTP/1.1" 301 - "-" "Mozilla/5.0 (compatible; Googlebot/2.1; +http://www.google.com/bot.html)"
66.249.72.36 - - [22/Jul/2026:23:29:43 +0000] "GET / HTTP/1.1" 301 - "-" "Mozilla/5.0 (Linux; Android 6.0.1; Nexus 5X Build/MMB29P) AppleWebKit/537.36 (KHTML, like Gecko) Chrome/150.0.7871.128 Mobile Safari/537.36 (compatible; Googlebot/2.1; +http://www.google.com/bot.html)"
66.249.69.196 - - [22/Jul/2026:23:29:49 +0000] "GET /wp-includes/js/jquery/jquery.min.js?ver=3.7.1 HTTP/1.1" 200 87553 "http://tajhomehub.shop/" "Mozilla/5.0 (Linux; Android 6.0.1; Nexus 5X Build/MMB29P) AppleWebKit/537.36 (KHTML, like Gecko) Chrome/150.0.7871.128 Mobile Safari/537.36 (compatible; Googlebot/2.1; +http://www.google.com/bot.html)"
66.249.69.196 - - [22/Jul/2026:23:29:49 +0000] "GET /wp-includes/js/jquery/jquery-migrate.min.js?ver=3.4.1 HTTP/1.1" 200 13577 "http://tajhomehub.shop/" "Mozilla/5.0 (Linux; Android 6.0.1; Nexus 5X Build/MMB29P) AppleWebKit/537.36 (KHTML, like Gecko) Chrome/150.0.7871.128 Mobile Safari/537.36 (compatible; Googlebot/2.1; +http://www.google.com/bot.html)"
66.249.69.196 - - [22/Jul/2026:23:29:50 +0000] "GET /wp-includes/blocks/navigation/style.min.css?ver=7.0.2 HTTP/1.1" 200 20709 "http://tajhomehub.shop/" "Mozilla/5.0 (Linux; Android 6.0.1; Nexus 5X Build/MMB29P) AppleWebKit/537.36 (KHTML, like Gecko) Chrome/150.0.7871.128 Mobile Safari/537.36 (compatible; Googlebot/2.1; +http://www.google.com/bot.html)"
66.249.69.196 - - [22/Jul/2026:23:29:50 +0000] "GET /wp-includes/js/dist/script-modules/interactivity/index.min.js?ver=efaa5193bbad9c60ffd1 HTTP/1.1" 200 40106 "http://tajhomehub.shop/" "Mozilla/5.0 (Linux; Android 6.0.1; Nexus 5X Build/MMB29P) AppleWebKit/537.36 (KHTML, like Gecko) Chrome/150.0.7871.128 Mobile Safari/537.36 (compatible; Googlebot/2.1; +http://www.google.com/bot.html)"
66.249.69.196 - - [22/Jul/2026:23:29:51 +0000] "GET /wp-content/plugins/pixelyoursite/dist/scripts/jquery.bind-first-0.2.3.min.js?ver=0.2.3 HTTP/1.1" 200 1317 "http://tajhomehub.shop/" "Mozilla/5.0 (Linux; Android 6.0.1; Nexus 5X Build/MMB29P) AppleWebKit/537.36 (KHTML, like Gecko) Chrome/150.0.7871.128 Mobile Safari/537.36 (compatible; Googlebot/2.1; +http://www.google.com/bot.html)"
66.249.69.196 - - [22/Jul/2026:23:32:37 +0000] "GET /?k=1566290422 HTTP/1.1" 200 97677 "-" "Mozilla/5.0 (Linux; Android 6.0.1; Nexus 5X Build/MMB29P) AppleWebKit/537.36 (KHTML, like Gecko) Chrome/150.0.7871.128 Mobile Safari/537.36 (compatible; GoogleOther)"
172.70.242.146 - - [22/Jul/2026:23:35:56 +0000] "GET /wp-admin/install.php?step=1 HTTP/1.1" 404 81267 "-" "http://tajhomehub.shop/wp-admin/install.php?step=1"
198.177.124.148 - - [22/Jul/2026:23:37:26 +0000] "POST /wp-cron.php?doing_wp_cron=1784763446.7464129924774169921875 HTTP/1.1" 200 - "-" "WordPress/7.0.2; https://tajhomehub.shop"
66.249.69.197 - - [22/Jul/2026:23:37:24 +0000] "GET /?k=156626311 HTTP/1.1" 200 97677 "-" "Mozilla/5.0 (Linux; Android 6.0.1; Nexus 5X Build/MMB29P) AppleWebKit/537.36 (KHTML, like Gecko) Chrome/150.0.7871.128 Mobile Safari/537.36 (compatible; GoogleOther)"
198.177.124.148 - - [22/Jul/2026:23:39:21 +0000] "POST /wp-cron.php?doing_wp_cron=1784763561.4976348876953125000000 HTTP/1.1" 200 - "-" "WordPress/7.0.2; https://tajhomehub.shop"
66.249.69.196 - - [22/Jul/2026:23:39:20 +0000] "GET /?k=15662219165 HTTP/1.1" 200 97677 "-" "Mozilla/5.0 (Linux; Android 6.0.1; Nexus 5X Build/MMB29P) AppleWebKit/537.36 (KHTML, like Gecko) Chrome/150.0.7871.128 Mobile Safari/537.36 (compatible; GoogleOther)"
198.177.124.148 - - [22/Jul/2026:23:40:23 +0000] "POST /wp-cron.php?doing_wp_cron=1784763623.9374279975891113281250 HTTP/1.1" 200 - "-" "WordPress/7.0.2; https://tajhomehub.shop"
66.249.69.197 - - [22/Jul/2026:23:40:22 +0000] "GET /?k=15662241167 HTTP/1.1" 200 97677 "-" "Mozilla/5.0 (Linux; Android 6.0.1; Nexus 5X Build/MMB29P) AppleWebKit/537.36 (KHTML, like Gecko) Chrome/150.0.7871.128 Mobile Safari/537.36 (compatible; GoogleOther)"
104.23.217.94 - - [22/Jul/2026:23:40:51 +0000] "GET /wp-admin/install.php?step=1 HTTP/1.1" 404 81267 "-" "http://tajhomehub.shop/wp-admin/install.php?step=1"
66.249.69.196 - - [22/Jul/2026:23:41:30 +0000] "GET /?k=3612432301 HTTP/1.1" 200 97677 "-" "Mozilla/5.0 (Linux; Android 6.0.1; Nexus 5X Build/MMB29P) AppleWebKit/537.36 (KHTML, like Gecko) Chrome/150.0.7871.128 Mobile Safari/537.36 (compatible; GoogleOther)"
66.249.69.196 - - [22/Jul/2026:23:43:09 +0000] "GET /?k=36124119112 HTTP/1.1" 200 97677 "-" "Mozilla/5.0 (Linux; Android 6.0.1; Nexus 5X Build/MMB29P) AppleWebKit/537.36 (KHTML, like Gecko) Chrome/150.0.7871.128 Mobile Safari/537.36 (compatible; GoogleOther)"
198.177.124.148 - - [22/Jul/2026:23:43:22 +0000] "POST /wp-cron.php?doing_wp_cron=1784763802.1478528976440429687500 HTTP/1.1" 200 - "-" "WordPress/7.0.2; https://tajhomehub.shop"
66.249.69.196 - - [22/Jul/2026:23:43:20 +0000] "GET /?k=15662106121 HTTP/1.1" 200 97677 "-" "Mozilla/5.0 (Linux; Android 6.0.1; Nexus 5X Build/MMB29P) AppleWebKit/537.36 (KHTML, like Gecko) Chrome/150.0.7871.128 Mobile Safari/537.36 (compatible; GoogleOther)"
66.249.69.196 - - [22/Jul/2026:23:43:37 +0000] "GET /?k=36124264520 HTTP/1.1" 200 97677 "-" "Mozilla/5.0 (Linux; Android 6.0.1; Nexus 5X Build/MMB29P) AppleWebKit/537.36 (KHTML, like Gecko) Chrome/150.0.7871.128 Mobile Safari/537.36 (compatible; GoogleOther)"
43.159.34.167 - - [22/Jul/2026:23:45:39 +0000] "GET / HTTP/1.1" 200 97677 "-" "Mozilla/5.0 (iPhone; CPU iPhone OS 13_2_3 like Mac OS X) AppleWebKit/605.1.15 (KHTML, like Gecko) Version/13.0.3 Mobile/15E148 Safari/604.1"
66.249.69.197 - - [22/Jul/2026:23:48:04 +0000] "GET /?k=15662267675 HTTP/1.1" 200 97677 "-" "Mozilla/5.0 (Linux; Android 6.0.1; Nexus 5X Build/MMB29P) AppleWebKit/537.36 (KHTML, like Gecko) Chrome/150.0.7871.128 Mobile Safari/537.36 (compatible; GoogleOther)"
104.23.217.94 - - [23/Jul/2026:00:06:16 +0000] "GET /wp-admin/install.php?step=1 HTTP/1.1" 404 81267 "-" "http://tajhomehub.shop/wp-admin/install.php?step=1"
198.177.124.148 - - [23/Jul/2026:00:11:02 +0000] "POST /wp-cron.php?doing_wp_cron=1784765462.3861699104309082031250 HTTP/1.1" 200 - "-" "WordPress/7.0.2; https://tajhomehub.shop"
66.249.69.197 - - [23/Jul/2026:00:10:58 +0000] "GET /?k=36124190024 HTTP/1.1" 200 97677 "-" "Mozilla/5.0 (Linux; Android 6.0.1; Nexus 5X Build/MMB29P) AppleWebKit/537.36 (KHTML, like Gecko) Chrome/150.0.7871.128 Mobile Safari/537.36 (compatible; GoogleOther)"
198.177.124.148 - - [23/Jul/2026:00:21:23 +0000] "POST /wp-cron.php?doing_wp_cron=1784766083.3248519897460937500000 HTTP/1.1" 200 - "-" "WordPress/7.0.2; https://tajhomehub.shop"
104.23.217.95 - - [23/Jul/2026:00:21:22 +0000] "GET /wp-admin/install.php?step=1 HTTP/1.1" 404 81267 "-" "http://tajhomehub.shop/wp-admin/install.php?step=1"
198.177.124.148 - - [23/Jul/2026:00:22:58 +0000] "POST /wp-cron.php?doing_wp_cron=1784766178.1623179912567138671875 HTTP/1.1" 200 - "-" "WordPress/7.0.2; https://tajhomehub.shop"
165.22.29.11 - - [23/Jul/2026:00:22:56 +0000] "GET / HTTP/1.1" 200 97677 "-" "Mozilla/5.0 (X11; Linux x86_64) AppleWebKit/537.36 (KHTML, like Gecko) Chrome/142.0.0.0 Safari/537.36"
165.22.29.11 - - [23/Jul/2026:00:22:58 +0000] "GET /favicon.ico HTTP/1.1" 302 - "http://tajhomehub.shop/" "Mozilla/5.0 (X11; Linux x86_64) AppleWebKit/537.36 (KHTML, like Gecko) Chrome/142.0.0.0 Safari/537.36"
198.177.124.148 - - [23/Jul/2026:00:27:14 +0000] "POST /wp-cron.php?doing_wp_cron=1784766434.9590849876403808593750 HTTP/1.1" 200 - "-" "WordPress/7.0.2; https://tajhomehub.shop"
43.159.139.164 - - [23/Jul/2026:00:27:13 +0000] "GET / HTTP/1.1" 301 - "-" "Mozilla/5.0 (iPhone; CPU iPhone OS 13_2_3 like Mac OS X) AppleWebKit/605.1.15 (KHTML, like Gecko) Version/13.0.3 Mobile/15E148 Safari/604.1"
43.159.139.164 - - [23/Jul/2026:00:27:15 +0000] "GET / HTTP/1.1" 200 97677 "http://www.tajhomehub.shop" "Mozilla/5.0 (iPhone; CPU iPhone OS 13_2_3 like Mac OS X) AppleWebKit/605.1.15 (KHTML, like Gecko) Version/13.0.3 Mobile/15E148 Safari/604.1"
104.234.208.30 - - [23/Jul/2026:00:28:05 +0000] "GET / HTTP/1.1" 301 - "-" "Mozilla/5.0 (Windows NT 10.0; Win64; x64) AppleWebKit/537.36 (KHTML, like Gecko) Chrome/84.0.4147.89 Safari/537.36"
198.177.124.148 - - [23/Jul/2026:00:29:15 +0000] "POST /wp-cron.php?doing_wp_cron=1784766555.2594430446624755859375 HTTP/1.1" 200 - "-" "WordPress/7.0.2; https://tajhomehub.shop"
217.145.74.58 - - [23/Jul/2026:00:29:14 +0000] "GET / HTTP/1.1" 200 97677 "-" "Mozilla/5.0 (Windows NT 10.0; Win64; x64) AppleWebKit/537.36 (KHTML, like Gecko) Chrome/84.0.4147.89 Safari/537.36"
198.177.124.148 - - [23/Jul/2026:00:36:27 +0000] "POST /wp-cron.php?doing_wp_cron=1784766987.0666310787200927734375 HTTP/1.1" 200 - "-" "WordPress/7.0.2; https://tajhomehub.shop"
142.54.166.194 - - [23/Jul/2026:00:36:21 +0000] "GET /11965qmdaamk88mewttmp9 HTTP/1.0" 404 81269 "-" "Googlebot/2.1 (+http://www.google.com/bot.html)"
142.54.166.194 - - [23/Jul/2026:00:36:27 +0000] "GET /ammika.php?8416qkuaarl38mewttme49 HTTP/1.0" 404 81257 "-" "Googlebot/2.1 (+http://www.google.com/bot.html)"
198.177.124.148 - - [23/Jul/2026:00:37:37 +0000] "POST /wp-cron.php?doing_wp_cron=1784767054.3984360694885253906250 HTTP/1.1" 200 - "-" "WordPress/7.0.2; https://tajhomehub.shop"
66.249.69.198 - - [23/Jul/2026:00:37:05 +0000] "GET /robots.txt HTTP/1.1" 500 2559 "-" "Mozilla/5.0 (compatible; Googlebot/2.1; +http://www.google.com/bot.html)"
198.177.124.148 - - [23/Jul/2026:00:45:13 +0000] "POST /wp-cron.php?doing_wp_cron=1784767513.3793880939483642578125 HTTP/1.1" 200 - "-" "WordPress/7.0.2; https://tajhomehub.shop"
172.70.86.197 - - [23/Jul/2026:00:45:12 +0000] "GET /wp-admin/install.php?step=1 HTTP/1.1" 404 81267 "-" "http://tajhomehub.shop/wp-admin/install.php?step=1"
23.160.56.155 - - [23/Jul/2026:00:45:25 +0000] "GET /11965qmdaamk88mewttmp9 HTTP/1.0" 404 81269 "-" "Googlebot/2.1 (+http://www.google.com/bot.html)"
23.160.56.155 - - [23/Jul/2026:00:45:27 +0000] "GET /ammika.php?8416qkuaarl38mewttme49 HTTP/1.0" 404 81257 "-" "Googlebot/2.1 (+http://www.google.com/bot.html)"
198.177.124.148 - - [23/Jul/2026:00:47:19 +0000] "POST /wp-cron.php?doing_wp_cron=1784767639.8351480960845947265625 HTTP/1.1" 200 - "-" "WordPress/7.0.2; https://tajhomehub.shop"
104.23.223.112 - - [23/Jul/2026:00:47:18 +0000] "GET /wp-admin/install.php?step=1 HTTP/1.1" 404 81267 "-" "http://tajhomehub.shop/wp-admin/install.php?step=1"
198.177.124.148 - - [23/Jul/2026:01:01:13 +0000] "POST /wp-cron.php?doing_wp_cron=1784768473.4258530139923095703125 HTTP/1.1" 200 - "-" "WordPress/7.0.2; https://tajhomehub.shop"
172.69.150.43 - - [23/Jul/2026:01:01:11 +0000] "GET /wp-admin/install.php?step=1 HTTP/1.1" 404 81267 "-" "http://tajhomehub.shop/wp-admin/install.php?step=1"
198.177.124.148 - - [23/Jul/2026:01:02:26 +0000] "GET /.well-known/acme-challenge/V0-N8QMHJ8705_22XMKAJ_D6UU6_N55Y HTTP/1.1" 200 64 "-" "Cpanel-HTTP-Client/1.0"
198.177.124.148 - - [23/Jul/2026:01:02:26 +0000] "GET /.well-known/acme-challenge/NK_C4N0SFJ8AHFCJVO0Q52FSRSDEHB5R HTTP/1.1" 200 64 "-" "Cpanel-HTTP-Client/1.0"
198.177.124.148 - - [23/Jul/2026:01:05:28 +0000] "POST /wp-cron.php?doing_wp_cron=1784768728.8844470977783203125000 HTTP/1.1" 200 - "-" "WordPress/7.0.2; https://tajhomehub.shop"
43.135.36.201 - - [23/Jul/2026:01:05:27 +0000] "GET / HTTP/1.1" 200 97677 "-" "Mozilla/5.0 (iPhone; CPU iPhone OS 13_2_3 like Mac OS X) AppleWebKit/605.1.15 (KHTML, like Gecko) Version/13.0.3 Mobile/15E148 Safari/604.1"
198.177.124.148 - - [23/Jul/2026:01:11:21 +0000] "POST /wp-cron.php?doing_wp_cron=1784769081.7999238967895507812500 HTTP/1.1" 200 - "-" "WordPress/7.0.2; https://tajhomehub.shop"
172.70.240.157 - - [23/Jul/2026:01:11:19 +0000] "GET /wp-admin/install.php?step=1 HTTP/1.1" 404 81267 "-" "http://tajhomehub.shop/wp-admin/install.php?step=1"
198.177.124.148 - - [23/Jul/2026:01:37:20 +0000] "POST /wp-cron.php?doing_wp_cron=1784770640.1990709304809570312500 HTTP/1.1" 200 - "-" "WordPress/7.0.2; https://tajhomehub.shop"
172.70.247.152 - - [23/Jul/2026:01:37:18 +0000] "GET /wp-admin/install.php?step=1 HTTP/1.1" 404 81267 "-" "http://tajhomehub.shop/wp-admin/install.php?step=1"
66.249.69.196 - - [23/Jul/2026:01:40:19 +0000] "GET /robots.txt HTTP/1.1" 200 116 "-" "Mozilla/5.0 (compatible; Googlebot/2.1; +http://www.google.com/bot.html)"
66.249.69.197 - - [23/Jul/2026:01:40:21 +0000] "GET /saiga.php?sitemap538.xml HTTP/1.1" 404 81256 "-" "Mozilla/5.0 (compatible; Googlebot/2.1; +http://www.google.com/bot.html)"
66.249.69.196 - - [23/Jul/2026:01:55:59 +0000] "GET /?k=15662243461 HTTP/1.1" 200 97677 "-" "Mozilla/5.0 (Linux; Android 6.0.1; Nexus 5X Build/MMB29P) AppleWebKit/537.36 (KHTML, like Gecko) Chrome/150.0.7871.128 Mobile Safari/537.36 (compatible; GoogleOther)"
162.158.95.101 - - [23/Jul/2026:01:56:41 +0000] "GET /wp-admin/install.php?step=1 HTTP/1.1" 404 81267 "-" "http://tajhomehub.shop/wp-admin/install.php?step=1"
198.177.124.148 - - [23/Jul/2026:01:59:00 +0000] "POST /wp-cron.php?doing_wp_cron=1784771940.3558969497680664062500 HTTP/1.1" 200 - "-" "WordPress/7.0.2; https://tajhomehub.shop"
104.23.217.95 - - [23/Jul/2026:01:58:56 +0000] "GET /wp-admin/install.php?step=1 HTTP/1.1" 404 81267 "-" "http://tajhomehub.shop/wp-admin/install.php?step=1"
198.177.124.148 - - [23/Jul/2026:02:01:23 +0000] "POST /wp-cron.php?doing_wp_cron=1784772083.3254039287567138671875 HTTP/1.1" 200 - "-" "WordPress/7.0.2; https://tajhomehub.shop"
162.158.110.103 - - [23/Jul/2026:02:01:18 +0000] "GET /wp-admin/install.php?step=1 HTTP/1.1" 404 81267 "-" "http://tajhomehub.shop/wp-admin/install.php?step=1"
43.130.3.122 - - [23/Jul/2026:02:03:53 +0000] "GET / HTTP/1.1" 301 - "-" "Mozilla/5.0 (iPhone; CPU iPhone OS 13_2_3 like Mac OS X) AppleWebKit/605.1.15 (KHTML, like Gecko) Version/13.0.3 Mobile/15E148 Safari/604.1"
43.130.3.122 - - [23/Jul/2026:02:03:56 +0000] "GET / HTTP/1.1" 200 97677 "http://www.tajhomehub.shop" "Mozilla/5.0 (iPhone; CPU iPhone OS 13_2_3 like Mac OS X) AppleWebKit/605.1.15 (KHTML, like Gecko) Version/13.0.3 Mobile/15E148 Safari/604.1"
66.249.69.198 - - [23/Jul/2026:02:26:48 +0000] "GET /saiga.php?sitemap129.xml HTTP/1.1" 404 81256 "-" "Mozilla/5.0 (compatible; Googlebot/2.1; +http://www.google.com/bot.html)"
198.177.124.148 - - [23/Jul/2026:02:31:16 +0000] "POST /wp-cron.php?doing_wp_cron=1784773876.6944971084594726562500 HTTP/1.1" 200 - "-" "WordPress/7.0.2; https://tajhomehub.shop"
104.23.217.95 - - [23/Jul/2026:02:31:13 +0000] "GET /wp-admin/install.php?step=1 HTTP/1.1" 404 81267 "-" "http://tajhomehub.shop/wp-admin/install.php?step=1"
104.23.223.113 - - [23/Jul/2026:02:42:26 +0000] "GET /wp-admin/install.php?step=1 HTTP/1.1" 404 81267 "-" "http://tajhomehub.shop/wp-admin/install.php?step=1"
66.249.69.196 - - [23/Jul/2026:02:46:23 +0000] "GET /robots.txt HTTP/1.1" 200 116 "-" "Mozilla/5.0 (compatible; Googlebot/2.1; +http://www.google.com/bot.html)"
66.249.69.196 - - [23/Jul/2026:02:46:42 +0000] "GET /?k=3612429989 HTTP/1.1" 200 97677 "-" "Mozilla/5.0 (Linux; Android 6.0.1; Nexus 5X Build/MMB29P) AppleWebKit/537.36 (KHTML, like Gecko) Chrome/150.0.7871.128 Mobile Safari/537.36 (compatible; GoogleOther)"
66.249.69.196 - - [23/Jul/2026:02:49:30 +0000] "GET /robots.txt HTTP/1.1" 200 116 "-" "Mozilla/5.0 (compatible; Googlebot/2.1; +http://www.google.com/bot.html)"
66.249.69.196 - - [23/Jul/2026:02:49:51 +0000] "GET /?k=36124248817 HTTP/1.1" 200 97677 "-" "Mozilla/5.0 (Linux; Android 6.0.1; Nexus 5X Build/MMB29P) AppleWebKit/537.36 (KHTML, like Gecko) Chrome/150.0.7871.128 Mobile Safari/537.36 (compatible; GoogleOther)"
198.177.124.148 - - [23/Jul/2026:03:21:43 +0000] "POST /wp-cron.php?doing_wp_cron=1784776903.7989780902862548828125 HTTP/1.1" 200 - "-" "WordPress/7.0.2; https://tajhomehub.shop"
43.134.68.29 - - [23/Jul/2026:03:21:42 +0000] "GET / HTTP/1.1" 301 - "-" "Mozilla/5.0 (iPhone; CPU iPhone OS 13_2_3 like Mac OS X) AppleWebKit/605.1.15 (KHTML, like Gecko) Version/13.0.3 Mobile/15E148 Safari/604.1"
43.134.68.29 - - [23/Jul/2026:03:21:45 +0000] "GET / HTTP/1.1" 200 97677 "http://www.tajhomehub.shop" "Mozilla/5.0 (iPhone; CPU iPhone OS 13_2_3 like Mac OS X) AppleWebKit/605.1.15 (KHTML, like Gecko) Version/13.0.3 Mobile/15E148 Safari/604.1"
66.249.69.196 - - [23/Jul/2026:03:32:57 +0000] "GET /saiga.php?sitemap515.xml HTTP/1.1" 404 81256 "-" "Mozilla/5.0 (compatible; Googlebot/2.1; +http://www.google.com/bot.html)"
104.23.239.56 - - [23/Jul/2026:03:36:21 +0000] "GET /wp-admin/install.php?step=1 HTTP/1.1" 404 81267 "-" "http://tajhomehub.shop/wp-admin/install.php?step=1"
66.249.69.196 - - [23/Jul/2026:03:38:52 +0000] "GET /?k=36124269755 HTTP/1.1" 200 97677 "-" "Mozilla/5.0 (Linux; Android 6.0.1; Nexus 5X Build/MMB29P) AppleWebKit/537.36 (KHTML, like Gecko) Chrome/150.0.7871.128 Mobile Safari/537.36 (compatible; GoogleOther)"
162.158.95.101 - - [23/Jul/2026:03:45:05 +0000] "GET /wp-admin/install.php?step=1 HTTP/1.1" 404 81267 "-" "http://tajhomehub.shop/wp-admin/install.php?step=1"
172.69.150.43 - - [23/Jul/2026:03:47:28 +0000] "GET /wp-admin/install.php?step=1 HTTP/1.1" 404 81267 "-" "http://tajhomehub.shop/wp-admin/install.php?step=1"
172.70.240.156 - - [23/Jul/2026:03:47:59 +0000] "GET /wp-admin/install.php?step=1 HTTP/1.1" 404 81267 "-" "http://tajhomehub.shop/wp-admin/install.php?step=1"
66.249.69.196 - - [23/Jul/2026:03:48:34 +0000] "GET /?k=36124169476 HTTP/1.1" 200 97677 "-" "Mozilla/5.0 (Linux; Android 6.0.1; Nexus 5X Build/MMB29P) AppleWebKit/537.36 (KHTML, like Gecko) Chrome/150.0.7871.128 Mobile Safari/537.36 (compatible; GoogleOther)"
34.122.147.229 - - [23/Jul/2026:03:50:56 +0000] "GET / HTTP/1.1" 200 97677 "-" "Mozilla/5.0 (Windows NT 10.0; Win64; x64) AppleWebKit/537.36 (KHTML, like Gecko) Chrome/125.0.6422.60 Safari/537.36 Edge/12.246"
34.122.147.229 - - [23/Jul/2026:03:50:57 +0000] "GET /wp-includes/blocks/navigation/style.min.css?ver=7.0.2 HTTP/1.1" 200 20709 "http://tajhomehub.shop/" "Mozilla/5.0 (Windows NT 10.0; Win64; x64) AppleWebKit/537.36 (KHTML, like Gecko) Chrome/125.0.6422.60 Safari/537.36 Edge/12.246"
34.72.176.129 - - [23/Jul/2026:03:50:57 +0000] "GET /wp-includes/js/jquery/jquery-migrate.min.js?ver=3.4.1 HTTP/1.1" 200 13577 "http://tajhomehub.shop/" "Mozilla/5.0 (Windows NT 10.0; Win64; x64) AppleWebKit/537.36 (KHTML, like Gecko) Chrome/125.0.6422.60 Safari/537.36 Edge/12.246"
34.122.147.229 - - [23/Jul/2026:03:50:57 +0000] "GET /wp-content/themes/twentytwentyfour/assets/images/tourist-and-building.webp HTTP/1.1" 200 66482 "http://tajhomehub.shop/" "Mozilla/5.0 (Windows NT 10.0; Win64; x64) AppleWebKit/537.36 (KHTML, like Gecko) Chrome/125.0.6422.60 Safari/537.36 Edge/12.246"
34.72.176.129 - - [23/Jul/2026:03:50:57 +0000] "GET /wp-includes/js/jquery/jquery.min.js?ver=3.7.1 HTTP/1.1" 200 87553 "http://tajhomehub.shop/" "Mozilla/5.0 (Windows NT 10.0; Win64; x64) AppleWebKit/537.36 (KHTML, like Gecko) Chrome/125.0.6422.60 Safari/537.36 Edge/12.246"
34.122.147.229 - - [23/Jul/2026:03:50:57 +0000] "GET /wp-content/themes/twentytwentyfour/assets/images/building-exterior.webp HTTP/1.1" 200 199724 "http://tajhomehub.shop/" "Mozilla/5.0 (Windows NT 10.0; Win64; x64) AppleWebKit/537.36 (KHTML, like Gecko) Chrome/125.0.6422.60 Safari/537.36 Edge/12.246"
34.122.147.229 - - [23/Jul/2026:03:50:57 +0000] "GET /wp-content/themes/twentytwentyfour/assets/images/windows.webp HTTP/1.1" 200 126244 "http://tajhomehub.shop/" "Mozilla/5.0 (Windows NT 10.0; Win64; x64) AppleWebKit/537.36 (KHTML, like Gecko) Chrome/125.0.6422.60 Safari/537.36 Edge/12.246"
34.72.176.129 - - [23/Jul/2026:03:51:02 +0000] "GET /wp-includes/js/dist/script-modules/interactivity/index.min.js?ver=efaa5193bbad9c60ffd1 HTTP/1.1" 200 40106 "http://tajhomehub.shop/" "Mozilla/5.0 (Windows NT 10.0; Win64; x64) AppleWebKit/537.36 (KHTML, like Gecko) Chrome/125.0.6422.60 Safari/537.36 Edge/12.246"
34.72.176.129 - - [23/Jul/2026:03:51:02 +0000] "GET /wp-includes/js/dist/script-modules/block-library/navigation/view.min.js?ver=96a846e1d7b789c39ab9 HTTP/1.1" 200 3053 "http://tajhomehub.shop/" "Mozilla/5.0 (Windows NT 10.0; Win64; x64) AppleWebKit/537.36 (KHTML, like Gecko) Chrome/125.0.6422.60 Safari/537.36 Edge/12.246"
104.197.69.115 - - [23/Jul/2026:03:51:08 +0000] "GET /wp-content/plugins/pixelyoursite/dist/scripts/jquery.bind-first-0.2.3.min.js?ver=0.2.3 HTTP/1.1" 200 1317 "http://tajhomehub.shop/" "Mozilla/5.0 (Windows NT 10.0; Win64; x64) AppleWebKit/537.36 (KHTML, like Gecko) Chrome/125.0.6422.60 Safari/537.36 Edge/12.246"
104.197.69.115 - - [23/Jul/2026:03:51:08 +0000] "GET /wp-content/plugins/pixelyoursite/dist/scripts/js.cookie-2.1.3.min.js?ver=2.1.3 HTTP/1.1" 200 1709 "http://tajhomehub.shop/" "Mozilla/5.0 (Windows NT 10.0; Win64; x64) AppleWebKit/537.36 (KHTML, like Gecko) Chrome/125.0.6422.60 Safari/537.36 Edge/12.246"
104.197.69.115 - - [23/Jul/2026:03:51:08 +0000] "GET /wp-content/plugins/pixelyoursite/dist/scripts/tld.min.js?ver=2.3.1 HTTP/1.1" 200 141079 "http://tajhomehub.shop/" "Mozilla/5.0 (Windows NT 10.0; Win64; x64) AppleWebKit/537.36 (KHTML, like Gecko) Chrome/125.0.6422.60 Safari/537.36 Edge/12.246"
104.197.69.115 - - [23/Jul/2026:03:51:08 +0000] "GET /wp-content/plugins/pixelyoursite/dist/scripts/public.js?ver=11.2.1 HTTP/1.1" 200 172979 "http://tajhomehub.shop/" "Mozilla/5.0 (Windows NT 10.0; Win64; x64) AppleWebKit/537.36 (KHTML, like Gecko) Chrome/125.0.6422.60 Safari/537.36 Edge/12.246"
104.197.69.115 - - [23/Jul/2026:03:51:12 +0000] "GET /wp-content/themes/twentytwentyfour/assets/fonts/inter/Inter-VariableFont_slnt,wght.woff2 HTTP/1.1" 200 326628 "http://tajhomehub.shop/" "Mozilla/5.0 (Windows NT 10.0; Win64; x64) AppleWebKit/537.36 (KHTML, like Gecko) Chrome/125.0.6422.60 Safari/537.36 Edge/12.246"
104.197.69.115 - - [23/Jul/2026:03:51:12 +0000] "GET /wp-content/themes/twentytwentyfour/assets/fonts/cardo/cardo_italic_400.woff2 HTTP/1.1" 200 105184 "http://tajhomehub.shop/" "Mozilla/5.0 (Windows NT 10.0; Win64; x64) AppleWebKit/537.36 (KHTML, like Gecko) Chrome/125.0.6422.60 Safari/537.36 Edge/12.246"
34.122.147.229 - - [23/Jul/2026:03:51:12 +0000] "GET /wp-content/themes/twentytwentyfour/assets/fonts/cardo/cardo_normal_400.woff2 HTTP/1.1" 200 146060 "http://tajhomehub.shop/" "Mozilla/5.0 (Windows NT 10.0; Win64; x64) AppleWebKit/537.36 (KHTML, like Gecko) Chrome/125.0.6422.60 Safari/537.36 Edge/12.246"
34.122.147.229 - - [23/Jul/2026:03:51:12 +0000] "GET /wp-includes/js/wp-emoji-release.min.js?ver=7.0.2 HTTP/1.1" 200 22752 "http://tajhomehub.shop/" "Mozilla/5.0 (Windows NT 10.0; Win64; x64) AppleWebKit/537.36 (KHTML, like Gecko) Chrome/125.0.6422.60 Safari/537.36 Edge/12.246"
198.177.124.148 - - [23/Jul/2026:03:51:18 +0000] "POST /wp-cron.php?doing_wp_cron=1784778678.7126960754394531250000 HTTP/1.1" 200 - "-" "WordPress/7.0.2; https://tajhomehub.shop"
66.249.69.197 - - [23/Jul/2026:03:51:16 +0000] "GET /robots.txt HTTP/1.1" 200 116 "-" "Mozilla/5.0 (compatible; Googlebot/2.1; +http://www.google.com/bot.html)"
66.249.69.197 - - [23/Jul/2026:03:51:16 +0000] "GET /saiga.php?sitemap.xml HTTP/1.1" 404 81256 "-" "Mozilla/5.0 (compatible; Googlebot/2.1; +http://www.google.com/bot.html)"
43.165.67.31 - - [23/Jul/2026:03:53:12 +0000] "GET / HTTP/1.1" 301 - "-" "Mozilla/5.0 (iPhone; CPU iPhone OS 13_2_3 like Mac OS X) AppleWebKit/605.1.15 (KHTML, like Gecko) Version/13.0.3 Mobile/15E148 Safari/604.1"
43.165.67.31 - - [23/Jul/2026:03:53:15 +0000] "GET / HTTP/1.1" 200 97677 "http://www.tajhomehub.shop" "Mozilla/5.0 (iPhone; CPU iPhone OS 13_2_3 like Mac OS X) AppleWebKit/605.1.15 (KHTML, like Gecko) Version/13.0.3 Mobile/15E148 Safari/604.1"
82.156.34.74 - - [23/Jul/2026:03:57:37 +0000] "GET / HTTP/1.1" 301 - "-" "Mozilla/5.0 (iPhone; CPU iPhone OS 13_2_3 like Mac OS X) AppleWebKit/605.1.15 (KHTML, like Gecko) Version/13.0.3 Mobile/15E148 Safari/604.1"
82.156.34.74 - - [23/Jul/2026:03:57:42 +0000] "GET / HTTP/1.1" 200 97677 "http://www.tajhomehub.shop" "Mozilla/5.0 (iPhone; CPU iPhone OS 13_2_3 like Mac OS X) AppleWebKit/605.1.15 (KHTML, like Gecko) Version/13.0.3 Mobile/15E148 Safari/604.1"
198.177.124.148 - - [23/Jul/2026:03:59:14 +0000] "POST /wp-cron.php?doing_wp_cron=1784779154.1740999221801757812500 HTTP/1.1" 200 - "-" "WordPress/7.0.2; https://tajhomehub.shop"
66.249.69.196 - - [23/Jul/2026:03:59:12 +0000] "GET /robots.txt HTTP/1.1" 200 116 "-" "Mozilla/5.0 (compatible; Googlebot/2.1; +http://www.google.com/bot.html)"
66.249.69.196 - - [23/Jul/2026:03:59:46 +0000] "GET /?k=3612436584 HTTP/1.1" 200 97677 "-" "Mozilla/5.0 (Linux; Android 6.0.1; Nexus 5X Build/MMB29P) AppleWebKit/537.36 (KHTML, like Gecko) Chrome/150.0.7871.128 Mobile Safari/537.36 (compatible; GoogleOther)"
198.177.124.148 - - [23/Jul/2026:04:02:30 +0000] "GET /.well-known/acme-challenge/Y5ZLC959NXRHEF-I9CV537F65C8_1YBP HTTP/1.1" 200 64 "-" "Cpanel-HTTP-Client/1.0"
198.177.124.148 - - [23/Jul/2026:04:02:30 +0000] "GET /.well-known/acme-challenge/1IWW686US_RIP62PR2_9YBJLL7DG5F_4 HTTP/1.1" 200 64 "-" "Cpanel-HTTP-Client/1.0"
104.23.223.113 - - [23/Jul/2026:04:10:42 +0000] "GET /wp-admin/install.php?step=1 HTTP/1.1" 404 81267 "-" "http://tajhomehub.shop/wp-admin/install.php?step=1"
66.249.69.196 - - [23/Jul/2026:04:15:31 +0000] "GET /?k=36124236264 HTTP/1.1" 200 97677 "-" "Mozilla/5.0 (Linux; Android 6.0.1; Nexus 5X Build/MMB29P) AppleWebKit/537.36 (KHTML, like Gecko) Chrome/150.0.7871.128 Mobile Safari/537.36 (compatible; GoogleOther)"
66.249.69.197 - - [23/Jul/2026:04:15:34 +0000] "GET /wp-content/plugins/pixelyoursite/dist/scripts/js.cookie-2.1.3.min.js?ver=2.1.3 HTTP/1.1" 200 1709 "http://tajhomehub.shop/?k=36124236264" "Mozilla/5.0 (Linux; Android 6.0.1; Nexus 5X Build/MMB29P) AppleWebKit/537.36 (KHTML, like Gecko) Chrome/150.0.7871.128 Mobile Safari/537.36 (compatible; GoogleOther)"
198.177.124.148 - - [23/Jul/2026:04:16:16 +0000] "POST /wp-cron.php?doing_wp_cron=1784780176.4867689609527587890625 HTTP/1.1" 200 - "-" "WordPress/7.0.2; https://tajhomehub.shop"
185.177.72.205 - - [23/Jul/2026:04:16:14 +0000] "GET /wp-json/gravitysmtp/v1/tests/mock-data?page=gravitysmtp-settings HTTP/1.1" 404 114 "-" "curl/8.7.1"
185.177.72.205 - - [23/Jul/2026:04:16:16 +0000] "GET / HTTP/1.1" 200 97677 "-" "curl/8.7.1"
185.177.72.205 - - [23/Jul/2026:04:16:19 +0000] "GET /admin HTTP/1.1" 302 - "-" "curl/8.7.1"
66.249.69.197 - - [23/Jul/2026:04:25:40 +0000] "GET /saiga.php?sitemap466.xml HTTP/1.1" 404 81256 "-" "Mozilla/5.0 (compatible; Googlebot/2.1; +http://www.google.com/bot.html)"