File: /home/yalenocb/access-logs/tajhomehub.shop.yalehafricanfoods.shop
66.249.69.196 - - [21/Jul/2026:07:18:50 +0000] "GET /ammika.php?sitemap958.xml HTTP/1.1" 200 524072 "-" "Mozilla/5.0 (compatible; Googlebot/2.1; +http://www.google.com/bot.html)"
66.249.69.196 - - [21/Jul/2026:07:19:38 +0000] "GET /?k=1566223789 HTTP/1.1" 200 195851 "-" "Mozilla/5.0 (Linux; Android 6.0.1; Nexus 5X Build/MMB29P) AppleWebKit/537.36 (KHTML, like Gecko) Chrome/150.0.7871.128 Mobile Safari/537.36 (compatible; GoogleOther)"
66.249.69.196 - - [21/Jul/2026:07:21:42 +0000] "GET /?k=1566223789 HTTP/1.1" 200 195851 "-" "Mozilla/5.0 (Linux; Android 6.0.1; Nexus 5X Build/MMB29P) AppleWebKit/537.36 (KHTML, like Gecko) Chrome/150.0.7871.128 Mobile Safari/537.36 (compatible; Googlebot/2.1; +http://www.google.com/bot.html)"
66.249.69.196 - - [21/Jul/2026:07:25:16 +0000] "GET /?k=1566276834 HTTP/1.1" 200 194614 "-" "Mozilla/5.0 (Linux; Android 6.0.1; Nexus 5X Build/MMB29P) AppleWebKit/537.36 (KHTML, like Gecko) Chrome/150.0.7871.128 Mobile Safari/537.36 (compatible; GoogleOther)"
66.249.69.196 - - [21/Jul/2026:07:28:09 +0000] "GET /?k=1566276834 HTTP/1.1" 200 194614 "-" "Mozilla/5.0 (Linux; Android 6.0.1; Nexus 5X Build/MMB29P) AppleWebKit/537.36 (KHTML, like Gecko) Chrome/150.0.7871.128 Mobile Safari/537.36 (compatible; Googlebot/2.1; +http://www.google.com/bot.html)"
198.177.124.148 - - [21/Jul/2026:07:28:43 +0000] "POST /wp-cron.php?doing_wp_cron=1784618923.4368259906768798828125 HTTP/1.1" 200 - "-" "WordPress/7.0.2; https://tajhomehub.shop"
104.23.239.57 - - [21/Jul/2026:07:28:42 +0000] "GET /wp-admin/install.php?step=1 HTTP/1.1" 200 1376 "-" "http://tajhomehub.shop/wp-admin/install.php?step=1"
66.249.69.198 - - [21/Jul/2026:07:30:03 +0000] "GET /ammika.php?sitemap846.xml HTTP/1.1" 200 524114 "-" "Mozilla/5.0 (compatible; Googlebot/2.1; +http://www.google.com/bot.html)"
66.249.69.196 - - [21/Jul/2026:07:40:26 +0000] "GET /?m=19720146094 HTTP/1.1" 200 197977 "-" "Mozilla/5.0 (Linux; Android 6.0.1; Nexus 5X Build/MMB29P) AppleWebKit/537.36 (KHTML, like Gecko) Chrome/150.0.7871.128 Mobile Safari/537.36 (compatible; GoogleOther)"
198.177.124.148 - - [21/Jul/2026:07:54:49 +0000] "POST /wp-cron.php?doing_wp_cron=1784620489.5978660583496093750000 HTTP/1.1" 200 - "-" "WordPress/7.0.2; https://tajhomehub.shop"
104.23.223.113 - - [21/Jul/2026:07:54:48 +0000] "GET /wp-admin/install.php?step=1 HTTP/1.1" 200 1376 "-" "http://tajhomehub.shop/wp-admin/install.php?step=1"
198.177.124.148 - - [21/Jul/2026:08:03:54 +0000] "POST /wp-cron.php?doing_wp_cron=1784621034.6774520874023437500000 HTTP/1.1" 200 - "-" "WordPress/7.0.2; https://tajhomehub.shop"
162.158.182.42 - - [21/Jul/2026:08:03:53 +0000] "GET /wp-admin/install.php?step=1 HTTP/1.1" 200 1376 "-" "http://tajhomehub.shop/wp-admin/install.php?step=1"
198.177.124.148 - - [21/Jul/2026:08:13:36 +0000] "POST /wp-cron.php?doing_wp_cron=1784621616.9853839874267578125000 HTTP/1.1" 200 - "-" "WordPress/7.0.2; https://tajhomehub.shop"
172.71.164.57 - - [21/Jul/2026:08:13:36 +0000] "GET /wp-admin/install.php?step=1 HTTP/1.1" 200 1376 "-" "http://tajhomehub.shop/wp-admin/install.php?step=1"
66.249.69.197 - - [21/Jul/2026:08:21:41 +0000] "GET /?k=36124209959 HTTP/1.1" 200 194233 "-" "Mozilla/5.0 (Linux; Android 6.0.1; Nexus 5X Build/MMB29P) AppleWebKit/537.36 (KHTML, like Gecko) Chrome/150.0.7871.128 Mobile Safari/537.36 (compatible; GoogleOther)"
66.249.69.196 - - [21/Jul/2026:08:28:13 +0000] "GET /?k=36124209959 HTTP/1.1" 200 194233 "-" "Mozilla/5.0 (Linux; Android 6.0.1; Nexus 5X Build/MMB29P) AppleWebKit/537.36 (KHTML, like Gecko) Chrome/150.0.7871.128 Mobile Safari/537.36 (compatible; Googlebot/2.1; +http://www.google.com/bot.html)"
198.177.124.148 - - [21/Jul/2026:08:36:38 +0000] "POST /wp-cron.php?doing_wp_cron=1784622998.8445050716400146484375 HTTP/1.1" 200 - "-" "WordPress/7.0.2; https://tajhomehub.shop"
172.69.150.42 - - [21/Jul/2026:08:36:38 +0000] "GET /wp-admin/install.php?step=1 HTTP/1.1" 200 1376 "-" "http://tajhomehub.shop/wp-admin/install.php?step=1"
66.249.69.196 - - [21/Jul/2026:08:38:54 +0000] "GET /?k=36124263350 HTTP/1.1" 200 197336 "-" "Mozilla/5.0 (Linux; Android 6.0.1; Nexus 5X Build/MMB29P) AppleWebKit/537.36 (KHTML, like Gecko) Chrome/150.0.7871.128 Mobile Safari/537.36 (compatible; GoogleOther)"
198.177.124.148 - - [21/Jul/2026:08:39:28 +0000] "POST /wp-cron.php?doing_wp_cron=1784623168.5034470558166503906250 HTTP/1.1" 200 - "-" "WordPress/7.0.2; https://tajhomehub.shop"
172.71.164.57 - - [21/Jul/2026:08:39:27 +0000] "GET /wp-admin/install.php?step=1 HTTP/1.1" 200 1376 "-" "http://tajhomehub.shop/wp-admin/install.php?step=1"
66.249.69.196 - - [21/Jul/2026:08:40:52 +0000] "GET /?k=15662278534 HTTP/1.1" 200 194569 "-" "Mozilla/5.0 (Linux; Android 6.0.1; Nexus 5X Build/MMB29P) AppleWebKit/537.36 (KHTML, like Gecko) Chrome/150.0.7871.128 Mobile Safari/537.36 (compatible; GoogleOther)"
66.249.69.196 - - [21/Jul/2026:08:44:27 +0000] "GET /?k=36124263350 HTTP/1.1" 200 197336 "-" "Mozilla/5.0 (Linux; Android 6.0.1; Nexus 5X Build/MMB29P) AppleWebKit/537.36 (KHTML, like Gecko) Chrome/150.0.7871.128 Mobile Safari/537.36 (compatible; Googlebot/2.1; +http://www.google.com/bot.html)"
66.249.69.197 - - [21/Jul/2026:08:44:44 +0000] "GET /?k=15662278534 HTTP/1.1" 200 194569 "-" "Mozilla/5.0 (Linux; Android 6.0.1; Nexus 5X Build/MMB29P) AppleWebKit/537.36 (KHTML, like Gecko) Chrome/150.0.7871.128 Mobile Safari/537.36 (compatible; Googlebot/2.1; +http://www.google.com/bot.html)"
66.249.69.196 - - [21/Jul/2026:08:52:23 +0000] "GET /?k=15662199598 HTTP/1.1" 200 192148 "-" "Mozilla/5.0 (Linux; Android 6.0.1; Nexus 5X Build/MMB29P) AppleWebKit/537.36 (KHTML, like Gecko) Chrome/150.0.7871.128 Mobile Safari/537.36 (compatible; GoogleOther)"
66.249.69.196 - - [21/Jul/2026:08:55:24 +0000] "GET /?k=15662199598 HTTP/1.1" 200 192148 "-" "Mozilla/5.0 (Linux; Android 6.0.1; Nexus 5X Build/MMB29P) AppleWebKit/537.36 (KHTML, like Gecko) Chrome/150.0.7871.128 Mobile Safari/537.36 (compatible; Googlebot/2.1; +http://www.google.com/bot.html)"
175.27.163.171 - - [21/Jul/2026:08:57:27 +0000] "GET / HTTP/1.1" 500 - "-" "Mozilla/5.0 (iPhone; CPU iPhone OS 13_2_3 like Mac OS X) AppleWebKit/605.1.15 (KHTML, like Gecko) Version/13.0.3 Mobile/15E148 Safari/604.1"
198.177.124.148 - - [21/Jul/2026:09:11:25 +0000] "POST /wp-cron.php?doing_wp_cron=1784625085.6197140216827392578125 HTTP/1.1" 200 - "-" "WordPress/7.0.2; https://tajhomehub.shop"
104.23.223.113 - - [21/Jul/2026:09:11:25 +0000] "GET /wp-admin/install.php?step=1 HTTP/1.1" 200 1376 "-" "http://tajhomehub.shop/wp-admin/install.php?step=1"
66.249.69.197 - - [21/Jul/2026:09:15:10 +0000] "GET /saiga.php?sitemap479.xml HTTP/1.1" 200 539141 "-" "Mozilla/5.0 (compatible; Googlebot/2.1; +http://www.google.com/bot.html)"
198.177.124.148 - - [21/Jul/2026:09:15:41 +0000] "POST /wp-cron.php?doing_wp_cron=1784625341.8037180900573730468750 HTTP/1.1" 200 - "-" "WordPress/7.0.2; https://tajhomehub.shop"
202.134.9.140 - - [21/Jul/2026:09:15:39 +0000] "POST /wp-login.php HTTP/1.1" 302 - "http://tajhomehub.shop/wp-admin/" "Mozilla/5.0 (Windows NT 10.0; Win64; x64) AppleWebKit/537.36 (KHTML, like Gecko) Chrome/90.0.4430.85 Safari/537.36"
198.177.124.148 - - [21/Jul/2026:09:15:42 +0000] "POST /wp-cron.php?doing_wp_cron=1784625342.6026198863983154296875 HTTP/1.1" 200 - "-" "WordPress/7.0.2; https://tajhomehub.shop"
104.23.217.94 - - [21/Jul/2026:09:15:41 +0000] "GET /wp-admin/install.php?step=1 HTTP/1.1" 200 1376 "-" "http://tajhomehub.shop/wp-admin/install.php?step=1"
66.249.69.196 - - [21/Jul/2026:09:23:53 +0000] "GET /?m=1972059950 HTTP/1.1" 200 194164 "-" "Mozilla/5.0 (Linux; Android 6.0.1; Nexus 5X Build/MMB29P) AppleWebKit/537.36 (KHTML, like Gecko) Chrome/150.0.7871.128 Mobile Safari/537.36 (compatible; GoogleOther)"
66.249.69.196 - - [21/Jul/2026:09:27:54 +0000] "GET /ammika.php?sitemap.xml HTTP/1.1" 200 9003 "-" "Mozilla/5.0 (compatible; Googlebot/2.1; +http://www.google.com/bot.html)"
43.164.3.182 - - [21/Jul/2026:09:29:03 +0000] "GET / HTTP/1.1" 500 - "-" "Mozilla/5.0 (iPhone; CPU iPhone OS 13_2_3 like Mac OS X) AppleWebKit/605.1.15 (KHTML, like Gecko) Version/13.0.3 Mobile/15E148 Safari/604.1"
198.177.124.148 - - [21/Jul/2026:09:38:32 +0000] "POST /wp-cron.php?doing_wp_cron=1784626712.8178160190582275390625 HTTP/1.1" 200 - "-" "WordPress/7.0.2; https://tajhomehub.shop"
104.23.223.112 - - [21/Jul/2026:09:38:31 +0000] "GET /wp-admin/install.php?step=1 HTTP/1.1" 200 1376 "-" "http://tajhomehub.shop/wp-admin/install.php?step=1"
66.249.69.196 - - [21/Jul/2026:09:42:56 +0000] "GET /ammika.php?sitemap126.xml HTTP/1.1" 200 524118 "-" "Mozilla/5.0 (compatible; Googlebot/2.1; +http://www.google.com/bot.html)"
66.249.69.196 - - [21/Jul/2026:09:43:03 +0000] "GET /ammika.php?sitemap139.xml HTTP/1.1" 200 524193 "-" "Mozilla/5.0 (compatible; Googlebot/2.1; +http://www.google.com/bot.html)"
66.249.69.196 - - [21/Jul/2026:09:43:06 +0000] "GET /ammika.php?sitemap179.xml HTTP/1.1" 200 524180 "-" "Mozilla/5.0 (compatible; Googlebot/2.1; +http://www.google.com/bot.html)"
66.249.69.196 - - [21/Jul/2026:09:43:10 +0000] "GET /ammika.php?sitemap196.xml HTTP/1.1" 200 524157 "-" "Mozilla/5.0 (compatible; Googlebot/2.1; +http://www.google.com/bot.html)"
66.249.69.196 - - [21/Jul/2026:09:43:13 +0000] "GET /ammika.php?sitemap226.xml HTTP/1.1" 200 524160 "-" "Mozilla/5.0 (compatible; Googlebot/2.1; +http://www.google.com/bot.html)"
66.249.69.196 - - [21/Jul/2026:09:43:19 +0000] "GET /ammika.php?sitemap228.xml HTTP/1.1" 200 524188 "-" "Mozilla/5.0 (compatible; Googlebot/2.1; +http://www.google.com/bot.html)"
66.249.69.196 - - [21/Jul/2026:09:43:24 +0000] "GET /ammika.php?sitemap287.xml HTTP/1.1" 200 524140 "-" "Mozilla/5.0 (compatible; Googlebot/2.1; +http://www.google.com/bot.html)"
66.249.69.196 - - [21/Jul/2026:09:43:26 +0000] "GET /ammika.php?sitemap290.xml HTTP/1.1" 200 524113 "-" "Mozilla/5.0 (compatible; Googlebot/2.1; +http://www.google.com/bot.html)"
66.249.69.196 - - [21/Jul/2026:09:43:33 +0000] "GET /ammika.php?sitemap313.xml HTTP/1.1" 200 524088 "-" "Mozilla/5.0 (compatible; Googlebot/2.1; +http://www.google.com/bot.html)"
66.249.69.196 - - [21/Jul/2026:09:43:38 +0000] "GET /ammika.php?sitemap316.xml HTTP/1.1" 200 524134 "-" "Mozilla/5.0 (compatible; Googlebot/2.1; +http://www.google.com/bot.html)"
66.249.69.197 - - [21/Jul/2026:09:43:40 +0000] "GET /ammika.php?sitemap339.xml HTTP/1.1" 200 524106 "-" "Mozilla/5.0 (compatible; Googlebot/2.1; +http://www.google.com/bot.html)"
66.249.69.199 - - [21/Jul/2026:09:43:41 +0000] "GET /ammika.php?sitemap263.xml HTTP/1.1" 200 524074 "-" "Mozilla/5.0 (compatible; Googlebot/2.1; +http://www.google.com/bot.html)"
66.249.69.199 - - [21/Jul/2026:09:43:47 +0000] "GET /ammika.php?sitemap341.xml HTTP/1.1" 200 524123 "-" "Mozilla/5.0 (compatible; Googlebot/2.1; +http://www.google.com/bot.html)"
66.249.69.196 - - [21/Jul/2026:09:43:49 +0000] "GET /ammika.php?sitemap414.xml HTTP/1.1" 200 524133 "-" "Mozilla/5.0 (compatible; Googlebot/2.1; +http://www.google.com/bot.html)"
66.249.69.196 - - [21/Jul/2026:09:43:52 +0000] "GET /ammika.php?sitemap45.xml HTTP/1.1" 200 524097 "-" "Mozilla/5.0 (compatible; Googlebot/2.1; +http://www.google.com/bot.html)"
66.249.69.200 - - [21/Jul/2026:09:43:55 +0000] "GET /ammika.php?sitemap459.xml HTTP/1.1" 200 524174 "-" "Mozilla/5.0 (compatible; Googlebot/2.1; +http://www.google.com/bot.html)"
66.249.69.198 - - [21/Jul/2026:09:43:59 +0000] "GET /ammika.php?sitemap47.xml HTTP/1.1" 200 524151 "-" "Mozilla/5.0 (compatible; Googlebot/2.1; +http://www.google.com/bot.html)"
66.249.69.197 - - [21/Jul/2026:09:44:02 +0000] "GET /ammika.php?sitemap479.xml HTTP/1.1" 200 524164 "-" "Mozilla/5.0 (compatible; Googlebot/2.1; +http://www.google.com/bot.html)"
66.249.69.198 - - [21/Jul/2026:09:44:08 +0000] "GET /ammika.php?sitemap488.xml HTTP/1.1" 200 524109 "-" "Mozilla/5.0 (compatible; Googlebot/2.1; +http://www.google.com/bot.html)"
66.249.69.198 - - [21/Jul/2026:09:44:10 +0000] "GET /ammika.php?sitemap309.xml HTTP/1.1" 200 524192 "-" "Mozilla/5.0 (compatible; Googlebot/2.1; +http://www.google.com/bot.html)"
66.249.69.196 - - [21/Jul/2026:09:44:14 +0000] "GET /ammika.php?sitemap519.xml HTTP/1.1" 200 524084 "-" "Mozilla/5.0 (compatible; Googlebot/2.1; +http://www.google.com/bot.html)"
66.249.69.197 - - [21/Jul/2026:09:44:18 +0000] "GET /ammika.php?sitemap52.xml HTTP/1.1" 200 524145 "-" "Mozilla/5.0 (compatible; Googlebot/2.1; +http://www.google.com/bot.html)"
66.249.69.197 - - [21/Jul/2026:09:44:22 +0000] "GET /ammika.php?sitemap525.xml HTTP/1.1" 200 524071 "-" "Mozilla/5.0 (compatible; Googlebot/2.1; +http://www.google.com/bot.html)"
66.249.69.197 - - [21/Jul/2026:09:44:25 +0000] "GET /ammika.php?sitemap528.xml HTTP/1.1" 200 524098 "-" "Mozilla/5.0 (compatible; Googlebot/2.1; +http://www.google.com/bot.html)"
66.249.69.197 - - [21/Jul/2026:09:44:31 +0000] "GET /ammika.php?sitemap548.xml HTTP/1.1" 200 524208 "-" "Mozilla/5.0 (compatible; Googlebot/2.1; +http://www.google.com/bot.html)"
66.249.69.197 - - [21/Jul/2026:09:44:33 +0000] "GET /ammika.php?sitemap554.xml HTTP/1.1" 200 524148 "-" "Mozilla/5.0 (compatible; Googlebot/2.1; +http://www.google.com/bot.html)"
66.249.69.198 - - [21/Jul/2026:09:44:37 +0000] "GET /ammika.php?sitemap559.xml HTTP/1.1" 200 524129 "-" "Mozilla/5.0 (compatible; Googlebot/2.1; +http://www.google.com/bot.html)"
66.249.69.197 - - [21/Jul/2026:09:44:39 +0000] "GET /ammika.php?sitemap560.xml HTTP/1.1" 200 524111 "-" "Mozilla/5.0 (compatible; Googlebot/2.1; +http://www.google.com/bot.html)"
66.249.69.197 - - [21/Jul/2026:09:44:41 +0000] "GET /ammika.php?sitemap563.xml HTTP/1.1" 200 524109 "-" "Mozilla/5.0 (compatible; Googlebot/2.1; +http://www.google.com/bot.html)"
66.249.69.196 - - [21/Jul/2026:09:44:46 +0000] "GET /ammika.php?sitemap572.xml HTTP/1.1" 200 524172 "-" "Mozilla/5.0 (compatible; Googlebot/2.1; +http://www.google.com/bot.html)"
66.249.69.197 - - [21/Jul/2026:09:44:48 +0000] "GET /ammika.php?sitemap576.xml HTTP/1.1" 200 524155 "-" "Mozilla/5.0 (compatible; Googlebot/2.1; +http://www.google.com/bot.html)"
66.249.69.197 - - [21/Jul/2026:09:44:50 +0000] "GET /ammika.php?sitemap589.xml HTTP/1.1" 200 524135 "-" "Mozilla/5.0 (compatible; Googlebot/2.1; +http://www.google.com/bot.html)"
66.249.69.196 - - [21/Jul/2026:09:44:54 +0000] "GET /ammika.php?sitemap614.xml HTTP/1.1" 200 524143 "-" "Mozilla/5.0 (compatible; Googlebot/2.1; +http://www.google.com/bot.html)"
66.249.69.197 - - [21/Jul/2026:09:44:58 +0000] "GET /ammika.php?sitemap659.xml HTTP/1.1" 200 524143 "-" "Mozilla/5.0 (compatible; Googlebot/2.1; +http://www.google.com/bot.html)"
66.249.69.197 - - [21/Jul/2026:09:45:02 +0000] "GET /ammika.php?sitemap669.xml HTTP/1.1" 200 524152 "-" "Mozilla/5.0 (compatible; Googlebot/2.1; +http://www.google.com/bot.html)"
66.249.69.196 - - [21/Jul/2026:09:45:08 +0000] "GET /ammika.php?sitemap679.xml HTTP/1.1" 200 524154 "-" "Mozilla/5.0 (compatible; Googlebot/2.1; +http://www.google.com/bot.html)"
66.249.69.196 - - [21/Jul/2026:09:45:10 +0000] "GET /ammika.php?sitemap68.xml HTTP/1.1" 200 524116 "-" "Mozilla/5.0 (compatible; Googlebot/2.1; +http://www.google.com/bot.html)"
66.249.69.196 - - [21/Jul/2026:09:45:12 +0000] "GET /ammika.php?sitemap683.xml HTTP/1.1" 200 524125 "-" "Mozilla/5.0 (compatible; Googlebot/2.1; +http://www.google.com/bot.html)"
66.249.69.197 - - [21/Jul/2026:09:45:16 +0000] "GET /ammika.php?sitemap70.xml HTTP/1.1" 200 524157 "-" "Mozilla/5.0 (compatible; Googlebot/2.1; +http://www.google.com/bot.html)"
66.249.69.196 - - [21/Jul/2026:09:45:19 +0000] "GET /ammika.php?sitemap740.xml HTTP/1.1" 200 524135 "-" "Mozilla/5.0 (compatible; Googlebot/2.1; +http://www.google.com/bot.html)"
66.249.69.197 - - [21/Jul/2026:09:45:22 +0000] "GET /ammika.php?sitemap744.xml HTTP/1.1" 200 524160 "-" "Mozilla/5.0 (compatible; Googlebot/2.1; +http://www.google.com/bot.html)"
66.249.69.197 - - [21/Jul/2026:09:45:26 +0000] "GET /ammika.php?sitemap768.xml HTTP/1.1" 200 524124 "-" "Mozilla/5.0 (compatible; Googlebot/2.1; +http://www.google.com/bot.html)"
66.249.69.197 - - [21/Jul/2026:09:45:34 +0000] "GET /ammika.php?sitemap776.xml HTTP/1.1" 200 524097 "-" "Mozilla/5.0 (compatible; Googlebot/2.1; +http://www.google.com/bot.html)"
66.249.69.197 - - [21/Jul/2026:09:45:41 +0000] "GET /ammika.php?sitemap811.xml HTTP/1.1" 200 524127 "-" "Mozilla/5.0 (compatible; Googlebot/2.1; +http://www.google.com/bot.html)"
66.249.69.198 - - [21/Jul/2026:09:45:43 +0000] "GET /ammika.php?sitemap837.xml HTTP/1.1" 200 524108 "-" "Mozilla/5.0 (compatible; Googlebot/2.1; +http://www.google.com/bot.html)"
66.249.69.197 - - [21/Jul/2026:09:45:48 +0000] "GET /ammika.php?sitemap842.xml HTTP/1.1" 200 524117 "-" "Mozilla/5.0 (compatible; Googlebot/2.1; +http://www.google.com/bot.html)"
66.249.69.197 - - [21/Jul/2026:09:45:50 +0000] "GET /ammika.php?sitemap850.xml HTTP/1.1" 200 524143 "-" "Mozilla/5.0 (compatible; Googlebot/2.1; +http://www.google.com/bot.html)"
66.249.69.198 - - [21/Jul/2026:09:45:57 +0000] "GET /ammika.php?sitemap885.xml HTTP/1.1" 200 524101 "-" "Mozilla/5.0 (compatible; Googlebot/2.1; +http://www.google.com/bot.html)"
66.249.69.197 - - [21/Jul/2026:09:46:02 +0000] "GET /ammika.php?sitemap9.xml HTTP/1.1" 200 524180 "-" "Mozilla/5.0 (compatible; Googlebot/2.1; +http://www.google.com/bot.html)"
66.249.69.196 - - [21/Jul/2026:09:46:06 +0000] "GET /ammika.php?sitemap650.xml HTTP/1.1" 200 524082 "-" "Mozilla/5.0 (compatible; Googlebot/2.1; +http://www.google.com/bot.html)"
66.249.69.197 - - [21/Jul/2026:09:46:08 +0000] "GET /ammika.php?sitemap900.xml HTTP/1.1" 200 524111 "-" "Mozilla/5.0 (compatible; Googlebot/2.1; +http://www.google.com/bot.html)"
66.249.69.196 - - [21/Jul/2026:09:46:14 +0000] "GET /ammika.php?sitemap93.xml HTTP/1.1" 200 524122 "-" "Mozilla/5.0 (compatible; Googlebot/2.1; +http://www.google.com/bot.html)"
66.249.69.196 - - [21/Jul/2026:09:46:17 +0000] "GET /ammika.php?sitemap950.xml HTTP/1.1" 200 524141 "-" "Mozilla/5.0 (compatible; Googlebot/2.1; +http://www.google.com/bot.html)"
66.249.69.196 - - [21/Jul/2026:09:46:25 +0000] "GET /ammika.php?sitemap961.xml HTTP/1.1" 200 524117 "-" "Mozilla/5.0 (compatible; Googlebot/2.1; +http://www.google.com/bot.html)"
66.249.69.196 - - [21/Jul/2026:09:46:27 +0000] "GET /ammika.php?sitemap962.xml HTTP/1.1" 200 524143 "-" "Mozilla/5.0 (compatible; Googlebot/2.1; +http://www.google.com/bot.html)"
66.249.69.196 - - [21/Jul/2026:09:46:31 +0000] "GET /ammika.php?sitemap970.xml HTTP/1.1" 200 524125 "-" "Mozilla/5.0 (compatible; Googlebot/2.1; +http://www.google.com/bot.html)"
66.249.69.196 - - [21/Jul/2026:09:46:33 +0000] "GET /ammika.php?sitemap980.xml HTTP/1.1" 200 524116 "-" "Mozilla/5.0 (compatible; Googlebot/2.1; +http://www.google.com/bot.html)"
66.249.69.197 - - [21/Jul/2026:09:46:41 +0000] "GET /ammika.php?sitemap762.xml HTTP/1.1" 200 524144 "-" "Mozilla/5.0 (compatible; Googlebot/2.1; +http://www.google.com/bot.html)"
66.249.69.197 - - [21/Jul/2026:09:46:44 +0000] "GET /ammika.php?sitemap99.xml HTTP/1.1" 200 524134 "-" "Mozilla/5.0 (compatible; Googlebot/2.1; +http://www.google.com/bot.html)"
66.249.69.197 - - [21/Jul/2026:09:46:50 +0000] "GET /ammika.php?sitemap732.xml HTTP/1.1" 200 524151 "-" "Mozilla/5.0 (compatible; Googlebot/2.1; +http://www.google.com/bot.html)"
66.249.69.197 - - [21/Jul/2026:09:46:53 +0000] "GET /ammika.php?sitemap712.xml HTTP/1.1" 200 524147 "-" "Mozilla/5.0 (compatible; Googlebot/2.1; +http://www.google.com/bot.html)"
66.249.69.198 - - [21/Jul/2026:09:46:55 +0000] "GET /ammika.php?sitemap87.xml HTTP/1.1" 200 524111 "-" "Mozilla/5.0 (compatible; Googlebot/2.1; +http://www.google.com/bot.html)"
66.249.69.197 - - [21/Jul/2026:09:47:02 +0000] "GET /ammika.php?sitemap870.xml HTTP/1.1" 200 524176 "-" "Mozilla/5.0 (compatible; Googlebot/2.1; +http://www.google.com/bot.html)"
66.249.69.198 - - [21/Jul/2026:09:47:04 +0000] "GET /ammika.php?sitemap656.xml HTTP/1.1" 200 524095 "-" "Mozilla/5.0 (compatible; Googlebot/2.1; +http://www.google.com/bot.html)"
66.249.69.196 - - [21/Jul/2026:09:47:12 +0000] "GET /ammika.php?sitemap893.xml HTTP/1.1" 200 524068 "-" "Mozilla/5.0 (compatible; Googlebot/2.1; +http://www.google.com/bot.html)"
66.249.69.197 - - [21/Jul/2026:09:47:15 +0000] "GET /ammika.php?sitemap728.xml HTTP/1.1" 200 524071 "-" "Mozilla/5.0 (compatible; Googlebot/2.1; +http://www.google.com/bot.html)"
66.249.69.197 - - [21/Jul/2026:09:47:23 +0000] "GET /ammika.php?sitemap882.xml HTTP/1.1" 200 524130 "-" "Mozilla/5.0 (compatible; Googlebot/2.1; +http://www.google.com/bot.html)"
66.249.69.197 - - [21/Jul/2026:09:47:32 +0000] "GET /ammika.php?sitemap952.xml HTTP/1.1" 200 524158 "-" "Mozilla/5.0 (compatible; Googlebot/2.1; +http://www.google.com/bot.html)"
66.249.69.198 - - [21/Jul/2026:09:47:37 +0000] "GET /ammika.php?sitemap859.xml HTTP/1.1" 200 524135 "-" "Mozilla/5.0 (compatible; Googlebot/2.1; +http://www.google.com/bot.html)"
198.177.124.148 - - [21/Jul/2026:09:51:23 +0000] "POST /wp-cron.php?doing_wp_cron=1784627483.0918910503387451171875 HTTP/1.1" 200 - "-" "WordPress/7.0.2; https://tajhomehub.shop"
162.158.182.43 - - [21/Jul/2026:09:51:21 +0000] "GET /wp-admin/install.php?step=1 HTTP/1.1" 200 1376 "-" "http://tajhomehub.shop/wp-admin/install.php?step=1"
198.177.124.148 - - [21/Jul/2026:09:54:47 +0000] "POST /wp-cron.php?doing_wp_cron=1784627687.7832820415496826171875 HTTP/1.1" 200 - "-" "WordPress/7.0.2; https://tajhomehub.shop"
104.23.223.112 - - [21/Jul/2026:09:54:46 +0000] "GET /wp-admin/install.php?step=1 HTTP/1.1" 200 1376 "-" "http://tajhomehub.shop/wp-admin/install.php?step=1"
198.177.124.148 - - [21/Jul/2026:10:02:32 +0000] "GET /.well-known/acme-challenge/DE0SQ8MVRCS4YLPL_6A60WZ4CFUYNFC3 HTTP/1.1" 200 64 "-" "Cpanel-HTTP-Client/1.0"
198.177.124.148 - - [21/Jul/2026:10:02:32 +0000] "GET /.well-known/acme-challenge/5YUJSL-7W59ALUHXAI990XVELKCPVY_3 HTTP/1.1" 200 64 "-" "Cpanel-HTTP-Client/1.0"
43.165.186.188 - - [21/Jul/2026:10:04:13 +0000] "GET / HTTP/1.1" 500 - "-" "Mozilla/5.0 (iPhone; CPU iPhone OS 13_2_3 like Mac OS X) AppleWebKit/605.1.15 (KHTML, like Gecko) Version/13.0.3 Mobile/15E148 Safari/604.1"
66.249.69.196 - - [21/Jul/2026:10:08:17 +0000] "GET /saiga.php?sitemap960.xml HTTP/1.1" 403 521172 "-" "Mozilla/5.0 (compatible; Googlebot/2.1; +http://www.google.com/bot.html)"
172.71.144.172 - - [21/Jul/2026:10:18:40 +0000] "GET /wp-admin/install.php?step=1 HTTP/1.1" 500 - "-" "http://tajhomehub.shop/wp-admin/install.php?step=1"
198.177.124.148 - - [21/Jul/2026:10:24:39 +0000] "POST /wp-cron.php?doing_wp_cron=1784629479.3200979232788085937500 HTTP/1.1" 200 - "-" "WordPress/7.0.2; https://tajhomehub.shop"
105.112.17.49 - - [21/Jul/2026:10:24:35 +0000] "GET /wp-admin/ HTTP/1.1" 302 - "-" "Mozilla/5.0 (Windows NT 10.0; Win64; x64; rv:127.0) Gecko/20100101 Firefox/127.0"
104.23.223.112 - - [21/Jul/2026:10:34:02 +0000] "GET /wp-admin/install.php?step=1 HTTP/1.1" 500 - "-" "http://tajhomehub.shop/wp-admin/install.php?step=1"
105.112.17.49 - - [21/Jul/2026:10:54:41 +0000] "GET / HTTP/1.1" 500 - "-" "Mozilla/5.0 (Windows NT 10.0; Win64; x64; rv:127.0) Gecko/20100101 Firefox/127.0"
105.112.17.49 - - [21/Jul/2026:10:54:48 +0000] "GET / HTTP/1.1" 500 - "-" "Mozilla/5.0 (Windows NT 10.0; Win64; x64; rv:127.0) Gecko/20100101 Firefox/127.0"
162.159.113.113 - - [21/Jul/2026:10:56:46 +0000] "GET /wp-admin/install.php?step=1 HTTP/1.1" 500 - "-" "http://tajhomehub.shop/wp-admin/install.php?step=1"
172.71.148.118 - - [21/Jul/2026:10:58:00 +0000] "GET /wp-admin/install.php?step=1 HTTP/1.1" 500 - "-" "http://tajhomehub.shop/wp-admin/install.php?step=1"
51.158.206.112 - - [21/Jul/2026:11:05:19 +0000] "HEAD / HTTP/1.1" 500 - "-" "python-httpx/0.28.1"
51.158.206.112 - - [21/Jul/2026:11:05:22 +0000] "GET / HTTP/1.1" 500 - "-" "Mozilla/5.0 (X11; Linux x86_64) AppleWebKit/537.36 (KHTML, like Gecko) Chrome/134.0.0.0 Safari/537.3"
51.158.206.112 - - [21/Jul/2026:11:05:27 +0000] "GET /favicon.ico HTTP/1.1" 500 - "-" "Mozilla/5.0 (X11; Linux x86_64) AppleWebKit/537.36 (KHTML, like Gecko) Chrome/134.0.0.0 Safari/537.3"
51.158.206.112 - - [21/Jul/2026:11:05:34 +0000] "GET /ads.txt HTTP/1.1" 500 - "-" "Mozilla/5.0 (X11; Linux x86_64) AppleWebKit/537.36 (KHTML, like Gecko) Chrome/134.0.0.0 Safari/537.3"
51.158.206.112 - - [21/Jul/2026:11:05:35 +0000] "GET /app-ads.txt HTTP/1.1" 500 - "-" "Mozilla/5.0 (X11; Linux x86_64) AppleWebKit/537.36 (KHTML, like Gecko) Chrome/134.0.0.0 Safari/537.3"
51.158.206.112 - - [21/Jul/2026:11:05:35 +0000] "GET /sellers.json HTTP/1.1" 500 - "-" "Mozilla/5.0 (X11; Linux x86_64) AppleWebKit/537.36 (KHTML, like Gecko) Chrome/134.0.0.0 Safari/537.3"
172.71.164.57 - - [21/Jul/2026:11:18:11 +0000] "GET /wp-admin/install.php?step=1 HTTP/1.1" 500 - "-" "http://tajhomehub.shop/wp-admin/install.php?step=1"
172.70.248.154 - - [21/Jul/2026:11:34:22 +0000] "GET /wp-admin/install.php?step=1 HTTP/1.1" 500 - "-" "http://tajhomehub.shop/wp-admin/install.php?step=1"
66.249.69.197 - - [21/Jul/2026:11:39:01 +0000] "GET /?k=15662268736 HTTP/1.1" 200 193906 "-" "Mozilla/5.0 (Linux; Android 6.0.1; Nexus 5X Build/MMB29P) AppleWebKit/537.36 (KHTML, like Gecko) Chrome/150.0.7871.128 Mobile Safari/537.36 (compatible; GoogleOther)"
104.23.221.130 - - [21/Jul/2026:11:44:30 +0000] "GET /wp-admin/install.php?step=1 HTTP/1.1" 500 - "-" "http://tajhomehub.shop/wp-admin/install.php?step=1"
198.177.124.148 - - [21/Jul/2026:11:46:51 +0000] "POST /wp-cron.php?doing_wp_cron=1784634411.1733241081237792968750 HTTP/1.1" 200 - "-" "WordPress/7.0.2; https://tajhomehub.shop"
105.113.80.103 - - [21/Jul/2026:11:46:50 +0000] "GET /wp-admin/ HTTP/1.1" 302 - "-" "Mozilla/5.0 (Windows NT 10.0; Win64; x64; rv:127.0) Gecko/20100101 Firefox/127.0"
66.249.69.196 - - [21/Jul/2026:11:57:40 +0000] "GET /?k=15662268736 HTTP/1.1" 200 193906 "-" "Mozilla/5.0 (Linux; Android 6.0.1; Nexus 5X Build/MMB29P) AppleWebKit/537.36 (KHTML, like Gecko) Chrome/150.0.7871.128 Mobile Safari/537.36 (compatible; Googlebot/2.1; +http://www.google.com/bot.html)"
104.23.217.94 - - [21/Jul/2026:12:02:40 +0000] "GET /wp-admin/install.php?step=1 HTTP/1.1" 500 - "-" "http://tajhomehub.shop/wp-admin/install.php?step=1"
43.153.123.4 - - [21/Jul/2026:12:06:42 +0000] "GET / HTTP/1.1" 500 - "-" "Mozilla/5.0 (iPhone; CPU iPhone OS 13_2_3 like Mac OS X) AppleWebKit/605.1.15 (KHTML, like Gecko) Version/13.0.3 Mobile/15E148 Safari/604.1"
172.69.150.43 - - [21/Jul/2026:12:20:49 +0000] "GET /wp-admin/install.php?step=1 HTTP/1.1" 500 - "-" "http://tajhomehub.shop/wp-admin/install.php?step=1"
104.23.217.95 - - [21/Jul/2026:12:33:10 +0000] "GET /wp-admin/install.php?step=1 HTTP/1.1" 500 - "-" "http://tajhomehub.shop/wp-admin/install.php?step=1"
66.249.69.196 - - [21/Jul/2026:12:34:53 +0000] "GET /?k=15662204345 HTTP/1.1" 200 198203 "-" "Mozilla/5.0 (Linux; Android 6.0.1; Nexus 5X Build/MMB29P) AppleWebKit/537.36 (KHTML, like Gecko) Chrome/150.0.7871.128 Mobile Safari/537.36 (compatible; GoogleOther)"
66.249.69.196 - - [21/Jul/2026:12:35:53 +0000] "GET /?k=15662204345 HTTP/1.1" 200 198203 "-" "Mozilla/5.0 (Linux; Android 6.0.1; Nexus 5X Build/MMB29P) AppleWebKit/537.36 (KHTML, like Gecko) Chrome/150.0.7871.128 Mobile Safari/537.36 (compatible; Googlebot/2.1; +http://www.google.com/bot.html)"
43.164.197.117 - - [21/Jul/2026:12:37:01 +0000] "GET / HTTP/1.1" 500 - "-" "Mozilla/5.0 (iPhone; CPU iPhone OS 13_2_3 like Mac OS X) AppleWebKit/605.1.15 (KHTML, like Gecko) Version/13.0.3 Mobile/15E148 Safari/604.1"
66.249.69.197 - - [21/Jul/2026:12:43:09 +0000] "GET /?y=631781429 HTTP/1.1" 200 193583 "-" "Mozilla/5.0 (Linux; Android 6.0.1; Nexus 5X Build/MMB29P) AppleWebKit/537.36 (KHTML, like Gecko) Chrome/150.0.7871.128 Mobile Safari/537.36 (compatible; GoogleOther)"
66.249.69.196 - - [21/Jul/2026:12:54:42 +0000] "GET /?k=15662194722 HTTP/1.1" 200 191704 "-" "Mozilla/5.0 (Linux; Android 6.0.1; Nexus 5X Build/MMB29P) AppleWebKit/537.36 (KHTML, like Gecko) Chrome/150.0.7871.128 Mobile Safari/537.36 (compatible; GoogleOther)"
66.249.69.196 - - [21/Jul/2026:12:55:47 +0000] "GET /?k=15662194722 HTTP/1.1" 200 191704 "-" "Mozilla/5.0 (Linux; Android 6.0.1; Nexus 5X Build/MMB29P) AppleWebKit/537.36 (KHTML, like Gecko) Chrome/150.0.7871.128 Mobile Safari/537.36 (compatible; Googlebot/2.1; +http://www.google.com/bot.html)"
172.70.248.64 - - [21/Jul/2026:12:58:53 +0000] "GET /wp-admin/install.php?step=1 HTTP/1.1" 500 - "-" "http://tajhomehub.shop/wp-admin/install.php?step=1"
198.177.124.148 - - [21/Jul/2026:13:02:29 +0000] "GET /.well-known/acme-challenge/GSDD52Z2O5MDGB-XI6DRTJF_RP9CYJT3 HTTP/1.1" 200 64 "-" "Cpanel-HTTP-Client/1.0"
198.177.124.148 - - [21/Jul/2026:13:02:30 +0000] "GET /.well-known/acme-challenge/EKIRTWD0-JIQUGOA8XUWUMKA-V1MHM_G HTTP/1.1" 200 64 "-" "Cpanel-HTTP-Client/1.0"
172.71.144.172 - - [21/Jul/2026:13:13:05 +0000] "GET /wp-admin/install.php?step=1 HTTP/1.1" 500 - "-" "http://tajhomehub.shop/wp-admin/install.php?step=1"
43.159.36.180 - - [21/Jul/2026:13:13:16 +0000] "GET / HTTP/1.1" 500 - "-" "Mozilla/5.0 (iPhone; CPU iPhone OS 13_2_3 like Mac OS X) AppleWebKit/605.1.15 (KHTML, like Gecko) Version/13.0.3 Mobile/15E148 Safari/604.1"
66.249.69.196 - - [21/Jul/2026:13:13:47 +0000] "GET /?k=3612477274 HTTP/1.1" 200 193812 "-" "Mozilla/5.0 (Linux; Android 6.0.1; Nexus 5X Build/MMB29P) AppleWebKit/537.36 (KHTML, like Gecko) Chrome/150.0.7871.128 Mobile Safari/537.36 (compatible; GoogleOther)"
66.249.69.197 - - [21/Jul/2026:13:14:55 +0000] "GET /?k=15662144440 HTTP/1.1" 200 194927 "-" "Mozilla/5.0 (Linux; Android 6.0.1; Nexus 5X Build/MMB29P) AppleWebKit/537.36 (KHTML, like Gecko) Chrome/150.0.7871.128 Mobile Safari/537.36 (compatible; GoogleOther)"
66.249.69.196 - - [21/Jul/2026:13:16:15 +0000] "GET /?k=15662144440 HTTP/1.1" 200 194927 "-" "Mozilla/5.0 (Linux; Android 6.0.1; Nexus 5X Build/MMB29P) AppleWebKit/537.36 (KHTML, like Gecko) Chrome/150.0.7871.128 Mobile Safari/537.36 (compatible; Googlebot/2.1; +http://www.google.com/bot.html)"
66.249.69.196 - - [21/Jul/2026:13:17:02 +0000] "GET /?k=3612477274 HTTP/1.1" 200 193812 "-" "Mozilla/5.0 (Linux; Android 6.0.1; Nexus 5X Build/MMB29P) AppleWebKit/537.36 (KHTML, like Gecko) Chrome/150.0.7871.128 Mobile Safari/537.36 (compatible; Googlebot/2.1; +http://www.google.com/bot.html)"
172.71.144.173 - - [21/Jul/2026:13:19:41 +0000] "GET /wp-admin/install.php?step=1 HTTP/1.1" 500 - "-" "http://tajhomehub.shop/wp-admin/install.php?step=1"
172.69.150.43 - - [21/Jul/2026:13:35:24 +0000] "GET /wp-admin/install.php?step=1 HTTP/1.1" 500 - "-" "http://tajhomehub.shop/wp-admin/install.php?step=1"
172.69.150.43 - - [21/Jul/2026:13:45:22 +0000] "GET /wp-admin/install.php?step=1 HTTP/1.1" 500 - "-" "http://tajhomehub.shop/wp-admin/install.php?step=1"
104.23.221.130 - - [21/Jul/2026:14:09:49 +0000] "GET /wp-admin/install.php?step=1 HTTP/1.1" 404 81035 "-" "http://tajhomehub.shop/wp-admin/install.php?step=1"
66.249.69.196 - - [21/Jul/2026:14:10:03 +0000] "GET /?k=36124245864 HTTP/1.1" 200 95309 "-" "Mozilla/5.0 (Linux; Android 6.0.1; Nexus 5X Build/MMB29P) AppleWebKit/537.36 (KHTML, like Gecko) Chrome/150.0.7871.128 Mobile Safari/537.36 (compatible; GoogleOther)"
172.71.172.130 - - [21/Jul/2026:14:14:54 +0000] "GET /wp-admin/install.php?step=1 HTTP/1.1" 404 81035 "-" "http://tajhomehub.shop/wp-admin/install.php?step=1"
156.59.26.87 - - [21/Jul/2026:14:15:21 +0000] "GET /wp-login.php HTTP/1.1" 302 - "-" "Mozilla/5.0"
129.211.172.249 - - [21/Jul/2026:14:16:05 +0000] "GET / HTTP/1.1" 200 95309 "-" "Mozilla/5.0 (iPhone; CPU iPhone OS 13_2_3 like Mac OS X) AppleWebKit/605.1.15 (KHTML, like Gecko) Version/13.0.3 Mobile/15E148 Safari/604.1"
66.249.69.196 - - [21/Jul/2026:14:22:19 +0000] "GET /wp-includes/blocks/navigation/style.min.css?ver=7.0.2 HTTP/1.1" 200 20709 "http://tajhomehub.shop/?k=36124245864" "Mozilla/5.0 (Linux; Android 6.0.1; Nexus 5X Build/MMB29P) AppleWebKit/537.36 (KHTML, like Gecko) Chrome/150.0.7871.128 Mobile Safari/537.36 (compatible; GoogleOther)"
66.249.69.196 - - [21/Jul/2026:14:22:23 +0000] "GET /wp-includes/js/jquery/jquery.min.js?ver=3.7.1 HTTP/1.1" 200 87553 "http://tajhomehub.shop/?k=36124245864" "Mozilla/5.0 (Linux; Android 6.0.1; Nexus 5X Build/MMB29P) AppleWebKit/537.36 (KHTML, like Gecko) Chrome/150.0.7871.128 Mobile Safari/537.36 (compatible; GoogleOther)"
66.249.69.196 - - [21/Jul/2026:14:22:33 +0000] "GET /wp-includes/js/dist/script-modules/interactivity/index.min.js?ver=efaa5193bbad9c60ffd1 HTTP/1.1" 200 40106 "http://tajhomehub.shop/?k=36124245864" "Mozilla/5.0 (Linux; Android 6.0.1; Nexus 5X Build/MMB29P) AppleWebKit/537.36 (KHTML, like Gecko) Chrome/150.0.7871.128 Mobile Safari/537.36 (compatible; GoogleOther)"
66.249.69.196 - - [21/Jul/2026:14:22:47 +0000] "GET /wp-content/plugins/pixelyoursite/dist/scripts/tld.min.js?ver=2.3.1 HTTP/1.1" 200 141079 "http://tajhomehub.shop/?k=36124245864" "Mozilla/5.0 (Linux; Android 6.0.1; Nexus 5X Build/MMB29P) AppleWebKit/537.36 (KHTML, like Gecko) Chrome/150.0.7871.128 Mobile Safari/537.36 (compatible; GoogleOther)"
66.249.69.197 - - [21/Jul/2026:14:37:22 +0000] "GET /?t=2464181089 HTTP/1.1" 200 95309 "-" "Mozilla/5.0 (Linux; Android 6.0.1; Nexus 5X Build/MMB29P) AppleWebKit/537.36 (KHTML, like Gecko) Chrome/150.0.7871.128 Mobile Safari/537.36 (compatible; GoogleOther)"
66.249.69.197 - - [21/Jul/2026:14:37:26 +0000] "GET /wp-includes/blocks/navigation/style.min.css?ver=7.0.2 HTTP/1.1" 200 20709 "http://tajhomehub.shop/?t=2464181089" "Mozilla/5.0 (Linux; Android 6.0.1; Nexus 5X Build/MMB29P) AppleWebKit/537.36 (KHTML, like Gecko) Chrome/150.0.7871.128 Mobile Safari/537.36 (compatible; GoogleOther)"
66.249.69.196 - - [21/Jul/2026:14:37:32 +0000] "GET /wp-includes/js/jquery/jquery-migrate.min.js?ver=3.4.1 HTTP/1.1" 200 13577 "http://tajhomehub.shop/?t=2464181089" "Mozilla/5.0 (Linux; Android 6.0.1; Nexus 5X Build/MMB29P) AppleWebKit/537.36 (KHTML, like Gecko) Chrome/150.0.7871.128 Mobile Safari/537.36 (compatible; GoogleOther)"
66.249.69.196 - - [21/Jul/2026:14:37:35 +0000] "GET /wp-includes/js/dist/script-modules/interactivity/index.min.js?ver=efaa5193bbad9c60ffd1 HTTP/1.1" 200 40106 "http://tajhomehub.shop/?t=2464181089" "Mozilla/5.0 (Linux; Android 6.0.1; Nexus 5X Build/MMB29P) AppleWebKit/537.36 (KHTML, like Gecko) Chrome/150.0.7871.128 Mobile Safari/537.36 (compatible; GoogleOther)"
66.249.69.196 - - [21/Jul/2026:14:37:40 +0000] "GET /wp-includes/js/dist/script-modules/block-library/navigation/view.min.js?ver=96a846e1d7b789c39ab9 HTTP/1.1" 200 3053 "http://tajhomehub.shop/?t=2464181089" "Mozilla/5.0 (Linux; Android 6.0.1; Nexus 5X Build/MMB29P) AppleWebKit/537.36 (KHTML, like Gecko) Chrome/150.0.7871.128 Mobile Safari/537.36 (compatible; GoogleOther)"
66.249.69.196 - - [21/Jul/2026:14:37:44 +0000] "GET /wp-content/plugins/pixelyoursite/dist/scripts/jquery.bind-first-0.2.3.min.js?ver=0.2.3 HTTP/1.1" 200 1317 "http://tajhomehub.shop/?t=2464181089" "Mozilla/5.0 (Linux; Android 6.0.1; Nexus 5X Build/MMB29P) AppleWebKit/537.36 (KHTML, like Gecko) Chrome/150.0.7871.128 Mobile Safari/537.36 (compatible; GoogleOther)"
66.249.69.196 - - [21/Jul/2026:14:37:47 +0000] "GET /wp-content/plugins/pixelyoursite/dist/scripts/js.cookie-2.1.3.min.js?ver=2.1.3 HTTP/1.1" 200 1709 "http://tajhomehub.shop/?t=2464181089" "Mozilla/5.0 (Linux; Android 6.0.1; Nexus 5X Build/MMB29P) AppleWebKit/537.36 (KHTML, like Gecko) Chrome/150.0.7871.128 Mobile Safari/537.36 (compatible; GoogleOther)"
66.249.69.196 - - [21/Jul/2026:14:37:50 +0000] "GET /wp-content/plugins/pixelyoursite/dist/scripts/public.js?ver=11.2.1 HTTP/1.1" 200 172979 "http://tajhomehub.shop/?t=2464181089" "Mozilla/5.0 (Linux; Android 6.0.1; Nexus 5X Build/MMB29P) AppleWebKit/537.36 (KHTML, like Gecko) Chrome/150.0.7871.128 Mobile Safari/537.36 (compatible; GoogleOther)"
66.249.69.196 - - [21/Jul/2026:14:37:52 +0000] "GET /wp-content/plugins/pixelyoursite/dist/scripts/tld.min.js?ver=2.3.1 HTTP/1.1" 200 141079 "http://tajhomehub.shop/?t=2464181089" "Mozilla/5.0 (Linux; Android 6.0.1; Nexus 5X Build/MMB29P) AppleWebKit/537.36 (KHTML, like Gecko) Chrome/150.0.7871.128 Mobile Safari/537.36 (compatible; GoogleOther)"
162.158.95.101 - - [21/Jul/2026:14:39:33 +0000] "GET /wp-admin/install.php?step=1 HTTP/1.1" 404 81035 "-" "http://tajhomehub.shop/wp-admin/install.php?step=1"
103.139.144.206 - - [21/Jul/2026:14:46:11 +0000] "GET /wp-login.php HTTP/1.1" 302 - "-" "Mozilla/5.0"
172.71.182.21 - - [21/Jul/2026:14:52:55 +0000] "GET /wp-admin/install.php?step=1 HTTP/1.1" 404 81035 "-" "http://tajhomehub.shop/wp-admin/install.php?step=1"
105.113.80.103 - - [21/Jul/2026:14:56:41 +0000] "GET /wp-admin/ HTTP/1.1" 302 - "-" "Mozilla/5.0 (Windows NT 10.0; Win64; x64; rv:127.0) Gecko/20100101 Firefox/127.0"
198.177.124.148 - - [21/Jul/2026:14:59:24 +0000] "POST /wp-cron.php?doing_wp_cron=1784645964.7422230243682861328125 HTTP/1.1" 200 - "-" "WordPress/7.0.2; https://tajhomehub.shop"
103.139.144.206 - - [21/Jul/2026:14:59:22 +0000] "GET /wp-login.php HTTP/1.1" 302 - "-" "Mozilla/5.0"
66.249.69.197 - - [21/Jul/2026:14:59:57 +0000] "GET /?k=15662219383 HTTP/1.1" 200 95309 "-" "Mozilla/5.0 (compatible; Googlebot/2.1; +http://www.google.com/bot.html)"
104.23.217.94 - - [21/Jul/2026:15:00:51 +0000] "GET /wp-admin/install.php?step=1 HTTP/1.1" 404 81035 "-" "http://tajhomehub.shop/wp-admin/install.php?step=1"
198.177.124.148 - - [21/Jul/2026:15:03:18 +0000] "POST /wp-cron.php?doing_wp_cron=1784646198.2820138931274414062500 HTTP/1.1" 200 - "-" "WordPress/7.0.2; https://tajhomehub.shop"
43.157.156.190 - - [21/Jul/2026:15:03:16 +0000] "GET / HTTP/1.1" 301 - "-" "Mozilla/5.0 (iPhone; CPU iPhone OS 13_2_3 like Mac OS X) AppleWebKit/605.1.15 (KHTML, like Gecko) Version/13.0.3 Mobile/15E148 Safari/604.1"
43.157.156.190 - - [21/Jul/2026:15:03:19 +0000] "GET / HTTP/1.1" 200 95541 "http://www.tajhomehub.shop" "Mozilla/5.0 (iPhone; CPU iPhone OS 13_2_3 like Mac OS X) AppleWebKit/605.1.15 (KHTML, like Gecko) Version/13.0.3 Mobile/15E148 Safari/604.1"
66.249.69.196 - - [21/Jul/2026:15:12:28 +0000] "GET /saiga.php?sitemap466.xml HTTP/1.1" 200 539196 "-" "Mozilla/5.0 (compatible; Googlebot/2.1; +http://www.google.com/bot.html)"
162.158.110.102 - - [21/Jul/2026:15:22:01 +0000] "GET /wp-admin/install.php?step=1 HTTP/1.1" 404 81267 "-" "http://tajhomehub.shop/wp-admin/install.php?step=1"
172.71.164.56 - - [21/Jul/2026:15:29:26 +0000] "GET /wp-admin/install.php?step=1 HTTP/1.1" 404 81267 "-" "http://tajhomehub.shop/wp-admin/install.php?step=1"
66.249.69.196 - - [21/Jul/2026:15:30:26 +0000] "GET /saiga.php?sitemap530.xml HTTP/1.1" 200 539164 "-" "Mozilla/5.0 (compatible; Googlebot/2.1; +http://www.google.com/bot.html)"
172.70.248.64 - - [21/Jul/2026:15:31:54 +0000] "GET /wp-admin/install.php?step=1 HTTP/1.1" 404 81267 "-" "http://tajhomehub.shop/wp-admin/install.php?step=1"
98.93.232.193 - - [21/Jul/2026:15:43:47 +0000] "GET / HTTP/1.1" 200 95541 "-" "Mozilla/4.0 (compatible; MSIE 4.01; Windows CE; PPC; MDA Pro/1.0 Profile/MIDP-2.0 Configuration/CLDC-1.1)"
104.22.123.52 - - [21/Jul/2026:15:47:44 +0000] "GET /wp-admin/install.php?step=1 HTTP/1.1" 404 81267 "-" "http://tajhomehub.shop/wp-admin/install.php?step=1"
43.165.195.234 - - [21/Jul/2026:15:48:07 +0000] "GET / HTTP/1.1" 200 95541 "-" "Mozilla/5.0 (iPhone; CPU iPhone OS 13_2_3 like Mac OS X) AppleWebKit/605.1.15 (KHTML, like Gecko) Version/13.0.3 Mobile/15E148 Safari/604.1"
66.249.69.197 - - [21/Jul/2026:15:51:00 +0000] "GET /?k=1566260348 HTTP/1.1" 200 95541 "-" "Mozilla/5.0 (Linux; Android 6.0.1; Nexus 5X Build/MMB29P) AppleWebKit/537.36 (KHTML, like Gecko) Chrome/150.0.7871.128 Mobile Safari/537.36 (compatible; GoogleOther)"
66.249.69.196 - - [21/Jul/2026:15:51:09 +0000] "GET /wp-includes/js/jquery/jquery.min.js?ver=3.7.1 HTTP/1.1" 200 87553 "http://tajhomehub.shop/?k=1566260348" "Mozilla/5.0 (Linux; Android 6.0.1; Nexus 5X Build/MMB29P) AppleWebKit/537.36 (KHTML, like Gecko) Chrome/150.0.7871.128 Mobile Safari/537.36 (compatible; GoogleOther)"
66.249.69.196 - - [21/Jul/2026:15:51:15 +0000] "GET /wp-includes/js/jquery/jquery-migrate.min.js?ver=3.4.1 HTTP/1.1" 200 13577 "http://tajhomehub.shop/?k=1566260348" "Mozilla/5.0 (Linux; Android 6.0.1; Nexus 5X Build/MMB29P) AppleWebKit/537.36 (KHTML, like Gecko) Chrome/150.0.7871.128 Mobile Safari/537.36 (compatible; GoogleOther)"
66.249.69.196 - - [21/Jul/2026:15:51:20 +0000] "GET /wp-includes/js/dist/script-modules/interactivity/index.min.js?ver=efaa5193bbad9c60ffd1 HTTP/1.1" 200 40106 "http://tajhomehub.shop/?k=1566260348" "Mozilla/5.0 (Linux; Android 6.0.1; Nexus 5X Build/MMB29P) AppleWebKit/537.36 (KHTML, like Gecko) Chrome/150.0.7871.128 Mobile Safari/537.36 (compatible; GoogleOther)"
66.249.69.196 - - [21/Jul/2026:15:51:26 +0000] "GET /wp-includes/js/dist/script-modules/block-library/navigation/view.min.js?ver=96a846e1d7b789c39ab9 HTTP/1.1" 200 3053 "http://tajhomehub.shop/?k=1566260348" "Mozilla/5.0 (Linux; Android 6.0.1; Nexus 5X Build/MMB29P) AppleWebKit/537.36 (KHTML, like Gecko) Chrome/150.0.7871.128 Mobile Safari/537.36 (compatible; GoogleOther)"
66.249.69.196 - - [21/Jul/2026:15:51:30 +0000] "GET /wp-content/plugins/pixelyoursite/dist/scripts/jquery.bind-first-0.2.3.min.js?ver=0.2.3 HTTP/1.1" 200 1317 "http://tajhomehub.shop/?k=1566260348" "Mozilla/5.0 (Linux; Android 6.0.1; Nexus 5X Build/MMB29P) AppleWebKit/537.36 (KHTML, like Gecko) Chrome/150.0.7871.128 Mobile Safari/537.36 (compatible; GoogleOther)"
66.249.69.196 - - [21/Jul/2026:15:51:34 +0000] "GET /wp-content/plugins/pixelyoursite/dist/scripts/js.cookie-2.1.3.min.js?ver=2.1.3 HTTP/1.1" 200 1709 "http://tajhomehub.shop/?k=1566260348" "Mozilla/5.0 (Linux; Android 6.0.1; Nexus 5X Build/MMB29P) AppleWebKit/537.36 (KHTML, like Gecko) Chrome/150.0.7871.128 Mobile Safari/537.36 (compatible; GoogleOther)"
66.249.69.196 - - [21/Jul/2026:15:51:39 +0000] "GET /wp-content/plugins/pixelyoursite/dist/scripts/public.js?ver=11.2.1 HTTP/1.1" 200 172979 "http://tajhomehub.shop/?k=1566260348" "Mozilla/5.0 (Linux; Android 6.0.1; Nexus 5X Build/MMB29P) AppleWebKit/537.36 (KHTML, like Gecko) Chrome/150.0.7871.128 Mobile Safari/537.36 (compatible; GoogleOther)"
66.249.69.196 - - [21/Jul/2026:15:56:03 +0000] "GET /?k=15662249530 HTTP/1.1" 200 95541 "-" "Mozilla/5.0 (Linux; Android 6.0.1; Nexus 5X Build/MMB29P) AppleWebKit/537.36 (KHTML, like Gecko) Chrome/150.0.7871.128 Mobile Safari/537.36 (compatible; GoogleOther)"
66.249.69.196 - - [21/Jul/2026:15:56:10 +0000] "GET /wp-includes/js/jquery/jquery.min.js?ver=3.7.1 HTTP/1.1" 200 87553 "http://tajhomehub.shop/?k=15662249530" "Mozilla/5.0 (Linux; Android 6.0.1; Nexus 5X Build/MMB29P) AppleWebKit/537.36 (KHTML, like Gecko) Chrome/150.0.7871.128 Mobile Safari/537.36 (compatible; GoogleOther)"
66.249.69.196 - - [21/Jul/2026:15:58:35 +0000] "GET /?m=1972092290 HTTP/1.1" 404 81247 "-" "Mozilla/5.0 (Linux; Android 6.0.1; Nexus 5X Build/MMB29P) AppleWebKit/537.36 (KHTML, like Gecko) Chrome/150.0.7871.128 Mobile Safari/537.36 (compatible; GoogleOther)"
198.177.124.148 - - [21/Jul/2026:16:02:27 +0000] "GET /.well-known/acme-challenge/BG0548-5L9IFGQ4MMQ5OY82E7M2573T8 HTTP/1.1" 200 64 "-" "Cpanel-HTTP-Client/1.0"
198.177.124.148 - - [21/Jul/2026:16:02:27 +0000] "GET /.well-known/acme-challenge/MZ2IZFS7NKEQFJMUG7DG8P1IDQFMPLKH HTTP/1.1" 200 64 "-" "Cpanel-HTTP-Client/1.0"
172.70.248.64 - - [21/Jul/2026:16:18:45 +0000] "GET /wp-admin/install.php?step=1 HTTP/1.1" 404 81267 "-" "http://tajhomehub.shop/wp-admin/install.php?step=1"
162.158.110.102 - - [21/Jul/2026:16:21:54 +0000] "GET /wp-admin/install.php?step=1 HTTP/1.1" 404 81267 "-" "http://tajhomehub.shop/wp-admin/install.php?step=1"
43.159.34.167 - - [21/Jul/2026:16:22:40 +0000] "GET / HTTP/1.1" 301 - "-" "Mozilla/5.0 (iPhone; CPU iPhone OS 13_2_3 like Mac OS X) AppleWebKit/605.1.15 (KHTML, like Gecko) Version/13.0.3 Mobile/15E148 Safari/604.1"
43.159.34.167 - - [21/Jul/2026:16:22:42 +0000] "GET / HTTP/1.1" 200 95541 "http://www.tajhomehub.shop" "Mozilla/5.0 (iPhone; CPU iPhone OS 13_2_3 like Mac OS X) AppleWebKit/605.1.15 (KHTML, like Gecko) Version/13.0.3 Mobile/15E148 Safari/604.1"
66.249.69.196 - - [21/Jul/2026:16:29:45 +0000] "GET /sitemap.xml HTTP/1.1" 301 - "-" "Mozilla/5.0 (compatible; Googlebot/2.1; +http://www.google.com/bot.html)"
66.249.69.197 - - [21/Jul/2026:16:33:25 +0000] "GET /?y=63152112859 HTTP/1.1" 200 95541 "-" "Mozilla/5.0 (Linux; Android 6.0.1; Nexus 5X Build/MMB29P) AppleWebKit/537.36 (KHTML, like Gecko) Chrome/150.0.7871.128 Mobile Safari/537.36 (compatible; GoogleOther)"
162.158.182.42 - - [21/Jul/2026:16:39:43 +0000] "GET /wp-admin/install.php?step=1 HTTP/1.1" 404 81267 "-" "http://tajhomehub.shop/wp-admin/install.php?step=1"
104.23.221.131 - - [21/Jul/2026:16:46:14 +0000] "GET /wp-admin/install.php?step=1 HTTP/1.1" 404 81267 "-" "http://tajhomehub.shop/wp-admin/install.php?step=1"
198.177.124.148 - - [21/Jul/2026:16:50:43 +0000] "POST /wp-cron.php?doing_wp_cron=1784652643.6988608837127685546875 HTTP/1.1" 200 - "-" "WordPress/7.0.2; https://tajhomehub.shop"
66.249.69.196 - - [21/Jul/2026:16:50:40 +0000] "GET /?n=9525153592 HTTP/1.1" 200 95541 "-" "Mozilla/5.0 (Linux; Android 6.0.1; Nexus 5X Build/MMB29P) AppleWebKit/537.36 (KHTML, like Gecko) Chrome/150.0.7871.128 Mobile Safari/537.36 (compatible; GoogleOther)"
104.23.221.131 - - [21/Jul/2026:17:03:28 +0000] "GET /wp-admin/install.php?step=1 HTTP/1.1" 404 81267 "-" "http://tajhomehub.shop/wp-admin/install.php?step=1"
66.249.69.196 - - [21/Jul/2026:17:13:45 +0000] "GET /?t=24641183212 HTTP/1.1" 200 95541 "-" "Mozilla/5.0 (Linux; Android 6.0.1; Nexus 5X Build/MMB29P) AppleWebKit/537.36 (KHTML, like Gecko) Chrome/150.0.7871.128 Mobile Safari/537.36 (compatible; GoogleOther)"
172.70.240.156 - - [21/Jul/2026:17:25:08 +0000] "GET /wp-admin/install.php?step=1 HTTP/1.1" 404 81267 "-" "http://tajhomehub.shop/wp-admin/install.php?step=1"
198.177.124.148 - - [21/Jul/2026:17:31:39 +0000] "POST /wp-cron.php?doing_wp_cron=1784655099.0401859283447265625000 HTTP/1.1" 200 - "-" "WordPress/7.0.2; https://tajhomehub.shop"
162.158.95.101 - - [21/Jul/2026:17:31:34 +0000] "GET /wp-admin/install.php?step=1 HTTP/1.1" 404 81267 "-" "http://tajhomehub.shop/wp-admin/install.php?step=1"
66.249.69.196 - - [21/Jul/2026:17:41:46 +0000] "GET /ammika.php?d=57385220119 HTTP/1.1" 200 197670 "-" "Mozilla/5.0 (compatible; Googlebot/2.1; +http://www.google.com/bot.html)"
198.177.124.148 - - [21/Jul/2026:17:51:15 +0000] "POST /wp-cron.php?doing_wp_cron=1784656275.7039740085601806640625 HTTP/1.1" 200 - "-" "WordPress/7.0.2; https://tajhomehub.shop"
66.249.69.196 - - [21/Jul/2026:17:51:14 +0000] "GET /?k=15662190504 HTTP/1.1" 200 95541 "-" "Mozilla/5.0 (Linux; Android 6.0.1; Nexus 5X Build/MMB29P) AppleWebKit/537.36 (KHTML, like Gecko) Chrome/150.0.7871.128 Mobile Safari/537.36 (compatible; GoogleOther)"
66.249.69.197 - - [21/Jul/2026:17:52:22 +0000] "GET /wp-includes/js/jquery/jquery.min.js?ver=3.7.1 HTTP/1.1" 200 87553 "http://tajhomehub.shop/?k=15662190504" "Mozilla/5.0 (Linux; Android 6.0.1; Nexus 5X Build/MMB29P) AppleWebKit/537.36 (KHTML, like Gecko) Chrome/150.0.7871.128 Mobile Safari/537.36 (compatible; GoogleOther)"
66.249.69.197 - - [21/Jul/2026:17:52:24 +0000] "GET /wp-includes/blocks/navigation/style.min.css?ver=7.0.2 HTTP/1.1" 200 20709 "http://tajhomehub.shop/?k=15662190504" "Mozilla/5.0 (Linux; Android 6.0.1; Nexus 5X Build/MMB29P) AppleWebKit/537.36 (KHTML, like Gecko) Chrome/150.0.7871.128 Mobile Safari/537.36 (compatible; GoogleOther)"
66.249.69.196 - - [21/Jul/2026:17:52:26 +0000] "GET /wp-includes/js/jquery/jquery-migrate.min.js?ver=3.4.1 HTTP/1.1" 200 13577 "http://tajhomehub.shop/?k=15662190504" "Mozilla/5.0 (Linux; Android 6.0.1; Nexus 5X Build/MMB29P) AppleWebKit/537.36 (KHTML, like Gecko) Chrome/150.0.7871.128 Mobile Safari/537.36 (compatible; GoogleOther)"
66.249.69.196 - - [21/Jul/2026:17:52:30 +0000] "GET /wp-includes/js/dist/script-modules/interactivity/index.min.js?ver=efaa5193bbad9c60ffd1 HTTP/1.1" 200 40106 "http://tajhomehub.shop/?k=15662190504" "Mozilla/5.0 (Linux; Android 6.0.1; Nexus 5X Build/MMB29P) AppleWebKit/537.36 (KHTML, like Gecko) Chrome/150.0.7871.128 Mobile Safari/537.36 (compatible; GoogleOther)"
66.249.69.196 - - [21/Jul/2026:17:52:33 +0000] "GET /wp-includes/js/dist/script-modules/block-library/navigation/view.min.js?ver=96a846e1d7b789c39ab9 HTTP/1.1" 200 3053 "http://tajhomehub.shop/?k=15662190504" "Mozilla/5.0 (Linux; Android 6.0.1; Nexus 5X Build/MMB29P) AppleWebKit/537.36 (KHTML, like Gecko) Chrome/150.0.7871.128 Mobile Safari/537.36 (compatible; GoogleOther)"
66.249.69.196 - - [21/Jul/2026:17:52:35 +0000] "GET /wp-content/plugins/pixelyoursite/dist/scripts/jquery.bind-first-0.2.3.min.js?ver=0.2.3 HTTP/1.1" 200 1317 "http://tajhomehub.shop/?k=15662190504" "Mozilla/5.0 (Linux; Android 6.0.1; Nexus 5X Build/MMB29P) AppleWebKit/537.36 (KHTML, like Gecko) Chrome/150.0.7871.128 Mobile Safari/537.36 (compatible; GoogleOther)"
66.249.69.196 - - [21/Jul/2026:17:52:37 +0000] "GET /wp-content/plugins/pixelyoursite/dist/scripts/js.cookie-2.1.3.min.js?ver=2.1.3 HTTP/1.1" 200 1709 "http://tajhomehub.shop/?k=15662190504" "Mozilla/5.0 (Linux; Android 6.0.1; Nexus 5X Build/MMB29P) AppleWebKit/537.36 (KHTML, like Gecko) Chrome/150.0.7871.128 Mobile Safari/537.36 (compatible; GoogleOther)"
66.249.69.196 - - [21/Jul/2026:17:52:41 +0000] "GET /wp-content/plugins/pixelyoursite/dist/scripts/tld.min.js?ver=2.3.1 HTTP/1.1" 200 141079 "http://tajhomehub.shop/?k=15662190504" "Mozilla/5.0 (Linux; Android 6.0.1; Nexus 5X Build/MMB29P) AppleWebKit/537.36 (KHTML, like Gecko) Chrome/150.0.7871.128 Mobile Safari/537.36 (compatible; GoogleOther)"
66.249.69.196 - - [21/Jul/2026:17:52:45 +0000] "GET /wp-content/plugins/pixelyoursite/dist/scripts/public.js?ver=11.2.1 HTTP/1.1" 200 172979 "http://tajhomehub.shop/?k=15662190504" "Mozilla/5.0 (Linux; Android 6.0.1; Nexus 5X Build/MMB29P) AppleWebKit/537.36 (KHTML, like Gecko) Chrome/150.0.7871.128 Mobile Safari/537.36 (compatible; GoogleOther)"
