136.67.60.28 - - [21/Jul/2026:23:15:31 +0000] "GET /bootstrap.php HTTP/1.1" 302 37406 "-" "Mozilla/5.0 (Windows NT 10.0; Win64; x64) AppleWebKit/537.36 (KHTML, like Gecko) Chrome/91.0.4472.124 Safari/537.36"
136.67.60.28 - - [21/Jul/2026:23:15:31 +0000] "GET /bootstrap.php?p= HTTP/1.1" 200 37406 "http://sunnyjoeglobal.shop/bootstrap.php" "Mozilla/5.0 (Windows NT 10.0; Win64; x64) AppleWebKit/537.36 (KHTML, like Gecko) Chrome/91.0.4472.124 Safari/537.36"
192.178.6.102 - - [21/Jul/2026:23:18:04 +0000] "GET /saiga.php?sitemap881.xml HTTP/1.1" 200 551092 "-" "Mozilla/5.0 (compatible; Googlebot/2.1; +http://www.google.com/bot.html)"
198.177.124.148 - - [21/Jul/2026:23:18:10 +0000] "POST /wp-cron.php?doing_wp_cron=1784675890.0115900039672851562500 HTTP/1.1" 200 - "-" "WordPress/7.0.2; https://sunnyjoeglobal.shop"
104.23.223.19 - - [21/Jul/2026:23:18:08 +0000] "GET /wp-admin/install.php?step=1 HTTP/1.1" 200 1404 "-" "http://sunnyjoeglobal.shop/wp-admin/install.php?step=1"
136.67.60.28 - - [21/Jul/2026:23:21:48 +0000] "GET /wp-content/plugins/config-cs/bootstrap.php HTTP/1.1" 302 37464 "-" "Mozilla/5.0 (Windows NT 10.0; Win64; x64) AppleWebKit/537.36 (KHTML, like Gecko) Chrome/91.0.4472.124 Safari/537.36"
136.67.60.28 - - [21/Jul/2026:23:21:48 +0000] "GET /wp-content/plugins/config-cs/bootstrap.php?p= HTTP/1.1" 200 37464 "http://sunnyjoeglobal.shop/wp-content/plugins/config-cs/bootstrap.php" "Mozilla/5.0 (Windows NT 10.0; Win64; x64) AppleWebKit/537.36 (KHTML, like Gecko) Chrome/91.0.4472.124 Safari/537.36"
204.8.98.85 - - [21/Jul/2026:23:23:50 +0000] "HEAD /?author=1 HTTP/1.1" 200 - "https://www.google.com" "Mozilla/5.0 (Windows NT 10.0; Win64; x64) AppleWebKit/537.36 (KHTML, like Gecko) Chrome/143.0.0.0 Safari/537.36"
204.8.98.85 - - [21/Jul/2026:23:23:51 +0000] "GET /wp-json/wp/v2/users HTTP/1.1" 301 - "https://www.google.com" "Mozilla/5.0 (Windows NT 10.0; Win64; x64) AppleWebKit/537.36 (KHTML, like Gecko) Chrome/143.0.0.0 Safari/537.36"
192.178.6.103 - - [21/Jul/2026:23:26:36 +0000] "GET /sitemap.xml HTTP/1.1" 301 - "-" "Mozilla/5.0 (compatible; Googlebot/2.1; +http://www.google.com/bot.html)"
192.178.6.102 - - [21/Jul/2026:23:26:39 +0000] "GET /sitemap.xml/ HTTP/1.1" 200 92401 "-" "Mozilla/5.0 (compatible; Googlebot/2.1; +http://www.google.com/bot.html)"
172.69.150.25 - - [21/Jul/2026:23:28:07 +0000] "GET /wp-admin/install.php?step=1 HTTP/1.1" 200 1404 "-" "http://sunnyjoeglobal.shop/wp-admin/install.php?step=1"
192.178.6.104 - - [21/Jul/2026:23:34:29 +0000] "GET /saiga.php?sitemap299.xml HTTP/1.1" 200 551164 "-" "Mozilla/5.0 (compatible; Googlebot/2.1; +http://www.google.com/bot.html)"
104.23.221.64 - - [21/Jul/2026:23:37:52 +0000] "GET /wp-admin/install.php?step=1 HTTP/1.1" 200 1404 "-" "http://sunnyjoeglobal.shop/wp-admin/install.php?step=1"
172.70.160.146 - - [22/Jul/2026:00:06:03 +0000] "GET /wp-admin/install.php?step=1 HTTP/1.1" 200 1404 "-" "http://sunnyjoeglobal.shop/wp-admin/install.php?step=1"
192.178.6.102 - - [22/Jul/2026:00:10:47 +0000] "GET /saiga.php?sitemap409.xml HTTP/1.1" 200 551171 "-" "Mozilla/5.0 (compatible; Googlebot/2.1; +http://www.google.com/bot.html)"
124.156.179.141 - - [22/Jul/2026:00:11:55 +0000] "GET / HTTP/1.1" 200 92401 "-" "Mozilla/5.0 (iPhone; CPU iPhone OS 13_2_3 like Mac OS X) AppleWebKit/605.1.15 (KHTML, like Gecko) Version/13.0.3 Mobile/15E148 Safari/604.1"
198.177.124.148 - - [22/Jul/2026:00:18:37 +0000] "POST /wp-cron.php?doing_wp_cron=1784679517.9709959030151367187500 HTTP/1.1" 200 - "-" "WordPress/7.0.2; https://sunnyjoeglobal.shop"
162.158.111.91 - - [22/Jul/2026:00:18:36 +0000] "GET /wp-admin/install.php?step=1 HTTP/1.1" 200 1404 "-" "http://sunnyjoeglobal.shop/wp-admin/install.php?step=1"
142.54.166.194 - - [22/Jul/2026:00:27:48 +0000] "GET /11965qmdaamk88mewttmp9 HTTP/1.0" 301 - "-" "Googlebot/2.1 (+http://www.google.com/bot.html)"
142.54.166.194 - - [22/Jul/2026:00:27:50 +0000] "GET /11965qmdaamk88mewttmp9/ HTTP/1.0" 200 92401 "-" "Googlebot/2.1 (+http://www.google.com/bot.html)"
142.54.166.194 - - [22/Jul/2026:00:27:52 +0000] "GET /ammika.php?8416qkuaarl38mewttme49 HTTP/1.0" 200 6057 "-" "Googlebot/2.1 (+http://www.google.com/bot.html)"
192.178.6.102 - - [22/Jul/2026:00:29:21 +0000] "GET /saiga.php?items/O45774188291/ HTTP/1.1" 200 199385 "-" "Mozilla/5.0 (compatible; Googlebot/2.1; +http://www.google.com/bot.html)"
162.158.182.26 - - [22/Jul/2026:00:33:42 +0000] "GET /wp-admin/install.php?step=1 HTTP/1.1" 200 1404 "-" "http://sunnyjoeglobal.shop/wp-admin/install.php?step=1"
192.178.6.104 - - [22/Jul/2026:00:34:24 +0000] "GET /saiga.php?sitemap545.xml HTTP/1.1" 200 551106 "-" "Mozilla/5.0 (compatible; Googlebot/2.1; +http://www.google.com/bot.html)"
198.177.124.148 - - [22/Jul/2026:00:34:55 +0000] "POST /wp-cron.php?doing_wp_cron=1784680495.0878560543060302734375 HTTP/1.1" 200 - "-" "WordPress/7.0.2; https://sunnyjoeglobal.shop"
84.32.41.136 - - [22/Jul/2026:00:34:53 +0000] "GET / HTTP/1.1" 200 92401 "-" "Mozilla/5.0 (Windows NT 10.0; Win64; x64) AppleWebKit/537.36 (KHTML, like Gecko) Chrome/130.0.0.0 Safari/537.36"
84.32.41.136 - - [22/Jul/2026:00:34:57 +0000] "GET /wp-content/themes/twentytwentyfour/assets/fonts/cardo/cardo_italic_400.woff2 HTTP/1.1" 200 105184 "http://sunnyjoeglobal.shop" "Mozilla/5.0 (Windows NT 10.0; Win64; x64) AppleWebKit/537.36 (KHTML, like Gecko) Chrome/130.0.0.0 Safari/537.36"
84.32.41.136 - - [22/Jul/2026:00:35:00 +0000] "GET /wp-content/themes/twentytwentyfour/assets/fonts/cardo/cardo_normal_400.woff2 HTTP/1.1" 200 146060 "http://sunnyjoeglobal.shop" "Mozilla/5.0 (Windows NT 10.0; Win64; x64) AppleWebKit/537.36 (KHTML, like Gecko) Chrome/130.0.0.0 Safari/537.36"
84.32.41.136 - - [22/Jul/2026:00:35:06 +0000] "GET /wp-content/themes/twentytwentyfour/assets/fonts/cardo/cardo_normal_700.woff2 HTTP/1.1" 200 132564 "http://sunnyjoeglobal.shop" "Mozilla/5.0 (Windows NT 10.0; Win64; x64) AppleWebKit/537.36 (KHTML, like Gecko) Chrome/130.0.0.0 Safari/537.36"
84.32.41.136 - - [22/Jul/2026:00:35:12 +0000] "GET /wp-content/themes/twentytwentyfour/assets/fonts/inter/Inter-VariableFont_slnt,wght.woff2 HTTP/1.1" 200 326628 "http://sunnyjoeglobal.shop" "Mozilla/5.0 (Windows NT 10.0; Win64; x64) AppleWebKit/537.36 (KHTML, like Gecko) Chrome/130.0.0.0 Safari/537.36"
84.32.41.136 - - [22/Jul/2026:00:35:16 +0000] "GET /wp-content/themes/twentytwentyfour/assets/images/building-exterior.webp HTTP/1.1" 200 199724 "http://sunnyjoeglobal.shop" "Mozilla/5.0 (Windows NT 10.0; Win64; x64) AppleWebKit/537.36 (KHTML, like Gecko) Chrome/130.0.0.0 Safari/537.36"
84.32.41.136 - - [22/Jul/2026:00:35:20 +0000] "GET /wp-content/themes/twentytwentyfour/assets/images/tourist-and-building.webp HTTP/1.1" 200 66482 "http://sunnyjoeglobal.shop" "Mozilla/5.0 (Windows NT 10.0; Win64; x64) AppleWebKit/537.36 (KHTML, like Gecko) Chrome/130.0.0.0 Safari/537.36"
84.32.41.136 - - [22/Jul/2026:00:35:22 +0000] "GET /wp-content/themes/twentytwentyfour/assets/images/windows.webp HTTP/1.1" 200 126244 "http://sunnyjoeglobal.shop" "Mozilla/5.0 (Windows NT 10.0; Win64; x64) AppleWebKit/537.36 (KHTML, like Gecko) Chrome/130.0.0.0 Safari/537.36"
84.32.41.136 - - [22/Jul/2026:00:35:23 +0000] "GET / HTTP/1.1" 200 92401 "http://sunnyjoeglobal.shop" "Mozilla/5.0 (Windows NT 10.0; Win64; x64) AppleWebKit/537.36 (KHTML, like Gecko) Chrome/130.0.0.0 Safari/537.36"
198.177.124.148 - - [22/Jul/2026:00:36:33 +0000] "POST /wp-cron.php?doing_wp_cron=1784680593.8034260272979736328125 HTTP/1.1" 200 - "-" "WordPress/7.0.2; https://sunnyjoeglobal.shop"
23.160.56.155 - - [22/Jul/2026:00:36:31 +0000] "GET /11965qmdaamk88mewttmp9 HTTP/1.0" 301 - "-" "Googlebot/2.1 (+http://www.google.com/bot.html)"
23.160.56.155 - - [22/Jul/2026:00:36:34 +0000] "GET /11965qmdaamk88mewttmp9/ HTTP/1.0" 200 92401 "-" "Googlebot/2.1 (+http://www.google.com/bot.html)"
23.160.56.155 - - [22/Jul/2026:00:36:36 +0000] "GET /ammika.php?8416qkuaarl38mewttme49 HTTP/1.0" 200 6057 "-" "Googlebot/2.1 (+http://www.google.com/bot.html)"
63.141.250.58 - - [22/Jul/2026:00:50:45 +0000] "GET /index.php?params=1 HTTP/1.1" 301 - "-" "Mozilla/5.0 (Windows NT 10.0; Win64; x64) AppleWebKit/537.36 (KHTML, like Gecko) Chrome/131.0.0.0 Safari/537.36"
63.141.250.58 - - [22/Jul/2026:00:50:48 +0000] "GET /?params=1 HTTP/1.1" 200 92401 "-" "Mozilla/5.0 (Windows NT 10.0; Win64; x64) AppleWebKit/537.36 (KHTML, like Gecko) Chrome/131.0.0.0 Safari/537.36"
63.141.250.58 - - [22/Jul/2026:00:51:54 +0000] "GET /index.php?params=1 HTTP/1.1" 301 - "-" "Mozilla/5.0 (Windows NT 10.0; Win64; x64) AppleWebKit/537.36 (KHTML, like Gecko) Chrome/131.0.0.0 Safari/537.36"
63.141.250.58 - - [22/Jul/2026:00:51:55 +0000] "GET /?params=1 HTTP/1.1" 200 92401 "-" "Mozilla/5.0 (Windows NT 10.0; Win64; x64) AppleWebKit/537.36 (KHTML, like Gecko) Chrome/131.0.0.0 Safari/537.36"
198.177.124.148 - - [22/Jul/2026:00:57:51 +0000] "POST /wp-cron.php?doing_wp_cron=1784681871.7466878890991210937500 HTTP/1.1" 200 - "-" "WordPress/7.0.2; https://sunnyjoeglobal.shop"
104.23.221.64 - - [22/Jul/2026:00:57:50 +0000] "GET /wp-admin/install.php?step=1 HTTP/1.1" 200 1404 "-" "http://sunnyjoeglobal.shop/wp-admin/install.php?step=1"
198.177.124.148 - - [22/Jul/2026:00:58:44 +0000] "POST /wp-cron.php?doing_wp_cron=1784681924.8121800422668457031250 HTTP/1.1" 200 - "-" "WordPress/7.0.2; https://sunnyjoeglobal.shop"
43.133.253.253 - - [22/Jul/2026:00:58:43 +0000] "GET / HTTP/1.1" 301 - "-" "Mozilla/5.0 (iPhone; CPU iPhone OS 13_2_3 like Mac OS X) AppleWebKit/605.1.15 (KHTML, like Gecko) Version/13.0.3 Mobile/15E148 Safari/604.1"
43.133.253.253 - - [22/Jul/2026:00:58:45 +0000] "GET / HTTP/1.1" 200 92401 "http://www.sunnyjoeglobal.shop" "Mozilla/5.0 (iPhone; CPU iPhone OS 13_2_3 like Mac OS X) AppleWebKit/605.1.15 (KHTML, like Gecko) Version/13.0.3 Mobile/15E148 Safari/604.1"
198.177.124.148 - - [22/Jul/2026:01:01:22 +0000] "GET /.well-known/acme-challenge/1_C0QV293Z7GN--3I50WXQZAYZ81Q1E4 HTTP/1.1" 200 64 "-" "Cpanel-HTTP-Client/1.0"
198.177.124.148 - - [22/Jul/2026:01:01:23 +0000] "GET /.well-known/acme-challenge/NXOLVZ-81SO4E1VSGWJX1SVTHI9PFWYO HTTP/1.1" 200 64 "-" "Cpanel-HTTP-Client/1.0"
192.178.6.103 - - [22/Jul/2026:01:03:37 +0000] "GET /saiga.php?sitemap499.xml HTTP/1.1" 200 551150 "-" "Mozilla/5.0 (compatible; Googlebot/2.1; +http://www.google.com/bot.html)"
198.177.124.148 - - [22/Jul/2026:01:08:22 +0000] "POST /wp-cron.php?doing_wp_cron=1784682502.6299669742584228515625 HTTP/1.1" 200 - "-" "WordPress/7.0.2; https://sunnyjoeglobal.shop"
43.157.46.118 - - [22/Jul/2026:01:08:20 +0000] "GET / HTTP/1.1" 200 92401 "-" "Mozilla/5.0 (iPhone; CPU iPhone OS 13_2_3 like Mac OS X) AppleWebKit/605.1.15 (KHTML, like Gecko) Version/13.0.3 Mobile/15E148 Safari/604.1"
162.158.86.38 - - [22/Jul/2026:01:15:45 +0000] "GET /wp-admin/install.php?step=1 HTTP/1.1" 200 1404 "-" "http://sunnyjoeglobal.shop/wp-admin/install.php?step=1"
172.71.144.16 - - [22/Jul/2026:01:17:12 +0000] "GET /wp-admin/install.php?step=1 HTTP/1.1" 200 1404 "-" "http://sunnyjoeglobal.shop/wp-admin/install.php?step=1"
46.138.250.165 - - [22/Jul/2026:01:26:53 +0000] "GET / HTTP/1.1" 200 92401 "https://aicrawler.store" "Mozilla/5.0 (Windows NT 10.0; Win64; x64) AppleWebKit/537.36 (KHTML, like Gecko) Chrome/123.0.0.0 Safari/537.36 Edg/123.0.2420.81"
46.138.250.165 - - [22/Jul/2026:01:26:55 +0000] "GET / HTTP/1.1" 200 92401 "-" "-"
192.178.6.103 - - [22/Jul/2026:01:34:11 +0000] "GET /saiga.php?sitemap967.xml HTTP/1.1" 200 551168 "-" "Mozilla/5.0 (compatible; Googlebot/2.1; +http://www.google.com/bot.html)"
104.23.221.65 - - [22/Jul/2026:01:37:17 +0000] "GET /wp-admin/install.php?step=1 HTTP/1.1" 200 1404 "-" "http://sunnyjoeglobal.shop/wp-admin/install.php?step=1"
198.177.124.148 - - [22/Jul/2026:01:39:35 +0000] "POST /wp-cron.php?doing_wp_cron=1784684375.3017129898071289062500 HTTP/1.1" 200 - "-" "WordPress/7.0.2; https://sunnyjoeglobal.shop"
134.122.37.86 - - [22/Jul/2026:01:39:33 +0000] "GET / HTTP/1.1" 200 92401 "-" "Mozilla/5.0 (X11; Linux x86_64) AppleWebKit/537.36 (KHTML, like Gecko) Chrome/142.0.0.0 Safari/537.36"
198.177.124.148 - - [22/Jul/2026:01:50:28 +0000] "POST /wp-cron.php?doing_wp_cron=1784685028.7211210727691650390625 HTTP/1.1" 200 - "-" "WordPress/7.0.2; https://sunnyjoeglobal.shop"
162.158.111.92 - - [22/Jul/2026:01:50:27 +0000] "GET /wp-admin/install.php?step=1 HTTP/1.1" 200 1404 "-" "http://sunnyjoeglobal.shop/wp-admin/install.php?step=1"
198.177.124.148 - - [22/Jul/2026:02:01:30 +0000] "POST /wp-cron.php?doing_wp_cron=1784685690.7263588905334472656250 HTTP/1.1" 200 - "-" "WordPress/7.0.2; https://sunnyjoeglobal.shop"
172.71.172.11 - - [22/Jul/2026:02:01:29 +0000] "GET /wp-admin/install.php?step=1 HTTP/1.1" 200 1404 "-" "http://sunnyjoeglobal.shop/wp-admin/install.php?step=1"
43.157.52.37 - - [22/Jul/2026:02:03:17 +0000] "GET / HTTP/1.1" 301 - "-" "Mozilla/5.0 (iPhone; CPU iPhone OS 13_2_3 like Mac OS X) AppleWebKit/605.1.15 (KHTML, like Gecko) Version/13.0.3 Mobile/15E148 Safari/604.1"
198.177.124.148 - - [22/Jul/2026:02:03:21 +0000] "POST /wp-cron.php?doing_wp_cron=1784685801.0252599716186523437500 HTTP/1.1" 200 - "-" "WordPress/7.0.2; https://sunnyjoeglobal.shop"
43.157.52.37 - - [22/Jul/2026:02:03:19 +0000] "GET / HTTP/1.1" 200 92401 "http://www.sunnyjoeglobal.shop" "Mozilla/5.0 (iPhone; CPU iPhone OS 13_2_3 like Mac OS X) AppleWebKit/605.1.15 (KHTML, like Gecko) Version/13.0.3 Mobile/15E148 Safari/604.1"
198.177.124.148 - - [22/Jul/2026:02:22:04 +0000] "POST /wp-cron.php?doing_wp_cron=1784686924.2804300785064697265625 HTTP/1.1" 200 - "-" "WordPress/7.0.2; https://sunnyjoeglobal.shop"
104.23.217.13 - - [22/Jul/2026:02:22:02 +0000] "GET /wp-admin/install.php?step=1 HTTP/1.1" 200 1404 "-" "http://sunnyjoeglobal.shop/wp-admin/install.php?step=1"
172.71.164.129 - - [22/Jul/2026:02:42:46 +0000] "GET /wp-admin/install.php?step=1 HTTP/1.1" 200 1404 "-" "http://sunnyjoeglobal.shop/wp-admin/install.php?step=1"
198.177.124.148 - - [22/Jul/2026:02:52:31 +0000] "POST /wp-cron.php?doing_wp_cron=1784688751.4985530376434326171875 HTTP/1.1" 200 - "-" "WordPress/7.0.2; https://sunnyjoeglobal.shop"
104.23.221.65 - - [22/Jul/2026:02:52:29 +0000] "GET /wp-admin/install.php?step=1 HTTP/1.1" 200 1404 "-" "http://sunnyjoeglobal.shop/wp-admin/install.php?step=1"
198.177.124.148 - - [22/Jul/2026:02:58:50 +0000] "POST /wp-cron.php?doing_wp_cron=1784689130.1556420326232910156250 HTTP/1.1" 200 - "-" "WordPress/7.0.2; https://sunnyjoeglobal.shop"
104.23.221.65 - - [22/Jul/2026:02:58:48 +0000] "GET /wp-admin/install.php?step=1 HTTP/1.1" 200 1404 "-" "http://sunnyjoeglobal.shop/wp-admin/install.php?step=1"
198.177.124.148 - - [22/Jul/2026:03:03:45 +0000] "POST /wp-cron.php?doing_wp_cron=1784689425.8444700241088867187500 HTTP/1.1" 200 - "-" "WordPress/7.0.2; https://sunnyjoeglobal.shop"
129.211.229.121 - - [22/Jul/2026:03:03:44 +0000] "GET / HTTP/1.1" 301 - "-" "Mozilla/5.0 (iPhone; CPU iPhone OS 13_2_3 like Mac OS X) AppleWebKit/605.1.15 (KHTML, like Gecko) Version/13.0.3 Mobile/15E148 Safari/604.1"
129.211.229.121 - - [22/Jul/2026:03:03:46 +0000] "GET / HTTP/1.1" 200 92401 "http://www.sunnyjoeglobal.shop" "Mozilla/5.0 (iPhone; CPU iPhone OS 13_2_3 like Mac OS X) AppleWebKit/605.1.15 (KHTML, like Gecko) Version/13.0.3 Mobile/15E148 Safari/604.1"
172.71.148.120 - - [22/Jul/2026:03:10:32 +0000] "GET /wp-admin/install.php?step=1 HTTP/1.1" 200 1404 "-" "http://sunnyjoeglobal.shop/wp-admin/install.php?step=1"
198.177.124.148 - - [22/Jul/2026:03:21:21 +0000] "POST /wp-cron.php?doing_wp_cron=1784690481.7392909526824951171875 HTTP/1.1" 200 - "-" "WordPress/7.0.2; https://sunnyjoeglobal.shop"
34.123.170.104 - - [22/Jul/2026:03:21:20 +0000] "GET / HTTP/1.1" 200 92401 "-" "Mozilla/5.0 (Windows NT 10.0; Win64; x64) AppleWebKit/537.36 (KHTML, like Gecko) Chrome/125.0.6422.60 Safari/537.36 Edge/12.246"
34.123.170.104 - - [22/Jul/2026:03:21:21 +0000] "GET /wp-includes/blocks/navigation/style.min.css?ver=7.0.2 HTTP/1.1" 200 20709 "http://sunnyjoeglobal.shop/" "Mozilla/5.0 (Windows NT 10.0; Win64; x64) AppleWebKit/537.36 (KHTML, like Gecko) Chrome/125.0.6422.60 Safari/537.36 Edge/12.246"
34.123.170.104 - - [22/Jul/2026:03:21:22 +0000] "GET /wp-content/themes/twentytwentyfour/assets/images/tourist-and-building.webp HTTP/1.1" 200 66482 "http://sunnyjoeglobal.shop/" "Mozilla/5.0 (Windows NT 10.0; Win64; x64) AppleWebKit/537.36 (KHTML, like Gecko) Chrome/125.0.6422.60 Safari/537.36 Edge/12.246"
104.197.69.115 - - [22/Jul/2026:03:21:22 +0000] "GET /wp-includes/js/dist/script-modules/interactivity/index.min.js?ver=efaa5193bbad9c60ffd1 HTTP/1.1" 200 40106 "http://sunnyjoeglobal.shop/" "Mozilla/5.0 (Windows NT 10.0; Win64; x64) AppleWebKit/537.36 (KHTML, like Gecko) Chrome/125.0.6422.60 Safari/537.36 Edge/12.246"
104.197.69.115 - - [22/Jul/2026:03:21:22 +0000] "GET /wp-includes/js/dist/script-modules/block-library/navigation/view.min.js?ver=96a846e1d7b789c39ab9 HTTP/1.1" 200 3053 "http://sunnyjoeglobal.shop/" "Mozilla/5.0 (Windows NT 10.0; Win64; x64) AppleWebKit/537.36 (KHTML, like Gecko) Chrome/125.0.6422.60 Safari/537.36 Edge/12.246"
34.123.170.104 - - [22/Jul/2026:03:21:22 +0000] "GET /wp-content/themes/twentytwentyfour/assets/fonts/cardo/cardo_normal_400.woff2 HTTP/1.1" 200 146060 "http://sunnyjoeglobal.shop/" "Mozilla/5.0 (Windows NT 10.0; Win64; x64) AppleWebKit/537.36 (KHTML, like Gecko) Chrome/125.0.6422.60 Safari/537.36 Edge/12.246"
34.123.170.104 - - [22/Jul/2026:03:21:22 +0000] "GET /wp-content/themes/twentytwentyfour/assets/fonts/cardo/cardo_italic_400.woff2 HTTP/1.1" 200 105184 "http://sunnyjoeglobal.shop/" "Mozilla/5.0 (Windows NT 10.0; Win64; x64) AppleWebKit/537.36 (KHTML, like Gecko) Chrome/125.0.6422.60 Safari/537.36 Edge/12.246"
104.197.69.115 - - [22/Jul/2026:03:21:26 +0000] "GET /wp-includes/js/wp-emoji-release.min.js?ver=7.0.2 HTTP/1.1" 200 22752 "http://sunnyjoeglobal.shop/" "Mozilla/5.0 (Windows NT 10.0; Win64; x64) AppleWebKit/537.36 (KHTML, like Gecko) Chrome/125.0.6422.60 Safari/537.36 Edge/12.246"
104.197.69.115 - - [22/Jul/2026:03:21:22 +0000] "GET /wp-content/themes/twentytwentyfour/assets/images/windows.webp HTTP/1.1" 200 126244 "http://sunnyjoeglobal.shop/" "Mozilla/5.0 (Windows NT 10.0; Win64; x64) AppleWebKit/537.36 (KHTML, like Gecko) Chrome/125.0.6422.60 Safari/537.36 Edge/12.246"
104.197.69.115 - - [22/Jul/2026:03:21:22 +0000] "GET /wp-content/themes/twentytwentyfour/assets/images/building-exterior.webp HTTP/1.1" 200 199724 "http://sunnyjoeglobal.shop/" "Mozilla/5.0 (Windows NT 10.0; Win64; x64) AppleWebKit/537.36 (KHTML, like Gecko) Chrome/125.0.6422.60 Safari/537.36 Edge/12.246"
104.197.69.115 - - [22/Jul/2026:03:21:22 +0000] "GET /wp-content/themes/twentytwentyfour/assets/fonts/inter/Inter-VariableFont_slnt,wght.woff2 HTTP/1.1" 200 326628 "http://sunnyjoeglobal.shop/" "Mozilla/5.0 (Windows NT 10.0; Win64; x64) AppleWebKit/537.36 (KHTML, like Gecko) Chrome/125.0.6422.60 Safari/537.36 Edge/12.246"
205.169.39.221 - - [22/Jul/2026:03:21:25 +0000] "GET / HTTP/1.1" 200 92401 "-" "Mozilla/5.0 (Windows NT 6.1; Win64; x64) AppleWebKit/537.36 (KHTML, like Gecko) Chrome/83.0.4103.61 Safari/537.36"
205.169.39.221 - - [22/Jul/2026:03:21:31 +0000] "GET / HTTP/1.1" 200 92401 "-" "Mozilla/5.0 (Windows NT 10.0; Win64; x64) AppleWebKit/537.36 (KHTML, like Gecko) Chrome/79.0.3945.79 Safari/537.36"
205.169.39.221 - - [22/Jul/2026:03:21:34 +0000] "GET /wp-includes/js/dist/script-modules/interactivity/index.min.js?ver=efaa5193bbad9c60ffd1 HTTP/1.1" 200 40106 "http://sunnyjoeglobal.shop/" "Mozilla/5.0 (Windows NT 10.0; Win64; x64) AppleWebKit/537.36 (KHTML, like Gecko) Chrome/79.0.3945.79 Safari/537.36"
205.169.39.221 - - [22/Jul/2026:03:21:34 +0000] "GET /wp-includes/blocks/navigation/style.min.css?ver=7.0.2 HTTP/1.1" 200 20709 "http://sunnyjoeglobal.shop/" "Mozilla/5.0 (Windows NT 10.0; Win64; x64) AppleWebKit/537.36 (KHTML, like Gecko) Chrome/79.0.3945.79 Safari/537.36"
205.169.39.221 - - [22/Jul/2026:03:21:34 +0000] "GET /wp-includes/js/dist/script-modules/block-library/navigation/view.min.js?ver=96a846e1d7b789c39ab9 HTTP/1.1" 200 3053 "http://sunnyjoeglobal.shop/" "Mozilla/5.0 (Windows NT 10.0; Win64; x64) AppleWebKit/537.36 (KHTML, like Gecko) Chrome/79.0.3945.79 Safari/537.36"
205.169.39.221 - - [22/Jul/2026:03:21:34 +0000] "GET /wp-content/themes/twentytwentyfour/assets/images/tourist-and-building.webp HTTP/1.1" 200 66482 "http://sunnyjoeglobal.shop/" "Mozilla/5.0 (Windows NT 10.0; Win64; x64) AppleWebKit/537.36 (KHTML, like Gecko) Chrome/79.0.3945.79 Safari/537.36"
205.169.39.221 - - [22/Jul/2026:03:21:34 +0000] "GET /wp-content/themes/twentytwentyfour/assets/images/windows.webp HTTP/1.1" 200 126244 "http://sunnyjoeglobal.shop/" "Mozilla/5.0 (Windows NT 10.0; Win64; x64) AppleWebKit/537.36 (KHTML, like Gecko) Chrome/79.0.3945.79 Safari/537.36"
205.169.39.221 - - [22/Jul/2026:03:21:34 +0000] "GET /wp-content/themes/twentytwentyfour/assets/images/building-exterior.webp HTTP/1.1" 200 199724 "http://sunnyjoeglobal.shop/" "Mozilla/5.0 (Windows NT 10.0; Win64; x64) AppleWebKit/537.36 (KHTML, like Gecko) Chrome/79.0.3945.79 Safari/537.36"
205.169.39.221 - - [22/Jul/2026:03:21:34 +0000] "GET /wp-content/themes/twentytwentyfour/assets/fonts/inter/Inter-VariableFont_slnt,wght.woff2 HTTP/1.1" 200 326628 "http://sunnyjoeglobal.shop/" "Mozilla/5.0 (Windows NT 10.0; Win64; x64) AppleWebKit/537.36 (KHTML, like Gecko) Chrome/79.0.3945.79 Safari/537.36"
205.169.39.221 - - [22/Jul/2026:03:21:34 +0000] "GET /wp-content/themes/twentytwentyfour/assets/fonts/cardo/cardo_normal_400.woff2 HTTP/1.1" 200 146060 "http://sunnyjoeglobal.shop/" "Mozilla/5.0 (Windows NT 10.0; Win64; x64) AppleWebKit/537.36 (KHTML, like Gecko) Chrome/79.0.3945.79 Safari/537.36"
205.169.39.221 - - [22/Jul/2026:03:21:34 +0000] "GET /wp-content/themes/twentytwentyfour/assets/fonts/cardo/cardo_italic_400.woff2 HTTP/1.1" 200 105184 "http://sunnyjoeglobal.shop/" "Mozilla/5.0 (Windows NT 10.0; Win64; x64) AppleWebKit/537.36 (KHTML, like Gecko) Chrome/79.0.3945.79 Safari/537.36"
205.169.39.221 - - [22/Jul/2026:03:21:38 +0000] "GET /wp-includes/js/wp-emoji-release.min.js?ver=7.0.2 HTTP/1.1" 200 22752 "http://sunnyjoeglobal.shop/" "Mozilla/5.0 (Windows NT 10.0; Win64; x64) AppleWebKit/537.36 (KHTML, like Gecko) Chrome/79.0.3945.79 Safari/537.36"
198.177.124.148 - - [22/Jul/2026:03:37:40 +0000] "POST /wp-cron.php?doing_wp_cron=1784691460.6796770095825195312500 HTTP/1.1" 200 - "-" "WordPress/7.0.2; https://sunnyjoeglobal.shop"
104.23.217.12 - - [22/Jul/2026:03:37:39 +0000] "GET /wp-admin/install.php?step=1 HTTP/1.1" 200 1404 "-" "http://sunnyjoeglobal.shop/wp-admin/install.php?step=1"
172.69.150.25 - - [22/Jul/2026:03:48:03 +0000] "GET /wp-admin/install.php?step=1 HTTP/1.1" 200 1404 "-" "http://sunnyjoeglobal.shop/wp-admin/install.php?step=1"
205.169.39.0 - - [22/Jul/2026:03:48:59 +0000] "GET / HTTP/1.1" 200 92401 "-" "Mozilla/5.0 (Windows NT 10.0; Win64; x64) AppleWebKit/537.36 (KHTML, like Gecko) Chrome/117.0.5938.132 Safari/537.36"
205.169.39.0 - - [22/Jul/2026:03:49:01 +0000] "GET /wp-includes/blocks/navigation/style.min.css?ver=7.0.2 HTTP/1.1" 200 20709 "http://sunnyjoeglobal.shop/" "Mozilla/5.0 (Windows NT 10.0; Win64; x64) AppleWebKit/537.36 (KHTML, like Gecko) Chrome/117.0.5938.132 Safari/537.36"
205.169.39.0 - - [22/Jul/2026:03:49:01 +0000] "GET /wp-includes/js/dist/script-modules/interactivity/index.min.js?ver=efaa5193bbad9c60ffd1 HTTP/1.1" 200 40106 "http://sunnyjoeglobal.shop/" "Mozilla/5.0 (Windows NT 10.0; Win64; x64) AppleWebKit/537.36 (KHTML, like Gecko) Chrome/117.0.5938.132 Safari/537.36"
205.169.39.0 - - [22/Jul/2026:03:49:01 +0000] "GET /wp-content/themes/twentytwentyfour/assets/fonts/cardo/cardo_italic_400.woff2 HTTP/1.1" 200 105184 "http://sunnyjoeglobal.shop/" "Mozilla/5.0 (Windows NT 10.0; Win64; x64) AppleWebKit/537.36 (KHTML, like Gecko) Chrome/117.0.5938.132 Safari/537.36"
205.169.39.0 - - [22/Jul/2026:03:49:01 +0000] "GET /wp-content/themes/twentytwentyfour/assets/fonts/cardo/cardo_normal_400.woff2 HTTP/1.1" 200 146060 "http://sunnyjoeglobal.shop/" "Mozilla/5.0 (Windows NT 10.0; Win64; x64) AppleWebKit/537.36 (KHTML, like Gecko) Chrome/117.0.5938.132 Safari/537.36"
205.169.39.0 - - [22/Jul/2026:03:49:01 +0000] "GET /wp-content/themes/twentytwentyfour/assets/images/tourist-and-building.webp HTTP/1.1" 200 66482 "http://sunnyjoeglobal.shop/" "Mozilla/5.0 (Windows NT 10.0; Win64; x64) AppleWebKit/537.36 (KHTML, like Gecko) Chrome/117.0.5938.132 Safari/537.36"
205.169.39.0 - - [22/Jul/2026:03:49:02 +0000] "GET /wp-content/themes/twentytwentyfour/assets/images/windows.webp HTTP/1.1" 200 126244 "http://sunnyjoeglobal.shop/" "Mozilla/5.0 (Windows NT 10.0; Win64; x64) AppleWebKit/537.36 (KHTML, like Gecko) Chrome/117.0.5938.132 Safari/537.36"
205.169.39.0 - - [22/Jul/2026:03:49:02 +0000] "GET /wp-includes/js/dist/script-modules/block-library/navigation/view.min.js?ver=96a846e1d7b789c39ab9 HTTP/1.1" 200 3053 "http://sunnyjoeglobal.shop/" "Mozilla/5.0 (Windows NT 10.0; Win64; x64) AppleWebKit/537.36 (KHTML, like Gecko) Chrome/117.0.5938.132 Safari/537.36"
205.169.39.0 - - [22/Jul/2026:03:49:02 +0000] "GET /wp-includes/js/wp-emoji-release.min.js?ver=7.0.2 HTTP/1.1" 200 22752 "http://sunnyjoeglobal.shop/" "Mozilla/5.0 (Windows NT 10.0; Win64; x64) AppleWebKit/537.36 (KHTML, like Gecko) Chrome/117.0.5938.132 Safari/537.36"
205.169.39.0 - - [22/Jul/2026:03:49:01 +0000] "GET /wp-content/themes/twentytwentyfour/assets/images/building-exterior.webp HTTP/1.1" 200 199724 "http://sunnyjoeglobal.shop/" "Mozilla/5.0 (Windows NT 10.0; Win64; x64) AppleWebKit/537.36 (KHTML, like Gecko) Chrome/117.0.5938.132 Safari/537.36"
205.169.39.0 - - [22/Jul/2026:03:49:01 +0000] "GET /wp-content/themes/twentytwentyfour/assets/fonts/inter/Inter-VariableFont_slnt,wght.woff2 HTTP/1.1" 200 326628 "http://sunnyjoeglobal.shop/" "Mozilla/5.0 (Windows NT 10.0; Win64; x64) AppleWebKit/537.36 (KHTML, like Gecko) Chrome/117.0.5938.132 Safari/537.36"
198.177.124.148 - - [22/Jul/2026:04:02:27 +0000] "GET /.well-known/acme-challenge/6_GSLV8HPL-B-BK8S37HN9QOV33SF7XX HTTP/1.1" 200 64 "-" "Cpanel-HTTP-Client/1.0"
162.158.182.27 - - [22/Jul/2026:04:02:52 +0000] "GET /wp-admin/install.php?step=1 HTTP/1.1" 200 1404 "-" "http://sunnyjoeglobal.shop/wp-admin/install.php?step=1"
43.166.237.57 - - [22/Jul/2026:04:18:48 +0000] "GET / HTTP/1.1" 200 92401 "-" "Mozilla/5.0 (iPhone; CPU iPhone OS 13_2_3 like Mac OS X) AppleWebKit/605.1.15 (KHTML, like Gecko) Version/13.0.3 Mobile/15E148 Safari/604.1"
104.23.221.64 - - [22/Jul/2026:04:32:16 +0000] "GET /wp-admin/install.php?step=1 HTTP/1.1" 200 1404 "-" "http://sunnyjoeglobal.shop/wp-admin/install.php?step=1"
162.158.111.92 - - [22/Jul/2026:04:40:15 +0000] "GET /wp-admin/install.php?step=1 HTTP/1.1" 200 1404 "-" "http://sunnyjoeglobal.shop/wp-admin/install.php?step=1"
192.178.6.104 - - [22/Jul/2026:04:48:43 +0000] "GET /saiga.php?sitemap519.xml HTTP/1.1" 200 551194 "-" "Mozilla/5.0 (compatible; Googlebot/2.1; +http://www.google.com/bot.html)"
172.71.164.129 - - [22/Jul/2026:04:49:10 +0000] "GET /wp-admin/install.php?step=1 HTTP/1.1" 200 1404 "-" "http://sunnyjoeglobal.shop/wp-admin/install.php?step=1"
172.69.150.25 - - [22/Jul/2026:05:08:00 +0000] "GET /wp-admin/install.php?step=1 HTTP/1.1" 200 1404 "-" "http://sunnyjoeglobal.shop/wp-admin/install.php?step=1"
198.177.124.148 - - [22/Jul/2026:05:11:51 +0000] "POST /wp-cron.php?doing_wp_cron=1784697111.5437970161437988281250 HTTP/1.1" 200 - "-" "WordPress/7.0.2; https://sunnyjoeglobal.shop"
43.133.91.48 - - [22/Jul/2026:05:11:50 +0000] "GET / HTTP/1.1" 301 - "-" "Mozilla/5.0 (iPhone; CPU iPhone OS 13_2_3 like Mac OS X) AppleWebKit/605.1.15 (KHTML, like Gecko) Version/13.0.3 Mobile/15E148 Safari/604.1"
43.133.91.48 - - [22/Jul/2026:05:11:52 +0000] "GET / HTTP/1.1" 200 92401 "http://www.sunnyjoeglobal.shop" "Mozilla/5.0 (iPhone; CPU iPhone OS 13_2_3 like Mac OS X) AppleWebKit/605.1.15 (KHTML, like Gecko) Version/13.0.3 Mobile/15E148 Safari/604.1"
172.71.164.128 - - [22/Jul/2026:05:22:03 +0000] "GET /wp-admin/install.php?step=1 HTTP/1.1" 200 1404 "-" "http://sunnyjoeglobal.shop/wp-admin/install.php?step=1"
104.23.223.19 - - [22/Jul/2026:05:36:07 +0000] "GET /wp-admin/install.php?step=1 HTTP/1.1" 200 1404 "-" "http://sunnyjoeglobal.shop/wp-admin/install.php?step=1"
104.23.221.64 - - [22/Jul/2026:05:52:42 +0000] "GET /wp-admin/install.php?step=1 HTTP/1.1" 200 1404 "-" "http://sunnyjoeglobal.shop/wp-admin/install.php?step=1"
192.178.6.103 - - [22/Jul/2026:05:55:02 +0000] "GET /saiga.php?sitemap985.xml HTTP/1.1" 200 551120 "-" "Mozilla/5.0 (compatible; Googlebot/2.1; +http://www.google.com/bot.html)"
192.178.6.102 - - [22/Jul/2026:05:59:50 +0000] "GET / HTTP/1.1" 200 92401 "-" "Mozilla/5.0 (Linux; Android 6.0.1; Nexus 5X Build/MMB29P) AppleWebKit/537.36 (KHTML, like Gecko) Chrome/150.0.7871.128 Mobile Safari/537.36 (compatible; Googlebot/2.1; +http://www.google.com/bot.html)"
192.178.6.102 - - [22/Jul/2026:06:00:06 +0000] "GET /wp-includes/blocks/navigation/style.min.css?ver=7.0.2 HTTP/1.1" 200 20709 "http://sunnyjoeglobal.shop/" "Mozilla/5.0 (Linux; Android 6.0.1; Nexus 5X Build/MMB29P) AppleWebKit/537.36 (KHTML, like Gecko) Chrome/150.0.7871.128 Mobile Safari/537.36 (compatible; Googlebot/2.1; +http://www.google.com/bot.html)"
192.178.6.104 - - [22/Jul/2026:06:00:07 +0000] "GET /wp-includes/js/dist/script-modules/interactivity/index.min.js?ver=efaa5193bbad9c60ffd1 HTTP/1.1" 200 40106 "-" "Mozilla/5.0 (Linux; Android 6.0.1; Nexus 5X Build/MMB29P) AppleWebKit/537.36 (KHTML, like Gecko) Chrome/150.0.7871.128 Mobile Safari/537.36 (compatible; Googlebot/2.1; +http://www.google.com/bot.html)"
192.178.6.102 - - [22/Jul/2026:06:01:02 +0000] "GET /wp-includes/js/dist/script-modules/block-library/navigation/view.min.js?ver=96a846e1d7b789c39ab9 HTTP/1.1" 200 3053 "http://sunnyjoeglobal.shop/" "Mozilla/5.0 (Linux; Android 6.0.1; Nexus 5X Build/MMB29P) AppleWebKit/537.36 (KHTML, like Gecko) Chrome/150.0.7871.128 Mobile Safari/537.36 (compatible; Googlebot/2.1; +http://www.google.com/bot.html)"
173.232.230.137 - - [22/Jul/2026:06:02:58 +0000] "GET http://sunnyjoeglobal.shop/11965qmdaamk88mewttmp9 HTTP/1.1" 301 - "http://may.mhqzwphbcueqxoaxlssilfufo.xyz/" "Mozilla/5.0 (Windows NT 10.0; Win64; x64) AppleWebKit/537.36 (KHTML, like Gecko) Chrome/148.0.0.0 Safari/537.36"
192.178.6.103 - - [22/Jul/2026:06:05:06 +0000] "GET /saiga.php?sitemap459.xml HTTP/1.1" 200 551165 "-" "Mozilla/5.0 (compatible; Googlebot/2.1; +http://www.google.com/bot.html)"
198.177.124.148 - - [22/Jul/2026:06:12:16 +0000] "POST /wp-cron.php?doing_wp_cron=1784700736.5397520065307617187500 HTTP/1.1" 200 - "-" "WordPress/7.0.2; https://sunnyjoeglobal.shop"
172.71.99.164 - - [22/Jul/2026:06:12:15 +0000] "GET /wp-admin/install.php?step=1 HTTP/1.1" 200 1404 "-" "http://sunnyjoeglobal.shop/wp-admin/install.php?step=1"
198.177.124.148 - - [22/Jul/2026:06:19:30 +0000] "POST /wp-cron.php?doing_wp_cron=1784701170.6208579540252685546875 HTTP/1.1" 200 - "-" "WordPress/7.0.2; https://sunnyjoeglobal.shop"
104.23.217.12 - - [22/Jul/2026:06:19:29 +0000] "GET /wp-admin/install.php?step=1 HTTP/1.1" 200 1404 "-" "http://sunnyjoeglobal.shop/wp-admin/install.php?step=1"
198.177.124.148 - - [22/Jul/2026:06:27:40 +0000] "POST /wp-cron.php?doing_wp_cron=1784701660.8204920291900634765625 HTTP/1.1" 200 - "-" "WordPress/7.0.2; https://sunnyjoeglobal.shop"
172.71.144.16 - - [22/Jul/2026:06:27:39 +0000] "GET /wp-admin/install.php?step=1 HTTP/1.1" 200 1404 "-" "http://sunnyjoeglobal.shop/wp-admin/install.php?step=1"
198.177.124.148 - - [22/Jul/2026:06:47:06 +0000] "POST /wp-cron.php?doing_wp_cron=1784702826.1332430839538574218750 HTTP/1.1" 200 - "-" "WordPress/7.0.2; https://sunnyjoeglobal.shop"
172.71.164.128 - - [22/Jul/2026:06:47:05 +0000] "GET /wp-admin/install.php?step=1 HTTP/1.1" 200 1404 "-" "http://sunnyjoeglobal.shop/wp-admin/install.php?step=1"
198.177.124.148 - - [22/Jul/2026:06:57:46 +0000] "POST /wp-cron.php?doing_wp_cron=1784703466.5514628887176513671875 HTTP/1.1" 200 - "-" "WordPress/7.0.2; https://sunnyjoeglobal.shop"
45.92.85.115 - - [22/Jul/2026:06:57:44 +0000] "GET / HTTP/1.1" 200 - "-" "Mozilla/5.0 (Windows NT 10.0; Win64; x64) AppleWebKit/537.36 (KHTML, like Gecko) Chrome/94.0.4606.61 Safari/537.36"
198.177.124.148 - - [22/Jul/2026:07:02:34 +0000] "GET /.well-known/acme-challenge/KD-2WHBL44TI9T_TYCE892_2TCF9Z7VI HTTP/1.1" 200 64 "-" "Cpanel-HTTP-Client/1.0"
198.177.124.148 - - [22/Jul/2026:07:02:35 +0000] "GET /.well-known/acme-challenge/EL9OXCXP87VS258UTHPWD0DQXU84SNAC HTTP/1.1" 200 64 "-" "Cpanel-HTTP-Client/1.0"
198.177.124.148 - - [22/Jul/2026:07:09:53 +0000] "POST /wp-cron.php?doing_wp_cron=1784704193.6527140140533447265625 HTTP/1.1" 200 - "-" "WordPress/7.0.2; https://sunnyjoeglobal.shop"
104.23.223.19 - - [22/Jul/2026:07:09:52 +0000] "GET /wp-admin/install.php?step=1 HTTP/1.1" 200 1404 "-" "http://sunnyjoeglobal.shop/wp-admin/install.php?step=1"
198.177.124.148 - - [22/Jul/2026:07:17:30 +0000] "POST /wp-cron.php?doing_wp_cron=1784704650.6928451061248779296875 HTTP/1.1" 200 - "-" "WordPress/7.0.2; https://sunnyjoeglobal.shop"
104.23.221.64 - - [22/Jul/2026:07:17:28 +0000] "GET /wp-admin/install.php?step=1 HTTP/1.1" 200 1404 "-" "http://sunnyjoeglobal.shop/wp-admin/install.php?step=1"
192.178.6.104 - - [22/Jul/2026:07:34:16 +0000] "GET /saiga.php?sitemap667.xml HTTP/1.1" 403 533162 "-" "Mozilla/5.0 (compatible; Googlebot/2.1; +http://www.google.com/bot.html)"
198.177.124.148 - - [22/Jul/2026:07:34:37 +0000] "POST /wp-cron.php?doing_wp_cron=1784705677.1241309642791748046875 HTTP/1.1" 200 - "-" "WordPress/7.0.2; https://sunnyjoeglobal.shop"
104.23.221.64 - - [22/Jul/2026:07:34:35 +0000] "GET /wp-admin/install.php?step=1 HTTP/1.1" 403 - "-" "http://sunnyjoeglobal.shop/wp-admin/install.php?step=1"
192.178.6.104 - - [22/Jul/2026:07:37:04 +0000] "GET /saiga.php?sitemap439.xml HTTP/1.1" 403 533131 "-" "Mozilla/5.0 (compatible; Googlebot/2.1; +http://www.google.com/bot.html)"
198.177.124.148 - - [22/Jul/2026:08:01:23 +0000] "POST /wp-cron.php?doing_wp_cron=1784707283.5945029258728027343750 HTTP/1.1" 200 - "-" "WordPress/7.0.2; https://sunnyjoeglobal.shop"
104.23.223.19 - - [22/Jul/2026:08:01:21 +0000] "GET /wp-admin/install.php?step=1 HTTP/1.1" 403 - "-" "http://sunnyjoeglobal.shop/wp-admin/install.php?step=1"
104.23.239.65 - - [22/Jul/2026:08:02:02 +0000] "GET /wp-admin/install.php?step=1 HTTP/1.1" 403 - "-" "http://sunnyjoeglobal.shop/wp-admin/install.php?step=1"
198.177.124.148 - - [22/Jul/2026:08:08:05 +0000] "POST /wp-cron.php?doing_wp_cron=1784707685.6027169227600097656250 HTTP/1.1" 200 - "-" "WordPress/7.0.2; https://sunnyjoeglobal.shop"
172.71.172.10 - - [22/Jul/2026:08:08:04 +0000] "GET /wp-admin/install.php?step=1 HTTP/1.1" 403 - "-" "http://sunnyjoeglobal.shop/wp-admin/install.php?step=1"
198.177.124.148 - - [22/Jul/2026:08:27:17 +0000] "POST /wp-cron.php?doing_wp_cron=1784708837.3301389217376708984375 HTTP/1.1" 200 - "-" "WordPress/7.0.2; https://sunnyjoeglobal.shop"
141.101.76.65 - - [22/Jul/2026:08:27:15 +0000] "GET /wp-admin/install.php?step=1 HTTP/1.1" 403 - "-" "http://sunnyjoeglobal.shop/wp-admin/install.php?step=1"
198.177.124.148 - - [22/Jul/2026:08:28:15 +0000] "POST /wp-cron.php?doing_wp_cron=1784708895.6297240257263183593750 HTTP/1.1" 200 - "-" "WordPress/7.0.2; https://sunnyjoeglobal.shop"
43.166.245.120 - - [22/Jul/2026:08:28:14 +0000] "GET / HTTP/1.1" 200 - "-" "Mozilla/5.0 (iPhone; CPU iPhone OS 13_2_3 like Mac OS X) AppleWebKit/605.1.15 (KHTML, like Gecko) Version/13.0.3 Mobile/15E148 Safari/604.1"
198.177.124.148 - - [22/Jul/2026:08:42:21 +0000] "POST /wp-cron.php?doing_wp_cron=1784709741.0907289981842041015625 HTTP/1.1" 200 - "-" "WordPress/7.0.2; https://sunnyjoeglobal.shop"
110.42.208.131 - - [22/Jul/2026:08:42:19 +0000] "GET / HTTP/1.1" 200 - "-" "Mozilla/5.0 (iPhone; CPU iPhone OS 13_2_3 like Mac OS X) AppleWebKit/605.1.15 (KHTML, like Gecko) Version/13.0.3 Mobile/15E148 Safari/604.1"
192.178.6.104 - - [22/Jul/2026:08:43:44 +0000] "GET /robots.txt HTTP/1.1" 200 193056 "-" "Mozilla/5.0 (compatible; Googlebot/2.1; +http://www.google.com/bot.html)"
192.178.6.104 - - [22/Jul/2026:08:46:02 +0000] "GET /saiga.php?sitemap189.xml HTTP/1.1" 403 533114 "-" "Mozilla/5.0 (compatible; Googlebot/2.1; +http://www.google.com/bot.html)"
192.178.6.103 - - [22/Jul/2026:08:47:57 +0000] "GET /saiga.php?sitemap198.xml HTTP/1.1" 403 533126 "-" "Mozilla/5.0 (compatible; Googlebot/2.1; +http://www.google.com/bot.html)"
198.177.124.148 - - [22/Jul/2026:08:52:22 +0000] "POST /wp-cron.php?doing_wp_cron=1784710342.1682898998260498046875 HTTP/1.1" 200 - "-" "WordPress/7.0.2; https://sunnyjoeglobal.shop"
104.23.223.19 - - [22/Jul/2026:08:52:20 +0000] "GET /wp-admin/install.php?step=1 HTTP/1.1" 403 - "-" "http://sunnyjoeglobal.shop/wp-admin/install.php?step=1"
198.177.124.148 - - [22/Jul/2026:09:02:45 +0000] "POST /wp-cron.php?doing_wp_cron=1784710965.1251969337463378906250 HTTP/1.1" 200 - "-" "WordPress/7.0.2; https://sunnyjoeglobal.shop"
104.23.221.64 - - [22/Jul/2026:09:02:43 +0000] "GET /wp-admin/install.php?step=1 HTTP/1.1" 403 - "-" "http://sunnyjoeglobal.shop/wp-admin/install.php?step=1"
198.177.124.148 - - [22/Jul/2026:09:08:40 +0000] "POST /wp-cron.php?doing_wp_cron=1784711320.3413178920745849609375 HTTP/1.1" 200 - "-" "WordPress/7.0.2; https://sunnyjoeglobal.shop"
172.70.248.132 - - [22/Jul/2026:09:08:39 +0000] "GET /wp-admin/install.php?step=1 HTTP/1.1" 403 - "-" "http://sunnyjoeglobal.shop/wp-admin/install.php?step=1"
192.178.6.103 - - [22/Jul/2026:09:14:32 +0000] "GET /?w=37384202255 HTTP/1.1" 200 191722 "-" "Mozilla/5.0 (Linux; Android 6.0.1; Nexus 5X Build/MMB29P) AppleWebKit/537.36 (KHTML, like Gecko) Chrome/150.0.7871.128 Mobile Safari/537.36 (compatible; Googlebot/2.1; +http://www.google.com/bot.html)"
198.177.124.148 - - [22/Jul/2026:09:17:23 +0000] "POST /wp-cron.php?doing_wp_cron=1784711843.4604101181030273437500 HTTP/1.1" 200 - "-" "WordPress/7.0.2; https://sunnyjoeglobal.shop"
43.156.37.91 - - [22/Jul/2026:09:17:21 +0000] "GET / HTTP/1.1" 200 - "-" "Mozilla/5.0 (iPhone; CPU iPhone OS 13_2_3 like Mac OS X) AppleWebKit/605.1.15 (KHTML, like Gecko) Version/13.0.3 Mobile/15E148 Safari/604.1"
198.177.124.148 - - [22/Jul/2026:09:19:38 +0000] "POST /wp-cron.php?doing_wp_cron=1784711978.5824759006500244140625 HTTP/1.1" 200 - "-" "WordPress/7.0.2; https://sunnyjoeglobal.shop"
173.252.82.55 - - [22/Jul/2026:09:19:36 +0000] "GET /robots.txt HTTP/1.1" 200 - "-" "facebookexternalhit/1.1 (+http://www.facebook.com/externalhit_uatext.php)"
198.177.124.148 - - [22/Jul/2026:09:25:09 +0000] "POST /wp-cron.php?doing_wp_cron=1784712309.3807260990142822265625 HTTP/1.1" 200 - "-" "WordPress/7.0.2; https://sunnyjoeglobal.shop"
104.23.239.65 - - [22/Jul/2026:09:25:08 +0000] "GET /wp-admin/install.php?step=1 HTTP/1.1" 403 - "-" "http://sunnyjoeglobal.shop/wp-admin/install.php?step=1"
198.177.124.148 - - [22/Jul/2026:09:38:44 +0000] "POST /wp-cron.php?doing_wp_cron=1784713124.1297280788421630859375 HTTP/1.1" 200 - "-" "WordPress/7.0.2; https://sunnyjoeglobal.shop"
172.70.240.126 - - [22/Jul/2026:09:38:42 +0000] "GET /wp-admin/install.php?step=1 HTTP/1.1" 403 - "-" "http://sunnyjoeglobal.shop/wp-admin/install.php?step=1"
192.178.6.104 - - [22/Jul/2026:10:01:01 +0000] "GET /saiga.php?sitemap696.xml HTTP/1.1" 403 533110 "-" "Mozilla/5.0 (compatible; Googlebot/2.1; +http://www.google.com/bot.html)"
198.177.124.148 - - [22/Jul/2026:10:02:21 +0000] "POST /wp-cron.php?doing_wp_cron=1784714541.0887091159820556640625 HTTP/1.1" 200 - "-" "WordPress/7.0.2; https://sunnyjoeglobal.shop"
172.70.248.132 - - [22/Jul/2026:10:01:32 +0000] "GET /wp-admin/install.php?step=1 HTTP/1.1" 403 - "-" "http://sunnyjoeglobal.shop/wp-admin/install.php?step=1"
198.177.124.148 - - [22/Jul/2026:10:02:35 +0000] "GET /.well-known/acme-challenge/_RRD63LJNKFF12ANKS5JZ_8RRX0-NVGN HTTP/1.1" 200 64 "-" "Cpanel-HTTP-Client/1.0"
198.177.124.148 - - [22/Jul/2026:10:02:35 +0000] "GET /.well-known/acme-challenge/Z0HQ4S5BFH42OATJCN_EXF6CO9KJCQ4F HTTP/1.1" 200 64 "-" "Cpanel-HTTP-Client/1.0"
162.158.111.92 - - [22/Jul/2026:10:19:51 +0000] "GET /wp-admin/install.php?step=1 HTTP/1.1" 403 - "-" "http://sunnyjoeglobal.shop/wp-admin/install.php?step=1"
198.177.124.148 - - [22/Jul/2026:10:19:54 +0000] "POST /wp-cron.php?doing_wp_cron=1784715592.4480400085449218750000 HTTP/1.1" 200 - "-" "WordPress/7.0.2; https://sunnyjoeglobal.shop"
192.178.6.103 - - [22/Jul/2026:10:32:31 +0000] "GET /saiga.php?sitemap487.xml HTTP/1.1" 403 533164 "-" "Mozilla/5.0 (compatible; Googlebot/2.1; +http://www.google.com/bot.html)"
198.177.124.148 - - [22/Jul/2026:10:36:31 +0000] "POST /wp-cron.php?doing_wp_cron=1784716591.4540350437164306640625 HTTP/1.1" 200 - "-" "WordPress/7.0.2; https://sunnyjoeglobal.shop"
104.23.221.64 - - [22/Jul/2026:10:36:30 +0000] "GET /wp-admin/install.php?step=1 HTTP/1.1" 403 - "-" "http://sunnyjoeglobal.shop/wp-admin/install.php?step=1"
198.177.124.148 - - [22/Jul/2026:10:42:58 +0000] "POST /wp-cron.php?doing_wp_cron=1784716978.7501010894775390625000 HTTP/1.1" 200 - "-" "WordPress/7.0.2; https://sunnyjoeglobal.shop"
104.23.221.65 - - [22/Jul/2026:10:42:57 +0000] "GET /wp-admin/install.php?step=1 HTTP/1.1" 403 - "-" "http://sunnyjoeglobal.shop/wp-admin/install.php?step=1"
198.177.124.148 - - [22/Jul/2026:10:58:23 +0000] "POST /wp-cron.php?doing_wp_cron=1784717903.7775580883026123046875 HTTP/1.1" 200 - "-" "WordPress/7.0.2; https://sunnyjoeglobal.shop"
162.158.86.38 - - [22/Jul/2026:10:58:22 +0000] "GET /wp-admin/install.php?step=1 HTTP/1.1" 403 - "-" "http://sunnyjoeglobal.shop/wp-admin/install.php?step=1"
198.177.124.148 - - [22/Jul/2026:11:12:14 +0000] "POST /wp-cron.php?doing_wp_cron=1784718734.4318399429321289062500 HTTP/1.1" 200 - "-" "WordPress/7.0.2; https://sunnyjoeglobal.shop"
172.71.172.133 - - [22/Jul/2026:11:12:12 +0000] "GET /wp-admin/install.php?step=1 HTTP/1.1" 403 - "-" "http://sunnyjoeglobal.shop/wp-admin/install.php?step=1"
192.178.6.104 - - [22/Jul/2026:11:27:12 +0000] "GET /ammika.php?sitemap155.xml HTTP/1.1" 403 536137 "-" "Mozilla/5.0 (compatible; Googlebot/2.1; +http://www.google.com/bot.html)"
198.177.124.148 - - [22/Jul/2026:11:28:44 +0000] "POST /wp-cron.php?doing_wp_cron=1784719723.8114728927612304687500 HTTP/1.1" 200 - "-" "WordPress/7.0.2; https://sunnyjoeglobal.shop"
172.70.240.126 - - [22/Jul/2026:11:28:42 +0000] "GET /wp-admin/install.php?step=1 HTTP/1.1" 403 - "-" "http://sunnyjoeglobal.shop/wp-admin/install.php?step=1"
198.177.124.148 - - [22/Jul/2026:11:45:27 +0000] "POST /wp-cron.php?doing_wp_cron=1784720727.6198630332946777343750 HTTP/1.1" 200 - "-" "WordPress/7.0.2; https://sunnyjoeglobal.shop"
162.158.182.26 - - [22/Jul/2026:11:45:24 +0000] "GET /wp-admin/install.php?step=1 HTTP/1.1" 403 - "-" "http://sunnyjoeglobal.shop/wp-admin/install.php?step=1"
198.177.124.148 - - [22/Jul/2026:11:53:49 +0000] "POST /wp-cron.php?doing_wp_cron=1784721229.2780129909515380859375 HTTP/1.1" 200 - "-" "WordPress/7.0.2; https://sunnyjoeglobal.shop"
104.23.223.19 - - [22/Jul/2026:11:53:48 +0000] "GET /wp-admin/install.php?step=1 HTTP/1.1" 403 - "-" "http://sunnyjoeglobal.shop/wp-admin/install.php?step=1"
198.177.124.148 - - [22/Jul/2026:12:06:53 +0000] "POST /wp-cron.php?doing_wp_cron=1784722013.3150451183319091796875 HTTP/1.1" 200 - "-" "WordPress/7.0.2; https://sunnyjoeglobal.shop"
43.165.2.110 - - [22/Jul/2026:12:06:50 +0000] "GET / HTTP/1.1" 200 - "-" "Mozilla/5.0 (iPhone; CPU iPhone OS 13_2_3 like Mac OS X) AppleWebKit/605.1.15 (KHTML, like Gecko) Version/13.0.3 Mobile/15E148 Safari/604.1"
192.178.6.102 - - [22/Jul/2026:12:10:15 +0000] "GET /ammika.php?sitemap354.xml HTTP/1.1" 403 536155 "-" "Mozilla/5.0 (compatible; Googlebot/2.1; +http://www.google.com/bot.html)"
162.158.86.38 - - [22/Jul/2026:12:14:15 +0000] "GET /wp-admin/install.php?step=1 HTTP/1.1" 403 - "-" "http://sunnyjoeglobal.shop/wp-admin/install.php?step=1"
198.177.124.148 - - [22/Jul/2026:12:14:18 +0000] "POST /wp-cron.php?doing_wp_cron=1784722457.1333389282226562500000 HTTP/1.1" 200 - "-" "WordPress/7.0.2; https://sunnyjoeglobal.shop"
192.178.6.102 - - [22/Jul/2026:12:14:56 +0000] "GET /ammika.php?sitemap882.xml HTTP/1.1" 403 536150 "-" "Mozilla/5.0 (compatible; Googlebot/2.1; +http://www.google.com/bot.html)"
192.178.6.103 - - [22/Jul/2026:12:15:44 +0000] "GET /ammika.php?sitemap339.xml HTTP/1.1" 403 536108 "-" "Mozilla/5.0 (compatible; Googlebot/2.1; +http://www.google.com/bot.html)"
198.177.124.148 - - [22/Jul/2026:12:16:10 +0000] "POST /wp-cron.php?doing_wp_cron=1784722570.3192460536956787109375 HTTP/1.1" 200 - "-" "WordPress/7.0.2; https://sunnyjoeglobal.shop"
43.164.131.148 - - [22/Jul/2026:12:16:07 +0000] "GET / HTTP/1.1" 200 - "-" "Mozilla/5.0 (iPhone; CPU iPhone OS 13_2_3 like Mac OS X) AppleWebKit/605.1.15 (KHTML, like Gecko) Version/13.0.3 Mobile/15E148 Safari/604.1"
192.178.6.104 - - [22/Jul/2026:12:16:48 +0000] "GET /ammika.php?sitemap339.xml HTTP/1.1" 403 536119 "-" "Mozilla/5.0 (compatible; Googlebot/2.1; +http://www.google.com/bot.html)"
192.178.6.103 - - [22/Jul/2026:12:19:12 +0000] "GET /ammika.php?sitemap53.xml HTTP/1.1" 403 536093 "-" "Mozilla/5.0 (compatible; Googlebot/2.1; +http://www.google.com/bot.html)"
198.177.124.148 - - [22/Jul/2026:12:26:12 +0000] "POST /wp-cron.php?doing_wp_cron=1784723172.9804229736328125000000 HTTP/1.1" 200 - "-" "WordPress/7.0.2; https://sunnyjoeglobal.shop"
104.23.223.19 - - [22/Jul/2026:12:26:12 +0000] "GET /wp-admin/install.php?step=1 HTTP/1.1" 403 - "-" "http://sunnyjoeglobal.shop/wp-admin/install.php?step=1"
192.178.6.102 - - [22/Jul/2026:12:31:12 +0000] "GET /ammika.php?sitemap285.xml HTTP/1.1" 403 536134 "-" "Mozilla/5.0 (compatible; Googlebot/2.1; +http://www.google.com/bot.html)"
192.178.6.104 - - [22/Jul/2026:12:32:57 +0000] "GET /ammika.php?sitemap886.xml HTTP/1.1" 403 536191 "-" "Mozilla/5.0 (compatible; Googlebot/2.1; +http://www.google.com/bot.html)"
192.178.6.103 - - [22/Jul/2026:12:36:16 +0000] "GET /saiga.php?sitemap207.xml HTTP/1.1" 403 533127 "-" "Mozilla/5.0 (compatible; Googlebot/2.1; +http://www.google.com/bot.html)"
198.177.124.148 - - [22/Jul/2026:12:46:23 +0000] "POST /wp-cron.php?doing_wp_cron=1784724383.4471108913421630859375 HTTP/1.1" 200 - "-" "WordPress/7.0.2; https://sunnyjoeglobal.shop"
104.23.223.18 - - [22/Jul/2026:12:46:22 +0000] "GET /wp-admin/install.php?step=1 HTTP/1.1" 403 - "-" "http://sunnyjoeglobal.shop/wp-admin/install.php?step=1"
104.23.223.19 - - [22/Jul/2026:12:47:14 +0000] "GET /wp-admin/install.php?step=1 HTTP/1.1" 403 - "-" "http://sunnyjoeglobal.shop/wp-admin/install.php?step=1"
192.178.6.102 - - [22/Jul/2026:12:47:30 +0000] "GET /ammika.php?sitemap636.xml HTTP/1.1" 403 536156 "-" "Mozilla/5.0 (compatible; Googlebot/2.1; +http://www.google.com/bot.html)"
198.177.124.148 - - [22/Jul/2026:13:02:23 +0000] "GET /.well-known/acme-challenge/RMFGC3N48WI60050P2L_IFTFXS5IMT7W HTTP/1.1" 200 64 "-" "Cpanel-HTTP-Client/1.0"
198.177.124.148 - - [22/Jul/2026:13:02:24 +0000] "GET /.well-known/acme-challenge/FMAB-UJ_FTW_MK7052X89EQO525_JKX4 HTTP/1.1" 200 64 "-" "Cpanel-HTTP-Client/1.0"
198.177.124.148 - - [22/Jul/2026:13:05:06 +0000] "POST /wp-cron.php?doing_wp_cron=1784725506.5749258995056152343750 HTTP/1.1" 200 - "-" "WordPress/7.0.2; https://sunnyjoeglobal.shop"
43.130.74.193 - - [22/Jul/2026:13:05:05 +0000] "GET / HTTP/1.1" 200 - "-" "Mozilla/5.0 (iPhone; CPU iPhone OS 13_2_3 like Mac OS X) AppleWebKit/605.1.15 (KHTML, like Gecko) Version/13.0.3 Mobile/15E148 Safari/604.1"
192.178.6.103 - - [22/Jul/2026:13:05:49 +0000] "GET /ammika.php?sitemap782.xml HTTP/1.1" 403 536106 "-" "Mozilla/5.0 (compatible; Googlebot/2.1; +http://www.google.com/bot.html)"
192.178.6.102 - - [22/Jul/2026:13:07:00 +0000] "GET /ammika.php?sitemap389.xml HTTP/1.1" 403 536138 "-" "Mozilla/5.0 (compatible; Googlebot/2.1; +http://www.google.com/bot.html)"
192.178.6.103 - - [22/Jul/2026:13:08:42 +0000] "GET /ammika.php?sitemap445.xml HTTP/1.1" 403 536152 "-" "Mozilla/5.0 (compatible; Googlebot/2.1; +http://www.google.com/bot.html)"
172.71.144.16 - - [22/Jul/2026:13:11:55 +0000] "GET /wp-admin/install.php?step=1 HTTP/1.1" 403 - "-" "http://sunnyjoeglobal.shop/wp-admin/install.php?step=1"
39.43.244.108 - - [22/Jul/2026:13:12:13 +0000] "GET / HTTP/1.1" 200 - "-" "Mozilla/5.0 (Windows NT 10.0; Win64; x64) AppleWebKit/537.36 (KHTML, like Gecko) Chrome/126.0 Safari/537.36"
39.43.244.108 - - [22/Jul/2026:13:12:20 +0000] "GET / HTTP/1.1" 200 - "-" "Mozilla/5.0 (X11; Linux x86_64) AppleWebKit/537.36 (KHTML, like Gecko) Chrome/126.0 Safari/537.36"
198.177.124.148 - - [22/Jul/2026:13:12:22 +0000] "POST /wp-cron.php?doing_wp_cron=1784725942.4816379547119140625000 HTTP/1.1" 200 - "-" "WordPress/7.0.2; https://sunnyjoeglobal.shop"
39.43.244.108 - - [22/Jul/2026:13:12:21 +0000] "GET /cart.js HTTP/1.1" 200 - "-" "Python/3.12 aiohttp/3.14.1"
39.43.244.108 - - [22/Jul/2026:13:12:22 +0000] "GET /products.json HTTP/1.1" 200 - "-" "Python/3.12 aiohttp/3.14.1"
192.178.6.103 - - [22/Jul/2026:13:22:17 +0000] "GET /saiga.php?sitemap223.xml HTTP/1.1" 403 533137 "-" "Mozilla/5.0 (compatible; Googlebot/2.1; +http://www.google.com/bot.html)"
192.178.6.102 - - [22/Jul/2026:13:23:58 +0000] "GET /ammika.php?sitemap943.xml HTTP/1.1" 403 536121 "-" "Mozilla/5.0 (compatible; Googlebot/2.1; +http://www.google.com/bot.html)"
162.158.182.26 - - [22/Jul/2026:13:25:04 +0000] "GET /wp-admin/install.php?step=1 HTTP/1.1" 403 - "-" "http://sunnyjoeglobal.shop/wp-admin/install.php?step=1"
192.178.6.104 - - [22/Jul/2026:13:27:58 +0000] "GET /ammika.php?sitemap845.xml HTTP/1.1" 403 536172 "-" "Mozilla/5.0 (compatible; Googlebot/2.1; +http://www.google.com/bot.html)"
198.177.124.148 - - [22/Jul/2026:13:29:22 +0000] "POST /wp-cron.php?doing_wp_cron=1784726962.7924580574035644531250 HTTP/1.1" 200 - "-" "WordPress/7.0.2; https://sunnyjoeglobal.shop"
104.23.223.19 - - [22/Jul/2026:13:29:21 +0000] "GET /wp-admin/install.php?step=1 HTTP/1.1" 403 - "-" "http://sunnyjoeglobal.shop/wp-admin/install.php?step=1"
192.178.6.102 - - [22/Jul/2026:13:35:49 +0000] "GET /ammika.php?sitemap790.xml HTTP/1.1" 403 536169 "-" "Mozilla/5.0 (compatible; Googlebot/2.1; +http://www.google.com/bot.html)"
