HEX
Server: Apache
System: Linux server1.yalehafricanfoods.shop 5.14.0-687.15.1.el9_8.x86_64 #1 SMP PREEMPT_DYNAMIC Thu Jun 11 08:51:45 EDT 2026 x86_64
User: yalenocb (1002)
PHP: 8.1.34
Disabled: NONE
Upload Files
File: /home/yalenocb/access-logs/sunnyjoeglobal.shop.yalehafricanfoods.shop
92.112.90.115 - - [21/Jul/2026:07:26:35 +0000] "HEAD / HTTP/1.1" 500 - "-" "Mozilla/5.0 (Windows NT 10.0; Win64; x64) AppleWebKit/537.36 (KHTML, like Gecko) Chrome/124.0.0.0 Safari/537.36"
162.158.182.26 - - [21/Jul/2026:07:29:31 +0000] "GET /wp-admin/install.php?step=1 HTTP/1.1" 200 1404 "-" "http://sunnyjoeglobal.shop/wp-admin/install.php?step=1"
34.76.117.34 - - [21/Jul/2026:07:33:14 +0000] "GET / HTTP/1.1" 500 - "-" "Mozilla/5.0 (Macintosh; Intel Mac OS X 10_15_7) AppleWebKit/537.36 (KHTML, like Gecko) Chrome/125.0.0.0 Safari/537.36"
192.178.6.103 - - [21/Jul/2026:07:37:27 +0000] "GET /robots.txt HTTP/1.1" 200 193056 "-" "Mozilla/5.0 (compatible; Googlebot/2.1; +http://www.google.com/bot.html)"
192.178.6.104 - - [21/Jul/2026:07:37:27 +0000] "GET /ammika.php?sitemap90.xml HTTP/1.1" 200 536092 "-" "Mozilla/5.0 (compatible; Googlebot/2.1; +http://www.google.com/bot.html)"
192.178.6.104 - - [21/Jul/2026:07:50:53 +0000] "GET /ammika.php?sitemap374.xml HTTP/1.1" 200 536108 "-" "Mozilla/5.0 (compatible; Googlebot/2.1; +http://www.google.com/bot.html)"
198.177.124.148 - - [21/Jul/2026:07:55:42 +0000] "POST /wp-cron.php?doing_wp_cron=1784620542.2932949066162109375000 HTTP/1.1" 200 - "-" "WordPress/7.0.2; https://sunnyjoeglobal.shop"
162.158.111.91 - - [21/Jul/2026:07:55:40 +0000] "GET /wp-admin/install.php?step=1 HTTP/1.1" 200 1404 "-" "http://sunnyjoeglobal.shop/wp-admin/install.php?step=1"
192.178.6.104 - - [21/Jul/2026:07:58:45 +0000] "GET /ammika.php?sitemap310.xml HTTP/1.1" 200 536123 "-" "Mozilla/5.0 (compatible; Googlebot/2.1; +http://www.google.com/bot.html)"
192.178.6.104 - - [21/Jul/2026:07:59:29 +0000] "GET /ammika.php?sitemap778.xml HTTP/1.1" 200 536142 "-" "Mozilla/5.0 (compatible; Googlebot/2.1; +http://www.google.com/bot.html)"
198.177.124.148 - - [21/Jul/2026:08:06:56 +0000] "POST /wp-cron.php?doing_wp_cron=1784621216.8872969150543212890625 HTTP/1.1" 200 - "-" "WordPress/7.0.2; https://sunnyjoeglobal.shop"
104.23.239.64 - - [21/Jul/2026:08:06:56 +0000] "GET /wp-admin/install.php?step=1 HTTP/1.1" 200 1404 "-" "http://sunnyjoeglobal.shop/wp-admin/install.php?step=1"
198.177.124.148 - - [21/Jul/2026:08:13:56 +0000] "POST /wp-cron.php?doing_wp_cron=1784621636.4171071052551269531250 HTTP/1.1" 200 - "-" "WordPress/7.0.2; https://sunnyjoeglobal.shop"
104.23.221.64 - - [21/Jul/2026:08:13:55 +0000] "GET /wp-admin/install.php?step=1 HTTP/1.1" 200 1404 "-" "http://sunnyjoeglobal.shop/wp-admin/install.php?step=1"
192.178.6.102 - - [21/Jul/2026:08:27:24 +0000] "GET /ammika.php?sitemap162.xml HTTP/1.1" 200 536141 "-" "Mozilla/5.0 (compatible; Googlebot/2.1; +http://www.google.com/bot.html)"
198.177.124.148 - - [21/Jul/2026:08:37:24 +0000] "POST /wp-cron.php?doing_wp_cron=1784623044.8191590309143066406250 HTTP/1.1" 200 - "-" "WordPress/7.0.2; https://sunnyjoeglobal.shop"
104.23.217.12 - - [21/Jul/2026:08:37:24 +0000] "GET /wp-admin/install.php?step=1 HTTP/1.1" 200 1404 "-" "http://sunnyjoeglobal.shop/wp-admin/install.php?step=1"
198.177.124.148 - - [21/Jul/2026:08:41:22 +0000] "POST /wp-cron.php?doing_wp_cron=1784623282.2619509696960449218750 HTTP/1.1" 200 - "-" "WordPress/7.0.2; https://sunnyjoeglobal.shop"
172.70.248.132 - - [21/Jul/2026:08:41:21 +0000] "GET /wp-admin/install.php?step=1 HTTP/1.1" 200 1404 "-" "http://sunnyjoeglobal.shop/wp-admin/install.php?step=1"
43.130.60.195 - - [21/Jul/2026:08:41:41 +0000] "GET / HTTP/1.1" 500 - "-" "Mozilla/5.0 (iPhone; CPU iPhone OS 13_2_3 like Mac OS X) AppleWebKit/605.1.15 (KHTML, like Gecko) Version/13.0.3 Mobile/15E148 Safari/604.1"
192.178.6.103 - - [21/Jul/2026:08:47:12 +0000] "GET /ammika.php?sitemap571.xml HTTP/1.1" 200 536142 "-" "Mozilla/5.0 (compatible; Googlebot/2.1; +http://www.google.com/bot.html)"
192.178.6.104 - - [21/Jul/2026:09:00:29 +0000] "GET /ammika.php?sitemap245.xml HTTP/1.1" 200 536163 "-" "Mozilla/5.0 (compatible; Googlebot/2.1; +http://www.google.com/bot.html)"
198.177.124.148 - - [21/Jul/2026:09:11:32 +0000] "POST /wp-cron.php?doing_wp_cron=1784625092.6318221092224121093750 HTTP/1.1" 200 - "-" "WordPress/7.0.2; https://sunnyjoeglobal.shop"
162.158.182.27 - - [21/Jul/2026:09:11:31 +0000] "GET /wp-admin/install.php?step=1 HTTP/1.1" 200 1404 "-" "http://sunnyjoeglobal.shop/wp-admin/install.php?step=1"
198.177.124.148 - - [21/Jul/2026:09:13:23 +0000] "POST /wp-cron.php?doing_wp_cron=1784625203.4476010799407958984375 HTTP/1.1" 200 - "-" "WordPress/7.0.2; https://sunnyjoeglobal.shop"
172.71.148.121 - - [21/Jul/2026:09:13:22 +0000] "GET /wp-admin/install.php?step=1 HTTP/1.1" 200 1404 "-" "http://sunnyjoeglobal.shop/wp-admin/install.php?step=1"
198.177.124.148 - - [21/Jul/2026:09:16:00 +0000] "POST /wp-cron.php?doing_wp_cron=1784625360.1213049888610839843750 HTTP/1.1" 200 - "-" "WordPress/7.0.2; https://sunnyjoeglobal.shop"
202.134.9.140 - - [21/Jul/2026:09:15:55 +0000] "POST /wp-login.php HTTP/1.1" 302 - "http://sunnyjoeglobal.shop/wp-admin/" "Mozilla/5.0 (Windows NT 10.0; Win64; x64) AppleWebKit/537.36 (KHTML, like Gecko) Chrome/90.0.4430.85 Safari/537.36"
34.76.117.34 - - [21/Jul/2026:09:17:00 +0000] "GET / HTTP/1.1" 500 - "-" "Mozilla/5.0 (Macintosh; Intel Mac OS X 10_15_7) AppleWebKit/537.36 (KHTML, like Gecko) Chrome/125.0.0.0 Safari/537.36"
43.135.182.43 - - [21/Jul/2026:09:25:11 +0000] "GET / HTTP/1.1" 500 - "-" "Mozilla/5.0 (iPhone; CPU iPhone OS 13_2_3 like Mac OS X) AppleWebKit/605.1.15 (KHTML, like Gecko) Version/13.0.3 Mobile/15E148 Safari/604.1"
192.178.6.104 - - [21/Jul/2026:09:30:02 +0000] "GET /ammika.php?sitemap745.xml HTTP/1.1" 200 536072 "-" "Mozilla/5.0 (compatible; Googlebot/2.1; +http://www.google.com/bot.html)"
192.178.6.103 - - [21/Jul/2026:09:32:18 +0000] "GET /ammika.php?sitemap556.xml HTTP/1.1" 200 536162 "-" "Mozilla/5.0 (compatible; Googlebot/2.1; +http://www.google.com/bot.html)"
192.178.6.102 - - [21/Jul/2026:09:38:13 +0000] "GET /ammika.php?sitemap322.xml HTTP/1.1" 200 536111 "-" "Mozilla/5.0 (compatible; Googlebot/2.1; +http://www.google.com/bot.html)"
198.177.124.148 - - [21/Jul/2026:09:41:04 +0000] "POST /wp-cron.php?doing_wp_cron=1784626864.8343980312347412109375 HTTP/1.1" 200 - "-" "WordPress/7.0.2; https://sunnyjoeglobal.shop"
172.68.229.87 - - [21/Jul/2026:09:41:02 +0000] "GET /wp-admin/install.php?step=1 HTTP/1.1" 200 1404 "-" "http://sunnyjoeglobal.shop/wp-admin/install.php?step=1"
192.178.6.103 - - [21/Jul/2026:09:42:38 +0000] "GET /saiga.php?sitemap932.xml HTTP/1.1" 200 551135 "-" "Mozilla/5.0 (compatible; Googlebot/2.1; +http://www.google.com/bot.html)"
192.178.6.104 - - [21/Jul/2026:09:49:16 +0000] "GET /ammika.php?sitemap531.xml HTTP/1.1" 200 536118 "-" "Mozilla/5.0 (compatible; Googlebot/2.1; +http://www.google.com/bot.html)"
198.177.124.148 - - [21/Jul/2026:09:49:33 +0000] "POST /wp-cron.php?doing_wp_cron=1784627373.6144180297851562500000 HTTP/1.1" 200 - "-" "WordPress/7.0.2; https://sunnyjoeglobal.shop"
104.23.223.18 - - [21/Jul/2026:09:49:32 +0000] "GET /wp-admin/install.php?step=1 HTTP/1.1" 200 1404 "-" "http://sunnyjoeglobal.shop/wp-admin/install.php?step=1"
198.177.124.148 - - [21/Jul/2026:09:54:13 +0000] "POST /wp-cron.php?doing_wp_cron=1784627653.0026350021362304687500 HTTP/1.1" 200 - "-" "WordPress/7.0.2; https://sunnyjoeglobal.shop"
172.71.148.120 - - [21/Jul/2026:09:54:12 +0000] "GET /wp-admin/install.php?step=1 HTTP/1.1" 200 1404 "-" "http://sunnyjoeglobal.shop/wp-admin/install.php?step=1"
192.178.6.104 - - [21/Jul/2026:09:55:12 +0000] "GET /?w=37384168039 HTTP/1.1" 200 197681 "-" "Mozilla/5.0 (Linux; Android 6.0.1; Nexus 5X Build/MMB29P) AppleWebKit/537.36 (KHTML, like Gecko) Chrome/150.0.7871.128 Mobile Safari/537.36 (compatible; Googlebot/2.1; +http://www.google.com/bot.html)"
198.177.124.148 - - [21/Jul/2026:10:02:32 +0000] "GET /.well-known/acme-challenge/_4U6QZUN14HRHNV-Z_A5KU_WVUV6917_ HTTP/1.1" 200 64 "-" "Cpanel-HTTP-Client/1.0"
198.177.124.148 - - [21/Jul/2026:10:02:32 +0000] "GET /.well-known/acme-challenge/MH6P6FTN7U-SB4NGQ8VK0UCQBBBUECUQ HTTP/1.1" 200 64 "-" "Cpanel-HTTP-Client/1.0"
192.178.6.103 - - [21/Jul/2026:10:03:51 +0000] "GET /ammika.php?sitemap201.xml HTTP/1.1" 200 536156 "-" "Mozilla/5.0 (compatible; Googlebot/2.1; +http://www.google.com/bot.html)"
192.178.6.103 - - [21/Jul/2026:10:06:06 +0000] "GET /ammika.php?sitemap444.xml HTTP/1.1" 403 536137 "-" "Mozilla/5.0 (compatible; Googlebot/2.1; +http://www.google.com/bot.html)"
104.23.170.16 - - [21/Jul/2026:10:16:42 +0000] "GET /wp-admin/install.php?step=1 HTTP/1.1" 500 - "-" "http://sunnyjoeglobal.shop/wp-admin/install.php?step=1"
172.64.192.9 - - [21/Jul/2026:10:32:32 +0000] "GET /wp-admin/install.php?step=1 HTTP/1.1" 500 - "-" "http://sunnyjoeglobal.shop/wp-admin/install.php?step=1"
192.178.6.102 - - [21/Jul/2026:10:33:21 +0000] "GET /ammika.php?sitemap715.xml HTTP/1.1" 403 536133 "-" "Mozilla/5.0 (compatible; Googlebot/2.1; +http://www.google.com/bot.html)"
192.178.6.102 - - [21/Jul/2026:10:33:51 +0000] "GET /ammika.php?sitemap527.xml HTTP/1.1" 403 536153 "-" "Mozilla/5.0 (compatible; Googlebot/2.1; +http://www.google.com/bot.html)"
192.178.6.104 - - [21/Jul/2026:10:38:27 +0000] "GET /ammika.php?sitemap448.xml HTTP/1.1" 403 536134 "-" "Mozilla/5.0 (compatible; Googlebot/2.1; +http://www.google.com/bot.html)"
192.178.6.103 - - [21/Jul/2026:10:45:21 +0000] "GET /saiga.php?sitemap129.xml HTTP/1.1" 403 533157 "-" "Mozilla/5.0 (compatible; Googlebot/2.1; +http://www.google.com/bot.html)"
104.23.221.65 - - [21/Jul/2026:10:57:11 +0000] "GET /wp-admin/install.php?step=1 HTTP/1.1" 500 - "-" "http://sunnyjoeglobal.shop/wp-admin/install.php?step=1"
104.23.217.12 - - [21/Jul/2026:11:00:40 +0000] "GET /wp-admin/install.php?step=1 HTTP/1.1" 500 - "-" "http://sunnyjoeglobal.shop/wp-admin/install.php?step=1"
192.178.6.102 - - [21/Jul/2026:11:08:23 +0000] "GET /ammika.php?sitemap233.xml HTTP/1.1" 403 536148 "-" "Mozilla/5.0 (compatible; Googlebot/2.1; +http://www.google.com/bot.html)"
34.76.117.34 - - [21/Jul/2026:11:09:08 +0000] "GET / HTTP/1.1" 500 - "-" "Mozilla/5.0 (Macintosh; Intel Mac OS X 10_15_7) AppleWebKit/537.36 (KHTML, like Gecko) Chrome/125.0.0.0 Safari/537.36"
192.178.6.104 - - [21/Jul/2026:11:11:29 +0000] "GET /ammika.php?sitemap367.xml HTTP/1.1" 403 536110 "-" "Mozilla/5.0 (compatible; Googlebot/2.1; +http://www.google.com/bot.html)"
172.70.240.127 - - [21/Jul/2026:11:18:40 +0000] "GET /wp-admin/install.php?step=1 HTTP/1.1" 500 - "-" "http://sunnyjoeglobal.shop/wp-admin/install.php?step=1"
192.178.6.102 - - [21/Jul/2026:11:22:12 +0000] "GET /ammika.php?sitemap537.xml HTTP/1.1" 403 536148 "-" "Mozilla/5.0 (compatible; Googlebot/2.1; +http://www.google.com/bot.html)"
162.158.86.38 - - [21/Jul/2026:11:31:43 +0000] "GET /wp-admin/install.php?step=1 HTTP/1.1" 500 - "-" "http://sunnyjoeglobal.shop/wp-admin/install.php?step=1"
192.178.6.104 - - [21/Jul/2026:11:34:18 +0000] "GET /ammika.php?sitemap142.xml HTTP/1.1" 403 536160 "-" "Mozilla/5.0 (compatible; Googlebot/2.1; +http://www.google.com/bot.html)"
192.178.6.103 - - [21/Jul/2026:11:35:35 +0000] "GET /ammika.php?sitemap806.xml HTTP/1.1" 403 536155 "-" "Mozilla/5.0 (compatible; Googlebot/2.1; +http://www.google.com/bot.html)"
1.12.70.96 - - [21/Jul/2026:11:37:20 +0000] "GET / HTTP/1.1" 500 - "-" "Mozilla/5.0 (iPhone; CPU iPhone OS 13_2_3 like Mac OS X) AppleWebKit/605.1.15 (KHTML, like Gecko) Version/13.0.3 Mobile/15E148 Safari/604.1"
192.178.6.104 - - [21/Jul/2026:11:41:18 +0000] "GET /saiga.php?sitemap949.xml HTTP/1.1" 403 533244 "-" "Mozilla/5.0 (compatible; Googlebot/2.1; +http://www.google.com/bot.html)"
162.158.94.87 - - [21/Jul/2026:11:44:27 +0000] "GET /wp-admin/install.php?step=1 HTTP/1.1" 500 - "-" "http://sunnyjoeglobal.shop/wp-admin/install.php?step=1"
192.178.6.102 - - [21/Jul/2026:11:48:20 +0000] "GET /saiga.php?items/N9067556932/ HTTP/1.1" 403 195666 "-" "Mozilla/5.0 (compatible; Googlebot/2.1; +http://www.google.com/bot.html)"
192.178.6.102 - - [21/Jul/2026:11:48:51 +0000] "GET /ammika.php?sitemap764.xml HTTP/1.1" 403 536149 "-" "Mozilla/5.0 (compatible; Googlebot/2.1; +http://www.google.com/bot.html)"
192.178.6.103 - - [21/Jul/2026:11:51:27 +0000] "GET /ammika.php?sitemap617.xml HTTP/1.1" 403 536202 "-" "Mozilla/5.0 (compatible; Googlebot/2.1; +http://www.google.com/bot.html)"
172.70.240.126 - - [21/Jul/2026:12:01:56 +0000] "GET /wp-admin/install.php?step=1 HTTP/1.1" 500 - "-" "http://sunnyjoeglobal.shop/wp-admin/install.php?step=1"
43.131.32.36 - - [21/Jul/2026:12:06:44 +0000] "GET / HTTP/1.1" 500 - "-" "Mozilla/5.0 (iPhone; CPU iPhone OS 13_2_3 like Mac OS X) AppleWebKit/605.1.15 (KHTML, like Gecko) Version/13.0.3 Mobile/15E148 Safari/604.1"
172.70.246.122 - - [21/Jul/2026:12:20:19 +0000] "GET /wp-admin/install.php?step=1 HTTP/1.1" 500 - "-" "http://sunnyjoeglobal.shop/wp-admin/install.php?step=1"
192.178.6.102 - - [21/Jul/2026:12:27:11 +0000] "GET /ammika.php?sitemap113.xml HTTP/1.1" 403 536111 "-" "Mozilla/5.0 (compatible; Googlebot/2.1; +http://www.google.com/bot.html)"
192.178.6.103 - - [21/Jul/2026:12:27:53 +0000] "GET /ammika.php?sitemap670.xml HTTP/1.1" 403 536109 "-" "Mozilla/5.0 (compatible; Googlebot/2.1; +http://www.google.com/bot.html)"
43.135.139.165 - - [21/Jul/2026:12:29:12 +0000] "GET / HTTP/1.1" 500 - "-" "Mozilla/5.0 (iPhone; CPU iPhone OS 13_2_3 like Mac OS X) AppleWebKit/605.1.15 (KHTML, like Gecko) Version/13.0.3 Mobile/15E148 Safari/604.1"
104.23.221.64 - - [21/Jul/2026:12:32:06 +0000] "GET /wp-admin/install.php?step=1 HTTP/1.1" 500 - "-" "http://sunnyjoeglobal.shop/wp-admin/install.php?step=1"
192.178.6.103 - - [21/Jul/2026:12:33:18 +0000] "GET /ammika.php?sitemap1.xml HTTP/1.1" 403 536099 "-" "Mozilla/5.0 (compatible; Googlebot/2.1; +http://www.google.com/bot.html)"
192.178.6.102 - - [21/Jul/2026:12:39:13 +0000] "GET /ammika.php?sitemap190.xml HTTP/1.1" 403 536131 "-" "Mozilla/5.0 (compatible; Googlebot/2.1; +http://www.google.com/bot.html)"
192.178.6.103 - - [21/Jul/2026:12:40:20 +0000] "GET /ammika.php?sitemap409.xml HTTP/1.1" 403 536150 "-" "Mozilla/5.0 (compatible; Googlebot/2.1; +http://www.google.com/bot.html)"
192.178.6.104 - - [21/Jul/2026:12:47:54 +0000] "GET /ammika.php?m=45928254593 HTTP/1.1" 403 196393 "-" "Mozilla/5.0 (compatible; Googlebot/2.1; +http://www.google.com/bot.html)"
192.178.6.102 - - [21/Jul/2026:12:59:07 +0000] "GET /saiga.php?sitemap787.xml HTTP/1.1" 403 533115 "-" "Mozilla/5.0 (compatible; Googlebot/2.1; +http://www.google.com/bot.html)"
172.70.248.133 - - [21/Jul/2026:13:01:26 +0000] "GET /wp-admin/install.php?step=1 HTTP/1.1" 500 - "-" "http://sunnyjoeglobal.shop/wp-admin/install.php?step=1"
198.177.124.148 - - [21/Jul/2026:13:02:30 +0000] "GET /.well-known/acme-challenge/PE6OGG1BIB1FZIM7I72WCYLT-M60MIT2 HTTP/1.1" 200 64 "-" "Cpanel-HTTP-Client/1.0"
198.177.124.148 - - [21/Jul/2026:13:02:31 +0000] "GET /.well-known/acme-challenge/EY40-_DJG-9UUO4GIB9_E3RUQECPZF16 HTTP/1.1" 200 64 "-" "Cpanel-HTTP-Client/1.0"
192.178.6.102 - - [21/Jul/2026:13:07:39 +0000] "GET /ammika.php?sitemap155.xml HTTP/1.1" 403 536101 "-" "Mozilla/5.0 (compatible; Googlebot/2.1; +http://www.google.com/bot.html)"
192.178.6.103 - - [21/Jul/2026:13:11:10 +0000] "GET /ammika.php?sitemap376.xml HTTP/1.1" 403 536203 "-" "Mozilla/5.0 (compatible; Googlebot/2.1; +http://www.google.com/bot.html)"
43.163.80.48 - - [21/Jul/2026:13:13:18 +0000] "GET / HTTP/1.1" 500 - "-" "Mozilla/5.0 (iPhone; CPU iPhone OS 13_2_3 like Mac OS X) AppleWebKit/605.1.15 (KHTML, like Gecko) Version/13.0.3 Mobile/15E148 Safari/604.1"
104.23.221.65 - - [21/Jul/2026:13:14:17 +0000] "GET /wp-admin/install.php?step=1 HTTP/1.1" 500 - "-" "http://sunnyjoeglobal.shop/wp-admin/install.php?step=1"
34.77.70.95 - - [21/Jul/2026:13:15:09 +0000] "GET / HTTP/1.1" 500 - "-" "Mozilla/5.0 (Macintosh; Intel Mac OS X 10_15_7) AppleWebKit/537.36 (KHTML, like Gecko) Chrome/125.0.0.0 Safari/537.36"
104.23.223.18 - - [21/Jul/2026:13:18:18 +0000] "GET /wp-admin/install.php?step=1 HTTP/1.1" 500 - "-" "http://sunnyjoeglobal.shop/wp-admin/install.php?step=1"
192.178.6.104 - - [21/Jul/2026:13:19:35 +0000] "GET /ammika.php?sitemap423.xml HTTP/1.1" 403 536143 "-" "Mozilla/5.0 (compatible; Googlebot/2.1; +http://www.google.com/bot.html)"
192.178.6.103 - - [21/Jul/2026:13:22:35 +0000] "GET /ammika.php?t=26799150055 HTTP/1.1" 403 200213 "-" "Mozilla/5.0 (compatible; Googlebot/2.1; +http://www.google.com/bot.html)"
192.178.6.102 - - [21/Jul/2026:13:22:51 +0000] "GET /ammika.php?sitemap890.xml HTTP/1.1" 403 536156 "-" "Mozilla/5.0 (compatible; Googlebot/2.1; +http://www.google.com/bot.html)"
44.204.178.220 - - [21/Jul/2026:13:24:09 +0000] "GET / HTTP/1.1" 500 - "-" "Mozilla/5.0 (X11; Linux i686) AppleWebKit/537.36 (KHTML, like Gecko) Chrome/39.0.2166.2 Safari/537.36"
192.178.6.103 - - [21/Jul/2026:13:31:33 +0000] "GET /ammika.php?sitemap42.xml HTTP/1.1" 403 536165 "-" "Mozilla/5.0 (compatible; Googlebot/2.1; +http://www.google.com/bot.html)"
66.249.72.192 - - [21/Jul/2026:13:34:35 +0000] "GET /robots.txt HTTP/1.1" 200 194400 "-" "Mozilla/5.0 (compatible; Googlebot/2.1; +http://www.google.com/bot.html)"
66.249.72.192 - - [21/Jul/2026:13:34:46 +0000] "GET / HTTP/1.1" 200 197435 "-" "Mozilla/5.0 (Linux; Android 6.0.1; Nexus 5X Build/MMB29P) AppleWebKit/537.36 (KHTML, like Gecko) Chrome/150.0.7871.128 Mobile Safari/537.36 (compatible; Googlebot/2.1; +http://www.google.com/bot.html)"
104.23.166.49 - - [21/Jul/2026:13:38:22 +0000] "GET /wp-admin/install.php?step=1 HTTP/1.1" 500 - "-" "http://sunnyjoeglobal.shop/wp-admin/install.php?step=1"
104.23.221.64 - - [21/Jul/2026:13:39:05 +0000] "GET /wp-admin/install.php?step=1 HTTP/1.1" 500 - "-" "http://sunnyjoeglobal.shop/wp-admin/install.php?step=1"
173.252.70.33 - - [21/Jul/2026:13:39:14 +0000] "GET /robots.txt HTTP/1.1" 500 - "-" "facebookexternalhit/1.1 (+http://www.facebook.com/externalhit_uatext.php)"
104.23.239.65 - - [21/Jul/2026:13:39:34 +0000] "GET /wp-admin/install.php?step=1 HTTP/1.1" 500 - "-" "http://sunnyjoeglobal.shop/wp-admin/install.php?step=1"
172.70.250.13 - - [21/Jul/2026:13:46:42 +0000] "GET /wp-admin/install.php?step=1 HTTP/1.1" 500 - "-" "http://sunnyjoeglobal.shop/wp-admin/install.php?step=1"
192.178.6.102 - - [21/Jul/2026:13:59:21 +0000] "GET /ammika.php?sitemap603.xml HTTP/1.1" 403 536141 "-" "Mozilla/5.0 (compatible; Googlebot/2.1; +http://www.google.com/bot.html)"
104.23.223.18 - - [21/Jul/2026:14:08:49 +0000] "GET /wp-admin/install.php?step=1 HTTP/1.1" 500 - "-" "http://sunnyjoeglobal.shop/wp-admin/install.php?step=1"
198.177.124.148 - - [21/Jul/2026:14:15:16 +0000] "POST /wp-cron.php?doing_wp_cron=1784643316.0259709358215332031250 HTTP/1.1" 200 - "-" "WordPress/7.0.2; https://sunnyjoeglobal.shop"
156.59.26.87 - - [21/Jul/2026:14:15:02 +0000] "GET /wp-login.php HTTP/1.1" 302 - "-" "Mozilla/5.0"
104.23.221.65 - - [21/Jul/2026:14:17:16 +0000] "GET /wp-admin/install.php?step=1 HTTP/1.1" 500 - "-" "http://sunnyjoeglobal.shop/wp-admin/install.php?step=1"
192.178.6.102 - - [21/Jul/2026:14:33:46 +0000] "GET /ammika.php?sitemap800.xml HTTP/1.1" 200 536196 "-" "Mozilla/5.0 (compatible; Googlebot/2.1; +http://www.google.com/bot.html)"
104.23.221.64 - - [21/Jul/2026:14:36:40 +0000] "GET /wp-admin/install.php?step=1 HTTP/1.1" 404 82020 "-" "http://sunnyjoeglobal.shop/wp-admin/install.php?step=1"
192.178.6.102 - - [21/Jul/2026:14:44:54 +0000] "GET /ammika.php?sitemap741.xml HTTP/1.1" 200 536208 "-" "Mozilla/5.0 (compatible; Googlebot/2.1; +http://www.google.com/bot.html)"
103.139.144.206 - - [21/Jul/2026:14:45:38 +0000] "GET /wp-login.php HTTP/1.1" 302 - "-" "Mozilla/5.0"
192.178.6.102 - - [21/Jul/2026:14:46:30 +0000] "GET /ammika.php?sitemap156.xml HTTP/1.1" 200 536086 "-" "Mozilla/5.0 (compatible; Googlebot/2.1; +http://www.google.com/bot.html)"
104.23.223.18 - - [21/Jul/2026:14:56:56 +0000] "GET /wp-admin/install.php?step=1 HTTP/1.1" 301 - "-" "http://sunnyjoeglobal.shop/wp-admin/install.php?step=1"
104.23.223.18 - - [21/Jul/2026:14:56:57 +0000] "GET /wp-admin/install.php/?step=1 HTTP/1.1" 403 92401 "-" "http://sunnyjoeglobal.shop/wp-admin/install.php?step=1"
162.158.94.87 - - [21/Jul/2026:14:57:49 +0000] "GET /wp-admin/install.php?step=1 HTTP/1.1" 301 - "-" "http://sunnyjoeglobal.shop/wp-admin/install.php?step=1"
162.158.94.87 - - [21/Jul/2026:14:57:50 +0000] "GET /wp-admin/install.php/?step=1 HTTP/1.1" 403 92401 "-" "http://sunnyjoeglobal.shop/wp-admin/install.php?step=1"
103.139.144.206 - - [21/Jul/2026:14:58:54 +0000] "GET /wp-login.php HTTP/1.1" 302 - "-" "Mozilla/5.0"
162.158.182.26 - - [21/Jul/2026:15:00:23 +0000] "GET /wp-admin/install.php?step=1 HTTP/1.1" 301 - "-" "http://sunnyjoeglobal.shop/wp-admin/install.php?step=1"
43.157.156.190 - - [21/Jul/2026:15:03:15 +0000] "GET / HTTP/1.1" 301 - "-" "Mozilla/5.0 (iPhone; CPU iPhone OS 13_2_3 like Mac OS X) AppleWebKit/605.1.15 (KHTML, like Gecko) Version/13.0.3 Mobile/15E148 Safari/604.1"
43.157.156.190 - - [21/Jul/2026:15:03:17 +0000] "GET / HTTP/1.1" 200 92401 "http://www.sunnyjoeglobal.shop" "Mozilla/5.0 (iPhone; CPU iPhone OS 13_2_3 like Mac OS X) AppleWebKit/605.1.15 (KHTML, like Gecko) Version/13.0.3 Mobile/15E148 Safari/604.1"
192.178.6.104 - - [21/Jul/2026:15:04:33 +0000] "GET /saiga.php?items/D15499204635/ HTTP/1.1" 200 199568 "-" "Mozilla/5.0 (compatible; Googlebot/2.1; +http://www.google.com/bot.html)"
198.177.124.148 - - [21/Jul/2026:15:15:37 +0000] "POST /wp-cron.php?doing_wp_cron=1784646937.6282219886779785156250 HTTP/1.1" 200 - "-" "WordPress/7.0.2; https://sunnyjoeglobal.shop"
192.178.6.103 - - [21/Jul/2026:15:18:39 +0000] "GET /ammika.php?sitemap43.xml HTTP/1.1" 200 536157 "-" "Mozilla/5.0 (compatible; Googlebot/2.1; +http://www.google.com/bot.html)"
198.177.124.148 - - [21/Jul/2026:15:22:24 +0000] "POST /wp-cron.php?doing_wp_cron=1784647344.0136959552764892578125 HTTP/1.1" 200 - "-" "WordPress/7.0.2; https://sunnyjoeglobal.shop"
104.23.223.19 - - [21/Jul/2026:15:22:23 +0000] "GET /wp-admin/install.php?step=1 HTTP/1.1" 200 1404 "-" "http://sunnyjoeglobal.shop/wp-admin/install.php?step=1"
192.178.6.103 - - [21/Jul/2026:15:24:37 +0000] "GET /ammika.php?sitemap.xml HTTP/1.1" 200 9289 "-" "Mozilla/5.0 (compatible; Googlebot/2.1; +http://www.google.com/bot.html)"
198.177.124.148 - - [21/Jul/2026:15:25:27 +0000] "POST /wp-cron.php?doing_wp_cron=1784647527.5591249465942382812500 HTTP/1.1" 200 - "-" "WordPress/7.0.2; https://sunnyjoeglobal.shop"
172.71.172.11 - - [21/Jul/2026:15:25:27 +0000] "GET /wp-admin/install.php?step=1 HTTP/1.1" 200 1404 "-" "http://sunnyjoeglobal.shop/wp-admin/install.php?step=1"
104.23.217.13 - - [21/Jul/2026:15:29:29 +0000] "GET /wp-admin/install.php?step=1 HTTP/1.1" 200 1404 "-" "http://sunnyjoeglobal.shop/wp-admin/install.php?step=1"
192.178.6.102 - - [21/Jul/2026:15:39:39 +0000] "GET /ammika.php?sitemap111.xml HTTP/1.1" 200 536127 "-" "Mozilla/5.0 (compatible; Googlebot/2.1; +http://www.google.com/bot.html)"
192.178.6.102 - - [21/Jul/2026:15:39:53 +0000] "GET /ammika.php?sitemap189.xml HTTP/1.1" 200 536181 "-" "Mozilla/5.0 (compatible; Googlebot/2.1; +http://www.google.com/bot.html)"
192.178.6.102 - - [21/Jul/2026:15:40:00 +0000] "GET /ammika.php?sitemap197.xml HTTP/1.1" 200 536113 "-" "Mozilla/5.0 (compatible; Googlebot/2.1; +http://www.google.com/bot.html)"
192.178.6.103 - - [21/Jul/2026:15:40:06 +0000] "GET /ammika.php?sitemap210.xml HTTP/1.1" 200 536089 "-" "Mozilla/5.0 (compatible; Googlebot/2.1; +http://www.google.com/bot.html)"
192.178.6.102 - - [21/Jul/2026:15:40:20 +0000] "GET /ammika.php?sitemap22.xml HTTP/1.1" 200 536125 "-" "Mozilla/5.0 (compatible; Googlebot/2.1; +http://www.google.com/bot.html)"
192.178.6.102 - - [21/Jul/2026:15:40:23 +0000] "GET /ammika.php?sitemap238.xml HTTP/1.1" 200 536147 "-" "Mozilla/5.0 (compatible; Googlebot/2.1; +http://www.google.com/bot.html)"
192.178.6.102 - - [21/Jul/2026:15:40:27 +0000] "GET /ammika.php?sitemap243.xml HTTP/1.1" 200 536134 "-" "Mozilla/5.0 (compatible; Googlebot/2.1; +http://www.google.com/bot.html)"
192.178.6.102 - - [21/Jul/2026:15:40:33 +0000] "GET /ammika.php?sitemap244.xml HTTP/1.1" 200 536066 "-" "Mozilla/5.0 (compatible; Googlebot/2.1; +http://www.google.com/bot.html)"
192.178.6.103 - - [21/Jul/2026:15:40:36 +0000] "GET /ammika.php?sitemap248.xml HTTP/1.1" 200 536188 "-" "Mozilla/5.0 (compatible; Googlebot/2.1; +http://www.google.com/bot.html)"
192.178.6.103 - - [21/Jul/2026:15:40:38 +0000] "GET /ammika.php?sitemap259.xml HTTP/1.1" 200 536065 "-" "Mozilla/5.0 (compatible; Googlebot/2.1; +http://www.google.com/bot.html)"
192.178.6.103 - - [21/Jul/2026:15:40:43 +0000] "GET /ammika.php?sitemap270.xml HTTP/1.1" 200 536235 "-" "Mozilla/5.0 (compatible; Googlebot/2.1; +http://www.google.com/bot.html)"
192.178.6.103 - - [21/Jul/2026:15:40:45 +0000] "GET /ammika.php?sitemap271.xml HTTP/1.1" 200 536156 "-" "Mozilla/5.0 (compatible; Googlebot/2.1; +http://www.google.com/bot.html)"
192.178.6.102 - - [21/Jul/2026:15:41:06 +0000] "GET /ammika.php?sitemap276.xml HTTP/1.1" 200 536127 "-" "Mozilla/5.0 (compatible; Googlebot/2.1; +http://www.google.com/bot.html)"
192.178.6.104 - - [21/Jul/2026:15:41:08 +0000] "GET /ammika.php?sitemap285.xml HTTP/1.1" 200 536148 "-" "Mozilla/5.0 (compatible; Googlebot/2.1; +http://www.google.com/bot.html)"
192.178.6.103 - - [21/Jul/2026:15:41:13 +0000] "GET /ammika.php?sitemap286.xml HTTP/1.1" 200 536149 "-" "Mozilla/5.0 (compatible; Googlebot/2.1; +http://www.google.com/bot.html)"
192.178.6.102 - - [21/Jul/2026:15:41:20 +0000] "GET /ammika.php?sitemap292.xml HTTP/1.1" 200 536158 "-" "Mozilla/5.0 (compatible; Googlebot/2.1; +http://www.google.com/bot.html)"
192.178.6.102 - - [21/Jul/2026:15:41:22 +0000] "GET /ammika.php?sitemap33.xml HTTP/1.1" 200 536064 "-" "Mozilla/5.0 (compatible; Googlebot/2.1; +http://www.google.com/bot.html)"
192.178.6.102 - - [21/Jul/2026:15:41:24 +0000] "GET /ammika.php?sitemap339.xml HTTP/1.1" 200 536137 "-" "Mozilla/5.0 (compatible; Googlebot/2.1; +http://www.google.com/bot.html)"
192.178.6.103 - - [21/Jul/2026:15:41:27 +0000] "GET /ammika.php?sitemap352.xml HTTP/1.1" 200 536109 "-" "Mozilla/5.0 (compatible; Googlebot/2.1; +http://www.google.com/bot.html)"
192.178.6.102 - - [21/Jul/2026:15:41:29 +0000] "GET /ammika.php?sitemap377.xml HTTP/1.1" 200 536178 "-" "Mozilla/5.0 (compatible; Googlebot/2.1; +http://www.google.com/bot.html)"
192.178.6.102 - - [21/Jul/2026:15:41:36 +0000] "GET /ammika.php?sitemap389.xml HTTP/1.1" 200 536142 "-" "Mozilla/5.0 (compatible; Googlebot/2.1; +http://www.google.com/bot.html)"
192.178.6.102 - - [21/Jul/2026:15:41:38 +0000] "GET /ammika.php?sitemap415.xml HTTP/1.1" 200 536164 "-" "Mozilla/5.0 (compatible; Googlebot/2.1; +http://www.google.com/bot.html)"
192.178.6.103 - - [21/Jul/2026:15:41:43 +0000] "GET /ammika.php?sitemap445.xml HTTP/1.1" 200 536138 "-" "Mozilla/5.0 (compatible; Googlebot/2.1; +http://www.google.com/bot.html)"
192.178.6.104 - - [21/Jul/2026:15:41:45 +0000] "GET /ammika.php?sitemap460.xml HTTP/1.1" 200 536136 "-" "Mozilla/5.0 (compatible; Googlebot/2.1; +http://www.google.com/bot.html)"
192.178.6.102 - - [21/Jul/2026:15:42:04 +0000] "GET /ammika.php?sitemap463.xml HTTP/1.1" 200 536120 "-" "Mozilla/5.0 (compatible; Googlebot/2.1; +http://www.google.com/bot.html)"
192.178.6.102 - - [21/Jul/2026:15:42:06 +0000] "GET /ammika.php?sitemap502.xml HTTP/1.1" 200 536116 "-" "Mozilla/5.0 (compatible; Googlebot/2.1; +http://www.google.com/bot.html)"
192.178.6.102 - - [21/Jul/2026:15:42:15 +0000] "GET /ammika.php?sitemap523.xml HTTP/1.1" 200 536153 "-" "Mozilla/5.0 (compatible; Googlebot/2.1; +http://www.google.com/bot.html)"
192.178.6.103 - - [21/Jul/2026:15:42:17 +0000] "GET /ammika.php?sitemap526.xml HTTP/1.1" 200 536139 "-" "Mozilla/5.0 (compatible; Googlebot/2.1; +http://www.google.com/bot.html)"
192.178.6.102 - - [21/Jul/2026:15:42:21 +0000] "GET /ammika.php?sitemap53.xml HTTP/1.1" 200 536119 "-" "Mozilla/5.0 (compatible; Googlebot/2.1; +http://www.google.com/bot.html)"
192.178.6.102 - - [21/Jul/2026:15:42:25 +0000] "GET /ammika.php?sitemap577.xml HTTP/1.1" 200 536109 "-" "Mozilla/5.0 (compatible; Googlebot/2.1; +http://www.google.com/bot.html)"
192.178.6.103 - - [21/Jul/2026:15:42:28 +0000] "GET /ammika.php?sitemap579.xml HTTP/1.1" 200 536109 "-" "Mozilla/5.0 (compatible; Googlebot/2.1; +http://www.google.com/bot.html)"
192.178.6.102 - - [21/Jul/2026:15:42:30 +0000] "GET /ammika.php?sitemap585.xml HTTP/1.1" 200 536126 "-" "Mozilla/5.0 (compatible; Googlebot/2.1; +http://www.google.com/bot.html)"
192.178.6.103 - - [21/Jul/2026:15:42:33 +0000] "GET /ammika.php?sitemap610.xml HTTP/1.1" 200 536175 "-" "Mozilla/5.0 (compatible; Googlebot/2.1; +http://www.google.com/bot.html)"
192.178.6.103 - - [21/Jul/2026:15:42:40 +0000] "GET /ammika.php?sitemap630.xml HTTP/1.1" 200 536122 "-" "Mozilla/5.0 (compatible; Googlebot/2.1; +http://www.google.com/bot.html)"
192.178.6.103 - - [21/Jul/2026:15:42:41 +0000] "GET /ammika.php?sitemap634.xml HTTP/1.1" 200 536152 "-" "Mozilla/5.0 (compatible; Googlebot/2.1; +http://www.google.com/bot.html)"
192.178.6.102 - - [21/Jul/2026:15:42:46 +0000] "GET /ammika.php?sitemap636.xml HTTP/1.1" 200 536126 "-" "Mozilla/5.0 (compatible; Googlebot/2.1; +http://www.google.com/bot.html)"
192.178.6.102 - - [21/Jul/2026:15:42:48 +0000] "GET /ammika.php?sitemap637.xml HTTP/1.1" 200 536125 "-" "Mozilla/5.0 (compatible; Googlebot/2.1; +http://www.google.com/bot.html)"
192.178.6.103 - - [21/Jul/2026:15:42:50 +0000] "GET /ammika.php?sitemap644.xml HTTP/1.1" 200 536160 "-" "Mozilla/5.0 (compatible; Googlebot/2.1; +http://www.google.com/bot.html)"
192.178.6.104 - - [21/Jul/2026:15:43:00 +0000] "GET /ammika.php?sitemap646.xml HTTP/1.1" 200 536143 "-" "Mozilla/5.0 (compatible; Googlebot/2.1; +http://www.google.com/bot.html)"
192.178.6.103 - - [21/Jul/2026:15:43:03 +0000] "GET /ammika.php?sitemap67.xml HTTP/1.1" 200 536132 "-" "Mozilla/5.0 (compatible; Googlebot/2.1; +http://www.google.com/bot.html)"
192.178.6.103 - - [21/Jul/2026:15:43:05 +0000] "GET /ammika.php?sitemap695.xml HTTP/1.1" 200 536147 "-" "Mozilla/5.0 (compatible; Googlebot/2.1; +http://www.google.com/bot.html)"
192.178.6.102 - - [21/Jul/2026:15:43:07 +0000] "GET /ammika.php?sitemap525.xml HTTP/1.1" 200 536107 "-" "Mozilla/5.0 (compatible; Googlebot/2.1; +http://www.google.com/bot.html)"
192.178.6.102 - - [21/Jul/2026:15:43:14 +0000] "GET /ammika.php?sitemap709.xml HTTP/1.1" 200 536142 "-" "Mozilla/5.0 (compatible; Googlebot/2.1; +http://www.google.com/bot.html)"
192.178.6.102 - - [21/Jul/2026:15:43:21 +0000] "GET /ammika.php?sitemap782.xml HTTP/1.1" 200 536142 "-" "Mozilla/5.0 (compatible; Googlebot/2.1; +http://www.google.com/bot.html)"
192.178.6.103 - - [21/Jul/2026:15:43:22 +0000] "GET /ammika.php?sitemap790.xml HTTP/1.1" 200 536132 "-" "Mozilla/5.0 (compatible; Googlebot/2.1; +http://www.google.com/bot.html)"
192.178.6.103 - - [21/Jul/2026:15:43:30 +0000] "GET /ammika.php?sitemap845.xml HTTP/1.1" 200 536078 "-" "Mozilla/5.0 (compatible; Googlebot/2.1; +http://www.google.com/bot.html)"
192.178.6.103 - - [21/Jul/2026:15:43:35 +0000] "GET /ammika.php?sitemap882.xml HTTP/1.1" 200 536135 "-" "Mozilla/5.0 (compatible; Googlebot/2.1; +http://www.google.com/bot.html)"
192.178.6.103 - - [21/Jul/2026:15:43:50 +0000] "GET /ammika.php?sitemap888.xml HTTP/1.1" 200 536139 "-" "Mozilla/5.0 (compatible; Googlebot/2.1; +http://www.google.com/bot.html)"
192.178.6.102 - - [21/Jul/2026:15:43:54 +0000] "GET /ammika.php?sitemap889.xml HTTP/1.1" 200 536150 "-" "Mozilla/5.0 (compatible; Googlebot/2.1; +http://www.google.com/bot.html)"
192.178.6.103 - - [21/Jul/2026:15:43:58 +0000] "GET /ammika.php?sitemap900.xml HTTP/1.1" 200 536142 "-" "Mozilla/5.0 (compatible; Googlebot/2.1; +http://www.google.com/bot.html)"
192.178.6.103 - - [21/Jul/2026:15:44:08 +0000] "GET /ammika.php?sitemap946.xml HTTP/1.1" 200 536120 "-" "Mozilla/5.0 (compatible; Googlebot/2.1; +http://www.google.com/bot.html)"
192.178.6.102 - - [21/Jul/2026:15:44:15 +0000] "GET /ammika.php?sitemap961.xml HTTP/1.1" 200 536134 "-" "Mozilla/5.0 (compatible; Googlebot/2.1; +http://www.google.com/bot.html)"
192.178.6.102 - - [21/Jul/2026:15:44:17 +0000] "GET /ammika.php?sitemap864.xml HTTP/1.1" 200 536117 "-" "Mozilla/5.0 (compatible; Googlebot/2.1; +http://www.google.com/bot.html)"
192.178.6.102 - - [21/Jul/2026:15:44:27 +0000] "GET /ammika.php?sitemap536.xml HTTP/1.1" 200 536138 "-" "Mozilla/5.0 (compatible; Googlebot/2.1; +http://www.google.com/bot.html)"
192.178.6.103 - - [21/Jul/2026:15:44:46 +0000] "GET /ammika.php?sitemap354.xml HTTP/1.1" 200 536138 "-" "Mozilla/5.0 (compatible; Googlebot/2.1; +http://www.google.com/bot.html)"
192.178.6.102 - - [21/Jul/2026:15:44:51 +0000] "GET /ammika.php?sitemap561.xml HTTP/1.1" 200 536148 "-" "Mozilla/5.0 (compatible; Googlebot/2.1; +http://www.google.com/bot.html)"
192.178.6.102 - - [21/Jul/2026:15:45:01 +0000] "GET /ammika.php?sitemap560.xml HTTP/1.1" 200 536115 "-" "Mozilla/5.0 (compatible; Googlebot/2.1; +http://www.google.com/bot.html)"
192.178.6.103 - - [21/Jul/2026:15:45:04 +0000] "GET /ammika.php?sitemap703.xml HTTP/1.1" 200 536132 "-" "Mozilla/5.0 (compatible; Googlebot/2.1; +http://www.google.com/bot.html)"
192.178.6.102 - - [21/Jul/2026:15:45:09 +0000] "GET /ammika.php?sitemap943.xml HTTP/1.1" 200 536113 "-" "Mozilla/5.0 (compatible; Googlebot/2.1; +http://www.google.com/bot.html)"
192.178.6.102 - - [21/Jul/2026:15:45:13 +0000] "GET /ammika.php?sitemap887.xml HTTP/1.1" 200 536073 "-" "Mozilla/5.0 (compatible; Googlebot/2.1; +http://www.google.com/bot.html)"
192.178.6.102 - - [21/Jul/2026:15:45:22 +0000] "GET /ammika.php?sitemap820.xml HTTP/1.1" 200 536111 "-" "Mozilla/5.0 (compatible; Googlebot/2.1; +http://www.google.com/bot.html)"
192.178.6.102 - - [21/Jul/2026:15:45:26 +0000] "GET /ammika.php?sitemap705.xml HTTP/1.1" 200 536126 "-" "Mozilla/5.0 (compatible; Googlebot/2.1; +http://www.google.com/bot.html)"
192.178.6.102 - - [21/Jul/2026:15:45:45 +0000] "GET /ammika.php?sitemap817.xml HTTP/1.1" 200 536116 "-" "Mozilla/5.0 (compatible; Googlebot/2.1; +http://www.google.com/bot.html)"
192.178.6.104 - - [21/Jul/2026:15:45:53 +0000] "GET /ammika.php?sitemap560.xml HTTP/1.1" 200 536113 "-" "Mozilla/5.0 (compatible; Googlebot/2.1; +http://www.google.com/bot.html)"
192.178.6.103 - - [21/Jul/2026:15:45:57 +0000] "GET /ammika.php?sitemap887.xml HTTP/1.1" 200 536114 "-" "Mozilla/5.0 (compatible; Googlebot/2.1; +http://www.google.com/bot.html)"
192.178.6.102 - - [21/Jul/2026:15:46:02 +0000] "GET /ammika.php?sitemap840.xml HTTP/1.1" 200 536132 "-" "Mozilla/5.0 (compatible; Googlebot/2.1; +http://www.google.com/bot.html)"
192.178.6.102 - - [21/Jul/2026:15:46:12 +0000] "GET /ammika.php?sitemap886.xml HTTP/1.1" 200 536176 "-" "Mozilla/5.0 (compatible; Googlebot/2.1; +http://www.google.com/bot.html)"
192.178.6.102 - - [21/Jul/2026:15:46:15 +0000] "GET /ammika.php?sitemap940.xml HTTP/1.1" 200 536108 "-" "Mozilla/5.0 (compatible; Googlebot/2.1; +http://www.google.com/bot.html)"
192.178.6.102 - - [21/Jul/2026:15:46:17 +0000] "GET /ammika.php?sitemap973.xml HTTP/1.1" 200 536155 "-" "Mozilla/5.0 (compatible; Googlebot/2.1; +http://www.google.com/bot.html)"
192.178.6.103 - - [21/Jul/2026:15:46:24 +0000] "GET /ammika.php?sitemap886.xml HTTP/1.1" 200 536078 "-" "Mozilla/5.0 (compatible; Googlebot/2.1; +http://www.google.com/bot.html)"
192.178.6.103 - - [21/Jul/2026:15:46:30 +0000] "GET /ammika.php?sitemap561.xml HTTP/1.1" 200 536083 "-" "Mozilla/5.0 (compatible; Googlebot/2.1; +http://www.google.com/bot.html)"
104.23.221.65 - - [21/Jul/2026:15:47:46 +0000] "GET /wp-admin/install.php?step=1 HTTP/1.1" 200 1404 "-" "http://sunnyjoeglobal.shop/wp-admin/install.php?step=1"
198.177.124.148 - - [21/Jul/2026:16:02:27 +0000] "GET /.well-known/acme-challenge/ABYUFQEOSW79TLD8X803DNNAHX9XUZKQ HTTP/1.1" 200 64 "-" "Cpanel-HTTP-Client/1.0"
198.177.124.148 - - [21/Jul/2026:16:02:27 +0000] "GET /.well-known/acme-challenge/4PP7V0Z_G4H17-Q6AT53TS25VOLSHGU1 HTTP/1.1" 200 64 "-" "Cpanel-HTTP-Client/1.0"
198.177.124.148 - - [21/Jul/2026:16:16:21 +0000] "POST /wp-cron.php?doing_wp_cron=1784650581.5894498825073242187500 HTTP/1.1" 200 - "-" "WordPress/7.0.2; https://sunnyjoeglobal.shop"
104.23.223.19 - - [21/Jul/2026:16:16:20 +0000] "GET /wp-admin/install.php?step=1 HTTP/1.1" 200 1404 "-" "http://sunnyjoeglobal.shop/wp-admin/install.php?step=1"
162.158.94.87 - - [21/Jul/2026:16:20:08 +0000] "GET /wp-admin/install.php?step=1 HTTP/1.1" 200 1404 "-" "http://sunnyjoeglobal.shop/wp-admin/install.php?step=1"
43.133.253.253 - - [21/Jul/2026:16:21:10 +0000] "GET / HTTP/1.1" 200 92401 "-" "Mozilla/5.0 (iPhone; CPU iPhone OS 13_2_3 like Mac OS X) AppleWebKit/605.1.15 (KHTML, like Gecko) Version/13.0.3 Mobile/15E148 Safari/604.1"
104.23.217.12 - - [21/Jul/2026:16:42:18 +0000] "GET /wp-admin/install.php?step=1 HTTP/1.1" 200 1404 "-" "http://sunnyjoeglobal.shop/wp-admin/install.php?step=1"
198.177.124.148 - - [21/Jul/2026:16:45:24 +0000] "POST /wp-cron.php?doing_wp_cron=1784652324.2915968894958496093750 HTTP/1.1" 200 - "-" "WordPress/7.0.2; https://sunnyjoeglobal.shop"
104.23.217.13 - - [21/Jul/2026:16:45:22 +0000] "GET /wp-admin/install.php?step=1 HTTP/1.1" 200 1404 "-" "http://sunnyjoeglobal.shop/wp-admin/install.php?step=1"
198.177.124.148 - - [21/Jul/2026:17:00:30 +0000] "POST /wp-cron.php?doing_wp_cron=1784653230.7806830406188964843750 HTTP/1.1" 200 - "-" "WordPress/7.0.2; https://sunnyjoeglobal.shop"
162.159.113.154 - - [21/Jul/2026:17:00:29 +0000] "GET /wp-admin/install.php?step=1 HTTP/1.1" 200 1404 "-" "http://sunnyjoeglobal.shop/wp-admin/install.php?step=1"
162.14.66.219 - - [21/Jul/2026:17:01:00 +0000] "GET / HTTP/1.1" 301 - "-" "Mozilla/5.0 (iPhone; CPU iPhone OS 13_2_3 like Mac OS X) AppleWebKit/605.1.15 (KHTML, like Gecko) Version/13.0.3 Mobile/15E148 Safari/604.1"
162.14.66.219 - - [21/Jul/2026:17:01:03 +0000] "GET / HTTP/1.1" 200 92401 "http://www.sunnyjoeglobal.shop" "Mozilla/5.0 (iPhone; CPU iPhone OS 13_2_3 like Mac OS X) AppleWebKit/605.1.15 (KHTML, like Gecko) Version/13.0.3 Mobile/15E148 Safari/604.1"
170.106.35.153 - - [21/Jul/2026:17:08:08 +0000] "GET / HTTP/1.1" 301 - "-" "Mozilla/5.0 (iPhone; CPU iPhone OS 13_2_3 like Mac OS X) AppleWebKit/605.1.15 (KHTML, like Gecko) Version/13.0.3 Mobile/15E148 Safari/604.1"
170.106.35.153 - - [21/Jul/2026:17:08:10 +0000] "GET / HTTP/1.1" 200 92401 "http://www.sunnyjoeglobal.shop" "Mozilla/5.0 (iPhone; CPU iPhone OS 13_2_3 like Mac OS X) AppleWebKit/605.1.15 (KHTML, like Gecko) Version/13.0.3 Mobile/15E148 Safari/604.1"
192.178.6.104 - - [21/Jul/2026:17:20:11 +0000] "GET /saiga.php?sitemap98.xml HTTP/1.1" 200 551165 "-" "Mozilla/5.0 (compatible; Googlebot/2.1; +http://www.google.com/bot.html)"
198.177.124.148 - - [21/Jul/2026:17:21:22 +0000] "POST /wp-cron.php?doing_wp_cron=1784654482.9627020359039306640625 HTTP/1.1" 200 - "-" "WordPress/7.0.2; https://sunnyjoeglobal.shop"
104.23.221.65 - - [21/Jul/2026:17:21:21 +0000] "GET /wp-admin/install.php?step=1 HTTP/1.1" 200 1404 "-" "http://sunnyjoeglobal.shop/wp-admin/install.php?step=1"
192.178.6.102 - - [21/Jul/2026:17:23:02 +0000] "GET /saiga.php?sitemap28.xml HTTP/1.1" 200 551135 "-" "Mozilla/5.0 (compatible; Googlebot/2.1; +http://www.google.com/bot.html)"
104.23.168.10 - - [21/Jul/2026:17:33:09 +0000] "GET /wp-admin/install.php?step=1 HTTP/1.1" 200 1404 "-" "http://sunnyjoeglobal.shop/wp-admin/install.php?step=1"
192.178.6.104 - - [21/Jul/2026:17:44:36 +0000] "GET /?n=1478173755 HTTP/1.1" 200 92401 "-" "Mozilla/5.0 (compatible; Googlebot/2.1; +http://www.google.com/bot.html)"
104.23.223.19 - - [21/Jul/2026:17:58:13 +0000] "GET /wp-admin/install.php?step=1 HTTP/1.1" 200 1404 "-" "http://sunnyjoeglobal.shop/wp-admin/install.php?step=1"
198.177.124.148 - - [21/Jul/2026:18:04:30 +0000] "POST /wp-cron.php?doing_wp_cron=1784657070.0041379928588867187500 HTTP/1.1" 200 - "-" "WordPress/7.0.2; https://sunnyjoeglobal.shop"
104.23.223.19 - - [21/Jul/2026:18:04:28 +0000] "GET /wp-admin/install.php?step=1 HTTP/1.1" 200 1404 "-" "http://sunnyjoeglobal.shop/wp-admin/install.php?step=1"
104.23.239.65 - - [21/Jul/2026:18:27:11 +0000] "GET /wp-admin/install.php?step=1 HTTP/1.1" 200 1404 "-" "http://sunnyjoeglobal.shop/wp-admin/install.php?step=1"
172.71.144.16 - - [21/Jul/2026:18:42:13 +0000] "GET /wp-admin/install.php?step=1 HTTP/1.1" 200 1404 "-" "http://sunnyjoeglobal.shop/wp-admin/install.php?step=1"
172.70.240.126 - - [21/Jul/2026:18:58:07 +0000] "GET /wp-admin/install.php?step=1 HTTP/1.1" 200 1404 "-" "http://sunnyjoeglobal.shop/wp-admin/install.php?step=1"
192.178.6.103 - - [21/Jul/2026:18:58:16 +0000] "GET /saiga.php?sitemap160.xml HTTP/1.1" 200 551171 "-" "Mozilla/5.0 (compatible; Googlebot/2.1; +http://www.google.com/bot.html)"
198.177.124.148 - - [21/Jul/2026:19:02:27 +0000] "GET /.well-known/acme-challenge/BKAKHB41FJLO4-G2FSMCRASL8II28W95 HTTP/1.1" 200 64 "-" "Cpanel-HTTP-Client/1.0"
198.177.124.148 - - [21/Jul/2026:19:02:27 +0000] "GET /.well-known/acme-challenge/L78RTXBUIS9_V_PAPG2M26TLTQ7LTULJ HTTP/1.1" 200 64 "-" "Cpanel-HTTP-Client/1.0"
198.177.124.148 - - [21/Jul/2026:19:08:33 +0000] "POST /wp-cron.php?doing_wp_cron=1784660913.7217869758605957031250 HTTP/1.1" 200 - "-" "WordPress/7.0.2; https://sunnyjoeglobal.shop"
172.70.248.133 - - [21/Jul/2026:19:08:32 +0000] "GET /wp-admin/install.php?step=1 HTTP/1.1" 200 1404 "-" "http://sunnyjoeglobal.shop/wp-admin/install.php?step=1"
192.178.6.102 - - [21/Jul/2026:19:12:39 +0000] "GET /saiga.php?sitemap544.xml HTTP/1.1" 200 551185 "-" "Mozilla/5.0 (compatible; Googlebot/2.1; +http://www.google.com/bot.html)"
192.178.6.103 - - [21/Jul/2026:19:22:44 +0000] "GET /saiga.php?sitemap863.xml HTTP/1.1" 200 551162 "-" "Mozilla/5.0 (compatible; Googlebot/2.1; +http://www.google.com/bot.html)"
172.70.243.13 - - [21/Jul/2026:19:33:39 +0000] "GET /wp-admin/install.php?step=1 HTTP/1.1" 200 1404 "-" "http://sunnyjoeglobal.shop/wp-admin/install.php?step=1"
192.178.6.103 - - [21/Jul/2026:19:36:52 +0000] "GET /saiga.php?sitemap750.xml HTTP/1.1" 200 551183 "-" "Mozilla/5.0 (compatible; Googlebot/2.1; +http://www.google.com/bot.html)"
172.71.164.128 - - [21/Jul/2026:19:39:45 +0000] "GET /wp-admin/install.php?step=1 HTTP/1.1" 200 1404 "-" "http://sunnyjoeglobal.shop/wp-admin/install.php?step=1"
192.178.6.104 - - [21/Jul/2026:20:01:47 +0000] "GET /saiga.php?sitemap.xml HTTP/1.1" 200 9214 "-" "Mozilla/5.0 (compatible; Googlebot/2.1; +http://www.google.com/bot.html)"
198.177.124.148 - - [21/Jul/2026:20:06:20 +0000] "POST /wp-cron.php?doing_wp_cron=1784664380.6642251014709472656250 HTTP/1.1" 200 - "-" "WordPress/7.0.2; https://sunnyjoeglobal.shop"
172.70.240.126 - - [21/Jul/2026:20:06:20 +0000] "GET /wp-admin/install.php?step=1 HTTP/1.1" 200 1404 "-" "http://sunnyjoeglobal.shop/wp-admin/install.php?step=1"
172.71.148.120 - - [21/Jul/2026:20:10:14 +0000] "GET /wp-admin/install.php?step=1 HTTP/1.1" 200 1404 "-" "http://sunnyjoeglobal.shop/wp-admin/install.php?step=1"
198.177.124.148 - - [21/Jul/2026:20:16:44 +0000] "POST /wp-cron.php?doing_wp_cron=1784665004.9322500228881835937500 HTTP/1.1" 200 - "-" "WordPress/7.0.2; https://sunnyjoeglobal.shop"
43.157.174.69 - - [21/Jul/2026:20:16:43 +0000] "GET / HTTP/1.1" 200 92401 "-" "Mozilla/5.0 (iPhone; CPU iPhone OS 13_2_3 like Mac OS X) AppleWebKit/605.1.15 (KHTML, like Gecko) Version/13.0.3 Mobile/15E148 Safari/604.1"
172.71.144.17 - - [21/Jul/2026:20:23:19 +0000] "GET /wp-admin/install.php?step=1 HTTP/1.1" 200 1404 "-" "http://sunnyjoeglobal.shop/wp-admin/install.php?step=1"
104.23.223.19 - - [21/Jul/2026:20:36:19 +0000] "GET /wp-admin/install.php?step=1 HTTP/1.1" 200 1404 "-" "http://sunnyjoeglobal.shop/wp-admin/install.php?step=1"
172.71.172.10 - - [21/Jul/2026:20:54:02 +0000] "GET /wp-admin/install.php?step=1 HTTP/1.1" 200 1404 "-" "http://sunnyjoeglobal.shop/wp-admin/install.php?step=1"
198.177.124.148 - - [21/Jul/2026:21:04:45 +0000] "POST /wp-cron.php?doing_wp_cron=1784667885.9789209365844726562500 HTTP/1.1" 200 - "-" "WordPress/7.0.2; https://sunnyjoeglobal.shop"
43.166.131.228 - - [21/Jul/2026:21:04:44 +0000] "GET / HTTP/1.1" 301 - "-" "Mozilla/5.0 (iPhone; CPU iPhone OS 13_2_3 like Mac OS X) AppleWebKit/605.1.15 (KHTML, like Gecko) Version/13.0.3 Mobile/15E148 Safari/604.1"
43.166.131.228 - - [21/Jul/2026:21:04:47 +0000] "GET / HTTP/1.1" 200 92401 "http://www.sunnyjoeglobal.shop" "Mozilla/5.0 (iPhone; CPU iPhone OS 13_2_3 like Mac OS X) AppleWebKit/605.1.15 (KHTML, like Gecko) Version/13.0.3 Mobile/15E148 Safari/604.1"
43.155.195.141 - - [21/Jul/2026:21:06:15 +0000] "GET / HTTP/1.1" 301 - "-" "Mozilla/5.0 (iPhone; CPU iPhone OS 13_2_3 like Mac OS X) AppleWebKit/605.1.15 (KHTML, like Gecko) Version/13.0.3 Mobile/15E148 Safari/604.1"
43.155.195.141 - - [21/Jul/2026:21:06:18 +0000] "GET / HTTP/1.1" 200 92401 "http://www.sunnyjoeglobal.shop" "Mozilla/5.0 (iPhone; CPU iPhone OS 13_2_3 like Mac OS X) AppleWebKit/605.1.15 (KHTML, like Gecko) Version/13.0.3 Mobile/15E148 Safari/604.1"
172.71.99.164 - - [21/Jul/2026:21:10:19 +0000] "GET /wp-admin/install.php?step=1 HTTP/1.1" 200 1404 "-" "http://sunnyjoeglobal.shop/wp-admin/install.php?step=1"
192.178.6.103 - - [21/Jul/2026:21:19:32 +0000] "GET /saiga.php?items/M88438278434/ HTTP/1.1" 200 193040 "-" "Mozilla/5.0 (compatible; Googlebot/2.1; +http://www.google.com/bot.html)"
198.177.124.148 - - [21/Jul/2026:21:30:07 +0000] "POST /wp-cron.php?doing_wp_cron=1784669407.3824689388275146484375 HTTP/1.1" 200 - "-" "WordPress/7.0.2; https://sunnyjoeglobal.shop"
104.23.223.18 - - [21/Jul/2026:21:30:05 +0000] "GET /wp-admin/install.php?step=1 HTTP/1.1" 200 1404 "-" "http://sunnyjoeglobal.shop/wp-admin/install.php?step=1"
198.177.124.148 - - [21/Jul/2026:21:54:48 +0000] "POST /wp-cron.php?doing_wp_cron=1784670888.5167129039764404296875 HTTP/1.1" 200 - "-" "WordPress/7.0.2; https://sunnyjoeglobal.shop"
104.23.223.19 - - [21/Jul/2026:21:54:46 +0000] "GET /wp-admin/install.php?step=1 HTTP/1.1" 200 1404 "-" "http://sunnyjoeglobal.shop/wp-admin/install.php?step=1"
198.177.124.148 - - [21/Jul/2026:21:55:11 +0000] "POST /wp-cron.php?doing_wp_cron=1784670911.5220479965209960937500 HTTP/1.1" 200 - "-" "WordPress/7.0.2; https://sunnyjoeglobal.shop"
104.23.223.18 - - [21/Jul/2026:21:55:08 +0000] "GET /wp-admin/install.php?step=1 HTTP/1.1" 200 1404 "-" "http://sunnyjoeglobal.shop/wp-admin/install.php?step=1"
198.177.124.148 - - [21/Jul/2026:22:02:23 +0000] "GET /.well-known/acme-challenge/S_LD1Q92-LB75HWZ8U0F03OCU04YO1BX HTTP/1.1" 200 64 "-" "Cpanel-HTTP-Client/1.0"
198.177.124.148 - - [21/Jul/2026:22:02:23 +0000] "GET /.well-known/acme-challenge/F9DBZV7XGVNKKAK4WFHD40IL5N3_YCGW HTTP/1.1" 200 64 "-" "Cpanel-HTTP-Client/1.0"
198.177.124.148 - - [21/Jul/2026:22:14:22 +0000] "POST /wp-cron.php?doing_wp_cron=1784672062.1213550567626953125000 HTTP/1.1" 200 - "-" "WordPress/7.0.2; https://sunnyjoeglobal.shop"
129.211.229.121 - - [21/Jul/2026:22:14:19 +0000] "GET / HTTP/1.1" 200 92401 "-" "Mozilla/5.0 (iPhone; CPU iPhone OS 13_2_3 like Mac OS X) AppleWebKit/605.1.15 (KHTML, like Gecko) Version/13.0.3 Mobile/15E148 Safari/604.1"
104.23.221.65 - - [21/Jul/2026:22:15:11 +0000] "GET /wp-admin/install.php?step=1 HTTP/1.1" 200 1404 "-" "http://sunnyjoeglobal.shop/wp-admin/install.php?step=1"
198.177.124.148 - - [21/Jul/2026:22:22:26 +0000] "POST /wp-cron.php?doing_wp_cron=1784672546.7207369804382324218750 HTTP/1.1" 200 - "-" "WordPress/7.0.2; https://sunnyjoeglobal.shop"
172.69.192.161 - - [21/Jul/2026:22:22:25 +0000] "GET /wp-admin/install.php?step=1 HTTP/1.1" 200 1404 "-" "http://sunnyjoeglobal.shop/wp-admin/install.php?step=1"
198.177.124.148 - - [21/Jul/2026:22:43:11 +0000] "POST /wp-cron.php?doing_wp_cron=1784673791.9474420547485351562500 HTTP/1.1" 200 - "-" "WordPress/7.0.2; https://sunnyjoeglobal.shop"
104.23.221.65 - - [21/Jul/2026:22:43:10 +0000] "GET /wp-admin/install.php?step=1 HTTP/1.1" 200 1404 "-" "http://sunnyjoeglobal.shop/wp-admin/install.php?step=1"
192.178.6.104 - - [21/Jul/2026:22:43:50 +0000] "GET /saiga.php?sitemap956.xml HTTP/1.1" 200 551182 "-" "Mozilla/5.0 (compatible; Googlebot/2.1; +http://www.google.com/bot.html)"
45.92.85.57 - - [21/Jul/2026:22:49:56 +0000] "GET / HTTP/1.1" 200 92401 "-" "Mozilla/5.0 (Windows NT 10.0; Win64; x64) AppleWebKit/537.36 (KHTML, like Gecko) Chrome/94.0.4606.61 Safari/537.36"
192.178.6.103 - - [21/Jul/2026:22:57:36 +0000] "GET /saiga.php?sitemap297.xml HTTP/1.1" 200 551194 "-" "Mozilla/5.0 (compatible; Googlebot/2.1; +http://www.google.com/bot.html)"
198.177.124.148 - - [21/Jul/2026:23:02:22 +0000] "POST /wp-cron.php?doing_wp_cron=1784674942.9374170303344726562500 HTTP/1.1" 200 - "-" "WordPress/7.0.2; https://sunnyjoeglobal.shop"
136.67.60.28 - - [21/Jul/2026:23:02:20 +0000] "GET /wp-content/plugins/helodoly/wp-config-sample.php HTTP/1.1" 301 - "-" "Mozilla/5.0 (Windows NT 10.0; Win64; x64) AppleWebKit/537.36 (KHTML, like Gecko) Chrome/91.0.4472.124 Safari/537.36"
136.67.60.28 - - [21/Jul/2026:23:02:23 +0000] "GET /wp-content/plugins/helodoly/wp-config-sample.php/ HTTP/1.1" 200 92401 "http://sunnyjoeglobal.shop/wp-content/plugins/helodoly/wp-config-sample.php" "Mozilla/5.0 (Windows NT 10.0; Win64; x64) AppleWebKit/537.36 (KHTML, like Gecko) Chrome/91.0.4472.124 Safari/537.36"
172.70.248.132 - - [21/Jul/2026:23:03:50 +0000] "GET /wp-admin/install.php?step=1 HTTP/1.1" 200 1404 "-" "http://sunnyjoeglobal.shop/wp-admin/install.php?step=1"
136.67.60.28 - - [21/Jul/2026:23:15:24 +0000] "GET /system/bootstrap.php HTTP/1.1" 302 37420 "-" "Mozilla/5.0 (Windows NT 10.0; Win64; x64) AppleWebKit/537.36 (KHTML, like Gecko) Chrome/91.0.4472.124 Safari/537.36"
136.67.60.28 - - [21/Jul/2026:23:15:24 +0000] "GET /system/bootstrap.php?p= HTTP/1.1" 200 37420 "http://sunnyjoeglobal.shop/system/bootstrap.php" "Mozilla/5.0 (Windows NT 10.0; Win64; x64) AppleWebKit/537.36 (KHTML, like Gecko) Chrome/91.0.4472.124 Safari/537.36"
