44.203.135.201 - - [22/Jul/2026:13:38:52 +0000] "GET / HTTP/1.1" 200 - "-" "Mozilla/5.0 (X11; Linux x86_64) AppleWebKit/537.36 (KHTML, like Gecko) Chrome/101.0.4951.54 Safari/537.36"
192.178.6.102 - - [22/Jul/2026:13:43:14 +0000] "GET /ammika.php?sitemap709.xml HTTP/1.1" 403 536157 "-" "Mozilla/5.0 (compatible; Googlebot/2.1; +http://www.google.com/bot.html)"
104.23.239.65 - - [22/Jul/2026:13:48:49 +0000] "GET /wp-admin/install.php?step=1 HTTP/1.1" 403 - "-" "http://sunnyjoeglobal.shop/wp-admin/install.php?step=1"
192.178.6.103 - - [22/Jul/2026:13:53:49 +0000] "GET /saiga.php?sitemap363.xml HTTP/1.1" 403 533095 "-" "Mozilla/5.0 (compatible; Googlebot/2.1; +http://www.google.com/bot.html)"
192.178.6.104 - - [22/Jul/2026:13:54:34 +0000] "GET /ammika.php?sitemap634.xml HTTP/1.1" 403 536190 "-" "Mozilla/5.0 (compatible; Googlebot/2.1; +http://www.google.com/bot.html)"
198.177.124.148 - - [22/Jul/2026:13:56:03 +0000] "POST /wp-cron.php?doing_wp_cron=1784728563.4598920345306396484375 HTTP/1.1" 200 - "-" "WordPress/7.0.2; https://sunnyjoeglobal.shop"
172.71.148.120 - - [22/Jul/2026:13:56:01 +0000] "GET /wp-admin/install.php?step=1 HTTP/1.1" 403 - "-" "http://sunnyjoeglobal.shop/wp-admin/install.php?step=1"
192.178.6.103 - - [22/Jul/2026:14:06:03 +0000] "GET /ammika.php?sitemap946.xml HTTP/1.1" 403 536148 "-" "Mozilla/5.0 (compatible; Googlebot/2.1; +http://www.google.com/bot.html)"
192.178.6.102 - - [22/Jul/2026:14:08:30 +0000] "GET /ammika.php?sitemap248.xml HTTP/1.1" 403 536110 "-" "Mozilla/5.0 (compatible; Googlebot/2.1; +http://www.google.com/bot.html)"
198.177.124.148 - - [22/Jul/2026:14:09:13 +0000] "POST /wp-cron.php?doing_wp_cron=1784729353.4774789810180664062500 HTTP/1.1" 200 - "-" "WordPress/7.0.2; https://sunnyjoeglobal.shop"
104.23.221.64 - - [22/Jul/2026:14:09:12 +0000] "GET /wp-admin/install.php?step=1 HTTP/1.1" 403 - "-" "http://sunnyjoeglobal.shop/wp-admin/install.php?step=1"
192.178.6.102 - - [22/Jul/2026:14:10:18 +0000] "GET /ammika.php?sitemap973.xml HTTP/1.1" 403 536097 "-" "Mozilla/5.0 (compatible; Googlebot/2.1; +http://www.google.com/bot.html)"
198.177.124.148 - - [22/Jul/2026:14:14:57 +0000] "POST /wp-cron.php?doing_wp_cron=1784729697.2769649028778076171875 HTTP/1.1" 200 - "-" "WordPress/7.0.2; https://sunnyjoeglobal.shop"
106.52.49.148 - - [22/Jul/2026:14:14:53 +0000] "GET / HTTP/1.1" 200 - "-" "Mozilla/5.0 (iPhone; CPU iPhone OS 13_2_3 like Mac OS X) AppleWebKit/605.1.15 (KHTML, like Gecko) Version/13.0.3 Mobile/15E148 Safari/604.1"
198.177.124.148 - - [22/Jul/2026:14:18:54 +0000] "POST /wp-cron.php?doing_wp_cron=1784729934.4784719944000244140625 HTTP/1.1" 200 - "-" "WordPress/7.0.2; https://sunnyjoeglobal.shop"
172.70.243.14 - - [22/Jul/2026:14:18:53 +0000] "GET /wp-admin/install.php?step=1 HTTP/1.1" 403 - "-" "http://sunnyjoeglobal.shop/wp-admin/install.php?step=1"
192.178.6.102 - - [22/Jul/2026:14:23:23 +0000] "GET /saiga.php?sitemap792.xml HTTP/1.1" 403 533157 "-" "Mozilla/5.0 (compatible; Googlebot/2.1; +http://www.google.com/bot.html)"
198.177.124.148 - - [22/Jul/2026:14:23:57 +0000] "POST /wp-cron.php?doing_wp_cron=1784730237.4045948982238769531250 HTTP/1.1" 200 - "-" "WordPress/7.0.2; https://sunnyjoeglobal.shop"
156.59.29.226 - - [22/Jul/2026:14:23:55 +0000] "GET /wp-login.php HTTP/1.1" 302 - "-" "Mozilla/5.0 (X11; Linux x86_64) AppleWebKit/537.36 (KHTML, like Gecko) Chrome/115.0.0.0 Safari/537.36"
192.178.6.104 - - [22/Jul/2026:14:24:27 +0000] "GET /ammika.php?sitemap961.xml HTTP/1.1" 403 536108 "-" "Mozilla/5.0 (compatible; Googlebot/2.1; +http://www.google.com/bot.html)"
192.178.6.103 - - [22/Jul/2026:14:31:17 +0000] "GET /ammika.php?sitemap197.xml HTTP/1.1" 403 536133 "-" "Mozilla/5.0 (compatible; Googlebot/2.1; +http://www.google.com/bot.html)"
192.178.6.104 - - [22/Jul/2026:14:31:20 +0000] "GET /ammika.php?sitemap610.xml HTTP/1.1" 403 536137 "-" "Mozilla/5.0 (compatible; Googlebot/2.1; +http://www.google.com/bot.html)"
192.178.6.103 - - [22/Jul/2026:14:31:27 +0000] "GET /ammika.php?sitemap463.xml HTTP/1.1" 403 536187 "-" "Mozilla/5.0 (compatible; Googlebot/2.1; +http://www.google.com/bot.html)"
192.178.6.102 - - [22/Jul/2026:14:35:18 +0000] "GET /ammika.php?sitemap377.xml HTTP/1.1" 403 536181 "-" "Mozilla/5.0 (compatible; Googlebot/2.1; +http://www.google.com/bot.html)"
192.178.6.102 - - [22/Jul/2026:14:35:36 +0000] "GET /ammika.php?sitemap940.xml HTTP/1.1" 403 536146 "-" "Mozilla/5.0 (compatible; Googlebot/2.1; +http://www.google.com/bot.html)"
198.177.124.148 - - [22/Jul/2026:14:39:30 +0000] "POST /wp-cron.php?doing_wp_cron=1784731170.2632300853729248046875 HTTP/1.1" 200 - "-" "WordPress/7.0.2; https://sunnyjoeglobal.shop"
141.101.76.64 - - [22/Jul/2026:14:39:28 +0000] "GET /wp-admin/install.php?step=1 HTTP/1.1" 403 - "-" "http://sunnyjoeglobal.shop/wp-admin/install.php?step=1"
192.178.6.103 - - [22/Jul/2026:14:39:42 +0000] "GET /ammika.php?sitemap67.xml HTTP/1.1" 403 536140 "-" "Mozilla/5.0 (compatible; Googlebot/2.1; +http://www.google.com/bot.html)"
192.178.6.104 - - [22/Jul/2026:14:51:25 +0000] "GET /ammika.php?sitemap460.xml HTTP/1.1" 403 536130 "-" "Mozilla/5.0 (compatible; Googlebot/2.1; +http://www.google.com/bot.html)"
192.178.6.102 - - [22/Jul/2026:14:55:37 +0000] "GET /ammika.php?sitemap111.xml HTTP/1.1" 403 536144 "-" "Mozilla/5.0 (compatible; Googlebot/2.1; +http://www.google.com/bot.html)"
198.177.124.148 - - [22/Jul/2026:15:02:01 +0000] "POST /wp-cron.php?doing_wp_cron=1784732521.7850799560546875000000 HTTP/1.1" 200 - "-" "WordPress/7.0.2; https://sunnyjoeglobal.shop"
104.23.223.18 - - [22/Jul/2026:15:01:57 +0000] "GET /wp-admin/install.php?step=1 HTTP/1.1" 403 - "-" "http://sunnyjoeglobal.shop/wp-admin/install.php?step=1"
198.177.124.148 - - [22/Jul/2026:15:04:38 +0000] "POST /wp-cron.php?doing_wp_cron=1784732678.9201579093933105468750 HTTP/1.1" 200 - "-" "WordPress/7.0.2; https://sunnyjoeglobal.shop"
43.166.253.94 - - [22/Jul/2026:15:04:35 +0000] "GET / HTTP/1.1" 200 - "-" "Mozilla/5.0 (iPhone; CPU iPhone OS 13_2_3 like Mac OS X) AppleWebKit/605.1.15 (KHTML, like Gecko) Version/13.0.3 Mobile/15E148 Safari/604.1"
192.178.6.104 - - [22/Jul/2026:15:14:06 +0000] "GET /ammika.php?sitemap840.xml HTTP/1.1" 403 536157 "-" "Mozilla/5.0 (compatible; Googlebot/2.1; +http://www.google.com/bot.html)"
192.178.6.102 - - [22/Jul/2026:15:16:29 +0000] "GET /ammika.php?sitemap292.xml HTTP/1.1" 403 536116 "-" "Mozilla/5.0 (compatible; Googlebot/2.1; +http://www.google.com/bot.html)"
192.178.6.103 - - [22/Jul/2026:15:17:08 +0000] "GET /ammika.php?sitemap888.xml HTTP/1.1" 403 536107 "-" "Mozilla/5.0 (compatible; Googlebot/2.1; +http://www.google.com/bot.html)"
198.177.124.148 - - [22/Jul/2026:15:20:31 +0000] "POST /wp-cron.php?doing_wp_cron=1784733631.4759728908538818359375 HTTP/1.1" 200 - "-" "WordPress/7.0.2; https://sunnyjoeglobal.shop"
162.158.111.91 - - [22/Jul/2026:15:20:27 +0000] "GET /wp-admin/install.php?step=1 HTTP/1.1" 403 - "-" "http://sunnyjoeglobal.shop/wp-admin/install.php?step=1"
192.178.6.103 - - [22/Jul/2026:15:23:08 +0000] "GET /ammika.php?sitemap352.xml HTTP/1.1" 403 536109 "-" "Mozilla/5.0 (compatible; Googlebot/2.1; +http://www.google.com/bot.html)"
192.178.6.104 - - [22/Jul/2026:15:25:24 +0000] "GET /ammika.php?sitemap502.xml HTTP/1.1" 403 536072 "-" "Mozilla/5.0 (compatible; Googlebot/2.1; +http://www.google.com/bot.html)"
192.178.6.102 - - [22/Jul/2026:15:28:53 +0000] "GET /ammika.php?sitemap536.xml HTTP/1.1" 403 536150 "-" "Mozilla/5.0 (compatible; Googlebot/2.1; +http://www.google.com/bot.html)"
198.177.124.148 - - [22/Jul/2026:15:30:36 +0000] "POST /wp-cron.php?doing_wp_cron=1784734236.8637468814849853515625 HTTP/1.1" 200 - "-" "WordPress/7.0.2; https://sunnyjoeglobal.shop"
104.23.221.65 - - [22/Jul/2026:15:30:35 +0000] "GET /wp-admin/install.php?step=1 HTTP/1.1" 403 - "-" "http://sunnyjoeglobal.shop/wp-admin/install.php?step=1"
192.178.6.104 - - [22/Jul/2026:15:31:56 +0000] "GET /ammika.php?sitemap259.xml HTTP/1.1" 403 536146 "-" "Mozilla/5.0 (compatible; Googlebot/2.1; +http://www.google.com/bot.html)"
192.178.6.104 - - [22/Jul/2026:15:35:39 +0000] "GET /ammika.php?sitemap864.xml HTTP/1.1" 403 536147 "-" "Mozilla/5.0 (compatible; Googlebot/2.1; +http://www.google.com/bot.html)"
198.177.124.148 - - [22/Jul/2026:15:43:32 +0000] "POST /wp-cron.php?doing_wp_cron=1784735012.5031249523162841796875 HTTP/1.1" 200 - "-" "WordPress/7.0.2; https://sunnyjoeglobal.shop"
172.71.102.58 - - [22/Jul/2026:15:43:31 +0000] "GET /wp-admin/install.php?step=1 HTTP/1.1" 403 - "-" "http://sunnyjoeglobal.shop/wp-admin/install.php?step=1"
192.178.6.103 - - [22/Jul/2026:15:44:20 +0000] "GET /ammika.php?sitemap579.xml HTTP/1.1" 403 536123 "-" "Mozilla/5.0 (compatible; Googlebot/2.1; +http://www.google.com/bot.html)"
198.177.124.148 - - [22/Jul/2026:15:56:15 +0000] "POST /wp-cron.php?doing_wp_cron=1784735775.6472220420837402343750 HTTP/1.1" 200 - "-" "WordPress/7.0.2; https://sunnyjoeglobal.shop"
172.71.164.128 - - [22/Jul/2026:15:56:13 +0000] "GET /wp-admin/install.php?step=1 HTTP/1.1" 403 - "-" "http://sunnyjoeglobal.shop/wp-admin/install.php?step=1"
198.177.124.148 - - [22/Jul/2026:15:57:44 +0000] "POST /wp-cron.php?doing_wp_cron=1784735864.1801218986511230468750 HTTP/1.1" 200 - "-" "WordPress/7.0.2; https://sunnyjoeglobal.shop"
104.23.217.13 - - [22/Jul/2026:15:57:42 +0000] "GET /wp-admin/install.php?step=1 HTTP/1.1" 403 - "-" "http://sunnyjoeglobal.shop/wp-admin/install.php?step=1"
198.177.124.148 - - [22/Jul/2026:16:02:27 +0000] "GET /.well-known/acme-challenge/3YA_QLPFL19PQ9QFWV0WSXLUOYZPC11C HTTP/1.1" 200 64 "-" "Cpanel-HTTP-Client/1.0"
198.177.124.148 - - [22/Jul/2026:16:02:28 +0000] "GET /.well-known/acme-challenge/OJWV0D5KLL2-86EL6PKJ1QRCPF6ALL7Y HTTP/1.1" 200 64 "-" "Cpanel-HTTP-Client/1.0"
192.178.6.102 - - [22/Jul/2026:16:05:40 +0000] "GET /ammika.php?sitemap695.xml HTTP/1.1" 403 536099 "-" "Mozilla/5.0 (compatible; Googlebot/2.1; +http://www.google.com/bot.html)"
198.177.124.148 - - [22/Jul/2026:16:09:47 +0000] "POST /wp-cron.php?doing_wp_cron=1784736587.2231509685516357421875 HTTP/1.1" 200 - "-" "WordPress/7.0.2; https://sunnyjoeglobal.shop"
172.71.172.10 - - [22/Jul/2026:16:09:44 +0000] "GET /wp-admin/install.php?step=1 HTTP/1.1" 403 - "-" "http://sunnyjoeglobal.shop/wp-admin/install.php?step=1"
192.178.6.104 - - [22/Jul/2026:16:12:21 +0000] "GET /ammika.php?sitemap286.xml HTTP/1.1" 403 536124 "-" "Mozilla/5.0 (compatible; Googlebot/2.1; +http://www.google.com/bot.html)"
198.177.124.148 - - [22/Jul/2026:16:13:15 +0000] "POST /wp-cron.php?doing_wp_cron=1784736795.7725970745086669921875 HTTP/1.1" 200 - "-" "WordPress/7.0.2; https://sunnyjoeglobal.shop"
43.159.145.153 - - [22/Jul/2026:16:13:09 +0000] "GET / HTTP/1.1" 200 - "-" "Mozilla/5.0 (iPhone; CPU iPhone OS 13_2_3 like Mac OS X) AppleWebKit/605.1.15 (KHTML, like Gecko) Version/13.0.3 Mobile/15E148 Safari/604.1"
192.178.6.103 - - [22/Jul/2026:16:15:11 +0000] "GET /ammika.php?sitemap.xml HTTP/1.1" 403 9288 "-" "Mozilla/5.0 (compatible; Googlebot/2.1; +http://www.google.com/bot.html)"
192.178.6.102 - - [22/Jul/2026:16:15:37 +0000] "GET /ammika.php?sitemap243.xml HTTP/1.1" 403 536165 "-" "Mozilla/5.0 (compatible; Googlebot/2.1; +http://www.google.com/bot.html)"
104.23.221.65 - - [22/Jul/2026:16:18:06 +0000] "GET /wp-admin/install.php?step=1 HTTP/1.1" 403 - "-" "http://sunnyjoeglobal.shop/wp-admin/install.php?step=1"
192.178.6.102 - - [22/Jul/2026:16:22:09 +0000] "GET /saiga.php?sitemap547.xml HTTP/1.1" 403 533143 "-" "Mozilla/5.0 (compatible; Googlebot/2.1; +http://www.google.com/bot.html)"
198.177.124.148 - - [22/Jul/2026:16:32:28 +0000] "POST /wp-cron.php?doing_wp_cron=1784737948.6066091060638427734375 HTTP/1.1" 200 - "-" "WordPress/7.0.2; https://sunnyjoeglobal.shop"
104.23.239.64 - - [22/Jul/2026:16:32:27 +0000] "GET /wp-admin/install.php?step=1 HTTP/1.1" 403 - "-" "http://sunnyjoeglobal.shop/wp-admin/install.php?step=1"
192.178.6.102 - - [22/Jul/2026:16:33:17 +0000] "GET /ammika.php?sitemap644.xml HTTP/1.1" 403 536159 "-" "Mozilla/5.0 (compatible; Googlebot/2.1; +http://www.google.com/bot.html)"
198.177.124.148 - - [22/Jul/2026:16:35:26 +0000] "POST /wp-cron.php?doing_wp_cron=1784738126.4489150047302246093750 HTTP/1.1" 200 - "-" "WordPress/7.0.2; https://sunnyjoeglobal.shop"
172.69.150.24 - - [22/Jul/2026:16:35:25 +0000] "GET /wp-admin/install.php?step=1 HTTP/1.1" 403 - "-" "http://sunnyjoeglobal.shop/wp-admin/install.php?step=1"
192.178.6.102 - - [22/Jul/2026:16:36:39 +0000] "GET /ammika.php?sitemap525.xml HTTP/1.1" 403 536150 "-" "Mozilla/5.0 (compatible; Googlebot/2.1; +http://www.google.com/bot.html)"
198.177.124.148 - - [22/Jul/2026:16:53:18 +0000] "POST /wp-cron.php?doing_wp_cron=1784739198.2744259834289550781250 HTTP/1.1" 200 - "-" "WordPress/7.0.2; https://sunnyjoeglobal.shop"
172.71.148.121 - - [22/Jul/2026:16:53:17 +0000] "GET /wp-admin/install.php?step=1 HTTP/1.1" 403 - "-" "http://sunnyjoeglobal.shop/wp-admin/install.php?step=1"
192.178.6.103 - - [22/Jul/2026:16:58:36 +0000] "GET /contents/reform/ HTTP/1.1" 200 196550 "-" "Mozilla/5.0 (Linux; Android 6.0.1; Nexus 5X Build/MMB29P) AppleWebKit/537.36 (KHTML, like Gecko) Chrome/150.0.7871.128 Mobile Safari/537.36 (compatible; Googlebot/2.1; +http://www.google.com/bot.html)"
198.177.124.148 - - [22/Jul/2026:17:00:24 +0000] "POST /wp-cron.php?doing_wp_cron=1784739624.3642721176147460937500 HTTP/1.1" 200 - "-" "WordPress/7.0.2; https://sunnyjoeglobal.shop"
43.135.144.126 - - [22/Jul/2026:17:00:20 +0000] "GET / HTTP/1.1" 200 - "-" "Mozilla/5.0 (iPhone; CPU iPhone OS 13_2_3 like Mac OS X) AppleWebKit/605.1.15 (KHTML, like Gecko) Version/13.0.3 Mobile/15E148 Safari/604.1"
192.178.6.104 - - [22/Jul/2026:17:01:06 +0000] "GET /ammika.php?sitemap210.xml HTTP/1.1" 403 536151 "-" "Mozilla/5.0 (compatible; Googlebot/2.1; +http://www.google.com/bot.html)"
192.178.6.104 - - [22/Jul/2026:17:04:26 +0000] "GET /ammika.php?sitemap820.xml HTTP/1.1" 403 536121 "-" "Mozilla/5.0 (compatible; Googlebot/2.1; +http://www.google.com/bot.html)"
198.177.124.148 - - [22/Jul/2026:17:13:22 +0000] "POST /wp-cron.php?doing_wp_cron=1784740402.6345090866088867187500 HTTP/1.1" 200 - "-" "WordPress/7.0.2; https://sunnyjoeglobal.shop"
172.71.183.47 - - [22/Jul/2026:17:13:20 +0000] "GET /wp-admin/install.php?step=1 HTTP/1.1" 403 - "-" "http://sunnyjoeglobal.shop/wp-admin/install.php?step=1"
192.178.6.103 - - [22/Jul/2026:17:13:33 +0000] "GET /ammika.php?sitemap244.xml HTTP/1.1" 403 536073 "-" "Mozilla/5.0 (compatible; Googlebot/2.1; +http://www.google.com/bot.html)"
198.177.124.148 - - [22/Jul/2026:17:37:55 +0000] "POST /wp-cron.php?doing_wp_cron=1784741875.2315359115600585937500 HTTP/1.1" 200 - "-" "WordPress/7.0.2; https://sunnyjoeglobal.shop"
172.69.150.25 - - [22/Jul/2026:17:37:53 +0000] "GET /wp-admin/install.php?step=1 HTTP/1.1" 403 - "-" "http://sunnyjoeglobal.shop/wp-admin/install.php?step=1"
192.178.6.104 - - [22/Jul/2026:17:39:07 +0000] "GET /ammika.php?sitemap889.xml HTTP/1.1" 403 536110 "-" "Mozilla/5.0 (compatible; Googlebot/2.1; +http://www.google.com/bot.html)"
192.178.6.102 - - [22/Jul/2026:17:39:34 +0000] "GET /ammika.php?sitemap523.xml HTTP/1.1" 403 536113 "-" "Mozilla/5.0 (compatible; Googlebot/2.1; +http://www.google.com/bot.html)"
198.177.124.148 - - [22/Jul/2026:17:42:16 +0000] "POST /wp-cron.php?doing_wp_cron=1784742136.1375799179077148437500 HTTP/1.1" 200 - "-" "WordPress/7.0.2; https://sunnyjoeglobal.shop"
162.158.182.27 - - [22/Jul/2026:17:42:14 +0000] "GET /wp-admin/install.php?step=1 HTTP/1.1" 403 - "-" "http://sunnyjoeglobal.shop/wp-admin/install.php?step=1"
198.177.124.148 - - [22/Jul/2026:17:43:03 +0000] "POST /wp-cron.php?doing_wp_cron=1784742183.1808040142059326171875 HTTP/1.1" 200 - "-" "WordPress/7.0.2; https://sunnyjoeglobal.shop"
3.219.86.171 - - [22/Jul/2026:17:43:01 +0000] "GET / HTTP/1.1" 200 - "-" "Mozilla/4.0 (compatible; MSIE 7.0; Windows NT 5.1; .NET CLR 1.1.4322; .NET CLR 2.0.50727)"
192.178.6.102 - - [22/Jul/2026:17:47:25 +0000] "GET /ammika.php?sitemap33.xml HTTP/1.1" 403 536100 "-" "Mozilla/5.0 (compatible; Googlebot/2.1; +http://www.google.com/bot.html)"
198.177.124.148 - - [22/Jul/2026:17:47:48 +0000] "POST /wp-cron.php?doing_wp_cron=1784742468.8473849296569824218750 HTTP/1.1" 200 - "-" "WordPress/7.0.2; https://sunnyjoeglobal.shop"
172.70.246.123 - - [22/Jul/2026:17:47:47 +0000] "GET /wp-admin/install.php?step=1 HTTP/1.1" 403 - "-" "http://sunnyjoeglobal.shop/wp-admin/install.php?step=1"
192.178.6.104 - - [22/Jul/2026:17:48:02 +0000] "GET /ammika.php?sitemap270.xml HTTP/1.1" 403 536197 "-" "Mozilla/5.0 (compatible; Googlebot/2.1; +http://www.google.com/bot.html)"
192.178.6.102 - - [22/Jul/2026:17:48:43 +0000] "GET /ammika.php?sitemap646.xml HTTP/1.1" 403 536123 "-" "Mozilla/5.0 (compatible; Googlebot/2.1; +http://www.google.com/bot.html)"
192.178.6.104 - - [22/Jul/2026:17:52:43 +0000] "GET /ammika.php?sitemap560.xml HTTP/1.1" 403 536129 "-" "Mozilla/5.0 (compatible; Googlebot/2.1; +http://www.google.com/bot.html)"
192.178.6.102 - - [22/Jul/2026:17:52:49 +0000] "GET /ammika.php?sitemap561.xml HTTP/1.1" 403 536217 "-" "Mozilla/5.0 (compatible; Googlebot/2.1; +http://www.google.com/bot.html)"
192.178.6.102 - - [22/Jul/2026:17:53:10 +0000] "GET /saiga.php?sitemap465.xml HTTP/1.1" 403 533080 "-" "Mozilla/5.0 (compatible; Googlebot/2.1; +http://www.google.com/bot.html)"
192.178.6.102 - - [22/Jul/2026:17:59:29 +0000] "GET /ammika.php?sitemap22.xml HTTP/1.1" 403 536168 "-" "Mozilla/5.0 (compatible; Googlebot/2.1; +http://www.google.com/bot.html)"
192.178.6.103 - - [22/Jul/2026:18:01:28 +0000] "GET /ammika.php?sitemap703.xml HTTP/1.1" 403 536106 "-" "Mozilla/5.0 (compatible; Googlebot/2.1; +http://www.google.com/bot.html)"
192.178.6.103 - - [22/Jul/2026:18:03:41 +0000] "GET /ammika.php?sitemap585.xml HTTP/1.1" 403 536126 "-" "Mozilla/5.0 (compatible; Googlebot/2.1; +http://www.google.com/bot.html)"
198.177.124.148 - - [22/Jul/2026:18:07:00 +0000] "POST /wp-cron.php?doing_wp_cron=1784743620.1697180271148681640625 HTTP/1.1" 200 - "-" "WordPress/7.0.2; https://sunnyjoeglobal.shop"
172.70.248.132 - - [22/Jul/2026:18:06:58 +0000] "GET /wp-admin/install.php?step=1 HTTP/1.1" 403 - "-" "http://sunnyjoeglobal.shop/wp-admin/install.php?step=1"
192.178.6.104 - - [22/Jul/2026:18:13:08 +0000] "GET /ammika.php?sitemap637.xml HTTP/1.1" 403 536159 "-" "Mozilla/5.0 (compatible; Googlebot/2.1; +http://www.google.com/bot.html)"
192.178.6.102 - - [22/Jul/2026:18:21:09 +0000] "GET /ammika.php?sitemap276.xml HTTP/1.1" 403 536115 "-" "Mozilla/5.0 (compatible; Googlebot/2.1; +http://www.google.com/bot.html)"
192.178.6.102 - - [22/Jul/2026:18:24:53 +0000] "GET /ammika.php?sitemap900.xml HTTP/1.1" 403 536158 "-" "Mozilla/5.0 (compatible; Googlebot/2.1; +http://www.google.com/bot.html)"
192.178.6.102 - - [22/Jul/2026:18:26:01 +0000] "GET /ammika.php?sitemap630.xml HTTP/1.1" 403 536121 "-" "Mozilla/5.0 (compatible; Googlebot/2.1; +http://www.google.com/bot.html)"
192.178.6.104 - - [22/Jul/2026:18:33:44 +0000] "GET /ammika.php?sitemap817.xml HTTP/1.1" 403 536175 "-" "Mozilla/5.0 (compatible; Googlebot/2.1; +http://www.google.com/bot.html)"
192.178.6.104 - - [22/Jul/2026:18:34:54 +0000] "GET /ammika.php?sitemap189.xml HTTP/1.1" 403 536163 "-" "Mozilla/5.0 (compatible; Googlebot/2.1; +http://www.google.com/bot.html)"
198.177.124.148 - - [22/Jul/2026:18:36:05 +0000] "POST /wp-cron.php?doing_wp_cron=1784745365.4670119285583496093750 HTTP/1.1" 200 - "-" "WordPress/7.0.2; https://sunnyjoeglobal.shop"
172.69.224.53 - - [22/Jul/2026:18:36:04 +0000] "GET /wp-admin/install.php?step=1 HTTP/1.1" 403 - "-" "http://sunnyjoeglobal.shop/wp-admin/install.php?step=1"
192.178.6.102 - - [22/Jul/2026:18:39:03 +0000] "GET /ammika.php?sitemap415.xml HTTP/1.1" 403 536139 "-" "Mozilla/5.0 (compatible; Googlebot/2.1; +http://www.google.com/bot.html)"
192.178.6.104 - - [22/Jul/2026:18:42:09 +0000] "GET /ammika.php?sitemap526.xml HTTP/1.1" 403 536151 "-" "Mozilla/5.0 (compatible; Googlebot/2.1; +http://www.google.com/bot.html)"
198.177.124.148 - - [22/Jul/2026:18:53:40 +0000] "POST /wp-cron.php?doing_wp_cron=1784746420.9310300350189208984375 HTTP/1.1" 200 - "-" "WordPress/7.0.2; https://sunnyjoeglobal.shop"
172.71.148.120 - - [22/Jul/2026:18:53:40 +0000] "GET /wp-admin/install.php?step=1 HTTP/1.1" 403 - "-" "http://sunnyjoeglobal.shop/wp-admin/install.php?step=1"
192.178.6.102 - - [22/Jul/2026:18:58:05 +0000] "GET /ammika.php?sitemap705.xml HTTP/1.1" 403 536131 "-" "Mozilla/5.0 (compatible; Googlebot/2.1; +http://www.google.com/bot.html)"
198.177.124.148 - - [22/Jul/2026:19:01:03 +0000] "POST /wp-cron.php?doing_wp_cron=1784746863.4751060009002685546875 HTTP/1.1" 200 - "-" "WordPress/7.0.2; https://sunnyjoeglobal.shop"
104.23.221.65 - - [22/Jul/2026:19:01:01 +0000] "GET /wp-admin/install.php?step=1 HTTP/1.1" 403 - "-" "http://sunnyjoeglobal.shop/wp-admin/install.php?step=1"
198.177.124.148 - - [22/Jul/2026:19:02:20 +0000] "GET /.well-known/acme-challenge/8D3-WO5XHRKGZ1BNF7QN6MZ5DBI7UYJZ HTTP/1.1" 200 64 "-" "Cpanel-HTTP-Client/1.0"
198.177.124.148 - - [22/Jul/2026:19:02:20 +0000] "GET /.well-known/acme-challenge/DVAA__7I1TCXMK_QFJJYLB3SSKCFF0Z3 HTTP/1.1" 200 64 "-" "Cpanel-HTTP-Client/1.0"
192.178.6.103 - - [22/Jul/2026:19:06:22 +0000] "GET /ammika.php?sitemap887.xml HTTP/1.1" 403 536133 "-" "Mozilla/5.0 (compatible; Googlebot/2.1; +http://www.google.com/bot.html)"
192.178.6.104 - - [22/Jul/2026:19:09:01 +0000] "GET /ammika.php?sitemap577.xml HTTP/1.1" 403 536185 "-" "Mozilla/5.0 (compatible; Googlebot/2.1; +http://www.google.com/bot.html)"
192.178.6.103 - - [22/Jul/2026:19:12:23 +0000] "GET /saiga.php?sitemap89.xml HTTP/1.1" 403 533127 "-" "Mozilla/5.0 (compatible; Googlebot/2.1; +http://www.google.com/bot.html)"
172.69.224.53 - - [22/Jul/2026:19:29:50 +0000] "GET /wp-admin/install.php?step=1 HTTP/1.1" 403 - "-" "http://sunnyjoeglobal.shop/wp-admin/install.php?step=1"
198.177.124.148 - - [22/Jul/2026:19:29:56 +0000] "POST /wp-cron.php?doing_wp_cron=1784748590.9311048984527587890625 HTTP/1.1" 200 - "-" "WordPress/7.0.2; https://sunnyjoeglobal.shop"
35.231.101.231 - - [22/Jul/2026:19:34:58 +0000] "GET /wp-login.php HTTP/1.1" 302 - "-" "Mozilla/5.0 (Windows NT 10.0; Win64; x64) AppleWebKit/537.36 (KHTML, like Gecko) HeadlessChrome/150.0.0.0 Safari/537.36"
162.158.182.27 - - [22/Jul/2026:19:35:18 +0000] "GET /wp-admin/install.php?step=1 HTTP/1.1" 403 - "-" "http://sunnyjoeglobal.shop/wp-admin/install.php?step=1"
198.177.124.148 - - [22/Jul/2026:19:35:19 +0000] "POST /wp-cron.php?doing_wp_cron=1784748899.9615869522094726562500 HTTP/1.1" 200 - "-" "WordPress/7.0.2; https://sunnyjoeglobal.shop"
172.70.248.132 - - [22/Jul/2026:19:35:19 +0000] "GET /wp-admin/install.php?step=1 HTTP/1.1" 403 - "-" "http://sunnyjoeglobal.shop/wp-admin/install.php?step=1"
198.177.124.148 - - [22/Jul/2026:20:03:13 +0000] "POST /wp-cron.php?doing_wp_cron=1784750593.7701060771942138671875 HTTP/1.1" 200 - "-" "WordPress/7.0.2; https://sunnyjoeglobal.shop"
139.155.126.16 - - [22/Jul/2026:20:03:13 +0000] "GET / HTTP/1.1" 200 - "-" "Mozilla/5.0 (iPhone; CPU iPhone OS 13_2_3 like Mac OS X) AppleWebKit/605.1.15 (KHTML, like Gecko) Version/13.0.3 Mobile/15E148 Safari/604.1"
198.177.124.148 - - [22/Jul/2026:20:10:02 +0000] "POST /wp-cron.php?doing_wp_cron=1784751002.6544649600982666015625 HTTP/1.1" 200 - "-" "WordPress/7.0.2; https://sunnyjoeglobal.shop"
43.164.190.124 - - [22/Jul/2026:20:10:00 +0000] "GET / HTTP/1.1" 200 - "-" "Mozilla/5.0 (iPhone; CPU iPhone OS 13_2_3 like Mac OS X) AppleWebKit/605.1.15 (KHTML, like Gecko) Version/13.0.3 Mobile/15E148 Safari/604.1"
198.177.124.148 - - [22/Jul/2026:20:11:18 +0000] "POST /wp-cron.php?doing_wp_cron=1784751078.3720459938049316406250 HTTP/1.1" 200 - "-" "WordPress/7.0.2; https://sunnyjoeglobal.shop"
172.71.102.59 - - [22/Jul/2026:20:11:17 +0000] "GET /wp-admin/install.php?step=1 HTTP/1.1" 403 - "-" "http://sunnyjoeglobal.shop/wp-admin/install.php?step=1"
172.70.240.126 - - [22/Jul/2026:20:28:44 +0000] "GET /wp-admin/install.php?step=1 HTTP/1.1" 403 - "-" "http://sunnyjoeglobal.shop/wp-admin/install.php?step=1"
192.178.6.102 - - [22/Jul/2026:20:54:15 +0000] "GET /saiga.php?sitemap293.xml HTTP/1.1" 403 533148 "-" "Mozilla/5.0 (compatible; Googlebot/2.1; +http://www.google.com/bot.html)"
198.177.124.148 - - [22/Jul/2026:20:58:16 +0000] "POST /wp-cron.php?doing_wp_cron=1784753896.6680769920349121093750 HTTP/1.1" 200 - "-" "WordPress/7.0.2; https://sunnyjoeglobal.shop"
43.155.26.193 - - [22/Jul/2026:20:58:14 +0000] "GET / HTTP/1.1" 200 - "-" "Mozilla/5.0 (iPhone; CPU iPhone OS 13_2_3 like Mac OS X) AppleWebKit/605.1.15 (KHTML, like Gecko) Version/13.0.3 Mobile/15E148 Safari/604.1"
104.23.221.64 - - [22/Jul/2026:21:02:15 +0000] "GET /wp-admin/install.php?step=1 HTTP/1.1" 403 - "-" "http://sunnyjoeglobal.shop/wp-admin/install.php?step=1"
198.177.124.148 - - [22/Jul/2026:21:13:22 +0000] "POST /wp-cron.php?doing_wp_cron=1784754802.3478910923004150390625 HTTP/1.1" 200 - "-" "WordPress/7.0.2; https://sunnyjoeglobal.shop"
172.70.240.127 - - [22/Jul/2026:21:13:21 +0000] "GET /wp-admin/install.php?step=1 HTTP/1.1" 403 - "-" "http://sunnyjoeglobal.shop/wp-admin/install.php?step=1"
198.177.124.148 - - [22/Jul/2026:21:21:12 +0000] "POST /wp-cron.php?doing_wp_cron=1784755272.9107069969177246093750 HTTP/1.1" 200 - "-" "WordPress/7.0.2; https://sunnyjoeglobal.shop"
104.23.221.64 - - [22/Jul/2026:21:21:11 +0000] "GET /wp-admin/install.php?step=1 HTTP/1.1" 403 - "-" "http://sunnyjoeglobal.shop/wp-admin/install.php?step=1"
198.177.124.148 - - [22/Jul/2026:21:23:31 +0000] "POST /wp-cron.php?doing_wp_cron=1784755411.2667059898376464843750 HTTP/1.1" 200 - "-" "WordPress/7.0.2; https://sunnyjoeglobal.shop"
104.23.223.18 - - [22/Jul/2026:21:23:29 +0000] "GET /wp-admin/install.php?step=1 HTTP/1.1" 403 - "-" "http://sunnyjoeglobal.shop/wp-admin/install.php?step=1"
198.177.124.148 - - [22/Jul/2026:21:41:23 +0000] "POST /wp-cron.php?doing_wp_cron=1784756483.7106709480285644531250 HTTP/1.1" 200 - "-" "WordPress/7.0.2; https://sunnyjoeglobal.shop"
172.71.164.129 - - [22/Jul/2026:21:41:22 +0000] "GET /wp-admin/install.php?step=1 HTTP/1.1" 403 - "-" "http://sunnyjoeglobal.shop/wp-admin/install.php?step=1"
198.177.124.148 - - [22/Jul/2026:21:44:25 +0000] "POST /wp-cron.php?doing_wp_cron=1784756665.2072811126708984375000 HTTP/1.1" 200 - "-" "WordPress/7.0.2; https://sunnyjoeglobal.shop"
35.188.228.128 - - [22/Jul/2026:21:44:24 +0000] "GET /system/bootstrap.php HTTP/1.1" 403 - "-" "Mozilla/5.0 (Windows NT 10.0; Win64; x64) AppleWebKit/537.36 (KHTML, like Gecko) Chrome/91.0.4472.124 Safari/537.36"
35.188.228.128 - - [22/Jul/2026:21:44:24 +0000] "GET /bootstrap.php HTTP/1.1" 403 - "-" "Mozilla/5.0 (Windows NT 10.0; Win64; x64) AppleWebKit/537.36 (KHTML, like Gecko) Chrome/91.0.4472.124 Safari/537.36"
35.188.228.128 - - [22/Jul/2026:21:46:25 +0000] "GET /wp-content/plugins/config-cs/bootstrap.php HTTP/1.1" 302 38200 "-" "Mozilla/5.0 (Windows NT 10.0; Win64; x64) AppleWebKit/537.36 (KHTML, like Gecko) Chrome/91.0.4472.124 Safari/537.36"
35.188.228.128 - - [22/Jul/2026:21:46:25 +0000] "GET /wp-content/plugins/config-cs/bootstrap.php?p= HTTP/1.1" 200 38200 "http://sunnyjoeglobal.shop/wp-content/plugins/config-cs/bootstrap.php" "Mozilla/5.0 (Windows NT 10.0; Win64; x64) AppleWebKit/537.36 (KHTML, like Gecko) Chrome/91.0.4472.124 Safari/537.36"
192.178.6.103 - - [22/Jul/2026:21:57:21 +0000] "GET /saiga.php?sitemap545.xml HTTP/1.1" 403 533167 "-" "Mozilla/5.0 (compatible; Googlebot/2.1; +http://www.google.com/bot.html)"
198.177.124.148 - - [22/Jul/2026:22:02:14 +0000] "GET /.well-known/acme-challenge/MPIAGCTQ3LOYZRIZZ0USS4H5F3P-MHWV HTTP/1.1" 200 64 "-" "Cpanel-HTTP-Client/1.0"
198.177.124.148 - - [22/Jul/2026:22:02:14 +0000] "GET /.well-known/acme-challenge/ORST67NBX5GFCN6RX8VUYTFQ632EWTSL HTTP/1.1" 200 64 "-" "Cpanel-HTTP-Client/1.0"
198.177.124.148 - - [22/Jul/2026:22:13:14 +0000] "POST /wp-cron.php?doing_wp_cron=1784758394.1206200122833251953125 HTTP/1.1" 200 - "-" "WordPress/7.0.2; https://sunnyjoeglobal.shop"
172.70.243.13 - - [22/Jul/2026:22:13:12 +0000] "GET /wp-admin/install.php?step=1 HTTP/1.1" 403 - "-" "http://sunnyjoeglobal.shop/wp-admin/install.php?step=1"
198.177.124.148 - - [22/Jul/2026:22:21:42 +0000] "POST /wp-cron.php?doing_wp_cron=1784758902.2003090381622314453125 HTTP/1.1" 200 - "-" "WordPress/7.0.2; https://sunnyjoeglobal.shop"
104.23.221.64 - - [22/Jul/2026:22:21:41 +0000] "GET /wp-admin/install.php?step=1 HTTP/1.1" 403 - "-" "http://sunnyjoeglobal.shop/wp-admin/install.php?step=1"
198.177.124.148 - - [22/Jul/2026:22:33:55 +0000] "POST /wp-cron.php?doing_wp_cron=1784759635.0505070686340332031250 HTTP/1.1" 200 - "-" "WordPress/7.0.2; https://sunnyjoeglobal.shop"
104.23.217.12 - - [22/Jul/2026:22:33:54 +0000] "GET /wp-admin/install.php?step=1 HTTP/1.1" 403 - "-" "http://sunnyjoeglobal.shop/wp-admin/install.php?step=1"
198.177.124.148 - - [22/Jul/2026:22:39:55 +0000] "POST /wp-cron.php?doing_wp_cron=1784759995.3451540470123291015625 HTTP/1.1" 200 - "-" "WordPress/7.0.2; https://sunnyjoeglobal.shop"
155.94.203.199 - - [22/Jul/2026:22:39:54 +0000] "GET / HTTP/1.1" 200 - "-" "Mozilla/5.0 (Windows NT 10.0; Win64; x64) AppleWebKit/537.36 (KHTML, like Gecko) Chrome/94.0.4606.61 Safari/537.36"
192.178.6.102 - - [22/Jul/2026:22:41:21 +0000] "GET /saiga.php?sitemap500.xml HTTP/1.1" 403 533153 "-" "Mozilla/5.0 (compatible; Googlebot/2.1; +http://www.google.com/bot.html)"
192.178.6.102 - - [22/Jul/2026:22:44:42 +0000] "GET /saiga.php?sitemap235.xml HTTP/1.1" 403 533138 "-" "Mozilla/5.0 (compatible; Googlebot/2.1; +http://www.google.com/bot.html)"
198.177.124.148 - - [22/Jul/2026:22:58:19 +0000] "POST /wp-cron.php?doing_wp_cron=1784761099.0455460548400878906250 HTTP/1.1" 200 - "-" "WordPress/7.0.2; https://sunnyjoeglobal.shop"
104.23.221.65 - - [22/Jul/2026:22:58:18 +0000] "GET /wp-admin/install.php?step=1 HTTP/1.1" 403 - "-" "http://sunnyjoeglobal.shop/wp-admin/install.php?step=1"
198.177.124.148 - - [22/Jul/2026:23:06:46 +0000] "POST /wp-cron.php?doing_wp_cron=1784761606.0481739044189453125000 HTTP/1.1" 200 - "-" "WordPress/7.0.2; https://sunnyjoeglobal.shop"
104.23.166.49 - - [22/Jul/2026:23:06:44 +0000] "GET /wp-admin/install.php?step=1 HTTP/1.1" 403 - "-" "http://sunnyjoeglobal.shop/wp-admin/install.php?step=1"
198.177.124.148 - - [22/Jul/2026:23:09:27 +0000] "POST /wp-cron.php?doing_wp_cron=1784761767.3785500526428222656250 HTTP/1.1" 200 - "-" "WordPress/7.0.2; https://sunnyjoeglobal.shop"
172.71.172.136 - - [22/Jul/2026:23:09:26 +0000] "GET /wp-admin/install.php?step=1 HTTP/1.1" 403 - "-" "http://sunnyjoeglobal.shop/wp-admin/install.php?step=1"
192.178.6.102 - - [22/Jul/2026:23:33:40 +0000] "GET /contents/event/kansyasai/ HTTP/1.1" 200 194496 "-" "Mozilla/5.0 (Linux; Android 6.0.1; Nexus 5X Build/MMB29P) AppleWebKit/537.36 (KHTML, like Gecko) Chrome/150.0.7871.128 Mobile Safari/537.36 (compatible; Googlebot/2.1; +http://www.google.com/bot.html)"
198.177.124.148 - - [22/Jul/2026:23:36:36 +0000] "POST /wp-cron.php?doing_wp_cron=1784763396.0673029422760009765625 HTTP/1.1" 200 - "-" "WordPress/7.0.2; https://sunnyjoeglobal.shop"
172.71.148.120 - - [22/Jul/2026:23:36:34 +0000] "GET /wp-admin/install.php?step=1 HTTP/1.1" 403 - "-" "http://sunnyjoeglobal.shop/wp-admin/install.php?step=1"
198.177.124.148 - - [22/Jul/2026:23:36:38 +0000] "POST /wp-cron.php HTTP/1.1" 200 - "-" "WordPress/7.0.2; https://sunnyjoeglobal.shop"
192.178.6.103 - - [22/Jul/2026:23:40:16 +0000] "GET /saiga.php?sitemap742.xml HTTP/1.1" 403 533166 "-" "Mozilla/5.0 (compatible; Googlebot/2.1; +http://www.google.com/bot.html)"
198.177.124.148 - - [22/Jul/2026:23:41:54 +0000] "POST /wp-cron.php?doing_wp_cron=1784763714.8650910854339599609375 HTTP/1.1" 200 - "-" "WordPress/7.0.2; https://sunnyjoeglobal.shop"
104.23.221.65 - - [22/Jul/2026:23:41:53 +0000] "GET /wp-admin/install.php?step=1 HTTP/1.1" 403 - "-" "http://sunnyjoeglobal.shop/wp-admin/install.php?step=1"
198.177.124.148 - - [23/Jul/2026:00:01:12 +0000] "POST /wp-cron.php?doing_wp_cron=1784764872.9500861167907714843750 HTTP/1.1" 200 - "-" "WordPress/7.0.2; https://sunnyjoeglobal.shop"
43.157.158.178 - - [23/Jul/2026:00:01:11 +0000] "GET / HTTP/1.1" 200 - "-" "Mozilla/5.0 (iPhone; CPU iPhone OS 13_2_3 like Mac OS X) AppleWebKit/605.1.15 (KHTML, like Gecko) Version/13.0.3 Mobile/15E148 Safari/604.1"
198.177.124.148 - - [23/Jul/2026:00:07:20 +0000] "POST /wp-cron.php?doing_wp_cron=1784765240.6998000144958496093750 HTTP/1.1" 200 - "-" "WordPress/7.0.2; https://sunnyjoeglobal.shop"
20.83.74.222 - - [23/Jul/2026:00:07:19 +0000] "GET / HTTP/1.1" 200 - "-" "axios/1.16.0"
20.83.74.222 - - [23/Jul/2026:00:07:22 +0000] "GET /robots.txt HTTP/1.1" 200 - "-" "axios/1.16.0"
172.71.164.128 - - [23/Jul/2026:00:07:33 +0000] "GET /wp-admin/install.php?step=1 HTTP/1.1" 403 - "-" "http://sunnyjoeglobal.shop/wp-admin/install.php?step=1"
198.177.124.148 - - [23/Jul/2026:00:22:39 +0000] "POST /wp-cron.php?doing_wp_cron=1784766159.6450870037078857421875 HTTP/1.1" 200 - "-" "WordPress/7.0.2; https://sunnyjoeglobal.shop"
172.71.172.137 - - [23/Jul/2026:00:22:38 +0000] "GET /wp-admin/install.php?step=1 HTTP/1.1" 403 - "-" "http://sunnyjoeglobal.shop/wp-admin/install.php?step=1"
192.178.6.103 - - [23/Jul/2026:00:26:14 +0000] "GET /saiga.php?sitemap409.xml HTTP/1.1" 403 533130 "-" "Mozilla/5.0 (compatible; Googlebot/2.1; +http://www.google.com/bot.html)"
198.177.124.148 - - [23/Jul/2026:00:27:15 +0000] "POST /wp-cron.php?doing_wp_cron=1784766435.7743849754333496093750 HTTP/1.1" 200 - "-" "WordPress/7.0.2; https://sunnyjoeglobal.shop"
158.173.166.26 - - [23/Jul/2026:00:27:14 +0000] "GET / HTTP/1.1" 200 - "-" "Mozilla/5.0 (Windows NT 10.0; Win64; x64) AppleWebKit/537.36 (KHTML, like Gecko) Chrome/84.0.4147.89 Safari/537.36"
142.54.166.194 - - [23/Jul/2026:00:36:21 +0000] "GET /11965qmdaamk88mewttmp9 HTTP/1.0" 200 6662 "-" "Googlebot/2.1 (+http://www.google.com/bot.html)"
142.54.166.194 - - [23/Jul/2026:00:36:21 +0000] "GET /ammika.php?8416qkuaarl38mewttme49 HTTP/1.0" 403 4 "-" "Googlebot/2.1 (+http://www.google.com/bot.html)"
192.178.6.102 - - [23/Jul/2026:00:37:22 +0000] "GET /saiga.php?sitemap841.xml HTTP/1.1" 403 533121 "-" "Mozilla/5.0 (compatible; Googlebot/2.1; +http://www.google.com/bot.html)"
198.177.124.148 - - [23/Jul/2026:00:42:49 +0000] "POST /wp-cron.php?doing_wp_cron=1784767369.1071300506591796875000 HTTP/1.1" 200 - "-" "WordPress/7.0.2; https://sunnyjoeglobal.shop"
162.158.182.27 - - [23/Jul/2026:00:42:47 +0000] "GET /wp-admin/install.php?step=1 HTTP/1.1" 403 - "-" "http://sunnyjoeglobal.shop/wp-admin/install.php?step=1"
192.178.6.104 - - [23/Jul/2026:00:45:31 +0000] "GET /saiga.php?sitemap749.xml HTTP/1.1" 403 533190 "-" "Mozilla/5.0 (compatible; Googlebot/2.1; +http://www.google.com/bot.html)"
198.177.124.148 - - [23/Jul/2026:00:48:12 +0000] "POST /wp-cron.php?doing_wp_cron=1784767692.8466620445251464843750 HTTP/1.1" 200 - "-" "WordPress/7.0.2; https://sunnyjoeglobal.shop"
172.70.248.132 - - [23/Jul/2026:00:48:12 +0000] "GET /wp-admin/install.php?step=1 HTTP/1.1" 403 - "-" "http://sunnyjoeglobal.shop/wp-admin/install.php?step=1"
192.178.6.102 - - [23/Jul/2026:00:54:10 +0000] "GET /saiga.php?sitemap50.xml HTTP/1.1" 403 533102 "-" "Mozilla/5.0 (compatible; Googlebot/2.1; +http://www.google.com/bot.html)"
198.177.124.148 - - [23/Jul/2026:00:55:31 +0000] "POST /wp-cron.php?doing_wp_cron=1784768131.7912359237670898437500 HTTP/1.1" 200 - "-" "WordPress/7.0.2; https://sunnyjoeglobal.shop"
162.62.231.139 - - [23/Jul/2026:00:55:31 +0000] "GET / HTTP/1.1" 200 - "-" "Mozilla/5.0 (iPhone; CPU iPhone OS 13_2_3 like Mac OS X) AppleWebKit/605.1.15 (KHTML, like Gecko) Version/13.0.3 Mobile/15E148 Safari/604.1"
198.177.124.148 - - [23/Jul/2026:00:59:38 +0000] "POST /wp-cron.php?doing_wp_cron=1784768378.0938990116119384765625 HTTP/1.1" 200 - "-" "WordPress/7.0.2; https://sunnyjoeglobal.shop"
162.158.182.27 - - [23/Jul/2026:00:59:37 +0000] "GET /wp-admin/install.php?step=1 HTTP/1.1" 403 - "-" "http://sunnyjoeglobal.shop/wp-admin/install.php?step=1"
198.177.124.148 - - [23/Jul/2026:01:02:26 +0000] "GET /.well-known/acme-challenge/IBPMNL8RJVYF_45WDX120AAG4VARVE9K HTTP/1.1" 200 64 "-" "Cpanel-HTTP-Client/1.0"
198.177.124.148 - - [23/Jul/2026:01:02:26 +0000] "GET /.well-known/acme-challenge/YHXGKEQNK_V2-_EPWV2HXP8CTJRGLZDR HTTP/1.1" 200 64 "-" "Cpanel-HTTP-Client/1.0"
198.177.124.148 - - [23/Jul/2026:01:05:25 +0000] "POST /wp-cron.php?doing_wp_cron=1784768725.3170659542083740234375 HTTP/1.1" 200 - "-" "WordPress/7.0.2; https://sunnyjoeglobal.shop"
43.135.36.201 - - [23/Jul/2026:01:05:24 +0000] "GET / HTTP/1.1" 200 - "-" "Mozilla/5.0 (iPhone; CPU iPhone OS 13_2_3 like Mac OS X) AppleWebKit/605.1.15 (KHTML, like Gecko) Version/13.0.3 Mobile/15E148 Safari/604.1"
198.177.124.148 - - [23/Jul/2026:01:08:49 +0000] "POST /wp-cron.php?doing_wp_cron=1784768929.4734621047973632812500 HTTP/1.1" 200 - "-" "WordPress/7.0.2; https://sunnyjoeglobal.shop"
175.27.171.245 - - [23/Jul/2026:01:08:48 +0000] "GET / HTTP/1.1" 200 - "-" "Mozilla/5.0 (iPhone; CPU iPhone OS 13_2_3 like Mac OS X) AppleWebKit/605.1.15 (KHTML, like Gecko) Version/13.0.3 Mobile/15E148 Safari/604.1"
198.177.124.148 - - [23/Jul/2026:01:14:48 +0000] "POST /wp-cron.php?doing_wp_cron=1784769288.3430740833282470703125 HTTP/1.1" 200 - "-" "WordPress/7.0.2; https://sunnyjoeglobal.shop"
162.158.182.27 - - [23/Jul/2026:01:14:46 +0000] "GET /wp-admin/install.php?step=1 HTTP/1.1" 403 - "-" "http://sunnyjoeglobal.shop/wp-admin/install.php?step=1"
198.177.124.148 - - [23/Jul/2026:01:36:59 +0000] "POST /wp-cron.php?doing_wp_cron=1784770619.8188400268554687500000 HTTP/1.1" 200 - "-" "WordPress/7.0.2; https://sunnyjoeglobal.shop"
104.23.239.64 - - [23/Jul/2026:01:36:57 +0000] "GET /wp-admin/install.php?step=1 HTTP/1.1" 403 - "-" "http://sunnyjoeglobal.shop/wp-admin/install.php?step=1"
198.177.124.148 - - [23/Jul/2026:01:54:47 +0000] "POST /wp-cron.php?doing_wp_cron=1784771687.0682060718536376953125 HTTP/1.1" 200 - "-" "WordPress/7.0.2; https://sunnyjoeglobal.shop"
172.69.150.24 - - [23/Jul/2026:01:54:45 +0000] "GET /wp-admin/install.php?step=1 HTTP/1.1" 403 - "-" "http://sunnyjoeglobal.shop/wp-admin/install.php?step=1"
198.177.124.148 - - [23/Jul/2026:02:00:42 +0000] "POST /wp-cron.php?doing_wp_cron=1784772042.7262380123138427734375 HTTP/1.1" 200 - "-" "WordPress/7.0.2; https://sunnyjoeglobal.shop"
162.158.94.87 - - [23/Jul/2026:02:00:41 +0000] "GET /wp-admin/install.php?step=1 HTTP/1.1" 403 - "-" "http://sunnyjoeglobal.shop/wp-admin/install.php?step=1"
198.177.124.148 - - [23/Jul/2026:02:02:53 +0000] "POST /wp-cron.php?doing_wp_cron=1784772173.9330909252166748046875 HTTP/1.1" 200 - "-" "WordPress/7.0.2; https://sunnyjoeglobal.shop"
43.156.36.169 - - [23/Jul/2026:02:02:53 +0000] "GET / HTTP/1.1" 200 - "-" "Mozilla/5.0 (iPhone; CPU iPhone OS 13_2_3 like Mac OS X) AppleWebKit/605.1.15 (KHTML, like Gecko) Version/13.0.3 Mobile/15E148 Safari/604.1"
198.177.124.148 - - [23/Jul/2026:02:04:51 +0000] "POST /wp-cron.php?doing_wp_cron=1784772291.4684081077575683593750 HTTP/1.1" 200 - "-" "WordPress/7.0.2; https://sunnyjoeglobal.shop"
172.71.164.128 - - [23/Jul/2026:02:04:49 +0000] "GET /wp-admin/install.php?step=1 HTTP/1.1" 403 - "-" "http://sunnyjoeglobal.shop/wp-admin/install.php?step=1"
198.177.124.148 - - [23/Jul/2026:02:14:00 +0000] "POST /wp-cron.php?doing_wp_cron=1784772840.2382481098175048828125 HTTP/1.1" 200 - "-" "WordPress/7.0.2; https://sunnyjoeglobal.shop"
84.33.243.92 - - [23/Jul/2026:02:13:58 +0000] "GET / HTTP/1.1" 200 - "-" "Mozilla/5.0 (X11; Linux x86_64) AppleWebKit/537.36 (KHTML, like Gecko) Chrome/143.0.0.0 Safari/537.36"
192.178.6.102 - - [23/Jul/2026:02:14:42 +0000] "GET /saiga.php?sitemap873.xml HTTP/1.1" 403 533110 "-" "Mozilla/5.0 (compatible; Googlebot/2.1; +http://www.google.com/bot.html)"
192.178.6.103 - - [23/Jul/2026:02:17:53 +0000] "GET /saiga.php?sitemap.xml HTTP/1.1" 403 9216 "-" "Mozilla/5.0 (compatible; Googlebot/2.1; +http://www.google.com/bot.html)"
198.177.124.148 - - [23/Jul/2026:02:34:54 +0000] "POST /wp-cron.php?doing_wp_cron=1784774094.8216578960418701171875 HTTP/1.1" 200 - "-" "WordPress/7.0.2; https://sunnyjoeglobal.shop"
162.158.182.26 - - [23/Jul/2026:02:34:53 +0000] "GET /wp-admin/install.php?step=1 HTTP/1.1" 403 - "-" "http://sunnyjoeglobal.shop/wp-admin/install.php?step=1"
198.177.124.148 - - [23/Jul/2026:02:43:02 +0000] "POST /wp-cron.php?doing_wp_cron=1784774582.3950018882751464843750 HTTP/1.1" 200 - "-" "WordPress/7.0.2; https://sunnyjoeglobal.shop"
162.158.182.27 - - [23/Jul/2026:02:43:00 +0000] "GET /wp-admin/install.php?step=1 HTTP/1.1" 403 - "-" "http://sunnyjoeglobal.shop/wp-admin/install.php?step=1"