102.89.23.236 - - [21/Jul/2026:10:58:35 +0000] "POST /wp-json/wpforms/v1/themes/custom/?_locale=user HTTP/1.1" 200 15 "https://sgcakesandsurprises.shop/wp-admin/post.php?post=337&action=edit" "Mozilla/5.0 (Windows NT 10.0; Win64; x64) AppleWebKit/537.36 (KHTML, like Gecko) Chrome/150.0.0.0 Safari/537.36"
102.89.23.236 - - [21/Jul/2026:10:58:35 +0000] "GET /wp-json/wp/v2/templates/lookup?slug=page-style-hub&_locale=user HTTP/1.1" 200 2473 "https://sgcakesandsurprises.shop/wp-admin/post.php?post=337&action=edit" "Mozilla/5.0 (Windows NT 10.0; Win64; x64) AppleWebKit/537.36 (KHTML, like Gecko) Chrome/150.0.0.0 Safari/537.36"
102.89.23.236 - - [21/Jul/2026:10:58:35 +0000] "POST /wp-admin/post.php?post=337&action=edit&meta-box-loader=1&meta-box-loader-nonce=12a5ea9429&_locale=user HTTP/1.1" 302 - "https://sgcakesandsurprises.shop/wp-admin/post.php?post=337&action=edit" "Mozilla/5.0 (Windows NT 10.0; Win64; x64) AppleWebKit/537.36 (KHTML, like Gecko) Chrome/150.0.0.0 Safari/537.36"
102.89.23.236 - - [21/Jul/2026:10:58:38 +0000] "POST /wp-json/wpforms/v1/themes/custom/?_locale=user HTTP/1.1" 200 15 "https://sgcakesandsurprises.shop/wp-admin/post.php?post=337&action=edit" "Mozilla/5.0 (Windows NT 10.0; Win64; x64) AppleWebKit/537.36 (KHTML, like Gecko) Chrome/150.0.0.0 Safari/537.36"
102.89.23.236 - - [21/Jul/2026:10:58:38 +0000] "GET /wp-admin/post.php?post=337&action=edit&message=4 HTTP/1.1" 200 791664 "https://sgcakesandsurprises.shop/wp-admin/post.php?post=337&action=edit" "Mozilla/5.0 (Windows NT 10.0; Win64; x64) AppleWebKit/537.36 (KHTML, like Gecko) Chrome/150.0.0.0 Safari/537.36"
102.89.23.236 - - [21/Jul/2026:10:58:41 +0000] "POST /wp-json/wpforms/v1/themes/custom/?_locale=user HTTP/1.1" 200 15 "https://sgcakesandsurprises.shop/wp-admin/post.php?post=337&action=edit" "Mozilla/5.0 (Windows NT 10.0; Win64; x64) AppleWebKit/537.36 (KHTML, like Gecko) Chrome/150.0.0.0 Safari/537.36"
102.89.23.236 - - [21/Jul/2026:10:58:45 +0000] "POST /wp-admin/admin-ajax.php HTTP/1.1" 200 98 "https://sgcakesandsurprises.shop/wp-admin/post.php?post=337&action=edit" "Mozilla/5.0 (Windows NT 10.0; Win64; x64) AppleWebKit/537.36 (KHTML, like Gecko) Chrome/150.0.0.0 Safari/537.36"
102.89.23.236 - - [21/Jul/2026:10:58:49 +0000] "POST /wp-admin/admin-ajax.php HTTP/1.1" 200 1 "https://sgcakesandsurprises.shop/wp-admin/post.php?post=337&action=edit" "Mozilla/5.0 (Windows NT 10.0; Win64; x64) AppleWebKit/537.36 (KHTML, like Gecko) Chrome/150.0.0.0 Safari/537.36"
198.177.124.148 - - [21/Jul/2026:10:58:57 +0000] "POST /wp-cron.php?doing_wp_cron=1784631537.8434939384460449218750 HTTP/1.1" 200 - "-" "WordPress/7.0.2; https://sgcakesandsurprises.shop"
102.89.23.236 - - [21/Jul/2026:10:58:50 +0000] "GET /wp-admin/post.php?post=337&action=elementor HTTP/1.1" 200 2049723 "https://sgcakesandsurprises.shop/wp-admin/post.php?post=337&action=edit" "Mozilla/5.0 (Windows NT 10.0; Win64; x64) AppleWebKit/537.36 (KHTML, like Gecko) Chrome/150.0.0.0 Safari/537.36"
102.89.23.236 - - [21/Jul/2026:10:58:56 +0000] "GET /wp-json/elementor/v1/variables/list HTTP/1.1" 200 64 "https://sgcakesandsurprises.shop/wp-admin/post.php?post=337&action=elementor" "Mozilla/5.0 (Windows NT 10.0; Win64; x64) AppleWebKit/537.36 (KHTML, like Gecko) Chrome/150.0.0.0 Safari/537.36"
102.89.23.236 - - [21/Jul/2026:10:58:59 +0000] "POST /wp-admin/admin-ajax.php HTTP/1.1" 200 77 "https://sgcakesandsurprises.shop/wp-admin/post.php?post=337&action=elementor" "Mozilla/5.0 (Windows NT 10.0; Win64; x64) AppleWebKit/537.36 (KHTML, like Gecko) Chrome/150.0.0.0 Safari/537.36"
102.89.23.236 - - [21/Jul/2026:10:59:00 +0000] "GET /wp-json/elementor/v1/site-navigation/recent-posts?posts_per_page=6&_locale=user HTTP/1.1" 200 1464 "https://sgcakesandsurprises.shop/wp-admin/post.php?post=337&action=elementor" "Mozilla/5.0 (Windows NT 10.0; Win64; x64) AppleWebKit/537.36 (KHTML, like Gecko) Chrome/150.0.0.0 Safari/537.36"
102.89.23.236 - - [21/Jul/2026:10:59:00 +0000] "GET /wp-json/elementor/v1/global-classes?context=preview HTTP/1.1" 200 21 "https://sgcakesandsurprises.shop/wp-admin/post.php?post=337&action=elementor" "Mozilla/5.0 (Windows NT 10.0; Win64; x64) AppleWebKit/537.36 (KHTML, like Gecko) Chrome/150.0.0.0 Safari/537.36"
102.89.23.236 - - [21/Jul/2026:10:58:59 +0000] "GET /style-hub/?elementor-preview=337&ver=1784631534 HTTP/1.1" 200 250335 "https://sgcakesandsurprises.shop/wp-admin/post.php?post=337&action=elementor" "Mozilla/5.0 (Windows NT 10.0; Win64; x64) AppleWebKit/537.36 (KHTML, like Gecko) Chrome/150.0.0.0 Safari/537.36"
102.89.23.236 - - [21/Jul/2026:10:59:00 +0000] "GET /wp-json/elementor/v1/checklist/user-progress HTTP/1.1" 200 534 "https://sgcakesandsurprises.shop/wp-admin/post.php?post=337&action=elementor" "Mozilla/5.0 (Windows NT 10.0; Win64; x64) AppleWebKit/537.36 (KHTML, like Gecko) Chrome/150.0.0.0 Safari/537.36"
102.89.23.236 - - [21/Jul/2026:10:59:00 +0000] "GET /wp-json/elementor/v1/global-classes/usage HTTP/1.1" 200 21 "https://sgcakesandsurprises.shop/wp-admin/post.php?post=337&action=elementor" "Mozilla/5.0 (Windows NT 10.0; Win64; x64) AppleWebKit/537.36 (KHTML, like Gecko) Chrome/150.0.0.0 Safari/537.36"
102.89.23.236 - - [21/Jul/2026:10:59:02 +0000] "GET /wp-json/elementor/v1/global-classes?context=frontend HTTP/1.1" 200 21 "https://sgcakesandsurprises.shop/wp-admin/post.php?post=337&action=elementor" "Mozilla/5.0 (Windows NT 10.0; Win64; x64) AppleWebKit/537.36 (KHTML, like Gecko) Chrome/150.0.0.0 Safari/537.36"
102.89.23.236 - - [21/Jul/2026:10:59:07 +0000] "GET /wp-includes/js/dist/script-modules/interactivity/index.min.js?ver=efaa5193bbad9c60ffd1 HTTP/1.1" 304 - "https://sgcakesandsurprises.shop/style-hub/?elementor-preview=337&ver=1784631534" "Mozilla/5.0 (Windows NT 10.0; Win64; x64) AppleWebKit/537.36 (KHTML, like Gecko) Chrome/150.0.0.0 Safari/537.36"
102.89.23.236 - - [21/Jul/2026:10:59:04 +0000] "GET /wp-json/elementor/v1/kit-elements-defaults HTTP/1.1" 200 2 "https://sgcakesandsurprises.shop/wp-admin/post.php?post=337&action=elementor" "Mozilla/5.0 (Windows NT 10.0; Win64; x64) AppleWebKit/537.36 (KHTML, like Gecko) Chrome/150.0.0.0 Safari/537.36"
102.89.23.236 - - [21/Jul/2026:10:59:04 +0000] "GET /wp-json/elementor/v1/components HTTP/1.1" 200 21 "https://sgcakesandsurprises.shop/wp-admin/post.php?post=337&action=elementor" "Mozilla/5.0 (Windows NT 10.0; Win64; x64) AppleWebKit/537.36 (KHTML, like Gecko) Chrome/150.0.0.0 Safari/537.36"
102.89.23.236 - - [21/Jul/2026:10:59:04 +0000] "GET /wp-json/elementor/v1/user-data/current-user?context=edit HTTP/1.1" 200 1436 "https://sgcakesandsurprises.shop/wp-admin/post.php?post=337&action=elementor" "Mozilla/5.0 (Windows NT 10.0; Win64; x64) AppleWebKit/537.36 (KHTML, like Gecko) Chrome/150.0.0.0 Safari/537.36"
102.89.23.236 - - [21/Jul/2026:10:59:05 +0000] "GET /wp-json/wpforms/v1/elementor/themes/?_locale=user HTTP/1.1" 200 9111 "https://sgcakesandsurprises.shop/style-hub/?elementor-preview=337&ver=1784631534" "Mozilla/5.0 (Windows NT 10.0; Win64; x64) AppleWebKit/537.36 (KHTML, like Gecko) Chrome/150.0.0.0 Safari/537.36"
102.89.23.236 - - [21/Jul/2026:10:59:07 +0000] "GET /wp-json/elementor/v1/global-classes/post?context=preview&post_id=337 HTTP/1.1" 200 31 "https://sgcakesandsurprises.shop/wp-admin/post.php?post=337&action=elementor" "Mozilla/5.0 (Windows NT 10.0; Win64; x64) AppleWebKit/537.36 (KHTML, like Gecko) Chrome/150.0.0.0 Safari/537.36"
102.89.23.236 - - [21/Jul/2026:10:59:08 +0000] "GET /wp-json/elementor/v1/global-classes/post?context=frontend&post_id=337 HTTP/1.1" 200 31 "https://sgcakesandsurprises.shop/wp-admin/post.php?post=337&action=elementor" "Mozilla/5.0 (Windows NT 10.0; Win64; x64) AppleWebKit/537.36 (KHTML, like Gecko) Chrome/150.0.0.0 Safari/537.36"
102.89.23.236 - - [21/Jul/2026:10:59:08 +0000] "GET /wp-json/elementor/v1/globals HTTP/1.1" 200 884 "https://sgcakesandsurprises.shop/wp-admin/post.php?post=337&action=elementor" "Mozilla/5.0 (Windows NT 10.0; Win64; x64) AppleWebKit/537.36 (KHTML, like Gecko) Chrome/150.0.0.0 Safari/537.36"
102.89.23.236 - - [21/Jul/2026:10:59:08 +0000] "GET /wp-json/?rest_route=%2Fangie%2Fv1%2Felementor-kit%2Fschema HTTP/1.1" 404 114 "https://sgcakesandsurprises.shop/wp-admin/post.php?post=337&action=elementor" "Mozilla/5.0 (Windows NT 10.0; Win64; x64) AppleWebKit/537.36 (KHTML, like Gecko) Chrome/150.0.0.0 Safari/537.36"
102.89.23.236 - - [21/Jul/2026:10:59:04 +0000] "POST /wp-admin/admin-ajax.php HTTP/1.1" 200 1484185 "https://sgcakesandsurprises.shop/wp-admin/post.php?post=337&action=elementor" "Mozilla/5.0 (Windows NT 10.0; Win64; x64) AppleWebKit/537.36 (KHTML, like Gecko) Chrome/150.0.0.0 Safari/537.36"
102.89.23.236 - - [21/Jul/2026:10:59:11 +0000] "GET /wp-json/elementor/v1/checklist/user-progress HTTP/1.1" 200 534 "https://sgcakesandsurprises.shop/wp-admin/post.php?post=337&action=elementor" "Mozilla/5.0 (Windows NT 10.0; Win64; x64) AppleWebKit/537.36 (KHTML, like Gecko) Chrome/150.0.0.0 Safari/537.36"
102.89.23.236 - - [21/Jul/2026:10:59:11 +0000] "GET /wp-json/elementor/v1/global-classes?context=preview HTTP/1.1" 200 21 "https://sgcakesandsurprises.shop/wp-admin/post.php?post=337&action=elementor" "Mozilla/5.0 (Windows NT 10.0; Win64; x64) AppleWebKit/537.36 (KHTML, like Gecko) Chrome/150.0.0.0 Safari/537.36"
102.89.23.236 - - [21/Jul/2026:10:59:11 +0000] "POST /wp-admin/admin-ajax.php HTTP/1.1" 200 114 "https://sgcakesandsurprises.shop/wp-admin/post.php?post=337&action=elementor" "Mozilla/5.0 (Windows NT 10.0; Win64; x64) AppleWebKit/537.36 (KHTML, like Gecko) Chrome/150.0.0.0 Safari/537.36"
102.89.23.236 - - [21/Jul/2026:10:59:11 +0000] "GET /wp-json/elementor/v1/global-classes?context=frontend HTTP/1.1" 200 21 "https://sgcakesandsurprises.shop/wp-admin/post.php?post=337&action=elementor" "Mozilla/5.0 (Windows NT 10.0; Win64; x64) AppleWebKit/537.36 (KHTML, like Gecko) Chrome/150.0.0.0 Safari/537.36"
102.89.23.236 - - [21/Jul/2026:10:59:11 +0000] "POST /wp-admin/admin-ajax.php HTTP/1.1" 200 109 "https://sgcakesandsurprises.shop/wp-admin/post.php?post=337&action=elementor" "Mozilla/5.0 (Windows NT 10.0; Win64; x64) AppleWebKit/537.36 (KHTML, like Gecko) Chrome/150.0.0.0 Safari/537.36"
102.89.23.236 - - [21/Jul/2026:10:59:14 +0000] "POST /wp-admin/admin-ajax.php HTTP/1.1" 200 77 "https://sgcakesandsurprises.shop/wp-admin/post.php?post=337&action=elementor" "Mozilla/5.0 (Windows NT 10.0; Win64; x64) AppleWebKit/537.36 (KHTML, like Gecko) Chrome/150.0.0.0 Safari/537.36"
102.89.23.236 - - [21/Jul/2026:10:59:22 +0000] "GET /wp-json/elementor/v1/global-classes?context=preview HTTP/1.1" 200 21 "https://sgcakesandsurprises.shop/wp-admin/post.php?post=337&action=elementor" "Mozilla/5.0 (Windows NT 10.0; Win64; x64) AppleWebKit/537.36 (KHTML, like Gecko) Chrome/150.0.0.0 Safari/537.36"
102.89.23.236 - - [21/Jul/2026:10:59:23 +0000] "GET /wp-json/elementor/v1/global-classes/post?context=frontend&post_id=337 HTTP/1.1" 200 31 "https://sgcakesandsurprises.shop/wp-admin/post.php?post=337&action=elementor" "Mozilla/5.0 (Windows NT 10.0; Win64; x64) AppleWebKit/537.36 (KHTML, like Gecko) Chrome/150.0.0.0 Safari/537.36"
102.89.23.236 - - [21/Jul/2026:10:59:23 +0000] "GET /wp-json/elementor/v1/global-classes/post?context=preview&post_id=337 HTTP/1.1" 200 31 "https://sgcakesandsurprises.shop/wp-admin/post.php?post=337&action=elementor" "Mozilla/5.0 (Windows NT 10.0; Win64; x64) AppleWebKit/537.36 (KHTML, like Gecko) Chrome/150.0.0.0 Safari/537.36"
102.89.23.236 - - [21/Jul/2026:10:59:29 +0000] "POST /wp-admin/admin-ajax.php HTTP/1.1" 200 77 "https://sgcakesandsurprises.shop/wp-admin/post.php?post=337&action=elementor" "Mozilla/5.0 (Windows NT 10.0; Win64; x64) AppleWebKit/537.36 (KHTML, like Gecko) Chrome/150.0.0.0 Safari/537.36"
102.89.23.236 - - [21/Jul/2026:10:59:45 +0000] "POST /wp-admin/admin-ajax.php HTTP/1.1" 200 77 "https://sgcakesandsurprises.shop/wp-admin/post.php?post=337&action=elementor" "Mozilla/5.0 (Windows NT 10.0; Win64; x64) AppleWebKit/537.36 (KHTML, like Gecko) Chrome/150.0.0.0 Safari/537.36"
198.177.124.148 - - [21/Jul/2026:11:00:01 +0000] "POST /wp-cron.php?doing_wp_cron=1784631601.5777940750122070312500 HTTP/1.1" 200 - "-" "WordPress/7.0.2; https://sgcakesandsurprises.shop"
102.89.23.236 - - [21/Jul/2026:10:59:59 +0000] "POST /wp-admin/admin-ajax.php HTTP/1.1" 200 77 "https://sgcakesandsurprises.shop/wp-admin/post.php?post=337&action=elementor" "Mozilla/5.0 (Windows NT 10.0; Win64; x64) AppleWebKit/537.36 (KHTML, like Gecko) Chrome/150.0.0.0 Safari/537.36"
102.89.23.236 - - [21/Jul/2026:11:00:15 +0000] "POST /wp-admin/admin-ajax.php HTTP/1.1" 200 77 "https://sgcakesandsurprises.shop/wp-admin/post.php?post=337&action=elementor" "Mozilla/5.0 (Windows NT 10.0; Win64; x64) AppleWebKit/537.36 (KHTML, like Gecko) Chrome/150.0.0.0 Safari/537.36"
102.89.23.236 - - [21/Jul/2026:11:00:29 +0000] "POST /wp-admin/admin-ajax.php HTTP/1.1" 200 77 "https://sgcakesandsurprises.shop/wp-admin/post.php?post=337&action=elementor" "Mozilla/5.0 (Windows NT 10.0; Win64; x64) AppleWebKit/537.36 (KHTML, like Gecko) Chrome/150.0.0.0 Safari/537.36"
102.89.23.236 - - [21/Jul/2026:11:00:40 +0000] "GET /wp-json/elementor/v1/checklist/user-progress HTTP/1.1" 200 534 "https://sgcakesandsurprises.shop/wp-admin/post.php?post=337&action=elementor" "Mozilla/5.0 (Windows NT 10.0; Win64; x64) AppleWebKit/537.36 (KHTML, like Gecko) Chrome/150.0.0.0 Safari/537.36"
102.89.23.236 - - [21/Jul/2026:11:00:40 +0000] "PUT /wp-json/elementor/v1/global-classes?context=preview HTTP/1.1" 204 - "https://sgcakesandsurprises.shop/wp-admin/post.php?post=337&action=elementor" "Mozilla/5.0 (Windows NT 10.0; Win64; x64) AppleWebKit/537.36 (KHTML, like Gecko) Chrome/150.0.0.0 Safari/537.36"
102.89.23.236 - - [21/Jul/2026:11:00:40 +0000] "POST /wp-admin/admin-ajax.php HTTP/1.1" 200 1527 "https://sgcakesandsurprises.shop/wp-admin/post.php?post=337&action=elementor" "Mozilla/5.0 (Windows NT 10.0; Win64; x64) AppleWebKit/537.36 (KHTML, like Gecko) Chrome/150.0.0.0 Safari/537.36"
102.89.23.236 - - [21/Jul/2026:11:00:44 +0000] "POST /wp-json/wpforms/v1/elementor/themes/custom/?_locale=user HTTP/1.1" 200 15 "https://sgcakesandsurprises.shop/style-hub/?elementor-preview=337&ver=1784631534" "Mozilla/5.0 (Windows NT 10.0; Win64; x64) AppleWebKit/537.36 (KHTML, like Gecko) Chrome/150.0.0.0 Safari/537.36"
102.89.23.236 - - [21/Jul/2026:11:00:44 +0000] "POST /wp-admin/admin-ajax.php HTTP/1.1" 200 77 "https://sgcakesandsurprises.shop/wp-admin/post.php?post=337&action=elementor" "Mozilla/5.0 (Windows NT 10.0; Win64; x64) AppleWebKit/537.36 (KHTML, like Gecko) Chrome/150.0.0.0 Safari/537.36"
102.89.23.236 - - [21/Jul/2026:11:00:44 +0000] "GET /wp-json/elementor/v1/checklist/user-progress HTTP/1.1" 200 534 "https://sgcakesandsurprises.shop/wp-admin/post.php?post=337&action=elementor" "Mozilla/5.0 (Windows NT 10.0; Win64; x64) AppleWebKit/537.36 (KHTML, like Gecko) Chrome/150.0.0.0 Safari/537.36"
102.89.23.236 - - [21/Jul/2026:11:00:45 +0000] "POST /wp-admin/admin-ajax.php HTTP/1.1" 200 1164 "https://sgcakesandsurprises.shop/wp-admin/post.php?post=337&action=elementor" "Mozilla/5.0 (Windows NT 10.0; Win64; x64) AppleWebKit/537.36 (KHTML, like Gecko) Chrome/150.0.0.0 Safari/537.36"
102.89.23.236 - - [21/Jul/2026:11:00:44 +0000] "GET /style-hub/?elementor-preview=337&ver=1784631534 HTTP/1.1" 200 206799 "https://sgcakesandsurprises.shop/wp-admin/post.php?post=337&action=elementor" "Mozilla/5.0 (Windows NT 10.0; Win64; x64) AppleWebKit/537.36 (KHTML, like Gecko) Chrome/150.0.0.0 Safari/537.36"
198.177.124.148 - - [21/Jul/2026:11:00:53 +0000] "POST /wp-cron.php?doing_wp_cron=1784631653.5855779647827148437500 HTTP/1.1" 200 - "-" "WordPress/7.0.2; https://sgcakesandsurprises.shop"
102.89.23.236 - - [21/Jul/2026:11:00:49 +0000] "GET /wp-json/wpforms/v1/elementor/themes/?_locale=user HTTP/1.1" 200 9111 "https://sgcakesandsurprises.shop/style-hub/?elementor-preview=337&ver=1784631534" "Mozilla/5.0 (Windows NT 10.0; Win64; x64) AppleWebKit/537.36 (KHTML, like Gecko) Chrome/150.0.0.0 Safari/537.36"
102.89.23.236 - - [21/Jul/2026:11:00:50 +0000] "GET /wp-json/elementor/v1/global-classes?context=frontend HTTP/1.1" 200 21 "https://sgcakesandsurprises.shop/wp-admin/post.php?post=337&action=elementor" "Mozilla/5.0 (Windows NT 10.0; Win64; x64) AppleWebKit/537.36 (KHTML, like Gecko) Chrome/150.0.0.0 Safari/537.36"
102.89.23.236 - - [21/Jul/2026:11:00:50 +0000] "GET /wp-json/elementor/v1/global-classes?context=preview HTTP/1.1" 200 21 "https://sgcakesandsurprises.shop/wp-admin/post.php?post=337&action=elementor" "Mozilla/5.0 (Windows NT 10.0; Win64; x64) AppleWebKit/537.36 (KHTML, like Gecko) Chrome/150.0.0.0 Safari/537.36"
102.89.23.236 - - [21/Jul/2026:11:01:07 +0000] "GET /wp-json/elementor/v1/global-classes?context=preview HTTP/1.1" 200 21 "https://sgcakesandsurprises.shop/wp-admin/post.php?post=337&action=elementor" "Mozilla/5.0 (Windows NT 10.0; Win64; x64) AppleWebKit/537.36 (KHTML, like Gecko) Chrome/150.0.0.0 Safari/537.36"
102.89.23.236 - - [21/Jul/2026:11:01:10 +0000] "GET /wp-json/elementor/v1/global-classes/post?context=preview&post_id=337 HTTP/1.1" 200 31 "https://sgcakesandsurprises.shop/wp-admin/post.php?post=337&action=elementor" "Mozilla/5.0 (Windows NT 10.0; Win64; x64) AppleWebKit/537.36 (KHTML, like Gecko) Chrome/150.0.0.0 Safari/537.36"
102.89.23.236 - - [21/Jul/2026:11:01:12 +0000] "POST /wp-admin/admin-ajax.php HTTP/1.1" 200 77 "https://sgcakesandsurprises.shop/wp-admin/post.php?post=337&action=elementor" "Mozilla/5.0 (Windows NT 10.0; Win64; x64) AppleWebKit/537.36 (KHTML, like Gecko) Chrome/150.0.0.0 Safari/537.36"
102.89.23.236 - - [21/Jul/2026:11:01:11 +0000] "GET /wp-json/elementor/v1/global-classes/post?context=frontend&post_id=337 HTTP/1.1" 200 31 "https://sgcakesandsurprises.shop/wp-admin/post.php?post=337&action=elementor" "Mozilla/5.0 (Windows NT 10.0; Win64; x64) AppleWebKit/537.36 (KHTML, like Gecko) Chrome/150.0.0.0 Safari/537.36"
102.89.23.236 - - [21/Jul/2026:11:01:15 +0000] "POST /wp-admin/admin-ajax.php HTTP/1.1" 200 77 "https://sgcakesandsurprises.shop/wp-admin/post.php?post=337&action=elementor" "Mozilla/5.0 (Windows NT 10.0; Win64; x64) AppleWebKit/537.36 (KHTML, like Gecko) Chrome/150.0.0.0 Safari/537.36"
102.89.23.236 - - [21/Jul/2026:11:01:30 +0000] "POST /wp-admin/admin-ajax.php HTTP/1.1" 200 77 "https://sgcakesandsurprises.shop/wp-admin/post.php?post=337&action=elementor" "Mozilla/5.0 (Windows NT 10.0; Win64; x64) AppleWebKit/537.36 (KHTML, like Gecko) Chrome/150.0.0.0 Safari/537.36"
102.89.23.236 - - [21/Jul/2026:11:01:40 +0000] "GET /wp-json/elementor/v1/checklist/user-progress HTTP/1.1" 200 534 "https://sgcakesandsurprises.shop/wp-admin/post.php?post=337&action=elementor" "Mozilla/5.0 (Windows NT 10.0; Win64; x64) AppleWebKit/537.36 (KHTML, like Gecko) Chrome/150.0.0.0 Safari/537.36"
102.89.23.236 - - [21/Jul/2026:11:01:40 +0000] "PUT /wp-json/elementor/v1/global-classes?context=preview HTTP/1.1" 204 - "https://sgcakesandsurprises.shop/wp-admin/post.php?post=337&action=elementor" "Mozilla/5.0 (Windows NT 10.0; Win64; x64) AppleWebKit/537.36 (KHTML, like Gecko) Chrome/150.0.0.0 Safari/537.36"
102.89.23.236 - - [21/Jul/2026:11:01:40 +0000] "POST /wp-admin/admin-ajax.php HTTP/1.1" 200 1527 "https://sgcakesandsurprises.shop/wp-admin/post.php?post=337&action=elementor" "Mozilla/5.0 (Windows NT 10.0; Win64; x64) AppleWebKit/537.36 (KHTML, like Gecko) Chrome/150.0.0.0 Safari/537.36"
102.89.23.236 - - [21/Jul/2026:11:01:43 +0000] "GET /wp-json/elementor/v1/checklist/user-progress HTTP/1.1" 200 534 "https://sgcakesandsurprises.shop/wp-admin/post.php?post=337&action=elementor" "Mozilla/5.0 (Windows NT 10.0; Win64; x64) AppleWebKit/537.36 (KHTML, like Gecko) Chrome/150.0.0.0 Safari/537.36"
102.89.23.236 - - [21/Jul/2026:11:01:43 +0000] "POST /wp-json/wpforms/v1/elementor/themes/custom/?_locale=user HTTP/1.1" 200 15 "https://sgcakesandsurprises.shop/style-hub/?elementor-preview=337&ver=1784631534" "Mozilla/5.0 (Windows NT 10.0; Win64; x64) AppleWebKit/537.36 (KHTML, like Gecko) Chrome/150.0.0.0 Safari/537.36"
102.89.23.236 - - [21/Jul/2026:11:01:45 +0000] "POST /wp-admin/admin-ajax.php HTTP/1.1" 200 77 "https://sgcakesandsurprises.shop/wp-admin/post.php?post=337&action=elementor" "Mozilla/5.0 (Windows NT 10.0; Win64; x64) AppleWebKit/537.36 (KHTML, like Gecko) Chrome/150.0.0.0 Safari/537.36"
198.177.124.148 - - [21/Jul/2026:11:02:02 +0000] "POST /wp-cron.php?doing_wp_cron=1784631722.6129629611968994140625 HTTP/1.1" 200 - "-" "WordPress/7.0.2; https://sgcakesandsurprises.shop"
102.89.23.236 - - [21/Jul/2026:11:02:00 +0000] "POST /wp-admin/admin-ajax.php HTTP/1.1" 200 77 "https://sgcakesandsurprises.shop/wp-admin/post.php?post=337&action=elementor" "Mozilla/5.0 (Windows NT 10.0; Win64; x64) AppleWebKit/537.36 (KHTML, like Gecko) Chrome/150.0.0.0 Safari/537.36"
102.89.23.236 - - [21/Jul/2026:11:02:15 +0000] "POST /wp-admin/admin-ajax.php HTTP/1.1" 200 77 "https://sgcakesandsurprises.shop/wp-admin/post.php?post=337&action=elementor" "Mozilla/5.0 (Windows NT 10.0; Win64; x64) AppleWebKit/537.36 (KHTML, like Gecko) Chrome/150.0.0.0 Safari/537.36"
102.89.23.236 - - [21/Jul/2026:11:02:30 +0000] "POST /wp-admin/admin-ajax.php HTTP/1.1" 200 77 "https://sgcakesandsurprises.shop/wp-admin/post.php?post=337&action=elementor" "Mozilla/5.0 (Windows NT 10.0; Win64; x64) AppleWebKit/537.36 (KHTML, like Gecko) Chrome/150.0.0.0 Safari/537.36"
102.89.23.236 - - [21/Jul/2026:11:02:45 +0000] "POST /wp-admin/admin-ajax.php HTTP/1.1" 200 77 "https://sgcakesandsurprises.shop/wp-admin/post.php?post=337&action=elementor" "Mozilla/5.0 (Windows NT 10.0; Win64; x64) AppleWebKit/537.36 (KHTML, like Gecko) Chrome/150.0.0.0 Safari/537.36"
102.89.23.236 - - [21/Jul/2026:11:03:00 +0000] "POST /wp-admin/admin-ajax.php HTTP/1.1" 200 77 "https://sgcakesandsurprises.shop/wp-admin/post.php?post=337&action=elementor" "Mozilla/5.0 (Windows NT 10.0; Win64; x64) AppleWebKit/537.36 (KHTML, like Gecko) Chrome/150.0.0.0 Safari/537.36"
102.89.23.236 - - [21/Jul/2026:11:03:15 +0000] "POST /wp-admin/admin-ajax.php HTTP/1.1" 200 77 "https://sgcakesandsurprises.shop/wp-admin/post.php?post=337&action=elementor" "Mozilla/5.0 (Windows NT 10.0; Win64; x64) AppleWebKit/537.36 (KHTML, like Gecko) Chrome/150.0.0.0 Safari/537.36"
102.89.23.236 - - [21/Jul/2026:11:03:30 +0000] "POST /wp-admin/admin-ajax.php HTTP/1.1" 200 77 "https://sgcakesandsurprises.shop/wp-admin/post.php?post=337&action=elementor" "Mozilla/5.0 (Windows NT 10.0; Win64; x64) AppleWebKit/537.36 (KHTML, like Gecko) Chrome/150.0.0.0 Safari/537.36"
102.89.23.236 - - [21/Jul/2026:11:03:45 +0000] "POST /wp-admin/admin-ajax.php HTTP/1.1" 200 77 "https://sgcakesandsurprises.shop/wp-admin/post.php?post=337&action=elementor" "Mozilla/5.0 (Windows NT 10.0; Win64; x64) AppleWebKit/537.36 (KHTML, like Gecko) Chrome/150.0.0.0 Safari/537.36"
198.177.124.148 - - [21/Jul/2026:11:04:01 +0000] "POST /wp-cron.php?doing_wp_cron=1784631841.3298749923706054687500 HTTP/1.1" 200 - "-" "WordPress/7.0.2; https://sgcakesandsurprises.shop"
102.89.23.236 - - [21/Jul/2026:11:04:00 +0000] "POST /wp-admin/admin-ajax.php HTTP/1.1" 200 77 "https://sgcakesandsurprises.shop/wp-admin/post.php?post=337&action=elementor" "Mozilla/5.0 (Windows NT 10.0; Win64; x64) AppleWebKit/537.36 (KHTML, like Gecko) Chrome/150.0.0.0 Safari/537.36"
102.89.23.236 - - [21/Jul/2026:11:04:16 +0000] "POST /wp-admin/admin-ajax.php HTTP/1.1" 200 77 "https://sgcakesandsurprises.shop/wp-admin/post.php?post=337&action=elementor" "Mozilla/5.0 (Windows NT 10.0; Win64; x64) AppleWebKit/537.36 (KHTML, like Gecko) Chrome/150.0.0.0 Safari/537.36"
198.177.124.148 - - [21/Jul/2026:11:06:19 +0000] "POST /wp-cron.php?doing_wp_cron=1784631979.1456611156463623046875 HTTP/1.1" 200 - "-" "WordPress/7.0.2; https://sgcakesandsurprises.shop"
102.89.23.236 - - [21/Jul/2026:11:06:17 +0000] "POST /wp-admin/admin-ajax.php HTTP/1.1" 200 77 "https://sgcakesandsurprises.shop/wp-admin/post.php?post=337&action=elementor" "Mozilla/5.0 (Windows NT 10.0; Win64; x64) AppleWebKit/537.36 (KHTML, like Gecko) Chrome/150.0.0.0 Safari/537.36"
198.177.124.148 - - [21/Jul/2026:11:08:21 +0000] "POST /wp-cron.php?doing_wp_cron=1784632101.6561539173126220703125 HTTP/1.1" 200 - "-" "WordPress/7.0.2; https://sgcakesandsurprises.shop"
102.89.23.236 - - [21/Jul/2026:11:08:18 +0000] "POST /wp-admin/admin-ajax.php HTTP/1.1" 200 77 "https://sgcakesandsurprises.shop/wp-admin/post.php?post=337&action=elementor" "Mozilla/5.0 (Windows NT 10.0; Win64; x64) AppleWebKit/537.36 (KHTML, like Gecko) Chrome/150.0.0.0 Safari/537.36"
34.22.245.55 - - [21/Jul/2026:11:08:32 +0000] "GET / HTTP/1.1" 200 101270 "-" "Mozilla/5.0 (Windows NT 10.0; Win64; x64) AppleWebKit/537.36 (KHTML, like Gecko) Chrome/128.0.6613.120 Safari/537.36 Edg/128.0.2739.67"
198.177.124.148 - - [21/Jul/2026:11:10:20 +0000] "POST /wp-cron.php?doing_wp_cron=1784632220.8148689270019531250000 HTTP/1.1" 200 - "-" "WordPress/7.0.2; https://sgcakesandsurprises.shop"
102.89.23.236 - - [21/Jul/2026:11:10:19 +0000] "POST /wp-admin/admin-ajax.php HTTP/1.1" 200 77 "https://sgcakesandsurprises.shop/wp-admin/post.php?post=337&action=elementor" "Mozilla/5.0 (Windows NT 10.0; Win64; x64) AppleWebKit/537.36 (KHTML, like Gecko) Chrome/150.0.0.0 Safari/537.36"
102.89.23.236 - - [21/Jul/2026:11:10:32 +0000] "GET /wp-admin/ HTTP/1.1" 200 369789 "-" "Mozilla/5.0 (Windows NT 10.0; Win64; x64) AppleWebKit/537.36 (KHTML, like Gecko) Chrome/150.0.0.0 Safari/537.36"
105.113.65.234 - - [21/Jul/2026:11:10:39 +0000] "GET /our-service/ HTTP/1.1" 200 82657 "-" "Mozilla/5.0 (Windows NT 10.0; Win64; x64) AppleWebKit/537.36 (KHTML, like Gecko) Chrome/150.0.0.0 Safari/537.36"
105.113.65.234 - - [21/Jul/2026:11:10:41 +0000] "GET /our-service/ HTTP/1.1" 200 82657 "-" "Mozilla/5.0 (Windows NT 10.0; Win64; x64) AppleWebKit/537.36 (KHTML, like Gecko) Chrome/150.0.0.0 Safari/537.36"
105.113.65.234 - - [21/Jul/2026:11:10:45 +0000] "GET /wp-content/uploads/elementor/css/post-6.css?ver=1784397387 HTTP/1.1" 200 1168 "https://sgcakesandsurprises.shop/our-service/" "Mozilla/5.0 (Windows NT 10.0; Win64; x64) AppleWebKit/537.36 (KHTML, like Gecko) Chrome/150.0.0.0 Safari/537.36"
105.113.65.234 - - [21/Jul/2026:11:10:45 +0000] "GET /wp-content/plugins/elementor/assets/css/frontend.min.css?ver=4.1.5 HTTP/1.1" 200 54666 "https://sgcakesandsurprises.shop/our-service/" "Mozilla/5.0 (Windows NT 10.0; Win64; x64) AppleWebKit/537.36 (KHTML, like Gecko) Chrome/150.0.0.0 Safari/537.36"
105.113.65.234 - - [21/Jul/2026:11:10:45 +0000] "GET /wp-content/uploads/elementor/css/post-311.css?ver=1784482989 HTTP/1.1" 200 2249 "https://sgcakesandsurprises.shop/our-service/" "Mozilla/5.0 (Windows NT 10.0; Win64; x64) AppleWebKit/537.36 (KHTML, like Gecko) Chrome/150.0.0.0 Safari/537.36"
105.113.65.234 - - [21/Jul/2026:11:10:45 +0000] "GET /wp-content/uploads/elementor/css/base-desktop.css?ver=6a5bbe4b9bf82 HTTP/1.1" 200 1774 "https://sgcakesandsurprises.shop/our-service/" "Mozilla/5.0 (Windows NT 10.0; Win64; x64) AppleWebKit/537.36 (KHTML, like Gecko) Chrome/150.0.0.0 Safari/537.36"
105.113.65.234 - - [21/Jul/2026:11:10:45 +0000] "GET /wp-content/uploads/elementor/css/local-311-frontend-desktop.css?ver=6a5d0cad5b774 HTTP/1.1" 200 2645 "https://sgcakesandsurprises.shop/our-service/" "Mozilla/5.0 (Windows NT 10.0; Win64; x64) AppleWebKit/537.36 (KHTML, like Gecko) Chrome/150.0.0.0 Safari/537.36"
105.113.65.234 - - [21/Jul/2026:11:10:45 +0000] "GET /wp-includes/js/jquery/jquery-migrate.min.js?ver=3.4.1 HTTP/1.1" 200 13577 "https://sgcakesandsurprises.shop/our-service/" "Mozilla/5.0 (Windows NT 10.0; Win64; x64) AppleWebKit/537.36 (KHTML, like Gecko) Chrome/150.0.0.0 Safari/537.36"
105.113.65.234 - - [21/Jul/2026:11:10:46 +0000] "GET /wp-content/uploads/2026/07/WhatsApp-Image-2026-07-15-at-11.54.56-AM-1.jpeg HTTP/1.1" 200 110478 "https://sgcakesandsurprises.shop/our-service/" "Mozilla/5.0 (Windows NT 10.0; Win64; x64) AppleWebKit/537.36 (KHTML, like Gecko) Chrome/150.0.0.0 Safari/537.36"
105.113.65.234 - - [21/Jul/2026:11:10:45 +0000] "GET /wp-includes/js/jquery/jquery.min.js?ver=3.7.1 HTTP/1.1" 200 87553 "https://sgcakesandsurprises.shop/our-service/" "Mozilla/5.0 (Windows NT 10.0; Win64; x64) AppleWebKit/537.36 (KHTML, like Gecko) Chrome/150.0.0.0 Safari/537.36"
105.113.65.234 - - [21/Jul/2026:11:10:46 +0000] "GET /wp-content/uploads/2026/07/WhatsApp-Image-2026-07-15-at-11.55.09-AM.jpeg HTTP/1.1" 200 118637 "https://sgcakesandsurprises.shop/our-service/" "Mozilla/5.0 (Windows NT 10.0; Win64; x64) AppleWebKit/537.36 (KHTML, like Gecko) Chrome/150.0.0.0 Safari/537.36"
105.113.65.234 - - [21/Jul/2026:11:10:46 +0000] "GET /wp-content/uploads/2026/07/WhatsApp-Image-2026-07-18-at-11.52.21-AM.jpeg HTTP/1.1" 200 173400 "https://sgcakesandsurprises.shop/our-service/" "Mozilla/5.0 (Windows NT 10.0; Win64; x64) AppleWebKit/537.36 (KHTML, like Gecko) Chrome/150.0.0.0 Safari/537.36"
105.113.65.234 - - [21/Jul/2026:11:10:47 +0000] "GET /wp-content/plugins/elementor/assets/js/frontend.min.js?ver=4.1.5 HTTP/1.1" 200 32098 "https://sgcakesandsurprises.shop/our-service/" "Mozilla/5.0 (Windows NT 10.0; Win64; x64) AppleWebKit/537.36 (KHTML, like Gecko) Chrome/150.0.0.0 Safari/537.36"
105.113.65.234 - - [21/Jul/2026:11:10:47 +0000] "GET /wp-content/plugins/elementor/assets/js/frontend-modules.min.js?ver=4.1.5 HTTP/1.1" 200 50602 "https://sgcakesandsurprises.shop/our-service/" "Mozilla/5.0 (Windows NT 10.0; Win64; x64) AppleWebKit/537.36 (KHTML, like Gecko) Chrome/150.0.0.0 Safari/537.36"
105.113.65.234 - - [21/Jul/2026:11:10:47 +0000] "GET /wp-includes/js/jquery/ui/core.min.js?ver=1.13.3 HTTP/1.1" 200 21464 "https://sgcakesandsurprises.shop/our-service/" "Mozilla/5.0 (Windows NT 10.0; Win64; x64) AppleWebKit/537.36 (KHTML, like Gecko) Chrome/150.0.0.0 Safari/537.36"
105.113.65.234 - - [21/Jul/2026:11:10:47 +0000] "GET /wp-content/plugins/elementor/assets/js/webpack.runtime.min.js?ver=4.1.5 HTTP/1.1" 200 5819 "https://sgcakesandsurprises.shop/our-service/" "Mozilla/5.0 (Windows NT 10.0; Win64; x64) AppleWebKit/537.36 (KHTML, like Gecko) Chrome/150.0.0.0 Safari/537.36"
105.113.65.234 - - [21/Jul/2026:11:10:47 +0000] "GET /wp-content/themes/twentytwentyfour/assets/fonts/cardo/cardo_normal_400.woff2 HTTP/1.1" 200 146060 "https://sgcakesandsurprises.shop/our-service/" "Mozilla/5.0 (Windows NT 10.0; Win64; x64) AppleWebKit/537.36 (KHTML, like Gecko) Chrome/150.0.0.0 Safari/537.36"
105.113.65.234 - - [21/Jul/2026:11:10:47 +0000] "GET /wp-content/plugins/pixelyoursite/dist/scripts/jquery.bind-first-0.2.3.min.js?ver=0.2.3 HTTP/1.1" 200 1317 "https://sgcakesandsurprises.shop/our-service/" "Mozilla/5.0 (Windows NT 10.0; Win64; x64) AppleWebKit/537.36 (KHTML, like Gecko) Chrome/150.0.0.0 Safari/537.36"
105.113.65.234 - - [21/Jul/2026:11:10:47 +0000] "GET /wp-content/plugins/pixelyoursite/dist/scripts/js.cookie-2.1.3.min.js?ver=2.1.3 HTTP/1.1" 200 1709 "https://sgcakesandsurprises.shop/our-service/" "Mozilla/5.0 (Windows NT 10.0; Win64; x64) AppleWebKit/537.36 (KHTML, like Gecko) Chrome/150.0.0.0 Safari/537.36"
105.113.65.234 - - [21/Jul/2026:11:10:47 +0000] "GET /wp-content/themes/twentytwentyfour/assets/fonts/cardo/cardo_normal_700.woff2 HTTP/1.1" 200 132564 "https://sgcakesandsurprises.shop/our-service/" "Mozilla/5.0 (Windows NT 10.0; Win64; x64) AppleWebKit/537.36 (KHTML, like Gecko) Chrome/150.0.0.0 Safari/537.36"
105.113.65.234 - - [21/Jul/2026:11:10:47 +0000] "GET /wp-content/themes/twentytwentyfour/assets/fonts/inter/Inter-VariableFont_slnt,wght.woff2 HTTP/1.1" 200 326628 "https://sgcakesandsurprises.shop/our-service/" "Mozilla/5.0 (Windows NT 10.0; Win64; x64) AppleWebKit/537.36 (KHTML, like Gecko) Chrome/150.0.0.0 Safari/537.36"
105.113.65.234 - - [21/Jul/2026:11:10:47 +0000] "GET /wp-content/plugins/pixelyoursite/dist/scripts/tld.min.js?ver=2.3.1 HTTP/1.1" 200 141079 "https://sgcakesandsurprises.shop/our-service/" "Mozilla/5.0 (Windows NT 10.0; Win64; x64) AppleWebKit/537.36 (KHTML, like Gecko) Chrome/150.0.0.0 Safari/537.36"
105.113.65.234 - - [21/Jul/2026:11:10:48 +0000] "GET /wp-content/uploads/2026/07/WhatsApp-Image-2026-07-15-at-11.55.38-AM.jpeg HTTP/1.1" 200 176297 "https://sgcakesandsurprises.shop/our-service/" "Mozilla/5.0 (Windows NT 10.0; Win64; x64) AppleWebKit/537.36 (KHTML, like Gecko) Chrome/150.0.0.0 Safari/537.36"
105.113.65.234 - - [21/Jul/2026:11:10:48 +0000] "GET /wp-content/uploads/2026/07/IMG-20260715-WA0006-Copy-1.jpg HTTP/1.1" 200 158516 "https://sgcakesandsurprises.shop/our-service/" "Mozilla/5.0 (Windows NT 10.0; Win64; x64) AppleWebKit/537.36 (KHTML, like Gecko) Chrome/150.0.0.0 Safari/537.36"
105.113.65.234 - - [21/Jul/2026:11:10:47 +0000] "GET /wp-content/plugins/pixelyoursite/dist/scripts/public.js?ver=11.2.1 HTTP/1.1" 200 172979 "https://sgcakesandsurprises.shop/our-service/" "Mozilla/5.0 (Windows NT 10.0; Win64; x64) AppleWebKit/537.36 (KHTML, like Gecko) Chrome/150.0.0.0 Safari/537.36"
105.113.65.234 - - [21/Jul/2026:11:10:47 +0000] "GET /wp-content/uploads/2026/07/WhatsApp-Image-2026-07-15-at-11.53.58-AM-1.jpeg HTTP/1.1" 200 279942 "https://sgcakesandsurprises.shop/our-service/" "Mozilla/5.0 (Windows NT 10.0; Win64; x64) AppleWebKit/537.36 (KHTML, like Gecko) Chrome/150.0.0.0 Safari/537.36"
105.113.65.234 - - [21/Jul/2026:11:10:48 +0000] "GET /wp-content/uploads/elementor/css/local-311-frontend-mobile.css?ver=6a5d0cad5b774 HTTP/1.1" 200 1770 "https://sgcakesandsurprises.shop/our-service/" "Mozilla/5.0 (Windows NT 10.0; Win64; x64) AppleWebKit/537.36 (KHTML, like Gecko) Chrome/150.0.0.0 Safari/537.36"
105.113.65.234 - - [21/Jul/2026:11:10:49 +0000] "GET /wp-content/plugins/elementor/assets/js/text-editor.45609661e409413f1cef.bundle.min.js HTTP/1.1" 200 1348 "https://sgcakesandsurprises.shop/our-service/" "Mozilla/5.0 (Windows NT 10.0; Win64; x64) AppleWebKit/537.36 (KHTML, like Gecko) Chrome/150.0.0.0 Safari/537.36"
105.113.65.234 - - [21/Jul/2026:11:10:49 +0000] "GET /wp-includes/js/wp-emoji-release.min.js?ver=7.0.2 HTTP/1.1" 200 22752 "https://sgcakesandsurprises.shop/our-service/" "Mozilla/5.0 (Windows NT 10.0; Win64; x64) AppleWebKit/537.36 (KHTML, like Gecko) Chrome/150.0.0.0 Safari/537.36"
105.113.65.234 - - [21/Jul/2026:11:10:48 +0000] "GET /wp-admin/admin-ajax.php?action=pys_get_pbid HTTP/1.1" 200 1 "https://sgcakesandsurprises.shop/our-service/" "Mozilla/5.0 (Windows NT 10.0; Win64; x64) AppleWebKit/537.36 (KHTML, like Gecko) Chrome/150.0.0.0 Safari/537.36"
198.177.124.148 - - [21/Jul/2026:11:10:53 +0000] "POST /wp-cron.php?doing_wp_cron=1784632253.0430200099945068359375 HTTP/1.1" 200 - "-" "WordPress/7.0.2; https://sgcakesandsurprises.shop"
105.113.65.234 - - [21/Jul/2026:11:10:48 +0000] "POST /wp-json/pys-facebook/v1/event HTTP/1.1" 200 16 "https://sgcakesandsurprises.shop/our-service/" "Mozilla/5.0 (Windows NT 10.0; Win64; x64) AppleWebKit/537.36 (KHTML, like Gecko) Chrome/150.0.0.0 Safari/537.36"
102.89.23.236 - - [21/Jul/2026:11:10:47 +0000] "GET /wp-admin/options-general.php HTTP/1.1" 200 386004 "https://sgcakesandsurprises.shop/wp-admin/" "Mozilla/5.0 (Windows NT 10.0; Win64; x64) AppleWebKit/537.36 (KHTML, like Gecko) Chrome/150.0.0.0 Safari/537.36"
105.113.65.234 - - [21/Jul/2026:11:10:53 +0000] "GET /wp-content/uploads/2026/07/WhatsApp-Image-2026-07-15-at-11.53.49-AM.jpeg HTTP/1.1" 200 223730 "https://sgcakesandsurprises.shop/our-service/" "Mozilla/5.0 (Windows NT 10.0; Win64; x64) AppleWebKit/537.36 (KHTML, like Gecko) Chrome/150.0.0.0 Safari/537.36"
105.113.65.234 - - [21/Jul/2026:11:10:53 +0000] "GET /wp-content/uploads/2026/07/WhatsApp-Image-2026-07-18-at-11.52.28-AM-1.jpeg HTTP/1.1" 200 116346 "https://sgcakesandsurprises.shop/our-service/" "Mozilla/5.0 (Windows NT 10.0; Win64; x64) AppleWebKit/537.36 (KHTML, like Gecko) Chrome/150.0.0.0 Safari/537.36"
105.113.65.234 - - [21/Jul/2026:11:10:53 +0000] "GET /wp-content/uploads/2026/07/WhatsApp-Image-2026-07-18-at-11.52.30-AM.jpeg HTTP/1.1" 200 102441 "https://sgcakesandsurprises.shop/our-service/" "Mozilla/5.0 (Windows NT 10.0; Win64; x64) AppleWebKit/537.36 (KHTML, like Gecko) Chrome/150.0.0.0 Safari/537.36"
105.113.65.234 - - [21/Jul/2026:11:10:52 +0000] "GET /wp-content/uploads/2026/07/cropped-IMG-20260715-WA0026-Copy-32x32.jpg HTTP/1.1" 404 84791 "https://sgcakesandsurprises.shop/our-service/" "Mozilla/5.0 (Windows NT 10.0; Win64; x64) AppleWebKit/537.36 (KHTML, like Gecko) Chrome/150.0.0.0 Safari/537.36"
105.113.65.234 - - [21/Jul/2026:11:10:55 +0000] "GET /wp-content/uploads/2026/07/IMG-20260715-WA0029-Copy.jpg HTTP/1.1" 200 146008 "https://sgcakesandsurprises.shop/our-service/" "Mozilla/5.0 (Windows NT 10.0; Win64; x64) AppleWebKit/537.36 (KHTML, like Gecko) Chrome/150.0.0.0 Safari/537.36"
105.113.65.234 - - [21/Jul/2026:11:10:55 +0000] "GET /wp-content/uploads/2026/07/WhatsApp-Image-2026-07-18-at-11.52.20-AM.jpeg HTTP/1.1" 200 116108 "https://sgcakesandsurprises.shop/our-service/" "Mozilla/5.0 (Windows NT 10.0; Win64; x64) AppleWebKit/537.36 (KHTML, like Gecko) Chrome/150.0.0.0 Safari/537.36"
102.89.23.236 - - [21/Jul/2026:11:10:53 +0000] "GET /wp-content/uploads/2026/07/cropped-IMG-20260715-WA0026-Copy.jpg HTTP/1.1" 404 248592 "https://sgcakesandsurprises.shop/wp-admin/options-general.php" "Mozilla/5.0 (Windows NT 10.0; Win64; x64) AppleWebKit/537.36 (KHTML, like Gecko) Chrome/150.0.0.0 Safari/537.36"
105.113.65.234 - - [21/Jul/2026:11:10:57 +0000] "GET /wp-content/uploads/2026/07/WhatsApp-Image-2026-07-15-at-11.55.36-AM-1.jpeg HTTP/1.1" 200 172619 "https://sgcakesandsurprises.shop/our-service/" "Mozilla/5.0 (Windows NT 10.0; Win64; x64) AppleWebKit/537.36 (KHTML, like Gecko) Chrome/150.0.0.0 Safari/537.36"
105.113.65.234 - - [21/Jul/2026:11:10:57 +0000] "GET /wp-content/uploads/2026/07/WhatsApp-Image-2026-07-18-at-11.52.23-AM.jpeg HTTP/1.1" 200 154362 "https://sgcakesandsurprises.shop/our-service/" "Mozilla/5.0 (Windows NT 10.0; Win64; x64) AppleWebKit/537.36 (KHTML, like Gecko) Chrome/150.0.0.0 Safari/537.36"
105.113.65.234 - - [21/Jul/2026:11:10:56 +0000] "GET /wp-content/uploads/2026/07/IMG-20260715-WA0030.jpg HTTP/1.1" 200 203967 "https://sgcakesandsurprises.shop/our-service/" "Mozilla/5.0 (Windows NT 10.0; Win64; x64) AppleWebKit/537.36 (KHTML, like Gecko) Chrome/150.0.0.0 Safari/537.36"
105.113.65.234 - - [21/Jul/2026:11:10:57 +0000] "GET /wp-content/uploads/2026/07/WhatsApp-Image-2026-07-15-at-11.48.30-AM.jpeg HTTP/1.1" 200 295141 "https://sgcakesandsurprises.shop/our-service/" "Mozilla/5.0 (Windows NT 10.0; Win64; x64) AppleWebKit/537.36 (KHTML, like Gecko) Chrome/150.0.0.0 Safari/537.36"
105.113.65.234 - - [21/Jul/2026:11:10:56 +0000] "GET /wp-content/uploads/2026/07/cropped-IMG-20260715-WA0026-Copy-192x192.jpg HTTP/1.1" 404 84795 "https://sgcakesandsurprises.shop/our-service/" "Mozilla/5.0 (Windows NT 10.0; Win64; x64) AppleWebKit/537.36 (KHTML, like Gecko) Chrome/150.0.0.0 Safari/537.36"
105.113.65.234 - - [21/Jul/2026:11:10:58 +0000] "GET /wp-content/uploads/2026/07/IMG-20260715-WA0021.jpg HTTP/1.1" 200 177767 "https://sgcakesandsurprises.shop/our-service/" "Mozilla/5.0 (Windows NT 10.0; Win64; x64) AppleWebKit/537.36 (KHTML, like Gecko) Chrome/150.0.0.0 Safari/537.36"
105.113.65.234 - - [21/Jul/2026:11:10:58 +0000] "GET /wp-content/uploads/2026/07/WhatsApp-Image-2026-07-15-at-11.55.36-AM.jpeg HTTP/1.1" 200 188237 "https://sgcakesandsurprises.shop/our-service/" "Mozilla/5.0 (Windows NT 10.0; Win64; x64) AppleWebKit/537.36 (KHTML, like Gecko) Chrome/150.0.0.0 Safari/537.36"
105.113.65.234 - - [21/Jul/2026:11:10:58 +0000] "GET /wp-content/uploads/2026/07/WhatsApp-Image-2026-07-18-at-11.52.28-AM.jpeg HTTP/1.1" 200 114988 "https://sgcakesandsurprises.shop/our-service/" "Mozilla/5.0 (Windows NT 10.0; Win64; x64) AppleWebKit/537.36 (KHTML, like Gecko) Chrome/150.0.0.0 Safari/537.36"
105.113.65.234 - - [21/Jul/2026:11:10:58 +0000] "GET /wp-content/uploads/2026/07/IMG_1286.JPG-scaled.jpeg HTTP/1.1" 200 515419 "https://sgcakesandsurprises.shop/our-service/" "Mozilla/5.0 (Windows NT 10.0; Win64; x64) AppleWebKit/537.36 (KHTML, like Gecko) Chrome/150.0.0.0 Safari/537.36"
105.113.65.234 - - [21/Jul/2026:11:10:58 +0000] "GET /wp-content/uploads/2026/07/IMG_1298.JPG-scaled.jpeg HTTP/1.1" 200 537860 "https://sgcakesandsurprises.shop/our-service/" "Mozilla/5.0 (Windows NT 10.0; Win64; x64) AppleWebKit/537.36 (KHTML, like Gecko) Chrome/150.0.0.0 Safari/537.36"
105.113.65.234 - - [21/Jul/2026:11:10:58 +0000] "GET /wp-content/uploads/2026/07/IMG_1270.JPG.jpeg HTTP/1.1" 200 137059 "https://sgcakesandsurprises.shop/our-service/" "Mozilla/5.0 (Windows NT 10.0; Win64; x64) AppleWebKit/537.36 (KHTML, like Gecko) Chrome/150.0.0.0 Safari/537.36"
105.113.65.234 - - [21/Jul/2026:11:10:58 +0000] "GET /wp-content/uploads/2026/07/IMG-20260715-WA0012-Copy.jpg HTTP/1.1" 200 194471 "https://sgcakesandsurprises.shop/our-service/" "Mozilla/5.0 (Windows NT 10.0; Win64; x64) AppleWebKit/537.36 (KHTML, like Gecko) Chrome/150.0.0.0 Safari/537.36"
105.113.65.234 - - [21/Jul/2026:11:10:59 +0000] "GET /wp-content/uploads/2026/07/IMG-20260715-WA0015.jpg HTTP/1.1" 200 140623 "https://sgcakesandsurprises.shop/our-service/" "Mozilla/5.0 (Windows NT 10.0; Win64; x64) AppleWebKit/537.36 (KHTML, like Gecko) Chrome/150.0.0.0 Safari/537.36"
105.113.65.234 - - [21/Jul/2026:11:10:59 +0000] "GET /wp-content/uploads/2026/07/IMG-20260715-WA0033.jpg HTTP/1.1" 200 144207 "https://sgcakesandsurprises.shop/our-service/" "Mozilla/5.0 (Windows NT 10.0; Win64; x64) AppleWebKit/537.36 (KHTML, like Gecko) Chrome/150.0.0.0 Safari/537.36"
105.113.65.234 - - [21/Jul/2026:11:10:59 +0000] "GET /wp-content/uploads/2026/07/IMG-20260715-WA0008-Copy-Copy.jpg HTTP/1.1" 200 214023 "https://sgcakesandsurprises.shop/our-service/" "Mozilla/5.0 (Windows NT 10.0; Win64; x64) AppleWebKit/537.36 (KHTML, like Gecko) Chrome/150.0.0.0 Safari/537.36"
105.113.65.234 - - [21/Jul/2026:11:10:59 +0000] "GET /wp-content/uploads/2026/07/IMG-20260715-WA0007-Copy.jpg HTTP/1.1" 200 121579 "https://sgcakesandsurprises.shop/our-service/" "Mozilla/5.0 (Windows NT 10.0; Win64; x64) AppleWebKit/537.36 (KHTML, like Gecko) Chrome/150.0.0.0 Safari/537.36"
105.113.65.234 - - [21/Jul/2026:11:10:59 +0000] "GET /wp-content/uploads/2026/07/IMG_1022.JPG.jpeg HTTP/1.1" 200 828014 "https://sgcakesandsurprises.shop/our-service/" "Mozilla/5.0 (Windows NT 10.0; Win64; x64) AppleWebKit/537.36 (KHTML, like Gecko) Chrome/150.0.0.0 Safari/537.36"
105.113.65.234 - - [21/Jul/2026:11:11:00 +0000] "GET /wp-content/uploads/2026/07/WhatsApp-Image-2026-07-18-at-11.52.08-AM.jpeg HTTP/1.1" 200 139577 "https://sgcakesandsurprises.shop/our-service/" "Mozilla/5.0 (Windows NT 10.0; Win64; x64) AppleWebKit/537.36 (KHTML, like Gecko) Chrome/150.0.0.0 Safari/537.36"
105.113.65.234 - - [21/Jul/2026:11:11:00 +0000] "GET /wp-content/uploads/2026/07/WhatsApp-Image-2026-07-15-at-11.55.19-AM.jpeg HTTP/1.1" 200 169973 "https://sgcakesandsurprises.shop/our-service/" "Mozilla/5.0 (Windows NT 10.0; Win64; x64) AppleWebKit/537.36 (KHTML, like Gecko) Chrome/150.0.0.0 Safari/537.36"
105.113.65.234 - - [21/Jul/2026:11:11:00 +0000] "GET /wp-content/uploads/2026/07/IMG_1002.JPG-scaled.jpeg HTTP/1.1" 200 442630 "https://sgcakesandsurprises.shop/our-service/" "Mozilla/5.0 (Windows NT 10.0; Win64; x64) AppleWebKit/537.36 (KHTML, like Gecko) Chrome/150.0.0.0 Safari/537.36"
198.177.124.148 - - [21/Jul/2026:11:11:58 +0000] "POST /wp-cron.php?doing_wp_cron=1784632318.5622220039367675781250 HTTP/1.1" 200 - "-" "WordPress/7.0.2; https://sgcakesandsurprises.shop"
102.89.23.236 - - [21/Jul/2026:11:11:56 +0000] "POST /wp-admin/admin-ajax.php HTTP/1.1" 200 47 "https://sgcakesandsurprises.shop/wp-admin/options-general.php" "Mozilla/5.0 (Windows NT 10.0; Win64; x64) AppleWebKit/537.36 (KHTML, like Gecko) Chrome/150.0.0.0 Safari/537.36"
198.177.124.148 - - [21/Jul/2026:11:12:21 +0000] "POST /wp-cron.php?doing_wp_cron=1784632341.7333140373229980468750 HTTP/1.1" 200 - "-" "WordPress/7.0.2; https://sgcakesandsurprises.shop"
102.89.23.236 - - [21/Jul/2026:11:12:19 +0000] "POST /wp-admin/admin-ajax.php HTTP/1.1" 200 77 "https://sgcakesandsurprises.shop/wp-admin/post.php?post=337&action=elementor" "Mozilla/5.0 (Windows NT 10.0; Win64; x64) AppleWebKit/537.36 (KHTML, like Gecko) Chrome/150.0.0.0 Safari/537.36"
198.177.124.148 - - [21/Jul/2026:11:13:59 +0000] "POST /wp-cron.php?doing_wp_cron=1784632439.8895421028137207031250 HTTP/1.1" 200 - "-" "WordPress/7.0.2; https://sgcakesandsurprises.shop"
102.89.23.236 - - [21/Jul/2026:11:13:57 +0000] "POST /wp-admin/admin-ajax.php HTTP/1.1" 200 47 "https://sgcakesandsurprises.shop/wp-admin/options-general.php" "Mozilla/5.0 (Windows NT 10.0; Win64; x64) AppleWebKit/537.36 (KHTML, like Gecko) Chrome/150.0.0.0 Safari/537.36"
102.89.23.236 - - [21/Jul/2026:11:14:19 +0000] "POST /wp-admin/admin-ajax.php HTTP/1.1" 200 77 "https://sgcakesandsurprises.shop/wp-admin/post.php?post=337&action=elementor" "Mozilla/5.0 (Windows NT 10.0; Win64; x64) AppleWebKit/537.36 (KHTML, like Gecko) Chrome/150.0.0.0 Safari/537.36"
198.177.124.148 - - [21/Jul/2026:11:14:54 +0000] "POST /wp-cron.php?doing_wp_cron=1784632494.4769079685211181640625 HTTP/1.1" 200 - "-" "WordPress/7.0.2; https://sgcakesandsurprises.shop"
102.89.23.236 - - [21/Jul/2026:11:14:49 +0000] "GET /wp-admin/post.php?post=334&action=elementor HTTP/1.1" 200 2290653 "https://sgcakesandsurprises.shop/?elementor_library=cakejar" "Mozilla/5.0 (Windows NT 10.0; Win64; x64) AppleWebKit/537.36 (KHTML, like Gecko) Chrome/150.0.0.0 Safari/537.36"
102.89.23.236 - - [21/Jul/2026:11:14:54 +0000] "GET /wp-json/elementor/v1/variables/list HTTP/1.1" 200 64 "https://sgcakesandsurprises.shop/wp-admin/post.php?post=334&action=elementor" "Mozilla/5.0 (Windows NT 10.0; Win64; x64) AppleWebKit/537.36 (KHTML, like Gecko) Chrome/150.0.0.0 Safari/537.36"
102.89.23.236 - - [21/Jul/2026:11:14:56 +0000] "POST /wp-admin/admin-ajax.php HTTP/1.1" 200 77 "https://sgcakesandsurprises.shop/wp-admin/post.php?post=334&action=elementor" "Mozilla/5.0 (Windows NT 10.0; Win64; x64) AppleWebKit/537.36 (KHTML, like Gecko) Chrome/150.0.0.0 Safari/537.36"
102.89.23.236 - - [21/Jul/2026:11:14:55 +0000] "GET /?elementor_library=cakejar&elementor-preview=334&ver=1784632491 HTTP/1.1" 200 207327 "https://sgcakesandsurprises.shop/wp-admin/post.php?post=334&action=elementor" "Mozilla/5.0 (Windows NT 10.0; Win64; x64) AppleWebKit/537.36 (KHTML, like Gecko) Chrome/150.0.0.0 Safari/537.36"
102.89.23.236 - - [21/Jul/2026:11:14:56 +0000] "GET /wp-json/elementor/v1/checklist/user-progress HTTP/1.1" 200 534 "https://sgcakesandsurprises.shop/wp-admin/post.php?post=334&action=elementor" "Mozilla/5.0 (Windows NT 10.0; Win64; x64) AppleWebKit/537.36 (KHTML, like Gecko) Chrome/150.0.0.0 Safari/537.36"
102.89.23.236 - - [21/Jul/2026:11:14:56 +0000] "GET /wp-json/elementor/v1/site-navigation/recent-posts?posts_per_page=6&_locale=user HTTP/1.1" 200 1464 "https://sgcakesandsurprises.shop/wp-admin/post.php?post=334&action=elementor" "Mozilla/5.0 (Windows NT 10.0; Win64; x64) AppleWebKit/537.36 (KHTML, like Gecko) Chrome/150.0.0.0 Safari/537.36"
102.89.23.236 - - [21/Jul/2026:11:14:57 +0000] "GET /wp-json/elementor/v1/global-classes?context=preview HTTP/1.1" 200 21 "https://sgcakesandsurprises.shop/wp-admin/post.php?post=334&action=elementor" "Mozilla/5.0 (Windows NT 10.0; Win64; x64) AppleWebKit/537.36 (KHTML, like Gecko) Chrome/150.0.0.0 Safari/537.36"
102.89.23.236 - - [21/Jul/2026:11:14:56 +0000] "GET /wp-json/elementor/v1/global-classes/usage HTTP/1.1" 200 21 "https://sgcakesandsurprises.shop/wp-admin/post.php?post=334&action=elementor" "Mozilla/5.0 (Windows NT 10.0; Win64; x64) AppleWebKit/537.36 (KHTML, like Gecko) Chrome/150.0.0.0 Safari/537.36"
102.89.23.236 - - [21/Jul/2026:11:15:00 +0000] "GET /wp-content/uploads/elementor/css/local-334-preview-desktop.css?ver=6a5f54b3817c4 HTTP/1.1" 200 962 "https://sgcakesandsurprises.shop/?elementor_library=cakejar&elementor-preview=334&ver=1784632491" "Mozilla/5.0 (Windows NT 10.0; Win64; x64) AppleWebKit/537.36 (KHTML, like Gecko) Chrome/150.0.0.0 Safari/537.36"
102.89.23.236 - - [21/Jul/2026:11:15:00 +0000] "GET /wp-content/uploads/elementor/css/local-334-preview-mobile.css?ver=6a5f54b3817c4 HTTP/1.1" 200 271 "https://sgcakesandsurprises.shop/?elementor_library=cakejar&elementor-preview=334&ver=1784632491" "Mozilla/5.0 (Windows NT 10.0; Win64; x64) AppleWebKit/537.36 (KHTML, like Gecko) Chrome/150.0.0.0 Safari/537.36"
102.89.23.236 - - [21/Jul/2026:11:14:59 +0000] "GET /wp-json/elementor/v1/global-classes?context=frontend HTTP/1.1" 200 21 "https://sgcakesandsurprises.shop/wp-admin/post.php?post=334&action=elementor" "Mozilla/5.0 (Windows NT 10.0; Win64; x64) AppleWebKit/537.36 (KHTML, like Gecko) Chrome/150.0.0.0 Safari/537.36"
102.89.23.236 - - [21/Jul/2026:11:15:00 +0000] "GET /wp-json/elementor/v1/components HTTP/1.1" 200 21 "https://sgcakesandsurprises.shop/wp-admin/post.php?post=334&action=elementor" "Mozilla/5.0 (Windows NT 10.0; Win64; x64) AppleWebKit/537.36 (KHTML, like Gecko) Chrome/150.0.0.0 Safari/537.36"
102.89.23.236 - - [21/Jul/2026:11:15:00 +0000] "GET /wp-json/elementor/v1/kit-elements-defaults HTTP/1.1" 200 2 "https://sgcakesandsurprises.shop/wp-admin/post.php?post=334&action=elementor" "Mozilla/5.0 (Windows NT 10.0; Win64; x64) AppleWebKit/537.36 (KHTML, like Gecko) Chrome/150.0.0.0 Safari/537.36"
102.89.23.236 - - [21/Jul/2026:11:15:01 +0000] "GET /wp-json/elementor/v1/user-data/current-user?context=edit HTTP/1.1" 200 1436 "https://sgcakesandsurprises.shop/wp-admin/post.php?post=334&action=elementor" "Mozilla/5.0 (Windows NT 10.0; Win64; x64) AppleWebKit/537.36 (KHTML, like Gecko) Chrome/150.0.0.0 Safari/537.36"
102.89.23.236 - - [21/Jul/2026:11:15:01 +0000] "POST /wp-json/elementor/v1/design-system-sync/stylesheet HTTP/1.1" 204 - "https://sgcakesandsurprises.shop/wp-admin/post.php?post=334&action=elementor" "Mozilla/5.0 (Windows NT 10.0; Win64; x64) AppleWebKit/537.36 (KHTML, like Gecko) Chrome/150.0.0.0 Safari/537.36"
