102.88.108.30 - - [22/Jul/2026:09:52:40 +0000] "GET /wp-includes/js/dist/token-list.min.js?ver=16f0aebdd39d87c2a84b HTTP/1.1" 200 1658 "https://sgcakesandsurprises.shop/wp-admin/plugins.php" "Mozilla/5.0 (Windows NT 10.0; Win64; x64) AppleWebKit/537.36 (KHTML, like Gecko) Chrome/150.0.0.0 Safari/537.36"
102.88.108.30 - - [22/Jul/2026:09:52:39 +0000] "GET /wp-includes/js/dist/components.min.js?ver=5dedfe13f08880193a28 HTTP/1.1" 200 805148 "https://sgcakesandsurprises.shop/wp-admin/plugins.php" "Mozilla/5.0 (Windows NT 10.0; Win64; x64) AppleWebKit/537.36 (KHTML, like Gecko) Chrome/150.0.0.0 Safari/537.36"
102.88.108.30 - - [22/Jul/2026:09:52:41 +0000] "GET /wp-includes/js/dist/upload-media.min.js?ver=d359c2cccf866d7082d2 HTTP/1.1" 200 23606 "https://sgcakesandsurprises.shop/wp-admin/plugins.php" "Mozilla/5.0 (Windows NT 10.0; Win64; x64) AppleWebKit/537.36 (KHTML, like Gecko) Chrome/150.0.0.0 Safari/537.36"
102.88.108.30 - - [22/Jul/2026:09:52:41 +0000] "GET /wp-includes/js/dist/core-data.min.js?ver=89931f90e4df5eb5f8a3 HTTP/1.1" 200 215516 "https://sgcakesandsurprises.shop/wp-admin/plugins.php" "Mozilla/5.0 (Windows NT 10.0; Win64; x64) AppleWebKit/537.36 (KHTML, like Gecko) Chrome/150.0.0.0 Safari/537.36"
102.88.108.30 - - [22/Jul/2026:09:52:41 +0000] "GET /wp-includes/js/dist/router.min.js?ver=0249e6724784b1c2583b HTTP/1.1" 200 14470 "https://sgcakesandsurprises.shop/wp-admin/plugins.php" "Mozilla/5.0 (Windows NT 10.0; Win64; x64) AppleWebKit/537.36 (KHTML, like Gecko) Chrome/150.0.0.0 Safari/537.36"
102.88.108.30 - - [22/Jul/2026:09:52:41 +0000] "GET /wp-includes/js/dist/core-commands.min.js?ver=b209152e7e51279d7c28 HTTP/1.1" 200 12153 "https://sgcakesandsurprises.shop/wp-admin/plugins.php" "Mozilla/5.0 (Windows NT 10.0; Win64; x64) AppleWebKit/537.36 (KHTML, like Gecko) Chrome/150.0.0.0 Safari/537.36"
102.88.108.30 - - [22/Jul/2026:09:52:41 +0000] "GET /wp-content/plugins/elementor/vendor/elementor/wp-one-package/assets/build/common.js?ver=1f031a48279dd8a7d4bd HTTP/1.1" 200 187 "https://sgcakesandsurprises.shop/wp-admin/plugins.php" "Mozilla/5.0 (Windows NT 10.0; Win64; x64) AppleWebKit/537.36 (KHTML, like Gecko) Chrome/150.0.0.0 Safari/537.36"
102.88.108.30 - - [22/Jul/2026:09:52:41 +0000] "GET /wp-content/plugins/elementor/assets/js/editor-one-menu.min.js?ver=4.1.5 HTTP/1.1" 200 30985 "https://sgcakesandsurprises.shop/wp-admin/plugins.php" "Mozilla/5.0 (Windows NT 10.0; Win64; x64) AppleWebKit/537.36 (KHTML, like Gecko) Chrome/150.0.0.0 Safari/537.36"
102.88.108.30 - - [22/Jul/2026:09:52:42 +0000] "GET /wp-content/plugins/elementor/assets/js/import-export-customization-admin.min.js?ver=4.1.5 HTTP/1.1" 200 38450 "https://sgcakesandsurprises.shop/wp-admin/plugins.php" "Mozilla/5.0 (Windows NT 10.0; Win64; x64) AppleWebKit/537.36 (KHTML, like Gecko) Chrome/150.0.0.0 Safari/537.36"
102.88.108.30 - - [22/Jul/2026:09:52:42 +0000] "GET /wp-content/plugins/elementor/assets/js/import-export-admin.min.js?ver=4.1.5 HTTP/1.1" 200 6529 "https://sgcakesandsurprises.shop/wp-admin/plugins.php" "Mozilla/5.0 (Windows NT 10.0; Win64; x64) AppleWebKit/537.36 (KHTML, like Gecko) Chrome/150.0.0.0 Safari/537.36"
102.88.108.30 - - [22/Jul/2026:09:52:42 +0000] "GET /wp-content/plugins/elementor/assets/js/admin-modules.min.js?ver=4.1.5 HTTP/1.1" 200 15736 "https://sgcakesandsurprises.shop/wp-admin/plugins.php" "Mozilla/5.0 (Windows NT 10.0; Win64; x64) AppleWebKit/537.36 (KHTML, like Gecko) Chrome/150.0.0.0 Safari/537.36"
102.88.108.30 - - [22/Jul/2026:09:52:42 +0000] "GET /wp-content/plugins/elementor/assets/js/admin.min.js?ver=4.1.5 HTTP/1.1" 200 90253 "https://sgcakesandsurprises.shop/wp-admin/plugins.php" "Mozilla/5.0 (Windows NT 10.0; Win64; x64) AppleWebKit/537.36 (KHTML, like Gecko) Chrome/150.0.0.0 Safari/537.36"
102.88.108.30 - - [22/Jul/2026:09:52:42 +0000] "GET /wp-content/plugins/elementor/assets/js/media-hints.min.js?ver=4.1.5 HTTP/1.1" 200 6122 "https://sgcakesandsurprises.shop/wp-admin/plugins.php" "Mozilla/5.0 (Windows NT 10.0; Win64; x64) AppleWebKit/537.36 (KHTML, like Gecko) Chrome/150.0.0.0 Safari/537.36"
102.88.108.30 - - [22/Jul/2026:09:52:42 +0000] "GET /wp-content/plugins/elementor/assets/js/admin-feedback.min.js?ver=4.1.5 HTTP/1.1" 200 1913 "https://sgcakesandsurprises.shop/wp-admin/plugins.php" "Mozilla/5.0 (Windows NT 10.0; Win64; x64) AppleWebKit/537.36 (KHTML, like Gecko) Chrome/150.0.0.0 Safari/537.36"
102.88.108.30 - - [22/Jul/2026:09:52:42 +0000] "GET /wp-content/plugins/elementor/assets/js/packages/schema/schema.min.js?ver=4.1.5 HTTP/1.1" 200 278029 "https://sgcakesandsurprises.shop/wp-admin/plugins.php" "Mozilla/5.0 (Windows NT 10.0; Win64; x64) AppleWebKit/537.36 (KHTML, like Gecko) Chrome/150.0.0.0 Safari/537.36"
102.88.108.30 - - [22/Jul/2026:09:52:43 +0000] "GET /wp-content/plugins/elementor/assets/js/packages/elementor-mcp-common/elementor-mcp-common.min.js?ver=4.1.5 HTTP/1.1" 200 7294 "https://sgcakesandsurprises.shop/wp-admin/plugins.php" "Mozilla/5.0 (Windows NT 10.0; Win64; x64) AppleWebKit/537.36 (KHTML, like Gecko) Chrome/150.0.0.0 Safari/537.36"
102.88.108.30 - - [22/Jul/2026:09:52:43 +0000] "GET /wp-content/plugins/elementor/assets/js/packages/elementor-capabilities-mcp/elementor-capabilities-mcp.min.js?ver=4.1.5 HTTP/1.1" 200 328706 "https://sgcakesandsurprises.shop/wp-admin/plugins.php" "Mozilla/5.0 (Windows NT 10.0; Win64; x64) AppleWebKit/537.36 (KHTML, like Gecko) Chrome/150.0.0.0 Safari/537.36"
102.88.108.30 - - [22/Jul/2026:09:52:43 +0000] "GET /wp-admin/images/spinner.gif HTTP/1.1" 200 3656 "https://sgcakesandsurprises.shop/wp-admin/load-styles.php?c=0&dir=ltr&load%5Bchunk_0%5D=dashicons,admin-bar,wp-pointer,wp-jquery-ui-dialog,common,forms,admin-menu,dashboard,list-tables,edit,revisions,media,themes,abo&load%5Bchunk_1%5D=ut,nav-menus,widgets,site-icon,l10n,wp-base-styles,buttons,wp-auth-check,wp-components,wp-commands&ver=7.0.2" "Mozilla/5.0 (Windows NT 10.0; Win64; x64) AppleWebKit/537.36 (KHTML, like Gecko) Chrome/150.0.0.0 Safari/537.36"
102.88.108.30 - - [22/Jul/2026:09:52:43 +0000] "GET /wp-content/plugins/wordfence/fonts/roboto-KFOmCnqEu92Fr1Mu4mxMKTU1Kg.woff HTTP/1.1" 200 13988 "https://sgcakesandsurprises.shop/wp-content/plugins/wordfence/css/wf-roboto-font.1778685035.css?ver=8.2.2" "Mozilla/5.0 (Windows NT 10.0; Win64; x64) AppleWebKit/537.36 (KHTML, like Gecko) Chrome/150.0.0.0 Safari/537.36"
102.88.108.30 - - [22/Jul/2026:09:52:41 +0000] "GET /wp-includes/js/dist/block-editor.min.js?ver=f3d941bcb2e86c269881 HTTP/1.1" 200 1056002 "https://sgcakesandsurprises.shop/wp-admin/plugins.php" "Mozilla/5.0 (Windows NT 10.0; Win64; x64) AppleWebKit/537.36 (KHTML, like Gecko) Chrome/150.0.0.0 Safari/537.36"
102.88.108.30 - - [22/Jul/2026:09:52:42 +0000] "GET /wp-content/plugins/elementor/assets/js/packages/editor-mcp/editor-mcp.min.js?ver=4.1.5 HTTP/1.1" 200 462702 "https://sgcakesandsurprises.shop/wp-admin/plugins.php" "Mozilla/5.0 (Windows NT 10.0; Win64; x64) AppleWebKit/537.36 (KHTML, like Gecko) Chrome/150.0.0.0 Safari/537.36"
102.88.108.30 - - [22/Jul/2026:09:52:46 +0000] "GET /wp-includes/js/thickbox/loadingAnimation.gif HTTP/1.1" 200 15238 "https://sgcakesandsurprises.shop/wp-admin/plugins.php" "Mozilla/5.0 (Windows NT 10.0; Win64; x64) AppleWebKit/537.36 (KHTML, like Gecko) Chrome/150.0.0.0 Safari/537.36"
102.88.108.30 - - [22/Jul/2026:09:52:46 +0000] "GET /wp-includes/js/wp-emoji-release.min.js?ver=7.0.2 HTTP/1.1" 200 22752 "https://sgcakesandsurprises.shop/wp-admin/plugins.php" "Mozilla/5.0 (Windows NT 10.0; Win64; x64) AppleWebKit/537.36 (KHTML, like Gecko) Chrome/150.0.0.0 Safari/537.36"
198.177.124.148 - - [22/Jul/2026:09:53:21 +0000] "POST /wp-cron.php?doing_wp_cron=1784714001.3854720592498779296875 HTTP/1.1" 200 - "-" "WordPress/7.0.2; https://sgcakesandsurprises.shop"
102.88.108.30 - - [22/Jul/2026:09:53:17 +0000] "GET /wp-admin/plugin-install.php HTTP/1.1" 404 247817 "https://sgcakesandsurprises.shop/wp-admin/plugins.php" "Mozilla/5.0 (Windows NT 10.0; Win64; x64) AppleWebKit/537.36 (KHTML, like Gecko) Chrome/150.0.0.0 Safari/537.36"
102.88.108.30 - - [22/Jul/2026:09:53:22 +0000] "GET /wp-includes/css/admin-bar.min.css?ver=7.0.2 HTTP/1.1" 200 20781 "https://sgcakesandsurprises.shop/wp-admin/plugin-install.php" "Mozilla/5.0 (Windows NT 10.0; Win64; x64) AppleWebKit/537.36 (KHTML, like Gecko) Chrome/150.0.0.0 Safari/537.36"
102.88.108.30 - - [22/Jul/2026:09:53:22 +0000] "GET /wp-includes/css/dashicons.min.css?ver=7.0.2 HTTP/1.1" 200 59004 "https://sgcakesandsurprises.shop/wp-admin/plugin-install.php" "Mozilla/5.0 (Windows NT 10.0; Win64; x64) AppleWebKit/537.36 (KHTML, like Gecko) Chrome/150.0.0.0 Safari/537.36"
102.88.108.30 - - [22/Jul/2026:09:53:23 +0000] "GET /wp-includes/js/jquery/jquery.min.js?ver=3.7.1 HTTP/1.1" 200 87553 "https://sgcakesandsurprises.shop/wp-admin/plugin-install.php" "Mozilla/5.0 (Windows NT 10.0; Win64; x64) AppleWebKit/537.36 (KHTML, like Gecko) Chrome/150.0.0.0 Safari/537.36"
102.88.108.30 - - [22/Jul/2026:09:53:23 +0000] "GET /wp-includes/js/jquery/jquery-migrate.min.js?ver=3.4.1 HTTP/1.1" 200 13577 "https://sgcakesandsurprises.shop/wp-admin/plugin-install.php" "Mozilla/5.0 (Windows NT 10.0; Win64; x64) AppleWebKit/537.36 (KHTML, like Gecko) Chrome/150.0.0.0 Safari/537.36"
102.88.108.30 - - [22/Jul/2026:09:53:23 +0000] "GET /wp-content/plugins/elementor/assets/lib/dialog/dialog.min.js?ver=4.9.4 HTTP/1.1" 200 11622 "https://sgcakesandsurprises.shop/wp-admin/plugin-install.php" "Mozilla/5.0 (Windows NT 10.0; Win64; x64) AppleWebKit/537.36 (KHTML, like Gecko) Chrome/150.0.0.0 Safari/537.36"
102.88.108.30 - - [22/Jul/2026:09:53:24 +0000] "GET /wp-includes/js/dist/hooks.min.js?ver=7496969728ca0f95732d HTTP/1.1" 200 5050 "https://sgcakesandsurprises.shop/wp-admin/plugin-install.php" "Mozilla/5.0 (Windows NT 10.0; Win64; x64) AppleWebKit/537.36 (KHTML, like Gecko) Chrome/150.0.0.0 Safari/537.36"
102.88.108.30 - - [22/Jul/2026:09:53:24 +0000] "GET /wp-includes/js/dist/script-modules/interactivity/index.min.js?ver=efaa5193bbad9c60ffd1 HTTP/1.1" 200 40106 "https://sgcakesandsurprises.shop/wp-admin/plugin-install.php" "Mozilla/5.0 (Windows NT 10.0; Win64; x64) AppleWebKit/537.36 (KHTML, like Gecko) Chrome/150.0.0.0 Safari/537.36"
102.88.108.30 - - [22/Jul/2026:09:53:24 +0000] "GET /wp-includes/js/dist/script-modules/block-library/navigation/view.min.js?ver=96a846e1d7b789c39ab9 HTTP/1.1" 200 3053 "https://sgcakesandsurprises.shop/wp-admin/plugin-install.php" "Mozilla/5.0 (Windows NT 10.0; Win64; x64) AppleWebKit/537.36 (KHTML, like Gecko) Chrome/150.0.0.0 Safari/537.36"
102.88.108.30 - - [22/Jul/2026:09:53:24 +0000] "GET /wp-content/plugins/pixelyoursite/dist/scripts/jquery.bind-first-0.2.3.min.js?ver=0.2.3 HTTP/1.1" 200 1317 "https://sgcakesandsurprises.shop/wp-admin/plugin-install.php" "Mozilla/5.0 (Windows NT 10.0; Win64; x64) AppleWebKit/537.36 (KHTML, like Gecko) Chrome/150.0.0.0 Safari/537.36"
102.88.108.30 - - [22/Jul/2026:09:53:24 +0000] "GET /wp-content/plugins/pixelyoursite/dist/scripts/js.cookie-2.1.3.min.js?ver=2.1.3 HTTP/1.1" 200 1709 "https://sgcakesandsurprises.shop/wp-admin/plugin-install.php" "Mozilla/5.0 (Windows NT 10.0; Win64; x64) AppleWebKit/537.36 (KHTML, like Gecko) Chrome/150.0.0.0 Safari/537.36"
102.88.108.30 - - [22/Jul/2026:09:53:24 +0000] "GET /wp-content/themes/twentytwentyfour/assets/fonts/cardo/cardo_normal_400.woff2 HTTP/1.1" 200 146060 "https://sgcakesandsurprises.shop/wp-admin/plugin-install.php" "Mozilla/5.0 (Windows NT 10.0; Win64; x64) AppleWebKit/537.36 (KHTML, like Gecko) Chrome/150.0.0.0 Safari/537.36"
102.88.108.30 - - [22/Jul/2026:09:53:24 +0000] "GET /wp-content/plugins/pixelyoursite/dist/scripts/tld.min.js?ver=2.3.1 HTTP/1.1" 200 141079 "https://sgcakesandsurprises.shop/wp-admin/plugin-install.php" "Mozilla/5.0 (Windows NT 10.0; Win64; x64) AppleWebKit/537.36 (KHTML, like Gecko) Chrome/150.0.0.0 Safari/537.36"
102.88.108.30 - - [22/Jul/2026:09:53:24 +0000] "GET /wp-content/plugins/pixelyoursite/dist/scripts/public.js?ver=11.2.1 HTTP/1.1" 200 172979 "https://sgcakesandsurprises.shop/wp-admin/plugin-install.php" "Mozilla/5.0 (Windows NT 10.0; Win64; x64) AppleWebKit/537.36 (KHTML, like Gecko) Chrome/150.0.0.0 Safari/537.36"
102.88.108.30 - - [22/Jul/2026:09:53:24 +0000] "GET /wp-content/themes/twentytwentyfour/assets/fonts/inter/Inter-VariableFont_slnt,wght.woff2 HTTP/1.1" 200 326628 "https://sgcakesandsurprises.shop/wp-admin/plugin-install.php" "Mozilla/5.0 (Windows NT 10.0; Win64; x64) AppleWebKit/537.36 (KHTML, like Gecko) Chrome/150.0.0.0 Safari/537.36"
102.88.108.30 - - [22/Jul/2026:09:53:25 +0000] "GET /wp-admin/admin-ajax.php?action=pys_get_pbid HTTP/1.1" 200 1 "https://sgcakesandsurprises.shop/wp-admin/plugin-install.php" "Mozilla/5.0 (Windows NT 10.0; Win64; x64) AppleWebKit/537.36 (KHTML, like Gecko) Chrome/150.0.0.0 Safari/537.36"
102.88.108.30 - - [22/Jul/2026:09:53:39 +0000] "GET /wp-admin/plugins.php HTTP/1.1" 200 314339 "https://sgcakesandsurprises.shop/wp-admin/" "Mozilla/5.0 (Windows NT 10.0; Win64; x64) AppleWebKit/537.36 (KHTML, like Gecko) Chrome/150.0.0.0 Safari/537.36"
102.88.108.30 - - [22/Jul/2026:09:53:46 +0000] "GET /wp-admin/plugin-install.php HTTP/1.1" 404 247817 "https://sgcakesandsurprises.shop/wp-admin/plugins.php" "Mozilla/5.0 (Windows NT 10.0; Win64; x64) AppleWebKit/537.36 (KHTML, like Gecko) Chrome/150.0.0.0 Safari/537.36"
198.177.124.148 - - [22/Jul/2026:09:53:53 +0000] "POST /wp-cron.php?doing_wp_cron=1784714033.1030459403991699218750 HTTP/1.1" 200 - "-" "WordPress/7.0.2; https://sgcakesandsurprises.shop"
102.88.108.30 - - [22/Jul/2026:09:53:49 +0000] "GET /wp-admin/admin-ajax.php?action=pys_get_pbid HTTP/1.1" 200 1 "https://sgcakesandsurprises.shop/wp-admin/plugin-install.php" "Mozilla/5.0 (Windows NT 10.0; Win64; x64) AppleWebKit/537.36 (KHTML, like Gecko) Chrome/150.0.0.0 Safari/537.36"
102.88.108.30 - - [22/Jul/2026:09:54:01 +0000] "GET /wp-admin/plugins.php HTTP/1.1" 200 314339 "https://sgcakesandsurprises.shop/wp-admin/" "Mozilla/5.0 (Windows NT 10.0; Win64; x64) AppleWebKit/537.36 (KHTML, like Gecko) Chrome/150.0.0.0 Safari/537.36"
198.177.124.148 - - [22/Jul/2026:09:55:09 +0000] "POST /wp-cron.php?doing_wp_cron=1784714109.7141439914703369140625 HTTP/1.1" 200 - "-" "WordPress/7.0.2; https://sgcakesandsurprises.shop"
102.88.108.30 - - [22/Jul/2026:09:55:07 +0000] "POST /wp-admin/admin-ajax.php HTTP/1.1" 200 47 "https://sgcakesandsurprises.shop/wp-admin/plugins.php" "Mozilla/5.0 (Windows NT 10.0; Win64; x64) AppleWebKit/537.36 (KHTML, like Gecko) Chrome/150.0.0.0 Safari/537.36"
102.88.108.30 - - [22/Jul/2026:09:55:27 +0000] "GET /wp-admin/plugin-install.php HTTP/1.1" 404 247817 "https://sgcakesandsurprises.shop/wp-admin/plugins.php" "Mozilla/5.0 (Windows NT 10.0; Win64; x64) AppleWebKit/537.36 (KHTML, like Gecko) Chrome/150.0.0.0 Safari/537.36"
102.88.108.30 - - [22/Jul/2026:09:55:31 +0000] "GET /wp-admin/admin-ajax.php?action=pys_get_pbid HTTP/1.1" 200 1 "https://sgcakesandsurprises.shop/wp-admin/plugin-install.php" "Mozilla/5.0 (Windows NT 10.0; Win64; x64) AppleWebKit/537.36 (KHTML, like Gecko) Chrome/150.0.0.0 Safari/537.36"
198.177.124.148 - - [22/Jul/2026:09:56:00 +0000] "POST /wp-cron.php?doing_wp_cron=1784714160.8317029476165771484375 HTTP/1.1" 200 - "-" "WordPress/7.0.2; https://sgcakesandsurprises.shop"
102.88.108.30 - - [22/Jul/2026:09:55:56 +0000] "GET /wp-admin/plugins.php HTTP/1.1" 200 314339 "https://sgcakesandsurprises.shop/wp-admin/" "Mozilla/5.0 (Windows NT 10.0; Win64; x64) AppleWebKit/537.36 (KHTML, like Gecko) Chrome/150.0.0.0 Safari/537.36"
216.73.163.63 - - [22/Jul/2026:09:56:00 +0000] "POST /wp-login.php HTTP/1.1" 503 18955 "-" "Mozilla/5.0 (Windows NT 6.1; Win64; x64; rv:2.0b11pre) Gecko/20110129 Firefox/4.0b11pre"
198.177.124.148 - - [22/Jul/2026:09:56:14 +0000] "POST /wp-cron.php?doing_wp_cron=1784714174.6204929351806640625000 HTTP/1.1" 200 - "-" "WordPress/7.0.2; https://sgcakesandsurprises.shop"
102.88.108.30 - - [22/Jul/2026:09:56:12 +0000] "GET /wp-admin/plugin-install.php HTTP/1.1" 404 247817 "https://sgcakesandsurprises.shop/wp-admin/plugins.php" "Mozilla/5.0 (Windows NT 10.0; Win64; x64) AppleWebKit/537.36 (KHTML, like Gecko) Chrome/150.0.0.0 Safari/537.36"
102.88.108.30 - - [22/Jul/2026:09:56:16 +0000] "GET /wp-admin/admin-ajax.php?action=pys_get_pbid HTTP/1.1" 200 1 "https://sgcakesandsurprises.shop/wp-admin/plugin-install.php" "Mozilla/5.0 (Windows NT 10.0; Win64; x64) AppleWebKit/537.36 (KHTML, like Gecko) Chrome/150.0.0.0 Safari/537.36"
102.88.108.30 - - [22/Jul/2026:09:56:21 +0000] "GET /wp-admin/plugins.php HTTP/1.1" 200 314339 "https://sgcakesandsurprises.shop/wp-admin/" "Mozilla/5.0 (Windows NT 10.0; Win64; x64) AppleWebKit/537.36 (KHTML, like Gecko) Chrome/150.0.0.0 Safari/537.36"
102.88.108.30 - - [22/Jul/2026:09:57:28 +0000] "POST /wp-admin/admin-ajax.php HTTP/1.1" 200 725 "https://sgcakesandsurprises.shop/wp-admin/plugins.php" "Mozilla/5.0 (Windows NT 10.0; Win64; x64) AppleWebKit/537.36 (KHTML, like Gecko) Chrome/150.0.0.0 Safari/537.36"
198.177.124.148 - - [22/Jul/2026:09:58:30 +0000] "POST /wp-cron.php?doing_wp_cron=1784714310.1056261062622070312500 HTTP/1.1" 200 - "-" "WordPress/7.0.2; https://sgcakesandsurprises.shop"
102.88.108.30 - - [22/Jul/2026:09:58:27 +0000] "POST /wp-admin/admin-ajax.php HTTP/1.1" 200 47 "https://sgcakesandsurprises.shop/wp-admin/plugins.php" "Mozilla/5.0 (Windows NT 10.0; Win64; x64) AppleWebKit/537.36 (KHTML, like Gecko) Chrome/150.0.0.0 Safari/537.36"
198.177.124.148 - - [22/Jul/2026:09:59:31 +0000] "POST /wp-cron.php?doing_wp_cron=1784714371.4853339195251464843750 HTTP/1.1" 200 - "-" "WordPress/7.0.2; https://sgcakesandsurprises.shop"
102.88.108.30 - - [22/Jul/2026:09:59:29 +0000] "POST /wp-admin/admin-ajax.php HTTP/1.1" 200 47 "https://sgcakesandsurprises.shop/wp-admin/plugins.php" "Mozilla/5.0 (Windows NT 10.0; Win64; x64) AppleWebKit/537.36 (KHTML, like Gecko) Chrome/150.0.0.0 Safari/537.36"
198.177.124.148 - - [22/Jul/2026:10:00:09 +0000] "POST /wp-cron.php?doing_wp_cron=1784714409.3206539154052734375000 HTTP/1.1" 200 - "-" "WordPress/7.0.2; https://sgcakesandsurprises.shop"
102.88.108.30 - - [22/Jul/2026:10:00:03 +0000] "GET /wp-admin/edit.php?post_type=page HTTP/1.1" 200 335197 "https://sgcakesandsurprises.shop/wp-admin/plugins.php" "Mozilla/5.0 (Windows NT 10.0; Win64; x64) AppleWebKit/537.36 (KHTML, like Gecko) Chrome/150.0.0.0 Safari/537.36"
102.88.108.30 - - [22/Jul/2026:10:00:10 +0000] "GET /wp-content/plugins/wpforms-lite/assets/css/admin/edit-post-education.min.css?ver=2.0.0.2 HTTP/1.1" 200 1942 "https://sgcakesandsurprises.shop/wp-admin/edit.php?post_type=page" "Mozilla/5.0 (Windows NT 10.0; Win64; x64) AppleWebKit/537.36 (KHTML, like Gecko) Chrome/150.0.0.0 Safari/537.36"
102.88.108.30 - - [22/Jul/2026:10:00:10 +0000] "GET /wp-includes/js/jquery/ui/menu.min.js?ver=1.13.3 HTTP/1.1" 200 10199 "https://sgcakesandsurprises.shop/wp-admin/edit.php?post_type=page" "Mozilla/5.0 (Windows NT 10.0; Win64; x64) AppleWebKit/537.36 (KHTML, like Gecko) Chrome/150.0.0.0 Safari/537.36"
102.88.108.30 - - [22/Jul/2026:10:00:10 +0000] "GET /wp-includes/js/jquery/ui/autocomplete.min.js?ver=1.13.3 HTTP/1.1" 200 8536 "https://sgcakesandsurprises.shop/wp-admin/edit.php?post_type=page" "Mozilla/5.0 (Windows NT 10.0; Win64; x64) AppleWebKit/537.36 (KHTML, like Gecko) Chrome/150.0.0.0 Safari/537.36"
102.88.108.30 - - [22/Jul/2026:10:00:09 +0000] "GET /wp-admin/load-styles.php?c=0&dir=ltr&load%5Bchunk_0%5D=dashicons,admin-bar,wp-pointer,common,forms,admin-menu,dashboard,list-tables,edit,revisions,media,themes,about,nav-menus,widgets&load%5Bchunk_1%5D=,site-icon,l10n,wp-base-styles,buttons,wp-auth-check,wp-components,wp-commands&ver=7.0.2 HTTP/1.1" 200 520610 "https://sgcakesandsurprises.shop/wp-admin/edit.php?post_type=page" "Mozilla/5.0 (Windows NT 10.0; Win64; x64) AppleWebKit/537.36 (KHTML, like Gecko) Chrome/150.0.0.0 Safari/537.36"
102.88.108.30 - - [22/Jul/2026:10:00:10 +0000] "GET /wp-admin/js/tags-suggest.min.js?ver=7.0.2 HTTP/1.1" 200 2269 "https://sgcakesandsurprises.shop/wp-admin/edit.php?post_type=page" "Mozilla/5.0 (Windows NT 10.0; Win64; x64) AppleWebKit/537.36 (KHTML, like Gecko) Chrome/150.0.0.0 Safari/537.36"
102.88.108.30 - - [22/Jul/2026:10:00:10 +0000] "GET /wp-admin/js/inline-edit-post.min.js?ver=7.0.2 HTTP/1.1" 200 9613 "https://sgcakesandsurprises.shop/wp-admin/edit.php?post_type=page" "Mozilla/5.0 (Windows NT 10.0; Win64; x64) AppleWebKit/537.36 (KHTML, like Gecko) Chrome/150.0.0.0 Safari/537.36"
102.88.108.30 - - [22/Jul/2026:10:00:11 +0000] "GET /wp-content/plugins/wpforms-lite/assets/js/admin/education/edit-post.es5.min.js?ver=2.0.0.2 HTTP/1.1" 200 5918 "https://sgcakesandsurprises.shop/wp-admin/edit.php?post_type=page" "Mozilla/5.0 (Windows NT 10.0; Win64; x64) AppleWebKit/537.36 (KHTML, like Gecko) Chrome/150.0.0.0 Safari/537.36"
102.88.108.30 - - [22/Jul/2026:10:00:11 +0000] "GET /wp-content/plugins/wpforms-lite/assets/lite/js/admin/education/lite-connect.min.js?ver=2.0.0.2 HTTP/1.1" 200 6659 "https://sgcakesandsurprises.shop/wp-admin/edit.php?post_type=page" "Mozilla/5.0 (Windows NT 10.0; Win64; x64) AppleWebKit/537.36 (KHTML, like Gecko) Chrome/150.0.0.0 Safari/537.36"
102.88.108.30 - - [22/Jul/2026:10:00:11 +0000] "GET /wp-content/plugins/wordfence/fonts/roboto-KFOlCnqEu92Fr1MmWUlfBBc-AMP6lQ.woff HTTP/1.1" 200 14032 "https://sgcakesandsurprises.shop/wp-content/plugins/wordfence/css/wf-roboto-font.1778685035.css?ver=8.2.2" "Mozilla/5.0 (Windows NT 10.0; Win64; x64) AppleWebKit/537.36 (KHTML, like Gecko) Chrome/150.0.0.0 Safari/537.36"
102.88.108.30 - - [22/Jul/2026:10:00:11 +0000] "GET /wp-content/plugins/wordfence/fonts/roboto-KFOlCnqEu92Fr1MmEU9fBBc-AMP6lQ.woff HTTP/1.1" 200 14036 "https://sgcakesandsurprises.shop/wp-content/plugins/wordfence/css/wf-roboto-font.1778685035.css?ver=8.2.2" "Mozilla/5.0 (Windows NT 10.0; Win64; x64) AppleWebKit/537.36 (KHTML, like Gecko) Chrome/150.0.0.0 Safari/537.36"
102.88.108.30 - - [22/Jul/2026:10:00:12 +0000] "POST /wp-admin/admin-ajax.php HTTP/1.1" 200 47 "https://sgcakesandsurprises.shop/wp-admin/edit.php?post_type=page" "Mozilla/5.0 (Windows NT 10.0; Win64; x64) AppleWebKit/537.36 (KHTML, like Gecko) Chrome/150.0.0.0 Safari/537.36"
102.88.108.30 - - [22/Jul/2026:10:00:22 +0000] "POST /wp-admin/admin-ajax.php HTTP/1.1" 200 47 "https://sgcakesandsurprises.shop/wp-admin/edit.php?post_type=page" "Mozilla/5.0 (Windows NT 10.0; Win64; x64) AppleWebKit/537.36 (KHTML, like Gecko) Chrome/150.0.0.0 Safari/537.36"
102.88.108.30 - - [22/Jul/2026:10:00:32 +0000] "POST /wp-admin/admin-ajax.php HTTP/1.1" 200 47 "https://sgcakesandsurprises.shop/wp-admin/edit.php?post_type=page" "Mozilla/5.0 (Windows NT 10.0; Win64; x64) AppleWebKit/537.36 (KHTML, like Gecko) Chrome/150.0.0.0 Safari/537.36"
102.88.108.30 - - [22/Jul/2026:10:00:40 +0000] "GET /footwear/ HTTP/1.1" 200 250928 "https://sgcakesandsurprises.shop/wp-admin/edit.php?post_type=page" "Mozilla/5.0 (Windows NT 10.0; Win64; x64) AppleWebKit/537.36 (KHTML, like Gecko) Chrome/150.0.0.0 Safari/537.36"
102.88.108.30 - - [22/Jul/2026:10:00:42 +0000] "POST /wp-admin/admin-ajax.php HTTP/1.1" 200 47 "https://sgcakesandsurprises.shop/wp-admin/edit.php?post_type=page" "Mozilla/5.0 (Windows NT 10.0; Win64; x64) AppleWebKit/537.36 (KHTML, like Gecko) Chrome/150.0.0.0 Safari/537.36"
102.88.108.30 - - [22/Jul/2026:10:00:45 +0000] "GET /wp-content/uploads/elementor/css/post-6.css?ver=1784397387 HTTP/1.1" 200 1168 "https://sgcakesandsurprises.shop/footwear/" "Mozilla/5.0 (Windows NT 10.0; Win64; x64) AppleWebKit/537.36 (KHTML, like Gecko) Chrome/150.0.0.0 Safari/537.36"
102.88.108.30 - - [22/Jul/2026:10:00:45 +0000] "GET /wp-content/uploads/elementor/css/base-desktop.css?ver=6a5bbe4b9bf82 HTTP/1.1" 200 1774 "https://sgcakesandsurprises.shop/footwear/" "Mozilla/5.0 (Windows NT 10.0; Win64; x64) AppleWebKit/537.36 (KHTML, like Gecko) Chrome/150.0.0.0 Safari/537.36"
102.88.108.30 - - [22/Jul/2026:10:00:45 +0000] "GET /wp-content/plugins/elementor/assets/css/admin-bar.min.css?ver=4.1.5 HTTP/1.1" 200 619 "https://sgcakesandsurprises.shop/footwear/" "Mozilla/5.0 (Windows NT 10.0; Win64; x64) AppleWebKit/537.36 (KHTML, like Gecko) Chrome/150.0.0.0 Safari/537.36"
102.88.108.30 - - [22/Jul/2026:10:00:45 +0000] "GET /wp-content/plugins/elementor/assets/css/frontend.min.css?ver=4.1.5 HTTP/1.1" 200 54666 "https://sgcakesandsurprises.shop/footwear/" "Mozilla/5.0 (Windows NT 10.0; Win64; x64) AppleWebKit/537.36 (KHTML, like Gecko) Chrome/150.0.0.0 Safari/537.36"
102.88.108.30 - - [22/Jul/2026:10:00:45 +0000] "GET /wp-content/plugins/elementor/assets/js/webpack.runtime.min.js?ver=4.1.5 HTTP/1.1" 200 5819 "https://sgcakesandsurprises.shop/footwear/" "Mozilla/5.0 (Windows NT 10.0; Win64; x64) AppleWebKit/537.36 (KHTML, like Gecko) Chrome/150.0.0.0 Safari/537.36"
102.88.108.30 - - [22/Jul/2026:10:00:45 +0000] "GET /wp-content/plugins/elementor/assets/js/elementor-admin-bar.min.js?ver=4.1.5 HTTP/1.1" 200 7313 "https://sgcakesandsurprises.shop/footwear/" "Mozilla/5.0 (Windows NT 10.0; Win64; x64) AppleWebKit/537.36 (KHTML, like Gecko) Chrome/150.0.0.0 Safari/537.36"
102.88.108.30 - - [22/Jul/2026:10:00:45 +0000] "GET /wp-content/plugins/elementor/assets/js/frontend-modules.min.js?ver=4.1.5 HTTP/1.1" 200 50602 "https://sgcakesandsurprises.shop/footwear/" "Mozilla/5.0 (Windows NT 10.0; Win64; x64) AppleWebKit/537.36 (KHTML, like Gecko) Chrome/150.0.0.0 Safari/537.36"
102.88.108.30 - - [22/Jul/2026:10:00:47 +0000] "GET /wp-admin/admin-ajax.php?action=pys_get_pbid HTTP/1.1" 200 1 "https://sgcakesandsurprises.shop/footwear/" "Mozilla/5.0 (Windows NT 10.0; Win64; x64) AppleWebKit/537.36 (KHTML, like Gecko) Chrome/150.0.0.0 Safari/537.36"
102.88.108.30 - - [22/Jul/2026:10:00:47 +0000] "POST /wp-json/pys-facebook/v1/event HTTP/1.1" 200 16 "https://sgcakesandsurprises.shop/footwear/" "Mozilla/5.0 (Windows NT 10.0; Win64; x64) AppleWebKit/537.36 (KHTML, like Gecko) Chrome/150.0.0.0 Safari/537.36"
198.177.124.148 - - [22/Jul/2026:10:01:01 +0000] "POST /wp-cron.php?doing_wp_cron=1784714461.3396279811859130859375 HTTP/1.1" 200 - "-" "WordPress/7.0.2; https://sgcakesandsurprises.shop"
102.88.108.30 - - [22/Jul/2026:10:00:58 +0000] "GET /wp-admin/edit.php?post_type=page HTTP/1.1" 200 335197 "https://sgcakesandsurprises.shop/wp-admin/plugins.php" "Mozilla/5.0 (Windows NT 10.0; Win64; x64) AppleWebKit/537.36 (KHTML, like Gecko) Chrome/150.0.0.0 Safari/537.36"
102.88.108.30 - - [22/Jul/2026:10:01:03 +0000] "POST /wp-admin/admin-ajax.php HTTP/1.1" 200 47 "https://sgcakesandsurprises.shop/wp-admin/edit.php?post_type=page" "Mozilla/5.0 (Windows NT 10.0; Win64; x64) AppleWebKit/537.36 (KHTML, like Gecko) Chrome/150.0.0.0 Safari/537.36"
102.88.108.30 - - [22/Jul/2026:10:01:09 +0000] "GET /style-hub/ HTTP/1.1" 200 237450 "https://sgcakesandsurprises.shop/wp-admin/edit.php?post_type=page" "Mozilla/5.0 (Windows NT 10.0; Win64; x64) AppleWebKit/537.36 (KHTML, like Gecko) Chrome/150.0.0.0 Safari/537.36"
102.88.108.30 - - [22/Jul/2026:10:01:15 +0000] "GET /wp-content/plugins/elementor/assets/css/widget-heading.min.css?ver=4.1.5 HTTP/1.1" 200 560 "https://sgcakesandsurprises.shop/style-hub/" "Mozilla/5.0 (Windows NT 10.0; Win64; x64) AppleWebKit/537.36 (KHTML, like Gecko) Chrome/150.0.0.0 Safari/537.36"
102.88.108.30 - - [22/Jul/2026:10:01:15 +0000] "GET /wp-content/uploads/elementor/css/post-337.css?ver=1784644886 HTTP/1.1" 200 2082 "https://sgcakesandsurprises.shop/style-hub/" "Mozilla/5.0 (Windows NT 10.0; Win64; x64) AppleWebKit/537.36 (KHTML, like Gecko) Chrome/150.0.0.0 Safari/537.36"
102.88.108.30 - - [22/Jul/2026:10:01:15 +0000] "GET /wp-content/uploads/elementor/css/local-337-frontend-desktop.css?ver=6a5f85166f496 HTTP/1.1" 200 1668 "https://sgcakesandsurprises.shop/style-hub/" "Mozilla/5.0 (Windows NT 10.0; Win64; x64) AppleWebKit/537.36 (KHTML, like Gecko) Chrome/150.0.0.0 Safari/537.36"
102.88.108.30 - - [22/Jul/2026:10:01:13 +0000] "POST /wp-admin/admin-ajax.php HTTP/1.1" 200 47 "https://sgcakesandsurprises.shop/wp-admin/edit.php?post_type=page" "Mozilla/5.0 (Windows NT 10.0; Win64; x64) AppleWebKit/537.36 (KHTML, like Gecko) Chrome/150.0.0.0 Safari/537.36"
102.88.108.30 - - [22/Jul/2026:10:01:16 +0000] "GET /wp-content/uploads/elementor/css/local-337-frontend-mobile.css?ver=6a5f85166f496 HTTP/1.1" 200 944 "https://sgcakesandsurprises.shop/style-hub/" "Mozilla/5.0 (Windows NT 10.0; Win64; x64) AppleWebKit/537.36 (KHTML, like Gecko) Chrome/150.0.0.0 Safari/537.36"
102.88.108.30 - - [22/Jul/2026:10:01:16 +0000] "GET /wp-content/uploads/2026/07/WhatsApp-Image-2026-07-09-at-6.30.27-AM.jpeg HTTP/1.1" 200 36987 "https://sgcakesandsurprises.shop/style-hub/" "Mozilla/5.0 (Windows NT 10.0; Win64; x64) AppleWebKit/537.36 (KHTML, like Gecko) Chrome/150.0.0.0 Safari/537.36"
102.88.108.30 - - [22/Jul/2026:10:01:17 +0000] "GET /wp-content/themes/twentytwentyfour/assets/fonts/cardo/cardo_normal_700.woff2 HTTP/1.1" 200 132564 "https://sgcakesandsurprises.shop/style-hub/" "Mozilla/5.0 (Windows NT 10.0; Win64; x64) AppleWebKit/537.36 (KHTML, like Gecko) Chrome/150.0.0.0 Safari/537.36"
102.88.108.30 - - [22/Jul/2026:10:01:16 +0000] "GET /wp-content/uploads/2026/07/WhatsApp-Image-2026-07-14-at-10.50.57-AM.jpeg HTTP/1.1" 200 158599 "https://sgcakesandsurprises.shop/style-hub/" "Mozilla/5.0 (Windows NT 10.0; Win64; x64) AppleWebKit/537.36 (KHTML, like Gecko) Chrome/150.0.0.0 Safari/537.36"
102.88.108.30 - - [22/Jul/2026:10:01:17 +0000] "GET /wp-content/uploads/2026/07/WhatsApp-Image-2026-07-12-at-1.49.35-AM.jpeg HTTP/1.1" 200 127758 "https://sgcakesandsurprises.shop/style-hub/" "Mozilla/5.0 (Windows NT 10.0; Win64; x64) AppleWebKit/537.36 (KHTML, like Gecko) Chrome/150.0.0.0 Safari/537.36"
102.88.108.30 - - [22/Jul/2026:10:01:17 +0000] "GET /wp-content/plugins/elementor/assets/js/frontend.min.js?ver=4.1.5 HTTP/1.1" 200 32098 "https://sgcakesandsurprises.shop/style-hub/" "Mozilla/5.0 (Windows NT 10.0; Win64; x64) AppleWebKit/537.36 (KHTML, like Gecko) Chrome/150.0.0.0 Safari/537.36"
102.88.108.30 - - [22/Jul/2026:10:01:18 +0000] "GET /wp-content/uploads/2026/07/WhatsApp-Image-2026-07-13-at-12.00.34-AM.jpeg HTTP/1.1" 200 133328 "https://sgcakesandsurprises.shop/style-hub/" "Mozilla/5.0 (Windows NT 10.0; Win64; x64) AppleWebKit/537.36 (KHTML, like Gecko) Chrome/150.0.0.0 Safari/537.36"
102.88.108.30 - - [22/Jul/2026:10:01:18 +0000] "GET /wp-content/uploads/2026/07/WhatsApp-Image-2026-07-12-at-11.51.06-AM.jpeg HTTP/1.1" 200 134414 "https://sgcakesandsurprises.shop/style-hub/" "Mozilla/5.0 (Windows NT 10.0; Win64; x64) AppleWebKit/537.36 (KHTML, like Gecko) Chrome/150.0.0.0 Safari/537.36"
102.88.108.30 - - [22/Jul/2026:10:01:19 +0000] "GET /wp-content/uploads/2026/07/WhatsApp-Image-2026-07-14-at-10.49.41-AM.jpeg HTTP/1.1" 200 171641 "https://sgcakesandsurprises.shop/style-hub/" "Mozilla/5.0 (Windows NT 10.0; Win64; x64) AppleWebKit/537.36 (KHTML, like Gecko) Chrome/150.0.0.0 Safari/537.36"
102.88.108.30 - - [22/Jul/2026:10:01:19 +0000] "GET /wp-content/uploads/2026/07/WhatsApp-Image-2026-07-09-at-7.36.07-AM.jpeg HTTP/1.1" 200 161343 "https://sgcakesandsurprises.shop/style-hub/" "Mozilla/5.0 (Windows NT 10.0; Win64; x64) AppleWebKit/537.36 (KHTML, like Gecko) Chrome/150.0.0.0 Safari/537.36"
102.88.108.30 - - [22/Jul/2026:10:01:19 +0000] "GET /wp-content/uploads/2026/07/WhatsApp-Image-2026-07-12-at-1.47.21-AM.jpeg HTTP/1.1" 200 162050 "https://sgcakesandsurprises.shop/style-hub/" "Mozilla/5.0 (Windows NT 10.0; Win64; x64) AppleWebKit/537.36 (KHTML, like Gecko) Chrome/150.0.0.0 Safari/537.36"
102.88.108.30 - - [22/Jul/2026:10:01:19 +0000] "GET /wp-content/uploads/2026/07/WhatsApp-Image-2026-07-14-at-10.44.39-AM.jpeg HTTP/1.1" 200 156399 "https://sgcakesandsurprises.shop/style-hub/" "Mozilla/5.0 (Windows NT 10.0; Win64; x64) AppleWebKit/537.36 (KHTML, like Gecko) Chrome/150.0.0.0 Safari/537.36"
102.88.108.30 - - [22/Jul/2026:10:01:20 +0000] "GET /wp-content/uploads/2026/07/WhatsApp-Image-2026-07-14-at-10.46.00-AM-e1784635111815.jpeg HTTP/1.1" 200 76575 "https://sgcakesandsurprises.shop/style-hub/" "Mozilla/5.0 (Windows NT 10.0; Win64; x64) AppleWebKit/537.36 (KHTML, like Gecko) Chrome/150.0.0.0 Safari/537.36"
102.88.108.30 - - [22/Jul/2026:10:01:19 +0000] "GET /wp-content/uploads/2026/07/WhatsApp-Image-2026-07-12-at-11.59.13-AM.jpeg HTTP/1.1" 200 129282 "https://sgcakesandsurprises.shop/style-hub/" "Mozilla/5.0 (Windows NT 10.0; Win64; x64) AppleWebKit/537.36 (KHTML, like Gecko) Chrome/150.0.0.0 Safari/537.36"
102.88.108.30 - - [22/Jul/2026:10:01:20 +0000] "GET /wp-content/uploads/2026/07/WhatsApp-Image-2026-07-12-at-5.40.23-AM-e1784635399410.jpeg HTTP/1.1" 200 41147 "https://sgcakesandsurprises.shop/style-hub/" "Mozilla/5.0 (Windows NT 10.0; Win64; x64) AppleWebKit/537.36 (KHTML, like Gecko) Chrome/150.0.0.0 Safari/537.36"
102.88.108.30 - - [22/Jul/2026:10:01:18 +0000] "GET /wp-admin/admin-ajax.php?action=pys_get_pbid HTTP/1.1" 200 1 "https://sgcakesandsurprises.shop/style-hub/" "Mozilla/5.0 (Windows NT 10.0; Win64; x64) AppleWebKit/537.36 (KHTML, like Gecko) Chrome/150.0.0.0 Safari/537.36"
102.88.108.30 - - [22/Jul/2026:10:01:21 +0000] "GET /wp-content/plugins/elementor/assets/js/text-editor.45609661e409413f1cef.bundle.min.js HTTP/1.1" 200 1348 "https://sgcakesandsurprises.shop/style-hub/" "Mozilla/5.0 (Windows NT 10.0; Win64; x64) AppleWebKit/537.36 (KHTML, like Gecko) Chrome/150.0.0.0 Safari/537.36"
102.88.108.30 - - [22/Jul/2026:10:01:25 +0000] "GET /wp-content/uploads/2026/07/WhatsApp-Image-2026-07-14-at-10.53.25-AM.jpeg HTTP/1.1" 200 167014 "https://sgcakesandsurprises.shop/style-hub/" "Mozilla/5.0 (Windows NT 10.0; Win64; x64) AppleWebKit/537.36 (KHTML, like Gecko) Chrome/150.0.0.0 Safari/537.36"
102.88.108.30 - - [22/Jul/2026:10:01:25 +0000] "GET /wp-content/uploads/2026/07/WhatsApp-Image-2026-07-14-at-10.46.28-AM.jpeg HTTP/1.1" 200 47878 "https://sgcakesandsurprises.shop/style-hub/" "Mozilla/5.0 (Windows NT 10.0; Win64; x64) AppleWebKit/537.36 (KHTML, like Gecko) Chrome/150.0.0.0 Safari/537.36"
102.88.108.30 - - [22/Jul/2026:10:01:25 +0000] "GET /wp-content/uploads/2026/07/WhatsApp-Image-2026-07-14-at-10.53.46-AM.jpeg HTTP/1.1" 200 156335 "https://sgcakesandsurprises.shop/style-hub/" "Mozilla/5.0 (Windows NT 10.0; Win64; x64) AppleWebKit/537.36 (KHTML, like Gecko) Chrome/150.0.0.0 Safari/537.36"
102.88.108.30 - - [22/Jul/2026:10:01:21 +0000] "POST /wp-json/pys-facebook/v1/event HTTP/1.1" 200 16 "https://sgcakesandsurprises.shop/style-hub/" "Mozilla/5.0 (Windows NT 10.0; Win64; x64) AppleWebKit/537.36 (KHTML, like Gecko) Chrome/150.0.0.0 Safari/537.36"
102.88.108.30 - - [22/Jul/2026:10:01:40 +0000] "GET /wp-admin/edit.php?post_type=page HTTP/1.1" 200 335197 "https://sgcakesandsurprises.shop/wp-admin/plugins.php" "Mozilla/5.0 (Windows NT 10.0; Win64; x64) AppleWebKit/537.36 (KHTML, like Gecko) Chrome/150.0.0.0 Safari/537.36"
102.88.108.30 - - [22/Jul/2026:10:01:46 +0000] "POST /wp-admin/admin-ajax.php HTTP/1.1" 200 47 "https://sgcakesandsurprises.shop/wp-admin/edit.php?post_type=page" "Mozilla/5.0 (Windows NT 10.0; Win64; x64) AppleWebKit/537.36 (KHTML, like Gecko) Chrome/150.0.0.0 Safari/537.36"
102.88.108.30 - - [22/Jul/2026:10:02:12 +0000] "POST /wp-admin/admin-ajax.php HTTP/1.1" 200 47 "https://sgcakesandsurprises.shop/wp-admin/edit.php?post_type=page" "Mozilla/5.0 (Windows NT 10.0; Win64; x64) AppleWebKit/537.36 (KHTML, like Gecko) Chrome/150.0.0.0 Safari/537.36"
102.88.108.30 - - [22/Jul/2026:10:02:11 +0000] "GET /food/ HTTP/1.1" 200 236918 "https://sgcakesandsurprises.shop/wp-admin/edit.php?post_type=page" "Mozilla/5.0 (Windows NT 10.0; Win64; x64) AppleWebKit/537.36 (KHTML, like Gecko) Chrome/150.0.0.0 Safari/537.36"
102.88.108.30 - - [22/Jul/2026:10:02:16 +0000] "GET /wp-content/uploads/elementor/css/local-302-frontend-desktop.css?ver=6a5cee871567a HTTP/1.1" 200 1257 "https://sgcakesandsurprises.shop/food/" "Mozilla/5.0 (Windows NT 10.0; Win64; x64) AppleWebKit/537.36 (KHTML, like Gecko) Chrome/150.0.0.0 Safari/537.36"
102.88.108.30 - - [22/Jul/2026:10:02:16 +0000] "GET /wp-content/uploads/elementor/css/post-302.css?ver=1784475271 HTTP/1.1" 200 2109 "https://sgcakesandsurprises.shop/food/" "Mozilla/5.0 (Windows NT 10.0; Win64; x64) AppleWebKit/537.36 (KHTML, like Gecko) Chrome/150.0.0.0 Safari/537.36"
102.88.108.30 - - [22/Jul/2026:10:02:16 +0000] "GET /wp-content/uploads/2026/07/WhatsApp-Image-2026-07-18-at-11.52.21-AM.jpeg HTTP/1.1" 200 173400 "https://sgcakesandsurprises.shop/food/" "Mozilla/5.0 (Windows NT 10.0; Win64; x64) AppleWebKit/537.36 (KHTML, like Gecko) Chrome/150.0.0.0 Safari/537.36"
102.88.108.30 - - [22/Jul/2026:10:02:17 +0000] "GET /wp-content/uploads/2026/07/WhatsApp-Image-2026-07-18-at-11.52.08-AM.jpeg HTTP/1.1" 200 139577 "https://sgcakesandsurprises.shop/food/" "Mozilla/5.0 (Windows NT 10.0; Win64; x64) AppleWebKit/537.36 (KHTML, like Gecko) Chrome/150.0.0.0 Safari/537.36"
102.88.108.30 - - [22/Jul/2026:10:02:18 +0000] "GET /wp-content/uploads/2026/07/WhatsApp-Image-2026-07-18-at-11.52.06-AM.jpeg HTTP/1.1" 200 123180 "https://sgcakesandsurprises.shop/food/" "Mozilla/5.0 (Windows NT 10.0; Win64; x64) AppleWebKit/537.36 (KHTML, like Gecko) Chrome/150.0.0.0 Safari/537.36"
102.88.108.30 - - [22/Jul/2026:10:02:19 +0000] "GET /wp-content/uploads/2026/07/WhatsApp-Image-2026-07-18-at-11.52.25-AM.jpeg HTTP/1.1" 200 170742 "https://sgcakesandsurprises.shop/food/" "Mozilla/5.0 (Windows NT 10.0; Win64; x64) AppleWebKit/537.36 (KHTML, like Gecko) Chrome/150.0.0.0 Safari/537.36"
102.88.108.30 - - [22/Jul/2026:10:02:21 +0000] "GET /wp-content/uploads/elementor/css/local-302-frontend-mobile.css?ver=6a5cee871567a HTTP/1.1" 200 590 "https://sgcakesandsurprises.shop/food/" "Mozilla/5.0 (Windows NT 10.0; Win64; x64) AppleWebKit/537.36 (KHTML, like Gecko) Chrome/150.0.0.0 Safari/537.36"
102.88.108.30 - - [22/Jul/2026:10:02:21 +0000] "GET /wp-content/uploads/2026/07/WhatsApp-Image-2026-07-18-at-11.51.38-AM.jpeg HTTP/1.1" 200 138993 "https://sgcakesandsurprises.shop/food/" "Mozilla/5.0 (Windows NT 10.0; Win64; x64) AppleWebKit/537.36 (KHTML, like Gecko) Chrome/150.0.0.0 Safari/537.36"
102.88.108.30 - - [22/Jul/2026:10:02:16 +0000] "GET /wp-admin/admin-ajax.php?action=pys_get_pbid HTTP/1.1" 200 1 "https://sgcakesandsurprises.shop/food/" "Mozilla/5.0 (Windows NT 10.0; Win64; x64) AppleWebKit/537.36 (KHTML, like Gecko) Chrome/150.0.0.0 Safari/537.36"
102.88.108.30 - - [22/Jul/2026:10:02:23 +0000] "GET /wp-content/uploads/2026/07/WhatsApp-Image-2026-07-15-at-11.53.58-AM-1.jpeg HTTP/1.1" 200 279942 "https://sgcakesandsurprises.shop/food/" "Mozilla/5.0 (Windows NT 10.0; Win64; x64) AppleWebKit/537.36 (KHTML, like Gecko) Chrome/150.0.0.0 Safari/537.36"
102.88.108.30 - - [22/Jul/2026:10:02:21 +0000] "POST /wp-json/pys-facebook/v1/event HTTP/1.1" 200 16 "https://sgcakesandsurprises.shop/food/" "Mozilla/5.0 (Windows NT 10.0; Win64; x64) AppleWebKit/537.36 (KHTML, like Gecko) Chrome/150.0.0.0 Safari/537.36"
102.88.108.30 - - [22/Jul/2026:10:02:26 +0000] "GET /wp-content/uploads/2026/07/WhatsApp-Image-2026-07-15-at-11.53.57-AM.jpeg HTTP/1.1" 200 189881 "https://sgcakesandsurprises.shop/food/" "Mozilla/5.0 (Windows NT 10.0; Win64; x64) AppleWebKit/537.36 (KHTML, like Gecko) Chrome/150.0.0.0 Safari/537.36"
102.88.108.30 - - [22/Jul/2026:10:02:18 +0000] "GET /wp-content/uploads/2026/07/WhatsApp-Image-2026-07-15-at-11.48.30-AM.jpeg HTTP/1.1" 200 295141 "https://sgcakesandsurprises.shop/food/" "Mozilla/5.0 (Windows NT 10.0; Win64; x64) AppleWebKit/537.36 (KHTML, like Gecko) Chrome/150.0.0.0 Safari/537.36"
102.88.108.30 - - [22/Jul/2026:10:02:23 +0000] "GET /wp-content/uploads/2026/07/WhatsApp-Image-2026-07-18-at-11.52.23-AM.jpeg HTTP/1.1" 200 154362 "https://sgcakesandsurprises.shop/food/" "Mozilla/5.0 (Windows NT 10.0; Win64; x64) AppleWebKit/537.36 (KHTML, like Gecko) Chrome/150.0.0.0 Safari/537.36"
102.88.108.30 - - [22/Jul/2026:10:02:27 +0000] "GET /wp-content/uploads/2026/07/WhatsApp-Image-2026-07-15-at-11.55.21-AM.jpeg HTTP/1.1" 200 178259 "https://sgcakesandsurprises.shop/food/" "Mozilla/5.0 (Windows NT 10.0; Win64; x64) AppleWebKit/537.36 (KHTML, like Gecko) Chrome/150.0.0.0 Safari/537.36"
102.88.108.30 - - [22/Jul/2026:10:02:25 +0000] "GET /wp-content/uploads/2026/07/WhatsApp-Image-2026-07-18-at-11.51.53-AM.jpeg HTTP/1.1" 200 158578 "https://sgcakesandsurprises.shop/food/" "Mozilla/5.0 (Windows NT 10.0; Win64; x64) AppleWebKit/537.36 (KHTML, like Gecko) Chrome/150.0.0.0 Safari/537.36"
102.88.108.30 - - [22/Jul/2026:10:02:31 +0000] "GET /wp-content/uploads/2026/07/WhatsApp-Image-2026-07-15-at-11.53.59-AM-1.jpeg HTTP/1.1" 200 156000 "https://sgcakesandsurprises.shop/food/" "Mozilla/5.0 (Windows NT 10.0; Win64; x64) AppleWebKit/537.36 (KHTML, like Gecko) Chrome/150.0.0.0 Safari/537.36"
102.88.108.30 - - [22/Jul/2026:10:08:46 +0000] "GET /wp-admin HTTP/1.1" 301 290 "-" "Mozilla/5.0 (Windows NT 10.0; Win64; x64) AppleWebKit/537.36 (KHTML, like Gecko) Chrome/150.0.0.0 Safari/537.36"
102.88.108.30 - - [22/Jul/2026:10:09:11 +0000] "GET /wp-content/plugins/pixelyoursite/dist/styles/notice.min.css?ver=11.2.1 HTTP/1.1" 200 11684 "https://sgcakesandsurprises.shop/wp-admin/" "Mozilla/5.0 (Windows NT 10.0; Win64; x64) AppleWebKit/537.36 (KHTML, like Gecko) Chrome/150.0.0.0 Safari/537.36"
102.88.108.30 - - [22/Jul/2026:10:09:13 +0000] "GET /wp-content/plugins/wpforms-lite/assets/lib/font-awesome/css/v4-shims.min.css?ver=4.7.0 HTTP/1.1" 200 21210 "https://sgcakesandsurprises.shop/wp-admin/" "Mozilla/5.0 (Windows NT 10.0; Win64; x64) AppleWebKit/537.36 (KHTML, like Gecko) Chrome/150.0.0.0 Safari/537.36"
102.88.108.30 - - [22/Jul/2026:10:09:13 +0000] "GET /wp-content/plugins/insert-headers-and-footers/build/admin-bar.css?ver=c95624a69c80301272a0 HTTP/1.1" 200 1946 "https://sgcakesandsurprises.shop/wp-admin/" "Mozilla/5.0 (Windows NT 10.0; Win64; x64) AppleWebKit/537.36 (KHTML, like Gecko) Chrome/150.0.0.0 Safari/537.36"
102.88.108.30 - - [22/Jul/2026:10:09:14 +0000] "GET /wp-content/plugins/wordfence/css/wf-global.1778685035.css?ver=8.2.2 HTTP/1.1" 200 957 "https://sgcakesandsurprises.shop/wp-admin/" "Mozilla/5.0 (Windows NT 10.0; Win64; x64) AppleWebKit/537.36 (KHTML, like Gecko) Chrome/150.0.0.0 Safari/537.36"
102.88.108.30 - - [22/Jul/2026:10:09:13 +0000] "GET /wp-content/plugins/wordfence/css/wf-font-awesome.1778685035.css?ver=8.2.2 HTTP/1.1" 200 162258 "https://sgcakesandsurprises.shop/wp-admin/" "Mozilla/5.0 (Windows NT 10.0; Win64; x64) AppleWebKit/537.36 (KHTML, like Gecko) Chrome/150.0.0.0 Safari/537.36"
102.88.108.30 - - [22/Jul/2026:10:09:14 +0000] "GET /wp-content/plugins/wordfence/css/activity-report-widget.1778685035.css?ver=8.2.2 HTTP/1.1" 200 2476 "https://sgcakesandsurprises.shop/wp-admin/" "Mozilla/5.0 (Windows NT 10.0; Win64; x64) AppleWebKit/537.36 (KHTML, like Gecko) Chrome/150.0.0.0 Safari/537.36"
102.88.108.30 - - [22/Jul/2026:10:09:16 +0000] "GET /wp-includes/js/thickbox/thickbox.css?ver=7.0.2 HTTP/1.1" 200 2668 "https://sgcakesandsurprises.shop/wp-admin/" "Mozilla/5.0 (Windows NT 10.0; Win64; x64) AppleWebKit/537.36 (KHTML, like Gecko) Chrome/150.0.0.0 Safari/537.36"
102.88.108.30 - - [22/Jul/2026:10:09:17 +0000] "GET /wp-admin/css/colors/modern/colors.min.css?ver=7.0.2 HTTP/1.1" 200 21599 "https://sgcakesandsurprises.shop/wp-admin/" "Mozilla/5.0 (Windows NT 10.0; Win64; x64) AppleWebKit/537.36 (KHTML, like Gecko) Chrome/150.0.0.0 Safari/537.36"
102.88.108.30 - - [22/Jul/2026:10:09:17 +0000] "GET /wp-content/plugins/wordfence/modules/login-security/css/admin-global.1778685035.css?ver=1.1.16 HTTP/1.1" 200 21363 "https://sgcakesandsurprises.shop/wp-admin/" "Mozilla/5.0 (Windows NT 10.0; Win64; x64) AppleWebKit/537.36 (KHTML, like Gecko) Chrome/150.0.0.0 Safari/537.36"
102.88.108.30 - - [22/Jul/2026:10:09:32 +0000] "GET /wp-content/plugins/wordfence/css/wordfenceBox.1778685035.css?ver=8.2.2 HTTP/1.1" 200 5786 "https://sgcakesandsurprises.shop/wp-admin/" "Mozilla/5.0 (Windows NT 10.0; Win64; x64) AppleWebKit/537.36 (KHTML, like Gecko) Chrome/150.0.0.0 Safari/537.36"
102.88.108.30 - - [22/Jul/2026:10:09:14 +0000] "GET /wp-content/plugins/wpforms-lite/assets/lib/font-awesome/css/all.min.css?ver=7.0.1 HTTP/1.1" 200 74320 "https://sgcakesandsurprises.shop/wp-admin/" "Mozilla/5.0 (Windows NT 10.0; Win64; x64) AppleWebKit/537.36 (KHTML, like Gecko) Chrome/150.0.0.0 Safari/537.36"
102.88.108.30 - - [22/Jul/2026:10:09:33 +0000] "GET /wp-content/plugins/wordfence/css/wf-adminbar.1778685035.css?ver=8.2.2 HTTP/1.1" 200 144332 "https://sgcakesandsurprises.shop/wp-admin/" "Mozilla/5.0 (Windows NT 10.0; Win64; x64) AppleWebKit/537.36 (KHTML, like Gecko) Chrome/150.0.0.0 Safari/537.36"
102.88.108.30 - - [22/Jul/2026:10:09:41 +0000] "GET /wp-content/plugins/elementor/vendor/elementor/wp-one-package/assets/build/common.css?ver=1.0.66 HTTP/1.1" 200 1562 "https://sgcakesandsurprises.shop/wp-admin/" "Mozilla/5.0 (Windows NT 10.0; Win64; x64) AppleWebKit/537.36 (KHTML, like Gecko) Chrome/150.0.0.0 Safari/537.36"
102.88.108.30 - - [22/Jul/2026:10:09:42 +0000] "GET /wp-content/plugins/elementor/vendor/elementor/wp-one-package/assets/build/manage-dashboard-widget.css?ver=1.0.66 HTTP/1.1" 200 711 "https://sgcakesandsurprises.shop/wp-admin/" "Mozilla/5.0 (Windows NT 10.0; Win64; x64) AppleWebKit/537.36 (KHTML, like Gecko) Chrome/150.0.0.0 Safari/537.36"
102.88.108.30 - - [22/Jul/2026:10:09:42 +0000] "GET /wp-content/plugins/wp-mail-smtp/assets/css/admin-bar.min.css?ver=4.9.0 HTTP/1.1" 200 908 "https://sgcakesandsurprises.shop/wp-admin/" "Mozilla/5.0 (Windows NT 10.0; Win64; x64) AppleWebKit/537.36 (KHTML, like Gecko) Chrome/150.0.0.0 Safari/537.36"
198.177.124.148 - - [22/Jul/2026:10:09:43 +0000] "POST /wp-cron.php?doing_wp_cron=1784714983.3357739448547363281250 HTTP/1.1" 200 - "-" "WordPress/7.0.2; https://sgcakesandsurprises.shop"
102.88.108.30 - - [22/Jul/2026:10:09:43 +0000] "GET /wp-content/plugins/wpforms-lite/assets/lite/css/dashboard-education.min.css?ver=2.0.0.2 HTTP/1.1" 200 31829 "https://sgcakesandsurprises.shop/wp-admin/" "Mozilla/5.0 (Windows NT 10.0; Win64; x64) AppleWebKit/537.36 (KHTML, like Gecko) Chrome/150.0.0.0 Safari/537.36"
102.88.108.30 - - [22/Jul/2026:10:09:43 +0000] "GET /wp-content/plugins/elementor/assets/css/modules/editor-one/admin-menu.min.css?ver=4.1.5 HTTP/1.1" 200 5462 "https://sgcakesandsurprises.shop/wp-admin/" "Mozilla/5.0 (Windows NT 10.0; Win64; x64) AppleWebKit/537.36 (KHTML, like Gecko) Chrome/150.0.0.0 Safari/537.36"
102.88.108.30 - - [22/Jul/2026:10:09:45 +0000] "GET /wp-content/plugins/elementor/assets/lib/eicons/css/elementor-icons.min.css?ver=5.50.0 HTTP/1.1" 200 21976 "https://sgcakesandsurprises.shop/wp-admin/" "Mozilla/5.0 (Windows NT 10.0; Win64; x64) AppleWebKit/537.36 (KHTML, like Gecko) Chrome/150.0.0.0 Safari/537.36"
102.88.108.30 - - [22/Jul/2026:10:09:45 +0000] "GET /wp-content/plugins/elementor/assets/css/common.min.css?ver=4.1.5 HTTP/1.1" 200 25438 "https://sgcakesandsurprises.shop/wp-admin/" "Mozilla/5.0 (Windows NT 10.0; Win64; x64) AppleWebKit/537.36 (KHTML, like Gecko) Chrome/150.0.0.0 Safari/537.36"
102.88.108.30 - - [22/Jul/2026:10:09:47 +0000] "GET /wp-content/plugins/elementor/assets/css/theme-light.min.css?ver=4.1.5 HTTP/1.1" 200 2367 "https://sgcakesandsurprises.shop/wp-admin/" "Mozilla/5.0 (Windows NT 10.0; Win64; x64) AppleWebKit/537.36 (KHTML, like Gecko) Chrome/150.0.0.0 Safari/537.36"
102.88.108.30 - - [22/Jul/2026:10:09:48 +0000] "GET /wp-content/plugins/wpforms-lite/assets/css/admin-bar.min.css?ver=2.0.0.2 HTTP/1.1" 200 1443 "https://sgcakesandsurprises.shop/wp-admin/" "Mozilla/5.0 (Windows NT 10.0; Win64; x64) AppleWebKit/537.36 (KHTML, like Gecko) Chrome/150.0.0.0 Safari/537.36"
102.88.108.30 - - [22/Jul/2026:10:09:50 +0000] "GET /wp-content/plugins/wp-mail-smtp/assets/css/dashboard-widget.min.css?ver=4.9.0 HTTP/1.1" 200 19796 "https://sgcakesandsurprises.shop/wp-admin/" "Mozilla/5.0 (Windows NT 10.0; Win64; x64) AppleWebKit/537.36 (KHTML, like Gecko) Chrome/150.0.0.0 Safari/537.36"
102.88.108.30 - - [22/Jul/2026:10:09:50 +0000] "GET /wp-content/plugins/wpforms-lite/assets/css/dashboard-widget.min.css?ver=2.0.0.2 HTTP/1.1" 200 16935 "https://sgcakesandsurprises.shop/wp-admin/" "Mozilla/5.0 (Windows NT 10.0; Win64; x64) AppleWebKit/537.36 (KHTML, like Gecko) Chrome/150.0.0.0 Safari/537.36"
102.88.108.30 - - [22/Jul/2026:10:09:48 +0000] "GET /wp-content/plugins/elementor/assets/css/admin.min.css?ver=4.1.5 HTTP/1.1" 200 139013 "https://sgcakesandsurprises.shop/wp-admin/" "Mozilla/5.0 (Windows NT 10.0; Win64; x64) AppleWebKit/537.36 (KHTML, like Gecko) Chrome/150.0.0.0 Safari/537.36"
102.88.108.30 - - [22/Jul/2026:10:09:51 +0000] "GET /wp-content/plugins/wordfence/css/license/free-global.1778685035.css?ver=8.2.2 HTTP/1.1" 200 24342 "https://sgcakesandsurprises.shop/wp-admin/" "Mozilla/5.0 (Windows NT 10.0; Win64; x64) AppleWebKit/537.36 (KHTML, like Gecko) Chrome/150.0.0.0 Safari/537.36"
102.88.108.30 - - [22/Jul/2026:10:09:53 +0000] "GET /wp-content/plugins/wpforms-lite/assets/lib/jquery.confirm/jquery-confirm.min.css?ver=1.0.0 HTTP/1.1" 200 18174 "https://sgcakesandsurprises.shop/wp-admin/" "Mozilla/5.0 (Windows NT 10.0; Win64; x64) AppleWebKit/537.36 (KHTML, like Gecko) Chrome/150.0.0.0 Safari/537.36"
102.88.108.30 - - [22/Jul/2026:10:09:53 +0000] "GET /wp-admin/load-scripts.php?c=0&load%5Bchunk_0%5D=jquery-core,jquery-migrate,utils&ver=7.0.2 HTTP/1.1" 200 102997 "https://sgcakesandsurprises.shop/wp-admin/" "Mozilla/5.0 (Windows NT 10.0; Win64; x64) AppleWebKit/537.36 (KHTML, like Gecko) Chrome/150.0.0.0 Safari/537.36"
102.88.108.30 - - [22/Jul/2026:10:09:54 +0000] "GET /wp-content/plugins/wordfence/js/wfi18n.1778685035.js?ver=8.2.2 HTTP/1.1" 200 6640 "https://sgcakesandsurprises.shop/wp-admin/" "Mozilla/5.0 (Windows NT 10.0; Win64; x64) AppleWebKit/537.36 (KHTML, like Gecko) Chrome/150.0.0.0 Safari/537.36"
102.88.108.30 - - [22/Jul/2026:10:09:54 +0000] "GET /wp-content/plugins/wordfence/js/wfglobal.1778685035.js?ver=8.2.2 HTTP/1.1" 200 32181 "https://sgcakesandsurprises.shop/wp-admin/" "Mozilla/5.0 (Windows NT 10.0; Win64; x64) AppleWebKit/537.36 (KHTML, like Gecko) Chrome/150.0.0.0 Safari/537.36"
