105.113.102.52 - - [21/Jul/2026:21:04:30 +0000] "GET /wp-includes/js/jquery/jquery-migrate.min.js?ver=3.4.1 HTTP/1.1" 200 13577 "https://sgcakesandsurprises.shop/our-service/" "Mozilla/5.0 (Windows NT 10.0; Win64; x64) AppleWebKit/537.36 (KHTML, like Gecko) Chrome/150.0.0.0 Safari/537.36"
34.77.70.95 - - [21/Jul/2026:21:04:30 +0000] "GET / HTTP/1.1" 200 101561 "-" "Mozilla/5.0 (Windows NT 10.0; Win64; x64; rv:130.0) Gecko/20100101 Firefox/130.0"
105.113.102.52 - - [21/Jul/2026:21:04:29 +0000] "GET /wp-includes/js/jquery/jquery.min.js?ver=3.7.1 HTTP/1.1" 200 87553 "https://sgcakesandsurprises.shop/our-service/" "Mozilla/5.0 (Windows NT 10.0; Win64; x64) AppleWebKit/537.36 (KHTML, like Gecko) Chrome/150.0.0.0 Safari/537.36"
105.113.102.52 - - [21/Jul/2026:21:04:45 +0000] "GET /wp-content/plugins/elementor/assets/js/webpack.runtime.min.js?ver=4.1.5 HTTP/1.1" 200 5819 "https://sgcakesandsurprises.shop/our-service/" "Mozilla/5.0 (Windows NT 10.0; Win64; x64) AppleWebKit/537.36 (KHTML, like Gecko) Chrome/150.0.0.0 Safari/537.36"
105.113.102.52 - - [21/Jul/2026:21:04:30 +0000] "GET /wp-content/uploads/2026/07/WhatsApp-Image-2026-07-15-at-11.54.56-AM-1.jpeg HTTP/1.1" 200 110478 "https://sgcakesandsurprises.shop/our-service/" "Mozilla/5.0 (Windows NT 10.0; Win64; x64) AppleWebKit/537.36 (KHTML, like Gecko) Chrome/150.0.0.0 Safari/537.36"
105.113.102.52 - - [21/Jul/2026:21:04:33 +0000] "GET /wp-content/uploads/2026/07/WhatsApp-Image-2026-07-15-at-11.55.09-AM.jpeg HTTP/1.1" 200 118637 "https://sgcakesandsurprises.shop/our-service/" "Mozilla/5.0 (Windows NT 10.0; Win64; x64) AppleWebKit/537.36 (KHTML, like Gecko) Chrome/150.0.0.0 Safari/537.36"
105.113.102.52 - - [21/Jul/2026:21:04:33 +0000] "GET /wp-content/uploads/2026/07/WhatsApp-Image-2026-07-18-at-11.52.21-AM.jpeg HTTP/1.1" 200 173400 "https://sgcakesandsurprises.shop/our-service/" "Mozilla/5.0 (Windows NT 10.0; Win64; x64) AppleWebKit/537.36 (KHTML, like Gecko) Chrome/150.0.0.0 Safari/537.36"
105.113.102.52 - - [21/Jul/2026:21:05:02 +0000] "GET /wp-content/plugins/elementor/assets/js/frontend-modules.min.js?ver=4.1.5 HTTP/1.1" 200 50602 "https://sgcakesandsurprises.shop/our-service/" "Mozilla/5.0 (Windows NT 10.0; Win64; x64) AppleWebKit/537.36 (KHTML, like Gecko) Chrome/150.0.0.0 Safari/537.36"
105.113.102.52 - - [21/Jul/2026:21:05:03 +0000] "GET /wp-includes/js/jquery/ui/core.min.js?ver=1.13.3 HTTP/1.1" 200 21464 "https://sgcakesandsurprises.shop/our-service/" "Mozilla/5.0 (Windows NT 10.0; Win64; x64) AppleWebKit/537.36 (KHTML, like Gecko) Chrome/150.0.0.0 Safari/537.36"
105.113.102.52 - - [21/Jul/2026:21:05:05 +0000] "GET /wp-content/plugins/elementor/assets/js/frontend.min.js?ver=4.1.5 HTTP/1.1" 200 32098 "https://sgcakesandsurprises.shop/our-service/" "Mozilla/5.0 (Windows NT 10.0; Win64; x64) AppleWebKit/537.36 (KHTML, like Gecko) Chrome/150.0.0.0 Safari/537.36"
105.113.102.52 - - [21/Jul/2026:21:05:05 +0000] "GET /wp-content/plugins/pixelyoursite/dist/scripts/jquery.bind-first-0.2.3.min.js?ver=0.2.3 HTTP/1.1" 200 1317 "https://sgcakesandsurprises.shop/our-service/" "Mozilla/5.0 (Windows NT 10.0; Win64; x64) AppleWebKit/537.36 (KHTML, like Gecko) Chrome/150.0.0.0 Safari/537.36"
105.113.102.52 - - [21/Jul/2026:21:05:08 +0000] "GET /wp-content/plugins/pixelyoursite/dist/scripts/js.cookie-2.1.3.min.js?ver=2.1.3 HTTP/1.1" 200 1709 "https://sgcakesandsurprises.shop/our-service/" "Mozilla/5.0 (Windows NT 10.0; Win64; x64) AppleWebKit/537.36 (KHTML, like Gecko) Chrome/150.0.0.0 Safari/537.36"
105.113.102.52 - - [21/Jul/2026:21:04:51 +0000] "GET /wp-content/themes/twentytwentyfour/assets/fonts/cardo/cardo_normal_400.woff2 HTTP/1.1" 200 146060 "https://sgcakesandsurprises.shop/our-service/" "Mozilla/5.0 (Windows NT 10.0; Win64; x64) AppleWebKit/537.36 (KHTML, like Gecko) Chrome/150.0.0.0 Safari/537.36"
105.113.102.52 - - [21/Jul/2026:21:05:08 +0000] "GET /wp-content/plugins/pixelyoursite/dist/scripts/tld.min.js?ver=2.3.1 HTTP/1.1" 200 141079 "https://sgcakesandsurprises.shop/our-service/" "Mozilla/5.0 (Windows NT 10.0; Win64; x64) AppleWebKit/537.36 (KHTML, like Gecko) Chrome/150.0.0.0 Safari/537.36"
105.113.102.52 - - [21/Jul/2026:21:04:49 +0000] "GET /wp-content/themes/twentytwentyfour/assets/fonts/cardo/cardo_normal_700.woff2 HTTP/1.1" 200 132564 "https://sgcakesandsurprises.shop/our-service/" "Mozilla/5.0 (Windows NT 10.0; Win64; x64) AppleWebKit/537.36 (KHTML, like Gecko) Chrome/150.0.0.0 Safari/537.36"
105.113.102.52 - - [21/Jul/2026:21:05:10 +0000] "GET /wp-content/plugins/pixelyoursite/dist/scripts/public.js?ver=11.2.1 HTTP/1.1" 200 172979 "https://sgcakesandsurprises.shop/our-service/" "Mozilla/5.0 (Windows NT 10.0; Win64; x64) AppleWebKit/537.36 (KHTML, like Gecko) Chrome/150.0.0.0 Safari/537.36"
105.113.102.52 - - [21/Jul/2026:21:05:35 +0000] "GET /wp-content/uploads/2026/07/IMG-20260715-WA0006-Copy-1.jpg HTTP/1.1" 200 158516 "https://sgcakesandsurprises.shop/our-service/" "Mozilla/5.0 (Windows NT 10.0; Win64; x64) AppleWebKit/537.36 (KHTML, like Gecko) Chrome/150.0.0.0 Safari/537.36"
105.113.102.52 - - [21/Jul/2026:21:05:24 +0000] "GET /wp-content/uploads/2026/07/WhatsApp-Image-2026-07-15-at-11.55.38-AM.jpeg HTTP/1.1" 200 176297 "https://sgcakesandsurprises.shop/our-service/" "Mozilla/5.0 (Windows NT 10.0; Win64; x64) AppleWebKit/537.36 (KHTML, like Gecko) Chrome/150.0.0.0 Safari/537.36"
105.113.102.52 - - [21/Jul/2026:21:05:38 +0000] "GET /wp-content/uploads/2026/07/WhatsApp-Image-2026-07-15-at-11.53.49-AM.jpeg HTTP/1.1" 200 223730 "https://sgcakesandsurprises.shop/our-service/" "Mozilla/5.0 (Windows NT 10.0; Win64; x64) AppleWebKit/537.36 (KHTML, like Gecko) Chrome/150.0.0.0 Safari/537.36"
198.177.124.148 - - [21/Jul/2026:21:06:03 +0000] "POST /wp-cron.php?doing_wp_cron=1784667963.8219110965728759765625 HTTP/1.1" 200 - "-" "WordPress/7.0.2; https://sgcakesandsurprises.shop"
105.113.102.52 - - [21/Jul/2026:21:06:00 +0000] "GET /wp-admin/admin-ajax.php?action=pys_get_pbid HTTP/1.1" 200 1 "https://sgcakesandsurprises.shop/our-service/" "Mozilla/5.0 (Windows NT 10.0; Win64; x64) AppleWebKit/537.36 (KHTML, like Gecko) Chrome/150.0.0.0 Safari/537.36"
105.113.102.52 - - [21/Jul/2026:21:06:06 +0000] "GET /wp-content/uploads/2026/07/WhatsApp-Image-2026-07-18-at-11.52.28-AM-1.jpeg HTTP/1.1" 200 116346 "https://sgcakesandsurprises.shop/our-service/" "Mozilla/5.0 (Windows NT 10.0; Win64; x64) AppleWebKit/537.36 (KHTML, like Gecko) Chrome/150.0.0.0 Safari/537.36"
105.113.102.52 - - [21/Jul/2026:21:04:58 +0000] "GET /wp-content/themes/twentytwentyfour/assets/fonts/inter/Inter-VariableFont_slnt,wght.woff2 HTTP/1.1" 200 326628 "https://sgcakesandsurprises.shop/our-service/" "Mozilla/5.0 (Windows NT 10.0; Win64; x64) AppleWebKit/537.36 (KHTML, like Gecko) Chrome/150.0.0.0 Safari/537.36"
105.113.102.52 - - [21/Jul/2026:21:06:12 +0000] "GET /wp-content/uploads/2026/07/IMG-20260715-WA0029-Copy.jpg HTTP/1.1" 200 146008 "https://sgcakesandsurprises.shop/our-service/" "Mozilla/5.0 (Windows NT 10.0; Win64; x64) AppleWebKit/537.36 (KHTML, like Gecko) Chrome/150.0.0.0 Safari/537.36"
105.113.102.52 - - [21/Jul/2026:21:06:04 +0000] "GET /wp-content/uploads/2026/07/WhatsApp-Image-2026-07-18-at-11.52.30-AM.jpeg HTTP/1.1" 200 102441 "https://sgcakesandsurprises.shop/our-service/" "Mozilla/5.0 (Windows NT 10.0; Win64; x64) AppleWebKit/537.36 (KHTML, like Gecko) Chrome/150.0.0.0 Safari/537.36"
105.113.102.52 - - [21/Jul/2026:21:06:29 +0000] "GET /wp-content/uploads/2026/07/WhatsApp-Image-2026-07-15-at-11.55.36-AM-1.jpeg HTTP/1.1" 200 172619 "https://sgcakesandsurprises.shop/our-service/" "Mozilla/5.0 (Windows NT 10.0; Win64; x64) AppleWebKit/537.36 (KHTML, like Gecko) Chrome/150.0.0.0 Safari/537.36"
105.113.102.52 - - [21/Jul/2026:21:06:28 +0000] "GET /wp-content/uploads/2026/07/WhatsApp-Image-2026-07-18-at-11.52.23-AM.jpeg HTTP/1.1" 200 154362 "https://sgcakesandsurprises.shop/our-service/" "Mozilla/5.0 (Windows NT 10.0; Win64; x64) AppleWebKit/537.36 (KHTML, like Gecko) Chrome/150.0.0.0 Safari/537.36"
105.113.102.52 - - [21/Jul/2026:21:06:20 +0000] "GET /wp-content/uploads/2026/07/WhatsApp-Image-2026-07-18-at-11.52.20-AM.jpeg HTTP/1.1" 200 116108 "https://sgcakesandsurprises.shop/our-service/" "Mozilla/5.0 (Windows NT 10.0; Win64; x64) AppleWebKit/537.36 (KHTML, like Gecko) Chrome/150.0.0.0 Safari/537.36"
105.113.102.52 - - [21/Jul/2026:21:06:24 +0000] "GET /wp-content/uploads/2026/07/IMG-20260715-WA0030.jpg HTTP/1.1" 200 203967 "https://sgcakesandsurprises.shop/our-service/" "Mozilla/5.0 (Windows NT 10.0; Win64; x64) AppleWebKit/537.36 (KHTML, like Gecko) Chrome/150.0.0.0 Safari/537.36"
105.113.102.52 - - [21/Jul/2026:21:07:01 +0000] "GET /wp-content/uploads/2026/07/WhatsApp-Image-2026-07-15-at-11.55.36-AM.jpeg HTTP/1.1" 200 188237 "https://sgcakesandsurprises.shop/our-service/" "Mozilla/5.0 (Windows NT 10.0; Win64; x64) AppleWebKit/537.36 (KHTML, like Gecko) Chrome/150.0.0.0 Safari/537.36"
105.113.102.52 - - [21/Jul/2026:21:07:20 +0000] "GET /wp-content/plugins/elementor/assets/js/text-editor.45609661e409413f1cef.bundle.min.js HTTP/1.1" 200 1348 "https://sgcakesandsurprises.shop/our-service/" "Mozilla/5.0 (Windows NT 10.0; Win64; x64) AppleWebKit/537.36 (KHTML, like Gecko) Chrome/150.0.0.0 Safari/537.36"
105.113.102.52 - - [21/Jul/2026:21:07:21 +0000] "GET /wp-includes/js/wp-emoji-release.min.js?ver=7.0.2 HTTP/1.1" 200 22752 "https://sgcakesandsurprises.shop/our-service/" "Mozilla/5.0 (Windows NT 10.0; Win64; x64) AppleWebKit/537.36 (KHTML, like Gecko) Chrome/150.0.0.0 Safari/537.36"
105.113.102.52 - - [21/Jul/2026:21:06:36 +0000] "GET /wp-content/uploads/2026/07/WhatsApp-Image-2026-07-15-at-11.48.30-AM.jpeg HTTP/1.1" 200 295141 "https://sgcakesandsurprises.shop/our-service/" "Mozilla/5.0 (Windows NT 10.0; Win64; x64) AppleWebKit/537.36 (KHTML, like Gecko) Chrome/150.0.0.0 Safari/537.36"
105.113.102.52 - - [21/Jul/2026:21:05:17 +0000] "GET /wp-content/uploads/2026/07/WhatsApp-Image-2026-07-15-at-11.53.58-AM-1.jpeg HTTP/1.1" 200 279942 "https://sgcakesandsurprises.shop/our-service/" "Mozilla/5.0 (Windows NT 10.0; Win64; x64) AppleWebKit/537.36 (KHTML, like Gecko) Chrome/150.0.0.0 Safari/537.36"
105.113.102.52 - - [21/Jul/2026:21:07:10 +0000] "GET /wp-content/uploads/2026/07/WhatsApp-Image-2026-07-18-at-11.52.28-AM.jpeg HTTP/1.1" 200 114988 "https://sgcakesandsurprises.shop/our-service/" "Mozilla/5.0 (Windows NT 10.0; Win64; x64) AppleWebKit/537.36 (KHTML, like Gecko) Chrome/150.0.0.0 Safari/537.36"
105.113.102.52 - - [21/Jul/2026:21:07:50 +0000] "GET /wp-content/uploads/2026/07/IMG_1270.JPG.jpeg HTTP/1.1" 200 137059 "https://sgcakesandsurprises.shop/our-service/" "Mozilla/5.0 (Windows NT 10.0; Win64; x64) AppleWebKit/537.36 (KHTML, like Gecko) Chrome/150.0.0.0 Safari/537.36"
105.113.102.52 - - [21/Jul/2026:21:08:01 +0000] "GET /wp-content/uploads/2026/07/IMG-20260715-WA0012-Copy.jpg HTTP/1.1" 200 194471 "https://sgcakesandsurprises.shop/our-service/" "Mozilla/5.0 (Windows NT 10.0; Win64; x64) AppleWebKit/537.36 (KHTML, like Gecko) Chrome/150.0.0.0 Safari/537.36"
105.113.102.52 - - [21/Jul/2026:21:08:08 +0000] "GET /wp-content/uploads/2026/07/IMG-20260715-WA0015.jpg HTTP/1.1" 200 140623 "https://sgcakesandsurprises.shop/our-service/" "Mozilla/5.0 (Windows NT 10.0; Win64; x64) AppleWebKit/537.36 (KHTML, like Gecko) Chrome/150.0.0.0 Safari/537.36"
105.113.102.52 - - [21/Jul/2026:21:08:28 +0000] "GET /wp-content/uploads/2026/07/IMG-20260715-WA0033.jpg HTTP/1.1" 200 144207 "https://sgcakesandsurprises.shop/our-service/" "Mozilla/5.0 (Windows NT 10.0; Win64; x64) AppleWebKit/537.36 (KHTML, like Gecko) Chrome/150.0.0.0 Safari/537.36"
105.113.102.52 - - [21/Jul/2026:21:08:35 +0000] "GET /wp-content/uploads/2026/07/IMG-20260715-WA0007-Copy.jpg HTTP/1.1" 200 121579 "https://sgcakesandsurprises.shop/our-service/" "Mozilla/5.0 (Windows NT 10.0; Win64; x64) AppleWebKit/537.36 (KHTML, like Gecko) Chrome/150.0.0.0 Safari/537.36"
105.113.102.52 - - [21/Jul/2026:21:08:59 +0000] "GET /wp-content/uploads/2026/07/WhatsApp-Image-2026-07-15-at-11.55.19-AM.jpeg HTTP/1.1" 200 169973 "https://sgcakesandsurprises.shop/our-service/" "Mozilla/5.0 (Windows NT 10.0; Win64; x64) AppleWebKit/537.36 (KHTML, like Gecko) Chrome/150.0.0.0 Safari/537.36"
105.113.102.52 - - [21/Jul/2026:21:09:22 +0000] "GET /wp-content/uploads/2026/07/WhatsApp-Image-2026-07-18-at-11.52.08-AM.jpeg HTTP/1.1" 200 139577 "https://sgcakesandsurprises.shop/our-service/" "Mozilla/5.0 (Windows NT 10.0; Win64; x64) AppleWebKit/537.36 (KHTML, like Gecko) Chrome/150.0.0.0 Safari/537.36"
105.113.102.52 - - [21/Jul/2026:21:07:23 +0000] "GET /wp-content/uploads/2026/07/IMG_1286.JPG-scaled.jpeg HTTP/1.1" 200 515419 "https://sgcakesandsurprises.shop/our-service/" "Mozilla/5.0 (Windows NT 10.0; Win64; x64) AppleWebKit/537.36 (KHTML, like Gecko) Chrome/150.0.0.0 Safari/537.36"
105.113.102.52 - - [21/Jul/2026:21:10:23 +0000] "GET /wp-content/uploads/elementor/css/local-311-frontend-mobile.css?ver=6a5d0cad5b774 HTTP/1.1" 200 1770 "https://sgcakesandsurprises.shop/our-service/" "Mozilla/5.0 (Windows NT 10.0; Win64; x64) AppleWebKit/537.36 (KHTML, like Gecko) Chrome/150.0.0.0 Safari/537.36"
105.113.102.52 - - [21/Jul/2026:21:06:45 +0000] "GET /wp-content/uploads/2026/07/IMG-20260715-WA0021.jpg HTTP/1.1" 200 177767 "https://sgcakesandsurprises.shop/our-service/" "Mozilla/5.0 (Windows NT 10.0; Win64; x64) AppleWebKit/537.36 (KHTML, like Gecko) Chrome/150.0.0.0 Safari/537.36"
198.177.124.148 - - [21/Jul/2026:21:10:34 +0000] "POST /wp-cron.php?doing_wp_cron=1784668234.4861850738525390625000 HTTP/1.1" 200 - "-" "WordPress/7.0.2; https://sgcakesandsurprises.shop"
105.113.102.52 - - [21/Jul/2026:21:10:30 +0000] "POST /wp-json/pys-facebook/v1/event HTTP/1.1" 200 16 "https://sgcakesandsurprises.shop/our-service/" "Mozilla/5.0 (Windows NT 10.0; Win64; x64) AppleWebKit/537.36 (KHTML, like Gecko) Chrome/150.0.0.0 Safari/537.36"
105.113.102.52 - - [21/Jul/2026:21:08:58 +0000] "GET /wp-content/uploads/2026/07/IMG-20260715-WA0008-Copy-Copy.jpg HTTP/1.1" 200 214023 "https://sgcakesandsurprises.shop/our-service/" "Mozilla/5.0 (Windows NT 10.0; Win64; x64) AppleWebKit/537.36 (KHTML, like Gecko) Chrome/150.0.0.0 Safari/537.36"
105.113.102.52 - - [21/Jul/2026:21:09:59 +0000] "GET /wp-content/uploads/2026/07/IMG_1022.JPG.jpeg HTTP/1.1" 200 828014 "https://sgcakesandsurprises.shop/our-service/" "Mozilla/5.0 (Windows NT 10.0; Win64; x64) AppleWebKit/537.36 (KHTML, like Gecko) Chrome/150.0.0.0 Safari/537.36"
105.113.102.52 - - [21/Jul/2026:21:09:08 +0000] "GET /wp-content/uploads/2026/07/IMG_1002.JPG-scaled.jpeg HTTP/1.1" 200 442630 "https://sgcakesandsurprises.shop/our-service/" "Mozilla/5.0 (Windows NT 10.0; Win64; x64) AppleWebKit/537.36 (KHTML, like Gecko) Chrome/150.0.0.0 Safari/537.36"
105.113.102.52 - - [21/Jul/2026:21:07:41 +0000] "GET /wp-content/uploads/2026/07/IMG_1298.JPG-scaled.jpeg HTTP/1.1" 200 537860 "https://sgcakesandsurprises.shop/our-service/" "Mozilla/5.0 (Windows NT 10.0; Win64; x64) AppleWebKit/537.36 (KHTML, like Gecko) Chrome/150.0.0.0 Safari/537.36"
105.113.102.52 - - [21/Jul/2026:21:18:29 +0000] "GET /wp-content/uploads/2026/07/cropped-WhatsApp-Image-2026-07-16-at-2.15.30-PM-32x32.jpeg HTTP/1.1" 200 1102 "https://sgcakesandsurprises.shop/our-service/" "Mozilla/5.0 (Windows NT 10.0; Win64; x64) AppleWebKit/537.36 (KHTML, like Gecko) Chrome/150.0.0.0 Safari/537.36"
198.177.124.148 - - [21/Jul/2026:21:47:22 +0000] "POST /wp-cron.php?doing_wp_cron=1784670442.7745299339294433593750 HTTP/1.1" 200 - "-" "WordPress/7.0.2; https://sgcakesandsurprises.shop"
129.227.55.179 - - [21/Jul/2026:21:47:19 +0000] "POST /wp-login.php HTTP/1.1" 200 5923 "-" "Mozilla/5.0"
129.227.55.179 - - [21/Jul/2026:21:52:00 +0000] "POST /wp-login.php HTTP/1.1" 503 18957 "-" "Mozilla/5.0"
129.227.55.179 - - [21/Jul/2026:21:56:28 +0000] "POST /wp-login.php HTTP/1.1" 503 18043 "-" "Mozilla/5.0"
129.227.55.179 - - [21/Jul/2026:22:00:59 +0000] "POST /wp-login.php HTTP/1.1" 503 18043 "-" "Mozilla/5.0"
198.177.124.148 - - [21/Jul/2026:22:01:35 +0000] "POST /wp-cron.php?doing_wp_cron=1784671295.7734799385070800781250 HTTP/1.1" 200 - "-" "WordPress/7.0.2; https://sgcakesandsurprises.shop"
198.177.124.148 - - [21/Jul/2026:22:01:34 +0000] "POST /?wordfence_syncAttackData=1784671294.7364 HTTP/1.1" 200 - "-" "WordPress/7.0.2; https://sgcakesandsurprises.shop"
45.248.151.230 - - [21/Jul/2026:22:01:33 +0000] "GET /bootstrap.php?p= HTTP/1.1" 301 - "-" "Mozilla/5.0 (Windows NT 10.0; Win64; x64) AppleWebKit/537.36 (KHTML, like Gecko) Chrome/150.0.0.0 Safari/537.36"
45.248.151.230 - - [21/Jul/2026:22:01:37 +0000] "GET /bootstrap.php HTTP/1.1" 404 84058 "-" "Mozilla/5.0 (Windows NT 10.0; Win64; x64) AppleWebKit/537.36 (KHTML, like Gecko) Chrome/150.0.0.0 Safari/537.36"
45.248.151.230 - - [21/Jul/2026:22:01:41 +0000] "GET /wp-includes/js/jquery/jquery-migrate.min.js?ver=3.4.1 HTTP/1.1" 200 13577 "https://sgcakesandsurprises.shop/bootstrap.php" "Mozilla/5.0 (Windows NT 10.0; Win64; x64) AppleWebKit/537.36 (KHTML, like Gecko) Chrome/150.0.0.0 Safari/537.36"
45.248.151.230 - - [21/Jul/2026:22:01:41 +0000] "GET /wp-includes/js/jquery/jquery.min.js?ver=3.7.1 HTTP/1.1" 200 87553 "https://sgcakesandsurprises.shop/bootstrap.php" "Mozilla/5.0 (Windows NT 10.0; Win64; x64) AppleWebKit/537.36 (KHTML, like Gecko) Chrome/150.0.0.0 Safari/537.36"
45.248.151.230 - - [21/Jul/2026:22:01:42 +0000] "GET /wp-includes/js/dist/script-modules/interactivity/index.min.js?ver=efaa5193bbad9c60ffd1 HTTP/1.1" 200 40106 "https://sgcakesandsurprises.shop/bootstrap.php" "Mozilla/5.0 (Windows NT 10.0; Win64; x64) AppleWebKit/537.36 (KHTML, like Gecko) Chrome/150.0.0.0 Safari/537.36"
45.248.151.230 - - [21/Jul/2026:22:01:42 +0000] "GET /wp-includes/js/dist/script-modules/block-library/navigation/view.min.js?ver=96a846e1d7b789c39ab9 HTTP/1.1" 200 3053 "https://sgcakesandsurprises.shop/bootstrap.php" "Mozilla/5.0 (Windows NT 10.0; Win64; x64) AppleWebKit/537.36 (KHTML, like Gecko) Chrome/150.0.0.0 Safari/537.36"
45.248.151.230 - - [21/Jul/2026:22:01:43 +0000] "GET /wp-content/plugins/pixelyoursite/dist/scripts/jquery.bind-first-0.2.3.min.js?ver=0.2.3 HTTP/1.1" 200 1317 "https://sgcakesandsurprises.shop/bootstrap.php" "Mozilla/5.0 (Windows NT 10.0; Win64; x64) AppleWebKit/537.36 (KHTML, like Gecko) Chrome/150.0.0.0 Safari/537.36"
45.248.151.230 - - [21/Jul/2026:22:01:43 +0000] "GET /wp-content/plugins/pixelyoursite/dist/scripts/js.cookie-2.1.3.min.js?ver=2.1.3 HTTP/1.1" 200 1709 "https://sgcakesandsurprises.shop/bootstrap.php" "Mozilla/5.0 (Windows NT 10.0; Win64; x64) AppleWebKit/537.36 (KHTML, like Gecko) Chrome/150.0.0.0 Safari/537.36"
45.248.151.230 - - [21/Jul/2026:22:01:43 +0000] "GET /wp-content/plugins/pixelyoursite/dist/scripts/public.js?ver=11.2.1 HTTP/1.1" 200 172979 "https://sgcakesandsurprises.shop/bootstrap.php" "Mozilla/5.0 (Windows NT 10.0; Win64; x64) AppleWebKit/537.36 (KHTML, like Gecko) Chrome/150.0.0.0 Safari/537.36"
45.248.151.230 - - [21/Jul/2026:22:01:43 +0000] "GET /wp-content/plugins/pixelyoursite/dist/scripts/tld.min.js?ver=2.3.1 HTTP/1.1" 200 141079 "https://sgcakesandsurprises.shop/bootstrap.php" "Mozilla/5.0 (Windows NT 10.0; Win64; x64) AppleWebKit/537.36 (KHTML, like Gecko) Chrome/150.0.0.0 Safari/537.36"
45.248.151.230 - - [21/Jul/2026:22:01:51 +0000] "GET /wp-admin/admin-ajax.php?action=pys_get_pbid HTTP/1.1" 200 1 "https://sgcakesandsurprises.shop/bootstrap.php" "Mozilla/5.0 (Windows NT 10.0; Win64; x64) AppleWebKit/537.36 (KHTML, like Gecko) Chrome/150.0.0.0 Safari/537.36"
45.248.151.230 - - [21/Jul/2026:22:01:52 +0000] "GET /wp-content/themes/twentytwentyfour/assets/fonts/inter/Inter-VariableFont_slnt,wght.woff2 HTTP/1.1" 200 326628 "https://sgcakesandsurprises.shop/bootstrap.php" "Mozilla/5.0 (Windows NT 10.0; Win64; x64) AppleWebKit/537.36 (KHTML, like Gecko) Chrome/150.0.0.0 Safari/537.36"
45.248.151.230 - - [21/Jul/2026:22:01:52 +0000] "GET /wp-content/themes/twentytwentyfour/assets/fonts/cardo/cardo_normal_400.woff2 HTTP/1.1" 200 146060 "https://sgcakesandsurprises.shop/bootstrap.php" "Mozilla/5.0 (Windows NT 10.0; Win64; x64) AppleWebKit/537.36 (KHTML, like Gecko) Chrome/150.0.0.0 Safari/537.36"
45.248.151.230 - - [21/Jul/2026:22:02:44 +0000] "GET /wp-includes/js/wp-emoji-release.min.js?ver=7.0.2 HTTP/1.1" 200 22752 "https://sgcakesandsurprises.shop/bootstrap.php" "Mozilla/5.0 (Windows NT 10.0; Win64; x64) AppleWebKit/537.36 (KHTML, like Gecko) Chrome/150.0.0.0 Safari/537.36"
198.177.124.148 - - [21/Jul/2026:22:05:38 +0000] "POST /wp-cron.php?doing_wp_cron=1784671538.5789439678192138671875 HTTP/1.1" 200 - "-" "WordPress/7.0.2; https://sgcakesandsurprises.shop"
129.227.55.179 - - [21/Jul/2026:22:05:35 +0000] "POST /wp-login.php HTTP/1.1" 503 18957 "-" "Mozilla/5.0"
129.227.55.179 - - [21/Jul/2026:22:10:10 +0000] "POST /wp-login.php HTTP/1.1" 503 18044 "-" "Mozilla/5.0"
198.177.124.148 - - [21/Jul/2026:22:14:21 +0000] "POST /wp-cron.php?doing_wp_cron=1784672061.6484999656677246093750 HTTP/1.1" 200 - "-" "WordPress/7.0.2; https://sgcakesandsurprises.shop"
198.177.124.148 - - [21/Jul/2026:22:14:19 +0000] "POST /?wordfence_syncAttackData=1784672059.7329 HTTP/1.1" 200 - "-" "WordPress/7.0.2; https://sgcakesandsurprises.shop"
129.227.55.179 - - [21/Jul/2026:22:15:03 +0000] "POST /wp-login.php HTTP/1.1" 503 18044 "-" "Mozilla/5.0"
198.177.124.148 - - [21/Jul/2026:22:20:29 +0000] "POST /wp-cron.php?doing_wp_cron=1784672429.8323690891265869140625 HTTP/1.1" 200 - "-" "WordPress/7.0.2; https://sgcakesandsurprises.shop"
216.73.216.140 - - [21/Jul/2026:22:20:25 +0000] "GET /robots.txt HTTP/1.1" 200 125 "-" "Mozilla/5.0 AppleWebKit/537.36 (KHTML, like Gecko; compatible; ClaudeBot/1.0; +claudebot@anthropic.com)"
198.177.124.148 - - [21/Jul/2026:22:20:28 +0000] "POST /?wordfence_syncAttackData=1784672428.0114 HTTP/1.1" 200 - "-" "WordPress/7.0.2; https://sgcakesandsurprises.shop"
129.227.55.179 - - [21/Jul/2026:22:20:27 +0000] "POST /wp-login.php HTTP/1.1" 503 18957 "-" "Mozilla/5.0"
216.73.216.140 - - [21/Jul/2026:22:20:29 +0000] "GET /wp-sitemap.xml HTTP/1.1" 200 497 "-" "Mozilla/5.0 AppleWebKit/537.36 (KHTML, like Gecko; compatible; ClaudeBot/1.0; +claudebot@anthropic.com)"
198.177.124.148 - - [21/Jul/2026:22:20:28 +0000] "POST /?wordfence_syncAttackData=1784672428.7215 HTTP/1.1" 200 101561 "-" "WordPress/7.0.2; https://sgcakesandsurprises.shop"
129.227.55.179 - - [21/Jul/2026:22:25:51 +0000] "POST /wp-login.php HTTP/1.1" 503 18043 "-" "Mozilla/5.0"
198.177.124.148 - - [21/Jul/2026:22:31:27 +0000] "POST /wp-cron.php?doing_wp_cron=1784673087.8798739910125732421875 HTTP/1.1" 200 - "-" "WordPress/7.0.2; https://sgcakesandsurprises.shop"
129.227.55.179 - - [21/Jul/2026:22:31:22 +0000] "POST /wp-login.php HTTP/1.1" 503 18957 "-" "Mozilla/5.0"
198.177.124.148 - - [21/Jul/2026:22:31:25 +0000] "POST /?wordfence_syncAttackData=1784673085.7527 HTTP/1.1" 200 - "-" "WordPress/7.0.2; https://sgcakesandsurprises.shop"
129.227.55.179 - - [21/Jul/2026:22:36:48 +0000] "POST /wp-login.php HTTP/1.1" 503 18044 "-" "Mozilla/5.0"
198.177.124.148 - - [21/Jul/2026:22:42:36 +0000] "POST /wp-cron.php?doing_wp_cron=1784673756.7858738899230957031250 HTTP/1.1" 200 - "-" "WordPress/7.0.2; https://sgcakesandsurprises.shop"
103.139.144.206 - - [21/Jul/2026:22:42:30 +0000] "POST /wp-login.php HTTP/1.1" 503 18957 "-" "Mozilla/5.0"
198.177.124.148 - - [21/Jul/2026:22:42:33 +0000] "POST /?wordfence_syncAttackData=1784673753.8495 HTTP/1.1" 200 - "-" "WordPress/7.0.2; https://sgcakesandsurprises.shop"
198.177.124.148 - - [21/Jul/2026:22:59:38 +0000] "POST /wp-cron.php?doing_wp_cron=1784674778.1721620559692382812500 HTTP/1.1" 200 - "-" "WordPress/7.0.2; https://sgcakesandsurprises.shop"
34.76.117.34 - - [21/Jul/2026:22:59:34 +0000] "GET / HTTP/1.1" 200 101561 "-" "Mozilla/5.0 (Windows NT 10.0; Win64; x64; rv:130.0) Gecko/20100101 Firefox/130.0"
198.177.124.148 - - [21/Jul/2026:23:00:25 +0000] "POST /wp-cron.php?doing_wp_cron=1784674824.9600880146026611328125 HTTP/1.1" 200 - "-" "WordPress/7.0.2; https://sgcakesandsurprises.shop"
173.252.82.35 - - [21/Jul/2026:23:00:21 +0000] "GET /robots.txt HTTP/1.1" 200 125 "-" "facebookexternalhit/1.1 (+http://www.facebook.com/externalhit_uatext.php)"
173.252.82.41 - - [21/Jul/2026:23:00:22 +0000] "GET /robots.txt HTTP/1.1" 200 125 "-" "facebookexternalhit/1.1 (+http://www.facebook.com/externalhit_uatext.php)"
198.177.124.148 - - [22/Jul/2026:00:17:43 +0000] "POST /wp-cron.php?doing_wp_cron=1784679463.3555290699005126953125 HTTP/1.1" 200 - "-" "WordPress/7.0.2; https://sgcakesandsurprises.shop"
52.90.168.48 - - [22/Jul/2026:00:17:41 +0000] "GET / HTTP/1.1" 200 101561 "-" "Mozilla/5.0 (X11; Linux x86_64) AppleWebKit/537.36 (KHTML, like Gecko) Chrome/145.0.0.0 Safari/537.36"
52.90.168.48 - - [22/Jul/2026:00:17:43 +0000] "GET /wp-includes/blocks/navigation/style.min.css?ver=7.0.2 HTTP/1.1" 200 20709 "https://sgcakesandsurprises.shop/" "Mozilla/5.0 (X11; Linux x86_64) AppleWebKit/537.36 (KHTML, like Gecko) Chrome/145.0.0.0 Safari/537.36"
52.90.168.48 - - [22/Jul/2026:00:17:43 +0000] "GET /wp-includes/js/jquery/jquery.min.js?ver=3.7.1 HTTP/1.1" 200 87553 "https://sgcakesandsurprises.shop/" "Mozilla/5.0 (X11; Linux x86_64) AppleWebKit/537.36 (KHTML, like Gecko) Chrome/145.0.0.0 Safari/537.36"
52.90.168.48 - - [22/Jul/2026:00:17:43 +0000] "GET /wp-includes/js/jquery/jquery-migrate.min.js?ver=3.4.1 HTTP/1.1" 200 13577 "https://sgcakesandsurprises.shop/" "Mozilla/5.0 (X11; Linux x86_64) AppleWebKit/537.36 (KHTML, like Gecko) Chrome/145.0.0.0 Safari/537.36"
52.90.168.48 - - [22/Jul/2026:00:17:43 +0000] "GET /wp-content/themes/twentytwentyfour/assets/images/tourist-and-building.webp HTTP/1.1" 200 66482 "https://sgcakesandsurprises.shop/" "Mozilla/5.0 (X11; Linux x86_64) AppleWebKit/537.36 (KHTML, like Gecko) Chrome/145.0.0.0 Safari/537.36"
52.90.168.48 - - [22/Jul/2026:00:17:43 +0000] "GET /wp-content/themes/twentytwentyfour/assets/images/windows.webp HTTP/1.1" 200 126244 "https://sgcakesandsurprises.shop/" "Mozilla/5.0 (X11; Linux x86_64) AppleWebKit/537.36 (KHTML, like Gecko) Chrome/145.0.0.0 Safari/537.36"
52.90.168.48 - - [22/Jul/2026:00:17:43 +0000] "GET /wp-content/themes/twentytwentyfour/assets/images/building-exterior.webp HTTP/1.1" 200 199724 "https://sgcakesandsurprises.shop/" "Mozilla/5.0 (X11; Linux x86_64) AppleWebKit/537.36 (KHTML, like Gecko) Chrome/145.0.0.0 Safari/537.36"
52.90.168.48 - - [22/Jul/2026:00:17:43 +0000] "GET /wp-includes/js/dist/script-modules/interactivity/index.min.js?ver=efaa5193bbad9c60ffd1 HTTP/1.1" 200 40106 "https://sgcakesandsurprises.shop/" "Mozilla/5.0 (X11; Linux x86_64) AppleWebKit/537.36 (KHTML, like Gecko) Chrome/145.0.0.0 Safari/537.36"
52.90.168.48 - - [22/Jul/2026:00:17:43 +0000] "GET /wp-includes/js/dist/script-modules/block-library/navigation/view.min.js?ver=96a846e1d7b789c39ab9 HTTP/1.1" 200 3053 "https://sgcakesandsurprises.shop/" "Mozilla/5.0 (X11; Linux x86_64) AppleWebKit/537.36 (KHTML, like Gecko) Chrome/145.0.0.0 Safari/537.36"
52.90.168.48 - - [22/Jul/2026:00:17:43 +0000] "GET /wp-content/plugins/pixelyoursite/dist/scripts/jquery.bind-first-0.2.3.min.js?ver=0.2.3 HTTP/1.1" 200 1317 "https://sgcakesandsurprises.shop/" "Mozilla/5.0 (X11; Linux x86_64) AppleWebKit/537.36 (KHTML, like Gecko) Chrome/145.0.0.0 Safari/537.36"
52.90.168.48 - - [22/Jul/2026:00:17:43 +0000] "GET /wp-content/plugins/pixelyoursite/dist/scripts/js.cookie-2.1.3.min.js?ver=2.1.3 HTTP/1.1" 200 1709 "https://sgcakesandsurprises.shop/" "Mozilla/5.0 (X11; Linux x86_64) AppleWebKit/537.36 (KHTML, like Gecko) Chrome/145.0.0.0 Safari/537.36"
52.90.168.48 - - [22/Jul/2026:00:17:43 +0000] "GET /wp-content/plugins/pixelyoursite/dist/scripts/tld.min.js?ver=2.3.1 HTTP/1.1" 200 141079 "https://sgcakesandsurprises.shop/" "Mozilla/5.0 (X11; Linux x86_64) AppleWebKit/537.36 (KHTML, like Gecko) Chrome/145.0.0.0 Safari/537.36"
52.90.168.48 - - [22/Jul/2026:00:17:43 +0000] "GET /wp-content/plugins/pixelyoursite/dist/scripts/public.js?ver=11.2.1 HTTP/1.1" 200 172979 "https://sgcakesandsurprises.shop/" "Mozilla/5.0 (X11; Linux x86_64) AppleWebKit/537.36 (KHTML, like Gecko) Chrome/145.0.0.0 Safari/537.36"
52.90.168.48 - - [22/Jul/2026:00:17:43 +0000] "GET /wp-content/themes/twentytwentyfour/assets/fonts/inter/Inter-VariableFont_slnt,wght.woff2 HTTP/1.1" 200 326628 "https://sgcakesandsurprises.shop/" "Mozilla/5.0 (X11; Linux x86_64) AppleWebKit/537.36 (KHTML, like Gecko) Chrome/145.0.0.0 Safari/537.36"
52.90.168.48 - - [22/Jul/2026:00:17:43 +0000] "GET /wp-content/themes/twentytwentyfour/assets/fonts/cardo/cardo_normal_400.woff2 HTTP/1.1" 200 146060 "https://sgcakesandsurprises.shop/" "Mozilla/5.0 (X11; Linux x86_64) AppleWebKit/537.36 (KHTML, like Gecko) Chrome/145.0.0.0 Safari/537.36"
52.90.168.48 - - [22/Jul/2026:00:17:43 +0000] "GET /wp-content/themes/twentytwentyfour/assets/fonts/cardo/cardo_italic_400.woff2 HTTP/1.1" 200 105184 "https://sgcakesandsurprises.shop/" "Mozilla/5.0 (X11; Linux x86_64) AppleWebKit/537.36 (KHTML, like Gecko) Chrome/145.0.0.0 Safari/537.36"
52.90.168.48 - - [22/Jul/2026:00:17:44 +0000] "GET /wp-includes/js/wp-emoji-release.min.js?ver=7.0.2 HTTP/1.1" 200 22752 "https://sgcakesandsurprises.shop/" "Mozilla/5.0 (X11; Linux x86_64) AppleWebKit/537.36 (KHTML, like Gecko) Chrome/145.0.0.0 Safari/537.36"
52.90.168.48 - - [22/Jul/2026:00:17:44 +0000] "GET /wp-content/uploads/2026/07/cropped-WhatsApp-Image-2026-07-16-at-2.15.30-PM-32x32.jpeg HTTP/1.1" 200 1102 "https://sgcakesandsurprises.shop/" "Mozilla/5.0 (X11; Linux x86_64) AppleWebKit/537.36 (KHTML, like Gecko) Chrome/145.0.0.0 Safari/537.36"
52.90.168.48 - - [22/Jul/2026:00:17:43 +0000] "POST /wp-json/pys-facebook/v1/event HTTP/1.1" 200 16 "https://sgcakesandsurprises.shop/" "Mozilla/5.0 (X11; Linux x86_64) AppleWebKit/537.36 (KHTML, like Gecko) Chrome/145.0.0.0 Safari/537.36"
52.90.168.48 - - [22/Jul/2026:00:17:43 +0000] "GET /wp-admin/admin-ajax.php?action=pys_get_pbid HTTP/1.1" 200 1 "https://sgcakesandsurprises.shop/" "Mozilla/5.0 (X11; Linux x86_64) AppleWebKit/537.36 (KHTML, like Gecko) Chrome/145.0.0.0 Safari/537.36"
52.90.168.48 - - [22/Jul/2026:00:17:48 +0000] "GET /wp-content/uploads/2026/07/cropped-WhatsApp-Image-2026-07-16-at-2.15.30-PM-180x180.jpeg HTTP/1.1" 200 8843 "-" "Mozilla/5.0 (X11; Linux x86_64) AppleWebKit/537.36 (KHTML, like Gecko) Chrome/145.0.0.0 Safari/537.36"
198.177.124.148 - - [22/Jul/2026:00:21:29 +0000] "POST /wp-cron.php?doing_wp_cron=1784679689.2821118831634521484375 HTTP/1.1" 200 - "-" "WordPress/7.0.2; https://sgcakesandsurprises.shop"
216.73.216.140 - - [22/Jul/2026:00:21:26 +0000] "GET /robots.txt HTTP/1.1" 200 125 "-" "Mozilla/5.0 AppleWebKit/537.36 (KHTML, like Gecko; compatible; ClaudeBot/1.0; +claudebot@anthropic.com)"
216.73.216.140 - - [22/Jul/2026:00:21:29 +0000] "GET /wp-sitemap.xml HTTP/1.1" 200 497 "-" "Mozilla/5.0 AppleWebKit/537.36 (KHTML, like Gecko; compatible; ClaudeBot/1.0; +claudebot@anthropic.com)"
157.143.3.35 - - [22/Jul/2026:00:21:40 +0000] "GET / HTTP/1.1" 200 101561 "-" "Mozilla/5.0 (Linux; Android 6.0; Nexus 5 Build/MRA58N) AppleWebKit/537.36 (KHTML, like Gecko) Chrome/130.0.0.0 Mobile Safari/537.36"
198.177.124.148 - - [22/Jul/2026:00:23:03 +0000] "POST /wp-cron.php?doing_wp_cron=1784679783.3125131130218505859375 HTTP/1.1" 200 - "-" "WordPress/7.0.2; https://sgcakesandsurprises.shop"
157.143.3.35 - - [22/Jul/2026:00:23:00 +0000] "GET / HTTP/1.1" 301 - "-" "Mozilla/5.0 (Linux; Android 6.0; Nexus 5 Build/MRA58N) AppleWebKit/537.36 (KHTML, like Gecko) Chrome/130.0.0.0 Mobile Safari/537.36"
198.177.124.148 - - [22/Jul/2026:00:31:17 +0000] "POST /wp-cron.php?doing_wp_cron=1784680277.5560710430145263671875 HTTP/1.1" 200 - "-" "WordPress/7.0.2; https://sgcakesandsurprises.shop"
74.7.241.153 - - [22/Jul/2026:00:31:14 +0000] "GET /robots.txt HTTP/1.1" 200 125 "-" "Mozilla/5.0 (Macintosh; Intel Mac OS X 10_15_7) AppleWebKit/537.36 (KHTML, like Gecko) Chrome/131.0.0.0 Safari/537.36; compatible; OAI-SearchBot/1.4; robots.txt; +https://openai.com/searchbot"
154.205.8.214 - - [22/Jul/2026:00:35:08 +0000] "GET /filefuns.php HTTP/1.1" 200 8 "https://www.google.com" "Mozilla/5.0 (Windows NT 10.0; Win64; x64) AppleWebKit/537.36 (KHTML, like Gecko) Chrome/114.0.0.0 Safari/537.36 Edg/114.0.1823.43"
198.177.124.148 - - [22/Jul/2026:00:50:37 +0000] "POST /wp-cron.php?doing_wp_cron=1784681437.1235809326171875000000 HTTP/1.1" 200 - "-" "WordPress/7.0.2; https://sgcakesandsurprises.shop"
63.141.250.58 - - [22/Jul/2026:00:50:29 +0000] "GET / HTTP/1.1" 200 101561 "-" "Mozilla/5.0 (Windows NT 10.0; Win64; x64) AppleWebKit/537.36 (KHTML, like Gecko) Chrome/131.0.0.0 Safari/537.36"
63.141.250.58 - - [22/Jul/2026:00:50:37 +0000] "GET / HTTP/1.1" 200 101561 "-" "Mozilla/5.0 (compatible; Googlebot/2.1; +http://www.google.com/bot.html)"
63.141.250.58 - - [22/Jul/2026:00:51:42 +0000] "GET / HTTP/1.1" 200 101561 "-" "Mozilla/5.0 (Windows NT 10.0; Win64; x64) AppleWebKit/537.36 (KHTML, like Gecko) Chrome/131.0.0.0 Safari/537.36"
63.141.250.58 - - [22/Jul/2026:00:51:46 +0000] "GET / HTTP/1.1" 200 101561 "-" "Mozilla/5.0 (compatible; Googlebot/2.1; +http://www.google.com/bot.html)"
198.177.124.148 - - [22/Jul/2026:00:56:28 +0000] "POST /wp-cron.php?doing_wp_cron=1784681788.3295490741729736328125 HTTP/1.1" 200 - "-" "WordPress/7.0.2; https://sgcakesandsurprises.shop"
104.28.163.27 - - [22/Jul/2026:00:56:25 +0000] "GET / HTTP/1.1" 200 101561 "-" "Mozilla/5.0 (Macintosh; Intel Mac OS X 10_15_7) AppleWebKit/537.36 (KHTML, like Gecko) Chrome/90.0.4430.93 Safari/537.36"
104.28.163.27 - - [22/Jul/2026:00:56:29 +0000] "GET /?rest_route=/wp/v2/users HTTP/1.1" 401 108 "-" "Mozilla/5.0 (Linux; Android 11; Nokia G50) AppleWebKit/537.36 (KHTML, like Gecko) Chrome/123.0.6312.61 Mobile Safari/537.36"
198.177.124.148 - - [22/Jul/2026:01:02:11 +0000] "POST /wp-cron.php?doing_wp_cron=1784682131.3517870903015136718750 HTTP/1.1" 200 - "-" "WordPress/7.0.2; https://sgcakesandsurprises.shop"
104.199.40.115 - - [22/Jul/2026:01:02:05 +0000] "GET / HTTP/1.1" 200 101561 "-" "Mozilla/5.0 (Windows NT 10.0; Win64; x64) AppleWebKit/537.36 (KHTML, like Gecko) Chrome/128.0.6613.120 Safari/537.36 Edg/128.0.2739.67"
198.177.124.148 - - [22/Jul/2026:01:13:04 +0000] "POST /wp-cron.php?doing_wp_cron=1784682784.9051539897918701171875 HTTP/1.1" 200 - "-" "WordPress/7.0.2; https://sgcakesandsurprises.shop"
57.141.18.20 - - [22/Jul/2026:01:13:03 +0000] "GET /sitemap674.xml HTTP/1.1" 404 84030 "-" "Mozilla/5.0 (Macintosh; Intel Mac OS X 10_15_7) AppleWebKit/537.36 (KHTML, like Gecko) Chrome/145.0.0.0 Safari/537.36 (compatible; meta-externalagent/1.1 (+https://developers.facebook.com/docs/sharing/webmasters/crawler))"
198.177.124.148 - - [22/Jul/2026:01:19:29 +0000] "POST /wp-cron.php?doing_wp_cron=1784683168.9316420555114746093750 HTTP/1.1" 200 - "-" "WordPress/7.0.2; https://sgcakesandsurprises.shop"
72.63.14.107 - - [22/Jul/2026:01:19:25 +0000] "GET / HTTP/1.1" 200 101561 "-" "Mozilla/5.0 (X11; Linux i686; rv:109.0) Gecko/20100101 Firefox/120.0"
143.110.179.29 - - [22/Jul/2026:01:32:46 +0000] "GET / HTTP/1.1" 301 - "-" "Mozilla/5.0 (X11; Linux x86_64) AppleWebKit/537.36 (KHTML, like Gecko) Chrome/142.0.0.0 Safari/537.36"
198.177.124.148 - - [22/Jul/2026:01:56:28 +0000] "POST /wp-cron.php?doing_wp_cron=1784685388.3520689010620117187500 HTTP/1.1" 200 - "-" "WordPress/7.0.2; https://sgcakesandsurprises.shop"
54.217.83.13 - - [22/Jul/2026:01:56:23 +0000] "GET / HTTP/1.1" 200 101561 "-" "Mozilla/5.0 (iPad; CPU OS 17_1 like Mac OS X) AppleWebKit/605.1.15 (KHTML, like Gecko) Version/17.1 Mobile/15E148 Safari/604.1"
198.177.124.148 - - [22/Jul/2026:02:03:59 +0000] "POST /wp-cron.php?doing_wp_cron=1784685839.7204198837280273437500 HTTP/1.1" 200 - "-" "WordPress/7.0.2; https://sgcakesandsurprises.shop"
204.124.2.38 - - [22/Jul/2026:02:03:56 +0000] "GET / HTTP/1.1" 200 101561 "-" "Mozilla/5.0 (X11; Linux i686; rv:109.0) Gecko/20100101 Firefox/120.0"
198.177.124.148 - - [22/Jul/2026:02:29:52 +0000] "POST /wp-cron.php?doing_wp_cron=1784687392.3890979290008544921875 HTTP/1.1" 200 - "-" "WordPress/7.0.2; https://sgcakesandsurprises.shop"
216.73.216.140 - - [22/Jul/2026:02:29:48 +0000] "GET /robots.txt HTTP/1.1" 200 125 "-" "Mozilla/5.0 AppleWebKit/537.36 (KHTML, like Gecko; compatible; ClaudeBot/1.0; +claudebot@anthropic.com)"
216.73.216.140 - - [22/Jul/2026:02:29:52 +0000] "GET /wp-sitemap.xml HTTP/1.1" 200 497 "-" "Mozilla/5.0 AppleWebKit/537.36 (KHTML, like Gecko; compatible; ClaudeBot/1.0; +claudebot@anthropic.com)"
195.178.110.223 - - [22/Jul/2026:02:29:58 +0000] "GET /.git/config HTTP/1.1" 301 - "-" "Mozilla/5.0 (Windows NT 6.1; Win64; x64) AppleWebKit/537.36 (KHTML, like Gecko) Chrome/69.0.3497.100 Safari/537.36"
3.82.9.91 - - [22/Jul/2026:02:41:43 +0000] "GET / HTTP/1.1" 200 101561 "-" "Mozilla/5.0 (X11; Linux x86_64) AppleWebKit/537.36 (KHTML, like Gecko) Chrome/145.0.0.0 Safari/537.36"
3.82.9.91 - - [22/Jul/2026:02:41:50 +0000] "GET /wp-content/uploads/2026/07/cropped-WhatsApp-Image-2026-07-16-at-2.15.30-PM-32x32.jpeg HTTP/1.1" 200 1102 "http://sgcakesandsurprises.shop/" "Mozilla/5.0 (X11; Linux x86_64) AppleWebKit/537.36 (KHTML, like Gecko) Chrome/145.0.0.0 Safari/537.36"
3.82.9.91 - - [22/Jul/2026:02:41:50 +0000] "GET /wp-admin/admin-ajax.php?action=pys_get_pbid HTTP/1.1" 200 1 "http://sgcakesandsurprises.shop/" "Mozilla/5.0 (X11; Linux x86_64) AppleWebKit/537.36 (KHTML, like Gecko) Chrome/145.0.0.0 Safari/537.36"
198.177.124.148 - - [22/Jul/2026:02:41:53 +0000] "POST /wp-cron.php?doing_wp_cron=1784688113.2081840038299560546875 HTTP/1.1" 200 - "-" "WordPress/7.0.2; https://sgcakesandsurprises.shop"
3.82.9.91 - - [22/Jul/2026:02:41:50 +0000] "POST /wp-json/pys-facebook/v1/event HTTP/1.1" 200 16 "http://sgcakesandsurprises.shop/" "Mozilla/5.0 (X11; Linux x86_64) AppleWebKit/537.36 (KHTML, like Gecko) Chrome/145.0.0.0 Safari/537.36"
3.82.9.91 - - [22/Jul/2026:02:41:54 +0000] "GET /wp-content/uploads/2026/07/cropped-WhatsApp-Image-2026-07-16-at-2.15.30-PM-180x180.jpeg HTTP/1.1" 200 8843 "-" "Mozilla/5.0 (X11; Linux x86_64) AppleWebKit/537.36 (KHTML, like Gecko) Chrome/145.0.0.0 Safari/537.36"
198.177.124.148 - - [22/Jul/2026:02:50:16 +0000] "POST /wp-cron.php?doing_wp_cron=1784688616.2250769138336181640625 HTTP/1.1" 200 - "-" "WordPress/7.0.2; https://sgcakesandsurprises.shop"
185.191.171.5 - - [22/Jul/2026:02:50:11 +0000] "GET /robots.txt HTTP/1.1" 200 125 "-" "Mozilla/5.0 (compatible; SemrushBot/7~bl; +http://www.semrush.com/bot.html)"
85.208.96.210 - - [22/Jul/2026:02:50:16 +0000] "GET /food/ HTTP/1.1" 200 70492 "-" "Mozilla/5.0 (compatible; SemrushBot/7~bl; +http://www.semrush.com/bot.html)"
198.177.124.148 - - [22/Jul/2026:03:02:09 +0000] "POST /wp-cron.php?doing_wp_cron=1784689329.2418730258941650390625 HTTP/1.1" 200 - "-" "WordPress/7.0.2; https://sgcakesandsurprises.shop"
34.22.245.55 - - [22/Jul/2026:03:02:05 +0000] "GET / HTTP/1.1" 200 101561 "-" "Mozilla/5.0 (X11; Linux x86_64) AppleWebKit/537.36 (KHTML, like Gecko) Chrome/131.0.6778.86 Safari/537.36"
198.177.124.148 - - [22/Jul/2026:03:21:59 +0000] "POST /wp-cron.php?doing_wp_cron=1784690519.1639120578765869140625 HTTP/1.1" 200 - "-" "WordPress/7.0.2; https://sgcakesandsurprises.shop"
34.72.176.129 - - [22/Jul/2026:03:21:57 +0000] "GET /wp-admin/admin-ajax.php?action=pys_get_pbid HTTP/1.1" 200 1 "http://sgcakesandsurprises.shop/" "Mozilla/5.0 (Windows NT 10.0; Win64; x64) AppleWebKit/537.36 (KHTML, like Gecko) Chrome/125.0.6422.60 Safari/537.36 Edge/12.246"
104.197.69.115 - - [22/Jul/2026:03:22:01 +0000] "POST /wp-json/pys-facebook/v1/event HTTP/1.1" 200 16 "http://sgcakesandsurprises.shop/" "Mozilla/5.0 (Windows NT 10.0; Win64; x64) AppleWebKit/537.36 (KHTML, like Gecko) Chrome/125.0.6422.60 Safari/537.36 Edge/12.246"
205.169.39.53 - - [22/Jul/2026:03:22:15 +0000] "GET /wp-includes/js/jquery/jquery.min.js?ver=3.7.1 HTTP/1.1" 200 87553 "-" "Mozilla/5.0 (Windows NT 10.0) AppleWebKit/537.36 (KHTML, like Gecko) Chrome/106.0.0.0 Safari/537.36"
205.169.39.7 - - [22/Jul/2026:03:22:18 +0000] "GET /wp-content/themes/twentytwentyfour/assets/images/building-exterior.webp HTTP/1.1" 200 199724 "-" "Mozilla/5.0 (Windows NT 10.0) AppleWebKit/537.36 (KHTML, like Gecko) Chrome/106.0.0.0 Safari/537.36"
205.169.39.102 - - [22/Jul/2026:03:22:29 +0000] "GET /wp-admin/admin-ajax.php?action=pys_get_pbid HTTP/1.1" 200 1 "http://sgcakesandsurprises.shop/" "Mozilla/5.0 (Windows NT 10.0; Win64; x64) AppleWebKit/537.36 (KHTML, like Gecko) Chrome/79.0.3945.79 Safari/537.36"
205.169.39.102 - - [22/Jul/2026:03:22:29 +0000] "POST /wp-json/pys-facebook/v1/event HTTP/1.1" 200 16 "http://sgcakesandsurprises.shop/" "Mozilla/5.0 (Windows NT 10.0; Win64; x64) AppleWebKit/537.36 (KHTML, like Gecko) Chrome/79.0.3945.79 Safari/537.36"
198.177.124.148 - - [22/Jul/2026:03:42:41 +0000] "POST /wp-cron.php?doing_wp_cron=1784691761.6142179965972900390625 HTTP/1.1" 200 - "-" "WordPress/7.0.2; https://sgcakesandsurprises.shop"
185.191.171.5 - - [22/Jul/2026:03:42:37 +0000] "GET /deserts/ HTTP/1.1" 200 59290 "-" "Mozilla/5.0 (compatible; SemrushBot/7~bl; +http://www.semrush.com/bot.html)"
198.177.124.148 - - [22/Jul/2026:03:43:12 +0000] "POST /wp-cron.php?doing_wp_cron=1784691792.8688778877258300781250 HTTP/1.1" 200 - "-" "WordPress/7.0.2; https://sgcakesandsurprises.shop"
81.196.20.141 - - [22/Jul/2026:03:43:10 +0000] "GET / HTTP/1.1" 200 101561 "-" "Mozilla/5.0 (Windows NT 10.0; Win64; x64) AppleWebKit/537.36 (KHTML, like Gecko) Chrome/124.0.0.0 Safari/537.36"
198.177.124.148 - - [22/Jul/2026:04:38:32 +0000] "POST /wp-cron.php?doing_wp_cron=1784695112.1257801055908203125000 HTTP/1.1" 200 - "-" "WordPress/7.0.2; https://sgcakesandsurprises.shop"
216.73.216.140 - - [22/Jul/2026:04:38:30 +0000] "GET /robots.txt HTTP/1.1" 200 125 "-" "Mozilla/5.0 AppleWebKit/537.36 (KHTML, like Gecko; compatible; ClaudeBot/1.0; +claudebot@anthropic.com)"
216.73.216.140 - - [22/Jul/2026:04:38:32 +0000] "GET /wp-sitemap.xml HTTP/1.1" 200 497 "-" "Mozilla/5.0 AppleWebKit/537.36 (KHTML, like Gecko; compatible; ClaudeBot/1.0; +claudebot@anthropic.com)"
198.177.124.148 - - [22/Jul/2026:04:44:55 +0000] "POST /wp-cron.php?doing_wp_cron=1784695495.2939219474792480468750 HTTP/1.1" 200 - "-" "WordPress/7.0.2; https://sgcakesandsurprises.shop"
185.191.171.15 - - [22/Jul/2026:04:44:52 +0000] "GET /robots.txt HTTP/1.1" 200 125 "-" "Mozilla/5.0 (compatible; SemrushBot/7~bl; +http://www.semrush.com/bot.html)"
185.191.171.13 - - [22/Jul/2026:04:44:56 +0000] "GET /cakes/ HTTP/1.1" 200 43325 "-" "Mozilla/5.0 (compatible; SemrushBot/7~bl; +http://www.semrush.com/bot.html)"
198.177.124.148 - - [22/Jul/2026:04:57:00 +0000] "POST /wp-cron.php?doing_wp_cron=1784696220.6802320480346679687500 HTTP/1.1" 200 - "-" "WordPress/7.0.2; https://sgcakesandsurprises.shop"
85.208.96.197 - - [22/Jul/2026:04:56:58 +0000] "GET /love-eggs-also-referred-to-as-ben-wa-or-kegel-balls-are/ HTTP/1.1" 200 108919 "-" "Mozilla/5.0 (compatible; SemrushBot/7~bl; +http://www.semrush.com/bot.html)"
198.177.124.148 - - [22/Jul/2026:05:00:45 +0000] "POST /wp-cron.php?doing_wp_cron=1784696445.2918479442596435546875 HTTP/1.1" 200 - "-" "WordPress/7.0.2; https://sgcakesandsurprises.shop"
34.78.49.210 - - [22/Jul/2026:05:00:42 +0000] "GET / HTTP/1.1" 200 101561 "-" "Mozilla/5.0 (X11; Linux x86_64) AppleWebKit/537.36 (KHTML, like Gecko) Chrome/128.0.6613.120 Safari/537.36"
198.177.124.148 - - [22/Jul/2026:05:32:02 +0000] "POST /wp-cron.php?doing_wp_cron=1784698322.0778870582580566406250 HTTP/1.1" 200 - "-" "WordPress/7.0.2; https://sgcakesandsurprises.shop"
104.28.163.40 - - [22/Jul/2026:05:31:59 +0000] "GET / HTTP/1.1" 200 101561 "-" "Mozilla/5.0 (Macintosh; Intel Mac OS X 10_15_7) AppleWebKit/537.36 (KHTML, like Gecko) Chrome/90.0.4430.93 Safari/537.36"
104.28.163.40 - - [22/Jul/2026:05:32:03 +0000] "GET /?rest_route=/wp/v2/users HTTP/1.1" 401 108 "-" "Mozilla/5.0 (X11; Linux x86_64) AppleWebKit/537.36 (KHTML, like Gecko) Chrome/92.0.4515.107 Safari/537.36"
198.177.124.148 - - [22/Jul/2026:06:23:17 +0000] "POST /wp-cron.php?doing_wp_cron=1784701397.2191979885101318359375 HTTP/1.1" 200 - "-" "WordPress/7.0.2; https://sgcakesandsurprises.shop"
45.146.54.107 - - [22/Jul/2026:06:23:13 +0000] "GET /wp-login.php HTTP/1.1" 200 5500 "-" "Mozilla/5.0 (X11; Linux aarch64) AppleWebKit/537.36 (KHTML, like Gecko) Chrome/88.0.4324.96 Safari/537.36"
45.146.54.107 - - [22/Jul/2026:06:23:19 +0000] "GET /?author=1 HTTP/1.1" 404 79972 "-" "firefox|Mozilla/5.0 (Linux i681 x86_64) Gecko/20100101 Firefox/54.9"
216.73.163.42 - - [22/Jul/2026:06:23:22 +0000] "GET /?rest_route=/wp/v2/users HTTP/1.1" 401 108 "-" "Mozilla/5.0 (Linux; Android 9; Redmi 8A) AppleWebKit/537.36 (KHTML, like Gecko) Chrome/85.0.4183.127 Mobile Safari/537.36"
216.73.163.42 - - [22/Jul/2026:06:23:24 +0000] "GET /feed HTTP/1.1" 301 - "-" "Mozilla/5.0 (X11; U; Linux i686; de; rv:1.9.2.15) Gecko/20110330 CentOS/3.6-1.el5.centos Firefox/3.6.15"
216.73.163.42 - - [22/Jul/2026:06:23:26 +0000] "GET /feed/ HTTP/1.1" 200 9832 "-" "Mozilla/5.0 (X11; U; Linux i686; de; rv:1.9.2.15) Gecko/20110330 CentOS/3.6-1.el5.centos Firefox/3.6.15"
198.177.124.148 - - [22/Jul/2026:06:33:58 +0000] "POST /wp-cron.php?doing_wp_cron=1784702037.9559619426727294921875 HTTP/1.1" 200 - "-" "WordPress/7.0.2; https://sgcakesandsurprises.shop"
216.73.216.140 - - [22/Jul/2026:06:33:54 +0000] "GET /robots.txt HTTP/1.1" 200 125 "-" "Mozilla/5.0 AppleWebKit/537.36 (KHTML, like Gecko; compatible; ClaudeBot/1.0; +claudebot@anthropic.com)"
216.73.216.140 - - [22/Jul/2026:06:33:58 +0000] "GET /wp-sitemap.xml HTTP/1.1" 200 497 "-" "Mozilla/5.0 AppleWebKit/537.36 (KHTML, like Gecko; compatible; ClaudeBot/1.0; +claudebot@anthropic.com)"
198.177.124.148 - - [22/Jul/2026:07:02:32 +0000] "POST /wp-cron.php?doing_wp_cron=1784703752.7811439037322998046875 HTTP/1.1" 200 - "-" "WordPress/7.0.2; https://sgcakesandsurprises.shop"
192.42.116.109 - - [22/Jul/2026:07:02:28 +0000] "GET / HTTP/1.1" 200 101561 "-" "Mozilla/5.0 (Linux; Android 10; K) AppleWebKit/537.36 (KHTML, like Gecko) Chrome/140.0.0.0 Safari/537.36"
198.177.124.148 - - [22/Jul/2026:07:09:12 +0000] "POST /wp-cron.php?doing_wp_cron=1784704152.5153570175170898437500 HTTP/1.1" 200 - "-" "WordPress/7.0.2; https://sgcakesandsurprises.shop"
74.7.228.10 - - [22/Jul/2026:07:09:08 +0000] "GET /robots.txt HTTP/1.1" 301 - "-" "Mozilla/5.0 (Macintosh; Intel Mac OS X 10_15_7) AppleWebKit/537.36 (KHTML, like Gecko) Chrome/131.0.0.0 Safari/537.36; compatible; OAI-SearchBot/1.4; robots.txt; +https://openai.com/searchbot"
74.7.228.10 - - [22/Jul/2026:07:09:12 +0000] "GET /robots.txt HTTP/1.1" 200 125 "https://www.sgcakesandsurprises.shop/robots.txt" "Mozilla/5.0 (Macintosh; Intel Mac OS X 10_15_7) AppleWebKit/537.36 (KHTML, like Gecko) Chrome/131.0.0.0 Safari/537.36; compatible; OAI-SearchBot/1.4; robots.txt; +https://openai.com/searchbot"
198.177.124.148 - - [22/Jul/2026:07:23:06 +0000] "POST /wp-cron.php?doing_wp_cron=1784704986.5751719474792480468750 HTTP/1.1" 200 - "-" "WordPress/7.0.2; https://sgcakesandsurprises.shop"
34.76.117.34 - - [22/Jul/2026:07:23:01 +0000] "GET / HTTP/1.1" 200 101561 "-" "Mozilla/5.0 (Macintosh; Intel Mac OS X 10_15_7) AppleWebKit/537.36 (KHTML, like Gecko) Chrome/127.0.6533.100 Safari/537.36"
198.177.124.148 - - [22/Jul/2026:07:28:58 +0000] "POST /wp-cron.php?doing_wp_cron=1784705338.8141000270843505859375 HTTP/1.1" 200 - "-" "WordPress/7.0.2; https://sgcakesandsurprises.shop"
216.73.163.56 - - [22/Jul/2026:07:28:53 +0000] "POST /wp-login.php HTTP/1.1" 503 18955 "-" "Mozilla/5.0 (Linux; U; Android 7.0; zh-CN; MZ-PRO 7 Build/MRA58K) AppleWebKit/537.36 (KHTML, like Gecko) Version/4.0 Chrome/57.0.2987.108 MZBrowser/8.2.110-2020060117 UWS/2.15.0.4 Mobile Safari/537.36"
198.177.124.148 - - [22/Jul/2026:07:36:15 +0000] "POST /wp-cron.php?doing_wp_cron=1784705775.4109530448913574218750 HTTP/1.1" 200 - "-" "WordPress/7.0.2; https://sgcakesandsurprises.shop"
85.208.96.196 - - [22/Jul/2026:07:36:11 +0000] "GET /robots.txt HTTP/1.1" 200 125 "-" "Mozilla/5.0 (compatible; SemrushBot/7~bl; +http://www.semrush.com/bot.html)"
185.191.171.2 - - [22/Jul/2026:07:36:15 +0000] "GET /category/uncategorized/ HTTP/1.1" 200 91935 "-" "Mozilla/5.0 (compatible; SemrushBot/7~bl; +http://www.semrush.com/bot.html)"
198.177.124.148 - - [22/Jul/2026:07:53:50 +0000] "POST /wp-cron.php?doing_wp_cron=1784706830.1229650974273681640625 HTTP/1.1" 200 - "-" "WordPress/7.0.2; https://sgcakesandsurprises.shop"
85.137.57.233 - - [22/Jul/2026:07:53:45 +0000] "GET / HTTP/1.1" 301 - "-" "Mozilla/5.0 (Macintosh; Intel Mac OS X 10_15_7) AppleWebKit/537.36 (KHTML, like Gecko) Chrome/124.0.0.0 Safari/537.36"
198.177.124.148 - - [22/Jul/2026:07:54:12 +0000] "POST /wp-cron.php?doing_wp_cron=1784706852.2081890106201171875000 HTTP/1.1" 200 - "-" "WordPress/7.0.2; https://sgcakesandsurprises.shop"
45.131.194.118 - - [22/Jul/2026:07:54:09 +0000] "POST /wp-login.php HTTP/1.1" 503 18955 "-" "Mozilla/5.0 (Linux; Android 10; K) AppleWebKit/537.36 (KHTML, like Gecko) Chrome/123.0.0.0 Mobile Safari/537.36 [ip:93.38.72.69]"
198.177.124.148 - - [22/Jul/2026:08:18:45 +0000] "POST /wp-cron.php?doing_wp_cron=1784708325.7375419139862060546875 HTTP/1.1" 200 - "-" "WordPress/7.0.2; https://sgcakesandsurprises.shop"
216.73.163.72 - - [22/Jul/2026:08:18:42 +0000] "POST /wp-login.php HTTP/1.1" 503 18955 "-" "Mozilla/5.0 (Windows; U; Windows NT 5.2; en-US) AppleWebKit/532.0 (KHTML, like Gecko) Chrome/3.0.195.33 Safari/532.0"
198.177.124.148 - - [22/Jul/2026:08:23:30 +0000] "POST /wp-cron.php?doing_wp_cron=1784708609.9995040893554687500000 HTTP/1.1" 200 - "-" "WordPress/7.0.2; https://sgcakesandsurprises.shop"
185.191.171.5 - - [22/Jul/2026:08:23:26 +0000] "GET /sample-page/ HTTP/1.1" 200 86801 "-" "Mozilla/5.0 (compatible; SemrushBot/7~bl; +http://www.semrush.com/bot.html)"
198.177.124.148 - - [22/Jul/2026:08:31:38 +0000] "POST /wp-cron.php?doing_wp_cron=1784709098.3110420703887939453125 HTTP/1.1" 200 - "-" "WordPress/7.0.2; https://sgcakesandsurprises.shop"
216.73.216.140 - - [22/Jul/2026:08:31:34 +0000] "GET /robots.txt HTTP/1.1" 200 125 "-" "Mozilla/5.0 AppleWebKit/537.36 (KHTML, like Gecko; compatible; ClaudeBot/1.0; +claudebot@anthropic.com)"
