File: /home/yalenocb/access-logs/sgcakesandsurprises.shop.yalehafricanfoods.shop-ssl_log
198.177.124.148 - - [21/Jul/2026:07:22:45 +0000] "POST /wp-cron.php?doing_wp_cron=1784618565.5221619606018066406250 HTTP/1.1" 200 - "-" "WordPress/7.0.2; https://sgcakesandsurprises.shop"
3.219.86.171 - - [21/Jul/2026:07:22:42 +0000] "GET / HTTP/1.1" 301 - "-" "Mozilla/5.0 (Windows NT 10.0; Win64; x64) AppleWebKit/537.36 (KHTML, like Gecko) Chrome/115.0.0.0 Safari/537.36"
3.219.86.171 - - [21/Jul/2026:07:22:45 +0000] "GET / HTTP/1.1" 200 101040 "-" "Mozilla/5.0 (Windows NT 10.0; Win64; x64) AppleWebKit/537.36 (KHTML, like Gecko) Chrome/115.0.0.0 Safari/537.36"
198.177.124.148 - - [21/Jul/2026:07:25:42 +0000] "POST /wp-cron.php?doing_wp_cron=1784618742.2426390647888183593750 HTTP/1.1" 200 - "-" "WordPress/7.0.2; https://sgcakesandsurprises.shop"
166.88.149.95 - - [21/Jul/2026:07:25:40 +0000] "HEAD / HTTP/1.1" 200 - "-" "Mozilla/5.0 (Windows NT 6.1; Win64; x64) AppleWebKit/537.36 (KHTML, like Gecko) Chrome/120.0.0.0 Safari/537.36"
108.165.83.82 - - [21/Jul/2026:07:25:44 +0000] "GET /?rest_route=/wp/v2/users HTTP/1.1" 401 108 "-" "Mozilla/5.0 (Macintosh; Intel Mac OS X 10_15_7) AppleWebKit/605.1.15 (KHTML, like Gecko) Version/17.5 Safari/605.1.15"
198.177.124.148 - - [21/Jul/2026:07:32:08 +0000] "POST /wp-cron.php?doing_wp_cron=1784619128.3474531173706054687500 HTTP/1.1" 200 - "-" "WordPress/7.0.2; https://sgcakesandsurprises.shop"
34.76.117.34 - - [21/Jul/2026:07:32:06 +0000] "GET / HTTP/1.1" 200 101040 "-" "Mozilla/5.0 (Windows NT 10.0; Win64; x64) AppleWebKit/537.36 (KHTML, like Gecko) Chrome/131.0.6778.86 Safari/537.36"
143.110.232.242 - - [21/Jul/2026:08:03:08 +0000] "GET / HTTP/1.1" 200 101040 "-" "Mozilla/5.0 (X11; Linux x86_64; rv:142.0) Gecko/20100101 Firefox/142.0"
143.110.232.242 - - [21/Jul/2026:08:03:11 +0000] "GET /wp-content/uploads/2026/07/cropped-IMG-20260715-WA0026-Copy-32x32.jpg HTTP/1.1" 404 84618 "https://sgcakesandsurprises.shop/" "Mozilla/5.0 (X11; Linux x86_64; rv:142.0) Gecko/20100101 Firefox/142.0"
198.177.124.148 - - [21/Jul/2026:08:12:55 +0000] "POST /wp-cron.php?doing_wp_cron=1784621575.2469079494476318359375 HTTP/1.1" 200 - "-" "WordPress/7.0.2; https://sgcakesandsurprises.shop"
216.144.245.71 - - [21/Jul/2026:08:12:51 +0000] "POST /wp-login.php HTTP/1.1" 503 18955 "-" "Mozilla/5.0"
216.144.245.71 - - [21/Jul/2026:08:16:01 +0000] "POST /wp-login.php HTTP/1.1" 503 18041 "-" "Mozilla/5.0"
216.144.245.71 - - [21/Jul/2026:08:19:08 +0000] "POST /wp-login.php HTTP/1.1" 503 18041 "-" "Mozilla/5.0"
216.144.245.71 - - [21/Jul/2026:08:22:24 +0000] "POST /wp-login.php HTTP/1.1" 503 18041 "-" "Mozilla/5.0"
198.177.124.148 - - [21/Jul/2026:08:25:12 +0000] "POST /wp-cron.php?doing_wp_cron=1784622312.6884629726409912109375 HTTP/1.1" 200 - "-" "WordPress/7.0.2; https://sgcakesandsurprises.shop"
209.127.35.109 - - [21/Jul/2026:08:25:00 +0000] "GET /wp-login.php HTTP/1.1" 200 5436 "-" "Mozilla/5.0 (Macintosh; Intel Mac OS X 10_15_7) AppleWebKit/605.1.15 Version/17.0 Safari/605.1.15"
198.177.124.148 - - [21/Jul/2026:08:25:08 +0000] "POST /?wordfence_syncAttackData=1784622308.0851 HTTP/1.1" 200 - "-" "WordPress/7.0.2; https://sgcakesandsurprises.shop"
209.127.35.109 - - [21/Jul/2026:08:25:13 +0000] "GET /?author=1 HTTP/1.1" 404 79451 "-" "Mozilla/5.0 (Windows NT 10.0; Win64; rv:143.0) Gecko/20100101 Firefox/143.0"
209.127.35.109 - - [21/Jul/2026:08:25:19 +0000] "GET /?rest_route=/wp/v2/users HTTP/1.1" 401 108 "-" "Mozilla/5.0 (Macintosh; Intel Mac OS X 10_15_7) AppleWebKit/605.1.15 Version/17.0 Safari/605.1.15"
209.127.35.109 - - [21/Jul/2026:08:25:21 +0000] "GET /feed HTTP/1.1" 301 - "-" "Mozilla/5.0 (Macintosh; Intel Mac OS X 10_15_7) AppleWebKit/605.1.15 Version/17.0 Safari/605.1.15"
209.127.35.109 - - [21/Jul/2026:08:25:22 +0000] "GET /feed/ HTTP/1.1" 200 9816 "-" "Mozilla/5.0 (Macintosh; Intel Mac OS X 10_15_7) AppleWebKit/605.1.15 Version/17.0 Safari/605.1.15"
216.144.245.71 - - [21/Jul/2026:08:25:25 +0000] "POST /wp-login.php HTTP/1.1" 503 18955 "-" "Mozilla/5.0"
198.177.124.148 - - [21/Jul/2026:08:26:13 +0000] "POST /wp-cron.php?doing_wp_cron=1784622373.6263520717620849609375 HTTP/1.1" 200 - "-" "WordPress/7.0.2; https://sgcakesandsurprises.shop"
209.127.35.109 - - [21/Jul/2026:08:26:11 +0000] "POST /wp-login.php HTTP/1.1" 200 5859 "-" "Mozilla/5.0 (Macintosh; Intel Mac OS X 10_15_7) AppleWebKit/605.1.15 Version/17.0 Safari/605.1.15"
198.177.124.148 - - [21/Jul/2026:08:26:51 +0000] "POST /wp-cron.php?doing_wp_cron=1784622411.0850780010223388671875 HTTP/1.1" 200 - "-" "WordPress/7.0.2; https://sgcakesandsurprises.shop"
209.127.35.109 - - [21/Jul/2026:08:26:49 +0000] "POST /wp-login.php HTTP/1.1" 503 18955 "-" "Mozilla/5.0 (Windows NT 10.0; Win64; x64) AppleWebKit/537.36 Chrome/129.0.0.0 Safari/537.36"
209.127.35.109 - - [21/Jul/2026:08:27:27 +0000] "POST /wp-login.php HTTP/1.1" 503 18042 "-" "Mozilla/5.0 (Windows NT 10.0; Win64; rv:143.0) Gecko/20100101 Firefox/143.0"
209.127.35.109 - - [21/Jul/2026:08:28:01 +0000] "POST /wp-login.php HTTP/1.1" 503 18042 "-" "Mozilla/5.0 (Macintosh; Intel Mac OS X 10_15_7) AppleWebKit/605.1.15 Version/17.0 Safari/605.1.15"
216.144.245.71 - - [21/Jul/2026:08:28:33 +0000] "POST /wp-login.php HTTP/1.1" 503 18042 "-" "Mozilla/5.0"
209.127.35.109 - - [21/Jul/2026:08:28:40 +0000] "POST /wp-login.php HTTP/1.1" 503 18042 "-" "Mozilla/5.0 (Windows NT 10.0; Win64; rv:143.0) Gecko/20100101 Firefox/143.0"
198.177.124.148 - - [21/Jul/2026:08:29:11 +0000] "POST /wp-cron.php?doing_wp_cron=1784622551.3824191093444824218750 HTTP/1.1" 200 - "-" "WordPress/7.0.2; https://sgcakesandsurprises.shop"
104.105.80.153 - - [21/Jul/2026:08:29:05 +0000] "GET /wp-login.php HTTP/1.1" 200 5436 "-" "Mozilla/5.0 (Macintosh; Intel Mac OS X 14_3) AppleWebKit/605.1.15 (KHTML, like Gecko) Version/17.3 Safari/605.1.15"
198.177.124.148 - - [21/Jul/2026:08:29:08 +0000] "POST /?wordfence_syncAttackData=1784622548.7367 HTTP/1.1" 200 - "-" "WordPress/7.0.2; https://sgcakesandsurprises.shop"
104.105.80.153 - - [21/Jul/2026:08:29:11 +0000] "GET /?author=1 HTTP/1.1" 404 79451 "-" "Mozilla/5.0 (Windows NT 10.0; Win64; x64) AppleWebKit/537.36 (KHTML, like Gecko) Chrome/124.0.0.0 Safari/537.36 Edg/124.0.0.0"
104.105.80.153 - - [21/Jul/2026:08:29:18 +0000] "GET /?rest_route=/wp/v2/users HTTP/1.1" 401 108 "-" "Mozilla/5.0 (Windows NT 11.0; Win64; x64) AppleWebKit/537.36 (KHTML, like Gecko) Chrome/123.0.0.0 Safari/537.36"
209.127.35.109 - - [21/Jul/2026:08:29:21 +0000] "POST /wp-login.php HTTP/1.1" 503 18042 "-" "Mozilla/5.0 (Windows NT 10.0; Win64; rv:143.0) Gecko/20100101 Firefox/143.0"
104.105.80.153 - - [21/Jul/2026:08:29:21 +0000] "GET /feed HTTP/1.1" 301 - "-" "Mozilla/5.0 (X11; Linux x86_64) AppleWebKit/537.36 (KHTML, like Gecko) Chrome/124.0.0.0 Safari/537.36 Brave/1.65.0"
198.177.124.148 - - [21/Jul/2026:08:29:23 +0000] "POST /?wordfence_syncAttackData=1784622563.1498 HTTP/1.1" 200 - "-" "WordPress/7.0.2; https://sgcakesandsurprises.shop"
104.105.80.153 - - [21/Jul/2026:08:29:25 +0000] "GET /feed/ HTTP/1.1" 200 9816 "-" "Mozilla/5.0 (X11; Linux x86_64) AppleWebKit/537.36 (KHTML, like Gecko) Chrome/124.0.0.0 Safari/537.36 Brave/1.65.0"
209.127.35.109 - - [21/Jul/2026:08:29:59 +0000] "POST /wp-login.php HTTP/1.1" 503 18042 "-" "Mozilla/5.0 (Windows NT 10.0; Win64; rv:143.0) Gecko/20100101 Firefox/143.0"
209.127.35.109 - - [21/Jul/2026:08:30:36 +0000] "POST /wp-login.php HTTP/1.1" 503 18042 "-" "Mozilla/5.0 (Macintosh; Intel Mac OS X 10_15_7) AppleWebKit/605.1.15 Version/17.0 Safari/605.1.15"
209.127.35.109 - - [21/Jul/2026:08:31:16 +0000] "POST /wp-login.php HTTP/1.1" 503 18042 "-" "Mozilla/5.0 (Macintosh; Intel Mac OS X 10_15_7) AppleWebKit/605.1.15 Version/17.0 Safari/605.1.15"
216.144.245.71 - - [21/Jul/2026:08:31:24 +0000] "POST /wp-login.php HTTP/1.1" 503 18042 "-" "Mozilla/5.0"
198.177.124.148 - - [21/Jul/2026:08:31:53 +0000] "POST /?wordfence_syncAttackData=1784622713.1954 HTTP/1.1" 200 - "-" "WordPress/7.0.2; https://sgcakesandsurprises.shop"
198.177.124.148 - - [21/Jul/2026:08:31:53 +0000] "POST /?wordfence_syncAttackData=1784622713.192 HTTP/1.1" 200 101040 "-" "WordPress/7.0.2; https://sgcakesandsurprises.shop"
209.127.35.109 - - [21/Jul/2026:08:31:58 +0000] "POST /wp-login.php HTTP/1.1" 503 18041 "-" "Mozilla/5.0 (Macintosh; Intel Mac OS X 10_15_7) AppleWebKit/605.1.15 Version/17.0 Safari/605.1.15"
104.105.80.153 - - [21/Jul/2026:08:32:02 +0000] "POST /wp-login.php HTTP/1.1" 503 18955 "-" "Mozilla/5.0 (Windows NT 11.0; Win64; x64) AppleWebKit/537.36 (KHTML, like Gecko) Chrome/123.0.0.0 Safari/537.36"
209.127.35.109 - - [21/Jul/2026:08:32:38 +0000] "POST /wp-login.php HTTP/1.1" 503 18042 "-" "Mozilla/5.0 (Macintosh; Intel Mac OS X 10_15_7) AppleWebKit/605.1.15 Version/17.0 Safari/605.1.15"
209.127.35.109 - - [21/Jul/2026:08:33:20 +0000] "POST /wp-login.php HTTP/1.1" 503 18042 "-" "Mozilla/5.0 (Macintosh; Intel Mac OS X 10_15_7) AppleWebKit/605.1.15 Version/17.0 Safari/605.1.15"
104.105.80.153 - - [21/Jul/2026:08:33:36 +0000] "POST /wp-login.php HTTP/1.1" 503 18955 "-" "Mozilla/5.0 (Windows NT 10.0; Win64; x64) AppleWebKit/537.36 (KHTML, like Gecko) Chrome/124.0.0.0 Safari/537.36 OPR/108.0.0.0"
198.177.124.148 - - [21/Jul/2026:08:33:38 +0000] "POST /wp-cron.php?doing_wp_cron=1784622818.7976150512695312500000 HTTP/1.1" 200 - "-" "WordPress/7.0.2; https://sgcakesandsurprises.shop"
198.177.124.148 - - [21/Jul/2026:08:33:37 +0000] "POST /?wordfence_syncAttackData=1784622816.9899 HTTP/1.1" 200 - "-" "WordPress/7.0.2; https://sgcakesandsurprises.shop"
209.127.35.109 - - [21/Jul/2026:08:34:01 +0000] "POST /wp-login.php HTTP/1.1" 503 18042 "-" "Mozilla/5.0 (Windows NT 10.0; Win64; rv:143.0) Gecko/20100101 Firefox/143.0"
198.177.124.148 - - [21/Jul/2026:08:34:07 +0000] "POST /?wordfence_syncAttackData=1784622847.3897 HTTP/1.1" 200 - "-" "WordPress/7.0.2; https://sgcakesandsurprises.shop"
198.177.124.148 - - [21/Jul/2026:08:34:07 +0000] "POST /?wordfence_syncAttackData=1784622847.1912 HTTP/1.1" 200 101040 "-" "WordPress/7.0.2; https://sgcakesandsurprises.shop"
216.144.245.71 - - [21/Jul/2026:08:34:15 +0000] "POST /wp-login.php HTTP/1.1" 503 18041 "-" "Mozilla/5.0"
209.127.35.109 - - [21/Jul/2026:08:34:43 +0000] "POST /wp-login.php HTTP/1.1" 503 18041 "-" "Mozilla/5.0 (Windows NT 10.0; Win64; x64) AppleWebKit/537.36 Chrome/129.0.0.0 Safari/537.36"
198.177.124.148 - - [21/Jul/2026:08:34:42 +0000] "POST /?wordfence_syncAttackData=1784622882.3275 HTTP/1.1" 200 - "-" "WordPress/7.0.2; https://sgcakesandsurprises.shop"
104.105.80.153 - - [21/Jul/2026:08:35:12 +0000] "POST /wp-login.php HTTP/1.1" 503 18041 "-" "Mozilla/5.0 (Macintosh; Intel Mac OS X 10_15_7) AppleWebKit/605.1.15 (KHTML, like Gecko) Version/17.5 Safari/605.1.15"
209.127.35.109 - - [21/Jul/2026:08:35:24 +0000] "POST /wp-login.php HTTP/1.1" 503 18041 "-" "Mozilla/5.0 (Macintosh; Intel Mac OS X 10_15_7) AppleWebKit/605.1.15 Version/17.0 Safari/605.1.15"
209.127.35.109 - - [21/Jul/2026:08:36:05 +0000] "POST /wp-login.php HTTP/1.1" 503 18041 "-" "Mozilla/5.0 (Windows NT 10.0; Win64; rv:143.0) Gecko/20100101 Firefox/143.0"
104.105.80.153 - - [21/Jul/2026:08:36:34 +0000] "POST /wp-login.php HTTP/1.1" 503 18041 "-" "Mozilla/5.0 (Macintosh; Intel Mac OS X 13_6) AppleWebKit/605.1.15 (KHTML, like Gecko) Version/17.2 Safari/605.1.15"
209.127.35.109 - - [21/Jul/2026:08:36:47 +0000] "POST /wp-login.php HTTP/1.1" 503 18041 "-" "Mozilla/5.0 (Windows NT 10.0; Win64; x64) AppleWebKit/537.36 Chrome/129.0.0.0 Safari/537.36"
198.177.124.148 - - [21/Jul/2026:08:37:08 +0000] "POST /?wordfence_syncAttackData=1784623028.0726 HTTP/1.1" 200 - "-" "WordPress/7.0.2; https://sgcakesandsurprises.shop"
198.177.124.148 - - [21/Jul/2026:08:37:10 +0000] "POST /wp-cron.php?doing_wp_cron=1784623030.3761079311370849609375 HTTP/1.1" 200 - "-" "WordPress/7.0.2; https://sgcakesandsurprises.shop"
216.144.245.71 - - [21/Jul/2026:08:37:06 +0000] "POST /wp-login.php HTTP/1.1" 503 18955 "-" "Mozilla/5.0"
209.127.35.109 - - [21/Jul/2026:08:37:26 +0000] "POST /wp-login.php HTTP/1.1" 503 18955 "-" "Mozilla/5.0 (Windows NT 10.0; Win64; rv:143.0) Gecko/20100101 Firefox/143.0"
209.127.35.109 - - [21/Jul/2026:08:38:05 +0000] "POST /wp-login.php HTTP/1.1" 503 18042 "-" "Mozilla/5.0 (Windows NT 10.0; Win64; rv:143.0) Gecko/20100101 Firefox/143.0"
104.105.80.153 - - [21/Jul/2026:08:38:14 +0000] "POST /wp-login.php HTTP/1.1" 503 18042 "-" "Mozilla/5.0 (X11; Linux x86_64) AppleWebKit/537.36 (KHTML, like Gecko) Chrome/124.0.0.0 Safari/537.36 Brave/1.65.0"
209.127.35.109 - - [21/Jul/2026:08:38:43 +0000] "POST /wp-login.php HTTP/1.1" 503 18042 "-" "Mozilla/5.0 (Windows NT 10.0; Win64; x64) AppleWebKit/537.36 Chrome/129.0.0.0 Safari/537.36"
209.127.35.109 - - [21/Jul/2026:08:39:19 +0000] "POST /wp-login.php HTTP/1.1" 503 18042 "-" "Mozilla/5.0 (Windows NT 10.0; Win64; x64) AppleWebKit/537.36 Chrome/129.0.0.0 Safari/537.36"
198.177.124.148 - - [21/Jul/2026:08:39:42 +0000] "POST /wp-cron.php?doing_wp_cron=1784623182.2095980644226074218750 HTTP/1.1" 200 - "-" "WordPress/7.0.2; https://sgcakesandsurprises.shop"
198.177.124.148 - - [21/Jul/2026:08:39:40 +0000] "POST /?wordfence_syncAttackData=1784623180.8608 HTTP/1.1" 200 - "-" "WordPress/7.0.2; https://sgcakesandsurprises.shop"
104.105.80.153 - - [21/Jul/2026:08:39:43 +0000] "POST /wp-login.php HTTP/1.1" 503 18041 "-" "Mozilla/5.0 (Windows NT 10.0; Win64; x64) AppleWebKit/537.36 (KHTML, like Gecko) Chrome/124.0.0.0 Safari/537.36"
209.127.35.109 - - [21/Jul/2026:08:39:57 +0000] "POST /wp-login.php HTTP/1.1" 503 18042 "-" "Mozilla/5.0 (Windows NT 10.0; Win64; rv:143.0) Gecko/20100101 Firefox/143.0"
216.144.245.71 - - [21/Jul/2026:08:40:03 +0000] "POST /wp-login.php HTTP/1.1" 503 18042 "-" "Mozilla/5.0"
209.127.35.109 - - [21/Jul/2026:08:40:36 +0000] "POST /wp-login.php HTTP/1.1" 503 18042 "-" "Mozilla/5.0 (Windows NT 10.0; Win64; rv:143.0) Gecko/20100101 Firefox/143.0"
104.105.80.153 - - [21/Jul/2026:08:41:16 +0000] "POST /wp-login.php HTTP/1.1" 503 18042 "-" "Mozilla/5.0 (Windows NT 10.0; Win64; x64) AppleWebKit/537.36 (KHTML, like Gecko) Chrome/124.0.0.0 Safari/537.36 Brave/1.65.0"
209.127.35.109 - - [21/Jul/2026:08:41:17 +0000] "POST /wp-login.php HTTP/1.1" 503 18042 "-" "Mozilla/5.0 (Windows NT 10.0; Win64; x64) AppleWebKit/537.36 Chrome/129.0.0.0 Safari/537.36"
209.127.35.109 - - [21/Jul/2026:08:41:55 +0000] "POST /wp-login.php HTTP/1.1" 503 18042 "-" "Mozilla/5.0 (Macintosh; Intel Mac OS X 10_15_7) AppleWebKit/605.1.15 Version/17.0 Safari/605.1.15"
209.127.35.109 - - [21/Jul/2026:08:42:35 +0000] "POST /wp-login.php HTTP/1.1" 503 18042 "-" "Mozilla/5.0 (Windows NT 10.0; Win64; x64) AppleWebKit/537.36 Chrome/129.0.0.0 Safari/537.36"
198.177.124.148 - - [21/Jul/2026:08:42:43 +0000] "POST /wp-cron.php?doing_wp_cron=1784623363.1210339069366455078125 HTTP/1.1" 200 - "-" "WordPress/7.0.2; https://sgcakesandsurprises.shop"
104.105.80.153 - - [21/Jul/2026:08:42:39 +0000] "POST /wp-login.php HTTP/1.1" 503 18955 "-" "Mozilla/5.0 (Windows NT 10.0; WOW64) AppleWebKit/537.36 (KHTML, like Gecko) Chrome/118.0.0.0 Safari/537.36"
198.177.124.148 - - [21/Jul/2026:08:42:40 +0000] "POST /?wordfence_syncAttackData=1784623360.8307 HTTP/1.1" 200 - "-" "WordPress/7.0.2; https://sgcakesandsurprises.shop"
216.144.245.71 - - [21/Jul/2026:08:42:55 +0000] "POST /wp-login.php HTTP/1.1" 503 18042 "-" "Mozilla/5.0"
209.127.35.109 - - [21/Jul/2026:08:43:20 +0000] "POST /wp-login.php HTTP/1.1" 503 18042 "-" "Mozilla/5.0 (Windows NT 10.0; Win64; x64) AppleWebKit/537.36 Chrome/129.0.0.0 Safari/537.36"
104.105.80.153 - - [21/Jul/2026:08:44:00 +0000] "POST /wp-login.php HTTP/1.1" 503 18042 "-" "Mozilla/5.0 (Macintosh; Intel Mac OS X 14_3) AppleWebKit/537.36 (KHTML, like Gecko) Chrome/125.0.0.0 Safari/537.36"
209.127.35.109 - - [21/Jul/2026:08:44:03 +0000] "POST /wp-login.php HTTP/1.1" 503 18042 "-" "Mozilla/5.0 (Windows NT 10.0; Win64; x64) AppleWebKit/537.36 Chrome/129.0.0.0 Safari/537.36"
209.127.35.109 - - [21/Jul/2026:08:44:46 +0000] "POST /wp-login.php HTTP/1.1" 503 18042 "-" "Mozilla/5.0 (Windows NT 10.0; Win64; x64) AppleWebKit/537.36 Chrome/129.0.0.0 Safari/537.36"
104.105.80.153 - - [21/Jul/2026:08:45:22 +0000] "POST /wp-login.php HTTP/1.1" 503 18042 "-" "Mozilla/5.0 (Windows NT 10.0; Win64; x64) AppleWebKit/537.36 (KHTML, like Gecko) Chrome/124.0.0.0 Safari/537.36 OPR/108.0.0.0"
209.127.35.109 - - [21/Jul/2026:08:45:29 +0000] "POST /wp-login.php HTTP/1.1" 503 18042 "-" "Mozilla/5.0 (Macintosh; Intel Mac OS X 10_15_7) AppleWebKit/605.1.15 Version/17.0 Safari/605.1.15"
216.144.245.71 - - [21/Jul/2026:08:45:59 +0000] "POST /wp-login.php HTTP/1.1" 503 18042 "-" "Mozilla/5.0"
209.127.35.109 - - [21/Jul/2026:08:46:10 +0000] "POST /wp-login.php HTTP/1.1" 503 18042 "-" "Mozilla/5.0 (Macintosh; Intel Mac OS X 10_15_7) AppleWebKit/605.1.15 Version/17.0 Safari/605.1.15"
104.105.80.153 - - [21/Jul/2026:08:46:45 +0000] "POST /wp-login.php HTTP/1.1" 503 18042 "-" "Mozilla/5.0 (X11; Linux x86_64) AppleWebKit/537.36 (KHTML, like Gecko) Chrome/124.0.0.0 Safari/537.36 Edg/124.0.0.0"
209.127.35.109 - - [21/Jul/2026:08:46:51 +0000] "POST /wp-login.php HTTP/1.1" 503 18042 "-" "Mozilla/5.0 (Windows NT 10.0; Win64; x64) AppleWebKit/537.36 Chrome/129.0.0.0 Safari/537.36"
198.177.124.148 - - [21/Jul/2026:08:47:33 +0000] "POST /wp-cron.php?doing_wp_cron=1784623653.7969179153442382812500 HTTP/1.1" 200 - "-" "WordPress/7.0.2; https://sgcakesandsurprises.shop"
198.177.124.148 - - [21/Jul/2026:08:47:33 +0000] "POST /?wordfence_syncAttackData=1784623652.9822 HTTP/1.1" 200 - "-" "WordPress/7.0.2; https://sgcakesandsurprises.shop"
209.127.35.109 - - [21/Jul/2026:08:47:31 +0000] "POST /wp-login.php HTTP/1.1" 503 18955 "-" "Mozilla/5.0 (Macintosh; Intel Mac OS X 10_15_7) AppleWebKit/605.1.15 Version/17.0 Safari/605.1.15"
209.127.35.109 - - [21/Jul/2026:08:48:13 +0000] "POST /wp-login.php HTTP/1.1" 503 18042 "-" "Mozilla/5.0 (Windows NT 10.0; Win64; x64) AppleWebKit/537.36 Chrome/129.0.0.0 Safari/537.36"
104.105.80.153 - - [21/Jul/2026:08:48:21 +0000] "POST /wp-login.php HTTP/1.1" 503 18042 "-" "Mozilla/5.0 (Macintosh; Intel Mac OS X 10_15_7) AppleWebKit/537.36 (KHTML, like Gecko) Chrome/124.0.0.0 Safari/537.36"
198.177.124.148 - - [21/Jul/2026:08:49:19 +0000] "POST /wp-cron.php?doing_wp_cron=1784623759.9077050685882568359375 HTTP/1.1" 200 - "-" "WordPress/7.0.2; https://sgcakesandsurprises.shop"
198.177.124.148 - - [21/Jul/2026:08:49:17 +0000] "POST /?wordfence_syncAttackData=1784623757.9715 HTTP/1.1" 200 - "-" "WordPress/7.0.2; https://sgcakesandsurprises.shop"
216.144.245.71 - - [21/Jul/2026:08:49:16 +0000] "POST /wp-login.php HTTP/1.1" 503 18955 "-" "Mozilla/5.0"
104.105.80.153 - - [21/Jul/2026:08:49:53 +0000] "POST /wp-login.php HTTP/1.1" 503 18042 "-" "Mozilla/5.0 (Macintosh; Intel Mac OS X 13_6) AppleWebKit/605.1.15 (KHTML, like Gecko) Version/17.2 Safari/605.1.15"
104.105.80.153 - - [21/Jul/2026:08:51:36 +0000] "POST /wp-login.php HTTP/1.1" 503 18042 "-" "Mozilla/5.0 (Macintosh; Intel Mac OS X 14_2) AppleWebKit/537.36 (KHTML, like Gecko) Chrome/124.0.0.0 Safari/537.36 OPR/108.0.0.0"
216.144.245.71 - - [21/Jul/2026:08:52:35 +0000] "POST /wp-login.php HTTP/1.1" 503 18042 "-" "Mozilla/5.0"
198.177.124.148 - - [21/Jul/2026:08:53:08 +0000] "POST /wp-cron.php?doing_wp_cron=1784623988.0106809139251708984375 HTTP/1.1" 200 - "-" "WordPress/7.0.2; https://sgcakesandsurprises.shop"
198.177.124.148 - - [21/Jul/2026:08:53:06 +0000] "POST /?wordfence_syncAttackData=1784623986.2996 HTTP/1.1" 200 - "-" "WordPress/7.0.2; https://sgcakesandsurprises.shop"
104.105.80.153 - - [21/Jul/2026:08:53:05 +0000] "POST /wp-login.php HTTP/1.1" 503 18955 "-" "Mozilla/5.0 (Windows NT 10.0; Win64; x64) AppleWebKit/537.36 (KHTML, like Gecko) Chrome/124.0.0.0 Safari/537.36"
104.105.80.153 - - [21/Jul/2026:08:54:41 +0000] "POST /wp-login.php HTTP/1.1" 503 18042 "-" "Mozilla/5.0 (Windows NT 6.3; Win64; x64; rv:118.0) Gecko/20100101 Firefox/118.0"
216.144.245.71 - - [21/Jul/2026:08:55:41 +0000] "POST /wp-login.php HTTP/1.1" 503 18042 "-" "Mozilla/5.0"
104.105.80.153 - - [21/Jul/2026:08:56:12 +0000] "POST /wp-login.php HTTP/1.1" 503 18042 "-" "Mozilla/5.0 (Windows NT 10.0; Win64; x64) AppleWebKit/537.36 (KHTML, like Gecko) Chrome/124.0.0.0 Safari/537.36 Brave/1.65.0"
104.105.80.153 - - [21/Jul/2026:08:57:32 +0000] "POST /wp-login.php HTTP/1.1" 503 18042 "-" "Mozilla/5.0 (X11; Linux x86_64; rv:125.0) Gecko/20100101 Firefox/125.0"
104.105.80.153 - - [21/Jul/2026:08:58:54 +0000] "POST /wp-login.php HTTP/1.1" 503 18042 "-" "Mozilla/5.0 (Macintosh; Intel Mac OS X 10_15_7) AppleWebKit/605.1.15 (KHTML, like Gecko) Version/17.5 Safari/605.1.15"
216.144.245.71 - - [21/Jul/2026:08:59:01 +0000] "POST /wp-login.php HTTP/1.1" 503 18042 "-" "Mozilla/5.0"
198.177.124.148 - - [21/Jul/2026:09:00:13 +0000] "POST /wp-cron.php?doing_wp_cron=1784624413.4071528911590576171875 HTTP/1.1" 200 - "-" "WordPress/7.0.2; https://sgcakesandsurprises.shop"
66.249.77.96 - - [21/Jul/2026:09:00:09 +0000] "GET /robots.txt HTTP/1.1" 200 125 "-" "Mozilla/5.0 (compatible; Googlebot/2.1; +http://www.google.com/bot.html)"
198.177.124.148 - - [21/Jul/2026:09:00:11 +0000] "POST /?wordfence_syncAttackData=1784624411.6424 HTTP/1.1" 200 - "-" "WordPress/7.0.2; https://sgcakesandsurprises.shop"
66.249.77.96 - - [21/Jul/2026:09:00:13 +0000] "GET /hello-world/ HTTP/1.1" 200 106849 "-" "Mozilla/5.0 (compatible; Googlebot/2.1; +http://www.google.com/bot.html)"
104.105.80.153 - - [21/Jul/2026:09:00:21 +0000] "POST /wp-login.php HTTP/1.1" 503 18042 "-" "Mozilla/5.0 (Windows NT 10.0; Win64; x64) AppleWebKit/537.36 (KHTML, like Gecko) Chrome/124.0.0.0 Safari/537.36"
104.105.80.153 - - [21/Jul/2026:09:01:44 +0000] "POST /wp-login.php HTTP/1.1" 503 18042 "-" "Mozilla/5.0 (Macintosh; Intel Mac OS X 14_3) AppleWebKit/605.1.15 (KHTML, like Gecko) Version/17.3 Safari/605.1.15"
198.177.124.148 - - [21/Jul/2026:09:02:17 +0000] "POST /wp-cron.php?doing_wp_cron=1784624537.5458409786224365234375 HTTP/1.1" 200 - "-" "WordPress/7.0.2; https://sgcakesandsurprises.shop"
198.177.124.148 - - [21/Jul/2026:09:02:15 +0000] "POST /?wordfence_syncAttackData=1784624535.9143 HTTP/1.1" 200 - "-" "WordPress/7.0.2; https://sgcakesandsurprises.shop"
216.144.245.71 - - [21/Jul/2026:09:02:14 +0000] "POST /wp-login.php HTTP/1.1" 503 18955 "-" "Mozilla/5.0"
66.249.77.101 - - [21/Jul/2026:09:02:32 +0000] "GET /?s=8735212324 HTTP/1.1" 200 85058 "-" "Mozilla/5.0 (Linux; Android 6.0.1; Nexus 5X Build/MMB29P) AppleWebKit/537.36 (KHTML, like Gecko) Chrome/150.0.7871.128 Mobile Safari/537.36 (compatible; GoogleOther)"
66.249.77.101 - - [21/Jul/2026:09:03:47 +0000] "GET /wp-includes/js/jquery/jquery.min.js?ver=3.7.1 HTTP/1.1" 200 87553 "https://sgcakesandsurprises.shop/?s=8735212324" "Mozilla/5.0 (Linux; Android 6.0.1; Nexus 5X Build/MMB29P) AppleWebKit/537.36 (KHTML, like Gecko) Chrome/150.0.7871.128 Mobile Safari/537.36 (compatible; GoogleOther)"
66.249.77.100 - - [21/Jul/2026:09:03:49 +0000] "GET /wp-includes/js/jquery/jquery-migrate.min.js?ver=3.4.1 HTTP/1.1" 200 13577 "https://sgcakesandsurprises.shop/?s=8735212324" "Mozilla/5.0 (Linux; Android 6.0.1; Nexus 5X Build/MMB29P) AppleWebKit/537.36 (KHTML, like Gecko) Chrome/150.0.7871.128 Mobile Safari/537.36 (compatible; GoogleOther)"
66.249.77.101 - - [21/Jul/2026:09:03:53 +0000] "GET /wp-includes/js/dist/script-modules/interactivity/index.min.js?ver=efaa5193bbad9c60ffd1 HTTP/1.1" 200 40106 "https://sgcakesandsurprises.shop/?s=8735212324" "Mozilla/5.0 (Linux; Android 6.0.1; Nexus 5X Build/MMB29P) AppleWebKit/537.36 (KHTML, like Gecko) Chrome/150.0.7871.128 Mobile Safari/537.36 (compatible; GoogleOther)"
66.249.77.100 - - [21/Jul/2026:09:03:55 +0000] "GET /wp-includes/js/dist/script-modules/block-library/navigation/view.min.js?ver=96a846e1d7b789c39ab9 HTTP/1.1" 200 3053 "https://sgcakesandsurprises.shop/?s=8735212324" "Mozilla/5.0 (Linux; Android 6.0.1; Nexus 5X Build/MMB29P) AppleWebKit/537.36 (KHTML, like Gecko) Chrome/150.0.7871.128 Mobile Safari/537.36 (compatible; GoogleOther)"
66.249.77.100 - - [21/Jul/2026:09:03:58 +0000] "GET /wp-content/plugins/pixelyoursite/dist/scripts/jquery.bind-first-0.2.3.min.js?ver=0.2.3 HTTP/1.1" 200 1317 "https://sgcakesandsurprises.shop/?s=8735212324" "Mozilla/5.0 (Linux; Android 6.0.1; Nexus 5X Build/MMB29P) AppleWebKit/537.36 (KHTML, like Gecko) Chrome/150.0.7871.128 Mobile Safari/537.36 (compatible; GoogleOther)"
66.249.77.100 - - [21/Jul/2026:09:04:00 +0000] "GET /wp-content/plugins/pixelyoursite/dist/scripts/js.cookie-2.1.3.min.js?ver=2.1.3 HTTP/1.1" 200 1709 "https://sgcakesandsurprises.shop/?s=8735212324" "Mozilla/5.0 (Linux; Android 6.0.1; Nexus 5X Build/MMB29P) AppleWebKit/537.36 (KHTML, like Gecko) Chrome/150.0.7871.128 Mobile Safari/537.36 (compatible; GoogleOther)"
66.249.77.100 - - [21/Jul/2026:09:04:02 +0000] "GET /wp-content/plugins/pixelyoursite/dist/scripts/tld.min.js?ver=2.3.1 HTTP/1.1" 200 141079 "https://sgcakesandsurprises.shop/?s=8735212324" "Mozilla/5.0 (Linux; Android 6.0.1; Nexus 5X Build/MMB29P) AppleWebKit/537.36 (KHTML, like Gecko) Chrome/150.0.7871.128 Mobile Safari/537.36 (compatible; GoogleOther)"
66.249.77.100 - - [21/Jul/2026:09:04:06 +0000] "GET /wp-content/plugins/pixelyoursite/dist/scripts/public.js?ver=11.2.1 HTTP/1.1" 200 172979 "https://sgcakesandsurprises.shop/?s=8735212324" "Mozilla/5.0 (Linux; Android 6.0.1; Nexus 5X Build/MMB29P) AppleWebKit/537.36 (KHTML, like Gecko) Chrome/150.0.7871.128 Mobile Safari/537.36 (compatible; GoogleOther)"
198.177.124.148 - - [21/Jul/2026:09:04:11 +0000] "POST /wp-cron.php?doing_wp_cron=1784624651.7951149940490722656250 HTTP/1.1" 200 - "-" "WordPress/7.0.2; https://sgcakesandsurprises.shop"
66.249.77.100 - - [21/Jul/2026:09:04:08 +0000] "GET /wp-admin/admin-ajax.php?action=pys_get_pbid HTTP/1.1" 200 1 "https://sgcakesandsurprises.shop/?s=8735212324" "Mozilla/5.0 (Linux; Android 6.0.1; Nexus 5X Build/MMB29P) AppleWebKit/537.36 (KHTML, like Gecko) Chrome/150.0.7871.128 Mobile Safari/537.36 (compatible; GoogleOther)"
198.177.124.148 - - [21/Jul/2026:09:05:14 +0000] "POST /wp-cron.php?doing_wp_cron=1784624714.1496639251708984375000 HTTP/1.1" 200 - "-" "WordPress/7.0.2; https://sgcakesandsurprises.shop"
104.105.80.153 - - [21/Jul/2026:09:05:10 +0000] "POST /wp-login.php HTTP/1.1" 503 18955 "-" "Mozilla/5.0 (Macintosh; Intel Mac OS X 13_6) AppleWebKit/605.1.15 (KHTML, like Gecko) Version/17.2 Safari/605.1.15"
216.144.245.71 - - [21/Jul/2026:09:05:27 +0000] "POST /wp-login.php HTTP/1.1" 503 18042 "-" "Mozilla/5.0"
104.105.80.153 - - [21/Jul/2026:09:06:53 +0000] "POST /wp-login.php HTTP/1.1" 503 18042 "-" "Mozilla/5.0 (Windows NT 10.0; Win64; x64) AppleWebKit/537.36 (KHTML, like Gecko) Chrome/123.0.0.0 Safari/537.36 Vivaldi/6.7"
104.105.80.153 - - [21/Jul/2026:09:08:35 +0000] "POST /wp-login.php HTTP/1.1" 503 18042 "-" "Mozilla/5.0 (Windows NT 10.0; Win64; x64) AppleWebKit/537.36 (KHTML, like Gecko) Chrome/124.0.0.0 Safari/537.36 Edg/124.0.0.0"
216.144.245.71 - - [21/Jul/2026:09:08:45 +0000] "POST /wp-login.php HTTP/1.1" 503 18042 "-" "Mozilla/5.0"
104.105.80.153 - - [21/Jul/2026:09:10:17 +0000] "POST /wp-login.php HTTP/1.1" 503 18042 "-" "Mozilla/5.0 (Macintosh; Intel Mac OS X 13.5; rv:124.0) Gecko/20100101 Firefox/124.0"
198.177.124.148 - - [21/Jul/2026:09:11:45 +0000] "POST /wp-cron.php?doing_wp_cron=1784625105.6099839210510253906250 HTTP/1.1" 200 - "-" "WordPress/7.0.2; https://sgcakesandsurprises.shop"
198.177.124.148 - - [21/Jul/2026:09:11:42 +0000] "POST /?wordfence_syncAttackData=1784625102.8372 HTTP/1.1" 200 - "-" "WordPress/7.0.2; https://sgcakesandsurprises.shop"
216.144.245.71 - - [21/Jul/2026:09:11:57 +0000] "POST /wp-login.php HTTP/1.1" 503 18042 "-" "Mozilla/5.0"
104.105.80.153 - - [21/Jul/2026:09:11:58 +0000] "POST /wp-login.php HTTP/1.1" 503 18042 "-" "Mozilla/5.0 (Windows NT 10.0; Win64; x64) AppleWebKit/537.36 (KHTML, like Gecko) Chrome/125.0.0.0 Safari/537.36"
104.105.80.153 - - [21/Jul/2026:09:13:39 +0000] "POST /wp-login.php HTTP/1.1" 503 18042 "-" "Mozilla/5.0 (Windows NT 10.0; Win64; x64) AppleWebKit/537.36 (KHTML, like Gecko) Chrome/123.0.0.0 Safari/537.36 Vivaldi/6.7"
198.177.124.148 - - [21/Jul/2026:09:15:07 +0000] "POST /wp-cron.php?doing_wp_cron=1784625307.5122890472412109375000 HTTP/1.1" 200 - "-" "WordPress/7.0.2; https://sgcakesandsurprises.shop"
216.144.245.71 - - [21/Jul/2026:09:15:03 +0000] "POST /wp-login.php HTTP/1.1" 503 18955 "-" "Mozilla/5.0"
198.177.124.148 - - [21/Jul/2026:09:15:05 +0000] "POST /?wordfence_syncAttackData=1784625305.2905 HTTP/1.1" 200 - "-" "WordPress/7.0.2; https://sgcakesandsurprises.shop"
104.105.80.153 - - [21/Jul/2026:09:15:22 +0000] "POST /wp-login.php HTTP/1.1" 503 18955 "-" "Mozilla/5.0 (X11; Linux x86_64) AppleWebKit/537.36 (KHTML, like Gecko) Chrome/124.0.0.0 Safari/537.36 Brave/1.65.0"
104.105.80.153 - - [21/Jul/2026:09:17:10 +0000] "POST /wp-login.php HTTP/1.1" 503 18041 "-" "Mozilla/5.0 (Macintosh; Intel Mac OS X 10_15_7) AppleWebKit/537.36 (KHTML, like Gecko) Chrome/124.0.0.0 Safari/537.36"
216.144.245.71 - - [21/Jul/2026:09:18:14 +0000] "POST /wp-login.php HTTP/1.1" 503 18041 "-" "Mozilla/5.0"
104.105.80.153 - - [21/Jul/2026:09:18:57 +0000] "POST /wp-login.php HTTP/1.1" 503 18041 "-" "Mozilla/5.0 (X11; Linux x86_64) AppleWebKit/537.36 (KHTML, like Gecko) Chrome/124.0.0.0 Safari/537.36 Brave/1.65.0"
104.105.80.153 - - [21/Jul/2026:09:20:43 +0000] "POST /wp-login.php HTTP/1.1" 503 18041 "-" "Mozilla/5.0 (Windows NT 11.0; Win64; x64) AppleWebKit/537.36 (KHTML, like Gecko) Chrome/125.0.0.0 Safari/537.36 Edg/125.0.0.0"
216.144.245.71 - - [21/Jul/2026:09:21:24 +0000] "POST /wp-login.php HTTP/1.1" 503 18041 "-" "Mozilla/5.0"
198.177.124.148 - - [21/Jul/2026:09:22:22 +0000] "POST /wp-cron.php?doing_wp_cron=1784625742.4378690719604492187500 HTTP/1.1" 200 - "-" "WordPress/7.0.2; https://sgcakesandsurprises.shop"
198.177.124.148 - - [21/Jul/2026:09:22:20 +0000] "POST /?wordfence_syncAttackData=1784625740.1772 HTTP/1.1" 200 - "-" "WordPress/7.0.2; https://sgcakesandsurprises.shop"
34.78.49.210 - - [21/Jul/2026:09:22:18 +0000] "GET / HTTP/1.1" 200 101040 "-" "Mozilla/5.0 (Macintosh; Intel Mac OS X 10.15; rv:133.0) Gecko/20100101 Firefox/133.0"
104.105.80.153 - - [21/Jul/2026:09:22:24 +0000] "POST /wp-login.php HTTP/1.1" 503 18042 "-" "Mozilla/5.0 (X11; Linux x86_64) AppleWebKit/537.36 (KHTML, like Gecko) Chrome/125.0.0.0 Safari/537.36"
104.105.80.153 - - [21/Jul/2026:09:24:05 +0000] "POST /wp-login.php HTTP/1.1" 503 18042 "-" "Mozilla/5.0 (Windows NT 6.3; Win64; x64; rv:118.0) Gecko/20100101 Firefox/118.0"
216.144.245.71 - - [21/Jul/2026:09:24:24 +0000] "POST /wp-login.php HTTP/1.1" 503 18042 "-" "Mozilla/5.0"
198.177.124.148 - - [21/Jul/2026:09:27:28 +0000] "POST /wp-cron.php?doing_wp_cron=1784626048.6300671100616455078125 HTTP/1.1" 200 - "-" "WordPress/7.0.2; https://sgcakesandsurprises.shop"
216.144.245.71 - - [21/Jul/2026:09:27:24 +0000] "POST /wp-login.php HTTP/1.1" 503 18955 "-" "Mozilla/5.0"
198.177.124.148 - - [21/Jul/2026:09:27:26 +0000] "POST /?wordfence_syncAttackData=1784626046.3286 HTTP/1.1" 200 - "-" "WordPress/7.0.2; https://sgcakesandsurprises.shop"
102.89.23.236 - - [21/Jul/2026:09:28:50 +0000] "GET /wp-content/plugins/wpforms-lite/assets/lib/font-awesome/css/all.min.css?ver=7.0.1 HTTP/1.1" 304 - "https://sgcakesandsurprises.shop/wp-admin/" "Mozilla/5.0 (Windows NT 10.0; Win64; x64) AppleWebKit/537.36 (KHTML, like Gecko) Chrome/150.0.0.0 Safari/537.36"
102.89.23.236 - - [21/Jul/2026:09:28:50 +0000] "GET /wp-content/plugins/pixelyoursite/dist/styles/notice.min.css?ver=11.2.1 HTTP/1.1" 304 - "https://sgcakesandsurprises.shop/wp-admin/" "Mozilla/5.0 (Windows NT 10.0; Win64; x64) AppleWebKit/537.36 (KHTML, like Gecko) Chrome/150.0.0.0 Safari/537.36"
102.89.23.236 - - [21/Jul/2026:09:28:50 +0000] "GET /wp-content/plugins/wpforms-lite/assets/lib/font-awesome/css/v4-shims.min.css?ver=4.7.0 HTTP/1.1" 304 - "https://sgcakesandsurprises.shop/wp-admin/" "Mozilla/5.0 (Windows NT 10.0; Win64; x64) AppleWebKit/537.36 (KHTML, like Gecko) Chrome/150.0.0.0 Safari/537.36"
102.89.23.236 - - [21/Jul/2026:09:28:50 +0000] "GET /wp-content/plugins/insert-headers-and-footers/build/admin-bar.css?ver=c95624a69c80301272a0 HTTP/1.1" 304 - "https://sgcakesandsurprises.shop/wp-admin/" "Mozilla/5.0 (Windows NT 10.0; Win64; x64) AppleWebKit/537.36 (KHTML, like Gecko) Chrome/150.0.0.0 Safari/537.36"
102.89.23.236 - - [21/Jul/2026:09:28:49 +0000] "GET /wp-admin/load-styles.php?c=0&dir=ltr&load%5Bchunk_0%5D=dashicons,admin-bar,wp-pointer,site-health,common,forms,admin-menu,dashboard,list-tables,edit,revisions,media,themes,about,nav-m&load%5Bchunk_1%5D=enus,widgets,site-icon,l10n,wp-base-styles,buttons,wp-auth-check,wp-components,wp-commands&ver=7.0.2 HTTP/1.1" 200 525981 "https://sgcakesandsurprises.shop/wp-admin/" "Mozilla/5.0 (Windows NT 10.0; Win64; x64) AppleWebKit/537.36 (KHTML, like Gecko) Chrome/150.0.0.0 Safari/537.36"
102.89.23.236 - - [21/Jul/2026:09:28:50 +0000] "GET /wp-content/plugins/wordfence/css/wf-font-awesome.1778685035.css?ver=8.2.2 HTTP/1.1" 304 - "https://sgcakesandsurprises.shop/wp-admin/" "Mozilla/5.0 (Windows NT 10.0; Win64; x64) AppleWebKit/537.36 (KHTML, like Gecko) Chrome/150.0.0.0 Safari/537.36"
102.89.23.236 - - [21/Jul/2026:09:28:50 +0000] "GET /wp-content/plugins/wordfence/css/wf-global.1778685035.css?ver=8.2.2 HTTP/1.1" 304 - "https://sgcakesandsurprises.shop/wp-admin/" "Mozilla/5.0 (Windows NT 10.0; Win64; x64) AppleWebKit/537.36 (KHTML, like Gecko) Chrome/150.0.0.0 Safari/537.36"
198.177.124.148 - - [21/Jul/2026:09:28:51 +0000] "POST /wp-cron.php?doing_wp_cron=1784626130.9843339920043945312500 HTTP/1.1" 200 - "-" "WordPress/7.0.2; https://sgcakesandsurprises.shop"
102.89.23.236 - - [21/Jul/2026:09:28:46 +0000] "GET /wp-admin/ HTTP/1.1" 200 369896 "-" "Mozilla/5.0 (Windows NT 10.0; Win64; x64) AppleWebKit/537.36 (KHTML, like Gecko) Chrome/150.0.0.0 Safari/537.36"
102.89.23.236 - - [21/Jul/2026:09:28:51 +0000] "GET /wp-content/plugins/wordfence/css/activity-report-widget.1778685035.css?ver=8.2.2 HTTP/1.1" 200 2476 "https://sgcakesandsurprises.shop/wp-admin/" "Mozilla/5.0 (Windows NT 10.0; Win64; x64) AppleWebKit/537.36 (KHTML, like Gecko) Chrome/150.0.0.0 Safari/537.36"
102.89.23.236 - - [21/Jul/2026:09:28:51 +0000] "GET /wp-content/plugins/wordfence/modules/login-security/css/admin-global.1778685035.css?ver=1.1.16 HTTP/1.1" 304 - "https://sgcakesandsurprises.shop/wp-admin/" "Mozilla/5.0 (Windows NT 10.0; Win64; x64) AppleWebKit/537.36 (KHTML, like Gecko) Chrome/150.0.0.0 Safari/537.36"
102.89.23.236 - - [21/Jul/2026:09:28:51 +0000] "GET /wp-content/plugins/wordfence/css/wordfenceBox.1778685035.css?ver=8.2.2 HTTP/1.1" 304 - "https://sgcakesandsurprises.shop/wp-admin/" "Mozilla/5.0 (Windows NT 10.0; Win64; x64) AppleWebKit/537.36 (KHTML, like Gecko) Chrome/150.0.0.0 Safari/537.36"
102.89.23.236 - - [21/Jul/2026:09:28:51 +0000] "GET /wp-content/plugins/wordfence/css/wf-adminbar.1778685035.css?ver=8.2.2 HTTP/1.1" 304 - "https://sgcakesandsurprises.shop/wp-admin/" "Mozilla/5.0 (Windows NT 10.0; Win64; x64) AppleWebKit/537.36 (KHTML, like Gecko) Chrome/150.0.0.0 Safari/537.36"
102.89.23.236 - - [21/Jul/2026:09:28:51 +0000] "GET /wp-content/plugins/wordfence/css/license/free-global.1778685035.css?ver=8.2.2 HTTP/1.1" 304 - "https://sgcakesandsurprises.shop/wp-admin/" "Mozilla/5.0 (Windows NT 10.0; Win64; x64) AppleWebKit/537.36 (KHTML, like Gecko) Chrome/150.0.0.0 Safari/537.36"
102.89.23.236 - - [21/Jul/2026:09:28:51 +0000] "GET /wp-content/plugins/elementor/vendor/elementor/wp-one-package/assets/build/common.css?ver=1.0.66 HTTP/1.1" 304 - "https://sgcakesandsurprises.shop/wp-admin/" "Mozilla/5.0 (Windows NT 10.0; Win64; x64) AppleWebKit/537.36 (KHTML, like Gecko) Chrome/150.0.0.0 Safari/537.36"
102.89.23.236 - - [21/Jul/2026:09:28:52 +0000] "GET /wp-content/plugins/elementor/vendor/elementor/wp-one-package/assets/build/manage-dashboard-widget.css?ver=1.0.66 HTTP/1.1" 304 - "https://sgcakesandsurprises.shop/wp-admin/" "Mozilla/5.0 (Windows NT 10.0; Win64; x64) AppleWebKit/537.36 (KHTML, like Gecko) Chrome/150.0.0.0 Safari/537.36"
102.89.23.236 - - [21/Jul/2026:09:28:52 +0000] "GET /wp-content/plugins/wp-mail-smtp/assets/css/admin-bar.min.css?ver=4.9.0 HTTP/1.1" 304 - "https://sgcakesandsurprises.shop/wp-admin/" "Mozilla/5.0 (Windows NT 10.0; Win64; x64) AppleWebKit/537.36 (KHTML, like Gecko) Chrome/150.0.0.0 Safari/537.36"
102.89.23.236 - - [21/Jul/2026:09:28:52 +0000] "GET /wp-content/plugins/wpforms-lite/assets/lib/jquery.confirm/jquery-confirm.min.css?ver=1.0.0 HTTP/1.1" 304 - "https://sgcakesandsurprises.shop/wp-admin/" "Mozilla/5.0 (Windows NT 10.0; Win64; x64) AppleWebKit/537.36 (KHTML, like Gecko) Chrome/150.0.0.0 Safari/537.36"
102.89.23.236 - - [21/Jul/2026:09:28:52 +0000] "GET /wp-content/plugins/wpforms-lite/assets/lite/css/dashboard-education.min.css?ver=2.0.0.2 HTTP/1.1" 304 - "https://sgcakesandsurprises.shop/wp-admin/" "Mozilla/5.0 (Windows NT 10.0; Win64; x64) AppleWebKit/537.36 (KHTML, like Gecko) Chrome/150.0.0.0 Safari/537.36"
102.89.23.236 - - [21/Jul/2026:09:28:52 +0000] "GET /wp-content/plugins/elementor/assets/css/modules/editor-one/admin-menu.min.css?ver=4.1.5 HTTP/1.1" 304 - "https://sgcakesandsurprises.shop/wp-admin/" "Mozilla/5.0 (Windows NT 10.0; Win64; x64) AppleWebKit/537.36 (KHTML, like Gecko) Chrome/150.0.0.0 Safari/537.36"
102.89.23.236 - - [21/Jul/2026:09:28:52 +0000] "GET /wp-content/plugins/elementor/assets/lib/eicons/css/elementor-icons.min.css?ver=5.50.0 HTTP/1.1" 304 - "https://sgcakesandsurprises.shop/wp-admin/" "Mozilla/5.0 (Windows NT 10.0; Win64; x64) AppleWebKit/537.36 (KHTML, like Gecko) Chrome/150.0.0.0 Safari/537.36"
102.89.23.236 - - [21/Jul/2026:09:28:52 +0000] "GET /wp-content/plugins/elementor/assets/css/common.min.css?ver=4.1.5 HTTP/1.1" 304 - "https://sgcakesandsurprises.shop/wp-admin/" "Mozilla/5.0 (Windows NT 10.0; Win64; x64) AppleWebKit/537.36 (KHTML, like Gecko) Chrome/150.0.0.0 Safari/537.36"
102.89.23.236 - - [21/Jul/2026:09:28:52 +0000] "GET /wp-content/plugins/elementor/assets/css/theme-light.min.css?ver=4.1.5 HTTP/1.1" 304 - "https://sgcakesandsurprises.shop/wp-admin/" "Mozilla/5.0 (Windows NT 10.0; Win64; x64) AppleWebKit/537.36 (KHTML, like Gecko) Chrome/150.0.0.0 Safari/537.36"
102.89.23.236 - - [21/Jul/2026:09:28:52 +0000] "GET /wp-content/plugins/elementor/assets/css/admin.min.css?ver=4.1.5 HTTP/1.1" 304 - "https://sgcakesandsurprises.shop/wp-admin/" "Mozilla/5.0 (Windows NT 10.0; Win64; x64) AppleWebKit/537.36 (KHTML, like Gecko) Chrome/150.0.0.0 Safari/537.36"
102.89.23.236 - - [21/Jul/2026:09:28:52 +0000] "GET /wp-content/plugins/wp-mail-smtp/assets/css/dashboard-widget.min.css?ver=4.9.0 HTTP/1.1" 304 - "https://sgcakesandsurprises.shop/wp-admin/" "Mozilla/5.0 (Windows NT 10.0; Win64; x64) AppleWebKit/537.36 (KHTML, like Gecko) Chrome/150.0.0.0 Safari/537.36"
102.89.23.236 - - [21/Jul/2026:09:28:52 +0000] "GET /wp-content/plugins/wpforms-lite/assets/css/dashboard-widget.min.css?ver=2.0.0.2 HTTP/1.1" 304 - "https://sgcakesandsurprises.shop/wp-admin/" "Mozilla/5.0 (Windows NT 10.0; Win64; x64) AppleWebKit/537.36 (KHTML, like Gecko) Chrome/150.0.0.0 Safari/537.36"
102.89.23.236 - - [21/Jul/2026:09:28:52 +0000] "GET /wp-content/plugins/wpforms-lite/assets/css/admin-bar.min.css?ver=2.0.0.2 HTTP/1.1" 304 - "https://sgcakesandsurprises.shop/wp-admin/" "Mozilla/5.0 (Windows NT 10.0; Win64; x64) AppleWebKit/537.36 (KHTML, like Gecko) Chrome/150.0.0.0 Safari/537.36"
102.89.23.236 - - [21/Jul/2026:09:28:53 +0000] "GET /wp-content/plugins/wordfence/js/wfi18n.1778685035.js?ver=8.2.2 HTTP/1.1" 304 - "https://sgcakesandsurprises.shop/wp-admin/" "Mozilla/5.0 (Windows NT 10.0; Win64; x64) AppleWebKit/537.36 (KHTML, like Gecko) Chrome/150.0.0.0 Safari/537.36"
102.89.23.236 - - [21/Jul/2026:09:28:53 +0000] "GET /wp-content/plugins/wordfence/js/admin.ajaxWatcher.1778685035.js?ver=8.2.2 HTTP/1.1" 304 - "https://sgcakesandsurprises.shop/wp-admin/" "Mozilla/5.0 (Windows NT 10.0; Win64; x64) AppleWebKit/537.36 (KHTML, like Gecko) Chrome/150.0.0.0 Safari/537.36"
102.89.23.236 - - [21/Jul/2026:09:28:53 +0000] "GET /wp-content/plugins/wordfence/js/wfglobal.1778685035.js?ver=8.2.2 HTTP/1.1" 304 - "https://sgcakesandsurprises.shop/wp-admin/" "Mozilla/5.0 (Windows NT 10.0; Win64; x64) AppleWebKit/537.36 (KHTML, like Gecko) Chrome/150.0.0.0 Safari/537.36"
102.89.23.236 - - [21/Jul/2026:09:28:53 +0000] "GET /wp-content/plugins/wordfence/js/wfonboarding.1778685035.js?ver=8.2.2 HTTP/1.1" 304 - "https://sgcakesandsurprises.shop/wp-admin/" "Mozilla/5.0 (Windows NT 10.0; Win64; x64) AppleWebKit/537.36 (KHTML, like Gecko) Chrome/150.0.0.0 Safari/537.36"
102.89.23.236 - - [21/Jul/2026:09:28:53 +0000] "GET /wp-content/plugins/wordfence/js/wfdashboard.1778685035.js?ver=8.2.2 HTTP/1.1" 304 - "https://sgcakesandsurprises.shop/wp-admin/" "Mozilla/5.0 (Windows NT 10.0; Win64; x64) AppleWebKit/537.36 (KHTML, like Gecko) Chrome/150.0.0.0 Safari/537.36"
102.89.23.236 - - [21/Jul/2026:09:28:53 +0000] "GET /wp-content/plugins/wordfence/js/wfpopover.1778685035.js?ver=8.2.2 HTTP/1.1" 304 - "https://sgcakesandsurprises.shop/wp-admin/" "Mozilla/5.0 (Windows NT 10.0; Win64; x64) AppleWebKit/537.36 (KHTML, like Gecko) Chrome/150.0.0.0 Safari/537.36"
102.89.23.236 - - [21/Jul/2026:09:28:53 +0000] "GET /wp-content/plugins/pixelyoursite/dist/images/favicon.png HTTP/1.1" 304 - "https://sgcakesandsurprises.shop/wp-admin/" "Mozilla/5.0 (Windows NT 10.0; Win64; x64) AppleWebKit/537.36 (KHTML, like Gecko) Chrome/150.0.0.0 Safari/537.36"
102.89.23.236 - - [21/Jul/2026:09:28:53 +0000] "GET /wp-content/plugins/pixelyoursite/dist/images/logo-original.svg HTTP/1.1" 304 - "https://sgcakesandsurprises.shop/wp-admin/" "Mozilla/5.0 (Windows NT 10.0; Win64; x64) AppleWebKit/537.36 (KHTML, like Gecko) Chrome/150.0.0.0 Safari/537.36"
102.89.23.236 - - [21/Jul/2026:09:28:53 +0000] "GET /wp-content/plugins/pixelyoursite/dist/images/pys-logo.svg HTTP/1.1" 304 - "https://sgcakesandsurprises.shop/wp-admin/" "Mozilla/5.0 (Windows NT 10.0; Win64; x64) AppleWebKit/537.36 (KHTML, like Gecko) Chrome/150.0.0.0 Safari/537.36"
102.89.23.236 - - [21/Jul/2026:09:28:53 +0000] "GET /wp-content/plugins/wordfence/css/wf-roboto-font.1778685035.css?ver=8.2.2 HTTP/1.1" 304 - "https://sgcakesandsurprises.shop/wp-admin/" "Mozilla/5.0 (Windows NT 10.0; Win64; x64) AppleWebKit/537.36 (KHTML, like Gecko) Chrome/150.0.0.0 Safari/537.36"
102.89.23.236 - - [21/Jul/2026:09:28:53 +0000] "GET /wp-content/plugins/wordfence/css/wf-ionicons.1778685035.css?ver=8.2.2 HTTP/1.1" 304 - "https://sgcakesandsurprises.shop/wp-admin/" "Mozilla/5.0 (Windows NT 10.0; Win64; x64) AppleWebKit/537.36 (KHTML, like Gecko) Chrome/150.0.0.0 Safari/537.36"
102.89.23.236 - - [21/Jul/2026:09:28:53 +0000] "GET /wp-content/plugins/wpforms-lite/assets/images/sullie.png HTTP/1.1" 304 - "https://sgcakesandsurprises.shop/wp-admin/" "Mozilla/5.0 (Windows NT 10.0; Win64; x64) AppleWebKit/537.36 (KHTML, like Gecko) Chrome/150.0.0.0 Safari/537.36"
102.89.23.236 - - [21/Jul/2026:09:28:53 +0000] "GET /wp-content/plugins/wp-mail-smtp/assets/images/dash-widget/wp/total.svg HTTP/1.1" 304 - "https://sgcakesandsurprises.shop/wp-admin/" "Mozilla/5.0 (Windows NT 10.0; Win64; x64) AppleWebKit/537.36 (KHTML, like Gecko) Chrome/150.0.0.0 Safari/537.36"
102.89.23.236 - - [21/Jul/2026:09:28:53 +0000] "GET /wp-content/plugins/wordfence/css/wf-onboarding.1778685035.css?ver=8.2.2 HTTP/1.1" 304 - "https://sgcakesandsurprises.shop/wp-admin/" "Mozilla/5.0 (Windows NT 10.0; Win64; x64) AppleWebKit/537.36 (KHTML, like Gecko) Chrome/150.0.0.0 Safari/537.36"
102.89.23.236 - - [21/Jul/2026:09:28:54 +0000] "GET /wp-content/plugins/insert-headers-and-footers/build/admin-bar.js?ver=c95624a69c80301272a0 HTTP/1.1" 304 - "https://sgcakesandsurprises.shop/wp-admin/" "Mozilla/5.0 (Windows NT 10.0; Win64; x64) AppleWebKit/537.36 (KHTML, like Gecko) Chrome/150.0.0.0 Safari/537.36"
102.89.23.236 - - [21/Jul/2026:09:28:54 +0000] "GET /wp-content/plugins/wpforms-lite/assets/css/admin/admin-splash-modal.min.css?ver=2.0.0.2 HTTP/1.1" 304 - "https://sgcakesandsurprises.shop/wp-admin/" "Mozilla/5.0 (Windows NT 10.0; Win64; x64) AppleWebKit/537.36 (KHTML, like Gecko) Chrome/150.0.0.0 Safari/537.36"
102.89.23.236 - - [21/Jul/2026:09:28:54 +0000] "GET /wp-content/plugins/pixelyoursite/dist/fonts/Icomoon/icomoon.ttf?x22jiz HTTP/1.1" 304 - "https://sgcakesandsurprises.shop/wp-content/plugins/pixelyoursite/dist/styles/notice.min.css?ver=11.2.1" "Mozilla/5.0 (Windows NT 10.0; Win64; x64) AppleWebKit/537.36 (KHTML, like Gecko) Chrome/150.0.0.0 Safari/537.36"
102.89.23.236 - - [21/Jul/2026:09:28:54 +0000] "GET /wp-content/plugins/elementor/assets/lib/backbone/backbone.radio.min.js?ver=1.0.4 HTTP/1.1" 304 - "https://sgcakesandsurprises.shop/wp-admin/" "Mozilla/5.0 (Windows NT 10.0; Win64; x64) AppleWebKit/537.36 (KHTML, like Gecko) Chrome/150.0.0.0 Safari/537.36"
102.89.23.236 - - [21/Jul/2026:09:28:54 +0000] "GET /wp-content/plugins/elementor/assets/js/common-modules.min.js?ver=4.1.5 HTTP/1.1" 304 - "https://sgcakesandsurprises.shop/wp-admin/" "Mozilla/5.0 (Windows NT 10.0; Win64; x64) AppleWebKit/537.36 (KHTML, like Gecko) Chrome/150.0.0.0 Safari/537.36"
102.89.23.236 - - [21/Jul/2026:09:28:54 +0000] "GET /wp-content/plugins/elementor/assets/lib/backbone/backbone.marionette.min.js?ver=2.4.5.e1 HTTP/1.1" 304 - "https://sgcakesandsurprises.shop/wp-admin/" "Mozilla/5.0 (Windows NT 10.0; Win64; x64) AppleWebKit/537.36 (KHTML, like Gecko) Chrome/150.0.0.0 Safari/537.36"
102.89.23.236 - - [21/Jul/2026:09:28:54 +0000] "GET /wp-content/plugins/elementor/assets/js/web-cli.min.js?ver=4.1.5 HTTP/1.1" 304 - "https://sgcakesandsurprises.shop/wp-admin/" "Mozilla/5.0 (Windows NT 10.0; Win64; x64) AppleWebKit/537.36 (KHTML, like Gecko) Chrome/150.0.0.0 Safari/537.36"
102.89.23.236 - - [21/Jul/2026:09:28:54 +0000] "GET /wp-content/plugins/elementor/assets/lib/dialog/dialog.min.js?ver=4.9.0 HTTP/1.1" 304 - "https://sgcakesandsurprises.shop/wp-admin/" "Mozilla/5.0 (Windows NT 10.0; Win64; x64) AppleWebKit/537.36 (KHTML, like Gecko) Chrome/150.0.0.0 Safari/537.36"
102.89.23.236 - - [21/Jul/2026:09:28:54 +0000] "GET /wp-content/plugins/elementor/assets/js/dev-tools.min.js?ver=4.1.5 HTTP/1.1" 304 - "https://sgcakesandsurprises.shop/wp-admin/" "Mozilla/5.0 (Windows NT 10.0; Win64; x64) AppleWebKit/537.36 (KHTML, like Gecko) Chrome/150.0.0.0 Safari/537.36"
102.89.23.236 - - [21/Jul/2026:09:28:54 +0000] "GET /wp-content/plugins/elementor/assets/js/common.min.js?ver=4.1.5 HTTP/1.1" 304 - "https://sgcakesandsurprises.shop/wp-admin/" "Mozilla/5.0 (Windows NT 10.0; Win64; x64) AppleWebKit/537.36 (KHTML, like Gecko) Chrome/150.0.0.0 Safari/537.36"
102.89.23.236 - - [21/Jul/2026:09:28:54 +0000] "GET /wp-content/plugins/elementor/assets/js/app-loader.min.js?ver=4.1.5 HTTP/1.1" 304 - "https://sgcakesandsurprises.shop/wp-admin/" "Mozilla/5.0 (Windows NT 10.0; Win64; x64) AppleWebKit/537.36 (KHTML, like Gecko) Chrome/150.0.0.0 Safari/537.36"
102.89.23.236 - - [21/Jul/2026:09:28:54 +0000] "GET /wp-content/plugins/elementor/vendor/elementor/wp-one-package/assets/build/manage-dashboard-widget.js?ver=fbf4651d9df10ea54d4b HTTP/1.1" 304 - "https://sgcakesandsurprises.shop/wp-admin/" "Mozilla/5.0 (Windows NT 10.0; Win64; x64) AppleWebKit/537.36 (KHTML, like Gecko) Chrome/150.0.0.0 Safari/537.36"
102.89.23.236 - - [21/Jul/2026:09:28:54 +0000] "GET /wp-content/plugins/elementor/vendor/elementor/wp-one-package/assets/build/common.js?ver=1f031a48279dd8a7d4bd HTTP/1.1" 304 - "https://sgcakesandsurprises.shop/wp-admin/" "Mozilla/5.0 (Windows NT 10.0; Win64; x64) AppleWebKit/537.36 (KHTML, like Gecko) Chrome/150.0.0.0 Safari/537.36"
102.89.23.236 - - [21/Jul/2026:09:28:54 +0000] "GET /wp-content/plugins/wpforms-lite/assets/lite/js/admin/education/lite-connect.min.js?ver=2.0.0.2 HTTP/1.1" 304 - "https://sgcakesandsurprises.shop/wp-admin/" "Mozilla/5.0 (Windows NT 10.0; Win64; x64) AppleWebKit/537.36 (KHTML, like Gecko) Chrome/150.0.0.0 Safari/537.36"
102.89.23.236 - - [21/Jul/2026:09:28:54 +0000] "GET /wp-content/plugins/wpforms-lite/assets/lib/jquery.confirm/jquery-confirm.min.js?ver=1.0.0 HTTP/1.1" 304 - "https://sgcakesandsurprises.shop/wp-admin/" "Mozilla/5.0 (Windows NT 10.0; Win64; x64) AppleWebKit/537.36 (KHTML, like Gecko) Chrome/150.0.0.0 Safari/537.36"
102.89.23.236 - - [21/Jul/2026:09:28:55 +0000] "GET /wp-content/plugins/elementor/assets/js/import-export-admin.min.js?ver=4.1.5 HTTP/1.1" 304 - "https://sgcakesandsurprises.shop/wp-admin/" "Mozilla/5.0 (Windows NT 10.0; Win64; x64) AppleWebKit/537.36 (KHTML, like Gecko) Chrome/150.0.0.0 Safari/537.36"
102.89.23.236 - - [21/Jul/2026:09:28:55 +0000] "GET /wp-content/plugins/elementor/assets/js/editor-one-menu.min.js?ver=4.1.5 HTTP/1.1" 304 - "https://sgcakesandsurprises.shop/wp-admin/" "Mozilla/5.0 (Windows NT 10.0; Win64; x64) AppleWebKit/537.36 (KHTML, like Gecko) Chrome/150.0.0.0 Safari/537.36"
102.89.23.236 - - [21/Jul/2026:09:28:55 +0000] "GET /wp-content/plugins/elementor/assets/js/import-export-customization-admin.min.js?ver=4.1.5 HTTP/1.1" 304 - "https://sgcakesandsurprises.shop/wp-admin/" "Mozilla/5.0 (Windows NT 10.0; Win64; x64) AppleWebKit/537.36 (KHTML, like Gecko) Chrome/150.0.0.0 Safari/537.36"
102.89.23.236 - - [21/Jul/2026:09:28:55 +0000] "GET /wp-content/plugins/elementor/assets/js/admin.min.js?ver=4.1.5 HTTP/1.1" 304 - "https://sgcakesandsurprises.shop/wp-admin/" "Mozilla/5.0 (Windows NT 10.0; Win64; x64) AppleWebKit/537.36 (KHTML, like Gecko) Chrome/150.0.0.0 Safari/537.36"
102.89.23.236 - - [21/Jul/2026:09:28:55 +0000] "GET /wp-content/plugins/elementor/assets/js/admin-modules.min.js?ver=4.1.5 HTTP/1.1" 304 - "https://sgcakesandsurprises.shop/wp-admin/" "Mozilla/5.0 (Windows NT 10.0; Win64; x64) AppleWebKit/537.36 (KHTML, like Gecko) Chrome/150.0.0.0 Safari/537.36"
