102.88.108.30 - - [22/Jul/2026:12:30:47 +0000] "GET /wp-json/elementor/v1/kit-elements-defaults HTTP/1.1" 200 2 "https://sgcakesandsurprises.shop/wp-admin/post.php?post=311&action=elementor" "Mozilla/5.0 (Windows NT 10.0; Win64; x64) AppleWebKit/537.36 (KHTML, like Gecko) Chrome/150.0.0.0 Safari/537.36"
102.88.108.30 - - [22/Jul/2026:12:30:47 +0000] "GET /wp-json/elementor/v1/user-data/current-user?context=edit HTTP/1.1" 200 1436 "https://sgcakesandsurprises.shop/wp-admin/post.php?post=311&action=elementor" "Mozilla/5.0 (Windows NT 10.0; Win64; x64) AppleWebKit/537.36 (KHTML, like Gecko) Chrome/150.0.0.0 Safari/537.36"
198.177.124.148 - - [22/Jul/2026:12:30:57 +0000] "POST /wp-cron.php?doing_wp_cron=1784723457.0431189537048339843750 HTTP/1.1" 200 - "-" "WordPress/7.0.2; https://sgcakesandsurprises.shop"
198.177.124.148 - - [22/Jul/2026:12:30:57 +0000] "POST /wp-cron.php?doing_wp_cron=1784723457.0294051170349121093750 HTTP/1.1" 200 - "-" "WordPress/7.0.2; https://sgcakesandsurprises.shop"
102.88.108.30 - - [22/Jul/2026:12:30:52 +0000] "GET /wp-json/?rest_route=%2Fangie%2Fv1%2Felementor-kit%2Fschema HTTP/1.1" 404 114 "https://sgcakesandsurprises.shop/wp-admin/post.php?post=311&action=elementor" "Mozilla/5.0 (Windows NT 10.0; Win64; x64) AppleWebKit/537.36 (KHTML, like Gecko) Chrome/150.0.0.0 Safari/537.36"
102.88.108.30 - - [22/Jul/2026:12:30:52 +0000] "GET /wp-json/wpforms/v1/elementor/themes/?_locale=user HTTP/1.1" 200 9111 "https://sgcakesandsurprises.shop/our-service/?elementor-preview=311&ver=1784723408" "Mozilla/5.0 (Windows NT 10.0; Win64; x64) AppleWebKit/537.36 (KHTML, like Gecko) Chrome/150.0.0.0 Safari/537.36"
102.88.108.30 - - [22/Jul/2026:12:30:52 +0000] "GET /wp-json/elementor/v1/globals HTTP/1.1" 200 884 "https://sgcakesandsurprises.shop/wp-admin/post.php?post=311&action=elementor" "Mozilla/5.0 (Windows NT 10.0; Win64; x64) AppleWebKit/537.36 (KHTML, like Gecko) Chrome/150.0.0.0 Safari/537.36"
102.88.108.30 - - [22/Jul/2026:12:30:52 +0000] "GET /wp-json/elementor/v1/components HTTP/1.1" 200 21 "https://sgcakesandsurprises.shop/wp-admin/post.php?post=311&action=elementor" "Mozilla/5.0 (Windows NT 10.0; Win64; x64) AppleWebKit/537.36 (KHTML, like Gecko) Chrome/150.0.0.0 Safari/537.36"
102.88.108.30 - - [22/Jul/2026:12:30:52 +0000] "GET /wp-json/elementor/v1/global-classes?context=frontend HTTP/1.1" 200 21 "https://sgcakesandsurprises.shop/wp-admin/post.php?post=311&action=elementor" "Mozilla/5.0 (Windows NT 10.0; Win64; x64) AppleWebKit/537.36 (KHTML, like Gecko) Chrome/150.0.0.0 Safari/537.36"
102.88.108.30 - - [22/Jul/2026:12:30:48 +0000] "POST /wp-admin/admin-ajax.php HTTP/1.1" 200 1483972 "https://sgcakesandsurprises.shop/wp-admin/post.php?post=311&action=elementor" "Mozilla/5.0 (Windows NT 10.0; Win64; x64) AppleWebKit/537.36 (KHTML, like Gecko) Chrome/150.0.0.0 Safari/537.36"
102.88.108.30 - - [22/Jul/2026:12:30:57 +0000] "POST /wp-admin/admin-ajax.php HTTP/1.1" 200 77 "https://sgcakesandsurprises.shop/wp-admin/post.php?post=311&action=elementor" "Mozilla/5.0 (Windows NT 10.0; Win64; x64) AppleWebKit/537.36 (KHTML, like Gecko) Chrome/150.0.0.0 Safari/537.36"
102.88.108.30 - - [22/Jul/2026:12:30:57 +0000] "GET /wp-json/elementor/v1/user-data/current-user?context=edit HTTP/1.1" 200 1436 "https://sgcakesandsurprises.shop/wp-admin/post.php?post=311&action=elementor" "Mozilla/5.0 (Windows NT 10.0; Win64; x64) AppleWebKit/537.36 (KHTML, like Gecko) Chrome/150.0.0.0 Safari/537.36"
102.88.108.30 - - [22/Jul/2026:12:30:57 +0000] "GET /wp-json/elementor/v1/checklist/user-progress HTTP/1.1" 200 534 "https://sgcakesandsurprises.shop/wp-admin/post.php?post=311&action=elementor" "Mozilla/5.0 (Windows NT 10.0; Win64; x64) AppleWebKit/537.36 (KHTML, like Gecko) Chrome/150.0.0.0 Safari/537.36"
102.88.108.30 - - [22/Jul/2026:12:30:58 +0000] "POST /wp-admin/admin-ajax.php HTTP/1.1" 200 109 "https://sgcakesandsurprises.shop/wp-admin/post.php?post=311&action=elementor" "Mozilla/5.0 (Windows NT 10.0; Win64; x64) AppleWebKit/537.36 (KHTML, like Gecko) Chrome/150.0.0.0 Safari/537.36"
102.88.108.30 - - [22/Jul/2026:12:30:58 +0000] "POST /wp-admin/admin-ajax.php HTTP/1.1" 200 114 "https://sgcakesandsurprises.shop/wp-admin/post.php?post=311&action=elementor" "Mozilla/5.0 (Windows NT 10.0; Win64; x64) AppleWebKit/537.36 (KHTML, like Gecko) Chrome/150.0.0.0 Safari/537.36"
102.88.108.30 - - [22/Jul/2026:12:31:01 +0000] "GET /wp-json/elementor/v1/global-classes?context=frontend HTTP/1.1" 200 21 "https://sgcakesandsurprises.shop/wp-admin/post.php?post=311&action=elementor" "Mozilla/5.0 (Windows NT 10.0; Win64; x64) AppleWebKit/537.36 (KHTML, like Gecko) Chrome/150.0.0.0 Safari/537.36"
102.88.108.30 - - [22/Jul/2026:12:31:00 +0000] "GET /wp-json/elementor/v1/global-classes?context=preview HTTP/1.1" 200 21 "https://sgcakesandsurprises.shop/wp-admin/post.php?post=311&action=elementor" "Mozilla/5.0 (Windows NT 10.0; Win64; x64) AppleWebKit/537.36 (KHTML, like Gecko) Chrome/150.0.0.0 Safari/537.36"
102.88.108.30 - - [22/Jul/2026:12:31:02 +0000] "POST /wp-admin/admin-ajax.php HTTP/1.1" 200 108 "https://sgcakesandsurprises.shop/wp-admin/post.php?post=311&action=elementor" "Mozilla/5.0 (Windows NT 10.0; Win64; x64) AppleWebKit/537.36 (KHTML, like Gecko) Chrome/150.0.0.0 Safari/537.36"
102.88.108.30 - - [22/Jul/2026:12:31:03 +0000] "POST /wp-admin/admin-ajax.php HTTP/1.1" 200 1929 "https://sgcakesandsurprises.shop/wp-admin/post.php?post=311&action=elementor" "Mozilla/5.0 (Windows NT 10.0; Win64; x64) AppleWebKit/537.36 (KHTML, like Gecko) Chrome/150.0.0.0 Safari/537.36"
102.88.108.30 - - [22/Jul/2026:12:31:03 +0000] "POST /wp-admin/admin-ajax.php HTTP/1.1" 200 1909 "https://sgcakesandsurprises.shop/wp-admin/post.php?post=311&action=elementor" "Mozilla/5.0 (Windows NT 10.0; Win64; x64) AppleWebKit/537.36 (KHTML, like Gecko) Chrome/150.0.0.0 Safari/537.36"
102.88.108.30 - - [22/Jul/2026:12:31:04 +0000] "POST /wp-admin/admin-ajax.php HTTP/1.1" 200 1909 "https://sgcakesandsurprises.shop/wp-admin/post.php?post=311&action=elementor" "Mozilla/5.0 (Windows NT 10.0; Win64; x64) AppleWebKit/537.36 (KHTML, like Gecko) Chrome/150.0.0.0 Safari/537.36"
102.88.108.30 - - [22/Jul/2026:12:31:06 +0000] "POST /wp-admin/admin-ajax.php HTTP/1.1" 200 1929 "https://sgcakesandsurprises.shop/wp-admin/post.php?post=311&action=elementor" "Mozilla/5.0 (Windows NT 10.0; Win64; x64) AppleWebKit/537.36 (KHTML, like Gecko) Chrome/150.0.0.0 Safari/537.36"
102.88.108.30 - - [22/Jul/2026:12:31:06 +0000] "POST /wp-admin/admin-ajax.php HTTP/1.1" 200 1909 "https://sgcakesandsurprises.shop/wp-admin/post.php?post=311&action=elementor" "Mozilla/5.0 (Windows NT 10.0; Win64; x64) AppleWebKit/537.36 (KHTML, like Gecko) Chrome/150.0.0.0 Safari/537.36"
102.88.108.30 - - [22/Jul/2026:12:31:06 +0000] "POST /wp-admin/admin-ajax.php HTTP/1.1" 200 2078 "https://sgcakesandsurprises.shop/wp-admin/post.php?post=311&action=elementor" "Mozilla/5.0 (Windows NT 10.0; Win64; x64) AppleWebKit/537.36 (KHTML, like Gecko) Chrome/150.0.0.0 Safari/537.36"
102.88.108.30 - - [22/Jul/2026:12:31:07 +0000] "POST /wp-admin/admin-ajax.php HTTP/1.1" 200 2129 "https://sgcakesandsurprises.shop/wp-admin/post.php?post=311&action=elementor" "Mozilla/5.0 (Windows NT 10.0; Win64; x64) AppleWebKit/537.36 (KHTML, like Gecko) Chrome/150.0.0.0 Safari/537.36"
102.88.108.30 - - [22/Jul/2026:12:31:08 +0000] "POST /wp-admin/admin-ajax.php HTTP/1.1" 200 1909 "https://sgcakesandsurprises.shop/wp-admin/post.php?post=311&action=elementor" "Mozilla/5.0 (Windows NT 10.0; Win64; x64) AppleWebKit/537.36 (KHTML, like Gecko) Chrome/150.0.0.0 Safari/537.36"
102.88.108.30 - - [22/Jul/2026:12:31:09 +0000] "POST /wp-admin/admin-ajax.php HTTP/1.1" 200 2134 "https://sgcakesandsurprises.shop/wp-admin/post.php?post=311&action=elementor" "Mozilla/5.0 (Windows NT 10.0; Win64; x64) AppleWebKit/537.36 (KHTML, like Gecko) Chrome/150.0.0.0 Safari/537.36"
102.88.108.30 - - [22/Jul/2026:12:31:11 +0000] "POST /wp-admin/admin-ajax.php HTTP/1.1" 200 1761 "https://sgcakesandsurprises.shop/wp-admin/post.php?post=311&action=elementor" "Mozilla/5.0 (Windows NT 10.0; Win64; x64) AppleWebKit/537.36 (KHTML, like Gecko) Chrome/150.0.0.0 Safari/537.36"
102.88.108.30 - - [22/Jul/2026:12:31:11 +0000] "POST /wp-admin/admin-ajax.php HTTP/1.1" 200 1909 "https://sgcakesandsurprises.shop/wp-admin/post.php?post=311&action=elementor" "Mozilla/5.0 (Windows NT 10.0; Win64; x64) AppleWebKit/537.36 (KHTML, like Gecko) Chrome/150.0.0.0 Safari/537.36"
102.88.108.30 - - [22/Jul/2026:12:31:12 +0000] "POST /wp-admin/admin-ajax.php HTTP/1.1" 200 2018 "https://sgcakesandsurprises.shop/wp-admin/post.php?post=311&action=elementor" "Mozilla/5.0 (Windows NT 10.0; Win64; x64) AppleWebKit/537.36 (KHTML, like Gecko) Chrome/150.0.0.0 Safari/537.36"
102.88.108.30 - - [22/Jul/2026:12:31:13 +0000] "POST /wp-admin/admin-ajax.php HTTP/1.1" 200 1909 "https://sgcakesandsurprises.shop/wp-admin/post.php?post=311&action=elementor" "Mozilla/5.0 (Windows NT 10.0; Win64; x64) AppleWebKit/537.36 (KHTML, like Gecko) Chrome/150.0.0.0 Safari/537.36"
102.88.108.30 - - [22/Jul/2026:12:31:13 +0000] "POST /wp-admin/admin-ajax.php HTTP/1.1" 200 2089 "https://sgcakesandsurprises.shop/wp-admin/post.php?post=311&action=elementor" "Mozilla/5.0 (Windows NT 10.0; Win64; x64) AppleWebKit/537.36 (KHTML, like Gecko) Chrome/150.0.0.0 Safari/537.36"
102.88.108.30 - - [22/Jul/2026:12:31:14 +0000] "POST /wp-admin/admin-ajax.php HTTP/1.1" 200 1909 "https://sgcakesandsurprises.shop/wp-admin/post.php?post=311&action=elementor" "Mozilla/5.0 (Windows NT 10.0; Win64; x64) AppleWebKit/537.36 (KHTML, like Gecko) Chrome/150.0.0.0 Safari/537.36"
102.88.108.30 - - [22/Jul/2026:12:31:15 +0000] "POST /wp-admin/admin-ajax.php HTTP/1.1" 200 1718 "https://sgcakesandsurprises.shop/wp-admin/post.php?post=311&action=elementor" "Mozilla/5.0 (Windows NT 10.0; Win64; x64) AppleWebKit/537.36 (KHTML, like Gecko) Chrome/150.0.0.0 Safari/537.36"
102.88.108.30 - - [22/Jul/2026:12:31:16 +0000] "POST /wp-admin/admin-ajax.php HTTP/1.1" 200 1913 "https://sgcakesandsurprises.shop/wp-admin/post.php?post=311&action=elementor" "Mozilla/5.0 (Windows NT 10.0; Win64; x64) AppleWebKit/537.36 (KHTML, like Gecko) Chrome/150.0.0.0 Safari/537.36"
102.88.108.30 - - [22/Jul/2026:12:31:17 +0000] "POST /wp-admin/admin-ajax.php HTTP/1.1" 200 1913 "https://sgcakesandsurprises.shop/wp-admin/post.php?post=311&action=elementor" "Mozilla/5.0 (Windows NT 10.0; Win64; x64) AppleWebKit/537.36 (KHTML, like Gecko) Chrome/150.0.0.0 Safari/537.36"
102.88.108.30 - - [22/Jul/2026:12:31:17 +0000] "POST /wp-admin/admin-ajax.php HTTP/1.1" 200 1826 "https://sgcakesandsurprises.shop/wp-admin/post.php?post=311&action=elementor" "Mozilla/5.0 (Windows NT 10.0; Win64; x64) AppleWebKit/537.36 (KHTML, like Gecko) Chrome/150.0.0.0 Safari/537.36"
102.88.108.30 - - [22/Jul/2026:12:31:18 +0000] "POST /wp-admin/admin-ajax.php HTTP/1.1" 200 1826 "https://sgcakesandsurprises.shop/wp-admin/post.php?post=311&action=elementor" "Mozilla/5.0 (Windows NT 10.0; Win64; x64) AppleWebKit/537.36 (KHTML, like Gecko) Chrome/150.0.0.0 Safari/537.36"
102.88.108.30 - - [22/Jul/2026:12:31:19 +0000] "POST /wp-admin/admin-ajax.php HTTP/1.1" 200 1657 "https://sgcakesandsurprises.shop/wp-admin/post.php?post=311&action=elementor" "Mozilla/5.0 (Windows NT 10.0; Win64; x64) AppleWebKit/537.36 (KHTML, like Gecko) Chrome/150.0.0.0 Safari/537.36"
102.88.108.30 - - [22/Jul/2026:12:31:19 +0000] "POST /wp-admin/admin-ajax.php HTTP/1.1" 200 1765 "https://sgcakesandsurprises.shop/wp-admin/post.php?post=311&action=elementor" "Mozilla/5.0 (Windows NT 10.0; Win64; x64) AppleWebKit/537.36 (KHTML, like Gecko) Chrome/150.0.0.0 Safari/537.36"
102.88.108.30 - - [22/Jul/2026:12:31:20 +0000] "POST /wp-admin/admin-ajax.php HTTP/1.1" 200 1909 "https://sgcakesandsurprises.shop/wp-admin/post.php?post=311&action=elementor" "Mozilla/5.0 (Windows NT 10.0; Win64; x64) AppleWebKit/537.36 (KHTML, like Gecko) Chrome/150.0.0.0 Safari/537.36"
102.88.108.30 - - [22/Jul/2026:12:31:21 +0000] "POST /wp-admin/admin-ajax.php HTTP/1.1" 200 1714 "https://sgcakesandsurprises.shop/wp-admin/post.php?post=311&action=elementor" "Mozilla/5.0 (Windows NT 10.0; Win64; x64) AppleWebKit/537.36 (KHTML, like Gecko) Chrome/150.0.0.0 Safari/537.36"
102.88.108.30 - - [22/Jul/2026:12:31:21 +0000] "POST /wp-admin/admin-ajax.php HTTP/1.1" 200 1659 "https://sgcakesandsurprises.shop/wp-admin/post.php?post=311&action=elementor" "Mozilla/5.0 (Windows NT 10.0; Win64; x64) AppleWebKit/537.36 (KHTML, like Gecko) Chrome/150.0.0.0 Safari/537.36"
102.88.108.30 - - [22/Jul/2026:12:31:21 +0000] "POST /wp-admin/admin-ajax.php HTTP/1.1" 200 1765 "https://sgcakesandsurprises.shop/wp-admin/post.php?post=311&action=elementor" "Mozilla/5.0 (Windows NT 10.0; Win64; x64) AppleWebKit/537.36 (KHTML, like Gecko) Chrome/150.0.0.0 Safari/537.36"
102.88.108.30 - - [22/Jul/2026:12:31:22 +0000] "POST /wp-admin/admin-ajax.php HTTP/1.1" 200 1806 "https://sgcakesandsurprises.shop/wp-admin/post.php?post=311&action=elementor" "Mozilla/5.0 (Windows NT 10.0; Win64; x64) AppleWebKit/537.36 (KHTML, like Gecko) Chrome/150.0.0.0 Safari/537.36"
102.88.108.30 - - [22/Jul/2026:12:31:22 +0000] "POST /wp-admin/admin-ajax.php HTTP/1.1" 200 1909 "https://sgcakesandsurprises.shop/wp-admin/post.php?post=311&action=elementor" "Mozilla/5.0 (Windows NT 10.0; Win64; x64) AppleWebKit/537.36 (KHTML, like Gecko) Chrome/150.0.0.0 Safari/537.36"
102.88.108.30 - - [22/Jul/2026:12:31:23 +0000] "POST /wp-admin/admin-ajax.php HTTP/1.1" 200 1826 "https://sgcakesandsurprises.shop/wp-admin/post.php?post=311&action=elementor" "Mozilla/5.0 (Windows NT 10.0; Win64; x64) AppleWebKit/537.36 (KHTML, like Gecko) Chrome/150.0.0.0 Safari/537.36"
102.88.108.30 - - [22/Jul/2026:12:31:24 +0000] "POST /wp-admin/admin-ajax.php HTTP/1.1" 200 1909 "https://sgcakesandsurprises.shop/wp-admin/post.php?post=311&action=elementor" "Mozilla/5.0 (Windows NT 10.0; Win64; x64) AppleWebKit/537.36 (KHTML, like Gecko) Chrome/150.0.0.0 Safari/537.36"
102.88.108.30 - - [22/Jul/2026:12:31:25 +0000] "POST /wp-admin/admin-ajax.php HTTP/1.1" 200 110 "https://sgcakesandsurprises.shop/wp-admin/post.php?post=311&action=elementor" "Mozilla/5.0 (Windows NT 10.0; Win64; x64) AppleWebKit/537.36 (KHTML, like Gecko) Chrome/150.0.0.0 Safari/537.36"
102.88.108.30 - - [22/Jul/2026:12:31:27 +0000] "POST /wp-admin/admin-ajax.php HTTP/1.1" 200 77 "https://sgcakesandsurprises.shop/wp-admin/post.php?post=311&action=elementor" "Mozilla/5.0 (Windows NT 10.0; Win64; x64) AppleWebKit/537.36 (KHTML, like Gecko) Chrome/150.0.0.0 Safari/537.36"
102.88.108.30 - - [22/Jul/2026:12:31:26 +0000] "POST /wp-admin/admin-ajax.php HTTP/1.1" 200 116 "https://sgcakesandsurprises.shop/wp-admin/post.php?post=311&action=elementor" "Mozilla/5.0 (Windows NT 10.0; Win64; x64) AppleWebKit/537.36 (KHTML, like Gecko) Chrome/150.0.0.0 Safari/537.36"
102.88.108.30 - - [22/Jul/2026:12:31:27 +0000] "GET /wp-json/elementor/v1/global-classes/post?context=preview&post_id=311 HTTP/1.1" 200 803 "https://sgcakesandsurprises.shop/wp-admin/post.php?post=311&action=elementor" "Mozilla/5.0 (Windows NT 10.0; Win64; x64) AppleWebKit/537.36 (KHTML, like Gecko) Chrome/150.0.0.0 Safari/537.36"
102.88.108.30 - - [22/Jul/2026:12:31:28 +0000] "GET /wp-content/uploads/2026/07/IMG_1286.JPG-scaled.jpeg HTTP/1.1" 200 515419 "https://sgcakesandsurprises.shop/our-service/?elementor-preview=311&ver=1784723408" "Mozilla/5.0 (Windows NT 10.0; Win64; x64) AppleWebKit/537.36 (KHTML, like Gecko) Chrome/150.0.0.0 Safari/537.36"
102.88.108.30 - - [22/Jul/2026:12:31:29 +0000] "GET /wp-content/uploads/2026/07/IMG_1298.JPG-scaled.jpeg HTTP/1.1" 200 537860 "https://sgcakesandsurprises.shop/our-service/?elementor-preview=311&ver=1784723408" "Mozilla/5.0 (Windows NT 10.0; Win64; x64) AppleWebKit/537.36 (KHTML, like Gecko) Chrome/150.0.0.0 Safari/537.36"
102.88.108.30 - - [22/Jul/2026:12:31:27 +0000] "GET /wp-json/elementor/v1/global-classes/post?context=frontend&post_id=311 HTTP/1.1" 200 803 "https://sgcakesandsurprises.shop/wp-admin/post.php?post=311&action=elementor" "Mozilla/5.0 (Windows NT 10.0; Win64; x64) AppleWebKit/537.36 (KHTML, like Gecko) Chrome/150.0.0.0 Safari/537.36"
102.88.108.30 - - [22/Jul/2026:12:31:30 +0000] "POST /wp-admin/admin-ajax.php HTTP/1.1" 200 77 "https://sgcakesandsurprises.shop/wp-admin/post.php?post=311&action=elementor" "Mozilla/5.0 (Windows NT 10.0; Win64; x64) AppleWebKit/537.36 (KHTML, like Gecko) Chrome/150.0.0.0 Safari/537.36"
102.88.108.30 - - [22/Jul/2026:12:31:29 +0000] "GET /wp-content/uploads/2026/07/IMG_1002.JPG-scaled.jpeg HTTP/1.1" 200 442630 "https://sgcakesandsurprises.shop/our-service/?elementor-preview=311&ver=1784723408" "Mozilla/5.0 (Windows NT 10.0; Win64; x64) AppleWebKit/537.36 (KHTML, like Gecko) Chrome/150.0.0.0 Safari/537.36"
102.88.108.30 - - [22/Jul/2026:12:31:30 +0000] "GET /wp-json/elementor/v1/global-classes/post?context=preview&post_id=311 HTTP/1.1" 200 803 "https://sgcakesandsurprises.shop/wp-admin/post.php?post=311&action=elementor" "Mozilla/5.0 (Windows NT 10.0; Win64; x64) AppleWebKit/537.36 (KHTML, like Gecko) Chrome/150.0.0.0 Safari/537.36"
102.88.108.30 - - [22/Jul/2026:12:31:32 +0000] "POST /wp-admin/admin-ajax.php HTTP/1.1" 200 47 "https://sgcakesandsurprises.shop/wp-admin/options-general.php" "Mozilla/5.0 (Windows NT 10.0; Win64; x64) AppleWebKit/537.36 (KHTML, like Gecko) Chrome/150.0.0.0 Safari/537.36"
102.88.108.30 - - [22/Jul/2026:12:31:32 +0000] "GET /wp-json/elementor/v1/global-classes/post?context=frontend&post_id=311 HTTP/1.1" 200 803 "https://sgcakesandsurprises.shop/wp-admin/post.php?post=311&action=elementor" "Mozilla/5.0 (Windows NT 10.0; Win64; x64) AppleWebKit/537.36 (KHTML, like Gecko) Chrome/150.0.0.0 Safari/537.36"
102.88.108.30 - - [22/Jul/2026:12:31:36 +0000] "GET /wp-json/elementor/v1/global-classes/post?context=frontend&post_id=311 HTTP/1.1" 200 803 "https://sgcakesandsurprises.shop/wp-admin/post.php?post=311&action=elementor" "Mozilla/5.0 (Windows NT 10.0; Win64; x64) AppleWebKit/537.36 (KHTML, like Gecko) Chrome/150.0.0.0 Safari/537.36"
102.88.108.30 - - [22/Jul/2026:12:31:38 +0000] "POST /wp-admin/admin-ajax.php HTTP/1.1" 200 47 "https://sgcakesandsurprises.shop/wp-admin/admin.php?page=wpforms-builder&view=settings&form_id=415§ion=notifications" "Mozilla/5.0 (Windows NT 10.0; Win64; x64) AppleWebKit/537.36 (KHTML, like Gecko) Chrome/150.0.0.0 Safari/537.36"
102.88.108.30 - - [22/Jul/2026:12:31:44 +0000] "POST /wp-admin/admin-ajax.php HTTP/1.1" 200 77 "https://sgcakesandsurprises.shop/wp-admin/post.php?post=311&action=elementor" "Mozilla/5.0 (Windows NT 10.0; Win64; x64) AppleWebKit/537.36 (KHTML, like Gecko) Chrome/150.0.0.0 Safari/537.36"
198.177.124.148 - - [22/Jul/2026:12:31:57 +0000] "POST /wp-cron.php?doing_wp_cron=1784723517.5696389675140380859375 HTTP/1.1" 200 - "-" "WordPress/7.0.2; https://sgcakesandsurprises.shop"
102.88.108.30 - - [22/Jul/2026:12:31:53 +0000] "POST /wp-admin/admin-ajax.php HTTP/1.1" 200 47 "https://sgcakesandsurprises.shop/wp-admin/admin.php?page=wpforms-builder&view=settings&form_id=411§ion=notifications" "Mozilla/5.0 (Windows NT 10.0; Win64; x64) AppleWebKit/537.36 (KHTML, like Gecko) Chrome/150.0.0.0 Safari/537.36"
102.88.108.30 - - [22/Jul/2026:12:31:53 +0000] "GET /wp-json/elementor/v1/user-data/current-user?context=edit HTTP/1.1" 200 1436 "https://sgcakesandsurprises.shop/wp-admin/post.php?post=311&action=elementor" "Mozilla/5.0 (Windows NT 10.0; Win64; x64) AppleWebKit/537.36 (KHTML, like Gecko) Chrome/150.0.0.0 Safari/537.36"
102.88.108.30 - - [22/Jul/2026:12:31:52 +0000] "GET /wp-json/elementor/v1/checklist/user-progress HTTP/1.1" 200 534 "https://sgcakesandsurprises.shop/wp-admin/post.php?post=311&action=elementor" "Mozilla/5.0 (Windows NT 10.0; Win64; x64) AppleWebKit/537.36 (KHTML, like Gecko) Chrome/150.0.0.0 Safari/537.36"
102.88.108.30 - - [22/Jul/2026:12:31:59 +0000] "POST /wp-admin/admin-ajax.php HTTP/1.1" 200 77 "https://sgcakesandsurprises.shop/wp-admin/post.php?post=311&action=elementor" "Mozilla/5.0 (Windows NT 10.0; Win64; x64) AppleWebKit/537.36 (KHTML, like Gecko) Chrome/150.0.0.0 Safari/537.36"
102.88.108.30 - - [22/Jul/2026:12:32:06 +0000] "POST /wp-admin/admin-ajax.php HTTP/1.1" 200 96 "https://sgcakesandsurprises.shop/wp-admin/post.php?post=311&action=elementor" "Mozilla/5.0 (Windows NT 10.0; Win64; x64) AppleWebKit/537.36 (KHTML, like Gecko) Chrome/150.0.0.0 Safari/537.36"
216.73.216.140 - - [22/Jul/2026:12:32:08 +0000] "GET /robots.txt HTTP/1.1" 200 125 "-" "Mozilla/5.0 AppleWebKit/537.36 (KHTML, like Gecko; compatible; ClaudeBot/1.0; +claudebot@anthropic.com)"
216.73.216.140 - - [22/Jul/2026:12:32:09 +0000] "GET /wp-sitemap.xml HTTP/1.1" 200 497 "-" "Mozilla/5.0 AppleWebKit/537.36 (KHTML, like Gecko; compatible; ClaudeBot/1.0; +claudebot@anthropic.com)"
102.88.108.30 - - [22/Jul/2026:12:32:14 +0000] "POST /wp-admin/admin-ajax.php HTTP/1.1" 200 77 "https://sgcakesandsurprises.shop/wp-admin/post.php?post=311&action=elementor" "Mozilla/5.0 (Windows NT 10.0; Win64; x64) AppleWebKit/537.36 (KHTML, like Gecko) Chrome/150.0.0.0 Safari/537.36"
102.88.108.30 - - [22/Jul/2026:12:32:28 +0000] "POST /wp-admin/admin-ajax.php HTTP/1.1" 200 77 "https://sgcakesandsurprises.shop/wp-admin/post.php?post=393&action=elementor" "Mozilla/5.0 (Windows NT 10.0; Win64; x64) AppleWebKit/537.36 (KHTML, like Gecko) Chrome/150.0.0.0 Safari/537.36"
102.88.108.30 - - [22/Jul/2026:12:32:28 +0000] "GET /wp-json/elementor/v1/checklist/user-progress HTTP/1.1" 200 534 "https://sgcakesandsurprises.shop/wp-admin/post.php?post=311&action=elementor" "Mozilla/5.0 (Windows NT 10.0; Win64; x64) AppleWebKit/537.36 (KHTML, like Gecko) Chrome/150.0.0.0 Safari/537.36"
102.88.108.30 - - [22/Jul/2026:12:32:29 +0000] "POST /wp-admin/admin-ajax.php HTTP/1.1" 200 77 "https://sgcakesandsurprises.shop/wp-admin/post.php?post=311&action=elementor" "Mozilla/5.0 (Windows NT 10.0; Win64; x64) AppleWebKit/537.36 (KHTML, like Gecko) Chrome/150.0.0.0 Safari/537.36"
102.88.108.30 - - [22/Jul/2026:12:32:32 +0000] "POST /wp-admin/admin-ajax.php HTTP/1.1" 200 9723 "https://sgcakesandsurprises.shop/wp-admin/post.php?post=311&action=elementor" "Mozilla/5.0 (Windows NT 10.0; Win64; x64) AppleWebKit/537.36 (KHTML, like Gecko) Chrome/150.0.0.0 Safari/537.36"
102.88.108.30 - - [22/Jul/2026:12:32:37 +0000] "GET /wp-content/plugins/wpforms-lite/assets/images/submit-spin.svg HTTP/1.1" 200 509 "https://sgcakesandsurprises.shop/our-service/?elementor-preview=311&ver=1784723408" "Mozilla/5.0 (Windows NT 10.0; Win64; x64) AppleWebKit/537.36 (KHTML, like Gecko) Chrome/150.0.0.0 Safari/537.36"
102.88.108.30 - - [22/Jul/2026:12:32:39 +0000] "POST /wp-admin/admin-ajax.php HTTP/1.1" 200 47 "https://sgcakesandsurprises.shop/wp-admin/admin.php?page=wpforms-builder&view=settings&form_id=415§ion=notifications" "Mozilla/5.0 (Windows NT 10.0; Win64; x64) AppleWebKit/537.36 (KHTML, like Gecko) Chrome/150.0.0.0 Safari/537.36"
102.88.108.30 - - [22/Jul/2026:12:32:45 +0000] "POST /wp-admin/admin-ajax.php HTTP/1.1" 200 77 "https://sgcakesandsurprises.shop/wp-admin/post.php?post=311&action=elementor" "Mozilla/5.0 (Windows NT 10.0; Win64; x64) AppleWebKit/537.36 (KHTML, like Gecko) Chrome/150.0.0.0 Safari/537.36"
198.177.124.148 - - [22/Jul/2026:12:32:57 +0000] "POST /wp-cron.php?doing_wp_cron=1784723577.0858299732208251953125 HTTP/1.1" 200 - "-" "WordPress/7.0.2; https://sgcakesandsurprises.shop"
102.88.108.30 - - [22/Jul/2026:12:32:54 +0000] "POST /wp-admin/admin-ajax.php HTTP/1.1" 200 47 "https://sgcakesandsurprises.shop/wp-admin/admin.php?page=wpforms-builder&view=settings&form_id=411§ion=notifications" "Mozilla/5.0 (Windows NT 10.0; Win64; x64) AppleWebKit/537.36 (KHTML, like Gecko) Chrome/150.0.0.0 Safari/537.36"
102.88.108.30 - - [22/Jul/2026:12:32:59 +0000] "GET /wp-json/elementor/v1/checklist/user-progress HTTP/1.1" 200 534 "https://sgcakesandsurprises.shop/wp-admin/post.php?post=311&action=elementor" "Mozilla/5.0 (Windows NT 10.0; Win64; x64) AppleWebKit/537.36 (KHTML, like Gecko) Chrome/150.0.0.0 Safari/537.36"
102.88.108.30 - - [22/Jul/2026:12:32:59 +0000] "PUT /wp-json/elementor/v1/global-classes?context=frontend HTTP/1.1" 204 - "https://sgcakesandsurprises.shop/wp-admin/post.php?post=311&action=elementor" "Mozilla/5.0 (Windows NT 10.0; Win64; x64) AppleWebKit/537.36 (KHTML, like Gecko) Chrome/150.0.0.0 Safari/537.36"
102.88.108.30 - - [22/Jul/2026:12:33:00 +0000] "POST /wp-admin/admin-ajax.php HTTP/1.1" 200 77 "https://sgcakesandsurprises.shop/wp-admin/post.php?post=311&action=elementor" "Mozilla/5.0 (Windows NT 10.0; Win64; x64) AppleWebKit/537.36 (KHTML, like Gecko) Chrome/150.0.0.0 Safari/537.36"
102.88.108.30 - - [22/Jul/2026:12:33:01 +0000] "POST /wp-json/elementor/v1/design-system-sync/stylesheet HTTP/1.1" 204 - "https://sgcakesandsurprises.shop/wp-admin/post.php?post=311&action=elementor" "Mozilla/5.0 (Windows NT 10.0; Win64; x64) AppleWebKit/537.36 (KHTML, like Gecko) Chrome/150.0.0.0 Safari/537.36"
102.88.108.30 - - [22/Jul/2026:12:33:00 +0000] "POST /wp-admin/admin-ajax.php HTTP/1.1" 200 1538 "https://sgcakesandsurprises.shop/wp-admin/post.php?post=311&action=elementor" "Mozilla/5.0 (Windows NT 10.0; Win64; x64) AppleWebKit/537.36 (KHTML, like Gecko) Chrome/150.0.0.0 Safari/537.36"
102.88.108.30 - - [22/Jul/2026:12:33:04 +0000] "POST /wp-json/wpforms/v1/elementor/themes/custom/?_locale=user HTTP/1.1" 200 15 "https://sgcakesandsurprises.shop/our-service/?elementor-preview=311&ver=1784723408" "Mozilla/5.0 (Windows NT 10.0; Win64; x64) AppleWebKit/537.36 (KHTML, like Gecko) Chrome/150.0.0.0 Safari/537.36"
102.88.108.30 - - [22/Jul/2026:12:33:04 +0000] "POST /wp-admin/admin-ajax.php HTTP/1.1" 200 2760 "https://sgcakesandsurprises.shop/wp-admin/post.php?post=311&action=elementor" "Mozilla/5.0 (Windows NT 10.0; Win64; x64) AppleWebKit/537.36 (KHTML, like Gecko) Chrome/150.0.0.0 Safari/537.36"
102.88.108.30 - - [22/Jul/2026:12:33:04 +0000] "GET /wp-json/elementor/v1/checklist/user-progress HTTP/1.1" 200 534 "https://sgcakesandsurprises.shop/wp-admin/post.php?post=311&action=elementor" "Mozilla/5.0 (Windows NT 10.0; Win64; x64) AppleWebKit/537.36 (KHTML, like Gecko) Chrome/150.0.0.0 Safari/537.36"
102.88.108.30 - - [22/Jul/2026:12:33:14 +0000] "POST /wp-admin/admin-ajax.php HTTP/1.1" 200 77 "https://sgcakesandsurprises.shop/wp-admin/post.php?post=311&action=elementor" "Mozilla/5.0 (Windows NT 10.0; Win64; x64) AppleWebKit/537.36 (KHTML, like Gecko) Chrome/150.0.0.0 Safari/537.36"
102.88.108.30 - - [22/Jul/2026:12:33:30 +0000] "POST /wp-admin/admin-ajax.php HTTP/1.1" 200 77 "https://sgcakesandsurprises.shop/wp-admin/post.php?post=311&action=elementor" "Mozilla/5.0 (Windows NT 10.0; Win64; x64) AppleWebKit/537.36 (KHTML, like Gecko) Chrome/150.0.0.0 Safari/537.36"
102.88.108.30 - - [22/Jul/2026:12:33:33 +0000] "POST /wp-admin/admin-ajax.php HTTP/1.1" 200 47 "https://sgcakesandsurprises.shop/wp-admin/options-general.php" "Mozilla/5.0 (Windows NT 10.0; Win64; x64) AppleWebKit/537.36 (KHTML, like Gecko) Chrome/150.0.0.0 Safari/537.36"
102.88.108.30 - - [22/Jul/2026:12:33:45 +0000] "POST /wp-admin/admin-ajax.php HTTP/1.1" 200 77 "https://sgcakesandsurprises.shop/wp-admin/post.php?post=311&action=elementor" "Mozilla/5.0 (Windows NT 10.0; Win64; x64) AppleWebKit/537.36 (KHTML, like Gecko) Chrome/150.0.0.0 Safari/537.36"
198.177.124.148 - - [22/Jul/2026:12:34:01 +0000] "POST /wp-cron.php?doing_wp_cron=1784723641.7650890350341796875000 HTTP/1.1" 200 - "-" "WordPress/7.0.2; https://sgcakesandsurprises.shop"
102.88.108.30 - - [22/Jul/2026:12:33:59 +0000] "POST /wp-admin/admin-ajax.php HTTP/1.1" 200 77 "https://sgcakesandsurprises.shop/wp-admin/post.php?post=311&action=elementor" "Mozilla/5.0 (Windows NT 10.0; Win64; x64) AppleWebKit/537.36 (KHTML, like Gecko) Chrome/150.0.0.0 Safari/537.36"
102.88.108.30 - - [22/Jul/2026:12:34:15 +0000] "POST /wp-admin/admin-ajax.php HTTP/1.1" 200 77 "https://sgcakesandsurprises.shop/wp-admin/post.php?post=311&action=elementor" "Mozilla/5.0 (Windows NT 10.0; Win64; x64) AppleWebKit/537.36 (KHTML, like Gecko) Chrome/150.0.0.0 Safari/537.36"
102.88.108.30 - - [22/Jul/2026:12:34:29 +0000] "POST /wp-admin/admin-ajax.php HTTP/1.1" 200 77 "https://sgcakesandsurprises.shop/wp-admin/post.php?post=393&action=elementor" "Mozilla/5.0 (Windows NT 10.0; Win64; x64) AppleWebKit/537.36 (KHTML, like Gecko) Chrome/150.0.0.0 Safari/537.36"
102.88.108.30 - - [22/Jul/2026:12:34:31 +0000] "POST /wp-admin/admin-ajax.php HTTP/1.1" 200 77 "https://sgcakesandsurprises.shop/wp-admin/post.php?post=311&action=elementor" "Mozilla/5.0 (Windows NT 10.0; Win64; x64) AppleWebKit/537.36 (KHTML, like Gecko) Chrome/150.0.0.0 Safari/537.36"
102.88.108.30 - - [22/Jul/2026:12:34:41 +0000] "POST /wp-admin/admin-ajax.php HTTP/1.1" 200 47 "https://sgcakesandsurprises.shop/wp-admin/admin.php?page=wpforms-builder&view=settings&form_id=415§ion=notifications" "Mozilla/5.0 (Windows NT 10.0; Win64; x64) AppleWebKit/537.36 (KHTML, like Gecko) Chrome/150.0.0.0 Safari/537.36"
102.88.108.30 - - [22/Jul/2026:12:34:41 +0000] "POST /wp-admin/admin-ajax.php HTTP/1.1" 200 111 "https://sgcakesandsurprises.shop/wp-admin/post.php?post=311&action=elementor" "Mozilla/5.0 (Windows NT 10.0; Win64; x64) AppleWebKit/537.36 (KHTML, like Gecko) Chrome/150.0.0.0 Safari/537.36"
102.88.108.30 - - [22/Jul/2026:12:34:44 +0000] "POST /wp-admin/admin-ajax.php HTTP/1.1" 200 77 "https://sgcakesandsurprises.shop/wp-admin/post.php?post=311&action=elementor" "Mozilla/5.0 (Windows NT 10.0; Win64; x64) AppleWebKit/537.36 (KHTML, like Gecko) Chrome/150.0.0.0 Safari/537.36"
198.177.124.148 - - [22/Jul/2026:12:34:56 +0000] "POST /wp-cron.php?doing_wp_cron=1784723695.9325809478759765625000 HTTP/1.1" 200 - "-" "WordPress/7.0.2; https://sgcakesandsurprises.shop"
102.88.108.30 - - [22/Jul/2026:12:34:54 +0000] "POST /wp-admin/admin-ajax.php HTTP/1.1" 200 47 "https://sgcakesandsurprises.shop/wp-admin/admin.php?page=wpforms-builder&view=settings&form_id=411§ion=notifications" "Mozilla/5.0 (Windows NT 10.0; Win64; x64) AppleWebKit/537.36 (KHTML, like Gecko) Chrome/150.0.0.0 Safari/537.36"
102.88.108.30 - - [22/Jul/2026:12:34:59 +0000] "POST /wp-admin/admin-ajax.php HTTP/1.1" 200 77 "https://sgcakesandsurprises.shop/wp-admin/post.php?post=311&action=elementor" "Mozilla/5.0 (Windows NT 10.0; Win64; x64) AppleWebKit/537.36 (KHTML, like Gecko) Chrome/150.0.0.0 Safari/537.36"
102.88.108.30 - - [22/Jul/2026:12:35:01 +0000] "POST /wp-admin/admin-ajax.php HTTP/1.1" 200 613 "https://sgcakesandsurprises.shop/wp-admin/post.php?post=311&action=elementor" "Mozilla/5.0 (Windows NT 10.0; Win64; x64) AppleWebKit/537.36 (KHTML, like Gecko) Chrome/150.0.0.0 Safari/537.36"
102.88.108.30 - - [22/Jul/2026:12:35:07 +0000] "GET /wp-json/elementor/v1/template-library/templates?source=local HTTP/1.1" 200 4966 "https://sgcakesandsurprises.shop/wp-admin/post.php?post=311&action=elementor" "Mozilla/5.0 (Windows NT 10.0; Win64; x64) AppleWebKit/537.36 (KHTML, like Gecko) Chrome/150.0.0.0 Safari/537.36"
102.88.108.30 - - [22/Jul/2026:12:35:08 +0000] "POST /wp-admin/admin-ajax.php HTTP/1.1" 200 111 "https://sgcakesandsurprises.shop/wp-admin/post.php?post=311&action=elementor" "Mozilla/5.0 (Windows NT 10.0; Win64; x64) AppleWebKit/537.36 (KHTML, like Gecko) Chrome/150.0.0.0 Safari/537.36"
102.88.108.30 - - [22/Jul/2026:12:35:14 +0000] "POST /wp-admin/admin-ajax.php HTTP/1.1" 200 77 "https://sgcakesandsurprises.shop/wp-admin/post.php?post=311&action=elementor" "Mozilla/5.0 (Windows NT 10.0; Win64; x64) AppleWebKit/537.36 (KHTML, like Gecko) Chrome/150.0.0.0 Safari/537.36"
102.88.108.30 - - [22/Jul/2026:12:35:31 +0000] "GET /wp-content/uploads/elementor/css/post-421.css?ver=1784723730 HTTP/1.1" 200 2253 "https://sgcakesandsurprises.shop/?elementor_library=all-our-service" "Mozilla/5.0 (Windows NT 10.0; Win64; x64) AppleWebKit/537.36 (KHTML, like Gecko) Chrome/150.0.0.0 Safari/537.36"
102.88.108.30 - - [22/Jul/2026:12:35:32 +0000] "GET /wp-content/uploads/elementor/css/local-421-frontend-desktop.css?ver=6a60b9128d278 HTTP/1.1" 200 3092 "https://sgcakesandsurprises.shop/?elementor_library=all-our-service" "Mozilla/5.0 (Windows NT 10.0; Win64; x64) AppleWebKit/537.36 (KHTML, like Gecko) Chrome/150.0.0.0 Safari/537.36"
102.88.108.30 - - [22/Jul/2026:12:35:32 +0000] "GET /wp-content/uploads/elementor/css/local-421-frontend-mobile.css?ver=6a60b9128d278 HTTP/1.1" 200 2037 "https://sgcakesandsurprises.shop/?elementor_library=all-our-service" "Mozilla/5.0 (Windows NT 10.0; Win64; x64) AppleWebKit/537.36 (KHTML, like Gecko) Chrome/150.0.0.0 Safari/537.36"
102.88.108.30 - - [22/Jul/2026:12:35:26 +0000] "GET /?elementor_library=all-our-service HTTP/1.1" 200 269379 "https://sgcakesandsurprises.shop/wp-admin/post.php?post=311&action=elementor" "Mozilla/5.0 (Windows NT 10.0; Win64; x64) AppleWebKit/537.36 (KHTML, like Gecko) Chrome/150.0.0.0 Safari/537.36"
102.88.108.30 - - [22/Jul/2026:12:35:30 +0000] "POST /wp-admin/admin-ajax.php HTTP/1.1" 200 77 "https://sgcakesandsurprises.shop/wp-admin/post.php?post=311&action=elementor" "Mozilla/5.0 (Windows NT 10.0; Win64; x64) AppleWebKit/537.36 (KHTML, like Gecko) Chrome/150.0.0.0 Safari/537.36"
102.88.108.30 - - [22/Jul/2026:12:35:34 +0000] "POST /wp-admin/admin-ajax.php HTTP/1.1" 200 47 "https://sgcakesandsurprises.shop/wp-admin/options-general.php" "Mozilla/5.0 (Windows NT 10.0; Win64; x64) AppleWebKit/537.36 (KHTML, like Gecko) Chrome/150.0.0.0 Safari/537.36"
102.88.108.30 - - [22/Jul/2026:12:35:34 +0000] "GET /wp-admin/admin-ajax.php?action=pys_get_pbid HTTP/1.1" 200 1 "https://sgcakesandsurprises.shop/?elementor_library=all-our-service" "Mozilla/5.0 (Windows NT 10.0; Win64; x64) AppleWebKit/537.36 (KHTML, like Gecko) Chrome/150.0.0.0 Safari/537.36"
102.88.108.30 - - [22/Jul/2026:12:35:34 +0000] "POST /wp-json/pys-facebook/v1/event HTTP/1.1" 200 16 "https://sgcakesandsurprises.shop/?elementor_library=all-our-service" "Mozilla/5.0 (Windows NT 10.0; Win64; x64) AppleWebKit/537.36 (KHTML, like Gecko) Chrome/150.0.0.0 Safari/537.36"
198.177.124.148 - - [22/Jul/2026:12:36:26 +0000] "POST /wp-cron.php?doing_wp_cron=1784723786.6313769817352294921875 HTTP/1.1" 200 - "-" "WordPress/7.0.2; https://sgcakesandsurprises.shop"
102.88.108.30 - - [22/Jul/2026:12:36:22 +0000] "POST /wp-admin/admin-ajax.php HTTP/1.1" 200 77 "https://sgcakesandsurprises.shop/wp-admin/post.php?post=393&action=elementor" "Mozilla/5.0 (Windows NT 10.0; Win64; x64) AppleWebKit/537.36 (KHTML, like Gecko) Chrome/150.0.0.0 Safari/537.36"
102.88.108.30 - - [22/Jul/2026:12:36:23 +0000] "GET /wp-json/elementor/v1/checklist/user-progress HTTP/1.1" 403 90 "https://sgcakesandsurprises.shop/wp-admin/post.php?post=393&action=elementor" "Mozilla/5.0 (Windows NT 10.0; Win64; x64) AppleWebKit/537.36 (KHTML, like Gecko) Chrome/150.0.0.0 Safari/537.36"
102.88.108.30 - - [22/Jul/2026:12:36:42 +0000] "GET /wp-content/uploads/2026/07/WhatsApp-Image-2026-07-18-at-11.52.06-AM.jpeg HTTP/1.1" 200 123180 "https://sgcakesandsurprises.shop/?elementor_library=food" "Mozilla/5.0 (Windows NT 10.0; Win64; x64) AppleWebKit/537.36 (KHTML, like Gecko) Chrome/150.0.0.0 Safari/537.36"
102.88.108.30 - - [22/Jul/2026:12:36:42 +0000] "POST /wp-admin/admin-ajax.php HTTP/1.1" 200 47 "https://sgcakesandsurprises.shop/wp-admin/admin.php?page=wpforms-builder&view=settings&form_id=415§ion=notifications" "Mozilla/5.0 (Windows NT 10.0; Win64; x64) AppleWebKit/537.36 (KHTML, like Gecko) Chrome/150.0.0.0 Safari/537.36"
102.88.108.30 - - [22/Jul/2026:12:36:43 +0000] "GET /wp-content/uploads/2026/07/WhatsApp-Image-2026-07-18-at-11.52.25-AM.jpeg HTTP/1.1" 200 170742 "https://sgcakesandsurprises.shop/?elementor_library=food" "Mozilla/5.0 (Windows NT 10.0; Win64; x64) AppleWebKit/537.36 (KHTML, like Gecko) Chrome/150.0.0.0 Safari/537.36"
102.88.108.30 - - [22/Jul/2026:12:36:43 +0000] "GET /wp-content/uploads/2026/07/WhatsApp-Image-2026-07-18-at-11.51.38-AM.jpeg HTTP/1.1" 200 138993 "https://sgcakesandsurprises.shop/?elementor_library=food" "Mozilla/5.0 (Windows NT 10.0; Win64; x64) AppleWebKit/537.36 (KHTML, like Gecko) Chrome/150.0.0.0 Safari/537.36"
102.88.108.30 - - [22/Jul/2026:12:36:44 +0000] "GET /wp-content/uploads/2026/07/WhatsApp-Image-2026-07-15-at-11.55.21-AM.jpeg HTTP/1.1" 200 178259 "https://sgcakesandsurprises.shop/?elementor_library=food" "Mozilla/5.0 (Windows NT 10.0; Win64; x64) AppleWebKit/537.36 (KHTML, like Gecko) Chrome/150.0.0.0 Safari/537.36"
102.88.108.30 - - [22/Jul/2026:12:36:43 +0000] "GET /wp-content/uploads/2026/07/WhatsApp-Image-2026-07-18-at-11.51.53-AM.jpeg HTTP/1.1" 200 158578 "https://sgcakesandsurprises.shop/?elementor_library=food" "Mozilla/5.0 (Windows NT 10.0; Win64; x64) AppleWebKit/537.36 (KHTML, like Gecko) Chrome/150.0.0.0 Safari/537.36"
102.88.108.30 - - [22/Jul/2026:12:36:43 +0000] "GET /wp-content/uploads/2026/07/WhatsApp-Image-2026-07-15-at-11.53.57-AM.jpeg HTTP/1.1" 200 189881 "https://sgcakesandsurprises.shop/?elementor_library=food" "Mozilla/5.0 (Windows NT 10.0; Win64; x64) AppleWebKit/537.36 (KHTML, like Gecko) Chrome/150.0.0.0 Safari/537.36"
102.88.108.30 - - [22/Jul/2026:12:36:44 +0000] "GET /wp-content/uploads/2026/07/WhatsApp-Image-2026-07-15-at-11.53.59-AM-1.jpeg HTTP/1.1" 200 156000 "https://sgcakesandsurprises.shop/?elementor_library=food" "Mozilla/5.0 (Windows NT 10.0; Win64; x64) AppleWebKit/537.36 (KHTML, like Gecko) Chrome/150.0.0.0 Safari/537.36"
102.88.108.30 - - [22/Jul/2026:12:36:45 +0000] "GET /wp-admin/admin.php?page=elementor-app&ver=4.1.5 HTTP/1.1" 200 36307 "https://sgcakesandsurprises.shop/?elementor_library=food" "Mozilla/5.0 (Windows NT 10.0; Win64; x64) AppleWebKit/537.36 (KHTML, like Gecko) Chrome/150.0.0.0 Safari/537.36"
102.88.108.30 - - [22/Jul/2026:12:36:50 +0000] "GET /wp-content/plugins/elementor/assets/css/app.min.css?ver=4.1.5 HTTP/1.1" 200 77537 "https://sgcakesandsurprises.shop/wp-admin/admin.php?page=elementor-app&ver=4.1.5" "Mozilla/5.0 (Windows NT 10.0; Win64; x64) AppleWebKit/537.36 (KHTML, like Gecko) Chrome/150.0.0.0 Safari/537.36"
102.88.108.30 - - [22/Jul/2026:12:36:50 +0000] "GET /wp-content/plugins/elementor/assets/js/app-packages.min.js?ver=4.1.5 HTTP/1.1" 200 125498 "https://sgcakesandsurprises.shop/wp-admin/admin.php?page=elementor-app&ver=4.1.5" "Mozilla/5.0 (Windows NT 10.0; Win64; x64) AppleWebKit/537.36 (KHTML, like Gecko) Chrome/150.0.0.0 Safari/537.36"
102.88.108.30 - - [22/Jul/2026:12:36:51 +0000] "GET /wp-content/plugins/elementor/assets/js/packages/onboarding/onboarding.min.js?ver=4.1.5 HTTP/1.1" 200 101701 "https://sgcakesandsurprises.shop/wp-admin/admin.php?page=elementor-app&ver=4.1.5" "Mozilla/5.0 (Windows NT 10.0; Win64; x64) AppleWebKit/537.36 (KHTML, like Gecko) Chrome/150.0.0.0 Safari/537.36"
102.88.108.30 - - [22/Jul/2026:12:36:51 +0000] "GET /wp-content/plugins/elementor/assets/js/app.min.js?ver=4.1.5 HTTP/1.1" 200 534874 "https://sgcakesandsurprises.shop/wp-admin/admin.php?page=elementor-app&ver=4.1.5" "Mozilla/5.0 (Windows NT 10.0; Win64; x64) AppleWebKit/537.36 (KHTML, like Gecko) Chrome/150.0.0.0 Safari/537.36"
102.88.108.30 - - [22/Jul/2026:12:36:52 +0000] "GET /wp-content/plugins/elementor/assets/js/packages/site-builder/site-builder.min.js?ver=4.1.5 HTTP/1.1" 200 6789 "https://sgcakesandsurprises.shop/wp-admin/admin.php?page=elementor-app&ver=4.1.5" "Mozilla/5.0 (Windows NT 10.0; Win64; x64) AppleWebKit/537.36 (KHTML, like Gecko) Chrome/150.0.0.0 Safari/537.36"
198.177.124.148 - - [22/Jul/2026:12:36:56 +0000] "POST /wp-cron.php?doing_wp_cron=1784723816.8495669364929199218750 HTTP/1.1" 200 - "-" "WordPress/7.0.2; https://sgcakesandsurprises.shop"
102.88.108.30 - - [22/Jul/2026:12:36:55 +0000] "POST /wp-admin/admin-ajax.php HTTP/1.1" 200 47 "https://sgcakesandsurprises.shop/wp-admin/admin.php?page=wpforms-builder&view=settings&form_id=411§ion=notifications" "Mozilla/5.0 (Windows NT 10.0; Win64; x64) AppleWebKit/537.36 (KHTML, like Gecko) Chrome/150.0.0.0 Safari/537.36"
102.88.108.30 - - [22/Jul/2026:12:37:09 +0000] "POST /wp-admin/admin-ajax.php HTTP/1.1" 200 47 "https://sgcakesandsurprises.shop/wp-admin/options-general.php" "Mozilla/5.0 (Windows NT 10.0; Win64; x64) AppleWebKit/537.36 (KHTML, like Gecko) Chrome/150.0.0.0 Safari/537.36"
102.88.108.30 - - [22/Jul/2026:12:37:12 +0000] "POST /wp-admin/admin-ajax.php HTTP/1.1" 200 77 "https://sgcakesandsurprises.shop/wp-admin/post.php?post=311&action=elementor" "Mozilla/5.0 (Windows NT 10.0; Win64; x64) AppleWebKit/537.36 (KHTML, like Gecko) Chrome/150.0.0.0 Safari/537.36"
102.88.108.30 - - [22/Jul/2026:12:37:13 +0000] "GET /wp-json/elementor/v1/checklist/user-progress HTTP/1.1" 200 534 "https://sgcakesandsurprises.shop/wp-admin/post.php?post=311&action=elementor" "Mozilla/5.0 (Windows NT 10.0; Win64; x64) AppleWebKit/537.36 (KHTML, like Gecko) Chrome/150.0.0.0 Safari/537.36"
102.88.108.30 - - [22/Jul/2026:12:37:16 +0000] "GET /wp-json/elementor/v1/checklist/user-progress HTTP/1.1" 200 534 "https://sgcakesandsurprises.shop/wp-admin/post.php?post=311&action=elementor" "Mozilla/5.0 (Windows NT 10.0; Win64; x64) AppleWebKit/537.36 (KHTML, like Gecko) Chrome/150.0.0.0 Safari/537.36"
102.88.108.30 - - [22/Jul/2026:12:37:29 +0000] "POST /wp-admin/admin-ajax.php HTTP/1.1" 200 77 "https://sgcakesandsurprises.shop/wp-admin/post.php?post=311&action=elementor" "Mozilla/5.0 (Windows NT 10.0; Win64; x64) AppleWebKit/537.36 (KHTML, like Gecko) Chrome/150.0.0.0 Safari/537.36"
102.88.108.30 - - [22/Jul/2026:12:37:44 +0000] "POST /wp-admin/admin-ajax.php HTTP/1.1" 200 77 "https://sgcakesandsurprises.shop/wp-admin/post.php?post=311&action=elementor" "Mozilla/5.0 (Windows NT 10.0; Win64; x64) AppleWebKit/537.36 (KHTML, like Gecko) Chrome/150.0.0.0 Safari/537.36"
102.88.108.30 - - [22/Jul/2026:12:37:45 +0000] "GET /wp-json/elementor/v1/checklist/user-progress HTTP/1.1" 200 534 "https://sgcakesandsurprises.shop/wp-admin/post.php?post=311&action=elementor" "Mozilla/5.0 (Windows NT 10.0; Win64; x64) AppleWebKit/537.36 (KHTML, like Gecko) Chrome/150.0.0.0 Safari/537.36"
198.177.124.148 - - [22/Jul/2026:12:38:01 +0000] "POST /wp-cron.php?doing_wp_cron=1784723881.2914009094238281250000 HTTP/1.1" 200 - "-" "WordPress/7.0.2; https://sgcakesandsurprises.shop"
102.88.108.30 - - [22/Jul/2026:12:37:59 +0000] "POST /wp-admin/admin-ajax.php HTTP/1.1" 200 77 "https://sgcakesandsurprises.shop/wp-admin/post.php?post=311&action=elementor" "Mozilla/5.0 (Windows NT 10.0; Win64; x64) AppleWebKit/537.36 (KHTML, like Gecko) Chrome/150.0.0.0 Safari/537.36"
102.88.108.30 - - [22/Jul/2026:12:38:09 +0000] "POST /wp-admin/admin-ajax.php HTTP/1.1" 200 47 "https://sgcakesandsurprises.shop/wp-admin/options-general.php" "Mozilla/5.0 (Windows NT 10.0; Win64; x64) AppleWebKit/537.36 (KHTML, like Gecko) Chrome/150.0.0.0 Safari/537.36"
102.88.108.30 - - [22/Jul/2026:12:38:14 +0000] "POST /wp-admin/admin-ajax.php HTTP/1.1" 200 77 "https://sgcakesandsurprises.shop/wp-admin/post.php?post=311&action=elementor" "Mozilla/5.0 (Windows NT 10.0; Win64; x64) AppleWebKit/537.36 (KHTML, like Gecko) Chrome/150.0.0.0 Safari/537.36"
198.177.124.148 - - [22/Jul/2026:12:38:31 +0000] "POST /wp-cron.php?doing_wp_cron=1784723911.0700728893280029296875 HTTP/1.1" 200 - "-" "WordPress/7.0.2; https://sgcakesandsurprises.shop"
102.88.108.30 - - [22/Jul/2026:12:38:30 +0000] "POST /wp-admin/admin-ajax.php HTTP/1.1" 200 77 "https://sgcakesandsurprises.shop/wp-admin/post.php?post=311&action=elementor" "Mozilla/5.0 (Windows NT 10.0; Win64; x64) AppleWebKit/537.36 (KHTML, like Gecko) Chrome/150.0.0.0 Safari/537.36"
198.177.124.148 - - [22/Jul/2026:12:38:46 +0000] "POST /wp-cron.php?doing_wp_cron=1784723926.0318648815155029296875 HTTP/1.1" 200 - "-" "WordPress/7.0.2; https://sgcakesandsurprises.shop"
102.88.108.30 - - [22/Jul/2026:12:38:45 +0000] "POST /wp-admin/admin-ajax.php HTTP/1.1" 200 47 "https://sgcakesandsurprises.shop/wp-admin/admin.php?page=wpforms-builder&view=settings&form_id=415§ion=notifications" "Mozilla/5.0 (Windows NT 10.0; Win64; x64) AppleWebKit/537.36 (KHTML, like Gecko) Chrome/150.0.0.0 Safari/537.36"
102.88.108.30 - - [22/Jul/2026:12:38:45 +0000] "POST /wp-admin/admin-ajax.php HTTP/1.1" 200 77 "https://sgcakesandsurprises.shop/wp-admin/post.php?post=311&action=elementor" "Mozilla/5.0 (Windows NT 10.0; Win64; x64) AppleWebKit/537.36 (KHTML, like Gecko) Chrome/150.0.0.0 Safari/537.36"
198.177.124.148 - - [22/Jul/2026:12:38:58 +0000] "POST /wp-cron.php?doing_wp_cron=1784723938.2198119163513183593750 HTTP/1.1" 200 - "-" "WordPress/7.0.2; https://sgcakesandsurprises.shop"
102.88.108.30 - - [22/Jul/2026:12:38:57 +0000] "POST /wp-admin/admin-ajax.php HTTP/1.1" 200 47 "https://sgcakesandsurprises.shop/wp-admin/admin.php?page=wpforms-builder&view=settings&form_id=411§ion=notifications" "Mozilla/5.0 (Windows NT 10.0; Win64; x64) AppleWebKit/537.36 (KHTML, like Gecko) Chrome/150.0.0.0 Safari/537.36"
102.88.108.30 - - [22/Jul/2026:12:38:59 +0000] "POST /wp-admin/admin-ajax.php HTTP/1.1" 200 77 "https://sgcakesandsurprises.shop/wp-admin/post.php?post=311&action=elementor" "Mozilla/5.0 (Windows NT 10.0; Win64; x64) AppleWebKit/537.36 (KHTML, like Gecko) Chrome/150.0.0.0 Safari/537.36"
102.88.108.30 - - [22/Jul/2026:12:39:14 +0000] "POST /wp-admin/admin-ajax.php HTTP/1.1" 200 77 "https://sgcakesandsurprises.shop/wp-admin/post.php?post=311&action=elementor" "Mozilla/5.0 (Windows NT 10.0; Win64; x64) AppleWebKit/537.36 (KHTML, like Gecko) Chrome/150.0.0.0 Safari/537.36"
102.88.108.30 - - [22/Jul/2026:12:39:29 +0000] "POST /wp-admin/admin-ajax.php HTTP/1.1" 200 77 "https://sgcakesandsurprises.shop/wp-admin/post.php?post=311&action=elementor" "Mozilla/5.0 (Windows NT 10.0; Win64; x64) AppleWebKit/537.36 (KHTML, like Gecko) Chrome/150.0.0.0 Safari/537.36"
102.88.108.30 - - [22/Jul/2026:12:39:46 +0000] "POST /wp-admin/admin-ajax.php HTTP/1.1" 200 77 "https://sgcakesandsurprises.shop/wp-admin/post.php?post=311&action=elementor" "Mozilla/5.0 (Windows NT 10.0; Win64; x64) AppleWebKit/537.36 (KHTML, like Gecko) Chrome/150.0.0.0 Safari/537.36"
198.177.124.148 - - [22/Jul/2026:12:40:00 +0000] "POST /wp-cron.php?doing_wp_cron=1784724000.2640669345855712890625 HTTP/1.1" 200 - "-" "WordPress/7.0.2; https://sgcakesandsurprises.shop"
102.88.108.30 - - [22/Jul/2026:12:39:59 +0000] "POST /wp-admin/admin-ajax.php HTTP/1.1" 200 77 "https://sgcakesandsurprises.shop/wp-admin/post.php?post=311&action=elementor" "Mozilla/5.0 (Windows NT 10.0; Win64; x64) AppleWebKit/537.36 (KHTML, like Gecko) Chrome/150.0.0.0 Safari/537.36"
102.88.108.30 - - [22/Jul/2026:12:40:11 +0000] "POST /wp-admin/admin-ajax.php HTTP/1.1" 200 47 "https://sgcakesandsurprises.shop/wp-admin/options-general.php" "Mozilla/5.0 (Windows NT 10.0; Win64; x64) AppleWebKit/537.36 (KHTML, like Gecko) Chrome/150.0.0.0 Safari/537.36"
102.88.108.30 - - [22/Jul/2026:12:40:14 +0000] "POST /wp-admin/admin-ajax.php HTTP/1.1" 200 77 "https://sgcakesandsurprises.shop/wp-admin/post.php?post=311&action=elementor" "Mozilla/5.0 (Windows NT 10.0; Win64; x64) AppleWebKit/537.36 (KHTML, like Gecko) Chrome/150.0.0.0 Safari/537.36"
102.88.108.30 - - [22/Jul/2026:12:40:29 +0000] "POST /wp-admin/admin-ajax.php HTTP/1.1" 200 77 "https://sgcakesandsurprises.shop/wp-admin/post.php?post=311&action=elementor" "Mozilla/5.0 (Windows NT 10.0; Win64; x64) AppleWebKit/537.36 (KHTML, like Gecko) Chrome/150.0.0.0 Safari/537.36"
102.88.108.30 - - [22/Jul/2026:12:40:44 +0000] "POST /wp-admin/admin-ajax.php HTTP/1.1" 200 47 "https://sgcakesandsurprises.shop/wp-admin/admin.php?page=wpforms-builder&view=settings&form_id=415§ion=notifications" "Mozilla/5.0 (Windows NT 10.0; Win64; x64) AppleWebKit/537.36 (KHTML, like Gecko) Chrome/150.0.0.0 Safari/537.36"
102.88.108.30 - - [22/Jul/2026:12:40:44 +0000] "POST /wp-admin/admin-ajax.php HTTP/1.1" 200 77 "https://sgcakesandsurprises.shop/wp-admin/post.php?post=311&action=elementor" "Mozilla/5.0 (Windows NT 10.0; Win64; x64) AppleWebKit/537.36 (KHTML, like Gecko) Chrome/150.0.0.0 Safari/537.36"
198.177.124.148 - - [22/Jul/2026:12:40:59 +0000] "POST /wp-cron.php?doing_wp_cron=1784724059.7641530036926269531250 HTTP/1.1" 200 - "-" "WordPress/7.0.2; https://sgcakesandsurprises.shop"
102.88.108.30 - - [22/Jul/2026:12:40:58 +0000] "POST /wp-admin/admin-ajax.php HTTP/1.1" 200 47 "https://sgcakesandsurprises.shop/wp-admin/admin.php?page=wpforms-builder&view=settings&form_id=411§ion=notifications" "Mozilla/5.0 (Windows NT 10.0; Win64; x64) AppleWebKit/537.36 (KHTML, like Gecko) Chrome/150.0.0.0 Safari/537.36"
102.88.108.30 - - [22/Jul/2026:12:40:59 +0000] "POST /wp-admin/admin-ajax.php HTTP/1.1" 200 77 "https://sgcakesandsurprises.shop/wp-admin/post.php?post=311&action=elementor" "Mozilla/5.0 (Windows NT 10.0; Win64; x64) AppleWebKit/537.36 (KHTML, like Gecko) Chrome/150.0.0.0 Safari/537.36"
102.88.108.30 - - [22/Jul/2026:12:41:15 +0000] "POST /wp-admin/admin-ajax.php HTTP/1.1" 200 77 "https://sgcakesandsurprises.shop/wp-admin/post.php?post=311&action=elementor" "Mozilla/5.0 (Windows NT 10.0; Win64; x64) AppleWebKit/537.36 (KHTML, like Gecko) Chrome/150.0.0.0 Safari/537.36"
102.88.108.30 - - [22/Jul/2026:12:41:29 +0000] "POST /wp-admin/admin-ajax.php HTTP/1.1" 200 77 "https://sgcakesandsurprises.shop/wp-admin/post.php?post=311&action=elementor" "Mozilla/5.0 (Windows NT 10.0; Win64; x64) AppleWebKit/537.36 (KHTML, like Gecko) Chrome/150.0.0.0 Safari/537.36"
102.88.108.30 - - [22/Jul/2026:12:41:46 +0000] "POST /wp-admin/admin-ajax.php HTTP/1.1" 200 77 "https://sgcakesandsurprises.shop/wp-admin/post.php?post=311&action=elementor" "Mozilla/5.0 (Windows NT 10.0; Win64; x64) AppleWebKit/537.36 (KHTML, like Gecko) Chrome/150.0.0.0 Safari/537.36"
198.177.124.148 - - [22/Jul/2026:12:42:00 +0000] "POST /wp-cron.php?doing_wp_cron=1784724120.0165839195251464843750 HTTP/1.1" 200 - "-" "WordPress/7.0.2; https://sgcakesandsurprises.shop"
102.88.108.30 - - [22/Jul/2026:12:41:59 +0000] "POST /wp-admin/admin-ajax.php HTTP/1.1" 200 77 "https://sgcakesandsurprises.shop/wp-admin/post.php?post=311&action=elementor" "Mozilla/5.0 (Windows NT 10.0; Win64; x64) AppleWebKit/537.36 (KHTML, like Gecko) Chrome/150.0.0.0 Safari/537.36"
