102.88.108.30 - - [22/Jul/2026:13:23:46 +0000] "POST /wp-admin/admin-ajax.php HTTP/1.1" 200 47 "https://sgcakesandsurprises.shop/wp-admin/admin.php?page=pixelyoursite" "Mozilla/5.0 (Windows NT 10.0; Win64; x64) AppleWebKit/537.36 (KHTML, like Gecko) Chrome/150.0.0.0 Safari/537.36"
198.177.124.148 - - [22/Jul/2026:13:25:49 +0000] "POST /wp-cron.php?doing_wp_cron=1784726749.4986739158630371093750 HTTP/1.1" 200 - "-" "WordPress/7.0.2; https://sgcakesandsurprises.shop"
102.88.108.30 - - [22/Jul/2026:13:25:47 +0000] "POST /wp-admin/admin-ajax.php HTTP/1.1" 200 47 "https://sgcakesandsurprises.shop/wp-admin/admin.php?page=pixelyoursite" "Mozilla/5.0 (Windows NT 10.0; Win64; x64) AppleWebKit/537.36 (KHTML, like Gecko) Chrome/150.0.0.0 Safari/537.36"
198.177.124.148 - - [22/Jul/2026:13:27:51 +0000] "POST /wp-cron.php?doing_wp_cron=1784726870.9965870380401611328125 HTTP/1.1" 200 - "-" "WordPress/7.0.2; https://sgcakesandsurprises.shop"
102.88.108.30 - - [22/Jul/2026:13:27:48 +0000] "POST /wp-admin/admin-ajax.php HTTP/1.1" 200 47 "https://sgcakesandsurprises.shop/wp-admin/admin.php?page=pixelyoursite" "Mozilla/5.0 (Windows NT 10.0; Win64; x64) AppleWebKit/537.36 (KHTML, like Gecko) Chrome/150.0.0.0 Safari/537.36"
198.177.124.148 - - [22/Jul/2026:13:29:54 +0000] "POST /wp-cron.php?doing_wp_cron=1784726994.6746010780334472656250 HTTP/1.1" 200 - "-" "WordPress/7.0.2; https://sgcakesandsurprises.shop"
102.88.108.30 - - [22/Jul/2026:13:29:49 +0000] "POST /wp-admin/admin-ajax.php HTTP/1.1" 200 47 "https://sgcakesandsurprises.shop/wp-admin/admin.php?page=pixelyoursite" "Mozilla/5.0 (Windows NT 10.0; Win64; x64) AppleWebKit/537.36 (KHTML, like Gecko) Chrome/150.0.0.0 Safari/537.36"
198.177.124.148 - - [22/Jul/2026:13:31:54 +0000] "POST /wp-cron.php?doing_wp_cron=1784727114.6252820491790771484375 HTTP/1.1" 200 - "-" "WordPress/7.0.2; https://sgcakesandsurprises.shop"
102.88.108.30 - - [22/Jul/2026:13:31:51 +0000] "POST /wp-admin/admin-ajax.php HTTP/1.1" 200 47 "https://sgcakesandsurprises.shop/wp-admin/admin.php?page=pixelyoursite" "Mozilla/5.0 (Windows NT 10.0; Win64; x64) AppleWebKit/537.36 (KHTML, like Gecko) Chrome/150.0.0.0 Safari/537.36"
198.177.124.148 - - [22/Jul/2026:13:33:57 +0000] "POST /wp-cron.php?doing_wp_cron=1784727237.3433179855346679687500 HTTP/1.1" 200 - "-" "WordPress/7.0.2; https://sgcakesandsurprises.shop"
102.88.108.30 - - [22/Jul/2026:13:33:54 +0000] "POST /wp-admin/admin-ajax.php HTTP/1.1" 200 47 "https://sgcakesandsurprises.shop/wp-admin/admin.php?page=pixelyoursite" "Mozilla/5.0 (Windows NT 10.0; Win64; x64) AppleWebKit/537.36 (KHTML, like Gecko) Chrome/150.0.0.0 Safari/537.36"
198.177.124.148 - - [22/Jul/2026:13:35:54 +0000] "POST /wp-cron.php?doing_wp_cron=1784727354.7250258922576904296875 HTTP/1.1" 200 - "-" "WordPress/7.0.2; https://sgcakesandsurprises.shop"
102.88.108.30 - - [22/Jul/2026:13:35:52 +0000] "POST /wp-admin/admin-ajax.php HTTP/1.1" 200 47 "https://sgcakesandsurprises.shop/wp-admin/admin.php?page=pixelyoursite" "Mozilla/5.0 (Windows NT 10.0; Win64; x64) AppleWebKit/537.36 (KHTML, like Gecko) Chrome/150.0.0.0 Safari/537.36"
198.177.124.148 - - [22/Jul/2026:13:37:58 +0000] "POST /wp-cron.php?doing_wp_cron=1784727478.0965960025787353515625 HTTP/1.1" 200 - "-" "WordPress/7.0.2; https://sgcakesandsurprises.shop"
102.88.108.30 - - [22/Jul/2026:13:37:53 +0000] "POST /wp-admin/admin-ajax.php HTTP/1.1" 200 47 "https://sgcakesandsurprises.shop/wp-admin/admin.php?page=pixelyoursite" "Mozilla/5.0 (Windows NT 10.0; Win64; x64) AppleWebKit/537.36 (KHTML, like Gecko) Chrome/150.0.0.0 Safari/537.36"
198.177.124.148 - - [22/Jul/2026:13:39:57 +0000] "POST /wp-cron.php?doing_wp_cron=1784727597.2138040065765380859375 HTTP/1.1" 200 - "-" "WordPress/7.0.2; https://sgcakesandsurprises.shop"
102.88.108.30 - - [22/Jul/2026:13:39:54 +0000] "POST /wp-admin/admin-ajax.php HTTP/1.1" 200 47 "https://sgcakesandsurprises.shop/wp-admin/admin.php?page=pixelyoursite" "Mozilla/5.0 (Windows NT 10.0; Win64; x64) AppleWebKit/537.36 (KHTML, like Gecko) Chrome/150.0.0.0 Safari/537.36"
198.177.124.148 - - [22/Jul/2026:13:41:58 +0000] "POST /wp-cron.php?doing_wp_cron=1784727718.4967041015625000000000 HTTP/1.1" 200 - "-" "WordPress/7.0.2; https://sgcakesandsurprises.shop"
102.88.108.30 - - [22/Jul/2026:13:41:55 +0000] "POST /wp-admin/admin-ajax.php HTTP/1.1" 200 47 "https://sgcakesandsurprises.shop/wp-admin/admin.php?page=pixelyoursite" "Mozilla/5.0 (Windows NT 10.0; Win64; x64) AppleWebKit/537.36 (KHTML, like Gecko) Chrome/150.0.0.0 Safari/537.36"
198.177.124.148 - - [22/Jul/2026:13:44:00 +0000] "POST /wp-cron.php?doing_wp_cron=1784727840.7406051158905029296875 HTTP/1.1" 200 - "-" "WordPress/7.0.2; https://sgcakesandsurprises.shop"
102.88.108.30 - - [22/Jul/2026:13:43:55 +0000] "POST /wp-admin/admin-ajax.php HTTP/1.1" 200 47 "https://sgcakesandsurprises.shop/wp-admin/admin.php?page=pixelyoursite" "Mozilla/5.0 (Windows NT 10.0; Win64; x64) AppleWebKit/537.36 (KHTML, like Gecko) Chrome/150.0.0.0 Safari/537.36"
198.177.124.148 - - [22/Jul/2026:13:44:06 +0000] "POST /wp-cron.php?doing_wp_cron=1784727846.4772019386291503906250 HTTP/1.1" 200 - "-" "WordPress/7.0.2; https://sgcakesandsurprises.shop"
54.144.149.200 - - [22/Jul/2026:13:43:59 +0000] "GET / HTTP/1.1" 200 101561 "-" "Mozilla/5.0 (Linux; Android 11; RMX1851) AppleWebKit/537.36 (KHTML, like Gecko) Chrome/90.0.4430.210 Mobile Safari/537.36"
198.177.124.148 - - [22/Jul/2026:13:46:00 +0000] "POST /wp-cron.php?doing_wp_cron=1784727960.2871949672698974609375 HTTP/1.1" 200 - "-" "WordPress/7.0.2; https://sgcakesandsurprises.shop"
102.88.108.30 - - [22/Jul/2026:13:45:56 +0000] "POST /wp-admin/admin-ajax.php HTTP/1.1" 200 47 "https://sgcakesandsurprises.shop/wp-admin/admin.php?page=pixelyoursite" "Mozilla/5.0 (Windows NT 10.0; Win64; x64) AppleWebKit/537.36 (KHTML, like Gecko) Chrome/150.0.0.0 Safari/537.36"
198.177.124.148 - - [22/Jul/2026:13:48:00 +0000] "POST /wp-cron.php?doing_wp_cron=1784728080.3112208843231201171875 HTTP/1.1" 200 - "-" "WordPress/7.0.2; https://sgcakesandsurprises.shop"
102.88.108.30 - - [22/Jul/2026:13:47:57 +0000] "POST /wp-admin/admin-ajax.php HTTP/1.1" 200 47 "https://sgcakesandsurprises.shop/wp-admin/admin.php?page=pixelyoursite" "Mozilla/5.0 (Windows NT 10.0; Win64; x64) AppleWebKit/537.36 (KHTML, like Gecko) Chrome/150.0.0.0 Safari/537.36"
198.177.124.148 - - [22/Jul/2026:13:50:06 +0000] "POST /wp-cron.php?doing_wp_cron=1784728206.1416499614715576171875 HTTP/1.1" 200 - "-" "WordPress/7.0.2; https://sgcakesandsurprises.shop"
102.88.108.30 - - [22/Jul/2026:13:49:58 +0000] "POST /wp-admin/admin-ajax.php HTTP/1.1" 200 47 "https://sgcakesandsurprises.shop/wp-admin/admin.php?page=pixelyoursite" "Mozilla/5.0 (Windows NT 10.0; Win64; x64) AppleWebKit/537.36 (KHTML, like Gecko) Chrome/150.0.0.0 Safari/537.36"
198.177.124.148 - - [22/Jul/2026:13:52:03 +0000] "POST /wp-cron.php?doing_wp_cron=1784728323.4108860492706298828125 HTTP/1.1" 200 - "-" "WordPress/7.0.2; https://sgcakesandsurprises.shop"
102.88.108.30 - - [22/Jul/2026:13:52:00 +0000] "POST /wp-admin/admin-ajax.php HTTP/1.1" 200 47 "https://sgcakesandsurprises.shop/wp-admin/admin.php?page=pixelyoursite" "Mozilla/5.0 (Windows NT 10.0; Win64; x64) AppleWebKit/537.36 (KHTML, like Gecko) Chrome/150.0.0.0 Safari/537.36"
198.177.124.148 - - [22/Jul/2026:13:54:02 +0000] "POST /wp-cron.php?doing_wp_cron=1784728442.7059679031372070312500 HTTP/1.1" 200 - "-" "WordPress/7.0.2; https://sgcakesandsurprises.shop"
102.88.108.30 - - [22/Jul/2026:13:54:00 +0000] "POST /wp-admin/admin-ajax.php HTTP/1.1" 200 47 "https://sgcakesandsurprises.shop/wp-admin/admin.php?page=pixelyoursite" "Mozilla/5.0 (Windows NT 10.0; Win64; x64) AppleWebKit/537.36 (KHTML, like Gecko) Chrome/150.0.0.0 Safari/537.36"
198.177.124.148 - - [22/Jul/2026:13:56:05 +0000] "POST /wp-cron.php?doing_wp_cron=1784728564.9335908889770507812500 HTTP/1.1" 200 - "-" "WordPress/7.0.2; https://sgcakesandsurprises.shop"
102.88.108.30 - - [22/Jul/2026:13:56:00 +0000] "POST /wp-admin/admin-ajax.php HTTP/1.1" 200 47 "https://sgcakesandsurprises.shop/wp-admin/admin.php?page=pixelyoursite" "Mozilla/5.0 (Windows NT 10.0; Win64; x64) AppleWebKit/537.36 (KHTML, like Gecko) Chrome/150.0.0.0 Safari/537.36"
198.177.124.148 - - [22/Jul/2026:13:58:05 +0000] "POST /wp-cron.php?doing_wp_cron=1784728685.6161999702453613281250 HTTP/1.1" 200 - "-" "WordPress/7.0.2; https://sgcakesandsurprises.shop"
102.88.108.30 - - [22/Jul/2026:13:58:02 +0000] "POST /wp-admin/admin-ajax.php HTTP/1.1" 200 47 "https://sgcakesandsurprises.shop/wp-admin/admin.php?page=pixelyoursite" "Mozilla/5.0 (Windows NT 10.0; Win64; x64) AppleWebKit/537.36 (KHTML, like Gecko) Chrome/150.0.0.0 Safari/537.36"
198.177.124.148 - - [22/Jul/2026:14:00:10 +0000] "POST /wp-cron.php?doing_wp_cron=1784728809.9166510105133056640625 HTTP/1.1" 200 - "-" "WordPress/7.0.2; https://sgcakesandsurprises.shop"
102.88.108.30 - - [22/Jul/2026:14:00:03 +0000] "POST /wp-admin/admin-ajax.php HTTP/1.1" 200 47 "https://sgcakesandsurprises.shop/wp-admin/admin.php?page=pixelyoursite" "Mozilla/5.0 (Windows NT 10.0; Win64; x64) AppleWebKit/537.36 (KHTML, like Gecko) Chrome/150.0.0.0 Safari/537.36"
198.177.124.148 - - [22/Jul/2026:14:02:07 +0000] "POST /wp-cron.php?doing_wp_cron=1784728927.9216260910034179687500 HTTP/1.1" 200 - "-" "WordPress/7.0.2; https://sgcakesandsurprises.shop"
102.88.108.30 - - [22/Jul/2026:14:02:04 +0000] "POST /wp-admin/admin-ajax.php HTTP/1.1" 200 47 "https://sgcakesandsurprises.shop/wp-admin/admin.php?page=pixelyoursite" "Mozilla/5.0 (Windows NT 10.0; Win64; x64) AppleWebKit/537.36 (KHTML, like Gecko) Chrome/150.0.0.0 Safari/537.36"
198.177.124.148 - - [22/Jul/2026:14:04:08 +0000] "POST /wp-cron.php?doing_wp_cron=1784729048.5671100616455078125000 HTTP/1.1" 200 - "-" "WordPress/7.0.2; https://sgcakesandsurprises.shop"
102.88.108.30 - - [22/Jul/2026:14:04:05 +0000] "POST /wp-admin/admin-ajax.php HTTP/1.1" 200 47 "https://sgcakesandsurprises.shop/wp-admin/admin.php?page=pixelyoursite" "Mozilla/5.0 (Windows NT 10.0; Win64; x64) AppleWebKit/537.36 (KHTML, like Gecko) Chrome/150.0.0.0 Safari/537.36"
198.177.124.148 - - [22/Jul/2026:14:06:11 +0000] "POST /wp-cron.php?doing_wp_cron=1784729171.3271560668945312500000 HTTP/1.1" 200 - "-" "WordPress/7.0.2; https://sgcakesandsurprises.shop"
102.88.108.30 - - [22/Jul/2026:14:06:07 +0000] "POST /wp-admin/admin-ajax.php HTTP/1.1" 200 47 "https://sgcakesandsurprises.shop/wp-admin/admin.php?page=pixelyoursite" "Mozilla/5.0 (Windows NT 10.0; Win64; x64) AppleWebKit/537.36 (KHTML, like Gecko) Chrome/150.0.0.0 Safari/537.36"
198.177.124.148 - - [22/Jul/2026:14:08:10 +0000] "POST /wp-cron.php?doing_wp_cron=1784729290.2038910388946533203125 HTTP/1.1" 200 - "-" "WordPress/7.0.2; https://sgcakesandsurprises.shop"
102.88.108.30 - - [22/Jul/2026:14:08:07 +0000] "POST /wp-admin/admin-ajax.php HTTP/1.1" 200 47 "https://sgcakesandsurprises.shop/wp-admin/admin.php?page=pixelyoursite" "Mozilla/5.0 (Windows NT 10.0; Win64; x64) AppleWebKit/537.36 (KHTML, like Gecko) Chrome/150.0.0.0 Safari/537.36"
198.177.124.148 - - [22/Jul/2026:14:10:16 +0000] "POST /wp-cron.php?doing_wp_cron=1784729415.9576380252838134765625 HTTP/1.1" 200 - "-" "WordPress/7.0.2; https://sgcakesandsurprises.shop"
102.88.108.30 - - [22/Jul/2026:14:10:08 +0000] "POST /wp-admin/admin-ajax.php HTTP/1.1" 200 47 "https://sgcakesandsurprises.shop/wp-admin/admin.php?page=pixelyoursite" "Mozilla/5.0 (Windows NT 10.0; Win64; x64) AppleWebKit/537.36 (KHTML, like Gecko) Chrome/150.0.0.0 Safari/537.36"
198.177.124.148 - - [22/Jul/2026:14:12:14 +0000] "POST /wp-cron.php?doing_wp_cron=1784729534.7786169052124023437500 HTTP/1.1" 200 - "-" "WordPress/7.0.2; https://sgcakesandsurprises.shop"
102.88.108.30 - - [22/Jul/2026:14:12:09 +0000] "POST /wp-admin/admin-ajax.php HTTP/1.1" 200 47 "https://sgcakesandsurprises.shop/wp-admin/admin.php?page=pixelyoursite" "Mozilla/5.0 (Windows NT 10.0; Win64; x64) AppleWebKit/537.36 (KHTML, like Gecko) Chrome/150.0.0.0 Safari/537.36"
198.177.124.148 - - [22/Jul/2026:14:14:15 +0000] "POST /wp-cron.php?doing_wp_cron=1784729654.9829590320587158203125 HTTP/1.1" 200 - "-" "WordPress/7.0.2; https://sgcakesandsurprises.shop"
102.88.108.30 - - [22/Jul/2026:14:14:10 +0000] "POST /wp-admin/admin-ajax.php HTTP/1.1" 200 47 "https://sgcakesandsurprises.shop/wp-admin/admin.php?page=pixelyoursite" "Mozilla/5.0 (Windows NT 10.0; Win64; x64) AppleWebKit/537.36 (KHTML, like Gecko) Chrome/150.0.0.0 Safari/537.36"
198.177.124.148 - - [22/Jul/2026:14:16:18 +0000] "POST /wp-cron.php?doing_wp_cron=1784729778.3046119213104248046875 HTTP/1.1" 200 - "-" "WordPress/7.0.2; https://sgcakesandsurprises.shop"
102.88.108.30 - - [22/Jul/2026:14:16:12 +0000] "POST /wp-admin/admin-ajax.php HTTP/1.1" 200 47 "https://sgcakesandsurprises.shop/wp-admin/admin.php?page=pixelyoursite" "Mozilla/5.0 (Windows NT 10.0; Win64; x64) AppleWebKit/537.36 (KHTML, like Gecko) Chrome/150.0.0.0 Safari/537.36"
198.177.124.148 - - [22/Jul/2026:14:18:14 +0000] "POST /wp-cron.php?doing_wp_cron=1784729894.4025928974151611328125 HTTP/1.1" 200 - "-" "WordPress/7.0.2; https://sgcakesandsurprises.shop"
102.88.108.30 - - [22/Jul/2026:14:18:12 +0000] "POST /wp-admin/admin-ajax.php HTTP/1.1" 200 47 "https://sgcakesandsurprises.shop/wp-admin/admin.php?page=pixelyoursite" "Mozilla/5.0 (Windows NT 10.0; Win64; x64) AppleWebKit/537.36 (KHTML, like Gecko) Chrome/150.0.0.0 Safari/537.36"
102.88.108.30 - - [22/Jul/2026:14:20:13 +0000] "POST /wp-admin/admin-ajax.php HTTP/1.1" 200 47 "https://sgcakesandsurprises.shop/wp-admin/admin.php?page=pixelyoursite" "Mozilla/5.0 (Windows NT 10.0; Win64; x64) AppleWebKit/537.36 (KHTML, like Gecko) Chrome/150.0.0.0 Safari/537.36"
198.177.124.148 - - [22/Jul/2026:14:22:16 +0000] "POST /wp-cron.php?doing_wp_cron=1784730136.7144711017608642578125 HTTP/1.1" 200 - "-" "WordPress/7.0.2; https://sgcakesandsurprises.shop"
102.88.108.30 - - [22/Jul/2026:14:22:14 +0000] "POST /wp-admin/admin-ajax.php HTTP/1.1" 200 47 "https://sgcakesandsurprises.shop/wp-admin/admin.php?page=pixelyoursite" "Mozilla/5.0 (Windows NT 10.0; Win64; x64) AppleWebKit/537.36 (KHTML, like Gecko) Chrome/150.0.0.0 Safari/537.36"
198.177.124.148 - - [22/Jul/2026:14:24:18 +0000] "POST /wp-cron.php?doing_wp_cron=1784730258.8646769523620605468750 HTTP/1.1" 200 - "-" "WordPress/7.0.2; https://sgcakesandsurprises.shop"
102.88.108.30 - - [22/Jul/2026:14:24:15 +0000] "POST /wp-admin/admin-ajax.php HTTP/1.1" 200 47 "https://sgcakesandsurprises.shop/wp-admin/admin.php?page=pixelyoursite" "Mozilla/5.0 (Windows NT 10.0; Win64; x64) AppleWebKit/537.36 (KHTML, like Gecko) Chrome/150.0.0.0 Safari/537.36"
66.249.77.100 - - [22/Jul/2026:14:26:16 +0000] "GET /robots.txt HTTP/1.1" 200 125 "-" "Mozilla/5.0 (compatible; Googlebot/2.1; +http://www.google.com/bot.html)"
198.177.124.148 - - [22/Jul/2026:14:26:18 +0000] "POST /wp-cron.php?doing_wp_cron=1784730378.9082529544830322265625 HTTP/1.1" 200 - "-" "WordPress/7.0.2; https://sgcakesandsurprises.shop"
102.88.108.30 - - [22/Jul/2026:14:26:16 +0000] "POST /wp-admin/admin-ajax.php HTTP/1.1" 200 47 "https://sgcakesandsurprises.shop/wp-admin/admin.php?page=pixelyoursite" "Mozilla/5.0 (Windows NT 10.0; Win64; x64) AppleWebKit/537.36 (KHTML, like Gecko) Chrome/150.0.0.0 Safari/537.36"
198.177.124.148 - - [22/Jul/2026:14:28:22 +0000] "POST /wp-cron.php?doing_wp_cron=1784730502.7142000198364257812500 HTTP/1.1" 200 - "-" "WordPress/7.0.2; https://sgcakesandsurprises.shop"
102.88.108.30 - - [22/Jul/2026:14:28:17 +0000] "POST /wp-admin/admin-ajax.php HTTP/1.1" 200 47 "https://sgcakesandsurprises.shop/wp-admin/admin.php?page=pixelyoursite" "Mozilla/5.0 (Windows NT 10.0; Win64; x64) AppleWebKit/537.36 (KHTML, like Gecko) Chrome/150.0.0.0 Safari/537.36"
198.177.124.148 - - [22/Jul/2026:14:30:21 +0000] "POST /wp-cron.php?doing_wp_cron=1784730621.7598509788513183593750 HTTP/1.1" 200 - "-" "WordPress/7.0.2; https://sgcakesandsurprises.shop"
102.88.108.30 - - [22/Jul/2026:14:30:18 +0000] "POST /wp-admin/admin-ajax.php HTTP/1.1" 200 47 "https://sgcakesandsurprises.shop/wp-admin/admin.php?page=pixelyoursite" "Mozilla/5.0 (Windows NT 10.0; Win64; x64) AppleWebKit/537.36 (KHTML, like Gecko) Chrome/150.0.0.0 Safari/537.36"
216.73.216.140 - - [22/Jul/2026:14:30:20 +0000] "GET /robots.txt HTTP/1.1" 200 125 "-" "Mozilla/5.0 AppleWebKit/537.36 (KHTML, like Gecko; compatible; ClaudeBot/1.0; +claudebot@anthropic.com)"
216.73.216.140 - - [22/Jul/2026:14:30:23 +0000] "GET /wp-sitemap.xml HTTP/1.1" 200 497 "-" "Mozilla/5.0 AppleWebKit/537.36 (KHTML, like Gecko; compatible; ClaudeBot/1.0; +claudebot@anthropic.com)"
198.177.124.148 - - [22/Jul/2026:14:31:17 +0000] "POST /wp-cron.php?doing_wp_cron=1784730677.3828949928283691406250 HTTP/1.1" 200 - "-" "WordPress/7.0.2; https://sgcakesandsurprises.shop"
66.249.77.101 - - [22/Jul/2026:14:31:13 +0000] "GET /wp-sitemap-posts-page-1.xml HTTP/1.1" 200 1275 "-" "Mozilla/5.0 (compatible; Googlebot/2.1; +http://www.google.com/bot.html)"
198.177.124.148 - - [22/Jul/2026:14:32:21 +0000] "POST /wp-cron.php?doing_wp_cron=1784730741.2047541141510009765625 HTTP/1.1" 200 - "-" "WordPress/7.0.2; https://sgcakesandsurprises.shop"
102.88.108.30 - - [22/Jul/2026:14:32:19 +0000] "POST /wp-admin/admin-ajax.php HTTP/1.1" 200 47 "https://sgcakesandsurprises.shop/wp-admin/admin.php?page=pixelyoursite" "Mozilla/5.0 (Windows NT 10.0; Win64; x64) AppleWebKit/537.36 (KHTML, like Gecko) Chrome/150.0.0.0 Safari/537.36"
198.177.124.148 - - [22/Jul/2026:14:34:25 +0000] "POST /wp-cron.php?doing_wp_cron=1784730865.1711499691009521484375 HTTP/1.1" 200 - "-" "WordPress/7.0.2; https://sgcakesandsurprises.shop"
102.88.115.49 - - [22/Jul/2026:14:34:21 +0000] "POST /wp-admin/admin-ajax.php HTTP/1.1" 200 47 "https://sgcakesandsurprises.shop/wp-admin/admin.php?page=pixelyoursite" "Mozilla/5.0 (Windows NT 10.0; Win64; x64) AppleWebKit/537.36 (KHTML, like Gecko) Chrome/150.0.0.0 Safari/537.36"
198.177.124.148 - - [22/Jul/2026:14:36:24 +0000] "POST /wp-cron.php?doing_wp_cron=1784730984.8323280811309814453125 HTTP/1.1" 200 - "-" "WordPress/7.0.2; https://sgcakesandsurprises.shop"
102.88.115.49 - - [22/Jul/2026:14:36:21 +0000] "POST /wp-admin/admin-ajax.php HTTP/1.1" 200 47 "https://sgcakesandsurprises.shop/wp-admin/admin.php?page=pixelyoursite" "Mozilla/5.0 (Windows NT 10.0; Win64; x64) AppleWebKit/537.36 (KHTML, like Gecko) Chrome/150.0.0.0 Safari/537.36"
198.177.124.148 - - [22/Jul/2026:14:38:25 +0000] "POST /wp-cron.php?doing_wp_cron=1784731105.4106290340423583984375 HTTP/1.1" 200 - "-" "WordPress/7.0.2; https://sgcakesandsurprises.shop"
102.88.115.49 - - [22/Jul/2026:14:38:21 +0000] "POST /wp-admin/admin-ajax.php HTTP/1.1" 200 47 "https://sgcakesandsurprises.shop/wp-admin/admin.php?page=pixelyoursite" "Mozilla/5.0 (Windows NT 10.0; Win64; x64) AppleWebKit/537.36 (KHTML, like Gecko) Chrome/150.0.0.0 Safari/537.36"
198.177.124.148 - - [22/Jul/2026:14:40:27 +0000] "POST /wp-cron.php?doing_wp_cron=1784731227.3922989368438720703125 HTTP/1.1" 200 - "-" "WordPress/7.0.2; https://sgcakesandsurprises.shop"
102.88.115.49 - - [22/Jul/2026:14:40:22 +0000] "POST /wp-admin/admin-ajax.php HTTP/1.1" 200 47 "https://sgcakesandsurprises.shop/wp-admin/admin.php?page=pixelyoursite" "Mozilla/5.0 (Windows NT 10.0; Win64; x64) AppleWebKit/537.36 (KHTML, like Gecko) Chrome/150.0.0.0 Safari/537.36"
198.177.124.148 - - [22/Jul/2026:14:42:27 +0000] "POST /wp-cron.php?doing_wp_cron=1784731347.4550321102142333984375 HTTP/1.1" 200 - "-" "WordPress/7.0.2; https://sgcakesandsurprises.shop"
102.88.115.49 - - [22/Jul/2026:14:42:23 +0000] "POST /wp-admin/admin-ajax.php HTTP/1.1" 200 47 "https://sgcakesandsurprises.shop/wp-admin/admin.php?page=pixelyoursite" "Mozilla/5.0 (Windows NT 10.0; Win64; x64) AppleWebKit/537.36 (KHTML, like Gecko) Chrome/150.0.0.0 Safari/537.36"
198.177.124.148 - - [22/Jul/2026:14:44:29 +0000] "POST /wp-cron.php?doing_wp_cron=1784731469.3441460132598876953125 HTTP/1.1" 200 - "-" "WordPress/7.0.2; https://sgcakesandsurprises.shop"
102.88.115.49 - - [22/Jul/2026:14:44:25 +0000] "POST /wp-admin/admin-ajax.php HTTP/1.1" 200 47 "https://sgcakesandsurprises.shop/wp-admin/admin.php?page=pixelyoursite" "Mozilla/5.0 (Windows NT 10.0; Win64; x64) AppleWebKit/537.36 (KHTML, like Gecko) Chrome/150.0.0.0 Safari/537.36"
198.177.124.148 - - [22/Jul/2026:14:44:56 +0000] "POST /wp-cron.php?doing_wp_cron=1784731496.8376278877258300781250 HTTP/1.1" 200 - "-" "WordPress/7.0.2; https://sgcakesandsurprises.shop"
102.88.115.49 - - [22/Jul/2026:14:44:53 +0000] "POST /wp-admin/admin-ajax.php HTTP/1.1" 200 47 "https://sgcakesandsurprises.shop/wp-admin/admin.php?page=wpforms-builder&view=settings&form_id=415§ion=notifications" "Mozilla/5.0 (Windows NT 10.0; Win64; x64) AppleWebKit/537.36 (KHTML, like Gecko) Chrome/150.0.0.0 Safari/537.36"
102.88.115.49 - - [22/Jul/2026:14:44:55 +0000] "POST /wp-admin/admin-ajax.php HTTP/1.1" 200 47 "https://sgcakesandsurprises.shop/wp-admin/admin.php?page=wpforms-builder&view=settings&form_id=411§ion=notifications" "Mozilla/5.0 (Windows NT 10.0; Win64; x64) AppleWebKit/537.36 (KHTML, like Gecko) Chrome/150.0.0.0 Safari/537.36"
102.88.115.49 - - [22/Jul/2026:14:45:25 +0000] "POST /wp-admin/admin-ajax.php HTTP/1.1" 200 47 "https://sgcakesandsurprises.shop/wp-admin/admin.php?page=pixelyoursite" "Mozilla/5.0 (Windows NT 10.0; Win64; x64) AppleWebKit/537.36 (KHTML, like Gecko) Chrome/150.0.0.0 Safari/537.36"
198.177.124.148 - - [22/Jul/2026:14:45:58 +0000] "POST /wp-cron.php?doing_wp_cron=1784731558.5475709438323974609375 HTTP/1.1" 200 - "-" "WordPress/7.0.2; https://sgcakesandsurprises.shop"
102.88.115.49 - - [22/Jul/2026:14:45:55 +0000] "POST /wp-admin/admin-ajax.php HTTP/1.1" 200 47 "https://sgcakesandsurprises.shop/wp-admin/admin.php?page=wpforms-builder&view=settings&form_id=411§ion=notifications" "Mozilla/5.0 (Windows NT 10.0; Win64; x64) AppleWebKit/537.36 (KHTML, like Gecko) Chrome/150.0.0.0 Safari/537.36"
102.88.115.49 - - [22/Jul/2026:14:46:25 +0000] "POST /wp-admin/admin-ajax.php HTTP/1.1" 200 47 "https://sgcakesandsurprises.shop/wp-admin/admin.php?page=pixelyoursite" "Mozilla/5.0 (Windows NT 10.0; Win64; x64) AppleWebKit/537.36 (KHTML, like Gecko) Chrome/150.0.0.0 Safari/537.36"
198.177.124.148 - - [22/Jul/2026:14:46:55 +0000] "POST /wp-cron.php?doing_wp_cron=1784731615.5666329860687255859375 HTTP/1.1" 200 - "-" "WordPress/7.0.2; https://sgcakesandsurprises.shop"
102.88.115.49 - - [22/Jul/2026:14:46:53 +0000] "POST /wp-admin/admin-ajax.php HTTP/1.1" 200 47 "https://sgcakesandsurprises.shop/wp-admin/admin.php?page=wpforms-builder&view=settings&form_id=415§ion=notifications" "Mozilla/5.0 (Windows NT 10.0; Win64; x64) AppleWebKit/537.36 (KHTML, like Gecko) Chrome/150.0.0.0 Safari/537.36"
198.177.124.148 - - [22/Jul/2026:14:48:00 +0000] "POST /wp-cron.php?doing_wp_cron=1784731680.3189001083374023437500 HTTP/1.1" 200 - "-" "WordPress/7.0.2; https://sgcakesandsurprises.shop"
102.88.115.49 - - [22/Jul/2026:14:47:57 +0000] "POST /wp-admin/admin-ajax.php HTTP/1.1" 200 47 "https://sgcakesandsurprises.shop/wp-admin/admin.php?page=wpforms-builder&view=settings&form_id=411§ion=notifications" "Mozilla/5.0 (Windows NT 10.0; Win64; x64) AppleWebKit/537.36 (KHTML, like Gecko) Chrome/150.0.0.0 Safari/537.36"
102.88.115.49 - - [22/Jul/2026:14:48:26 +0000] "POST /wp-admin/admin-ajax.php HTTP/1.1" 200 47 "https://sgcakesandsurprises.shop/wp-admin/admin.php?page=pixelyoursite" "Mozilla/5.0 (Windows NT 10.0; Win64; x64) AppleWebKit/537.36 (KHTML, like Gecko) Chrome/150.0.0.0 Safari/537.36"
198.177.124.148 - - [22/Jul/2026:14:48:58 +0000] "POST /wp-cron.php?doing_wp_cron=1784731738.0704939365386962890625 HTTP/1.1" 200 - "-" "WordPress/7.0.2; https://sgcakesandsurprises.shop"
102.88.115.49 - - [22/Jul/2026:14:48:54 +0000] "POST /wp-admin/admin-ajax.php HTTP/1.1" 200 47 "https://sgcakesandsurprises.shop/wp-admin/admin.php?page=wpforms-builder&view=settings&form_id=415§ion=notifications" "Mozilla/5.0 (Windows NT 10.0; Win64; x64) AppleWebKit/537.36 (KHTML, like Gecko) Chrome/150.0.0.0 Safari/537.36"
198.177.124.148 - - [22/Jul/2026:14:50:02 +0000] "POST /wp-cron.php?doing_wp_cron=1784731802.8266129493713378906250 HTTP/1.1" 200 - "-" "WordPress/7.0.2; https://sgcakesandsurprises.shop"
102.88.115.49 - - [22/Jul/2026:14:49:57 +0000] "POST /wp-admin/admin-ajax.php HTTP/1.1" 200 47 "https://sgcakesandsurprises.shop/wp-admin/admin.php?page=wpforms-builder&view=settings&form_id=411§ion=notifications" "Mozilla/5.0 (Windows NT 10.0; Win64; x64) AppleWebKit/537.36 (KHTML, like Gecko) Chrome/150.0.0.0 Safari/537.36"
102.88.115.49 - - [22/Jul/2026:14:50:27 +0000] "POST /wp-admin/admin-ajax.php HTTP/1.1" 200 47 "https://sgcakesandsurprises.shop/wp-admin/admin.php?page=pixelyoursite" "Mozilla/5.0 (Windows NT 10.0; Win64; x64) AppleWebKit/537.36 (KHTML, like Gecko) Chrome/150.0.0.0 Safari/537.36"
198.177.124.148 - - [22/Jul/2026:14:50:59 +0000] "POST /wp-cron.php?doing_wp_cron=1784731859.2369990348815917968750 HTTP/1.1" 200 - "-" "WordPress/7.0.2; https://sgcakesandsurprises.shop"
102.88.115.49 - - [22/Jul/2026:14:50:55 +0000] "POST /wp-admin/admin-ajax.php HTTP/1.1" 200 47 "https://sgcakesandsurprises.shop/wp-admin/admin.php?page=wpforms-builder&view=settings&form_id=415§ion=notifications" "Mozilla/5.0 (Windows NT 10.0; Win64; x64) AppleWebKit/537.36 (KHTML, like Gecko) Chrome/150.0.0.0 Safari/537.36"
198.177.124.148 - - [22/Jul/2026:14:52:01 +0000] "POST /wp-cron.php?doing_wp_cron=1784731921.4836149215698242187500 HTTP/1.1" 200 - "-" "WordPress/7.0.2; https://sgcakesandsurprises.shop"
102.88.115.49 - - [22/Jul/2026:14:51:58 +0000] "POST /wp-admin/admin-ajax.php HTTP/1.1" 200 47 "https://sgcakesandsurprises.shop/wp-admin/admin.php?page=wpforms-builder&view=settings&form_id=411§ion=notifications" "Mozilla/5.0 (Windows NT 10.0; Win64; x64) AppleWebKit/537.36 (KHTML, like Gecko) Chrome/150.0.0.0 Safari/537.36"
102.88.115.49 - - [22/Jul/2026:14:52:28 +0000] "POST /wp-admin/admin-ajax.php HTTP/1.1" 200 47 "https://sgcakesandsurprises.shop/wp-admin/admin.php?page=pixelyoursite" "Mozilla/5.0 (Windows NT 10.0; Win64; x64) AppleWebKit/537.36 (KHTML, like Gecko) Chrome/150.0.0.0 Safari/537.36"
102.88.115.49 - - [22/Jul/2026:14:52:31 +0000] "POST /wp-admin/admin-ajax.php HTTP/1.1" 200 47 "https://sgcakesandsurprises.shop/wp-admin/admin.php?page=wpforms-builder&view=settings&form_id=415§ion=notifications" "Mozilla/5.0 (Windows NT 10.0; Win64; x64) AppleWebKit/537.36 (KHTML, like Gecko) Chrome/150.0.0.0 Safari/537.36"
102.88.115.49 - - [22/Jul/2026:14:52:45 +0000] "GET /wp-admin/ HTTP/1.1" 200 374816 "-" "Mozilla/5.0 (Windows NT 10.0; Win64; x64) AppleWebKit/537.36 (KHTML, like Gecko) Chrome/150.0.0.0 Safari/537.36"
102.88.115.49 - - [22/Jul/2026:14:52:49 +0000] "GET /wp-content/plugins/wpforms-lite/assets/lib/chartjs-adapter-moment.min.js?ver=1.0.1 HTTP/1.1" 200 1376 "https://sgcakesandsurprises.shop/wp-admin/" "Mozilla/5.0 (Windows NT 10.0; Win64; x64) AppleWebKit/537.36 (KHTML, like Gecko) Chrome/150.0.0.0 Safari/537.36"
102.88.115.49 - - [22/Jul/2026:14:52:49 +0000] "POST /wp-admin/admin-ajax.php HTTP/1.1" 200 101 "https://sgcakesandsurprises.shop/wp-admin/" "Mozilla/5.0 (Windows NT 10.0; Win64; x64) AppleWebKit/537.36 (KHTML, like Gecko) Chrome/150.0.0.0 Safari/537.36"
198.177.124.148 - - [22/Jul/2026:14:53:06 +0000] "POST /wp-cron.php?doing_wp_cron=1784731985.9729559421539306640625 HTTP/1.1" 200 - "-" "WordPress/7.0.2; https://sgcakesandsurprises.shop"
102.88.115.49 - - [22/Jul/2026:14:53:06 +0000] "GET /wp-includes/blocks/navigation/style.min.css?ver=7.0.2 HTTP/1.1" 200 20709 "https://sgcakesandsurprises.shop/" "Mozilla/5.0 (Windows NT 10.0; Win64; x64) AppleWebKit/537.36 (KHTML, like Gecko) Chrome/150.0.0.0 Safari/537.36"
102.88.115.49 - - [22/Jul/2026:14:53:02 +0000] "GET / HTTP/1.1" 200 265368 "-" "Mozilla/5.0 (Windows NT 10.0; Win64; x64) AppleWebKit/537.36 (KHTML, like Gecko) Chrome/150.0.0.0 Safari/537.36"
102.88.115.49 - - [22/Jul/2026:14:53:07 +0000] "GET /wp-content/themes/twentytwentyfour/assets/images/tourist-and-building.webp HTTP/1.1" 200 66482 "https://sgcakesandsurprises.shop/" "Mozilla/5.0 (Windows NT 10.0; Win64; x64) AppleWebKit/537.36 (KHTML, like Gecko) Chrome/150.0.0.0 Safari/537.36"
102.88.115.49 - - [22/Jul/2026:14:53:07 +0000] "GET /wp-content/themes/twentytwentyfour/assets/images/building-exterior.webp HTTP/1.1" 200 199724 "https://sgcakesandsurprises.shop/" "Mozilla/5.0 (Windows NT 10.0; Win64; x64) AppleWebKit/537.36 (KHTML, like Gecko) Chrome/150.0.0.0 Safari/537.36"
102.88.115.49 - - [22/Jul/2026:14:53:07 +0000] "GET /wp-content/themes/twentytwentyfour/assets/fonts/cardo/cardo_italic_400.woff2 HTTP/1.1" 200 105184 "https://sgcakesandsurprises.shop/" "Mozilla/5.0 (Windows NT 10.0; Win64; x64) AppleWebKit/537.36 (KHTML, like Gecko) Chrome/150.0.0.0 Safari/537.36"
102.88.115.49 - - [22/Jul/2026:14:53:07 +0000] "GET /wp-content/themes/twentytwentyfour/assets/images/windows.webp HTTP/1.1" 200 126244 "https://sgcakesandsurprises.shop/" "Mozilla/5.0 (Windows NT 10.0; Win64; x64) AppleWebKit/537.36 (KHTML, like Gecko) Chrome/150.0.0.0 Safari/537.36"
102.88.115.49 - - [22/Jul/2026:14:53:08 +0000] "POST /wp-json/pys-facebook/v1/event HTTP/1.1" 200 16 "https://sgcakesandsurprises.shop/" "Mozilla/5.0 (Windows NT 10.0; Win64; x64) AppleWebKit/537.36 (KHTML, like Gecko) Chrome/150.0.0.0 Safari/537.36"
102.88.115.49 - - [22/Jul/2026:14:53:08 +0000] "GET /wp-admin/admin-ajax.php?action=pys_get_pbid HTTP/1.1" 200 1 "https://sgcakesandsurprises.shop/" "Mozilla/5.0 (Windows NT 10.0; Win64; x64) AppleWebKit/537.36 (KHTML, like Gecko) Chrome/150.0.0.0 Safari/537.36"
102.88.115.49 - - [22/Jul/2026:14:53:16 +0000] "GET /wp-content/uploads/elementor/css/post-311.css?ver=1784725833 HTTP/1.1" 304 - "https://sgcakesandsurprises.shop/our-service/" "Mozilla/5.0 (Windows NT 10.0; Win64; x64) AppleWebKit/537.36 (KHTML, like Gecko) Chrome/150.0.0.0 Safari/537.36"
102.88.115.49 - - [22/Jul/2026:14:53:16 +0000] "GET /wp-content/uploads/elementor/css/local-311-frontend-desktop.css?ver=6a60c149cc319 HTTP/1.1" 304 - "https://sgcakesandsurprises.shop/our-service/" "Mozilla/5.0 (Windows NT 10.0; Win64; x64) AppleWebKit/537.36 (KHTML, like Gecko) Chrome/150.0.0.0 Safari/537.36"
102.88.115.49 - - [22/Jul/2026:14:53:13 +0000] "GET /our-service/ HTTP/1.1" 200 268523 "https://sgcakesandsurprises.shop/" "Mozilla/5.0 (Windows NT 10.0; Win64; x64) AppleWebKit/537.36 (KHTML, like Gecko) Chrome/150.0.0.0 Safari/537.36"
102.88.115.49 - - [22/Jul/2026:14:53:17 +0000] "GET /wp-content/uploads/elementor/css/local-311-frontend-mobile.css?ver=6a60c149cc319 HTTP/1.1" 304 - "https://sgcakesandsurprises.shop/our-service/" "Mozilla/5.0 (Windows NT 10.0; Win64; x64) AppleWebKit/537.36 (KHTML, like Gecko) Chrome/150.0.0.0 Safari/537.36"
102.88.115.49 - - [22/Jul/2026:14:53:17 +0000] "GET /wp-admin/admin-ajax.php?action=pys_get_pbid HTTP/1.1" 200 1 "https://sgcakesandsurprises.shop/our-service/" "Mozilla/5.0 (Windows NT 10.0; Win64; x64) AppleWebKit/537.36 (KHTML, like Gecko) Chrome/150.0.0.0 Safari/537.36"
102.88.115.49 - - [22/Jul/2026:14:53:17 +0000] "POST /wp-json/pys-facebook/v1/event HTTP/1.1" 200 16 "https://sgcakesandsurprises.shop/our-service/" "Mozilla/5.0 (Windows NT 10.0; Win64; x64) AppleWebKit/537.36 (KHTML, like Gecko) Chrome/150.0.0.0 Safari/537.36"
102.88.115.49 - - [22/Jul/2026:14:53:32 +0000] "POST /wp-admin/admin-ajax.php HTTP/1.1" 200 47 "https://sgcakesandsurprises.shop/wp-admin/admin.php?page=wpforms-builder&view=settings&form_id=415§ion=notifications" "Mozilla/5.0 (Windows NT 10.0; Win64; x64) AppleWebKit/537.36 (KHTML, like Gecko) Chrome/150.0.0.0 Safari/537.36"
31.13.127.8 - - [22/Jul/2026:14:53:37 +0000] "GET /our-service/ HTTP/1.1" 200 99982 "-" "facebookexternalhit/1.1 (+http://www.facebook.com/externalhit_uatext.php)"
173.252.107.8 - - [22/Jul/2026:14:53:38 +0000] "GET /our-service/ HTTP/1.1" 200 99973 "-" "facebookexternalhit/1.1 (+http://www.facebook.com/externalhit_uatext.php)"
173.252.82.35 - - [22/Jul/2026:14:53:45 +0000] "GET /wp-content/uploads/2026/07/WhatsApp-Image-2026-07-15-at-11.55.09-AM.jpeg HTTP/1.1" 200 118637 "-" "facebookexternalhit/1.1 (+http://www.facebook.com/externalhit_uatext.php)"
173.252.82.34 - - [22/Jul/2026:14:53:45 +0000] "GET /wp-content/uploads/2026/07/IMG_1286.JPG-scaled.jpeg HTTP/1.1" 200 515419 "-" "facebookexternalhit/1.1 (+http://www.facebook.com/externalhit_uatext.php)"
173.252.82.3 - - [22/Jul/2026:14:53:45 +0000] "GET /wp-content/uploads/2026/07/IMG-20260715-WA0021.jpg HTTP/1.1" 200 177767 "-" "facebookexternalhit/1.1 (+http://www.facebook.com/externalhit_uatext.php)"
173.252.82.113 - - [22/Jul/2026:14:53:45 +0000] "GET /wp-content/uploads/2026/07/WhatsApp-Image-2026-07-15-at-11.55.38-AM.jpeg HTTP/1.1" 200 176297 "-" "facebookexternalhit/1.1 (+http://www.facebook.com/externalhit_uatext.php)"
173.252.82.113 - - [22/Jul/2026:14:53:45 +0000] "GET /wp-content/uploads/2026/07/IMG-20260715-WA0029-Copy.jpg HTTP/1.1" 200 146008 "-" "facebookexternalhit/1.1 (+http://www.facebook.com/externalhit_uatext.php)"
173.252.82.29 - - [22/Jul/2026:14:53:45 +0000] "GET /wp-content/uploads/2026/07/WhatsApp-Image-2026-07-15-at-11.55.36-AM-1.jpeg HTTP/1.1" 200 172619 "-" "facebookexternalhit/1.1 (+http://www.facebook.com/externalhit_uatext.php)"
173.252.82.35 - - [22/Jul/2026:14:53:45 +0000] "GET /wp-content/uploads/2026/07/WhatsApp-Image-2026-07-18-at-11.52.21-AM.jpeg HTTP/1.1" 200 173400 "-" "facebookexternalhit/1.1 (+http://www.facebook.com/externalhit_uatext.php)"
173.252.82.25 - - [22/Jul/2026:14:53:45 +0000] "GET /wp-content/uploads/2026/07/WhatsApp-Image-2026-07-15-at-11.48.30-AM.jpeg HTTP/1.1" 200 295141 "-" "facebookexternalhit/1.1 (+http://www.facebook.com/externalhit_uatext.php)"
173.252.82.22 - - [22/Jul/2026:14:53:45 +0000] "GET /wp-content/uploads/2026/07/WhatsApp-Image-2026-07-15-at-11.54.56-AM-1.jpeg HTTP/1.1" 200 110478 "-" "facebookexternalhit/1.1 (+http://www.facebook.com/externalhit_uatext.php)"
173.252.82.26 - - [22/Jul/2026:14:53:45 +0000] "GET /wp-content/uploads/2026/07/WhatsApp-Image-2026-07-15-at-11.53.58-AM-1.jpeg HTTP/1.1" 200 279942 "-" "facebookexternalhit/1.1 (+http://www.facebook.com/externalhit_uatext.php)"
173.252.82.18 - - [22/Jul/2026:14:53:45 +0000] "GET /wp-content/uploads/2026/07/WhatsApp-Image-2026-07-15-at-11.53.49-AM.jpeg HTTP/1.1" 200 223730 "-" "facebookexternalhit/1.1 (+http://www.facebook.com/externalhit_uatext.php)"
173.252.82.28 - - [22/Jul/2026:14:53:45 +0000] "GET /wp-content/uploads/2026/07/WhatsApp-Image-2026-07-15-at-11.55.36-AM.jpeg HTTP/1.1" 200 188237 "-" "facebookexternalhit/1.1 (+http://www.facebook.com/externalhit_uatext.php)"
173.252.82.11 - - [22/Jul/2026:14:53:45 +0000] "GET /wp-content/uploads/2026/07/WhatsApp-Image-2026-07-18-at-11.52.30-AM.jpeg HTTP/1.1" 200 102441 "-" "facebookexternalhit/1.1 (+http://www.facebook.com/externalhit_uatext.php)"
173.252.82.29 - - [22/Jul/2026:14:53:45 +0000] "GET /wp-content/uploads/2026/07/IMG-20260715-WA0030.jpg HTTP/1.1" 200 203967 "-" "facebookexternalhit/1.1 (+http://www.facebook.com/externalhit_uatext.php)"
173.252.82.25 - - [22/Jul/2026:14:53:45 +0000] "GET /wp-content/uploads/2026/07/WhatsApp-Image-2026-07-18-at-11.52.28-AM-1.jpeg HTTP/1.1" 200 116346 "-" "facebookexternalhit/1.1 (+http://www.facebook.com/externalhit_uatext.php)"
173.252.82.20 - - [22/Jul/2026:14:53:45 +0000] "GET /wp-content/uploads/2026/07/WhatsApp-Image-2026-07-18-at-11.52.23-AM.jpeg HTTP/1.1" 200 154362 "-" "facebookexternalhit/1.1 (+http://www.facebook.com/externalhit_uatext.php)"
173.252.82.17 - - [22/Jul/2026:14:53:45 +0000] "GET /wp-content/uploads/2026/07/IMG-20260715-WA0006-Copy-1.jpg HTTP/1.1" 200 158516 "-" "facebookexternalhit/1.1 (+http://www.facebook.com/externalhit_uatext.php)"
173.252.82.21 - - [22/Jul/2026:14:53:45 +0000] "GET /wp-content/uploads/2026/07/WhatsApp-Image-2026-07-18-at-11.52.20-AM.jpeg HTTP/1.1" 200 116108 "-" "facebookexternalhit/1.1 (+http://www.facebook.com/externalhit_uatext.php)"
173.252.82.40 - - [22/Jul/2026:14:53:45 +0000] "GET /wp-content/uploads/2026/07/WhatsApp-Image-2026-07-18-at-11.52.28-AM.jpeg HTTP/1.1" 200 114988 "-" "facebookexternalhit/1.1 (+http://www.facebook.com/externalhit_uatext.php)"
173.252.82.38 - - [22/Jul/2026:14:53:45 +0000] "GET /wp-content/uploads/2026/07/IMG_1298.JPG-scaled.jpeg HTTP/1.1" 200 537860 "-" "facebookexternalhit/1.1 (+http://www.facebook.com/externalhit_uatext.php)"
173.252.95.8 - - [22/Jul/2026:14:53:46 +0000] "GET /wp-content/uploads/2026/07/WhatsApp-Image-2026-07-15-at-11.54.56-AM-1.jpeg HTTP/1.1" 200 110478 "-" "facebookexternalhit/1.1 (+http://www.facebook.com/externalhit_uatext.php)"
173.252.107.29 - - [22/Jul/2026:14:53:38 +0000] "GET /our-service/ HTTP/1.1" 200 99972 "-" "facebookexternalhit/1.1 (+http://www.facebook.com/externalhit_uatext.php)"
31.13.127.78 - - [22/Jul/2026:14:53:38 +0000] "GET /our-service/ HTTP/1.1" 200 99969 "-" "facebookexternalhit/1.1 (+http://www.facebook.com/externalhit_uatext.php)"
173.252.82.12 - - [22/Jul/2026:14:53:39 +0000] "GET /apple-app-site-association HTTP/1.1" 404 84042 "-" "facebookexternalhit/1.1 (+http://www.facebook.com/externalhit_uatext.php)"
31.13.127.79 - - [22/Jul/2026:14:53:38 +0000] "GET /our-service/ HTTP/1.1" 200 99967 "-" "facebookexternalhit/1.1 (+http://www.facebook.com/externalhit_uatext.php)"
69.63.184.9 - - [22/Jul/2026:14:53:47 +0000] "GET /wp-content/uploads/2026/07/IMG-20260715-WA0006-Copy-1.jpg HTTP/1.1" 200 158516 "-" "facebookexternalhit/1.1 (+http://www.facebook.com/externalhit_uatext.php)"
69.63.184.17 - - [22/Jul/2026:14:53:47 +0000] "GET /wp-content/uploads/2026/07/WhatsApp-Image-2026-07-15-at-11.53.49-AM.jpeg HTTP/1.1" 200 223730 "-" "facebookexternalhit/1.1 (+http://www.facebook.com/externalhit_uatext.php)"
69.63.184.27 - - [22/Jul/2026:14:53:47 +0000] "GET /wp-content/uploads/2026/07/IMG-20260715-WA0029-Copy.jpg HTTP/1.1" 200 146008 "-" "facebookexternalhit/1.1 (+http://www.facebook.com/externalhit_uatext.php)"
69.63.184.4 - - [22/Jul/2026:14:53:47 +0000] "GET /wp-content/uploads/2026/07/WhatsApp-Image-2026-07-18-at-11.52.28-AM-1.jpeg HTTP/1.1" 200 116346 "-" "facebookexternalhit/1.1 (+http://www.facebook.com/externalhit_uatext.php)"
69.63.184.24 - - [22/Jul/2026:14:53:47 +0000] "GET /wp-content/uploads/2026/07/WhatsApp-Image-2026-07-18-at-11.52.30-AM.jpeg HTTP/1.1" 200 102441 "-" "facebookexternalhit/1.1 (+http://www.facebook.com/externalhit_uatext.php)"
173.252.82.3 - - [22/Jul/2026:14:53:39 +0000] "GET /.well-known/apple-app-site-association HTTP/1.1" 404 84054 "-" "facebookexternalhit/1.1 (+http://www.facebook.com/externalhit_uatext.php)"
57.103.66.42 - - [22/Jul/2026:14:53:39 +0000] "GET /.well-known/apple-app-site-association HTTP/1.1" 404 84054 "-" "AASA-Bot/1.0.0"
57.141.6.63 - - [22/Jul/2026:14:53:39 +0000] "GET /our-service/?fbclid=fbclid HTTP/1.1" 200 100003 "-" "Mozilla/5.0 (Windows NT 10.0; Win64; x64) AppleWebKit/537.36 (KHTML, like Gecko) Chrome/145.0.0.0 Safari/537.36 (compatible; meta-externalads/1.1 (+https://developers.facebook.com/docs/sharing/webmasters/crawler))"
31.13.127.59 - - [22/Jul/2026:14:53:48 +0000] "GET /wp-content/uploads/2026/07/WhatsApp-Image-2026-07-15-at-11.54.56-AM-1.jpeg HTTP/1.1" 200 110478 "-" "facebookexternalhit/1.1 (+http://www.facebook.com/externalhit_uatext.php)"
173.252.69.112 - - [22/Jul/2026:14:53:40 +0000] "GET /our-service/?fbclid=fbclid HTTP/1.1" 200 99994 "-" "facebookexternalhit/1.1"
69.63.184.14 - - [22/Jul/2026:14:53:49 +0000] "GET /wp-content/uploads/2026/07/WhatsApp-Image-2026-07-15-at-11.54.56-AM-1.jpeg HTTP/1.1" 200 110478 "-" "facebookexternalhit/1.1 (+http://www.facebook.com/externalhit_uatext.php)"
57.103.66.103 - - [22/Jul/2026:14:53:44 +0000] "GET /apple-app-site-association HTTP/1.1" 404 84042 "-" "AASA-Bot/1.0.0"
173.252.82.26 - - [22/Jul/2026:14:53:51 +0000] "GET /wp-content/uploads/2026/07/WhatsApp-Image-2026-07-15-at-11.54.56-AM-1.jpeg HTTP/1.1" 200 110478 "-" "facebookexternalhit/1.1 (+http://www.facebook.com/externalhit_uatext.php)"
173.252.95.16 - - [22/Jul/2026:14:53:46 +0000] "GET /our-service/ HTTP/1.1" 200 99972 "-" "facebookexternalhit/1.1 (+http://www.facebook.com/externalhit_uatext.php)"
31.13.127.89 - - [22/Jul/2026:14:53:51 +0000] "GET /wp-content/uploads/2026/07/WhatsApp-Image-2026-07-15-at-11.54.56-AM-1.jpeg HTTP/1.1" 200 110478 "-" "facebookexternalhit/1.1 (+http://www.facebook.com/externalhit_uatext.php)"
173.252.83.7 - - [22/Jul/2026:14:53:49 +0000] "GET /our-service/ HTTP/1.1" 200 99968 "-" "facebookexternalhit/1.1 (+http://www.facebook.com/externalhit_uatext.php)"
198.177.124.148 - - [22/Jul/2026:14:53:53 +0000] "POST /wp-cron.php?doing_wp_cron=1784732033.0025520324707031250000 HTTP/1.1" 200 - "-" "WordPress/7.0.2; https://sgcakesandsurprises.shop"
173.252.82.33 - - [22/Jul/2026:14:53:48 +0000] "GET /our-service/ HTTP/1.1" 200 99969 "-" "facebookexternalhit/1.1 (+http://www.facebook.com/externalhit_uatext.php)"
173.252.107.25 - - [22/Jul/2026:14:53:54 +0000] "GET /wp-content/uploads/2026/07/WhatsApp-Image-2026-07-15-at-11.54.56-AM-1.jpeg HTTP/1.1" 200 110478 "-" "facebookexternalhit/1.1 (+http://www.facebook.com/externalhit_uatext.php)"
31.13.127.19 - - [22/Jul/2026:14:53:54 +0000] "GET /wp-content/uploads/2026/07/WhatsApp-Image-2026-07-15-at-11.55.09-AM.jpeg HTTP/1.1" 200 118637 "-" "facebookexternalhit/1.1 (+http://www.facebook.com/externalhit_uatext.php)"
31.13.127.40 - - [22/Jul/2026:14:53:55 +0000] "GET /wp-content/uploads/2026/07/WhatsApp-Image-2026-07-15-at-11.55.38-AM.jpeg HTTP/1.1" 200 176297 "-" "facebookexternalhit/1.1 (+http://www.facebook.com/externalhit_uatext.php)"
31.13.127.40 - - [22/Jul/2026:14:53:55 +0000] "GET /wp-content/uploads/2026/07/WhatsApp-Image-2026-07-18-at-11.52.21-AM.jpeg HTTP/1.1" 200 173400 "-" "facebookexternalhit/1.1 (+http://www.facebook.com/externalhit_uatext.php)"
31.13.127.40 - - [22/Jul/2026:14:53:55 +0000] "GET /wp-content/uploads/2026/07/WhatsApp-Image-2026-07-18-at-11.52.30-AM.jpeg HTTP/1.1" 200 102441 "-" "facebookexternalhit/1.1 (+http://www.facebook.com/externalhit_uatext.php)"
31.13.127.40 - - [22/Jul/2026:14:53:55 +0000] "GET /wp-content/uploads/2026/07/WhatsApp-Image-2026-07-18-at-11.52.23-AM.jpeg HTTP/1.1" 200 154362 "-" "facebookexternalhit/1.1 (+http://www.facebook.com/externalhit_uatext.php)"
31.13.127.69 - - [22/Jul/2026:14:53:55 +0000] "GET /wp-content/uploads/2026/07/WhatsApp-Image-2026-07-18-at-11.52.20-AM.jpeg HTTP/1.1" 200 116108 "-" "facebookexternalhit/1.1 (+http://www.facebook.com/externalhit_uatext.php)"
31.13.127.34 - - [22/Jul/2026:14:53:55 +0000] "GET /wp-content/uploads/2026/07/IMG-20260715-WA0030.jpg HTTP/1.1" 200 203967 "-" "facebookexternalhit/1.1 (+http://www.facebook.com/externalhit_uatext.php)"
31.13.127.40 - - [22/Jul/2026:14:53:55 +0000] "GET /wp-content/uploads/2026/07/WhatsApp-Image-2026-07-15-at-11.53.58-AM-1.jpeg HTTP/1.1" 200 279942 "-" "facebookexternalhit/1.1 (+http://www.facebook.com/externalhit_uatext.php)"
31.13.127.40 - - [22/Jul/2026:14:53:55 +0000] "GET /wp-content/uploads/2026/07/WhatsApp-Image-2026-07-15-at-11.55.36-AM-1.jpeg HTTP/1.1" 200 172619 "-" "facebookexternalhit/1.1 (+http://www.facebook.com/externalhit_uatext.php)"
31.13.127.40 - - [22/Jul/2026:14:53:55 +0000] "GET /wp-content/uploads/2026/07/WhatsApp-Image-2026-07-18-at-11.52.28-AM.jpeg HTTP/1.1" 200 114988 "-" "facebookexternalhit/1.1 (+http://www.facebook.com/externalhit_uatext.php)"
31.13.127.24 - - [22/Jul/2026:14:53:55 +0000] "GET /wp-content/uploads/2026/07/IMG-20260715-WA0006-Copy-1.jpg HTTP/1.1" 200 158516 "-" "facebookexternalhit/1.1 (+http://www.facebook.com/externalhit_uatext.php)"
31.13.127.59 - - [22/Jul/2026:14:53:55 +0000] "GET /wp-content/uploads/2026/07/IMG_1286.JPG-scaled.jpeg HTTP/1.1" 200 515419 "-" "facebookexternalhit/1.1 (+http://www.facebook.com/externalhit_uatext.php)"
31.13.127.19 - - [22/Jul/2026:14:53:55 +0000] "GET /wp-content/uploads/2026/07/IMG-20260715-WA0029-Copy.jpg HTTP/1.1" 200 146008 "-" "facebookexternalhit/1.1 (+http://www.facebook.com/externalhit_uatext.php)"
31.13.127.34 - - [22/Jul/2026:14:53:55 +0000] "GET /wp-content/uploads/2026/07/WhatsApp-Image-2026-07-18-at-11.52.30-AM.jpeg HTTP/1.1" 200 102441 "-" "facebookexternalhit/1.1 (+http://www.facebook.com/externalhit_uatext.php)"
31.13.127.2 - - [22/Jul/2026:14:53:55 +0000] "GET /wp-content/uploads/2026/07/WhatsApp-Image-2026-07-15-at-11.55.36-AM.jpeg HTTP/1.1" 200 188237 "-" "facebookexternalhit/1.1 (+http://www.facebook.com/externalhit_uatext.php)"
31.13.127.20 - - [22/Jul/2026:14:53:55 +0000] "GET /wp-content/uploads/2026/07/WhatsApp-Image-2026-07-15-at-11.48.30-AM.jpeg HTTP/1.1" 200 295141 "-" "facebookexternalhit/1.1 (+http://www.facebook.com/externalhit_uatext.php)"
31.13.127.86 - - [22/Jul/2026:14:53:55 +0000] "GET /wp-content/uploads/2026/07/WhatsApp-Image-2026-07-15-at-11.55.36-AM-1.jpeg HTTP/1.1" 200 172619 "-" "facebookexternalhit/1.1 (+http://www.facebook.com/externalhit_uatext.php)"
31.13.127.41 - - [22/Jul/2026:14:53:55 +0000] "GET /wp-content/uploads/2026/07/IMG-20260715-WA0021.jpg HTTP/1.1" 200 177767 "-" "facebookexternalhit/1.1 (+http://www.facebook.com/externalhit_uatext.php)"
173.252.70.14 - - [22/Jul/2026:14:53:51 +0000] "GET /our-service/ HTTP/1.1" 200 99973 "-" "facebookexternalhit/1.1 (+http://www.facebook.com/externalhit_uatext.php)"
31.13.127.79 - - [22/Jul/2026:14:53:55 +0000] "GET /wp-content/uploads/2026/07/WhatsApp-Image-2026-07-15-at-11.53.49-AM.jpeg HTTP/1.1" 200 223730 "-" "facebookexternalhit/1.1 (+http://www.facebook.com/externalhit_uatext.php)"
31.13.127.68 - - [22/Jul/2026:14:53:55 +0000] "GET /wp-content/uploads/2026/07/IMG_1298.JPG-scaled.jpeg HTTP/1.1" 200 537860 "-" "facebookexternalhit/1.1 (+http://www.facebook.com/externalhit_uatext.php)"
31.13.127.40 - - [22/Jul/2026:14:53:55 +0000] "GET /wp-content/uploads/2026/07/WhatsApp-Image-2026-07-18-at-11.52.23-AM.jpeg HTTP/1.1" 200 154362 "-" "facebookexternalhit/1.1 (+http://www.facebook.com/externalhit_uatext.php)"
31.13.127.29 - - [22/Jul/2026:14:53:56 +0000] "GET /wp-content/uploads/2026/07/WhatsApp-Image-2026-07-18-at-11.52.28-AM-1.jpeg HTTP/1.1" 200 116346 "-" "facebookexternalhit/1.1 (+http://www.facebook.com/externalhit_uatext.php)"
31.13.127.41 - - [22/Jul/2026:14:53:56 +0000] "GET /wp-content/uploads/2026/07/WhatsApp-Image-2026-07-15-at-11.53.49-AM.jpeg HTTP/1.1" 200 223730 "-" "facebookexternalhit/1.1 (+http://www.facebook.com/externalhit_uatext.php)"
31.13.127.40 - - [22/Jul/2026:14:53:56 +0000] "GET /wp-content/uploads/2026/07/WhatsApp-Image-2026-07-18-at-11.52.20-AM.jpeg HTTP/1.1" 200 116108 "-" "facebookexternalhit/1.1 (+http://www.facebook.com/externalhit_uatext.php)"
31.13.127.37 - - [22/Jul/2026:14:53:55 +0000] "GET /wp-content/uploads/2026/07/WhatsApp-Image-2026-07-15-at-11.55.36-AM.jpeg HTTP/1.1" 200 188237 "-" "facebookexternalhit/1.1 (+http://www.facebook.com/externalhit_uatext.php)"
31.13.127.41 - - [22/Jul/2026:14:53:56 +0000] "GET /wp-content/uploads/2026/07/IMG-20260715-WA0006-Copy-1.jpg HTTP/1.1" 200 158516 "-" "facebookexternalhit/1.1 (+http://www.facebook.com/externalhit_uatext.php)"
31.13.127.12 - - [22/Jul/2026:14:53:56 +0000] "GET /wp-content/uploads/2026/07/WhatsApp-Image-2026-07-18-at-11.52.28-AM.jpeg HTTP/1.1" 200 114988 "-" "facebookexternalhit/1.1 (+http://www.facebook.com/externalhit_uatext.php)"
31.13.127.64 - - [22/Jul/2026:14:53:56 +0000] "GET /wp-content/uploads/2026/07/IMG-20260715-WA0021.jpg HTTP/1.1" 200 177767 "-" "facebookexternalhit/1.1 (+http://www.facebook.com/externalhit_uatext.php)"
31.13.127.56 - - [22/Jul/2026:14:53:56 +0000] "GET /wp-content/uploads/2026/07/IMG-20260715-WA0030.jpg HTTP/1.1" 200 203967 "-" "facebookexternalhit/1.1 (+http://www.facebook.com/externalhit_uatext.php)"
31.13.127.40 - - [22/Jul/2026:14:53:56 +0000] "GET /wp-content/uploads/2026/07/IMG-20260715-WA0029-Copy.jpg HTTP/1.1" 200 146008 "-" "facebookexternalhit/1.1 (+http://www.facebook.com/externalhit_uatext.php)"
31.13.127.37 - - [22/Jul/2026:14:53:56 +0000] "GET /wp-content/uploads/2026/07/WhatsApp-Image-2026-07-15-at-11.48.30-AM.jpeg HTTP/1.1" 200 295141 "-" "facebookexternalhit/1.1 (+http://www.facebook.com/externalhit_uatext.php)"
31.13.127.5 - - [22/Jul/2026:14:53:56 +0000] "GET /wp-content/uploads/2026/07/IMG_1286.JPG-scaled.jpeg HTTP/1.1" 200 515419 "-" "facebookexternalhit/1.1 (+http://www.facebook.com/externalhit_uatext.php)"
31.13.127.32 - - [22/Jul/2026:14:53:56 +0000] "GET /wp-content/uploads/2026/07/IMG_1298.JPG-scaled.jpeg HTTP/1.1" 200 537860 "-" "facebookexternalhit/1.1 (+http://www.facebook.com/externalhit_uatext.php)"
173.252.70.114 - - [22/Jul/2026:14:53:56 +0000] "GET /wp-content/uploads/2026/07/WhatsApp-Image-2026-07-15-at-11.54.56-AM-1.jpeg HTTP/1.1" 200 110478 "-" "facebookexternalhit/1.1 (+http://www.facebook.com/externalhit_uatext.php)"
173.252.70.30 - - [22/Jul/2026:14:53:58 +0000] "GET /wp-content/uploads/2026/07/WhatsApp-Image-2026-07-15-at-11.54.56-AM-1.jpeg HTTP/1.1" 200 110478 "-" "facebookexternalhit/1.1 (+http://www.facebook.com/externalhit_uatext.php)"
173.252.69.13 - - [22/Jul/2026:14:53:58 +0000] "GET /wp-content/uploads/2026/07/WhatsApp-Image-2026-07-15-at-11.54.56-AM-1.jpeg HTTP/1.1" 200 110478 "-" "facebookexternalhit/1.1 (+http://www.facebook.com/externalhit_uatext.php)"
173.252.95.113 - - [22/Jul/2026:14:53:58 +0000] "GET /wp-content/uploads/2026/07/WhatsApp-Image-2026-07-15-at-11.54.56-AM-1.jpeg HTTP/1.1" 200 110478 "-" "facebookexternalhit/1.1 (+http://www.facebook.com/externalhit_uatext.php)"
173.252.105.70 - - [22/Jul/2026:14:53:58 +0000] "GET /wp-content/uploads/2026/07/WhatsApp-Image-2026-07-15-at-11.54.56-AM-1.jpeg HTTP/1.1" 200 110478 "-" "facebookexternalhit/1.1 (+http://www.facebook.com/externalhit_uatext.php)"
31.13.127.2 - - [22/Jul/2026:14:53:58 +0000] "GET /wp-content/uploads/2026/07/WhatsApp-Image-2026-07-18-at-11.52.28-AM-1.jpeg HTTP/1.1" 200 116346 "-" "facebookexternalhit/1.1 (+http://www.facebook.com/externalhit_uatext.php)"
173.252.82.15 - - [22/Jul/2026:14:53:53 +0000] "GET /our-service/ HTTP/1.1" 200 99970 "-" "facebookexternalhit/1.1 (+http://www.facebook.com/externalhit_uatext.php)"
