105.113.96.27 - - [22/Jul/2026:11:29:02 +0000] "POST /wp-admin/admin-ajax.php HTTP/1.1" 200 47 "https://sgcakesandsurprises.shop/wp-admin/options-general.php" "Mozilla/5.0 (Windows NT 10.0; Win64; x64) AppleWebKit/537.36 (KHTML, like Gecko) Chrome/150.0.0.0 Safari/537.36"
105.113.96.27 - - [22/Jul/2026:11:29:43 +0000] "POST /wp-admin/admin-ajax.php HTTP/1.1" 200 47 "https://sgcakesandsurprises.shop/wp-admin/admin.php?page=wpforms-builder&view=fields&form_id=411" "Mozilla/5.0 (Windows NT 10.0; Win64; x64) AppleWebKit/537.36 (KHTML, like Gecko) Chrome/150.0.0.0 Safari/537.36"
198.177.124.148 - - [22/Jul/2026:11:29:58 +0000] "POST /wp-cron.php?doing_wp_cron=1784719798.3255720138549804687500 HTTP/1.1" 200 - "-" "WordPress/7.0.2; https://sgcakesandsurprises.shop"
105.113.96.27 - - [22/Jul/2026:11:29:57 +0000] "POST /wp-admin/admin-ajax.php HTTP/1.1" 200 77 "https://sgcakesandsurprises.shop/wp-admin/post.php?post=393&action=elementor" "Mozilla/5.0 (Windows NT 10.0; Win64; x64) AppleWebKit/537.36 (KHTML, like Gecko) Chrome/150.0.0.0 Safari/537.36"
105.113.96.27 - - [22/Jul/2026:11:30:42 +0000] "POST /wp-admin/admin-ajax.php HTTP/1.1" 200 47 "https://sgcakesandsurprises.shop/wp-admin/admin.php?page=wpforms-builder&view=fields&form_id=411" "Mozilla/5.0 (Windows NT 10.0; Win64; x64) AppleWebKit/537.36 (KHTML, like Gecko) Chrome/150.0.0.0 Safari/537.36"
129.205.124.228 - - [22/Jul/2026:11:31:43 +0000] "POST /wp-admin/admin-ajax.php HTTP/1.1" 200 47 "https://sgcakesandsurprises.shop/wp-admin/admin.php?page=wpforms-builder&view=fields&form_id=411" "Mozilla/5.0 (Windows NT 10.0; Win64; x64) AppleWebKit/537.36 (KHTML, like Gecko) Chrome/150.0.0.0 Safari/537.36"
198.177.124.148 - - [22/Jul/2026:11:32:02 +0000] "POST /wp-cron.php?doing_wp_cron=1784719921.7751729488372802734375 HTTP/1.1" 200 - "-" "WordPress/7.0.2; https://sgcakesandsurprises.shop"
129.205.124.228 - - [22/Jul/2026:11:32:00 +0000] "POST /wp-admin/admin-ajax.php HTTP/1.1" 200 77 "https://sgcakesandsurprises.shop/wp-admin/post.php?post=393&action=elementor" "Mozilla/5.0 (Windows NT 10.0; Win64; x64) AppleWebKit/537.36 (KHTML, like Gecko) Chrome/150.0.0.0 Safari/537.36"
129.205.124.228 - - [22/Jul/2026:11:32:42 +0000] "POST /wp-admin/admin-ajax.php HTTP/1.1" 200 47 "https://sgcakesandsurprises.shop/wp-admin/admin.php?page=wpforms-builder&view=fields&form_id=411" "Mozilla/5.0 (Windows NT 10.0; Win64; x64) AppleWebKit/537.36 (KHTML, like Gecko) Chrome/150.0.0.0 Safari/537.36"
198.177.124.148 - - [22/Jul/2026:11:33:10 +0000] "POST /wp-cron.php?doing_wp_cron=1784719990.3603229522705078125000 HTTP/1.1" 200 - "-" "WordPress/7.0.2; https://sgcakesandsurprises.shop"
129.205.124.228 - - [22/Jul/2026:11:33:06 +0000] "POST /wp-admin/admin-ajax.php HTTP/1.1" 200 47 "https://sgcakesandsurprises.shop/wp-admin/options-general.php" "Mozilla/5.0 (Windows NT 10.0; Win64; x64) AppleWebKit/537.36 (KHTML, like Gecko) Chrome/150.0.0.0 Safari/537.36"
216.73.163.37 - - [22/Jul/2026:11:33:10 +0000] "POST /wp-login.php HTTP/1.1" 200 5923 "-" "Mozilla/5.0 (Windows; U; Windows NT 5.2; en-US) AppleWebKit/532.0 (KHTML, like Gecko) Chrome/3.0.195.27 Safari/532.0"
198.177.124.148 - - [22/Jul/2026:11:33:44 +0000] "POST /wp-cron.php?doing_wp_cron=1784720024.2407739162445068359375 HTTP/1.1" 200 - "-" "WordPress/7.0.2; https://sgcakesandsurprises.shop"
129.205.124.228 - - [22/Jul/2026:11:33:42 +0000] "POST /wp-admin/admin-ajax.php HTTP/1.1" 200 47 "https://sgcakesandsurprises.shop/wp-admin/admin.php?page=wpforms-builder&view=fields&form_id=411" "Mozilla/5.0 (Windows NT 10.0; Win64; x64) AppleWebKit/537.36 (KHTML, like Gecko) Chrome/150.0.0.0 Safari/537.36"
198.177.124.148 - - [22/Jul/2026:11:34:04 +0000] "POST /wp-cron.php?doing_wp_cron=1784720043.6778559684753417968750 HTTP/1.1" 200 - "-" "WordPress/7.0.2; https://sgcakesandsurprises.shop"
129.205.124.228 - - [22/Jul/2026:11:34:00 +0000] "POST /wp-admin/admin-ajax.php HTTP/1.1" 200 77 "https://sgcakesandsurprises.shop/wp-admin/post.php?post=393&action=elementor" "Mozilla/5.0 (Windows NT 10.0; Win64; x64) AppleWebKit/537.36 (KHTML, like Gecko) Chrome/150.0.0.0 Safari/537.36"
129.205.124.228 - - [22/Jul/2026:11:34:27 +0000] "POST /wp-admin/admin-ajax.php HTTP/1.1" 200 18366 "https://sgcakesandsurprises.shop/wp-admin/admin.php?page=wpforms-builder&view=fields&form_id=411" "Mozilla/5.0 (Windows NT 10.0; Win64; x64) AppleWebKit/537.36 (KHTML, like Gecko) Chrome/150.0.0.0 Safari/537.36"
129.205.124.228 - - [22/Jul/2026:11:34:42 +0000] "POST /wp-admin/admin-ajax.php HTTP/1.1" 200 47 "https://sgcakesandsurprises.shop/wp-admin/admin.php?page=wpforms-builder&view=fields&form_id=411" "Mozilla/5.0 (Windows NT 10.0; Win64; x64) AppleWebKit/537.36 (KHTML, like Gecko) Chrome/150.0.0.0 Safari/537.36"
198.177.124.148 - - [22/Jul/2026:11:35:08 +0000] "POST /wp-cron.php?doing_wp_cron=1784720108.2416279315948486328125 HTTP/1.1" 200 - "-" "WordPress/7.0.2; https://sgcakesandsurprises.shop"
129.205.124.228 - - [22/Jul/2026:11:35:05 +0000] "POST /wp-admin/admin-ajax.php HTTP/1.1" 200 47 "https://sgcakesandsurprises.shop/wp-admin/options-general.php" "Mozilla/5.0 (Windows NT 10.0; Win64; x64) AppleWebKit/537.36 (KHTML, like Gecko) Chrome/150.0.0.0 Safari/537.36"
129.205.124.228 - - [22/Jul/2026:11:35:42 +0000] "POST /wp-admin/admin-ajax.php HTTP/1.1" 200 47 "https://sgcakesandsurprises.shop/wp-admin/admin.php?page=wpforms-builder&view=fields&form_id=411" "Mozilla/5.0 (Windows NT 10.0; Win64; x64) AppleWebKit/537.36 (KHTML, like Gecko) Chrome/150.0.0.0 Safari/537.36"
198.177.124.148 - - [22/Jul/2026:11:36:02 +0000] "POST /wp-cron.php?doing_wp_cron=1784720162.0164790153503417968750 HTTP/1.1" 200 - "-" "WordPress/7.0.2; https://sgcakesandsurprises.shop"
129.205.124.228 - - [22/Jul/2026:11:36:00 +0000] "POST /wp-admin/admin-ajax.php HTTP/1.1" 200 77 "https://sgcakesandsurprises.shop/wp-admin/post.php?post=393&action=elementor" "Mozilla/5.0 (Windows NT 10.0; Win64; x64) AppleWebKit/537.36 (KHTML, like Gecko) Chrome/150.0.0.0 Safari/537.36"
129.205.124.228 - - [22/Jul/2026:11:36:37 +0000] "POST /wp-admin/admin-ajax.php HTTP/1.1" 200 23926 "https://sgcakesandsurprises.shop/wp-admin/admin.php?page=wpforms-builder&view=fields&form_id=411" "Mozilla/5.0 (Windows NT 10.0; Win64; x64) AppleWebKit/537.36 (KHTML, like Gecko) Chrome/150.0.0.0 Safari/537.36"
129.205.124.228 - - [22/Jul/2026:11:36:42 +0000] "POST /wp-admin/admin-ajax.php HTTP/1.1" 200 47 "https://sgcakesandsurprises.shop/wp-admin/admin.php?page=wpforms-builder&view=fields&form_id=411" "Mozilla/5.0 (Windows NT 10.0; Win64; x64) AppleWebKit/537.36 (KHTML, like Gecko) Chrome/150.0.0.0 Safari/537.36"
198.177.124.148 - - [22/Jul/2026:11:37:00 +0000] "POST /wp-cron.php?doing_wp_cron=1784720220.5103359222412109375000 HTTP/1.1" 200 - "-" "WordPress/7.0.2; https://sgcakesandsurprises.shop"
129.205.124.228 - - [22/Jul/2026:11:36:57 +0000] "POST /wp-admin/admin-ajax.php HTTP/1.1" 200 13240 "https://sgcakesandsurprises.shop/wp-admin/admin.php?page=wpforms-builder&view=fields&form_id=411" "Mozilla/5.0 (Windows NT 10.0; Win64; x64) AppleWebKit/537.36 (KHTML, like Gecko) Chrome/150.0.0.0 Safari/537.36"
129.205.124.228 - - [22/Jul/2026:11:37:06 +0000] "POST /wp-admin/admin-ajax.php HTTP/1.1" 200 47 "https://sgcakesandsurprises.shop/wp-admin/options-general.php" "Mozilla/5.0 (Windows NT 10.0; Win64; x64) AppleWebKit/537.36 (KHTML, like Gecko) Chrome/150.0.0.0 Safari/537.36"
129.205.124.228 - - [22/Jul/2026:11:37:45 +0000] "POST /wp-admin/admin-ajax.php HTTP/1.1" 200 47 "https://sgcakesandsurprises.shop/wp-admin/admin.php?page=wpforms-builder&view=fields&form_id=411" "Mozilla/5.0 (Windows NT 10.0; Win64; x64) AppleWebKit/537.36 (KHTML, like Gecko) Chrome/150.0.0.0 Safari/537.36"
129.205.124.228 - - [22/Jul/2026:11:37:48 +0000] "POST /wp-admin/admin-ajax.php HTTP/1.1" 200 13240 "https://sgcakesandsurprises.shop/wp-admin/admin.php?page=wpforms-builder&view=fields&form_id=411" "Mozilla/5.0 (Windows NT 10.0; Win64; x64) AppleWebKit/537.36 (KHTML, like Gecko) Chrome/150.0.0.0 Safari/537.36"
198.177.124.148 - - [22/Jul/2026:11:38:04 +0000] "POST /wp-cron.php?doing_wp_cron=1784720284.0189239978790283203125 HTTP/1.1" 200 - "-" "WordPress/7.0.2; https://sgcakesandsurprises.shop"
129.205.124.228 - - [22/Jul/2026:11:38:02 +0000] "POST /wp-admin/admin-ajax.php HTTP/1.1" 200 77 "https://sgcakesandsurprises.shop/wp-admin/post.php?post=393&action=elementor" "Mozilla/5.0 (Windows NT 10.0; Win64; x64) AppleWebKit/537.36 (KHTML, like Gecko) Chrome/150.0.0.0 Safari/537.36"
198.177.124.148 - - [22/Jul/2026:11:38:44 +0000] "POST /wp-cron.php?doing_wp_cron=1784720324.7648189067840576171875 HTTP/1.1" 200 - "-" "WordPress/7.0.2; https://sgcakesandsurprises.shop"
129.205.124.228 - - [22/Jul/2026:11:38:42 +0000] "POST /wp-admin/admin-ajax.php HTTP/1.1" 200 47 "https://sgcakesandsurprises.shop/wp-admin/admin.php?page=wpforms-builder&view=fields&form_id=411" "Mozilla/5.0 (Windows NT 10.0; Win64; x64) AppleWebKit/537.36 (KHTML, like Gecko) Chrome/150.0.0.0 Safari/537.36"
198.177.124.148 - - [22/Jul/2026:11:38:53 +0000] "POST /wp-cron.php?doing_wp_cron=1784720333.9119238853454589843750 HTTP/1.1" 200 - "-" "WordPress/7.0.2; https://sgcakesandsurprises.shop"
129.205.124.228 - - [22/Jul/2026:11:38:51 +0000] "POST /wp-admin/admin-ajax.php HTTP/1.1" 200 13240 "https://sgcakesandsurprises.shop/wp-admin/admin.php?page=wpforms-builder&view=fields&form_id=411" "Mozilla/5.0 (Windows NT 10.0; Win64; x64) AppleWebKit/537.36 (KHTML, like Gecko) Chrome/150.0.0.0 Safari/537.36"
129.205.124.228 - - [22/Jul/2026:11:39:07 +0000] "POST /wp-admin/admin-ajax.php HTTP/1.1" 200 47 "https://sgcakesandsurprises.shop/wp-admin/options-general.php" "Mozilla/5.0 (Windows NT 10.0; Win64; x64) AppleWebKit/537.36 (KHTML, like Gecko) Chrome/150.0.0.0 Safari/537.36"
129.205.124.228 - - [22/Jul/2026:11:39:27 +0000] "POST /wp-admin/admin-ajax.php HTTP/1.1" 200 13328 "https://sgcakesandsurprises.shop/wp-admin/admin.php?page=wpforms-builder&view=fields&form_id=411" "Mozilla/5.0 (Windows NT 10.0; Win64; x64) AppleWebKit/537.36 (KHTML, like Gecko) Chrome/150.0.0.0 Safari/537.36"
129.205.124.228 - - [22/Jul/2026:11:39:42 +0000] "POST /wp-admin/admin-ajax.php HTTP/1.1" 200 47 "https://sgcakesandsurprises.shop/wp-admin/admin.php?page=wpforms-builder&view=fields&form_id=411" "Mozilla/5.0 (Windows NT 10.0; Win64; x64) AppleWebKit/537.36 (KHTML, like Gecko) Chrome/150.0.0.0 Safari/537.36"
198.177.124.148 - - [22/Jul/2026:11:40:07 +0000] "POST /wp-cron.php?doing_wp_cron=1784720407.2536940574645996093750 HTTP/1.1" 200 - "-" "WordPress/7.0.2; https://sgcakesandsurprises.shop"
129.205.124.228 - - [22/Jul/2026:11:40:03 +0000] "POST /wp-admin/admin-ajax.php HTTP/1.1" 200 77 "https://sgcakesandsurprises.shop/wp-admin/post.php?post=393&action=elementor" "Mozilla/5.0 (Windows NT 10.0; Win64; x64) AppleWebKit/537.36 (KHTML, like Gecko) Chrome/150.0.0.0 Safari/537.36"
129.205.124.228 - - [22/Jul/2026:11:40:17 +0000] "POST /wp-admin/admin-ajax.php HTTP/1.1" 200 16 "https://sgcakesandsurprises.shop/wp-admin/admin.php?page=wpforms-builder&view=fields&form_id=411" "Mozilla/5.0 (Windows NT 10.0; Win64; x64) AppleWebKit/537.36 (KHTML, like Gecko) Chrome/150.0.0.0 Safari/537.36"
129.205.124.228 - - [22/Jul/2026:11:40:42 +0000] "POST /wp-admin/admin-ajax.php HTTP/1.1" 200 47 "https://sgcakesandsurprises.shop/wp-admin/admin.php?page=wpforms-builder&view=fields&form_id=411" "Mozilla/5.0 (Windows NT 10.0; Win64; x64) AppleWebKit/537.36 (KHTML, like Gecko) Chrome/150.0.0.0 Safari/537.36"
198.177.124.148 - - [22/Jul/2026:11:41:10 +0000] "POST /wp-cron.php?doing_wp_cron=1784720470.8519549369812011718750 HTTP/1.1" 200 - "-" "WordPress/7.0.2; https://sgcakesandsurprises.shop"
129.205.124.228 - - [22/Jul/2026:11:41:08 +0000] "POST /wp-admin/admin-ajax.php HTTP/1.1" 200 47 "https://sgcakesandsurprises.shop/wp-admin/options-general.php" "Mozilla/5.0 (Windows NT 10.0; Win64; x64) AppleWebKit/537.36 (KHTML, like Gecko) Chrome/150.0.0.0 Safari/537.36"
129.205.124.228 - - [22/Jul/2026:11:41:42 +0000] "POST /wp-admin/admin-ajax.php HTTP/1.1" 200 47 "https://sgcakesandsurprises.shop/wp-admin/admin.php?page=wpforms-builder&view=fields&form_id=411" "Mozilla/5.0 (Windows NT 10.0; Win64; x64) AppleWebKit/537.36 (KHTML, like Gecko) Chrome/150.0.0.0 Safari/537.36"
198.177.124.148 - - [22/Jul/2026:11:42:05 +0000] "POST /wp-cron.php?doing_wp_cron=1784720525.1662569046020507812500 HTTP/1.1" 200 - "-" "WordPress/7.0.2; https://sgcakesandsurprises.shop"
129.205.124.228 - - [22/Jul/2026:11:42:03 +0000] "POST /wp-admin/admin-ajax.php HTTP/1.1" 200 77 "https://sgcakesandsurprises.shop/wp-admin/post.php?post=393&action=elementor" "Mozilla/5.0 (Windows NT 10.0; Win64; x64) AppleWebKit/537.36 (KHTML, like Gecko) Chrome/150.0.0.0 Safari/537.36"
129.205.124.228 - - [22/Jul/2026:11:42:42 +0000] "POST /wp-admin/admin-ajax.php HTTP/1.1" 200 47 "https://sgcakesandsurprises.shop/wp-admin/admin.php?page=wpforms-builder&view=fields&form_id=411" "Mozilla/5.0 (Windows NT 10.0; Win64; x64) AppleWebKit/537.36 (KHTML, like Gecko) Chrome/150.0.0.0 Safari/537.36"
205.169.39.47 - - [22/Jul/2026:11:42:47 +0000] "GET / HTTP/1.1" 200 101561 "-" "Mozilla/5.0 (Windows NT 10.0; Win64; x64) AppleWebKit/537.36 (KHTML, like Gecko) Chrome/117.0.5938.132 Safari/537.36"
198.177.124.148 - - [22/Jul/2026:11:43:03 +0000] "POST /wp-cron.php?doing_wp_cron=1784720583.3133769035339355468750 HTTP/1.1" 200 - "-" "WordPress/7.0.2; https://sgcakesandsurprises.shop"
205.169.39.47 - - [22/Jul/2026:11:43:00 +0000] "GET /wp-admin/admin-ajax.php?action=pys_get_pbid HTTP/1.1" 200 1 "http://sgcakesandsurprises.shop/" "Mozilla/5.0 (Windows NT 10.0; Win64; x64) AppleWebKit/537.36 (KHTML, like Gecko) Chrome/117.0.5938.132 Safari/537.36"
205.169.39.47 - - [22/Jul/2026:11:43:00 +0000] "POST /wp-json/pys-facebook/v1/event HTTP/1.1" 200 16 "http://sgcakesandsurprises.shop/" "Mozilla/5.0 (Windows NT 10.0; Win64; x64) AppleWebKit/537.36 (KHTML, like Gecko) Chrome/117.0.5938.132 Safari/537.36"
129.205.124.228 - - [22/Jul/2026:11:43:09 +0000] "POST /wp-admin/admin-ajax.php HTTP/1.1" 200 47 "https://sgcakesandsurprises.shop/wp-admin/options-general.php" "Mozilla/5.0 (Windows NT 10.0; Win64; x64) AppleWebKit/537.36 (KHTML, like Gecko) Chrome/150.0.0.0 Safari/537.36"
129.205.124.228 - - [22/Jul/2026:11:43:43 +0000] "POST /wp-admin/admin-ajax.php HTTP/1.1" 200 47 "https://sgcakesandsurprises.shop/wp-admin/admin.php?page=wpforms-builder&view=fields&form_id=411" "Mozilla/5.0 (Windows NT 10.0; Win64; x64) AppleWebKit/537.36 (KHTML, like Gecko) Chrome/150.0.0.0 Safari/537.36"
198.177.124.148 - - [22/Jul/2026:11:44:09 +0000] "POST /wp-cron.php?doing_wp_cron=1784720648.9361889362335205078125 HTTP/1.1" 200 - "-" "WordPress/7.0.2; https://sgcakesandsurprises.shop"
129.205.124.228 - - [22/Jul/2026:11:44:04 +0000] "POST /wp-admin/admin-ajax.php HTTP/1.1" 200 77 "https://sgcakesandsurprises.shop/wp-admin/post.php?post=393&action=elementor" "Mozilla/5.0 (Windows NT 10.0; Win64; x64) AppleWebKit/537.36 (KHTML, like Gecko) Chrome/150.0.0.0 Safari/537.36"
129.205.124.228 - - [22/Jul/2026:11:44:42 +0000] "POST /wp-admin/admin-ajax.php HTTP/1.1" 200 47 "https://sgcakesandsurprises.shop/wp-admin/admin.php?page=wpforms-builder&view=fields&form_id=411" "Mozilla/5.0 (Windows NT 10.0; Win64; x64) AppleWebKit/537.36 (KHTML, like Gecko) Chrome/150.0.0.0 Safari/537.36"
198.177.124.148 - - [22/Jul/2026:11:44:54 +0000] "POST /wp-cron.php?doing_wp_cron=1784720693.9083731174468994140625 HTTP/1.1" 200 - "-" "WordPress/7.0.2; https://sgcakesandsurprises.shop"
185.191.171.10 - - [22/Jul/2026:11:44:52 +0000] "GET /robots.txt HTTP/1.1" 200 125 "-" "Mozilla/5.0 (compatible; SemrushBot/7~bl; +http://www.semrush.com/bot.html)"
85.208.96.205 - - [22/Jul/2026:11:44:54 +0000] "GET /luxury-surprises/ HTTP/1.1" 200 64094 "-" "Mozilla/5.0 (compatible; SemrushBot/7~bl; +http://www.semrush.com/bot.html)"
129.205.124.228 - - [22/Jul/2026:11:45:10 +0000] "POST /wp-admin/admin-ajax.php HTTP/1.1" 200 47 "https://sgcakesandsurprises.shop/wp-admin/options-general.php" "Mozilla/5.0 (Windows NT 10.0; Win64; x64) AppleWebKit/537.36 (KHTML, like Gecko) Chrome/150.0.0.0 Safari/537.36"
129.205.124.228 - - [22/Jul/2026:11:45:34 +0000] "POST /wp-admin/admin-ajax.php HTTP/1.1" 200 16 "https://sgcakesandsurprises.shop/wp-admin/admin.php?page=wpforms-builder&view=fields&form_id=411" "Mozilla/5.0 (Windows NT 10.0; Win64; x64) AppleWebKit/537.36 (KHTML, like Gecko) Chrome/150.0.0.0 Safari/537.36"
129.205.124.228 - - [22/Jul/2026:11:45:42 +0000] "POST /wp-admin/admin-ajax.php HTTP/1.1" 200 47 "https://sgcakesandsurprises.shop/wp-admin/admin.php?page=wpforms-builder&view=fields&form_id=411" "Mozilla/5.0 (Windows NT 10.0; Win64; x64) AppleWebKit/537.36 (KHTML, like Gecko) Chrome/150.0.0.0 Safari/537.36"
198.177.124.148 - - [22/Jul/2026:11:46:09 +0000] "POST /wp-cron.php?doing_wp_cron=1784720768.8984310626983642578125 HTTP/1.1" 200 - "-" "WordPress/7.0.2; https://sgcakesandsurprises.shop"
129.205.124.228 - - [22/Jul/2026:11:46:05 +0000] "POST /wp-admin/admin-ajax.php HTTP/1.1" 200 77 "https://sgcakesandsurprises.shop/wp-admin/post.php?post=393&action=elementor" "Mozilla/5.0 (Windows NT 10.0; Win64; x64) AppleWebKit/537.36 (KHTML, like Gecko) Chrome/150.0.0.0 Safari/537.36"
129.205.124.228 - - [22/Jul/2026:11:46:43 +0000] "POST /wp-admin/admin-ajax.php HTTP/1.1" 200 47 "https://sgcakesandsurprises.shop/wp-admin/admin.php?page=wpforms-builder&view=fields&form_id=411" "Mozilla/5.0 (Windows NT 10.0; Win64; x64) AppleWebKit/537.36 (KHTML, like Gecko) Chrome/150.0.0.0 Safari/537.36"
129.205.124.228 - - [22/Jul/2026:11:46:45 +0000] "POST /wp-admin/admin-ajax.php HTTP/1.1" 200 24073 "https://sgcakesandsurprises.shop/wp-admin/admin.php?page=wpforms-builder&view=fields&form_id=411" "Mozilla/5.0 (Windows NT 10.0; Win64; x64) AppleWebKit/537.36 (KHTML, like Gecko) Chrome/150.0.0.0 Safari/537.36"
198.177.124.148 - - [22/Jul/2026:11:47:14 +0000] "POST /wp-cron.php?doing_wp_cron=1784720834.6875920295715332031250 HTTP/1.1" 200 - "-" "WordPress/7.0.2; https://sgcakesandsurprises.shop"
129.205.124.228 - - [22/Jul/2026:11:47:12 +0000] "POST /wp-admin/admin-ajax.php HTTP/1.1" 200 47 "https://sgcakesandsurprises.shop/wp-admin/options-general.php" "Mozilla/5.0 (Windows NT 10.0; Win64; x64) AppleWebKit/537.36 (KHTML, like Gecko) Chrome/150.0.0.0 Safari/537.36"
129.205.124.228 - - [22/Jul/2026:11:47:42 +0000] "POST /wp-admin/admin-ajax.php HTTP/1.1" 200 47 "https://sgcakesandsurprises.shop/wp-admin/admin.php?page=wpforms-builder&view=fields&form_id=411" "Mozilla/5.0 (Windows NT 10.0; Win64; x64) AppleWebKit/537.36 (KHTML, like Gecko) Chrome/150.0.0.0 Safari/537.36"
198.177.124.148 - - [22/Jul/2026:11:48:09 +0000] "POST /wp-cron.php?doing_wp_cron=1784720888.9778149127960205078125 HTTP/1.1" 200 - "-" "WordPress/7.0.2; https://sgcakesandsurprises.shop"
129.205.124.228 - - [22/Jul/2026:11:48:07 +0000] "POST /wp-admin/admin-ajax.php HTTP/1.1" 200 77 "https://sgcakesandsurprises.shop/wp-admin/post.php?post=393&action=elementor" "Mozilla/5.0 (Windows NT 10.0; Win64; x64) AppleWebKit/537.36 (KHTML, like Gecko) Chrome/150.0.0.0 Safari/537.36"
185.191.171.2 - - [22/Jul/2026:11:48:16 +0000] "GET /goods/ HTTP/1.1" 200 84076 "-" "Mozilla/5.0 (compatible; SemrushBot/7~bl; +http://www.semrush.com/bot.html)"
129.205.124.228 - - [22/Jul/2026:11:48:42 +0000] "POST /wp-admin/admin-ajax.php HTTP/1.1" 200 47 "https://sgcakesandsurprises.shop/wp-admin/admin.php?page=wpforms-builder&view=fields&form_id=411" "Mozilla/5.0 (Windows NT 10.0; Win64; x64) AppleWebKit/537.36 (KHTML, like Gecko) Chrome/150.0.0.0 Safari/537.36"
198.177.124.148 - - [22/Jul/2026:11:49:15 +0000] "POST /wp-cron.php?doing_wp_cron=1784720955.9109780788421630859375 HTTP/1.1" 200 - "-" "WordPress/7.0.2; https://sgcakesandsurprises.shop"
129.205.124.228 - - [22/Jul/2026:11:49:13 +0000] "POST /wp-admin/admin-ajax.php HTTP/1.1" 200 47 "https://sgcakesandsurprises.shop/wp-admin/options-general.php" "Mozilla/5.0 (Windows NT 10.0; Win64; x64) AppleWebKit/537.36 (KHTML, like Gecko) Chrome/150.0.0.0 Safari/537.36"
129.205.124.228 - - [22/Jul/2026:11:49:42 +0000] "POST /wp-admin/admin-ajax.php HTTP/1.1" 200 47 "https://sgcakesandsurprises.shop/wp-admin/admin.php?page=wpforms-builder&view=fields&form_id=411" "Mozilla/5.0 (Windows NT 10.0; Win64; x64) AppleWebKit/537.36 (KHTML, like Gecko) Chrome/150.0.0.0 Safari/537.36"
198.177.124.148 - - [22/Jul/2026:11:50:10 +0000] "POST /wp-cron.php?doing_wp_cron=1784721010.4813969135284423828125 HTTP/1.1" 200 - "-" "WordPress/7.0.2; https://sgcakesandsurprises.shop"
129.205.124.228 - - [22/Jul/2026:11:50:08 +0000] "POST /wp-admin/admin-ajax.php HTTP/1.1" 200 77 "https://sgcakesandsurprises.shop/wp-admin/post.php?post=393&action=elementor" "Mozilla/5.0 (Windows NT 10.0; Win64; x64) AppleWebKit/537.36 (KHTML, like Gecko) Chrome/150.0.0.0 Safari/537.36"
129.205.124.228 - - [22/Jul/2026:11:50:42 +0000] "POST /wp-admin/admin-ajax.php HTTP/1.1" 200 47 "https://sgcakesandsurprises.shop/wp-admin/admin.php?page=wpforms-builder&view=fields&form_id=411" "Mozilla/5.0 (Windows NT 10.0; Win64; x64) AppleWebKit/537.36 (KHTML, like Gecko) Chrome/150.0.0.0 Safari/537.36"
129.205.124.228 - - [22/Jul/2026:11:50:45 +0000] "POST /wp-admin/admin-ajax.php HTTP/1.1" 200 13328 "https://sgcakesandsurprises.shop/wp-admin/admin.php?page=wpforms-builder&view=fields&form_id=411" "Mozilla/5.0 (Windows NT 10.0; Win64; x64) AppleWebKit/537.36 (KHTML, like Gecko) Chrome/150.0.0.0 Safari/537.36"
198.177.124.148 - - [22/Jul/2026:11:51:15 +0000] "POST /wp-cron.php?doing_wp_cron=1784721075.2188329696655273437500 HTTP/1.1" 200 - "-" "WordPress/7.0.2; https://sgcakesandsurprises.shop"
129.205.124.228 - - [22/Jul/2026:11:51:13 +0000] "POST /wp-admin/admin-ajax.php HTTP/1.1" 200 47 "https://sgcakesandsurprises.shop/wp-admin/options-general.php" "Mozilla/5.0 (Windows NT 10.0; Win64; x64) AppleWebKit/537.36 (KHTML, like Gecko) Chrome/150.0.0.0 Safari/537.36"
129.205.124.228 - - [22/Jul/2026:11:51:42 +0000] "POST /wp-admin/admin-ajax.php HTTP/1.1" 200 47 "https://sgcakesandsurprises.shop/wp-admin/admin.php?page=wpforms-builder&view=fields&form_id=411" "Mozilla/5.0 (Windows NT 10.0; Win64; x64) AppleWebKit/537.36 (KHTML, like Gecko) Chrome/150.0.0.0 Safari/537.36"
198.177.124.148 - - [22/Jul/2026:11:52:08 +0000] "POST /wp-cron.php?doing_wp_cron=1784721128.4126110076904296875000 HTTP/1.1" 200 - "-" "WordPress/7.0.2; https://sgcakesandsurprises.shop"
129.205.124.228 - - [22/Jul/2026:11:52:04 +0000] "POST /wp-admin/admin-ajax.php HTTP/1.1" 200 173 "https://sgcakesandsurprises.shop/wp-admin/admin.php?page=wpforms-builder&view=fields&form_id=411" "Mozilla/5.0 (Windows NT 10.0; Win64; x64) AppleWebKit/537.36 (KHTML, like Gecko) Chrome/150.0.0.0 Safari/537.36"
129.205.124.228 - - [22/Jul/2026:11:52:10 +0000] "POST /wp-json/wpforms/v1/themes/custom/?_locale=user HTTP/1.1" 200 15 "https://sgcakesandsurprises.shop/wp-admin/admin.php?page=wpforms-builder&view=fields&form_id=411" "Mozilla/5.0 (Windows NT 10.0; Win64; x64) AppleWebKit/537.36 (KHTML, like Gecko) Chrome/150.0.0.0 Safari/537.36"
129.205.124.228 - - [22/Jul/2026:11:52:09 +0000] "POST /wp-admin/admin-ajax.php HTTP/1.1" 200 77 "https://sgcakesandsurprises.shop/wp-admin/post.php?post=393&action=elementor" "Mozilla/5.0 (Windows NT 10.0; Win64; x64) AppleWebKit/537.36 (KHTML, like Gecko) Chrome/150.0.0.0 Safari/537.36"
129.205.124.228 - - [22/Jul/2026:11:52:43 +0000] "POST /wp-admin/admin-ajax.php HTTP/1.1" 200 47 "https://sgcakesandsurprises.shop/wp-admin/admin.php?page=wpforms-builder&view=settings&form_id=411§ion=general" "Mozilla/5.0 (Windows NT 10.0; Win64; x64) AppleWebKit/537.36 (KHTML, like Gecko) Chrome/150.0.0.0 Safari/537.36"
198.177.124.148 - - [22/Jul/2026:11:53:17 +0000] "POST /wp-cron.php?doing_wp_cron=1784721197.9288070201873779296875 HTTP/1.1" 200 - "-" "WordPress/7.0.2; https://sgcakesandsurprises.shop"
129.205.124.228 - - [22/Jul/2026:11:53:16 +0000] "POST /wp-admin/admin-ajax.php HTTP/1.1" 200 47 "https://sgcakesandsurprises.shop/wp-admin/options-general.php" "Mozilla/5.0 (Windows NT 10.0; Win64; x64) AppleWebKit/537.36 (KHTML, like Gecko) Chrome/150.0.0.0 Safari/537.36"
129.205.124.228 - - [22/Jul/2026:11:53:42 +0000] "POST /wp-admin/admin-ajax.php HTTP/1.1" 200 47 "https://sgcakesandsurprises.shop/wp-admin/admin.php?page=wpforms-builder&view=settings&form_id=411§ion=general" "Mozilla/5.0 (Windows NT 10.0; Win64; x64) AppleWebKit/537.36 (KHTML, like Gecko) Chrome/150.0.0.0 Safari/537.36"
198.177.124.148 - - [22/Jul/2026:11:54:11 +0000] "POST /wp-cron.php?doing_wp_cron=1784721251.7083990573883056640625 HTTP/1.1" 200 - "-" "WordPress/7.0.2; https://sgcakesandsurprises.shop"
129.205.124.228 - - [22/Jul/2026:11:54:09 +0000] "POST /wp-admin/admin-ajax.php HTTP/1.1" 200 77 "https://sgcakesandsurprises.shop/wp-admin/post.php?post=393&action=elementor" "Mozilla/5.0 (Windows NT 10.0; Win64; x64) AppleWebKit/537.36 (KHTML, like Gecko) Chrome/150.0.0.0 Safari/537.36"
129.205.124.228 - - [22/Jul/2026:11:54:42 +0000] "POST /wp-admin/admin-ajax.php HTTP/1.1" 200 47 "https://sgcakesandsurprises.shop/wp-admin/admin.php?page=wpforms-builder&view=settings&form_id=411§ion=notifications" "Mozilla/5.0 (Windows NT 10.0; Win64; x64) AppleWebKit/537.36 (KHTML, like Gecko) Chrome/150.0.0.0 Safari/537.36"
198.177.124.148 - - [22/Jul/2026:11:55:17 +0000] "POST /wp-cron.php?doing_wp_cron=1784721317.2937600612640380859375 HTTP/1.1" 200 - "-" "WordPress/7.0.2; https://sgcakesandsurprises.shop"
129.205.124.228 - - [22/Jul/2026:11:55:15 +0000] "POST /wp-admin/admin-ajax.php HTTP/1.1" 200 47 "https://sgcakesandsurprises.shop/wp-admin/options-general.php" "Mozilla/5.0 (Windows NT 10.0; Win64; x64) AppleWebKit/537.36 (KHTML, like Gecko) Chrome/150.0.0.0 Safari/537.36"
129.205.124.228 - - [22/Jul/2026:11:55:42 +0000] "POST /wp-admin/admin-ajax.php HTTP/1.1" 200 47 "https://sgcakesandsurprises.shop/wp-admin/admin.php?page=wpforms-builder&view=settings&form_id=411§ion=notifications" "Mozilla/5.0 (Windows NT 10.0; Win64; x64) AppleWebKit/537.36 (KHTML, like Gecko) Chrome/150.0.0.0 Safari/537.36"
198.177.124.148 - - [22/Jul/2026:11:56:14 +0000] "POST /wp-cron.php?doing_wp_cron=1784721374.5756580829620361328125 HTTP/1.1" 200 - "-" "WordPress/7.0.2; https://sgcakesandsurprises.shop"
129.205.124.228 - - [22/Jul/2026:11:56:10 +0000] "POST /wp-admin/admin-ajax.php HTTP/1.1" 200 77 "https://sgcakesandsurprises.shop/wp-admin/post.php?post=393&action=elementor" "Mozilla/5.0 (Windows NT 10.0; Win64; x64) AppleWebKit/537.36 (KHTML, like Gecko) Chrome/150.0.0.0 Safari/537.36"
129.205.124.228 - - [22/Jul/2026:11:56:43 +0000] "POST /wp-admin/admin-ajax.php HTTP/1.1" 200 47 "https://sgcakesandsurprises.shop/wp-admin/admin.php?page=wpforms-builder&view=settings&form_id=411§ion=notifications" "Mozilla/5.0 (Windows NT 10.0; Win64; x64) AppleWebKit/537.36 (KHTML, like Gecko) Chrome/150.0.0.0 Safari/537.36"
198.177.124.148 - - [22/Jul/2026:11:57:19 +0000] "POST /wp-cron.php?doing_wp_cron=1784721439.2855761051177978515625 HTTP/1.1" 200 - "-" "WordPress/7.0.2; https://sgcakesandsurprises.shop"
129.205.124.228 - - [22/Jul/2026:11:57:17 +0000] "POST /wp-admin/admin-ajax.php HTTP/1.1" 200 47 "https://sgcakesandsurprises.shop/wp-admin/options-general.php" "Mozilla/5.0 (Windows NT 10.0; Win64; x64) AppleWebKit/537.36 (KHTML, like Gecko) Chrome/150.0.0.0 Safari/537.36"
216.73.163.48 - - [22/Jul/2026:11:57:17 +0000] "POST /wp-login.php HTTP/1.1" 503 18957 "-" "edge|Mozilla/5.0 (Windows NT 10.5; x64; en-US) AppleWebKit/536.49 (KHTML, like Gecko) Chrome/54.0.3412.101 Safari/535.9 Edge/8.68566"
129.205.124.228 - - [22/Jul/2026:11:57:42 +0000] "POST /wp-admin/admin-ajax.php HTTP/1.1" 200 47 "https://sgcakesandsurprises.shop/wp-admin/admin.php?page=wpforms-builder&view=settings&form_id=411§ion=notifications" "Mozilla/5.0 (Windows NT 10.0; Win64; x64) AppleWebKit/537.36 (KHTML, like Gecko) Chrome/150.0.0.0 Safari/537.36"
198.177.124.148 - - [22/Jul/2026:11:57:55 +0000] "POST /wp-cron.php?doing_wp_cron=1784721475.0839180946350097656250 HTTP/1.1" 200 - "-" "WordPress/7.0.2; https://sgcakesandsurprises.shop"
102.88.108.30 - - [22/Jul/2026:11:57:53 +0000] "POST /wp-admin/admin-ajax.php HTTP/1.1" 200 47 "https://sgcakesandsurprises.shop/wp-admin/admin.php?page=wpforms-builder&view=settings&form_id=411§ion=notifications" "Mozilla/5.0 (Windows NT 10.0; Win64; x64) AppleWebKit/537.36 (KHTML, like Gecko) Chrome/150.0.0.0 Safari/537.36"
102.88.108.30 - - [22/Jul/2026:11:58:11 +0000] "POST /wp-admin/admin-ajax.php HTTP/1.1" 200 77 "https://sgcakesandsurprises.shop/wp-admin/post.php?post=393&action=elementor" "Mozilla/5.0 (Windows NT 10.0; Win64; x64) AppleWebKit/537.36 (KHTML, like Gecko) Chrome/150.0.0.0 Safari/537.36"
102.88.108.30 - - [22/Jul/2026:11:58:43 +0000] "POST /wp-admin/admin-ajax.php HTTP/1.1" 200 47 "https://sgcakesandsurprises.shop/wp-admin/admin.php?page=wpforms-builder&view=settings&form_id=411§ion=notifications" "Mozilla/5.0 (Windows NT 10.0; Win64; x64) AppleWebKit/537.36 (KHTML, like Gecko) Chrome/150.0.0.0 Safari/537.36"
198.177.124.148 - - [22/Jul/2026:11:59:00 +0000] "POST /wp-cron.php?doing_wp_cron=1784721540.7175359725952148437500 HTTP/1.1" 200 - "-" "WordPress/7.0.2; https://sgcakesandsurprises.shop"
102.88.108.30 - - [22/Jul/2026:11:58:56 +0000] "POST /wp-admin/admin-ajax.php HTTP/1.1" 200 16 "https://sgcakesandsurprises.shop/wp-admin/admin.php?page=wpforms-builder&view=settings&form_id=411§ion=notifications" "Mozilla/5.0 (Windows NT 10.0; Win64; x64) AppleWebKit/537.36 (KHTML, like Gecko) Chrome/150.0.0.0 Safari/537.36"
102.88.108.30 - - [22/Jul/2026:11:59:01 +0000] "GET /wp-content/plugins/wp-mail-smtp/assets/css/vendor/jquery-confirm.min.css?ver=3.3.4 HTTP/1.1" 200 22538 "https://sgcakesandsurprises.shop/wp-admin/options-general.php?page=wp-mail-smtp" "Mozilla/5.0 (Windows NT 10.0; Win64; x64) AppleWebKit/537.36 (KHTML, like Gecko) Chrome/150.0.0.0 Safari/537.36"
102.88.108.30 - - [22/Jul/2026:11:59:01 +0000] "GET /wp-content/plugins/wp-mail-smtp/assets/css/vendor/lity.min.css?ver=2.4.1 HTTP/1.1" 200 3383 "https://sgcakesandsurprises.shop/wp-admin/options-general.php?page=wp-mail-smtp" "Mozilla/5.0 (Windows NT 10.0; Win64; x64) AppleWebKit/537.36 (KHTML, like Gecko) Chrome/150.0.0.0 Safari/537.36"
102.88.108.30 - - [22/Jul/2026:11:59:01 +0000] "GET /wp-content/plugins/wp-mail-smtp/assets/css/smtp-admin.min.css?ver=4.9.0 HTTP/1.1" 200 127764 "https://sgcakesandsurprises.shop/wp-admin/options-general.php?page=wp-mail-smtp" "Mozilla/5.0 (Windows NT 10.0; Win64; x64) AppleWebKit/537.36 (KHTML, like Gecko) Chrome/150.0.0.0 Safari/537.36"
102.88.108.30 - - [22/Jul/2026:11:59:02 +0000] "GET /wp-content/plugins/wp-mail-smtp/assets/js/smtp-admin.min.js?ver=4.9.0 HTTP/1.1" 200 21767 "https://sgcakesandsurprises.shop/wp-admin/options-general.php?page=wp-mail-smtp" "Mozilla/5.0 (Windows NT 10.0; Win64; x64) AppleWebKit/537.36 (KHTML, like Gecko) Chrome/150.0.0.0 Safari/537.36"
102.88.108.30 - - [22/Jul/2026:11:58:56 +0000] "GET /wp-admin/options-general.php?page=wp-mail-smtp HTTP/1.1" 200 350231 "https://sgcakesandsurprises.shop/wp-admin/admin.php?page=wpforms-builder&view=settings&form_id=411§ion=notifications" "Mozilla/5.0 (Windows NT 10.0; Win64; x64) AppleWebKit/537.36 (KHTML, like Gecko) Chrome/150.0.0.0 Safari/537.36"
102.88.108.30 - - [22/Jul/2026:11:59:02 +0000] "GET /wp-admin/load-scripts.php?c=0&load%5Bchunk_0%5D=jquery-core,jquery-migrate,utils,underscore&ver=7.0.2 HTTP/1.1" 200 122010 "https://sgcakesandsurprises.shop/wp-admin/options-general.php?page=wp-mail-smtp" "Mozilla/5.0 (Windows NT 10.0; Win64; x64) AppleWebKit/537.36 (KHTML, like Gecko) Chrome/150.0.0.0 Safari/537.36"
102.88.108.30 - - [22/Jul/2026:11:59:03 +0000] "GET /wp-content/plugins/wp-mail-smtp/assets/js/vendor/jquery-confirm.min.js?ver=3.3.4 HTTP/1.1" 200 28222 "https://sgcakesandsurprises.shop/wp-admin/options-general.php?page=wp-mail-smtp" "Mozilla/5.0 (Windows NT 10.0; Win64; x64) AppleWebKit/537.36 (KHTML, like Gecko) Chrome/150.0.0.0 Safari/537.36"
102.88.108.30 - - [22/Jul/2026:11:59:03 +0000] "GET /wp-content/plugins/wp-mail-smtp/assets/images/logo.svg HTTP/1.1" 200 12250 "https://sgcakesandsurprises.shop/wp-admin/options-general.php?page=wp-mail-smtp" "Mozilla/5.0 (Windows NT 10.0; Win64; x64) AppleWebKit/537.36 (KHTML, like Gecko) Chrome/150.0.0.0 Safari/537.36"
102.88.108.30 - - [22/Jul/2026:11:59:03 +0000] "GET /wp-content/plugins/wp-mail-smtp/assets/images/education/sendlayer-banner.svg HTTP/1.1" 200 38412 "https://sgcakesandsurprises.shop/wp-admin/options-general.php?page=wp-mail-smtp" "Mozilla/5.0 (Windows NT 10.0; Win64; x64) AppleWebKit/537.36 (KHTML, like Gecko) Chrome/150.0.0.0 Safari/537.36"
102.88.108.30 - - [22/Jul/2026:11:59:04 +0000] "GET /wp-content/plugins/wp-mail-smtp/assets/js/vendor/lity.min.js?ver=2.4.1 HTTP/1.1" 200 6639 "https://sgcakesandsurprises.shop/wp-admin/options-general.php?page=wp-mail-smtp" "Mozilla/5.0 (Windows NT 10.0; Win64; x64) AppleWebKit/537.36 (KHTML, like Gecko) Chrome/150.0.0.0 Safari/537.36"
102.88.108.30 - - [22/Jul/2026:11:59:04 +0000] "GET /wp-content/plugins/wp-mail-smtp/assets/images/providers/php.svg HTTP/1.1" 200 1115 "https://sgcakesandsurprises.shop/wp-admin/options-general.php?page=wp-mail-smtp" "Mozilla/5.0 (Windows NT 10.0; Win64; x64) AppleWebKit/537.36 (KHTML, like Gecko) Chrome/150.0.0.0 Safari/537.36"
102.88.108.30 - - [22/Jul/2026:11:59:04 +0000] "GET /wp-content/plugins/wp-mail-smtp/assets/images/providers/sendlayer.svg HTTP/1.1" 200 3223 "https://sgcakesandsurprises.shop/wp-admin/options-general.php?page=wp-mail-smtp" "Mozilla/5.0 (Windows NT 10.0; Win64; x64) AppleWebKit/537.36 (KHTML, like Gecko) Chrome/150.0.0.0 Safari/537.36"
102.88.108.30 - - [22/Jul/2026:11:59:04 +0000] "GET /wp-content/plugins/wp-mail-smtp/assets/js/connect.min.js?ver=4.9.0 HTTP/1.1" 200 1976 "https://sgcakesandsurprises.shop/wp-admin/options-general.php?page=wp-mail-smtp" "Mozilla/5.0 (Windows NT 10.0; Win64; x64) AppleWebKit/537.36 (KHTML, like Gecko) Chrome/150.0.0.0 Safari/537.36"
102.88.108.30 - - [22/Jul/2026:11:59:04 +0000] "GET /wp-content/plugins/wp-mail-smtp/assets/images/providers/smtp-com.svg HTTP/1.1" 200 1716 "https://sgcakesandsurprises.shop/wp-admin/options-general.php?page=wp-mail-smtp" "Mozilla/5.0 (Windows NT 10.0; Win64; x64) AppleWebKit/537.36 (KHTML, like Gecko) Chrome/150.0.0.0 Safari/537.36"
102.88.108.30 - - [22/Jul/2026:11:59:04 +0000] "GET /wp-content/plugins/wp-mail-smtp/assets/images/providers/brevo.svg HTTP/1.1" 200 1863 "https://sgcakesandsurprises.shop/wp-admin/options-general.php?page=wp-mail-smtp" "Mozilla/5.0 (Windows NT 10.0; Win64; x64) AppleWebKit/537.36 (KHTML, like Gecko) Chrome/150.0.0.0 Safari/537.36"
102.88.108.30 - - [22/Jul/2026:11:59:04 +0000] "GET /wp-content/plugins/wp-mail-smtp/assets/images/providers/aws.svg HTTP/1.1" 200 2385 "https://sgcakesandsurprises.shop/wp-admin/options-general.php?page=wp-mail-smtp" "Mozilla/5.0 (Windows NT 10.0; Win64; x64) AppleWebKit/537.36 (KHTML, like Gecko) Chrome/150.0.0.0 Safari/537.36"
102.88.108.30 - - [22/Jul/2026:11:59:04 +0000] "GET /wp-content/plugins/wp-mail-smtp/assets/images/providers/elasticemail.svg HTTP/1.1" 200 6672 "https://sgcakesandsurprises.shop/wp-admin/options-general.php?page=wp-mail-smtp" "Mozilla/5.0 (Windows NT 10.0; Win64; x64) AppleWebKit/537.36 (KHTML, like Gecko) Chrome/150.0.0.0 Safari/537.36"
102.88.108.30 - - [22/Jul/2026:11:59:05 +0000] "GET /wp-content/plugins/wp-mail-smtp/assets/images/flyout-menu/mascot.svg HTTP/1.1" 200 4810 "https://sgcakesandsurprises.shop/wp-admin/options-general.php?page=wp-mail-smtp" "Mozilla/5.0 (Windows NT 10.0; Win64; x64) AppleWebKit/537.36 (KHTML, like Gecko) Chrome/150.0.0.0 Safari/537.36"
102.88.108.30 - - [22/Jul/2026:11:59:05 +0000] "GET /wp-content/plugins/wp-mail-smtp/assets/images/flyout-menu/lightbulb.svg HTTP/1.1" 200 625 "https://sgcakesandsurprises.shop/wp-admin/options-general.php?page=wp-mail-smtp" "Mozilla/5.0 (Windows NT 10.0; Win64; x64) AppleWebKit/537.36 (KHTML, like Gecko) Chrome/150.0.0.0 Safari/537.36"
102.88.108.30 - - [22/Jul/2026:11:59:05 +0000] "GET /wp-content/plugins/wp-mail-smtp/assets/images/flyout-menu/life-ring.svg HTTP/1.1" 200 714 "https://sgcakesandsurprises.shop/wp-admin/options-general.php?page=wp-mail-smtp" "Mozilla/5.0 (Windows NT 10.0; Win64; x64) AppleWebKit/537.36 (KHTML, like Gecko) Chrome/150.0.0.0 Safari/537.36"
102.88.108.30 - - [22/Jul/2026:11:59:05 +0000] "GET /wp-content/plugins/wp-mail-smtp/assets/images/flyout-menu/star.svg HTTP/1.1" 200 379 "https://sgcakesandsurprises.shop/wp-admin/options-general.php?page=wp-mail-smtp" "Mozilla/5.0 (Windows NT 10.0; Win64; x64) AppleWebKit/537.36 (KHTML, like Gecko) Chrome/150.0.0.0 Safari/537.36"
102.88.108.30 - - [22/Jul/2026:11:59:05 +0000] "GET /wp-content/plugins/wp-mail-smtp/assets/images/flyout-menu/facebook.svg HTTP/1.1" 200 377 "https://sgcakesandsurprises.shop/wp-admin/options-general.php?page=wp-mail-smtp" "Mozilla/5.0 (Windows NT 10.0; Win64; x64) AppleWebKit/537.36 (KHTML, like Gecko) Chrome/150.0.0.0 Safari/537.36"
102.88.108.30 - - [22/Jul/2026:11:59:05 +0000] "GET /wp-content/plugins/wp-mail-smtp/assets/images/providers/google.svg HTTP/1.1" 200 1679 "https://sgcakesandsurprises.shop/wp-admin/options-general.php?page=wp-mail-smtp" "Mozilla/5.0 (Windows NT 10.0; Win64; x64) AppleWebKit/537.36 (KHTML, like Gecko) Chrome/150.0.0.0 Safari/537.36"
102.88.108.30 - - [22/Jul/2026:11:59:05 +0000] "GET /wp-content/plugins/wp-mail-smtp/assets/images/providers/mailgun.svg HTTP/1.1" 200 5394 "https://sgcakesandsurprises.shop/wp-admin/options-general.php?page=wp-mail-smtp" "Mozilla/5.0 (Windows NT 10.0; Win64; x64) AppleWebKit/537.36 (KHTML, like Gecko) Chrome/150.0.0.0 Safari/537.36"
102.88.108.30 - - [22/Jul/2026:11:59:05 +0000] "GET /wp-content/plugins/wp-mail-smtp/assets/images/providers/mailjet.svg HTTP/1.1" 200 4351 "https://sgcakesandsurprises.shop/wp-admin/options-general.php?page=wp-mail-smtp" "Mozilla/5.0 (Windows NT 10.0; Win64; x64) AppleWebKit/537.36 (KHTML, like Gecko) Chrome/150.0.0.0 Safari/537.36"
102.88.108.30 - - [22/Jul/2026:11:59:05 +0000] "GET /wp-content/plugins/wp-mail-smtp/assets/images/providers/mailersend.svg HTTP/1.1" 200 4355 "https://sgcakesandsurprises.shop/wp-admin/options-general.php?page=wp-mail-smtp" "Mozilla/5.0 (Windows NT 10.0; Win64; x64) AppleWebKit/537.36 (KHTML, like Gecko) Chrome/150.0.0.0 Safari/537.36"
102.88.108.30 - - [22/Jul/2026:11:59:05 +0000] "GET /wp-content/plugins/wp-mail-smtp/assets/images/providers/mandrill.svg HTTP/1.1" 200 909 "https://sgcakesandsurprises.shop/wp-admin/options-general.php?page=wp-mail-smtp" "Mozilla/5.0 (Windows NT 10.0; Win64; x64) AppleWebKit/537.36 (KHTML, like Gecko) Chrome/150.0.0.0 Safari/537.36"
102.88.108.30 - - [22/Jul/2026:11:59:05 +0000] "GET /wp-content/plugins/wp-mail-smtp/assets/images/providers/microsoft.svg HTTP/1.1" 200 3314 "https://sgcakesandsurprises.shop/wp-admin/options-general.php?page=wp-mail-smtp" "Mozilla/5.0 (Windows NT 10.0; Win64; x64) AppleWebKit/537.36 (KHTML, like Gecko) Chrome/150.0.0.0 Safari/537.36"
102.88.108.30 - - [22/Jul/2026:11:59:06 +0000] "GET /wp-content/plugins/wp-mail-smtp/assets/images/providers/postmark.svg HTTP/1.1" 200 2800 "https://sgcakesandsurprises.shop/wp-admin/options-general.php?page=wp-mail-smtp" "Mozilla/5.0 (Windows NT 10.0; Win64; x64) AppleWebKit/537.36 (KHTML, like Gecko) Chrome/150.0.0.0 Safari/537.36"
102.88.108.30 - - [22/Jul/2026:11:59:06 +0000] "GET /wp-content/plugins/wp-mail-smtp/assets/images/providers/sendgrid.svg HTTP/1.1" 200 2701 "https://sgcakesandsurprises.shop/wp-admin/options-general.php?page=wp-mail-smtp" "Mozilla/5.0 (Windows NT 10.0; Win64; x64) AppleWebKit/537.36 (KHTML, like Gecko) Chrome/150.0.0.0 Safari/537.36"
102.88.108.30 - - [22/Jul/2026:11:59:06 +0000] "GET /wp-content/plugins/wp-mail-smtp/assets/images/providers/smtp2go.svg HTTP/1.1" 200 2639 "https://sgcakesandsurprises.shop/wp-admin/options-general.php?page=wp-mail-smtp" "Mozilla/5.0 (Windows NT 10.0; Win64; x64) AppleWebKit/537.36 (KHTML, like Gecko) Chrome/150.0.0.0 Safari/537.36"
102.88.108.30 - - [22/Jul/2026:11:59:06 +0000] "GET /wp-content/plugins/wp-mail-smtp/assets/images/providers/resend.svg HTTP/1.1" 200 2316 "https://sgcakesandsurprises.shop/wp-admin/options-general.php?page=wp-mail-smtp" "Mozilla/5.0 (Windows NT 10.0; Win64; x64) AppleWebKit/537.36 (KHTML, like Gecko) Chrome/150.0.0.0 Safari/537.36"
102.88.108.30 - - [22/Jul/2026:11:59:06 +0000] "GET /wp-content/plugins/wp-mail-smtp/assets/images/providers/sparkpost.svg HTTP/1.1" 200 2057 "https://sgcakesandsurprises.shop/wp-admin/options-general.php?page=wp-mail-smtp" "Mozilla/5.0 (Windows NT 10.0; Win64; x64) AppleWebKit/537.36 (KHTML, like Gecko) Chrome/150.0.0.0 Safari/537.36"
102.88.108.30 - - [22/Jul/2026:11:59:06 +0000] "GET /wp-content/plugins/wp-mail-smtp/assets/images/providers/zoho.svg HTTP/1.1" 200 3836 "https://sgcakesandsurprises.shop/wp-admin/options-general.php?page=wp-mail-smtp" "Mozilla/5.0 (Windows NT 10.0; Win64; x64) AppleWebKit/537.36 (KHTML, like Gecko) Chrome/150.0.0.0 Safari/537.36"
102.88.108.30 - - [22/Jul/2026:11:59:06 +0000] "GET /wp-content/plugins/wp-mail-smtp/assets/images/providers/smtp.svg HTTP/1.1" 200 1424 "https://sgcakesandsurprises.shop/wp-admin/options-general.php?page=wp-mail-smtp" "Mozilla/5.0 (Windows NT 10.0; Win64; x64) AppleWebKit/537.36 (KHTML, like Gecko) Chrome/150.0.0.0 Safari/537.36"
102.88.108.30 - - [22/Jul/2026:11:59:06 +0000] "GET /wp-content/plugins/wp-mail-smtp/assets/images/logs/archive-thumbnail.png HTTP/1.1" 200 16537 "https://sgcakesandsurprises.shop/wp-admin/options-general.php?page=wp-mail-smtp" "Mozilla/5.0 (Windows NT 10.0; Win64; x64) AppleWebKit/537.36 (KHTML, like Gecko) Chrome/150.0.0.0 Safari/537.36"
102.88.108.30 - - [22/Jul/2026:11:59:06 +0000] "GET /wp-content/plugins/wp-mail-smtp/assets/images/logs/single-thumbnail.png HTTP/1.1" 200 30417 "https://sgcakesandsurprises.shop/wp-admin/options-general.php?page=wp-mail-smtp" "Mozilla/5.0 (Windows NT 10.0; Win64; x64) AppleWebKit/537.36 (KHTML, like Gecko) Chrome/150.0.0.0 Safari/537.36"
102.88.108.30 - - [22/Jul/2026:11:59:06 +0000] "GET /wp-content/plugins/wp-mail-smtp/assets/images/icons/badge-percent.svg HTTP/1.1" 200 829 "https://sgcakesandsurprises.shop/wp-admin/options-general.php?page=wp-mail-smtp" "Mozilla/5.0 (Windows NT 10.0; Win64; x64) AppleWebKit/537.36 (KHTML, like Gecko) Chrome/150.0.0.0 Safari/537.36"
102.88.108.30 - - [22/Jul/2026:11:59:06 +0000] "GET /wp-content/plugins/wp-mail-smtp/assets/images/email-reports/thumbnail-01.png HTTP/1.1" 200 14897 "https://sgcakesandsurprises.shop/wp-admin/options-general.php?page=wp-mail-smtp" "Mozilla/5.0 (Windows NT 10.0; Win64; x64) AppleWebKit/537.36 (KHTML, like Gecko) Chrome/150.0.0.0 Safari/537.36"
102.88.108.30 - - [22/Jul/2026:11:59:06 +0000] "GET /wp-content/plugins/wp-mail-smtp/assets/images/icons/close.svg HTTP/1.1" 200 672 "https://sgcakesandsurprises.shop/wp-admin/options-general.php?page=wp-mail-smtp" "Mozilla/5.0 (Windows NT 10.0; Win64; x64) AppleWebKit/537.36 (KHTML, like Gecko) Chrome/150.0.0.0 Safari/537.36"
102.88.108.30 - - [22/Jul/2026:11:59:06 +0000] "GET /wp-content/plugins/wp-mail-smtp/assets/images/recommended.svg HTTP/1.1" 200 3327 "https://sgcakesandsurprises.shop/wp-content/plugins/wp-mail-smtp/assets/css/smtp-admin.min.css?ver=4.9.0" "Mozilla/5.0 (Windows NT 10.0; Win64; x64) AppleWebKit/537.36 (KHTML, like Gecko) Chrome/150.0.0.0 Safari/537.36"
102.88.108.30 - - [22/Jul/2026:11:59:07 +0000] "GET /wp-content/plugins/wp-mail-smtp/assets/images/icons/zoom.svg HTTP/1.1" 200 722 "https://sgcakesandsurprises.shop/wp-content/plugins/wp-mail-smtp/assets/css/smtp-admin.min.css?ver=4.9.0" "Mozilla/5.0 (Windows NT 10.0; Win64; x64) AppleWebKit/537.36 (KHTML, like Gecko) Chrome/150.0.0.0 Safari/537.36"
102.88.108.30 - - [22/Jul/2026:11:59:07 +0000] "GET /wp-content/plugins/wp-mail-smtp/assets/images/icons/check.svg HTTP/1.1" 200 251 "https://sgcakesandsurprises.shop/wp-content/plugins/wp-mail-smtp/assets/css/smtp-admin.min.css?ver=4.9.0" "Mozilla/5.0 (Windows NT 10.0; Win64; x64) AppleWebKit/537.36 (KHTML, like Gecko) Chrome/150.0.0.0 Safari/537.36"
102.88.108.30 - - [22/Jul/2026:11:59:07 +0000] "GET /wp-content/plugins/wp-mail-smtp/assets/images/pro-badge-small.svg HTTP/1.1" 200 729 "https://sgcakesandsurprises.shop/wp-content/plugins/wp-mail-smtp/assets/css/smtp-admin.min.css?ver=4.9.0" "Mozilla/5.0 (Windows NT 10.0; Win64; x64) AppleWebKit/537.36 (KHTML, like Gecko) Chrome/150.0.0.0 Safari/537.36"
102.88.108.30 - - [22/Jul/2026:11:59:18 +0000] "POST /wp-admin/admin-ajax.php HTTP/1.1" 200 47 "https://sgcakesandsurprises.shop/wp-admin/options-general.php" "Mozilla/5.0 (Windows NT 10.0; Win64; x64) AppleWebKit/537.36 (KHTML, like Gecko) Chrome/150.0.0.0 Safari/537.36"
102.88.108.30 - - [22/Jul/2026:11:59:42 +0000] "POST /wp-admin/admin-ajax.php HTTP/1.1" 200 47 "https://sgcakesandsurprises.shop/wp-admin/admin.php?page=wpforms-builder&view=settings&form_id=411§ion=notifications" "Mozilla/5.0 (Windows NT 10.0; Win64; x64) AppleWebKit/537.36 (KHTML, like Gecko) Chrome/150.0.0.0 Safari/537.36"
102.88.108.30 - - [22/Jul/2026:12:00:08 +0000] "GET /wp-content/plugins/wp-mail-smtp/assets/images/font-awesome/exclamation-circle-solid-orange.svg HTTP/1.1" 200 428 "https://sgcakesandsurprises.shop/wp-admin/options-general.php?page=wp-mail-smtp" "Mozilla/5.0 (Windows NT 10.0; Win64; x64) AppleWebKit/537.36 (KHTML, like Gecko) Chrome/150.0.0.0 Safari/537.36"
198.177.124.148 - - [22/Jul/2026:12:00:12 +0000] "POST /wp-cron.php?doing_wp_cron=1784721612.2546470165252685546875 HTTP/1.1" 200 - "-" "WordPress/7.0.2; https://sgcakesandsurprises.shop"
102.88.108.30 - - [22/Jul/2026:12:00:07 +0000] "POST /wp-admin/admin-ajax.php HTTP/1.1" 200 104 "https://sgcakesandsurprises.shop/wp-admin/options-general.php?page=wp-mail-smtp" "Mozilla/5.0 (Windows NT 10.0; Win64; x64) AppleWebKit/537.36 (KHTML, like Gecko) Chrome/150.0.0.0 Safari/537.36"
102.88.108.30 - - [22/Jul/2026:12:00:07 +0000] "POST /wp-admin/options-general.php?page=wp-mail-smtp HTTP/1.1" 200 350603 "https://sgcakesandsurprises.shop/wp-admin/options-general.php?page=wp-mail-smtp" "Mozilla/5.0 (Windows NT 10.0; Win64; x64) AppleWebKit/537.36 (KHTML, like Gecko) Chrome/150.0.0.0 Safari/537.36"
102.88.108.30 - - [22/Jul/2026:12:00:12 +0000] "POST /wp-admin/admin-ajax.php HTTP/1.1" 200 223 "https://sgcakesandsurprises.shop/wp-admin/post.php?post=393&action=elementor" "Mozilla/5.0 (Windows NT 10.0; Win64; x64) AppleWebKit/537.36 (KHTML, like Gecko) Chrome/150.0.0.0 Safari/537.36"
102.88.108.30 - - [22/Jul/2026:12:00:18 +0000] "GET /wp-content/plugins/wp-mail-smtp/assets/js/smtp-admin-notices.min.js?ver=4.9.0 HTTP/1.1" 200 1029 "https://sgcakesandsurprises.shop/wp-admin/options-general.php?page=wp-mail-smtp" "Mozilla/5.0 (Windows NT 10.0; Win64; x64) AppleWebKit/537.36 (KHTML, like Gecko) Chrome/150.0.0.0 Safari/537.36"
102.88.108.30 - - [22/Jul/2026:12:00:22 +0000] "POST /wp-admin/admin-ajax.php HTTP/1.1" 200 16 "https://sgcakesandsurprises.shop/wp-admin/admin.php?page=wpforms-builder&view=settings&form_id=411§ion=notifications" "Mozilla/5.0 (Windows NT 10.0; Win64; x64) AppleWebKit/537.36 (KHTML, like Gecko) Chrome/150.0.0.0 Safari/537.36"
102.88.108.30 - - [22/Jul/2026:12:00:43 +0000] "POST /wp-admin/admin-ajax.php HTTP/1.1" 200 104 "https://sgcakesandsurprises.shop/wp-admin/admin.php?page=wpforms-builder&view=settings&form_id=411§ion=notifications" "Mozilla/5.0 (Windows NT 10.0; Win64; x64) AppleWebKit/537.36 (KHTML, like Gecko) Chrome/150.0.0.0 Safari/537.36"
198.177.124.148 - - [22/Jul/2026:12:01:20 +0000] "POST /wp-cron.php?doing_wp_cron=1784721680.1597850322723388671875 HTTP/1.1" 200 - "-" "WordPress/7.0.2; https://sgcakesandsurprises.shop"
102.88.108.30 - - [22/Jul/2026:12:01:18 +0000] "POST /wp-admin/admin-ajax.php HTTP/1.1" 200 104 "https://sgcakesandsurprises.shop/wp-admin/options-general.php" "Mozilla/5.0 (Windows NT 10.0; Win64; x64) AppleWebKit/537.36 (KHTML, like Gecko) Chrome/150.0.0.0 Safari/537.36"
102.88.108.30 - - [22/Jul/2026:12:01:20 +0000] "POST /wp-admin/admin-ajax.php HTTP/1.1" 200 47 "https://sgcakesandsurprises.shop/wp-admin/options-general.php?page=wp-mail-smtp" "Mozilla/5.0 (Windows NT 10.0; Win64; x64) AppleWebKit/537.36 (KHTML, like Gecko) Chrome/150.0.0.0 Safari/537.36"
102.88.108.30 - - [22/Jul/2026:12:01:26 +0000] "GET /wp-admin/admin.php?page=wpforms-builder&view=settings&form_id=411§ion=notifications HTTP/1.1" 200 844127 "https://sgcakesandsurprises.shop/wp-admin/admin.php?page=wpforms-builder&view=setup" "Mozilla/5.0 (Windows NT 10.0; Win64; x64) AppleWebKit/537.36 (KHTML, like Gecko) Chrome/150.0.0.0 Safari/537.36"
198.177.124.148 - - [22/Jul/2026:12:02:02 +0000] "POST /wp-cron.php?doing_wp_cron=1784721722.1330599784851074218750 HTTP/1.1" 200 - "-" "WordPress/7.0.2; https://sgcakesandsurprises.shop"
102.88.108.30 - - [22/Jul/2026:12:01:59 +0000] "GET /wp-json/wpforms/v1/themes/?_locale=user HTTP/1.1" 200 9111 "https://sgcakesandsurprises.shop/wp-admin/admin.php?page=wpforms-builder&view=settings&form_id=411§ion=notifications" "Mozilla/5.0 (Windows NT 10.0; Win64; x64) AppleWebKit/537.36 (KHTML, like Gecko) Chrome/150.0.0.0 Safari/537.36"
102.88.108.30 - - [22/Jul/2026:12:01:59 +0000] "POST /wp-admin/admin-ajax.php HTTP/1.1" 200 16 "https://sgcakesandsurprises.shop/wp-admin/admin.php?page=wpforms-builder&view=settings&form_id=411§ion=notifications" "Mozilla/5.0 (Windows NT 10.0; Win64; x64) AppleWebKit/537.36 (KHTML, like Gecko) Chrome/150.0.0.0 Safari/537.36"
102.88.108.30 - - [22/Jul/2026:12:02:14 +0000] "POST /wp-admin/admin-ajax.php HTTP/1.1" 200 77 "https://sgcakesandsurprises.shop/wp-admin/post.php?post=393&action=elementor" "Mozilla/5.0 (Windows NT 10.0; Win64; x64) AppleWebKit/537.36 (KHTML, like Gecko) Chrome/150.0.0.0 Safari/537.36"
