102.89.23.236 - - [21/Jul/2026:09:56:30 +0000] "POST /wp-admin/admin-ajax.php HTTP/1.1" 200 1053 "https://sgcakesandsurprises.shop/wp-admin/post.php?post=324&action=elementor" "Mozilla/5.0 (Windows NT 10.0; Win64; x64) AppleWebKit/537.36 (KHTML, like Gecko) Chrome/150.0.0.0 Safari/537.36"
102.89.23.236 - - [21/Jul/2026:09:56:38 +0000] "POST /wp-admin/admin-ajax.php HTTP/1.1" 200 77 "https://sgcakesandsurprises.shop/wp-admin/post.php?post=324&action=elementor" "Mozilla/5.0 (Windows NT 10.0; Win64; x64) AppleWebKit/537.36 (KHTML, like Gecko) Chrome/150.0.0.0 Safari/537.36"
198.177.124.148 - - [21/Jul/2026:09:56:55 +0000] "POST /wp-cron.php?doing_wp_cron=1784627815.5112810134887695312500 HTTP/1.1" 200 - "-" "WordPress/7.0.2; https://sgcakesandsurprises.shop"
102.89.23.236 - - [21/Jul/2026:09:56:54 +0000] "POST /wp-admin/admin-ajax.php HTTP/1.1" 200 77 "https://sgcakesandsurprises.shop/wp-admin/post.php?post=324&action=elementor" "Mozilla/5.0 (Windows NT 10.0; Win64; x64) AppleWebKit/537.36 (KHTML, like Gecko) Chrome/150.0.0.0 Safari/537.36"
102.89.23.236 - - [21/Jul/2026:09:57:08 +0000] "POST /wp-admin/admin-ajax.php HTTP/1.1" 200 77 "https://sgcakesandsurprises.shop/wp-admin/post.php?post=324&action=elementor" "Mozilla/5.0 (Windows NT 10.0; Win64; x64) AppleWebKit/537.36 (KHTML, like Gecko) Chrome/150.0.0.0 Safari/537.36"
102.89.23.236 - - [21/Jul/2026:09:57:24 +0000] "POST /wp-admin/admin-ajax.php HTTP/1.1" 200 77 "https://sgcakesandsurprises.shop/wp-admin/post.php?post=324&action=elementor" "Mozilla/5.0 (Windows NT 10.0; Win64; x64) AppleWebKit/537.36 (KHTML, like Gecko) Chrome/150.0.0.0 Safari/537.36"
102.89.23.236 - - [21/Jul/2026:09:57:38 +0000] "POST /wp-admin/admin-ajax.php HTTP/1.1" 200 77 "https://sgcakesandsurprises.shop/wp-admin/post.php?post=324&action=elementor" "Mozilla/5.0 (Windows NT 10.0; Win64; x64) AppleWebKit/537.36 (KHTML, like Gecko) Chrome/150.0.0.0 Safari/537.36"
198.177.124.148 - - [21/Jul/2026:09:57:55 +0000] "POST /wp-cron.php?doing_wp_cron=1784627875.2894070148468017578125 HTTP/1.1" 200 - "-" "WordPress/7.0.2; https://sgcakesandsurprises.shop"
102.89.23.236 - - [21/Jul/2026:09:57:54 +0000] "POST /wp-admin/admin-ajax.php HTTP/1.1" 200 77 "https://sgcakesandsurprises.shop/wp-admin/post.php?post=324&action=elementor" "Mozilla/5.0 (Windows NT 10.0; Win64; x64) AppleWebKit/537.36 (KHTML, like Gecko) Chrome/150.0.0.0 Safari/537.36"
102.89.23.236 - - [21/Jul/2026:09:58:08 +0000] "POST /wp-admin/admin-ajax.php HTTP/1.1" 200 77 "https://sgcakesandsurprises.shop/wp-admin/post.php?post=324&action=elementor" "Mozilla/5.0 (Windows NT 10.0; Win64; x64) AppleWebKit/537.36 (KHTML, like Gecko) Chrome/150.0.0.0 Safari/537.36"
102.89.23.236 - - [21/Jul/2026:09:58:36 +0000] "POST /wp-admin/admin-ajax.php HTTP/1.1" 200 77 "https://sgcakesandsurprises.shop/wp-admin/post.php?post=324&action=elementor" "Mozilla/5.0 (Windows NT 10.0; Win64; x64) AppleWebKit/537.36 (KHTML, like Gecko) Chrome/150.0.0.0 Safari/537.36"
102.89.23.236 - - [21/Jul/2026:09:58:36 +0000] "GET /wp-json/elementor/v1/checklist/user-progress HTTP/1.1" 200 534 "https://sgcakesandsurprises.shop/wp-admin/post.php?post=324&action=elementor" "Mozilla/5.0 (Windows NT 10.0; Win64; x64) AppleWebKit/537.36 (KHTML, like Gecko) Chrome/150.0.0.0 Safari/537.36"
102.89.23.236 - - [21/Jul/2026:09:58:42 +0000] "GET /wp-json/elementor/v1/user-data/current-user?context=edit HTTP/1.1" 200 1436 "https://sgcakesandsurprises.shop/wp-admin/post.php?post=324&action=elementor" "Mozilla/5.0 (Windows NT 10.0; Win64; x64) AppleWebKit/537.36 (KHTML, like Gecko) Chrome/150.0.0.0 Safari/537.36"
102.89.23.236 - - [21/Jul/2026:09:58:46 +0000] "POST /wp-admin/admin-ajax.php HTTP/1.1" 200 1053 "https://sgcakesandsurprises.shop/wp-admin/post.php?post=324&action=elementor" "Mozilla/5.0 (Windows NT 10.0; Win64; x64) AppleWebKit/537.36 (KHTML, like Gecko) Chrome/150.0.0.0 Safari/537.36"
102.89.23.236 - - [21/Jul/2026:09:58:50 +0000] "POST /wp-admin/admin-ajax.php HTTP/1.1" 200 77 "https://sgcakesandsurprises.shop/wp-admin/post.php?post=324&action=elementor" "Mozilla/5.0 (Windows NT 10.0; Win64; x64) AppleWebKit/537.36 (KHTML, like Gecko) Chrome/150.0.0.0 Safari/537.36"
198.177.124.148 - - [21/Jul/2026:09:59:07 +0000] "POST /wp-cron.php?doing_wp_cron=1784627947.8655300140380859375000 HTTP/1.1" 200 - "-" "WordPress/7.0.2; https://sgcakesandsurprises.shop"
102.89.23.236 - - [21/Jul/2026:09:59:05 +0000] "POST /wp-admin/admin-ajax.php HTTP/1.1" 200 77 "https://sgcakesandsurprises.shop/wp-admin/post.php?post=324&action=elementor" "Mozilla/5.0 (Windows NT 10.0; Win64; x64) AppleWebKit/537.36 (KHTML, like Gecko) Chrome/150.0.0.0 Safari/537.36"
102.89.23.236 - - [21/Jul/2026:09:59:21 +0000] "POST /wp-admin/admin-ajax.php HTTP/1.1" 200 77 "https://sgcakesandsurprises.shop/wp-admin/post.php?post=324&action=elementor" "Mozilla/5.0 (Windows NT 10.0; Win64; x64) AppleWebKit/537.36 (KHTML, like Gecko) Chrome/150.0.0.0 Safari/537.36"
102.89.23.236 - - [21/Jul/2026:09:59:24 +0000] "POST /wp-admin/admin-ajax.php HTTP/1.1" 200 758 "https://sgcakesandsurprises.shop/wp-admin/post.php?post=324&action=elementor" "Mozilla/5.0 (Windows NT 10.0; Win64; x64) AppleWebKit/537.36 (KHTML, like Gecko) Chrome/150.0.0.0 Safari/537.36"
102.89.23.236 - - [21/Jul/2026:09:59:36 +0000] "POST /wp-admin/admin-ajax.php HTTP/1.1" 200 77 "https://sgcakesandsurprises.shop/wp-admin/post.php?post=324&action=elementor" "Mozilla/5.0 (Windows NT 10.0; Win64; x64) AppleWebKit/537.36 (KHTML, like Gecko) Chrome/150.0.0.0 Safari/537.36"
198.177.124.148 - - [21/Jul/2026:09:59:53 +0000] "POST /wp-cron.php?doing_wp_cron=1784627993.6566600799560546875000 HTTP/1.1" 200 - "-" "WordPress/7.0.2; https://sgcakesandsurprises.shop"
102.89.23.236 - - [21/Jul/2026:09:59:51 +0000] "POST /wp-admin/admin-ajax.php HTTP/1.1" 200 77 "https://sgcakesandsurprises.shop/wp-admin/post.php?post=324&action=elementor" "Mozilla/5.0 (Windows NT 10.0; Win64; x64) AppleWebKit/537.36 (KHTML, like Gecko) Chrome/150.0.0.0 Safari/537.36"
102.89.23.236 - - [21/Jul/2026:10:00:05 +0000] "POST /wp-admin/admin-ajax.php HTTP/1.1" 200 77 "https://sgcakesandsurprises.shop/wp-admin/post.php?post=324&action=elementor" "Mozilla/5.0 (Windows NT 10.0; Win64; x64) AppleWebKit/537.36 (KHTML, like Gecko) Chrome/150.0.0.0 Safari/537.36"
102.89.23.236 - - [21/Jul/2026:10:00:21 +0000] "POST /wp-admin/admin-ajax.php HTTP/1.1" 200 77 "https://sgcakesandsurprises.shop/wp-admin/post.php?post=324&action=elementor" "Mozilla/5.0 (Windows NT 10.0; Win64; x64) AppleWebKit/537.36 (KHTML, like Gecko) Chrome/150.0.0.0 Safari/537.36"
102.89.23.236 - - [21/Jul/2026:10:00:35 +0000] "POST /wp-admin/admin-ajax.php HTTP/1.1" 200 77 "https://sgcakesandsurprises.shop/wp-admin/post.php?post=324&action=elementor" "Mozilla/5.0 (Windows NT 10.0; Win64; x64) AppleWebKit/537.36 (KHTML, like Gecko) Chrome/150.0.0.0 Safari/537.36"
102.89.23.236 - - [21/Jul/2026:10:00:40 +0000] "POST /wp-admin/admin-ajax.php HTTP/1.1" 200 758 "https://sgcakesandsurprises.shop/wp-admin/post.php?post=324&action=elementor" "Mozilla/5.0 (Windows NT 10.0; Win64; x64) AppleWebKit/537.36 (KHTML, like Gecko) Chrome/150.0.0.0 Safari/537.36"
198.177.124.148 - - [21/Jul/2026:10:00:54 +0000] "POST /wp-cron.php?doing_wp_cron=1784628054.3403420448303222656250 HTTP/1.1" 200 - "-" "WordPress/7.0.2; https://sgcakesandsurprises.shop"
102.89.23.236 - - [21/Jul/2026:10:00:52 +0000] "POST /wp-admin/admin-ajax.php HTTP/1.1" 200 77 "https://sgcakesandsurprises.shop/wp-admin/post.php?post=324&action=elementor" "Mozilla/5.0 (Windows NT 10.0; Win64; x64) AppleWebKit/537.36 (KHTML, like Gecko) Chrome/150.0.0.0 Safari/537.36"
102.89.23.236 - - [21/Jul/2026:10:00:51 +0000] "GET /wp-admin/ HTTP/1.1" 200 370754 "-" "Mozilla/5.0 (Windows NT 10.0; Win64; x64) AppleWebKit/537.36 (KHTML, like Gecko) Chrome/150.0.0.0 Safari/537.36"
102.89.23.236 - - [21/Jul/2026:10:01:07 +0000] "GET /wp-admin/edit.php?post_type=page HTTP/1.1" 200 328604 "https://sgcakesandsurprises.shop/wp-admin/" "Mozilla/5.0 (Windows NT 10.0; Win64; x64) AppleWebKit/537.36 (KHTML, like Gecko) Chrome/150.0.0.0 Safari/537.36"
102.89.23.236 - - [21/Jul/2026:10:01:14 +0000] "POST /wp-admin/admin-ajax.php HTTP/1.1" 200 47 "https://sgcakesandsurprises.shop/wp-admin/edit.php?post_type=page" "Mozilla/5.0 (Windows NT 10.0; Win64; x64) AppleWebKit/537.36 (KHTML, like Gecko) Chrome/150.0.0.0 Safari/537.36"
102.89.23.236 - - [21/Jul/2026:10:01:24 +0000] "POST /wp-admin/admin-ajax.php HTTP/1.1" 200 47 "https://sgcakesandsurprises.shop/wp-admin/edit.php?post_type=page" "Mozilla/5.0 (Windows NT 10.0; Win64; x64) AppleWebKit/537.36 (KHTML, like Gecko) Chrome/150.0.0.0 Safari/537.36"
102.89.23.236 - - [21/Jul/2026:10:01:30 +0000] "GET /wp-content/uploads/elementor/css/post-311.css?ver=1784482989 HTTP/1.1" 200 2249 "https://sgcakesandsurprises.shop/our-service/" "Mozilla/5.0 (Windows NT 10.0; Win64; x64) AppleWebKit/537.36 (KHTML, like Gecko) Chrome/150.0.0.0 Safari/537.36"
102.89.23.236 - - [21/Jul/2026:10:01:28 +0000] "GET /our-service/ HTTP/1.1" 200 249076 "https://sgcakesandsurprises.shop/wp-admin/edit.php?post_type=page" "Mozilla/5.0 (Windows NT 10.0; Win64; x64) AppleWebKit/537.36 (KHTML, like Gecko) Chrome/150.0.0.0 Safari/537.36"
102.89.23.236 - - [21/Jul/2026:10:01:31 +0000] "GET /wp-content/uploads/elementor/css/local-311-frontend-desktop.css?ver=6a5d0cad5b774 HTTP/1.1" 200 2645 "https://sgcakesandsurprises.shop/our-service/" "Mozilla/5.0 (Windows NT 10.0; Win64; x64) AppleWebKit/537.36 (KHTML, like Gecko) Chrome/150.0.0.0 Safari/537.36"
102.89.23.236 - - [21/Jul/2026:10:01:31 +0000] "GET /wp-content/plugins/elementor/assets/css/admin-bar.min.css?ver=4.1.5 HTTP/1.1" 304 - "https://sgcakesandsurprises.shop/our-service/" "Mozilla/5.0 (Windows NT 10.0; Win64; x64) AppleWebKit/537.36 (KHTML, like Gecko) Chrome/150.0.0.0 Safari/537.36"
102.89.23.236 - - [21/Jul/2026:10:01:31 +0000] "GET /wp-content/uploads/2026/07/WhatsApp-Image-2026-07-15-at-11.54.56-AM-1.jpeg HTTP/1.1" 304 - "https://sgcakesandsurprises.shop/our-service/" "Mozilla/5.0 (Windows NT 10.0; Win64; x64) AppleWebKit/537.36 (KHTML, like Gecko) Chrome/150.0.0.0 Safari/537.36"
102.89.23.236 - - [21/Jul/2026:10:01:31 +0000] "GET /wp-content/uploads/2026/07/WhatsApp-Image-2026-07-15-at-11.55.09-AM.jpeg HTTP/1.1" 304 - "https://sgcakesandsurprises.shop/our-service/" "Mozilla/5.0 (Windows NT 10.0; Win64; x64) AppleWebKit/537.36 (KHTML, like Gecko) Chrome/150.0.0.0 Safari/537.36"
102.89.23.236 - - [21/Jul/2026:10:01:31 +0000] "GET /wp-content/uploads/2026/07/WhatsApp-Image-2026-07-18-at-11.52.21-AM.jpeg HTTP/1.1" 304 - "https://sgcakesandsurprises.shop/our-service/" "Mozilla/5.0 (Windows NT 10.0; Win64; x64) AppleWebKit/537.36 (KHTML, like Gecko) Chrome/150.0.0.0 Safari/537.36"
102.89.23.236 - - [21/Jul/2026:10:01:31 +0000] "GET /wp-content/plugins/elementor/assets/lib/dialog/dialog.min.js?ver=4.9.4 HTTP/1.1" 304 - "https://sgcakesandsurprises.shop/our-service/" "Mozilla/5.0 (Windows NT 10.0; Win64; x64) AppleWebKit/537.36 (KHTML, like Gecko) Chrome/150.0.0.0 Safari/537.36"
102.89.23.236 - - [21/Jul/2026:10:01:31 +0000] "GET /wp-content/plugins/pixelyoursite/dist/scripts/jquery.bind-first-0.2.3.min.js?ver=0.2.3 HTTP/1.1" 304 - "https://sgcakesandsurprises.shop/our-service/" "Mozilla/5.0 (Windows NT 10.0; Win64; x64) AppleWebKit/537.36 (KHTML, like Gecko) Chrome/150.0.0.0 Safari/537.36"
102.89.23.236 - - [21/Jul/2026:10:01:31 +0000] "GET /wp-content/plugins/elementor/assets/js/elementor-admin-bar.min.js?ver=4.1.5 HTTP/1.1" 304 - "https://sgcakesandsurprises.shop/our-service/" "Mozilla/5.0 (Windows NT 10.0; Win64; x64) AppleWebKit/537.36 (KHTML, like Gecko) Chrome/150.0.0.0 Safari/537.36"
102.89.23.236 - - [21/Jul/2026:10:01:32 +0000] "GET /wp-content/plugins/pixelyoursite/dist/scripts/tld.min.js?ver=2.3.1 HTTP/1.1" 304 - "https://sgcakesandsurprises.shop/our-service/" "Mozilla/5.0 (Windows NT 10.0; Win64; x64) AppleWebKit/537.36 (KHTML, like Gecko) Chrome/150.0.0.0 Safari/537.36"
102.89.23.236 - - [21/Jul/2026:10:01:32 +0000] "GET /wp-content/plugins/pixelyoursite/dist/scripts/js.cookie-2.1.3.min.js?ver=2.1.3 HTTP/1.1" 304 - "https://sgcakesandsurprises.shop/our-service/" "Mozilla/5.0 (Windows NT 10.0; Win64; x64) AppleWebKit/537.36 (KHTML, like Gecko) Chrome/150.0.0.0 Safari/537.36"
102.89.23.236 - - [21/Jul/2026:10:01:32 +0000] "GET /wp-content/plugins/pixelyoursite/dist/scripts/public.js?ver=11.2.1 HTTP/1.1" 304 - "https://sgcakesandsurprises.shop/our-service/" "Mozilla/5.0 (Windows NT 10.0; Win64; x64) AppleWebKit/537.36 (KHTML, like Gecko) Chrome/150.0.0.0 Safari/537.36"
102.89.23.236 - - [21/Jul/2026:10:01:32 +0000] "GET /wp-content/uploads/2026/07/IMG-20260715-WA0006-Copy-1.jpg HTTP/1.1" 304 - "https://sgcakesandsurprises.shop/our-service/" "Mozilla/5.0 (Windows NT 10.0; Win64; x64) AppleWebKit/537.36 (KHTML, like Gecko) Chrome/150.0.0.0 Safari/537.36"
102.89.23.236 - - [21/Jul/2026:10:01:32 +0000] "GET /wp-content/uploads/2026/07/WhatsApp-Image-2026-07-15-at-11.53.58-AM-1.jpeg HTTP/1.1" 304 - "https://sgcakesandsurprises.shop/our-service/" "Mozilla/5.0 (Windows NT 10.0; Win64; x64) AppleWebKit/537.36 (KHTML, like Gecko) Chrome/150.0.0.0 Safari/537.36"
102.89.23.236 - - [21/Jul/2026:10:01:32 +0000] "GET /wp-content/uploads/elementor/css/local-311-frontend-mobile.css?ver=6a5d0cad5b774 HTTP/1.1" 200 1770 "https://sgcakesandsurprises.shop/our-service/" "Mozilla/5.0 (Windows NT 10.0; Win64; x64) AppleWebKit/537.36 (KHTML, like Gecko) Chrome/150.0.0.0 Safari/537.36"
102.89.23.236 - - [21/Jul/2026:10:01:32 +0000] "GET /wp-admin/admin-ajax.php?action=pys_get_pbid HTTP/1.1" 200 1 "https://sgcakesandsurprises.shop/our-service/" "Mozilla/5.0 (Windows NT 10.0; Win64; x64) AppleWebKit/537.36 (KHTML, like Gecko) Chrome/150.0.0.0 Safari/537.36"
102.89.23.236 - - [21/Jul/2026:10:01:39 +0000] "GET /wp-json/elementor/v1/checklist/user-progress HTTP/1.1" 200 534 "https://sgcakesandsurprises.shop/wp-admin/post.php?post=324&action=elementor" "Mozilla/5.0 (Windows NT 10.0; Win64; x64) AppleWebKit/537.36 (KHTML, like Gecko) Chrome/150.0.0.0 Safari/537.36"
102.89.23.236 - - [21/Jul/2026:10:01:42 +0000] "GET /wp-content/uploads/2026/07/WhatsApp-Image-2026-07-15-at-11.53.49-AM.jpeg HTTP/1.1" 304 - "https://sgcakesandsurprises.shop/our-service/" "Mozilla/5.0 (Windows NT 10.0; Win64; x64) AppleWebKit/537.36 (KHTML, like Gecko) Chrome/150.0.0.0 Safari/537.36"
102.89.23.236 - - [21/Jul/2026:10:01:40 +0000] "PUT /wp-json/elementor/v1/global-classes?context=preview HTTP/1.1" 204 - "https://sgcakesandsurprises.shop/wp-admin/post.php?post=324&action=elementor" "Mozilla/5.0 (Windows NT 10.0; Win64; x64) AppleWebKit/537.36 (KHTML, like Gecko) Chrome/150.0.0.0 Safari/537.36"
102.89.23.236 - - [21/Jul/2026:10:01:43 +0000] "GET /wp-content/uploads/2026/07/WhatsApp-Image-2026-07-18-at-11.52.28-AM-1.jpeg HTTP/1.1" 304 - "https://sgcakesandsurprises.shop/our-service/" "Mozilla/5.0 (Windows NT 10.0; Win64; x64) AppleWebKit/537.36 (KHTML, like Gecko) Chrome/150.0.0.0 Safari/537.36"
102.89.23.236 - - [21/Jul/2026:10:01:43 +0000] "GET /wp-content/uploads/2026/07/WhatsApp-Image-2026-07-18-at-11.52.30-AM.jpeg HTTP/1.1" 304 - "https://sgcakesandsurprises.shop/our-service/" "Mozilla/5.0 (Windows NT 10.0; Win64; x64) AppleWebKit/537.36 (KHTML, like Gecko) Chrome/150.0.0.0 Safari/537.36"
102.89.23.236 - - [21/Jul/2026:10:01:41 +0000] "POST /wp-admin/admin-ajax.php HTTP/1.1" 200 1524 "https://sgcakesandsurprises.shop/wp-admin/post.php?post=324&action=elementor" "Mozilla/5.0 (Windows NT 10.0; Win64; x64) AppleWebKit/537.36 (KHTML, like Gecko) Chrome/150.0.0.0 Safari/537.36"
102.89.23.236 - - [21/Jul/2026:10:01:44 +0000] "GET /wp-json/elementor/v1/checklist/user-progress HTTP/1.1" 200 534 "https://sgcakesandsurprises.shop/wp-admin/post.php?post=324&action=elementor" "Mozilla/5.0 (Windows NT 10.0; Win64; x64) AppleWebKit/537.36 (KHTML, like Gecko) Chrome/150.0.0.0 Safari/537.36"
102.89.23.236 - - [21/Jul/2026:10:01:32 +0000] "POST /wp-json/pys-facebook/v1/event HTTP/1.1" 200 16 "https://sgcakesandsurprises.shop/our-service/" "Mozilla/5.0 (Windows NT 10.0; Win64; x64) AppleWebKit/537.36 (KHTML, like Gecko) Chrome/150.0.0.0 Safari/537.36"
102.89.23.236 - - [21/Jul/2026:10:02:07 +0000] "GET /wp-content/uploads/2026/07/IMG-20260715-WA0030.jpg HTTP/1.1" 304 - "https://sgcakesandsurprises.shop/our-service/" "Mozilla/5.0 (Windows NT 10.0; Win64; x64) AppleWebKit/537.36 (KHTML, like Gecko) Chrome/150.0.0.0 Safari/537.36"
102.89.23.236 - - [21/Jul/2026:10:02:07 +0000] "GET /wp-content/uploads/2026/07/IMG-20260715-WA0029-Copy.jpg HTTP/1.1" 304 - "https://sgcakesandsurprises.shop/our-service/" "Mozilla/5.0 (Windows NT 10.0; Win64; x64) AppleWebKit/537.36 (KHTML, like Gecko) Chrome/150.0.0.0 Safari/537.36"
102.89.23.236 - - [21/Jul/2026:10:02:07 +0000] "GET /wp-content/uploads/2026/07/WhatsApp-Image-2026-07-18-at-11.52.20-AM.jpeg HTTP/1.1" 304 - "https://sgcakesandsurprises.shop/our-service/" "Mozilla/5.0 (Windows NT 10.0; Win64; x64) AppleWebKit/537.36 (KHTML, like Gecko) Chrome/150.0.0.0 Safari/537.36"
102.89.23.236 - - [21/Jul/2026:10:02:45 +0000] "GET /wp-content/uploads/2026/07/WhatsApp-Image-2026-07-18-at-11.52.23-AM.jpeg HTTP/1.1" 304 - "https://sgcakesandsurprises.shop/our-service/" "Mozilla/5.0 (Windows NT 10.0; Win64; x64) AppleWebKit/537.36 (KHTML, like Gecko) Chrome/150.0.0.0 Safari/537.36"
102.89.23.236 - - [21/Jul/2026:10:02:45 +0000] "GET /wp-content/uploads/2026/07/WhatsApp-Image-2026-07-15-at-11.55.36-AM-1.jpeg HTTP/1.1" 304 - "https://sgcakesandsurprises.shop/our-service/" "Mozilla/5.0 (Windows NT 10.0; Win64; x64) AppleWebKit/537.36 (KHTML, like Gecko) Chrome/150.0.0.0 Safari/537.36"
102.89.23.236 - - [21/Jul/2026:10:02:45 +0000] "GET /wp-content/uploads/2026/07/WhatsApp-Image-2026-07-15-at-11.48.30-AM.jpeg HTTP/1.1" 304 - "https://sgcakesandsurprises.shop/our-service/" "Mozilla/5.0 (Windows NT 10.0; Win64; x64) AppleWebKit/537.36 (KHTML, like Gecko) Chrome/150.0.0.0 Safari/537.36"
102.89.23.236 - - [21/Jul/2026:10:02:47 +0000] "GET /wp-content/uploads/2026/07/WhatsApp-Image-2026-07-18-at-11.52.28-AM.jpeg HTTP/1.1" 304 - "https://sgcakesandsurprises.shop/our-service/" "Mozilla/5.0 (Windows NT 10.0; Win64; x64) AppleWebKit/537.36 (KHTML, like Gecko) Chrome/150.0.0.0 Safari/537.36"
102.89.23.236 - - [21/Jul/2026:10:02:47 +0000] "GET /wp-content/uploads/2026/07/WhatsApp-Image-2026-07-15-at-11.55.36-AM.jpeg HTTP/1.1" 304 - "https://sgcakesandsurprises.shop/our-service/" "Mozilla/5.0 (Windows NT 10.0; Win64; x64) AppleWebKit/537.36 (KHTML, like Gecko) Chrome/150.0.0.0 Safari/537.36"
102.89.23.236 - - [21/Jul/2026:10:02:47 +0000] "GET /wp-content/uploads/2026/07/IMG-20260715-WA0021.jpg HTTP/1.1" 304 - "https://sgcakesandsurprises.shop/our-service/" "Mozilla/5.0 (Windows NT 10.0; Win64; x64) AppleWebKit/537.36 (KHTML, like Gecko) Chrome/150.0.0.0 Safari/537.36"
102.89.23.236 - - [21/Jul/2026:10:02:48 +0000] "GET /wp-content/uploads/2026/07/IMG_1270.JPG.jpeg HTTP/1.1" 304 - "https://sgcakesandsurprises.shop/our-service/" "Mozilla/5.0 (Windows NT 10.0; Win64; x64) AppleWebKit/537.36 (KHTML, like Gecko) Chrome/150.0.0.0 Safari/537.36"
102.89.23.236 - - [21/Jul/2026:10:02:48 +0000] "GET /wp-content/uploads/2026/07/IMG_1286.JPG-1536x2048.jpeg HTTP/1.1" 200 344438 "https://sgcakesandsurprises.shop/our-service/" "Mozilla/5.0 (Windows NT 10.0; Win64; x64) AppleWebKit/537.36 (KHTML, like Gecko) Chrome/150.0.0.0 Safari/537.36"
102.89.23.236 - - [21/Jul/2026:10:02:48 +0000] "GET /wp-content/uploads/2026/07/IMG_1298.JPG-1536x2048.jpeg HTTP/1.1" 200 370160 "https://sgcakesandsurprises.shop/our-service/" "Mozilla/5.0 (Windows NT 10.0; Win64; x64) AppleWebKit/537.36 (KHTML, like Gecko) Chrome/150.0.0.0 Safari/537.36"
102.89.23.236 - - [21/Jul/2026:10:02:50 +0000] "GET /wp-content/uploads/2026/07/IMG-20260715-WA0012-Copy.jpg HTTP/1.1" 304 - "https://sgcakesandsurprises.shop/our-service/" "Mozilla/5.0 (Windows NT 10.0; Win64; x64) AppleWebKit/537.36 (KHTML, like Gecko) Chrome/150.0.0.0 Safari/537.36"
102.89.23.236 - - [21/Jul/2026:10:02:50 +0000] "GET /wp-content/uploads/2026/07/IMG-20260715-WA0033.jpg HTTP/1.1" 304 - "https://sgcakesandsurprises.shop/our-service/" "Mozilla/5.0 (Windows NT 10.0; Win64; x64) AppleWebKit/537.36 (KHTML, like Gecko) Chrome/150.0.0.0 Safari/537.36"
102.89.23.236 - - [21/Jul/2026:10:02:50 +0000] "GET /wp-content/uploads/2026/07/IMG-20260715-WA0015.jpg HTTP/1.1" 304 - "https://sgcakesandsurprises.shop/our-service/" "Mozilla/5.0 (Windows NT 10.0; Win64; x64) AppleWebKit/537.36 (KHTML, like Gecko) Chrome/150.0.0.0 Safari/537.36"
102.89.23.236 - - [21/Jul/2026:10:02:51 +0000] "GET /wp-content/uploads/2026/07/IMG-20260715-WA0007-Copy.jpg HTTP/1.1" 304 - "https://sgcakesandsurprises.shop/our-service/" "Mozilla/5.0 (Windows NT 10.0; Win64; x64) AppleWebKit/537.36 (KHTML, like Gecko) Chrome/150.0.0.0 Safari/537.36"
102.89.23.236 - - [21/Jul/2026:10:02:51 +0000] "GET /wp-content/uploads/2026/07/IMG_1022.JPG.jpeg HTTP/1.1" 304 - "https://sgcakesandsurprises.shop/our-service/" "Mozilla/5.0 (Windows NT 10.0; Win64; x64) AppleWebKit/537.36 (KHTML, like Gecko) Chrome/150.0.0.0 Safari/537.36"
102.89.23.236 - - [21/Jul/2026:10:02:51 +0000] "GET /wp-content/uploads/2026/07/IMG-20260715-WA0008-Copy-Copy.jpg HTTP/1.1" 304 - "https://sgcakesandsurprises.shop/our-service/" "Mozilla/5.0 (Windows NT 10.0; Win64; x64) AppleWebKit/537.36 (KHTML, like Gecko) Chrome/150.0.0.0 Safari/537.36"
102.89.23.236 - - [21/Jul/2026:10:02:53 +0000] "GET /wp-content/uploads/2026/07/WhatsApp-Image-2026-07-18-at-11.52.08-AM.jpeg HTTP/1.1" 304 - "https://sgcakesandsurprises.shop/our-service/" "Mozilla/5.0 (Windows NT 10.0; Win64; x64) AppleWebKit/537.36 (KHTML, like Gecko) Chrome/150.0.0.0 Safari/537.36"
102.89.23.236 - - [21/Jul/2026:10:02:53 +0000] "GET /wp-content/uploads/2026/07/WhatsApp-Image-2026-07-15-at-11.55.19-AM.jpeg HTTP/1.1" 304 - "https://sgcakesandsurprises.shop/our-service/" "Mozilla/5.0 (Windows NT 10.0; Win64; x64) AppleWebKit/537.36 (KHTML, like Gecko) Chrome/150.0.0.0 Safari/537.36"
102.89.23.236 - - [21/Jul/2026:10:02:53 +0000] "GET /wp-content/uploads/2026/07/IMG_1002.JPG-1536x2048.jpeg HTTP/1.1" 200 302689 "https://sgcakesandsurprises.shop/our-service/" "Mozilla/5.0 (Windows NT 10.0; Win64; x64) AppleWebKit/537.36 (KHTML, like Gecko) Chrome/150.0.0.0 Safari/537.36"
198.177.124.148 - - [21/Jul/2026:10:02:55 +0000] "POST /wp-cron.php?doing_wp_cron=1784628175.0236740112304687500000 HTTP/1.1" 200 - "-" "WordPress/7.0.2; https://sgcakesandsurprises.shop"
102.89.23.236 - - [21/Jul/2026:10:02:52 +0000] "POST /wp-admin/admin-ajax.php HTTP/1.1" 200 77 "https://sgcakesandsurprises.shop/wp-admin/post.php?post=324&action=elementor" "Mozilla/5.0 (Windows NT 10.0; Win64; x64) AppleWebKit/537.36 (KHTML, like Gecko) Chrome/150.0.0.0 Safari/537.36"
66.249.77.101 - - [21/Jul/2026:10:02:55 +0000] "GET /robots.txt HTTP/1.1" 200 125 "-" "Mozilla/5.0 (compatible; Googlebot/2.1; +http://www.google.com/bot.html)"
66.249.77.100 - - [21/Jul/2026:10:03:48 +0000] "GET /wp-includes/js/dist/script-modules/interactivity/index.min.js?ver=efaa5193bbad9c60ffd1 HTTP/1.1" 200 40106 "-" "Mozilla/5.0 (Linux; Android 6.0.1; Nexus 5X Build/MMB29P) AppleWebKit/537.36 (KHTML, like Gecko) Chrome/150.0.7871.128 Mobile Safari/537.36 (compatible; GoogleOther)"
198.177.124.148 - - [21/Jul/2026:10:04:15 +0000] "POST /wp-cron.php?doing_wp_cron=1784628255.6863460540771484375000 HTTP/1.1" 200 - "-" "WordPress/7.0.2; https://sgcakesandsurprises.shop"
105.113.90.82 - - [21/Jul/2026:10:04:13 +0000] "GET / HTTP/1.1" 200 101040 "-" "Mozilla/5.0 (Windows NT 10.0; Win64; x64) AppleWebKit/537.36 (KHTML, like Gecko) Chrome/150.0.0.0 Safari/537.36"
105.113.90.82 - - [21/Jul/2026:10:04:22 +0000] "GET /wp-includes/blocks/navigation/style.min.css?ver=7.0.2 HTTP/1.1" 200 20709 "https://sgcakesandsurprises.shop/" "Mozilla/5.0 (Windows NT 10.0; Win64; x64) AppleWebKit/537.36 (KHTML, like Gecko) Chrome/150.0.0.0 Safari/537.36"
105.113.90.82 - - [21/Jul/2026:10:04:16 +0000] "GET / HTTP/1.1" 200 101040 "-" "Mozilla/5.0 (Windows NT 10.0; Win64; x64) AppleWebKit/537.36 (KHTML, like Gecko) Chrome/150.0.0.0 Safari/537.36"
105.113.90.82 - - [21/Jul/2026:10:04:23 +0000] "GET /wp-includes/js/jquery/jquery.min.js?ver=3.7.1 HTTP/1.1" 200 87553 "https://sgcakesandsurprises.shop/" "Mozilla/5.0 (Windows NT 10.0; Win64; x64) AppleWebKit/537.36 (KHTML, like Gecko) Chrome/150.0.0.0 Safari/537.36"
105.113.90.82 - - [21/Jul/2026:10:04:23 +0000] "GET /wp-includes/js/jquery/jquery-migrate.min.js?ver=3.4.1 HTTP/1.1" 200 13577 "https://sgcakesandsurprises.shop/" "Mozilla/5.0 (Windows NT 10.0; Win64; x64) AppleWebKit/537.36 (KHTML, like Gecko) Chrome/150.0.0.0 Safari/537.36"
105.112.127.132 - - [21/Jul/2026:10:04:19 +0000] "GET / HTTP/1.1" 200 101040 "-" "Mozilla/5.0 (Windows NT 10.0; Win64; x64) AppleWebKit/537.36 (KHTML, like Gecko) Chrome/149.0.0.0 Safari/537.36"
105.113.90.82 - - [21/Jul/2026:10:04:24 +0000] "GET /wp-content/themes/twentytwentyfour/assets/images/tourist-and-building.webp HTTP/1.1" 200 66482 "https://sgcakesandsurprises.shop/" "Mozilla/5.0 (Windows NT 10.0; Win64; x64) AppleWebKit/537.36 (KHTML, like Gecko) Chrome/150.0.0.0 Safari/537.36"
105.113.90.82 - - [21/Jul/2026:10:04:24 +0000] "GET /wp-includes/js/dist/script-modules/interactivity/index.min.js?ver=efaa5193bbad9c60ffd1 HTTP/1.1" 200 40106 "https://sgcakesandsurprises.shop/" "Mozilla/5.0 (Windows NT 10.0; Win64; x64) AppleWebKit/537.36 (KHTML, like Gecko) Chrome/150.0.0.0 Safari/537.36"
105.113.90.82 - - [21/Jul/2026:10:04:24 +0000] "GET /wp-includes/js/dist/script-modules/block-library/navigation/view.min.js?ver=96a846e1d7b789c39ab9 HTTP/1.1" 200 3053 "https://sgcakesandsurprises.shop/" "Mozilla/5.0 (Windows NT 10.0; Win64; x64) AppleWebKit/537.36 (KHTML, like Gecko) Chrome/150.0.0.0 Safari/537.36"
105.113.90.82 - - [21/Jul/2026:10:04:24 +0000] "GET /wp-content/themes/twentytwentyfour/assets/fonts/inter/Inter-VariableFont_slnt,wght.woff2 HTTP/1.1" 200 326628 "https://sgcakesandsurprises.shop/" "Mozilla/5.0 (Windows NT 10.0; Win64; x64) AppleWebKit/537.36 (KHTML, like Gecko) Chrome/150.0.0.0 Safari/537.36"
105.113.90.82 - - [21/Jul/2026:10:04:24 +0000] "GET /wp-content/themes/twentytwentyfour/assets/fonts/cardo/cardo_normal_400.woff2 HTTP/1.1" 200 146060 "https://sgcakesandsurprises.shop/" "Mozilla/5.0 (Windows NT 10.0; Win64; x64) AppleWebKit/537.36 (KHTML, like Gecko) Chrome/150.0.0.0 Safari/537.36"
105.113.90.82 - - [21/Jul/2026:10:04:25 +0000] "GET /wp-content/plugins/pixelyoursite/dist/scripts/jquery.bind-first-0.2.3.min.js?ver=0.2.3 HTTP/1.1" 200 1317 "https://sgcakesandsurprises.shop/" "Mozilla/5.0 (Windows NT 10.0; Win64; x64) AppleWebKit/537.36 (KHTML, like Gecko) Chrome/150.0.0.0 Safari/537.36"
105.113.90.82 - - [21/Jul/2026:10:04:24 +0000] "GET /wp-content/themes/twentytwentyfour/assets/images/windows.webp HTTP/1.1" 200 126244 "https://sgcakesandsurprises.shop/" "Mozilla/5.0 (Windows NT 10.0; Win64; x64) AppleWebKit/537.36 (KHTML, like Gecko) Chrome/150.0.0.0 Safari/537.36"
105.113.90.82 - - [21/Jul/2026:10:04:24 +0000] "GET /wp-content/themes/twentytwentyfour/assets/images/building-exterior.webp HTTP/1.1" 200 199724 "https://sgcakesandsurprises.shop/" "Mozilla/5.0 (Windows NT 10.0; Win64; x64) AppleWebKit/537.36 (KHTML, like Gecko) Chrome/150.0.0.0 Safari/537.36"
105.112.127.132 - - [21/Jul/2026:10:04:25 +0000] "GET /wp-includes/blocks/navigation/style.min.css?ver=7.0.2 HTTP/1.1" 200 20709 "https://sgcakesandsurprises.shop/" "Mozilla/5.0 (Windows NT 10.0; Win64; x64) AppleWebKit/537.36 (KHTML, like Gecko) Chrome/149.0.0.0 Safari/537.36"
105.112.127.132 - - [21/Jul/2026:10:04:25 +0000] "GET /wp-includes/js/jquery/jquery.min.js?ver=3.7.1 HTTP/1.1" 200 87553 "https://sgcakesandsurprises.shop/" "Mozilla/5.0 (Windows NT 10.0; Win64; x64) AppleWebKit/537.36 (KHTML, like Gecko) Chrome/149.0.0.0 Safari/537.36"
105.113.90.82 - - [21/Jul/2026:10:04:24 +0000] "GET /wp-content/themes/twentytwentyfour/assets/fonts/cardo/cardo_italic_400.woff2 HTTP/1.1" 200 105184 "https://sgcakesandsurprises.shop/" "Mozilla/5.0 (Windows NT 10.0; Win64; x64) AppleWebKit/537.36 (KHTML, like Gecko) Chrome/150.0.0.0 Safari/537.36"
105.113.90.82 - - [21/Jul/2026:10:04:25 +0000] "GET /wp-content/plugins/pixelyoursite/dist/scripts/js.cookie-2.1.3.min.js?ver=2.1.3 HTTP/1.1" 200 1709 "https://sgcakesandsurprises.shop/" "Mozilla/5.0 (Windows NT 10.0; Win64; x64) AppleWebKit/537.36 (KHTML, like Gecko) Chrome/150.0.0.0 Safari/537.36"
105.113.90.82 - - [21/Jul/2026:10:04:25 +0000] "GET /wp-content/plugins/pixelyoursite/dist/scripts/tld.min.js?ver=2.3.1 HTTP/1.1" 200 141079 "https://sgcakesandsurprises.shop/" "Mozilla/5.0 (Windows NT 10.0; Win64; x64) AppleWebKit/537.36 (KHTML, like Gecko) Chrome/150.0.0.0 Safari/537.36"
105.112.127.132 - - [21/Jul/2026:10:04:25 +0000] "GET /wp-includes/js/jquery/jquery-migrate.min.js?ver=3.4.1 HTTP/1.1" 200 13577 "https://sgcakesandsurprises.shop/" "Mozilla/5.0 (Windows NT 10.0; Win64; x64) AppleWebKit/537.36 (KHTML, like Gecko) Chrome/149.0.0.0 Safari/537.36"
105.113.90.82 - - [21/Jul/2026:10:04:25 +0000] "GET /wp-content/plugins/pixelyoursite/dist/scripts/public.js?ver=11.2.1 HTTP/1.1" 200 172979 "https://sgcakesandsurprises.shop/" "Mozilla/5.0 (Windows NT 10.0; Win64; x64) AppleWebKit/537.36 (KHTML, like Gecko) Chrome/150.0.0.0 Safari/537.36"
105.112.127.132 - - [21/Jul/2026:10:04:26 +0000] "GET /wp-content/themes/twentytwentyfour/assets/images/tourist-and-building.webp HTTP/1.1" 200 66482 "https://sgcakesandsurprises.shop/" "Mozilla/5.0 (Windows NT 10.0; Win64; x64) AppleWebKit/537.36 (KHTML, like Gecko) Chrome/149.0.0.0 Safari/537.36"
105.112.127.132 - - [21/Jul/2026:10:04:26 +0000] "GET /wp-content/themes/twentytwentyfour/assets/images/building-exterior.webp HTTP/1.1" 200 199724 "https://sgcakesandsurprises.shop/" "Mozilla/5.0 (Windows NT 10.0; Win64; x64) AppleWebKit/537.36 (KHTML, like Gecko) Chrome/149.0.0.0 Safari/537.36"
105.112.127.132 - - [21/Jul/2026:10:04:27 +0000] "GET /wp-content/themes/twentytwentyfour/assets/images/windows.webp HTTP/1.1" 200 126244 "https://sgcakesandsurprises.shop/" "Mozilla/5.0 (Windows NT 10.0; Win64; x64) AppleWebKit/537.36 (KHTML, like Gecko) Chrome/149.0.0.0 Safari/537.36"
105.112.127.132 - - [21/Jul/2026:10:04:27 +0000] "GET /wp-includes/js/dist/script-modules/interactivity/index.min.js?ver=efaa5193bbad9c60ffd1 HTTP/1.1" 200 40106 "https://sgcakesandsurprises.shop/" "Mozilla/5.0 (Windows NT 10.0; Win64; x64) AppleWebKit/537.36 (KHTML, like Gecko) Chrome/149.0.0.0 Safari/537.36"
105.112.127.132 - - [21/Jul/2026:10:04:27 +0000] "GET /wp-content/themes/twentytwentyfour/assets/fonts/cardo/cardo_italic_400.woff2 HTTP/1.1" 200 105184 "https://sgcakesandsurprises.shop/" "Mozilla/5.0 (Windows NT 10.0; Win64; x64) AppleWebKit/537.36 (KHTML, like Gecko) Chrome/149.0.0.0 Safari/537.36"
105.112.127.132 - - [21/Jul/2026:10:04:27 +0000] "GET /wp-content/themes/twentytwentyfour/assets/fonts/cardo/cardo_normal_400.woff2 HTTP/1.1" 200 146060 "https://sgcakesandsurprises.shop/" "Mozilla/5.0 (Windows NT 10.0; Win64; x64) AppleWebKit/537.36 (KHTML, like Gecko) Chrome/149.0.0.0 Safari/537.36"
105.112.127.132 - - [21/Jul/2026:10:04:27 +0000] "GET /wp-content/themes/twentytwentyfour/assets/fonts/inter/Inter-VariableFont_slnt,wght.woff2 HTTP/1.1" 200 326628 "https://sgcakesandsurprises.shop/" "Mozilla/5.0 (Windows NT 10.0; Win64; x64) AppleWebKit/537.36 (KHTML, like Gecko) Chrome/149.0.0.0 Safari/537.36"
105.112.127.132 - - [21/Jul/2026:10:04:27 +0000] "GET /wp-includes/js/dist/script-modules/block-library/navigation/view.min.js?ver=96a846e1d7b789c39ab9 HTTP/1.1" 200 3053 "https://sgcakesandsurprises.shop/" "Mozilla/5.0 (Windows NT 10.0; Win64; x64) AppleWebKit/537.36 (KHTML, like Gecko) Chrome/149.0.0.0 Safari/537.36"
105.112.127.132 - - [21/Jul/2026:10:04:27 +0000] "GET /wp-content/plugins/pixelyoursite/dist/scripts/jquery.bind-first-0.2.3.min.js?ver=0.2.3 HTTP/1.1" 200 1317 "https://sgcakesandsurprises.shop/" "Mozilla/5.0 (Windows NT 10.0; Win64; x64) AppleWebKit/537.36 (KHTML, like Gecko) Chrome/149.0.0.0 Safari/537.36"
105.112.127.132 - - [21/Jul/2026:10:04:28 +0000] "GET /wp-content/plugins/pixelyoursite/dist/scripts/js.cookie-2.1.3.min.js?ver=2.1.3 HTTP/1.1" 200 1709 "https://sgcakesandsurprises.shop/" "Mozilla/5.0 (Windows NT 10.0; Win64; x64) AppleWebKit/537.36 (KHTML, like Gecko) Chrome/149.0.0.0 Safari/537.36"
105.112.127.132 - - [21/Jul/2026:10:04:28 +0000] "GET /wp-content/plugins/pixelyoursite/dist/scripts/tld.min.js?ver=2.3.1 HTTP/1.1" 200 141079 "https://sgcakesandsurprises.shop/" "Mozilla/5.0 (Windows NT 10.0; Win64; x64) AppleWebKit/537.36 (KHTML, like Gecko) Chrome/149.0.0.0 Safari/537.36"
105.112.127.132 - - [21/Jul/2026:10:04:28 +0000] "GET /wp-content/plugins/pixelyoursite/dist/scripts/public.js?ver=11.2.1 HTTP/1.1" 200 172979 "https://sgcakesandsurprises.shop/" "Mozilla/5.0 (Windows NT 10.0; Win64; x64) AppleWebKit/537.36 (KHTML, like Gecko) Chrome/149.0.0.0 Safari/537.36"
105.112.127.132 - - [21/Jul/2026:10:04:30 +0000] "GET /wp-includes/js/wp-emoji-release.min.js?ver=7.0.2 HTTP/1.1" 200 22752 "https://sgcakesandsurprises.shop/" "Mozilla/5.0 (Windows NT 10.0; Win64; x64) AppleWebKit/537.36 (KHTML, like Gecko) Chrome/149.0.0.0 Safari/537.36"
105.113.90.82 - - [21/Jul/2026:10:04:27 +0000] "POST /wp-json/pys-facebook/v1/event HTTP/1.1" 200 16 "https://sgcakesandsurprises.shop/" "Mozilla/5.0 (Windows NT 10.0; Win64; x64) AppleWebKit/537.36 (KHTML, like Gecko) Chrome/150.0.0.0 Safari/537.36"
105.113.90.82 - - [21/Jul/2026:10:04:27 +0000] "GET /wp-admin/admin-ajax.php?action=pys_get_pbid HTTP/1.1" 200 1 "https://sgcakesandsurprises.shop/" "Mozilla/5.0 (Windows NT 10.0; Win64; x64) AppleWebKit/537.36 (KHTML, like Gecko) Chrome/150.0.0.0 Safari/537.36"
105.113.90.82 - - [21/Jul/2026:10:04:31 +0000] "GET /wp-includes/js/wp-emoji-release.min.js?ver=7.0.2 HTTP/1.1" 200 22752 "https://sgcakesandsurprises.shop/" "Mozilla/5.0 (Windows NT 10.0; Win64; x64) AppleWebKit/537.36 (KHTML, like Gecko) Chrome/150.0.0.0 Safari/537.36"
105.113.90.82 - - [21/Jul/2026:10:04:27 +0000] "GET /wp-content/uploads/2026/07/cropped-IMG-20260715-WA0026-Copy-32x32.jpg HTTP/1.1" 404 84549 "https://sgcakesandsurprises.shop/" "Mozilla/5.0 (Windows NT 10.0; Win64; x64) AppleWebKit/537.36 (KHTML, like Gecko) Chrome/150.0.0.0 Safari/537.36"
105.112.127.132 - - [21/Jul/2026:10:04:29 +0000] "GET /wp-admin/admin-ajax.php?action=pys_get_pbid HTTP/1.1" 200 1 "https://sgcakesandsurprises.shop/" "Mozilla/5.0 (Windows NT 10.0; Win64; x64) AppleWebKit/537.36 (KHTML, like Gecko) Chrome/149.0.0.0 Safari/537.36"
105.112.127.132 - - [21/Jul/2026:10:04:29 +0000] "POST /wp-json/pys-facebook/v1/event HTTP/1.1" 200 16 "https://sgcakesandsurprises.shop/" "Mozilla/5.0 (Windows NT 10.0; Win64; x64) AppleWebKit/537.36 (KHTML, like Gecko) Chrome/149.0.0.0 Safari/537.36"
105.112.127.132 - - [21/Jul/2026:10:04:29 +0000] "GET /wp-content/uploads/2026/07/cropped-IMG-20260715-WA0026-Copy-32x32.jpg HTTP/1.1" 404 84549 "https://sgcakesandsurprises.shop/" "Mozilla/5.0 (Windows NT 10.0; Win64; x64) AppleWebKit/537.36 (KHTML, like Gecko) Chrome/149.0.0.0 Safari/537.36"
105.113.90.82 - - [21/Jul/2026:10:04:33 +0000] "GET /wp-content/uploads/2026/07/cropped-IMG-20260715-WA0026-Copy-192x192.jpg HTTP/1.1" 404 84553 "https://sgcakesandsurprises.shop/" "Mozilla/5.0 (Windows NT 10.0; Win64; x64) AppleWebKit/537.36 (KHTML, like Gecko) Chrome/150.0.0.0 Safari/537.36"
105.112.127.132 - - [21/Jul/2026:10:04:35 +0000] "GET /wp-content/uploads/2026/07/cropped-IMG-20260715-WA0026-Copy-192x192.jpg HTTP/1.1" 404 84553 "https://sgcakesandsurprises.shop/" "Mozilla/5.0 (Windows NT 10.0; Win64; x64) AppleWebKit/537.36 (KHTML, like Gecko) Chrome/149.0.0.0 Safari/537.36"
105.113.90.82 - - [21/Jul/2026:10:04:47 +0000] "GET /ourservice HTTP/1.1" 404 83495 "-" "Mozilla/5.0 (Windows NT 10.0; Win64; x64) AppleWebKit/537.36 (KHTML, like Gecko) Chrome/150.0.0.0 Safari/537.36"
105.113.90.82 - - [21/Jul/2026:10:04:50 +0000] "GET /wp-admin/admin-ajax.php?action=pys_get_pbid HTTP/1.1" 200 1 "https://sgcakesandsurprises.shop/ourservice" "Mozilla/5.0 (Windows NT 10.0; Win64; x64) AppleWebKit/537.36 (KHTML, like Gecko) Chrome/150.0.0.0 Safari/537.36"
198.177.124.148 - - [21/Jul/2026:10:04:55 +0000] "POST /wp-cron.php?doing_wp_cron=1784628295.6673669815063476562500 HTTP/1.1" 200 - "-" "WordPress/7.0.2; https://sgcakesandsurprises.shop"
102.89.23.236 - - [21/Jul/2026:10:04:54 +0000] "POST /wp-admin/admin-ajax.php HTTP/1.1" 200 77 "https://sgcakesandsurprises.shop/wp-admin/post.php?post=324&action=elementor" "Mozilla/5.0 (Windows NT 10.0; Win64; x64) AppleWebKit/537.36 (KHTML, like Gecko) Chrome/150.0.0.0 Safari/537.36"
105.113.90.82 - - [21/Jul/2026:10:05:18 +0000] "GET /cake HTTP/1.1" 301 - "-" "Mozilla/5.0 (Windows NT 10.0; Win64; x64) AppleWebKit/537.36 (KHTML, like Gecko) Chrome/150.0.0.0 Safari/537.36"
105.113.90.82 - - [21/Jul/2026:10:05:22 +0000] "GET /cakes/ HTTP/1.1" 200 43255 "-" "Mozilla/5.0 (Windows NT 10.0; Win64; x64) AppleWebKit/537.36 (KHTML, like Gecko) Chrome/150.0.0.0 Safari/537.36"
105.113.90.82 - - [21/Jul/2026:10:05:26 +0000] "GET /wp-content/uploads/elementor/css/post-6.css?ver=1784397387 HTTP/1.1" 200 1168 "https://sgcakesandsurprises.shop/cakes/" "Mozilla/5.0 (Windows NT 10.0; Win64; x64) AppleWebKit/537.36 (KHTML, like Gecko) Chrome/150.0.0.0 Safari/537.36"
105.113.90.82 - - [21/Jul/2026:10:05:26 +0000] "GET /wp-content/plugins/elementor/assets/css/frontend.min.css?ver=4.1.5 HTTP/1.1" 200 54666 "https://sgcakesandsurprises.shop/cakes/" "Mozilla/5.0 (Windows NT 10.0; Win64; x64) AppleWebKit/537.36 (KHTML, like Gecko) Chrome/150.0.0.0 Safari/537.36"
105.113.90.82 - - [21/Jul/2026:10:05:26 +0000] "GET /wp-content/plugins/elementor/assets/css/widget-testimonial.min.css?ver=4.1.5 HTTP/1.1" 200 1646 "https://sgcakesandsurprises.shop/cakes/" "Mozilla/5.0 (Windows NT 10.0; Win64; x64) AppleWebKit/537.36 (KHTML, like Gecko) Chrome/150.0.0.0 Safari/537.36"
105.113.90.82 - - [21/Jul/2026:10:05:26 +0000] "GET /wp-content/uploads/elementor/css/base-desktop.css?ver=6a5bbe4b9bf82 HTTP/1.1" 200 1774 "https://sgcakesandsurprises.shop/cakes/" "Mozilla/5.0 (Windows NT 10.0; Win64; x64) AppleWebKit/537.36 (KHTML, like Gecko) Chrome/150.0.0.0 Safari/537.36"
105.113.90.82 - - [21/Jul/2026:10:05:26 +0000] "GET /wp-content/uploads/elementor/css/post-34.css?ver=1784452404 HTTP/1.1" 200 2680 "https://sgcakesandsurprises.shop/cakes/" "Mozilla/5.0 (Windows NT 10.0; Win64; x64) AppleWebKit/537.36 (KHTML, like Gecko) Chrome/150.0.0.0 Safari/537.36"
105.113.90.82 - - [21/Jul/2026:10:05:27 +0000] "GET /wp-content/uploads/elementor/css/local-34-frontend-desktop.css?ver=6a5c95345a957 HTTP/1.1" 200 969 "https://sgcakesandsurprises.shop/cakes/" "Mozilla/5.0 (Windows NT 10.0; Win64; x64) AppleWebKit/537.36 (KHTML, like Gecko) Chrome/150.0.0.0 Safari/537.36"
105.113.90.82 - - [21/Jul/2026:10:05:27 +0000] "GET /wp-content/plugins/elementor/assets/js/webpack.runtime.min.js?ver=4.1.5 HTTP/1.1" 200 5819 "https://sgcakesandsurprises.shop/cakes/" "Mozilla/5.0 (Windows NT 10.0; Win64; x64) AppleWebKit/537.36 (KHTML, like Gecko) Chrome/150.0.0.0 Safari/537.36"
105.113.90.82 - - [21/Jul/2026:10:05:27 +0000] "GET /wp-content/plugins/elementor/assets/js/frontend-modules.min.js?ver=4.1.5 HTTP/1.1" 200 50602 "https://sgcakesandsurprises.shop/cakes/" "Mozilla/5.0 (Windows NT 10.0; Win64; x64) AppleWebKit/537.36 (KHTML, like Gecko) Chrome/150.0.0.0 Safari/537.36"
105.113.90.82 - - [21/Jul/2026:10:05:27 +0000] "GET /wp-includes/js/jquery/ui/core.min.js?ver=1.13.3 HTTP/1.1" 200 21464 "https://sgcakesandsurprises.shop/cakes/" "Mozilla/5.0 (Windows NT 10.0; Win64; x64) AppleWebKit/537.36 (KHTML, like Gecko) Chrome/150.0.0.0 Safari/537.36"
105.113.90.82 - - [21/Jul/2026:10:05:27 +0000] "GET /wp-content/plugins/elementor/assets/js/frontend.min.js?ver=4.1.5 HTTP/1.1" 200 32098 "https://sgcakesandsurprises.shop/cakes/" "Mozilla/5.0 (Windows NT 10.0; Win64; x64) AppleWebKit/537.36 (KHTML, like Gecko) Chrome/150.0.0.0 Safari/537.36"
105.113.90.82 - - [21/Jul/2026:10:05:27 +0000] "GET /wp-content/uploads/elementor/css/local-34-frontend-mobile.css?ver=6a5c95345a957 HTTP/1.1" 200 425 "https://sgcakesandsurprises.shop/cakes/" "Mozilla/5.0 (Windows NT 10.0; Win64; x64) AppleWebKit/537.36 (KHTML, like Gecko) Chrome/150.0.0.0 Safari/537.36"
105.113.90.82 - - [21/Jul/2026:10:05:28 +0000] "GET /wp-admin/admin-ajax.php?action=pys_get_pbid HTTP/1.1" 200 1 "https://sgcakesandsurprises.shop/cakes/" "Mozilla/5.0 (Windows NT 10.0; Win64; x64) AppleWebKit/537.36 (KHTML, like Gecko) Chrome/150.0.0.0 Safari/537.36"
105.113.90.82 - - [21/Jul/2026:10:05:28 +0000] "POST /wp-json/pys-facebook/v1/event HTTP/1.1" 200 16 "https://sgcakesandsurprises.shop/cakes/" "Mozilla/5.0 (Windows NT 10.0; Win64; x64) AppleWebKit/537.36 (KHTML, like Gecko) Chrome/150.0.0.0 Safari/537.36"
198.177.124.148 - - [21/Jul/2026:10:06:11 +0000] "POST /wp-cron.php?doing_wp_cron=1784628371.1563498973846435546875 HTTP/1.1" 200 - "-" "WordPress/7.0.2; https://sgcakesandsurprises.shop"
105.113.90.82 - - [21/Jul/2026:10:06:07 +0000] "GET /food HTTP/1.1" 301 - "-" "Mozilla/5.0 (Windows NT 10.0; Win64; x64) AppleWebKit/537.36 (KHTML, like Gecko) Chrome/150.0.0.0 Safari/537.36"
105.113.90.82 - - [21/Jul/2026:10:06:11 +0000] "GET /food/ HTTP/1.1" 200 70423 "-" "Mozilla/5.0 (Windows NT 10.0; Win64; x64) AppleWebKit/537.36 (KHTML, like Gecko) Chrome/150.0.0.0 Safari/537.36"
105.113.90.82 - - [21/Jul/2026:10:06:15 +0000] "GET /wp-content/uploads/elementor/css/post-302.css?ver=1784475271 HTTP/1.1" 200 2109 "https://sgcakesandsurprises.shop/food/" "Mozilla/5.0 (Windows NT 10.0; Win64; x64) AppleWebKit/537.36 (KHTML, like Gecko) Chrome/150.0.0.0 Safari/537.36"
105.113.90.82 - - [21/Jul/2026:10:06:15 +0000] "GET /wp-content/uploads/elementor/css/local-302-frontend-desktop.css?ver=6a5cee871567a HTTP/1.1" 200 1257 "https://sgcakesandsurprises.shop/food/" "Mozilla/5.0 (Windows NT 10.0; Win64; x64) AppleWebKit/537.36 (KHTML, like Gecko) Chrome/150.0.0.0 Safari/537.36"
105.113.90.82 - - [21/Jul/2026:10:06:15 +0000] "GET /wp-content/themes/twentytwentyfour/assets/fonts/cardo/cardo_normal_700.woff2 HTTP/1.1" 200 132564 "https://sgcakesandsurprises.shop/food/" "Mozilla/5.0 (Windows NT 10.0; Win64; x64) AppleWebKit/537.36 (KHTML, like Gecko) Chrome/150.0.0.0 Safari/537.36"
105.113.90.82 - - [21/Jul/2026:10:06:15 +0000] "GET /wp-content/uploads/2026/07/WhatsApp-Image-2026-07-18-at-11.52.21-AM.jpeg HTTP/1.1" 200 173400 "https://sgcakesandsurprises.shop/food/" "Mozilla/5.0 (Windows NT 10.0; Win64; x64) AppleWebKit/537.36 (KHTML, like Gecko) Chrome/150.0.0.0 Safari/537.36"
105.113.90.82 - - [21/Jul/2026:10:06:15 +0000] "GET /wp-admin/admin-ajax.php?action=pys_get_pbid HTTP/1.1" 200 1 "https://sgcakesandsurprises.shop/food/" "Mozilla/5.0 (Windows NT 10.0; Win64; x64) AppleWebKit/537.36 (KHTML, like Gecko) Chrome/150.0.0.0 Safari/537.36"
105.113.90.82 - - [21/Jul/2026:10:06:18 +0000] "GET /wp-content/plugins/elementor/assets/js/text-editor.45609661e409413f1cef.bundle.min.js HTTP/1.1" 200 1348 "https://sgcakesandsurprises.shop/food/" "Mozilla/5.0 (Windows NT 10.0; Win64; x64) AppleWebKit/537.36 (KHTML, like Gecko) Chrome/150.0.0.0 Safari/537.36"
105.113.90.82 - - [21/Jul/2026:10:06:18 +0000] "GET /wp-content/uploads/2026/07/WhatsApp-Image-2026-07-18-at-11.52.08-AM.jpeg HTTP/1.1" 200 139577 "https://sgcakesandsurprises.shop/food/" "Mozilla/5.0 (Windows NT 10.0; Win64; x64) AppleWebKit/537.36 (KHTML, like Gecko) Chrome/150.0.0.0 Safari/537.36"
105.113.90.82 - - [21/Jul/2026:10:06:18 +0000] "GET /wp-content/uploads/2026/07/WhatsApp-Image-2026-07-18-at-11.52.06-AM.jpeg HTTP/1.1" 200 123180 "https://sgcakesandsurprises.shop/food/" "Mozilla/5.0 (Windows NT 10.0; Win64; x64) AppleWebKit/537.36 (KHTML, like Gecko) Chrome/150.0.0.0 Safari/537.36"
105.113.90.82 - - [21/Jul/2026:10:06:18 +0000] "GET /wp-content/uploads/2026/07/WhatsApp-Image-2026-07-18-at-11.52.25-AM.jpeg HTTP/1.1" 200 170742 "https://sgcakesandsurprises.shop/food/" "Mozilla/5.0 (Windows NT 10.0; Win64; x64) AppleWebKit/537.36 (KHTML, like Gecko) Chrome/150.0.0.0 Safari/537.36"
105.113.90.82 - - [21/Jul/2026:10:06:18 +0000] "GET /wp-content/uploads/2026/07/WhatsApp-Image-2026-07-15-at-11.48.30-AM.jpeg HTTP/1.1" 200 295141 "https://sgcakesandsurprises.shop/food/" "Mozilla/5.0 (Windows NT 10.0; Win64; x64) AppleWebKit/537.36 (KHTML, like Gecko) Chrome/150.0.0.0 Safari/537.36"
105.113.90.82 - - [21/Jul/2026:10:06:20 +0000] "GET /wp-content/uploads/elementor/css/local-302-frontend-mobile.css?ver=6a5cee871567a HTTP/1.1" 200 590 "https://sgcakesandsurprises.shop/food/" "Mozilla/5.0 (Windows NT 10.0; Win64; x64) AppleWebKit/537.36 (KHTML, like Gecko) Chrome/150.0.0.0 Safari/537.36"
105.113.90.82 - - [21/Jul/2026:10:06:19 +0000] "GET /wp-content/uploads/2026/07/WhatsApp-Image-2026-07-18-at-11.51.38-AM.jpeg HTTP/1.1" 200 138993 "https://sgcakesandsurprises.shop/food/" "Mozilla/5.0 (Windows NT 10.0; Win64; x64) AppleWebKit/537.36 (KHTML, like Gecko) Chrome/150.0.0.0 Safari/537.36"
105.113.90.82 - - [21/Jul/2026:10:06:21 +0000] "GET /wp-content/uploads/2026/07/WhatsApp-Image-2026-07-18-at-11.52.23-AM.jpeg HTTP/1.1" 200 154362 "https://sgcakesandsurprises.shop/food/" "Mozilla/5.0 (Windows NT 10.0; Win64; x64) AppleWebKit/537.36 (KHTML, like Gecko) Chrome/150.0.0.0 Safari/537.36"
105.113.90.82 - - [21/Jul/2026:10:06:21 +0000] "GET /wp-content/uploads/2026/07/WhatsApp-Image-2026-07-15-at-11.53.58-AM-1.jpeg HTTP/1.1" 200 279942 "https://sgcakesandsurprises.shop/food/" "Mozilla/5.0 (Windows NT 10.0; Win64; x64) AppleWebKit/537.36 (KHTML, like Gecko) Chrome/150.0.0.0 Safari/537.36"
105.113.90.82 - - [21/Jul/2026:10:06:22 +0000] "GET /wp-content/uploads/2026/07/WhatsApp-Image-2026-07-18-at-11.51.53-AM.jpeg HTTP/1.1" 200 158578 "https://sgcakesandsurprises.shop/food/" "Mozilla/5.0 (Windows NT 10.0; Win64; x64) AppleWebKit/537.36 (KHTML, like Gecko) Chrome/150.0.0.0 Safari/537.36"
105.113.90.82 - - [21/Jul/2026:10:06:22 +0000] "GET /wp-content/uploads/2026/07/WhatsApp-Image-2026-07-15-at-11.53.57-AM.jpeg HTTP/1.1" 200 189881 "https://sgcakesandsurprises.shop/food/" "Mozilla/5.0 (Windows NT 10.0; Win64; x64) AppleWebKit/537.36 (KHTML, like Gecko) Chrome/150.0.0.0 Safari/537.36"
105.113.90.82 - - [21/Jul/2026:10:06:20 +0000] "POST /wp-json/pys-facebook/v1/event HTTP/1.1" 200 16 "https://sgcakesandsurprises.shop/food/" "Mozilla/5.0 (Windows NT 10.0; Win64; x64) AppleWebKit/537.36 (KHTML, like Gecko) Chrome/150.0.0.0 Safari/537.36"
105.113.90.82 - - [21/Jul/2026:10:06:23 +0000] "GET /wp-content/uploads/2026/07/WhatsApp-Image-2026-07-15-at-11.55.21-AM.jpeg HTTP/1.1" 200 178259 "https://sgcakesandsurprises.shop/food/" "Mozilla/5.0 (Windows NT 10.0; Win64; x64) AppleWebKit/537.36 (KHTML, like Gecko) Chrome/150.0.0.0 Safari/537.36"
105.113.90.82 - - [21/Jul/2026:10:06:34 +0000] "GET /wp-content/uploads/2026/07/WhatsApp-Image-2026-07-15-at-11.53.59-AM-1.jpeg HTTP/1.1" 200 156000 "https://sgcakesandsurprises.shop/food/" "Mozilla/5.0 (Windows NT 10.0; Win64; x64) AppleWebKit/537.36 (KHTML, like Gecko) Chrome/150.0.0.0 Safari/537.36"
198.177.124.148 - - [21/Jul/2026:10:06:57 +0000] "POST /wp-cron.php?doing_wp_cron=1784628417.9118020534515380859375 HTTP/1.1" 200 - "-" "WordPress/7.0.2; https://sgcakesandsurprises.shop"
102.89.23.236 - - [21/Jul/2026:10:06:55 +0000] "POST /wp-admin/admin-ajax.php HTTP/1.1" 404 225988 "https://sgcakesandsurprises.shop/wp-admin/post.php?post=324&action=elementor" "Mozilla/5.0 (Windows NT 10.0; Win64; x64) AppleWebKit/537.36 (KHTML, like Gecko) Chrome/150.0.0.0 Safari/537.36"
198.177.124.148 - - [21/Jul/2026:10:08:59 +0000] "POST /wp-cron.php?doing_wp_cron=1784628539.0168559551239013671875 HTTP/1.1" 200 - "-" "WordPress/7.0.2; https://sgcakesandsurprises.shop"
102.89.23.236 - - [21/Jul/2026:10:08:56 +0000] "POST /wp-admin/admin-ajax.php HTTP/1.1" 200 77 "https://sgcakesandsurprises.shop/wp-admin/post.php?post=324&action=elementor" "Mozilla/5.0 (Windows NT 10.0; Win64; x64) AppleWebKit/537.36 (KHTML, like Gecko) Chrome/150.0.0.0 Safari/537.36"
198.177.124.148 - - [21/Jul/2026:10:11:03 +0000] "POST /wp-cron.php?doing_wp_cron=1784628663.8599989414215087890625 HTTP/1.1" 200 - "-" "WordPress/7.0.2; https://sgcakesandsurprises.shop"
102.89.23.236 - - [21/Jul/2026:10:10:57 +0000] "POST /wp-admin/admin-ajax.php HTTP/1.1" 200 77 "https://sgcakesandsurprises.shop/wp-admin/post.php?post=324&action=elementor" "Mozilla/5.0 (Windows NT 10.0; Win64; x64) AppleWebKit/537.36 (KHTML, like Gecko) Chrome/150.0.0.0 Safari/537.36"
198.177.124.148 - - [21/Jul/2026:10:12:37 +0000] "POST /wp-cron.php?doing_wp_cron=1784628757.0492849349975585937500 HTTP/1.1" 200 - "-" "WordPress/7.0.2; https://sgcakesandsurprises.shop"
102.89.23.236 - - [21/Jul/2026:10:12:33 +0000] "POST /wp-admin/admin-ajax.php HTTP/1.1" 200 77 "https://sgcakesandsurprises.shop/wp-admin/post.php?post=324&action=elementor" "Mozilla/5.0 (Windows NT 10.0; Win64; x64) AppleWebKit/537.36 (KHTML, like Gecko) Chrome/150.0.0.0 Safari/537.36"
102.89.23.236 - - [21/Jul/2026:10:12:33 +0000] "GET /wp-json/elementor/v1/checklist/user-progress HTTP/1.1" 200 534 "https://sgcakesandsurprises.shop/wp-admin/post.php?post=324&action=elementor" "Mozilla/5.0 (Windows NT 10.0; Win64; x64) AppleWebKit/537.36 (KHTML, like Gecko) Chrome/150.0.0.0 Safari/537.36"
102.89.23.236 - - [21/Jul/2026:10:12:41 +0000] "GET /wp-json/elementor/v1/user-data/current-user?context=edit HTTP/1.1" 200 1436 "https://sgcakesandsurprises.shop/wp-admin/post.php?post=324&action=elementor" "Mozilla/5.0 (Windows NT 10.0; Win64; x64) AppleWebKit/537.36 (KHTML, like Gecko) Chrome/150.0.0.0 Safari/537.36"
102.89.23.236 - - [21/Jul/2026:10:12:47 +0000] "POST /wp-admin/admin-ajax.php HTTP/1.1" 200 77 "https://sgcakesandsurprises.shop/wp-admin/post.php?post=324&action=elementor" "Mozilla/5.0 (Windows NT 10.0; Win64; x64) AppleWebKit/537.36 (KHTML, like Gecko) Chrome/150.0.0.0 Safari/537.36"
