102.88.108.30 - - [22/Jul/2026:12:42:12 +0000] "POST /wp-admin/admin-ajax.php HTTP/1.1" 200 47 "https://sgcakesandsurprises.shop/wp-admin/options-general.php" "Mozilla/5.0 (Windows NT 10.0; Win64; x64) AppleWebKit/537.36 (KHTML, like Gecko) Chrome/150.0.0.0 Safari/537.36"
102.88.108.30 - - [22/Jul/2026:12:42:14 +0000] "POST /wp-admin/admin-ajax.php HTTP/1.1" 200 77 "https://sgcakesandsurprises.shop/wp-admin/post.php?post=311&action=elementor" "Mozilla/5.0 (Windows NT 10.0; Win64; x64) AppleWebKit/537.36 (KHTML, like Gecko) Chrome/150.0.0.0 Safari/537.36"
102.88.108.30 - - [22/Jul/2026:12:42:29 +0000] "POST /wp-admin/admin-ajax.php HTTP/1.1" 200 77 "https://sgcakesandsurprises.shop/wp-admin/post.php?post=311&action=elementor" "Mozilla/5.0 (Windows NT 10.0; Win64; x64) AppleWebKit/537.36 (KHTML, like Gecko) Chrome/150.0.0.0 Safari/537.36"
102.88.108.30 - - [22/Jul/2026:12:42:45 +0000] "POST /wp-admin/admin-ajax.php HTTP/1.1" 200 77 "https://sgcakesandsurprises.shop/wp-admin/post.php?post=311&action=elementor" "Mozilla/5.0 (Windows NT 10.0; Win64; x64) AppleWebKit/537.36 (KHTML, like Gecko) Chrome/150.0.0.0 Safari/537.36"
198.177.124.148 - - [22/Jul/2026:12:43:00 +0000] "POST /wp-cron.php?doing_wp_cron=1784724180.6541380882263183593750 HTTP/1.1" 200 - "-" "WordPress/7.0.2; https://sgcakesandsurprises.shop"
102.88.108.30 - - [22/Jul/2026:12:42:59 +0000] "POST /wp-admin/admin-ajax.php HTTP/1.1" 200 77 "https://sgcakesandsurprises.shop/wp-admin/post.php?post=311&action=elementor" "Mozilla/5.0 (Windows NT 10.0; Win64; x64) AppleWebKit/537.36 (KHTML, like Gecko) Chrome/150.0.0.0 Safari/537.36"
102.88.108.30 - - [22/Jul/2026:12:43:15 +0000] "POST /wp-admin/admin-ajax.php HTTP/1.1" 200 77 "https://sgcakesandsurprises.shop/wp-admin/post.php?post=311&action=elementor" "Mozilla/5.0 (Windows NT 10.0; Win64; x64) AppleWebKit/537.36 (KHTML, like Gecko) Chrome/150.0.0.0 Safari/537.36"
102.88.108.30 - - [22/Jul/2026:12:43:29 +0000] "POST /wp-admin/admin-ajax.php HTTP/1.1" 200 77 "https://sgcakesandsurprises.shop/wp-admin/post.php?post=311&action=elementor" "Mozilla/5.0 (Windows NT 10.0; Win64; x64) AppleWebKit/537.36 (KHTML, like Gecko) Chrome/150.0.0.0 Safari/537.36"
102.88.108.30 - - [22/Jul/2026:12:43:46 +0000] "POST /wp-admin/admin-ajax.php HTTP/1.1" 200 77 "https://sgcakesandsurprises.shop/wp-admin/post.php?post=311&action=elementor" "Mozilla/5.0 (Windows NT 10.0; Win64; x64) AppleWebKit/537.36 (KHTML, like Gecko) Chrome/150.0.0.0 Safari/537.36"
198.177.124.148 - - [22/Jul/2026:12:44:00 +0000] "POST /wp-cron.php?doing_wp_cron=1784724240.4536418914794921875000 HTTP/1.1" 200 - "-" "WordPress/7.0.2; https://sgcakesandsurprises.shop"
102.88.108.30 - - [22/Jul/2026:12:43:59 +0000] "POST /wp-admin/admin-ajax.php HTTP/1.1" 200 77 "https://sgcakesandsurprises.shop/wp-admin/post.php?post=311&action=elementor" "Mozilla/5.0 (Windows NT 10.0; Win64; x64) AppleWebKit/537.36 (KHTML, like Gecko) Chrome/150.0.0.0 Safari/537.36"
102.88.108.30 - - [22/Jul/2026:12:44:13 +0000] "POST /wp-admin/admin-ajax.php HTTP/1.1" 200 47 "https://sgcakesandsurprises.shop/wp-admin/options-general.php" "Mozilla/5.0 (Windows NT 10.0; Win64; x64) AppleWebKit/537.36 (KHTML, like Gecko) Chrome/150.0.0.0 Safari/537.36"
102.88.108.30 - - [22/Jul/2026:12:44:14 +0000] "POST /wp-admin/admin-ajax.php HTTP/1.1" 200 77 "https://sgcakesandsurprises.shop/wp-admin/post.php?post=311&action=elementor" "Mozilla/5.0 (Windows NT 10.0; Win64; x64) AppleWebKit/537.36 (KHTML, like Gecko) Chrome/150.0.0.0 Safari/537.36"
102.88.108.30 - - [22/Jul/2026:12:44:30 +0000] "POST /wp-admin/admin-ajax.php HTTP/1.1" 200 77 "https://sgcakesandsurprises.shop/wp-admin/post.php?post=311&action=elementor" "Mozilla/5.0 (Windows NT 10.0; Win64; x64) AppleWebKit/537.36 (KHTML, like Gecko) Chrome/150.0.0.0 Safari/537.36"
102.88.108.30 - - [22/Jul/2026:12:44:44 +0000] "POST /wp-admin/admin-ajax.php HTTP/1.1" 200 77 "https://sgcakesandsurprises.shop/wp-admin/post.php?post=311&action=elementor" "Mozilla/5.0 (Windows NT 10.0; Win64; x64) AppleWebKit/537.36 (KHTML, like Gecko) Chrome/150.0.0.0 Safari/537.36"
198.177.124.148 - - [22/Jul/2026:12:45:02 +0000] "POST /wp-cron.php?doing_wp_cron=1784724302.6664729118347167968750 HTTP/1.1" 200 - "-" "WordPress/7.0.2; https://sgcakesandsurprises.shop"
102.88.108.30 - - [22/Jul/2026:12:45:00 +0000] "POST /wp-admin/admin-ajax.php HTTP/1.1" 200 77 "https://sgcakesandsurprises.shop/wp-admin/post.php?post=311&action=elementor" "Mozilla/5.0 (Windows NT 10.0; Win64; x64) AppleWebKit/537.36 (KHTML, like Gecko) Chrome/150.0.0.0 Safari/537.36"
102.88.108.30 - - [22/Jul/2026:12:45:14 +0000] "POST /wp-admin/admin-ajax.php HTTP/1.1" 200 77 "https://sgcakesandsurprises.shop/wp-admin/post.php?post=311&action=elementor" "Mozilla/5.0 (Windows NT 10.0; Win64; x64) AppleWebKit/537.36 (KHTML, like Gecko) Chrome/150.0.0.0 Safari/537.36"
216.73.163.58 - - [22/Jul/2026:12:45:21 +0000] "POST /wp-login.php HTTP/1.1" 503 18957 "-" "Mozilla/5.0 (Windows; U; Windows NT 5.2; en-US; rv:1.9.1b3pre) Gecko/20090105 Firefox/3.1b3pre"
102.88.108.30 - - [22/Jul/2026:12:45:30 +0000] "POST /wp-admin/admin-ajax.php HTTP/1.1" 200 77 "https://sgcakesandsurprises.shop/wp-admin/post.php?post=311&action=elementor" "Mozilla/5.0 (Windows NT 10.0; Win64; x64) AppleWebKit/537.36 (KHTML, like Gecko) Chrome/150.0.0.0 Safari/537.36"
102.88.108.30 - - [22/Jul/2026:12:45:45 +0000] "POST /wp-admin/admin-ajax.php HTTP/1.1" 200 77 "https://sgcakesandsurprises.shop/wp-admin/post.php?post=311&action=elementor" "Mozilla/5.0 (Windows NT 10.0; Win64; x64) AppleWebKit/537.36 (KHTML, like Gecko) Chrome/150.0.0.0 Safari/537.36"
198.177.124.148 - - [22/Jul/2026:12:46:15 +0000] "POST /wp-cron.php?doing_wp_cron=1784724375.2956640720367431640625 HTTP/1.1" 200 - "-" "WordPress/7.0.2; https://sgcakesandsurprises.shop"
102.88.108.30 - - [22/Jul/2026:12:46:14 +0000] "POST /wp-admin/admin-ajax.php HTTP/1.1" 200 47 "https://sgcakesandsurprises.shop/wp-admin/options-general.php" "Mozilla/5.0 (Windows NT 10.0; Win64; x64) AppleWebKit/537.36 (KHTML, like Gecko) Chrome/150.0.0.0 Safari/537.36"
102.88.108.30 - - [22/Jul/2026:12:47:47 +0000] "POST /wp-admin/admin-ajax.php HTTP/1.1" 200 77 "https://sgcakesandsurprises.shop/wp-admin/post.php?post=311&action=elementor" "Mozilla/5.0 (Windows NT 10.0; Win64; x64) AppleWebKit/537.36 (KHTML, like Gecko) Chrome/150.0.0.0 Safari/537.36"
198.177.124.148 - - [22/Jul/2026:12:49:49 +0000] "POST /wp-cron.php?doing_wp_cron=1784724589.4921350479125976562500 HTTP/1.1" 200 - "-" "WordPress/7.0.2; https://sgcakesandsurprises.shop"
102.88.108.30 - - [22/Jul/2026:12:49:48 +0000] "POST /wp-admin/admin-ajax.php HTTP/1.1" 200 77 "https://sgcakesandsurprises.shop/wp-admin/post.php?post=311&action=elementor" "Mozilla/5.0 (Windows NT 10.0; Win64; x64) AppleWebKit/537.36 (KHTML, like Gecko) Chrome/150.0.0.0 Safari/537.36"
198.177.124.148 - - [22/Jul/2026:12:51:50 +0000] "POST /wp-cron.php?doing_wp_cron=1784724710.8068599700927734375000 HTTP/1.1" 200 - "-" "WordPress/7.0.2; https://sgcakesandsurprises.shop"
102.88.108.30 - - [22/Jul/2026:12:51:49 +0000] "POST /wp-admin/admin-ajax.php HTTP/1.1" 200 77 "https://sgcakesandsurprises.shop/wp-admin/post.php?post=311&action=elementor" "Mozilla/5.0 (Windows NT 10.0; Win64; x64) AppleWebKit/537.36 (KHTML, like Gecko) Chrome/150.0.0.0 Safari/537.36"
198.177.124.148 - - [22/Jul/2026:12:52:12 +0000] "POST /wp-cron.php?doing_wp_cron=1784724732.5613629817962646484375 HTTP/1.1" 200 - "-" "WordPress/7.0.2; https://sgcakesandsurprises.shop"
31.13.127.49 - - [22/Jul/2026:12:52:11 +0000] "GET /?elementor_library=all-our-service HTTP/1.1" 301 - "-" "facebookexternalhit/1.1 (+http://www.facebook.com/externalhit_uatext.php)"
31.13.127.49 - - [22/Jul/2026:12:52:12 +0000] "GET / HTTP/1.1" 200 101561 "-" "facebookexternalhit/1.1 (+http://www.facebook.com/externalhit_uatext.php)"
31.13.127.72 - - [22/Jul/2026:12:52:14 +0000] "GET /?elementor_library=all-our-service HTTP/1.1" 301 - "-" "facebookexternalhit/1.1 (+http://www.facebook.com/externalhit_uatext.php)"
173.252.87.6 - - [22/Jul/2026:12:52:16 +0000] "GET /wp-content/themes/twentytwentyfour/assets/images/tourist-and-building.webp HTTP/1.1" 200 66482 "-" "facebookexternalhit/1.1 (+http://www.facebook.com/externalhit_uatext.php)"
173.252.87.43 - - [22/Jul/2026:12:52:16 +0000] "GET /wp-content/themes/twentytwentyfour/assets/images/windows.webp HTTP/1.1" 200 126244 "-" "facebookexternalhit/1.1 (+http://www.facebook.com/externalhit_uatext.php)"
173.252.87.42 - - [22/Jul/2026:12:52:16 +0000] "GET /wp-content/themes/twentytwentyfour/assets/images/building-exterior.webp HTTP/1.1" 200 199724 "-" "facebookexternalhit/1.1 (+http://www.facebook.com/externalhit_uatext.php)"
31.13.127.72 - - [22/Jul/2026:12:52:16 +0000] "GET / HTTP/1.1" 200 101561 "-" "facebookexternalhit/1.1 (+http://www.facebook.com/externalhit_uatext.php)"
31.13.127.42 - - [22/Jul/2026:12:52:16 +0000] "GET /?elementor_library=all-our-service HTTP/1.1" 301 - "-" "facebookexternalhit/1.1 (+http://www.facebook.com/externalhit_uatext.php)"
31.13.127.42 - - [22/Jul/2026:12:52:18 +0000] "GET / HTTP/1.1" 200 101561 "-" "facebookexternalhit/1.1 (+http://www.facebook.com/externalhit_uatext.php)"
173.252.87.39 - - [22/Jul/2026:12:52:20 +0000] "GET /?elementor_library=all-our-service HTTP/1.1" 301 - "-" "facebookexternalhit/1.1 (+http://www.facebook.com/externalhit_uatext.php)"
173.252.87.42 - - [22/Jul/2026:12:52:20 +0000] "GET /?elementor_library=all-our-service HTTP/1.1" 301 - "-" "facebookexternalhit/1.1 (+http://www.facebook.com/externalhit_uatext.php)"
173.252.87.45 - - [22/Jul/2026:12:52:21 +0000] "GET /?elementor_library=all-our-service HTTP/1.1" 301 - "-" "facebookexternalhit/1.1 (+http://www.facebook.com/externalhit_uatext.php)"
102.88.108.30 - - [22/Jul/2026:12:52:22 +0000] "GET /wp-content/uploads/elementor/css/post-421.css?ver=1784723730 HTTP/1.1" 304 - "https://sgcakesandsurprises.shop/?elementor_library=all-our-service" "Mozilla/5.0 (Windows NT 10.0; Win64; x64) AppleWebKit/537.36 (KHTML, like Gecko) Chrome/150.0.0.0 Safari/537.36"
102.88.108.30 - - [22/Jul/2026:12:52:19 +0000] "GET /?elementor_library=all-our-service HTTP/1.1" 200 269297 "https://eventsmanager.facebook.com/" "Mozilla/5.0 (Windows NT 10.0; Win64; x64) AppleWebKit/537.36 (KHTML, like Gecko) Chrome/150.0.0.0 Safari/537.36"
102.88.108.30 - - [22/Jul/2026:12:52:23 +0000] "GET /wp-content/uploads/elementor/css/local-421-frontend-desktop.css?ver=6a60b9128d278 HTTP/1.1" 304 - "https://sgcakesandsurprises.shop/?elementor_library=all-our-service" "Mozilla/5.0 (Windows NT 10.0; Win64; x64) AppleWebKit/537.36 (KHTML, like Gecko) Chrome/150.0.0.0 Safari/537.36"
173.252.87.113 - - [22/Jul/2026:12:52:22 +0000] "GET / HTTP/1.1" 200 101561 "-" "facebookexternalhit/1.1 (+http://www.facebook.com/externalhit_uatext.php)"
173.252.87.40 - - [22/Jul/2026:12:52:22 +0000] "GET / HTTP/1.1" 200 101561 "-" "facebookexternalhit/1.1 (+http://www.facebook.com/externalhit_uatext.php)"
173.252.87.3 - - [22/Jul/2026:12:52:23 +0000] "GET / HTTP/1.1" 200 101561 "-" "facebookexternalhit/1.1 (+http://www.facebook.com/externalhit_uatext.php)"
102.88.108.30 - - [22/Jul/2026:12:52:25 +0000] "GET /wp-content/uploads/elementor/css/local-421-frontend-mobile.css?ver=6a60b9128d278 HTTP/1.1" 304 - "https://sgcakesandsurprises.shop/?elementor_library=all-our-service" "Mozilla/5.0 (Windows NT 10.0; Win64; x64) AppleWebKit/537.36 (KHTML, like Gecko) Chrome/150.0.0.0 Safari/537.36"
31.13.127.70 - - [22/Jul/2026:12:52:25 +0000] "GET /wp-content/themes/twentytwentyfour/assets/images/tourist-and-building.webp HTTP/1.1" 200 66482 "-" "facebookexternalhit/1.1 (+http://www.facebook.com/externalhit_uatext.php)"
31.13.127.76 - - [22/Jul/2026:12:52:25 +0000] "GET /wp-content/themes/twentytwentyfour/assets/images/windows.webp HTTP/1.1" 200 126244 "-" "facebookexternalhit/1.1 (+http://www.facebook.com/externalhit_uatext.php)"
31.13.127.79 - - [22/Jul/2026:12:52:25 +0000] "GET /wp-content/themes/twentytwentyfour/assets/images/building-exterior.webp HTTP/1.1" 200 199724 "-" "facebookexternalhit/1.1 (+http://www.facebook.com/externalhit_uatext.php)"
31.13.127.48 - - [22/Jul/2026:12:52:25 +0000] "GET /wp-content/themes/twentytwentyfour/assets/images/building-exterior.webp HTTP/1.1" 200 199724 "-" "facebookexternalhit/1.1 (+http://www.facebook.com/externalhit_uatext.php)"
31.13.127.42 - - [22/Jul/2026:12:52:26 +0000] "GET /wp-content/themes/twentytwentyfour/assets/images/building-exterior.webp HTTP/1.1" 200 199724 "-" "facebookexternalhit/1.1 (+http://www.facebook.com/externalhit_uatext.php)"
31.13.127.61 - - [22/Jul/2026:12:52:26 +0000] "GET /wp-content/themes/twentytwentyfour/assets/images/building-exterior.webp HTTP/1.1" 200 199724 "-" "facebookexternalhit/1.1 (+http://www.facebook.com/externalhit_uatext.php)"
31.13.127.40 - - [22/Jul/2026:12:52:26 +0000] "GET /wp-content/themes/twentytwentyfour/assets/images/building-exterior.webp HTTP/1.1" 200 199724 "-" "facebookexternalhit/1.1 (+http://www.facebook.com/externalhit_uatext.php)"
173.252.87.20 - - [22/Jul/2026:12:52:24 +0000] "GET /?elementor_library=all-our-service HTTP/1.1" 301 - "-" "facebookexternalhit/1.1 (+http://www.facebook.com/externalhit_uatext.php)"
173.252.87.34 - - [22/Jul/2026:12:52:24 +0000] "GET / HTTP/1.1" 200 101561 "-" "facebookexternalhit/1.1 (+http://www.facebook.com/externalhit_uatext.php)"
69.171.231.5 - - [22/Jul/2026:12:52:25 +0000] "GET /?elementor_library=all-our-service HTTP/1.1" 301 - "-" "facebookexternalhit/1.1 (+http://www.facebook.com/externalhit_uatext.php)"
69.63.184.116 - - [22/Jul/2026:12:52:24 +0000] "GET / HTTP/1.1" 200 101561 "-" "facebookexternalhit/1.1 (+http://www.facebook.com/externalhit_uatext.php)"
173.252.87.12 - - [22/Jul/2026:12:52:24 +0000] "GET / HTTP/1.1" 200 101561 "-" "facebookexternalhit/1.1 (+http://www.facebook.com/externalhit_uatext.php)"
173.252.87.38 - - [22/Jul/2026:12:52:25 +0000] "GET / HTTP/1.1" 200 101561 "-" "facebookexternalhit/1.1 (+http://www.facebook.com/externalhit_uatext.php)"
173.252.105.69 - - [22/Jul/2026:12:52:25 +0000] "GET / HTTP/1.1" 200 101561 "-" "facebookexternalhit/1.1 (+http://www.facebook.com/externalhit_uatext.php)"
69.171.231.1 - - [22/Jul/2026:12:52:25 +0000] "GET / HTTP/1.1" 200 101561 "-" "facebookexternalhit/1.1 (+http://www.facebook.com/externalhit_uatext.php)"
173.252.87.5 - - [22/Jul/2026:12:52:27 +0000] "GET / HTTP/1.1" 200 101561 "-" "facebookexternalhit/1.1 (+http://www.facebook.com/externalhit_uatext.php)"
173.252.87.15 - - [22/Jul/2026:12:52:28 +0000] "GET / HTTP/1.1" 200 101561 "-" "facebookexternalhit/1.1 (+http://www.facebook.com/externalhit_uatext.php)"
102.88.108.30 - - [22/Jul/2026:12:52:28 +0000] "POST /wp-json/pys-facebook/v1/event HTTP/1.1" 200 16 "https://sgcakesandsurprises.shop/?elementor_library=all-our-service" "Mozilla/5.0 (Windows NT 10.0; Win64; x64) AppleWebKit/537.36 (KHTML, like Gecko) Chrome/150.0.0.0 Safari/537.36"
102.88.108.30 - - [22/Jul/2026:12:52:28 +0000] "GET /wp-admin/admin-ajax.php?action=pys_get_pbid HTTP/1.1" 200 1 "https://sgcakesandsurprises.shop/?elementor_library=all-our-service" "Mozilla/5.0 (Windows NT 10.0; Win64; x64) AppleWebKit/537.36 (KHTML, like Gecko) Chrome/150.0.0.0 Safari/537.36"
69.171.231.5 - - [22/Jul/2026:12:52:28 +0000] "GET / HTTP/1.1" 200 101561 "-" "facebookexternalhit/1.1 (+http://www.facebook.com/externalhit_uatext.php)"
173.252.87.48 - - [22/Jul/2026:12:52:29 +0000] "GET / HTTP/1.1" 200 101561 "-" "facebookexternalhit/1.1 (+http://www.facebook.com/externalhit_uatext.php)"
173.252.87.114 - - [22/Jul/2026:12:52:30 +0000] "GET / HTTP/1.1" 200 101561 "-" "facebookexternalhit/1.1 (+http://www.facebook.com/externalhit_uatext.php)"
173.252.87.1 - - [22/Jul/2026:12:52:34 +0000] "GET /?elementor_library=all-our-service HTTP/1.1" 301 - "-" "facebookexternalhit/1.1 (+http://www.facebook.com/externalhit_uatext.php)"
173.252.87.35 - - [22/Jul/2026:12:52:36 +0000] "GET / HTTP/1.1" 200 101561 "-" "facebookexternalhit/1.1 (+http://www.facebook.com/externalhit_uatext.php)"
198.177.124.148 - - [22/Jul/2026:12:53:23 +0000] "POST /wp-cron.php?doing_wp_cron=1784724803.2441248893737792968750 HTTP/1.1" 200 - "-" "WordPress/7.0.2; https://sgcakesandsurprises.shop"
74.7.241.153 - - [22/Jul/2026:12:53:21 +0000] "GET /robots.txt HTTP/1.1" 200 125 "-" "Mozilla/5.0 (Macintosh; Intel Mac OS X 10_15_7) AppleWebKit/537.36 (KHTML, like Gecko) Chrome/131.0.0.0 Safari/537.36; compatible; OAI-SearchBot/1.4; robots.txt; +https://openai.com/searchbot"
102.88.108.30 - - [22/Jul/2026:12:53:50 +0000] "POST /wp-admin/admin-ajax.php HTTP/1.1" 200 77 "https://sgcakesandsurprises.shop/wp-admin/post.php?post=311&action=elementor" "Mozilla/5.0 (Windows NT 10.0; Win64; x64) AppleWebKit/537.36 (KHTML, like Gecko) Chrome/150.0.0.0 Safari/537.36"
102.88.108.30 - - [22/Jul/2026:12:55:26 +0000] "POST /wp-admin/admin-ajax.php HTTP/1.1" 200 77 "https://sgcakesandsurprises.shop/wp-admin/post.php?post=311&action=elementor" "Mozilla/5.0 (Windows NT 10.0; Win64; x64) AppleWebKit/537.36 (KHTML, like Gecko) Chrome/150.0.0.0 Safari/537.36"
102.88.108.30 - - [22/Jul/2026:12:55:26 +0000] "GET /wp-json/elementor/v1/checklist/user-progress HTTP/1.1" 200 534 "https://sgcakesandsurprises.shop/wp-admin/post.php?post=311&action=elementor" "Mozilla/5.0 (Windows NT 10.0; Win64; x64) AppleWebKit/537.36 (KHTML, like Gecko) Chrome/150.0.0.0 Safari/537.36"
102.88.108.30 - - [22/Jul/2026:12:55:33 +0000] "GET /?elementor_library=all-our-service HTTP/1.1" 200 269390 "https://sgcakesandsurprises.shop/wp-admin/post.php?post=311&action=elementor" "Mozilla/5.0 (Windows NT 10.0; Win64; x64) AppleWebKit/537.36 (KHTML, like Gecko) Chrome/150.0.0.0 Safari/537.36"
102.88.108.30 - - [22/Jul/2026:12:55:37 +0000] "POST /wp-json/pys-facebook/v1/event HTTP/1.1" 200 16 "https://sgcakesandsurprises.shop/?elementor_library=all-our-service" "Mozilla/5.0 (Windows NT 10.0; Win64; x64) AppleWebKit/537.36 (KHTML, like Gecko) Chrome/150.0.0.0 Safari/537.36"
102.88.108.30 - - [22/Jul/2026:12:55:37 +0000] "GET /wp-admin/admin-ajax.php?action=pys_get_pbid HTTP/1.1" 200 1 "https://sgcakesandsurprises.shop/?elementor_library=all-our-service" "Mozilla/5.0 (Windows NT 10.0; Win64; x64) AppleWebKit/537.36 (KHTML, like Gecko) Chrome/150.0.0.0 Safari/537.36"
102.88.108.30 - - [22/Jul/2026:12:55:40 +0000] "POST /wp-admin/admin-ajax.php HTTP/1.1" 200 77 "https://sgcakesandsurprises.shop/wp-admin/post.php?post=311&action=elementor" "Mozilla/5.0 (Windows NT 10.0; Win64; x64) AppleWebKit/537.36 (KHTML, like Gecko) Chrome/150.0.0.0 Safari/537.36"
198.177.124.148 - - [22/Jul/2026:12:56:16 +0000] "POST /wp-cron.php?doing_wp_cron=1784724975.9934260845184326171875 HTTP/1.1" 200 - "-" "WordPress/7.0.2; https://sgcakesandsurprises.shop"
102.88.108.30 - - [22/Jul/2026:12:56:14 +0000] "POST /wp-admin/admin-ajax.php HTTP/1.1" 200 234 "https://sgcakesandsurprises.shop/?elementor_library=all-our-service" "Mozilla/5.0 (Windows NT 10.0; Win64; x64) AppleWebKit/537.36 (KHTML, like Gecko) Chrome/150.0.0.0 Safari/537.36"
102.88.108.30 - - [22/Jul/2026:12:56:26 +0000] "GET /?elementor_library=all-our-service HTTP/1.1" 200 269373 "https://sgcakesandsurprises.shop/wp-admin/post.php?post=311&action=elementor" "Mozilla/5.0 (Windows NT 10.0; Win64; x64) AppleWebKit/537.36 (KHTML, like Gecko) Chrome/150.0.0.0 Safari/537.36"
102.88.108.30 - - [22/Jul/2026:12:56:28 +0000] "GET /wp-content/uploads/elementor/css/post-421.css?ver=1784723730 HTTP/1.1" 304 - "https://sgcakesandsurprises.shop/?elementor_library=all-our-service" "Mozilla/5.0 (Windows NT 10.0; Win64; x64) AppleWebKit/537.36 (KHTML, like Gecko) Chrome/150.0.0.0 Safari/537.36"
102.88.108.30 - - [22/Jul/2026:12:56:29 +0000] "GET /wp-content/uploads/elementor/css/local-421-frontend-desktop.css?ver=6a60b9128d278 HTTP/1.1" 304 - "https://sgcakesandsurprises.shop/?elementor_library=all-our-service" "Mozilla/5.0 (Windows NT 10.0; Win64; x64) AppleWebKit/537.36 (KHTML, like Gecko) Chrome/150.0.0.0 Safari/537.36"
102.88.108.30 - - [22/Jul/2026:12:56:30 +0000] "GET /wp-content/uploads/elementor/css/local-421-frontend-mobile.css?ver=6a60b9128d278 HTTP/1.1" 304 - "https://sgcakesandsurprises.shop/?elementor_library=all-our-service" "Mozilla/5.0 (Windows NT 10.0; Win64; x64) AppleWebKit/537.36 (KHTML, like Gecko) Chrome/150.0.0.0 Safari/537.36"
102.88.108.30 - - [22/Jul/2026:12:56:33 +0000] "POST /wp-json/pys-facebook/v1/event HTTP/1.1" 200 16 "https://sgcakesandsurprises.shop/?elementor_library=all-our-service" "Mozilla/5.0 (Windows NT 10.0; Win64; x64) AppleWebKit/537.36 (KHTML, like Gecko) Chrome/150.0.0.0 Safari/537.36"
102.88.108.30 - - [22/Jul/2026:12:56:35 +0000] "GET /wp-content/uploads/2026/07/cropped-WhatsApp-Image-2026-07-16-at-2.15.30-PM-32x32.jpeg HTTP/1.1" 304 - "https://sgcakesandsurprises.shop/?elementor_library=all-our-service" "Mozilla/5.0 (Windows NT 10.0; Win64; x64) AppleWebKit/537.36 (KHTML, like Gecko) Chrome/150.0.0.0 Safari/537.36"
102.88.108.30 - - [22/Jul/2026:12:56:33 +0000] "GET /wp-admin/admin-ajax.php?action=pys_get_pbid HTTP/1.1" 200 1 "https://sgcakesandsurprises.shop/?elementor_library=all-our-service" "Mozilla/5.0 (Windows NT 10.0; Win64; x64) AppleWebKit/537.36 (KHTML, like Gecko) Chrome/150.0.0.0 Safari/537.36"
198.177.124.148 - - [22/Jul/2026:12:57:26 +0000] "POST /wp-cron.php?doing_wp_cron=1784725046.7930939197540283203125 HTTP/1.1" 200 - "-" "WordPress/7.0.2; https://sgcakesandsurprises.shop"
102.88.108.30 - - [22/Jul/2026:12:57:21 +0000] "POST /wp-admin/admin-ajax.php HTTP/1.1" 200 234 "https://sgcakesandsurprises.shop/?elementor_library=all-our-service" "Mozilla/5.0 (Windows NT 10.0; Win64; x64) AppleWebKit/537.36 (KHTML, like Gecko) Chrome/150.0.0.0 Safari/537.36"
173.252.70.29 - - [22/Jul/2026:12:57:32 +0000] "GET / HTTP/1.1" 200 101561 "-" "facebookexternalhit/1.1 (+http://www.facebook.com/externalhit_uatext.php)"
102.88.108.30 - - [22/Jul/2026:12:57:41 +0000] "POST /wp-admin/admin-ajax.php HTTP/1.1" 200 77 "https://sgcakesandsurprises.shop/wp-admin/post.php?post=311&action=elementor" "Mozilla/5.0 (Windows NT 10.0; Win64; x64) AppleWebKit/537.36 (KHTML, like Gecko) Chrome/150.0.0.0 Safari/537.36"
102.88.108.30 - - [22/Jul/2026:12:57:52 +0000] "GET /webmail HTTP/1.1" 200 34746 "-" "Mozilla/5.0 (Windows NT 10.0; Win64; x64) AppleWebKit/537.36 (KHTML, like Gecko) Chrome/150.0.0.0 Safari/537.36"
69.63.189.37 - - [22/Jul/2026:12:58:55 +0000] "GET /wp-content/themes/twentytwentyfour/assets/images/windows.webp HTTP/1.1" 200 126244 "-" "facebookexternalhit/1.1 (+http://www.facebook.com/externalhit_uatext.php)"
198.177.124.148 - - [22/Jul/2026:12:59:15 +0000] "POST /wp-cron.php?doing_wp_cron=1784725155.2129828929901123046875 HTTP/1.1" 200 - "-" "WordPress/7.0.2; https://sgcakesandsurprises.shop"
66.249.75.110 - - [22/Jul/2026:12:59:13 +0000] "GET /robots.txt HTTP/1.1" 301 - "-" "Mozilla/5.0 (compatible; Googlebot/2.1; +http://www.google.com/bot.html)"
66.249.77.101 - - [22/Jul/2026:12:59:15 +0000] "GET /robots.txt HTTP/1.1" 200 125 "-" "Mozilla/5.0 (compatible; Googlebot/2.1; +http://www.google.com/bot.html)"
102.88.108.30 - - [22/Jul/2026:12:59:43 +0000] "POST /wp-admin/admin-ajax.php HTTP/1.1" 200 77 "https://sgcakesandsurprises.shop/wp-admin/post.php?post=311&action=elementor" "Mozilla/5.0 (Windows NT 10.0; Win64; x64) AppleWebKit/537.36 (KHTML, like Gecko) Chrome/150.0.0.0 Safari/537.36"
102.88.108.30 - - [22/Jul/2026:13:01:26 +0000] "GET /wp-json/elementor/v1/checklist/user-progress HTTP/1.1" 200 534 "https://sgcakesandsurprises.shop/wp-admin/post.php?post=311&action=elementor" "Mozilla/5.0 (Windows NT 10.0; Win64; x64) AppleWebKit/537.36 (KHTML, like Gecko) Chrome/150.0.0.0 Safari/537.36"
102.88.108.30 - - [22/Jul/2026:13:01:26 +0000] "POST /wp-admin/admin-ajax.php HTTP/1.1" 200 77 "https://sgcakesandsurprises.shop/wp-admin/post.php?post=311&action=elementor" "Mozilla/5.0 (Windows NT 10.0; Win64; x64) AppleWebKit/537.36 (KHTML, like Gecko) Chrome/150.0.0.0 Safari/537.36"
102.88.108.30 - - [22/Jul/2026:13:01:36 +0000] "GET /wp-content/plugins/elementor/assets/lib/font-awesome/css/regular.min.css?ver=5.15.3 HTTP/1.1" 200 677 "https://sgcakesandsurprises.shop/wp-admin/post.php?post=311&action=elementor" "Mozilla/5.0 (Windows NT 10.0; Win64; x64) AppleWebKit/537.36 (KHTML, like Gecko) Chrome/150.0.0.0 Safari/537.36"
102.88.108.30 - - [22/Jul/2026:13:01:46 +0000] "GET /wp-content/plugins/elementor/assets/lib/font-awesome/css/solid.min.css?ver=5.15.3 HTTP/1.1" 200 669 "https://sgcakesandsurprises.shop/wp-admin/post.php?post=311&action=elementor" "Mozilla/5.0 (Windows NT 10.0; Win64; x64) AppleWebKit/537.36 (KHTML, like Gecko) Chrome/150.0.0.0 Safari/537.36"
102.88.108.30 - - [22/Jul/2026:13:01:46 +0000] "GET /wp-content/plugins/elementor/assets/lib/font-awesome/js/regular.js HTTP/1.1" 200 2264 "https://sgcakesandsurprises.shop/wp-admin/post.php?post=311&action=elementor" "Mozilla/5.0 (Windows NT 10.0; Win64; x64) AppleWebKit/537.36 (KHTML, like Gecko) Chrome/150.0.0.0 Safari/537.36"
102.88.108.30 - - [22/Jul/2026:13:01:46 +0000] "GET /wp-content/plugins/elementor/assets/lib/font-awesome/webfonts/fa-brands-400.woff2 HTTP/1.1" 200 81612 "https://sgcakesandsurprises.shop/wp-content/plugins/elementor/assets/lib/font-awesome/css/brands.min.css?ver=5.15.3" "Mozilla/5.0 (Windows NT 10.0; Win64; x64) AppleWebKit/537.36 (KHTML, like Gecko) Chrome/150.0.0.0 Safari/537.36"
102.88.108.30 - - [22/Jul/2026:13:01:47 +0000] "GET /wp-content/plugins/elementor/assets/lib/font-awesome/js/brands.js HTTP/1.1" 200 6410 "https://sgcakesandsurprises.shop/wp-admin/post.php?post=311&action=elementor" "Mozilla/5.0 (Windows NT 10.0; Win64; x64) AppleWebKit/537.36 (KHTML, like Gecko) Chrome/150.0.0.0 Safari/537.36"
102.88.108.30 - - [22/Jul/2026:13:01:47 +0000] "GET /wp-content/plugins/elementor/assets/lib/font-awesome/js/solid.js HTTP/1.1" 200 14604 "https://sgcakesandsurprises.shop/wp-admin/post.php?post=311&action=elementor" "Mozilla/5.0 (Windows NT 10.0; Win64; x64) AppleWebKit/537.36 (KHTML, like Gecko) Chrome/150.0.0.0 Safari/537.36"
102.88.108.30 - - [22/Jul/2026:13:01:47 +0000] "POST /wp-admin/admin-ajax.php HTTP/1.1" 200 77 "https://sgcakesandsurprises.shop/wp-admin/post.php?post=311&action=elementor" "Mozilla/5.0 (Windows NT 10.0; Win64; x64) AppleWebKit/537.36 (KHTML, like Gecko) Chrome/150.0.0.0 Safari/537.36"
102.88.108.30 - - [22/Jul/2026:13:01:55 +0000] "POST /wp-admin/admin-ajax.php HTTP/1.1" 200 77 "https://sgcakesandsurprises.shop/wp-admin/post.php?post=311&action=elementor" "Mozilla/5.0 (Windows NT 10.0; Win64; x64) AppleWebKit/537.36 (KHTML, like Gecko) Chrome/150.0.0.0 Safari/537.36"
198.177.124.148 - - [22/Jul/2026:13:04:00 +0000] "POST /wp-cron.php?doing_wp_cron=1784725439.9682519435882568359375 HTTP/1.1" 200 - "-" "WordPress/7.0.2; https://sgcakesandsurprises.shop"
102.88.108.30 - - [22/Jul/2026:13:03:57 +0000] "POST /wp-admin/admin-ajax.php HTTP/1.1" 200 77 "https://sgcakesandsurprises.shop/wp-admin/post.php?post=311&action=elementor" "Mozilla/5.0 (Windows NT 10.0; Win64; x64) AppleWebKit/537.36 (KHTML, like Gecko) Chrome/150.0.0.0 Safari/537.36"
198.177.124.148 - - [22/Jul/2026:13:05:35 +0000] "POST /wp-cron.php?doing_wp_cron=1784725535.3619730472564697265625 HTTP/1.1" 200 - "-" "WordPress/7.0.2; https://sgcakesandsurprises.shop"
102.88.108.30 - - [22/Jul/2026:13:05:33 +0000] "POST /wp-admin/admin-ajax.php HTTP/1.1" 200 77 "https://sgcakesandsurprises.shop/wp-admin/post.php?post=311&action=elementor" "Mozilla/5.0 (Windows NT 10.0; Win64; x64) AppleWebKit/537.36 (KHTML, like Gecko) Chrome/150.0.0.0 Safari/537.36"
102.88.108.30 - - [22/Jul/2026:13:05:33 +0000] "GET /wp-json/elementor/v1/checklist/user-progress HTTP/1.1" 200 534 "https://sgcakesandsurprises.shop/wp-admin/post.php?post=311&action=elementor" "Mozilla/5.0 (Windows NT 10.0; Win64; x64) AppleWebKit/537.36 (KHTML, like Gecko) Chrome/150.0.0.0 Safari/537.36"
102.88.108.30 - - [22/Jul/2026:13:05:38 +0000] "POST /wp-admin/admin-ajax.php HTTP/1.1" 200 47 "https://sgcakesandsurprises.shop/wp-admin/admin.php?page=wpforms-builder&view=settings&form_id=415§ion=notifications" "Mozilla/5.0 (Windows NT 10.0; Win64; x64) AppleWebKit/537.36 (KHTML, like Gecko) Chrome/150.0.0.0 Safari/537.36"
102.88.108.30 - - [22/Jul/2026:13:05:39 +0000] "POST /wp-admin/admin-ajax.php HTTP/1.1" 200 47 "https://sgcakesandsurprises.shop/wp-admin/admin.php?page=wpforms-builder&view=settings&form_id=411§ion=notifications" "Mozilla/5.0 (Windows NT 10.0; Win64; x64) AppleWebKit/537.36 (KHTML, like Gecko) Chrome/150.0.0.0 Safari/537.36"
102.88.108.30 - - [22/Jul/2026:13:05:45 +0000] "GET /wp-json/elementor/v1/checklist/user-progress HTTP/1.1" 200 534 "https://sgcakesandsurprises.shop/wp-admin/post.php?post=311&action=elementor" "Mozilla/5.0 (Windows NT 10.0; Win64; x64) AppleWebKit/537.36 (KHTML, like Gecko) Chrome/150.0.0.0 Safari/537.36"
102.88.108.30 - - [22/Jul/2026:13:05:48 +0000] "POST /wp-admin/admin-ajax.php HTTP/1.1" 200 77 "https://sgcakesandsurprises.shop/wp-admin/post.php?post=311&action=elementor" "Mozilla/5.0 (Windows NT 10.0; Win64; x64) AppleWebKit/537.36 (KHTML, like Gecko) Chrome/150.0.0.0 Safari/537.36"
198.177.124.148 - - [22/Jul/2026:13:05:53 +0000] "POST /wp-cron.php?doing_wp_cron=1784725553.2786440849304199218750 HTTP/1.1" 200 - "-" "WordPress/7.0.2; https://sgcakesandsurprises.shop"
102.88.108.30 - - [22/Jul/2026:13:05:51 +0000] "GET /wp-admin/edit.php?post_type=page HTTP/1.1" 200 334220 "https://sgcakesandsurprises.shop/wp-admin/" "Mozilla/5.0 (Windows NT 10.0; Win64; x64) AppleWebKit/537.36 (KHTML, like Gecko) Chrome/150.0.0.0 Safari/537.36"
102.88.108.30 - - [22/Jul/2026:13:05:55 +0000] "POST /wp-admin/admin-ajax.php HTTP/1.1" 200 47 "https://sgcakesandsurprises.shop/wp-admin/edit.php?post_type=page" "Mozilla/5.0 (Windows NT 10.0; Win64; x64) AppleWebKit/537.36 (KHTML, like Gecko) Chrome/150.0.0.0 Safari/537.36"
102.88.108.30 - - [22/Jul/2026:13:06:02 +0000] "GET /wp-content/plugins/pixelyoursite/dist/styles/select2.min.css?ver=7.0.2 HTTP/1.1" 200 16117 "https://sgcakesandsurprises.shop/wp-admin/admin.php?page=pixelyoursite" "Mozilla/5.0 (Windows NT 10.0; Win64; x64) AppleWebKit/537.36 (KHTML, like Gecko) Chrome/150.0.0.0 Safari/537.36"
102.88.108.30 - - [22/Jul/2026:13:06:03 +0000] "GET /wp-content/plugins/pixelyoursite/dist/styles/admin.min.css?ver=11.2.1 HTTP/1.1" 200 112098 "https://sgcakesandsurprises.shop/wp-admin/admin.php?page=pixelyoursite" "Mozilla/5.0 (Windows NT 10.0; Win64; x64) AppleWebKit/537.36 (KHTML, like Gecko) Chrome/150.0.0.0 Safari/537.36"
102.88.108.30 - - [22/Jul/2026:13:05:59 +0000] "GET /wp-admin/admin.php?page=pixelyoursite HTTP/1.1" 200 525181 "https://sgcakesandsurprises.shop/wp-admin/edit.php?post_type=page" "Mozilla/5.0 (Windows NT 10.0; Win64; x64) AppleWebKit/537.36 (KHTML, like Gecko) Chrome/150.0.0.0 Safari/537.36"
102.88.108.30 - - [22/Jul/2026:13:06:03 +0000] "GET /wp-content/plugins/pixelyoursite/dist/scripts/select2.min.js?ver=7.0.2 HTTP/1.1" 200 67236 "https://sgcakesandsurprises.shop/wp-admin/admin.php?page=pixelyoursite" "Mozilla/5.0 (Windows NT 10.0; Win64; x64) AppleWebKit/537.36 (KHTML, like Gecko) Chrome/150.0.0.0 Safari/537.36"
102.88.108.30 - - [22/Jul/2026:13:06:04 +0000] "GET /wp-content/plugins/pixelyoursite/dist/scripts/popper.min.js?ver=7.0.2 HTTP/1.1" 200 20121 "https://sgcakesandsurprises.shop/wp-admin/admin.php?page=pixelyoursite" "Mozilla/5.0 (Windows NT 10.0; Win64; x64) AppleWebKit/537.36 (KHTML, like Gecko) Chrome/150.0.0.0 Safari/537.36"
102.88.108.30 - - [22/Jul/2026:13:06:04 +0000] "GET /wp-content/plugins/pixelyoursite/dist/scripts/tippy.min.js?ver=7.0.2 HTTP/1.1" 200 92932 "https://sgcakesandsurprises.shop/wp-admin/admin.php?page=pixelyoursite" "Mozilla/5.0 (Windows NT 10.0; Win64; x64) AppleWebKit/537.36 (KHTML, like Gecko) Chrome/150.0.0.0 Safari/537.36"
102.88.108.30 - - [22/Jul/2026:13:06:04 +0000] "GET /wp-content/plugins/pixelyoursite/dist/scripts/bootstrap.min.js?ver=popper HTTP/1.1" 200 50555 "https://sgcakesandsurprises.shop/wp-admin/admin.php?page=pixelyoursite" "Mozilla/5.0 (Windows NT 10.0; Win64; x64) AppleWebKit/537.36 (KHTML, like Gecko) Chrome/150.0.0.0 Safari/537.36"
102.88.108.30 - - [22/Jul/2026:13:06:04 +0000] "GET /wp-content/plugins/pixelyoursite/dist/scripts/admin.js?ver=11.2.1 HTTP/1.1" 200 92200 "https://sgcakesandsurprises.shop/wp-admin/admin.php?page=pixelyoursite" "Mozilla/5.0 (Windows NT 10.0; Win64; x64) AppleWebKit/537.36 (KHTML, like Gecko) Chrome/150.0.0.0 Safari/537.36"
102.88.108.30 - - [22/Jul/2026:13:06:05 +0000] "GET /wp-content/plugins/pixelyoursite/dist/images/meta-logo.svg HTTP/1.1" 200 4409 "https://sgcakesandsurprises.shop/wp-admin/admin.php?page=pixelyoursite" "Mozilla/5.0 (Windows NT 10.0; Win64; x64) AppleWebKit/537.36 (KHTML, like Gecko) Chrome/150.0.0.0 Safari/537.36"
102.88.108.30 - - [22/Jul/2026:13:06:06 +0000] "GET /wp-content/plugins/pixelyoursite/dist/images/pinterest-square-small.svg HTTP/1.1" 200 1370 "https://sgcakesandsurprises.shop/wp-admin/admin.php?page=pixelyoursite" "Mozilla/5.0 (Windows NT 10.0; Win64; x64) AppleWebKit/537.36 (KHTML, like Gecko) Chrome/150.0.0.0 Safari/537.36"
102.88.108.30 - - [22/Jul/2026:13:06:06 +0000] "GET /wp-content/plugins/pixelyoursite/dist/images/microsoft-small-square.svg HTTP/1.1" 200 1500 "https://sgcakesandsurprises.shop/wp-admin/admin.php?page=pixelyoursite" "Mozilla/5.0 (Windows NT 10.0; Win64; x64) AppleWebKit/537.36 (KHTML, like Gecko) Chrome/150.0.0.0 Safari/537.36"
102.88.108.30 - - [22/Jul/2026:13:06:06 +0000] "GET /wp-content/plugins/pixelyoursite/dist/images/tiktok-logo.svg HTTP/1.1" 200 3399 "https://sgcakesandsurprises.shop/wp-admin/admin.php?page=pixelyoursite" "Mozilla/5.0 (Windows NT 10.0; Win64; x64) AppleWebKit/537.36 (KHTML, like Gecko) Chrome/150.0.0.0 Safari/537.36"
102.88.108.30 - - [22/Jul/2026:13:06:06 +0000] "GET /wp-content/plugins/pixelyoursite/dist/images/google-ads-square-small.svg HTTP/1.1" 200 1861 "https://sgcakesandsurprises.shop/wp-admin/admin.php?page=pixelyoursite" "Mozilla/5.0 (Windows NT 10.0; Win64; x64) AppleWebKit/537.36 (KHTML, like Gecko) Chrome/150.0.0.0 Safari/537.36"
102.88.108.30 - - [22/Jul/2026:13:06:06 +0000] "GET /wp-content/plugins/pixelyoursite/dist/images/reddit-logo.svg HTTP/1.1" 200 1248 "https://sgcakesandsurprises.shop/wp-admin/admin.php?page=pixelyoursite" "Mozilla/5.0 (Windows NT 10.0; Win64; x64) AppleWebKit/537.36 (KHTML, like Gecko) Chrome/150.0.0.0 Safari/537.36"
102.88.108.30 - - [22/Jul/2026:13:06:06 +0000] "GET /wp-content/plugins/pixelyoursite/dist/images/google-analytics-logo.svg HTTP/1.1" 200 896 "https://sgcakesandsurprises.shop/wp-admin/admin.php?page=pixelyoursite" "Mozilla/5.0 (Windows NT 10.0; Win64; x64) AppleWebKit/537.36 (KHTML, like Gecko) Chrome/150.0.0.0 Safari/537.36"
102.88.108.30 - - [22/Jul/2026:13:06:06 +0000] "GET /wp-content/plugins/pixelyoursite/dist/images/gtm-logo.svg HTTP/1.1" 200 5248 "https://sgcakesandsurprises.shop/wp-admin/admin.php?page=pixelyoursite" "Mozilla/5.0 (Windows NT 10.0; Win64; x64) AppleWebKit/537.36 (KHTML, like Gecko) Chrome/150.0.0.0 Safari/537.36"
102.88.108.30 - - [22/Jul/2026:13:06:06 +0000] "GET /wp-content/plugins/pixelyoursite/dist/images/filter-icon.svg HTTP/1.1" 200 3332 "https://sgcakesandsurprises.shop/wp-admin/admin.php?page=pixelyoursite" "Mozilla/5.0 (Windows NT 10.0; Win64; x64) AppleWebKit/537.36 (KHTML, like Gecko) Chrome/150.0.0.0 Safari/537.36"
102.88.108.30 - - [22/Jul/2026:13:06:06 +0000] "GET /wp-content/plugins/pixelyoursite/dist/images/logs-icon.svg HTTP/1.1" 200 3469 "https://sgcakesandsurprises.shop/wp-admin/admin.php?page=pixelyoursite" "Mozilla/5.0 (Windows NT 10.0; Win64; x64) AppleWebKit/537.36 (KHTML, like Gecko) Chrome/150.0.0.0 Safari/537.36"
102.88.108.30 - - [22/Jul/2026:13:06:06 +0000] "GET /wp-content/plugins/pixelyoursite/dist/images/google-tags-logo.svg HTTP/1.1" 200 1458 "https://sgcakesandsurprises.shop/wp-admin/admin.php?page=pixelyoursite" "Mozilla/5.0 (Windows NT 10.0; Win64; x64) AppleWebKit/537.36 (KHTML, like Gecko) Chrome/150.0.0.0 Safari/537.36"
102.88.108.30 - - [22/Jul/2026:13:06:06 +0000] "GET /wp-content/plugins/pixelyoursite/dist/images/superpack-logo.svg HTTP/1.1" 200 13491 "https://sgcakesandsurprises.shop/wp-admin/admin.php?page=pixelyoursite" "Mozilla/5.0 (Windows NT 10.0; Win64; x64) AppleWebKit/537.36 (KHTML, like Gecko) Chrome/150.0.0.0 Safari/537.36"
102.88.108.30 - - [22/Jul/2026:13:06:06 +0000] "GET /wp-content/plugins/pixelyoursite/dist/images/alert.svg HTTP/1.1" 200 1356 "https://sgcakesandsurprises.shop/wp-admin/admin.php?page=pixelyoursite" "Mozilla/5.0 (Windows NT 10.0; Win64; x64) AppleWebKit/537.36 (KHTML, like Gecko) Chrome/150.0.0.0 Safari/537.36"
102.88.108.30 - - [22/Jul/2026:13:06:06 +0000] "GET /wp-content/plugins/pixelyoursite/dist/images/crown.svg HTTP/1.1" 200 1586 "https://sgcakesandsurprises.shop/wp-admin/admin.php?page=pixelyoursite" "Mozilla/5.0 (Windows NT 10.0; Win64; x64) AppleWebKit/537.36 (KHTML, like Gecko) Chrome/150.0.0.0 Safari/537.36"
102.88.108.30 - - [22/Jul/2026:13:06:06 +0000] "GET /wp-content/plugins/pixelyoursite/dist/images/youtube-logo.svg HTTP/1.1" 200 1377 "https://sgcakesandsurprises.shop/wp-admin/admin.php?page=pixelyoursite" "Mozilla/5.0 (Windows NT 10.0; Win64; x64) AppleWebKit/537.36 (KHTML, like Gecko) Chrome/150.0.0.0 Safari/537.36"
102.88.108.30 - - [22/Jul/2026:13:06:06 +0000] "GET /wp-content/plugins/pixelyoursite/dist/images/help-icon.svg HTTP/1.1" 200 2281 "https://sgcakesandsurprises.shop/wp-admin/admin.php?page=pixelyoursite" "Mozilla/5.0 (Windows NT 10.0; Win64; x64) AppleWebKit/537.36 (KHTML, like Gecko) Chrome/150.0.0.0 Safari/537.36"
102.88.108.30 - - [22/Jul/2026:13:06:06 +0000] "GET /wp-content/plugins/pixelyoursite/dist/images/info.svg HTTP/1.1" 200 1623 "https://sgcakesandsurprises.shop/wp-admin/admin.php?page=pixelyoursite" "Mozilla/5.0 (Windows NT 10.0; Win64; x64) AppleWebKit/537.36 (KHTML, like Gecko) Chrome/150.0.0.0 Safari/537.36"
102.88.108.30 - - [22/Jul/2026:13:06:41 +0000] "POST /wp-admin/admin-ajax.php HTTP/1.1" 200 47 "https://sgcakesandsurprises.shop/wp-admin/admin.php?page=wpforms-builder&view=settings&form_id=411§ion=notifications" "Mozilla/5.0 (Windows NT 10.0; Win64; x64) AppleWebKit/537.36 (KHTML, like Gecko) Chrome/150.0.0.0 Safari/537.36"
102.88.108.30 - - [22/Jul/2026:13:06:41 +0000] "POST /wp-admin/admin.php?page=pixelyoursite HTTP/1.1" 200 525176 "https://sgcakesandsurprises.shop/wp-admin/admin.php?page=pixelyoursite" "Mozilla/5.0 (Windows NT 10.0; Win64; x64) AppleWebKit/537.36 (KHTML, like Gecko) Chrome/150.0.0.0 Safari/537.36"
198.177.124.148 - - [22/Jul/2026:13:07:12 +0000] "POST /wp-cron.php?doing_wp_cron=1784725632.3939180374145507812500 HTTP/1.1" 200 - "-" "WordPress/7.0.2; https://sgcakesandsurprises.shop"
102.88.108.30 - - [22/Jul/2026:13:07:08 +0000] "POST /wp-admin/admin.php?page=pixelyoursite HTTP/1.1" 200 525176 "https://sgcakesandsurprises.shop/wp-admin/admin.php?page=pixelyoursite" "Mozilla/5.0 (Windows NT 10.0; Win64; x64) AppleWebKit/537.36 (KHTML, like Gecko) Chrome/150.0.0.0 Safari/537.36"
102.88.108.30 - - [22/Jul/2026:13:07:38 +0000] "POST /wp-admin/admin-ajax.php HTTP/1.1" 200 47 "https://sgcakesandsurprises.shop/wp-admin/admin.php?page=wpforms-builder&view=settings&form_id=415§ion=notifications" "Mozilla/5.0 (Windows NT 10.0; Win64; x64) AppleWebKit/537.36 (KHTML, like Gecko) Chrome/150.0.0.0 Safari/537.36"
198.177.124.148 - - [22/Jul/2026:13:08:20 +0000] "POST /wp-cron.php?doing_wp_cron=1784725700.6736280918121337890625 HTTP/1.1" 200 - "-" "WordPress/7.0.2; https://sgcakesandsurprises.shop"
102.88.108.30 - - [22/Jul/2026:13:08:16 +0000] "POST /wp-admin/admin-ajax.php HTTP/1.1" 200 47 "https://sgcakesandsurprises.shop/wp-admin/admin.php?page=pixelyoursite" "Mozilla/5.0 (Windows NT 10.0; Win64; x64) AppleWebKit/537.36 (KHTML, like Gecko) Chrome/150.0.0.0 Safari/537.36"
102.88.108.30 - - [22/Jul/2026:13:08:25 +0000] "POST /wp-admin/admin.php?page=pixelyoursite HTTP/1.1" 200 525174 "https://sgcakesandsurprises.shop/wp-admin/admin.php?page=pixelyoursite" "Mozilla/5.0 (Windows NT 10.0; Win64; x64) AppleWebKit/537.36 (KHTML, like Gecko) Chrome/150.0.0.0 Safari/537.36"
102.88.108.30 - - [22/Jul/2026:13:08:27 +0000] "POST /wp-admin/admin.php?page=pixelyoursite HTTP/1.1" 200 525176 "https://sgcakesandsurprises.shop/wp-admin/admin.php?page=pixelyoursite" "Mozilla/5.0 (Windows NT 10.0; Win64; x64) AppleWebKit/537.36 (KHTML, like Gecko) Chrome/150.0.0.0 Safari/537.36"
102.88.108.30 - - [22/Jul/2026:13:08:41 +0000] "POST /wp-admin/admin-ajax.php HTTP/1.1" 200 47 "https://sgcakesandsurprises.shop/wp-admin/admin.php?page=wpforms-builder&view=settings&form_id=411§ion=notifications" "Mozilla/5.0 (Windows NT 10.0; Win64; x64) AppleWebKit/537.36 (KHTML, like Gecko) Chrome/150.0.0.0 Safari/537.36"
198.177.124.148 - - [22/Jul/2026:13:09:20 +0000] "POST /wp-cron.php?doing_wp_cron=1784725760.6953060626983642578125 HTTP/1.1" 200 - "-" "WordPress/7.0.2; https://sgcakesandsurprises.shop"
216.73.163.36 - - [22/Jul/2026:13:09:16 +0000] "POST /wp-login.php HTTP/1.1" 503 18957 "-" "firefox|Mozilla/5.0 (Macintosh; Intel Mac OS X 10_12_5; en-US) Gecko/20100101 Firefox/45.6"
102.88.108.30 - - [22/Jul/2026:13:09:45 +0000] "POST /wp-admin/admin-ajax.php HTTP/1.1" 200 47 "https://sgcakesandsurprises.shop/wp-admin/admin.php?page=pixelyoursite" "Mozilla/5.0 (Windows NT 10.0; Win64; x64) AppleWebKit/537.36 (KHTML, like Gecko) Chrome/150.0.0.0 Safari/537.36"
102.88.108.30 - - [22/Jul/2026:13:09:45 +0000] "POST /wp-admin/admin-ajax.php HTTP/1.1" 200 47 "https://sgcakesandsurprises.shop/wp-admin/admin.php?page=wpforms-builder&view=settings&form_id=415§ion=notifications" "Mozilla/5.0 (Windows NT 10.0; Win64; x64) AppleWebKit/537.36 (KHTML, like Gecko) Chrome/150.0.0.0 Safari/537.36"
198.177.124.148 - - [22/Jul/2026:13:09:51 +0000] "POST /wp-cron.php?doing_wp_cron=1784725791.2644920349121093750000 HTTP/1.1" 200 - "-" "WordPress/7.0.2; https://sgcakesandsurprises.shop"
102.88.108.30 - - [22/Jul/2026:13:09:48 +0000] "POST /wp-admin/admin-ajax.php HTTP/1.1" 200 47 "https://sgcakesandsurprises.shop/wp-admin/options-general.php" "Mozilla/5.0 (Windows NT 10.0; Win64; x64) AppleWebKit/537.36 (KHTML, like Gecko) Chrome/150.0.0.0 Safari/537.36"
102.88.108.30 - - [22/Jul/2026:13:09:54 +0000] "GET /wp-admin/edit.php?post_type=page HTTP/1.1" 200 334239 "https://sgcakesandsurprises.shop/wp-admin/options-general.php" "Mozilla/5.0 (Windows NT 10.0; Win64; x64) AppleWebKit/537.36 (KHTML, like Gecko) Chrome/150.0.0.0 Safari/537.36"
102.88.108.30 - - [22/Jul/2026:13:10:06 +0000] "POST /wp-admin/admin-ajax.php HTTP/1.1" 200 47 "https://sgcakesandsurprises.shop/wp-admin/edit.php?post_type=page" "Mozilla/5.0 (Windows NT 10.0; Win64; x64) AppleWebKit/537.36 (KHTML, like Gecko) Chrome/150.0.0.0 Safari/537.36"
102.88.108.30 - - [22/Jul/2026:13:10:28 +0000] "POST /wp-admin/admin-ajax.php HTTP/1.1" 200 47 "https://sgcakesandsurprises.shop/wp-admin/edit.php?post_type=page" "Mozilla/5.0 (Windows NT 10.0; Win64; x64) AppleWebKit/537.36 (KHTML, like Gecko) Chrome/150.0.0.0 Safari/537.36"
102.88.108.30 - - [22/Jul/2026:13:10:29 +0000] "GET /our-service/ HTTP/1.1" 200 268583 "https://sgcakesandsurprises.shop/wp-admin/edit.php?post_type=page" "Mozilla/5.0 (Windows NT 10.0; Win64; x64) AppleWebKit/537.36 (KHTML, like Gecko) Chrome/150.0.0.0 Safari/537.36"
102.88.108.30 - - [22/Jul/2026:13:10:31 +0000] "POST /wp-admin/admin-ajax.php HTTP/1.1" 200 47 "https://sgcakesandsurprises.shop/wp-admin/edit.php?post_type=page" "Mozilla/5.0 (Windows NT 10.0; Win64; x64) AppleWebKit/537.36 (KHTML, like Gecko) Chrome/150.0.0.0 Safari/537.36"
102.88.108.30 - - [22/Jul/2026:13:10:44 +0000] "GET /wp-content/uploads/elementor/css/post-311.css?ver=1784725833 HTTP/1.1" 200 2249 "https://sgcakesandsurprises.shop/our-service/" "Mozilla/5.0 (Windows NT 10.0; Win64; x64) AppleWebKit/537.36 (KHTML, like Gecko) Chrome/150.0.0.0 Safari/537.36"
102.88.108.30 - - [22/Jul/2026:13:10:42 +0000] "POST /wp-admin/admin-ajax.php HTTP/1.1" 200 47 "https://sgcakesandsurprises.shop/wp-admin/admin.php?page=wpforms-builder&view=settings&form_id=411§ion=notifications" "Mozilla/5.0 (Windows NT 10.0; Win64; x64) AppleWebKit/537.36 (KHTML, like Gecko) Chrome/150.0.0.0 Safari/537.36"
102.88.108.30 - - [22/Jul/2026:13:10:44 +0000] "GET /wp-content/uploads/elementor/css/local-311-frontend-mobile.css?ver=6a60c149cc319 HTTP/1.1" 200 1770 "https://sgcakesandsurprises.shop/our-service/" "Mozilla/5.0 (Windows NT 10.0; Win64; x64) AppleWebKit/537.36 (KHTML, like Gecko) Chrome/150.0.0.0 Safari/537.36"
102.88.108.30 - - [22/Jul/2026:13:10:44 +0000] "GET /wp-content/uploads/elementor/css/local-311-frontend-desktop.css?ver=6a60c149cc319 HTTP/1.1" 200 2690 "https://sgcakesandsurprises.shop/our-service/" "Mozilla/5.0 (Windows NT 10.0; Win64; x64) AppleWebKit/537.36 (KHTML, like Gecko) Chrome/150.0.0.0 Safari/537.36"
102.88.108.30 - - [22/Jul/2026:13:10:46 +0000] "GET /wp-admin/admin-ajax.php?action=pys_get_pbid HTTP/1.1" 200 1 "https://sgcakesandsurprises.shop/our-service/" "Mozilla/5.0 (Windows NT 10.0; Win64; x64) AppleWebKit/537.36 (KHTML, like Gecko) Chrome/150.0.0.0 Safari/537.36"
102.88.108.30 - - [22/Jul/2026:13:10:46 +0000] "POST /wp-json/pys-facebook/v1/event HTTP/1.1" 200 16 "https://sgcakesandsurprises.shop/our-service/" "Mozilla/5.0 (Windows NT 10.0; Win64; x64) AppleWebKit/537.36 (KHTML, like Gecko) Chrome/150.0.0.0 Safari/537.36"
198.177.124.148 - - [22/Jul/2026:13:11:42 +0000] "POST /wp-cron.php?doing_wp_cron=1784725901.9816150665283203125000 HTTP/1.1" 200 - "-" "WordPress/7.0.2; https://sgcakesandsurprises.shop"
102.88.108.30 - - [22/Jul/2026:13:11:40 +0000] "POST /wp-admin/admin-ajax.php HTTP/1.1" 200 47 "https://sgcakesandsurprises.shop/wp-admin/admin.php?page=pixelyoursite" "Mozilla/5.0 (Windows NT 10.0; Win64; x64) AppleWebKit/537.36 (KHTML, like Gecko) Chrome/150.0.0.0 Safari/537.36"
102.88.108.30 - - [22/Jul/2026:13:11:40 +0000] "POST /wp-admin/admin-ajax.php HTTP/1.1" 200 47 "https://sgcakesandsurprises.shop/wp-admin/admin.php?page=wpforms-builder&view=settings&form_id=415§ion=notifications" "Mozilla/5.0 (Windows NT 10.0; Win64; x64) AppleWebKit/537.36 (KHTML, like Gecko) Chrome/150.0.0.0 Safari/537.36"
198.177.124.148 - - [22/Jul/2026:13:12:47 +0000] "POST /wp-cron.php?doing_wp_cron=1784725967.6673440933227539062500 HTTP/1.1" 200 - "-" "WordPress/7.0.2; https://sgcakesandsurprises.shop"
102.88.108.30 - - [22/Jul/2026:13:12:45 +0000] "POST /wp-admin/admin-ajax.php HTTP/1.1" 200 47 "https://sgcakesandsurprises.shop/wp-admin/admin.php?page=wpforms-builder&view=settings&form_id=411§ion=notifications" "Mozilla/5.0 (Windows NT 10.0; Win64; x64) AppleWebKit/537.36 (KHTML, like Gecko) Chrome/150.0.0.0 Safari/537.36"
198.177.124.148 - - [22/Jul/2026:13:13:45 +0000] "POST /wp-cron.php?doing_wp_cron=1784726025.2740249633789062500000 HTTP/1.1" 200 - "-" "WordPress/7.0.2; https://sgcakesandsurprises.shop"
102.88.108.30 - - [22/Jul/2026:13:13:40 +0000] "POST /wp-admin/admin-ajax.php HTTP/1.1" 200 47 "https://sgcakesandsurprises.shop/wp-admin/admin.php?page=pixelyoursite" "Mozilla/5.0 (Windows NT 10.0; Win64; x64) AppleWebKit/537.36 (KHTML, like Gecko) Chrome/150.0.0.0 Safari/537.36"
102.88.108.30 - - [22/Jul/2026:13:13:44 +0000] "POST /wp-admin/admin-ajax.php HTTP/1.1" 200 47 "https://sgcakesandsurprises.shop/wp-admin/admin.php?page=wpforms-builder&view=settings&form_id=415§ion=notifications" "Mozilla/5.0 (Windows NT 10.0; Win64; x64) AppleWebKit/537.36 (KHTML, like Gecko) Chrome/150.0.0.0 Safari/537.36"
102.88.108.30 - - [22/Jul/2026:13:14:45 +0000] "POST /wp-admin/admin-ajax.php HTTP/1.1" 200 47 "https://sgcakesandsurprises.shop/wp-admin/admin.php?page=wpforms-builder&view=settings&form_id=411§ion=notifications" "Mozilla/5.0 (Windows NT 10.0; Win64; x64) AppleWebKit/537.36 (KHTML, like Gecko) Chrome/150.0.0.0 Safari/537.36"
198.177.124.148 - - [22/Jul/2026:13:15:51 +0000] "POST /wp-cron.php?doing_wp_cron=1784726150.6942739486694335937500 HTTP/1.1" 200 - "-" "WordPress/7.0.2; https://sgcakesandsurprises.shop"
102.88.108.30 - - [22/Jul/2026:13:15:41 +0000] "POST /wp-admin/admin-ajax.php HTTP/1.1" 200 47 "https://sgcakesandsurprises.shop/wp-admin/admin.php?page=pixelyoursite" "Mozilla/5.0 (Windows NT 10.0; Win64; x64) AppleWebKit/537.36 (KHTML, like Gecko) Chrome/150.0.0.0 Safari/537.36"
102.88.108.30 - - [22/Jul/2026:13:17:44 +0000] "POST /wp-admin/admin-ajax.php HTTP/1.1" 200 47 "https://sgcakesandsurprises.shop/wp-admin/admin.php?page=pixelyoursite" "Mozilla/5.0 (Windows NT 10.0; Win64; x64) AppleWebKit/537.36 (KHTML, like Gecko) Chrome/150.0.0.0 Safari/537.36"
198.177.124.148 - - [22/Jul/2026:13:19:54 +0000] "POST /wp-cron.php?doing_wp_cron=1784726394.9729630947113037109375 HTTP/1.1" 200 - "-" "WordPress/7.0.2; https://sgcakesandsurprises.shop"
102.88.108.30 - - [22/Jul/2026:13:19:51 +0000] "POST /wp-admin/admin-ajax.php HTTP/1.1" 200 47 "https://sgcakesandsurprises.shop/wp-admin/admin.php?page=pixelyoursite" "Mozilla/5.0 (Windows NT 10.0; Win64; x64) AppleWebKit/537.36 (KHTML, like Gecko) Chrome/150.0.0.0 Safari/537.36"
34.76.117.34 - - [22/Jul/2026:13:20:34 +0000] "GET / HTTP/1.1" 200 101561 "-" "Mozilla/5.0 (Windows NT 10.0; Win64; x64; rv:130.0) Gecko/20100101 Firefox/130.0"
198.177.124.148 - - [22/Jul/2026:13:21:47 +0000] "POST /wp-cron.php?doing_wp_cron=1784726507.4650979042053222656250 HTTP/1.1" 200 - "-" "WordPress/7.0.2; https://sgcakesandsurprises.shop"
102.88.108.30 - - [22/Jul/2026:13:21:45 +0000] "POST /wp-admin/admin-ajax.php HTTP/1.1" 200 47 "https://sgcakesandsurprises.shop/wp-admin/admin.php?page=pixelyoursite" "Mozilla/5.0 (Windows NT 10.0; Win64; x64) AppleWebKit/537.36 (KHTML, like Gecko) Chrome/150.0.0.0 Safari/537.36"
198.177.124.148 - - [22/Jul/2026:13:23:51 +0000] "POST /wp-cron.php?doing_wp_cron=1784726631.5639750957489013671875 HTTP/1.1" 200 - "-" "WordPress/7.0.2; https://sgcakesandsurprises.shop"
