102.89.23.236 - - [21/Jul/2026:12:32:26 +0000] "POST /wp-admin/admin-ajax.php HTTP/1.1" 200 77 "https://sgcakesandsurprises.shop/wp-admin/post.php?post=337&action=elementor" "Mozilla/5.0 (Windows NT 10.0; Win64; x64) AppleWebKit/537.36 (KHTML, like Gecko) Chrome/150.0.0.0 Safari/537.36"
102.89.23.236 - - [21/Jul/2026:12:32:29 +0000] "POST /wp-admin/admin-ajax.php HTTP/1.1" 200 591 "https://sgcakesandsurprises.shop/wp-admin/post.php?post=337&action=elementor" "Mozilla/5.0 (Windows NT 10.0; Win64; x64) AppleWebKit/537.36 (KHTML, like Gecko) Chrome/150.0.0.0 Safari/537.36"
102.89.23.236 - - [21/Jul/2026:12:32:33 +0000] "POST /wp-admin/admin-ajax.php HTTP/1.1" 200 111 "https://sgcakesandsurprises.shop/wp-admin/post.php?post=337&action=elementor" "Mozilla/5.0 (Windows NT 10.0; Win64; x64) AppleWebKit/537.36 (KHTML, like Gecko) Chrome/150.0.0.0 Safari/537.36"
102.89.23.236 - - [21/Jul/2026:12:32:32 +0000] "GET /wp-json/elementor/v1/template-library/templates?source=local HTTP/1.1" 200 4443 "https://sgcakesandsurprises.shop/wp-admin/post.php?post=337&action=elementor" "Mozilla/5.0 (Windows NT 10.0; Win64; x64) AppleWebKit/537.36 (KHTML, like Gecko) Chrome/150.0.0.0 Safari/537.36"
102.89.23.236 - - [21/Jul/2026:12:32:41 +0000] "POST /wp-admin/admin-ajax.php HTTP/1.1" 200 77 "https://sgcakesandsurprises.shop/wp-admin/post.php?post=337&action=elementor" "Mozilla/5.0 (Windows NT 10.0; Win64; x64) AppleWebKit/537.36 (KHTML, like Gecko) Chrome/150.0.0.0 Safari/537.36"
102.89.23.236 - - [21/Jul/2026:12:32:45 +0000] "GET /wp-content/uploads/elementor/css/post-348.css?ver=1784637164 HTTP/1.1" 200 2087 "https://sgcakesandsurprises.shop/?elementor_library=bags" "Mozilla/5.0 (Windows NT 10.0; Win64; x64) AppleWebKit/537.36 (KHTML, like Gecko) Chrome/150.0.0.0 Safari/537.36"
102.89.23.236 - - [21/Jul/2026:12:32:43 +0000] "GET /?elementor_library=bags HTTP/1.1" 200 237887 "https://sgcakesandsurprises.shop/wp-admin/post.php?post=337&action=elementor" "Mozilla/5.0 (Windows NT 10.0; Win64; x64) AppleWebKit/537.36 (KHTML, like Gecko) Chrome/150.0.0.0 Safari/537.36"
102.89.23.236 - - [21/Jul/2026:12:32:45 +0000] "GET /wp-content/uploads/elementor/css/local-348-frontend-desktop.css?ver=6a5f66ec9f594 HTTP/1.1" 200 1915 "https://sgcakesandsurprises.shop/?elementor_library=bags" "Mozilla/5.0 (Windows NT 10.0; Win64; x64) AppleWebKit/537.36 (KHTML, like Gecko) Chrome/150.0.0.0 Safari/537.36"
102.89.23.236 - - [21/Jul/2026:12:32:46 +0000] "GET /wp-content/uploads/elementor/css/local-348-frontend-mobile.css?ver=6a5f66ec9f594 HTTP/1.1" 200 1087 "https://sgcakesandsurprises.shop/?elementor_library=bags" "Mozilla/5.0 (Windows NT 10.0; Win64; x64) AppleWebKit/537.36 (KHTML, like Gecko) Chrome/150.0.0.0 Safari/537.36"
102.89.23.236 - - [21/Jul/2026:12:32:46 +0000] "GET /wp-content/uploads/2026/07/WhatsApp-Image-2026-07-14-at-10.46.00-AM-e1784635111815.jpeg HTTP/1.1" 304 - "https://sgcakesandsurprises.shop/?elementor_library=bags" "Mozilla/5.0 (Windows NT 10.0; Win64; x64) AppleWebKit/537.36 (KHTML, like Gecko) Chrome/150.0.0.0 Safari/537.36"
102.89.23.236 - - [21/Jul/2026:12:32:46 +0000] "GET /wp-content/uploads/2026/07/WhatsApp-Image-2026-07-12-at-5.40.23-AM-e1784635399410.jpeg HTTP/1.1" 304 - "https://sgcakesandsurprises.shop/?elementor_library=bags" "Mozilla/5.0 (Windows NT 10.0; Win64; x64) AppleWebKit/537.36 (KHTML, like Gecko) Chrome/150.0.0.0 Safari/537.36"
102.89.23.236 - - [21/Jul/2026:12:32:46 +0000] "GET /wp-admin/admin-ajax.php?action=pys_get_pbid HTTP/1.1" 200 1 "https://sgcakesandsurprises.shop/?elementor_library=bags" "Mozilla/5.0 (Windows NT 10.0; Win64; x64) AppleWebKit/537.36 (KHTML, like Gecko) Chrome/150.0.0.0 Safari/537.36"
102.89.23.236 - - [21/Jul/2026:12:32:46 +0000] "POST /wp-json/pys-facebook/v1/event HTTP/1.1" 200 16 "https://sgcakesandsurprises.shop/?elementor_library=bags" "Mozilla/5.0 (Windows NT 10.0; Win64; x64) AppleWebKit/537.36 (KHTML, like Gecko) Chrome/150.0.0.0 Safari/537.36"
198.177.124.148 - - [21/Jul/2026:12:33:17 +0000] "POST /wp-cron.php?doing_wp_cron=1784637197.7606580257415771484375 HTTP/1.1" 200 - "-" "WordPress/7.0.2; https://sgcakesandsurprises.shop"
102.89.23.236 - - [21/Jul/2026:12:33:16 +0000] "POST /wp-admin/admin-ajax.php HTTP/1.1" 200 77 "https://sgcakesandsurprises.shop/wp-admin/post.php?post=337&action=elementor" "Mozilla/5.0 (Windows NT 10.0; Win64; x64) AppleWebKit/537.36 (KHTML, like Gecko) Chrome/150.0.0.0 Safari/537.36"
102.89.23.236 - - [21/Jul/2026:12:33:16 +0000] "GET /wp-json/elementor/v1/checklist/user-progress HTTP/1.1" 200 534 "https://sgcakesandsurprises.shop/wp-admin/post.php?post=337&action=elementor" "Mozilla/5.0 (Windows NT 10.0; Win64; x64) AppleWebKit/537.36 (KHTML, like Gecko) Chrome/150.0.0.0 Safari/537.36"
102.89.23.236 - - [21/Jul/2026:12:33:25 +0000] "POST /wp-admin/admin-ajax.php HTTP/1.1" 200 47 "https://sgcakesandsurprises.shop/wp-admin/options-general.php" "Mozilla/5.0 (Windows NT 10.0; Win64; x64) AppleWebKit/537.36 (KHTML, like Gecko) Chrome/150.0.0.0 Safari/537.36"
102.89.23.236 - - [21/Jul/2026:12:33:29 +0000] "GET /wp-content/uploads/elementor/css/post-334.css?ver=1784632707 HTTP/1.1" 304 - "https://sgcakesandsurprises.shop/?elementor_library=cakejar" "Mozilla/5.0 (Windows NT 10.0; Win64; x64) AppleWebKit/537.36 (KHTML, like Gecko) Chrome/150.0.0.0 Safari/537.36"
102.89.23.236 - - [21/Jul/2026:12:33:26 +0000] "GET /?elementor_library=cakejar HTTP/1.1" 200 226079 "https://sgcakesandsurprises.shop/wp-admin/post.php?post=337&action=elementor" "Mozilla/5.0 (Windows NT 10.0; Win64; x64) AppleWebKit/537.36 (KHTML, like Gecko) Chrome/150.0.0.0 Safari/537.36"
102.89.23.236 - - [21/Jul/2026:12:33:29 +0000] "GET /wp-content/uploads/elementor/css/local-334-frontend-desktop.css?ver=6a5f55835d102 HTTP/1.1" 304 - "https://sgcakesandsurprises.shop/?elementor_library=cakejar" "Mozilla/5.0 (Windows NT 10.0; Win64; x64) AppleWebKit/537.36 (KHTML, like Gecko) Chrome/150.0.0.0 Safari/537.36"
102.89.23.236 - - [21/Jul/2026:12:33:29 +0000] "GET /wp-content/uploads/elementor/css/local-334-frontend-mobile.css?ver=6a5f55835d102 HTTP/1.1" 304 - "https://sgcakesandsurprises.shop/?elementor_library=cakejar" "Mozilla/5.0 (Windows NT 10.0; Win64; x64) AppleWebKit/537.36 (KHTML, like Gecko) Chrome/150.0.0.0 Safari/537.36"
102.89.23.236 - - [21/Jul/2026:12:33:30 +0000] "GET /wp-admin/admin-ajax.php?action=pys_get_pbid HTTP/1.1" 200 1 "https://sgcakesandsurprises.shop/?elementor_library=cakejar" "Mozilla/5.0 (Windows NT 10.0; Win64; x64) AppleWebKit/537.36 (KHTML, like Gecko) Chrome/150.0.0.0 Safari/537.36"
102.89.23.236 - - [21/Jul/2026:12:33:30 +0000] "POST /wp-json/pys-facebook/v1/event HTTP/1.1" 200 16 "https://sgcakesandsurprises.shop/?elementor_library=cakejar" "Mozilla/5.0 (Windows NT 10.0; Win64; x64) AppleWebKit/537.36 (KHTML, like Gecko) Chrome/150.0.0.0 Safari/537.36"
102.89.23.236 - - [21/Jul/2026:12:33:31 +0000] "POST /wp-admin/admin-ajax.php HTTP/1.1" 200 77 "https://sgcakesandsurprises.shop/wp-admin/post.php?post=337&action=elementor" "Mozilla/5.0 (Windows NT 10.0; Win64; x64) AppleWebKit/537.36 (KHTML, like Gecko) Chrome/150.0.0.0 Safari/537.36"
198.177.124.148 - - [21/Jul/2026:12:35:07 +0000] "POST /wp-cron.php?doing_wp_cron=1784637307.3956930637359619140625 HTTP/1.1" 200 - "-" "WordPress/7.0.2; https://sgcakesandsurprises.shop"
102.89.23.236 - - [21/Jul/2026:12:35:04 +0000] "POST /wp-admin/admin-ajax.php HTTP/1.1" 200 77 "https://sgcakesandsurprises.shop/wp-admin/post.php?post=337&action=elementor" "Mozilla/5.0 (Windows NT 10.0; Win64; x64) AppleWebKit/537.36 (KHTML, like Gecko) Chrome/150.0.0.0 Safari/537.36"
102.89.23.236 - - [21/Jul/2026:12:35:04 +0000] "GET /wp-json/elementor/v1/checklist/user-progress HTTP/1.1" 200 534 "https://sgcakesandsurprises.shop/wp-admin/post.php?post=337&action=elementor" "Mozilla/5.0 (Windows NT 10.0; Win64; x64) AppleWebKit/537.36 (KHTML, like Gecko) Chrome/150.0.0.0 Safari/537.36"
102.89.23.236 - - [21/Jul/2026:12:35:12 +0000] "GET /wp-admin/post.php?post=337&action=edit HTTP/1.1" 200 880986 "https://sgcakesandsurprises.shop/wp-admin/edit.php?post_type=page" "Mozilla/5.0 (Windows NT 10.0; Win64; x64) AppleWebKit/537.36 (KHTML, like Gecko) Chrome/150.0.0.0 Safari/537.36"
102.89.23.236 - - [21/Jul/2026:12:35:26 +0000] "POST /wp-admin/admin-ajax.php HTTP/1.1" 200 47 "https://sgcakesandsurprises.shop/wp-admin/options-general.php" "Mozilla/5.0 (Windows NT 10.0; Win64; x64) AppleWebKit/537.36 (KHTML, like Gecko) Chrome/150.0.0.0 Safari/537.36"
102.89.23.236 - - [21/Jul/2026:12:35:15 +0000] "GET /wp-admin/post.php?post=337&action=edit HTTP/1.1" 200 880833 "https://sgcakesandsurprises.shop/wp-admin/post.php?post=337&action=edit" "Mozilla/5.0 (Windows NT 10.0; Win64; x64) AppleWebKit/537.36 (KHTML, like Gecko) Chrome/150.0.0.0 Safari/537.36"
102.89.23.236 - - [21/Jul/2026:12:35:31 +0000] "GET /wp-content/uploads/2026/07/cropped-WhatsApp-Image-2026-07-16-at-2.15.30-PM.jpeg HTTP/1.1" 304 - "https://sgcakesandsurprises.shop/wp-admin/post.php?post=337&action=edit" "Mozilla/5.0 (Windows NT 10.0; Win64; x64) AppleWebKit/537.36 (KHTML, like Gecko) Chrome/150.0.0.0 Safari/537.36"
102.89.23.236 - - [21/Jul/2026:12:35:31 +0000] "GET /wp-json/wpforms/v1/themes/?_locale=user HTTP/1.1" 200 9111 "https://sgcakesandsurprises.shop/wp-admin/post.php?post=337&action=edit" "Mozilla/5.0 (Windows NT 10.0; Win64; x64) AppleWebKit/537.36 (KHTML, like Gecko) Chrome/150.0.0.0 Safari/537.36"
102.89.23.236 - - [21/Jul/2026:12:35:32 +0000] "OPTIONS /wp-json/wp/v2/settings?_locale=user HTTP/1.1" 200 5760 "https://sgcakesandsurprises.shop/wp-admin/post.php?post=337&action=edit" "Mozilla/5.0 (Windows NT 10.0; Win64; x64) AppleWebKit/537.36 (KHTML, like Gecko) Chrome/150.0.0.0 Safari/537.36"
102.89.23.236 - - [21/Jul/2026:12:35:32 +0000] "GET /wp-json/wp/v2/comments?context=edit&post=337&type=note&status=all&per_page=100&_locale=user HTTP/1.1" 200 2 "https://sgcakesandsurprises.shop/wp-admin/post.php?post=337&action=edit" "Mozilla/5.0 (Windows NT 10.0; Win64; x64) AppleWebKit/537.36 (KHTML, like Gecko) Chrome/150.0.0.0 Safari/537.36"
102.89.23.236 - - [21/Jul/2026:12:35:31 +0000] "GET /wp-json/wp/v2/templates/lookup?slug=front-page&_locale=user HTTP/1.1" 200 28360 "https://sgcakesandsurprises.shop/wp-admin/post.php?post=337&action=edit" "Mozilla/5.0 (Windows NT 10.0; Win64; x64) AppleWebKit/537.36 (KHTML, like Gecko) Chrome/150.0.0.0 Safari/537.36"
102.89.23.236 - - [21/Jul/2026:12:35:32 +0000] "GET /wp-json/wp/v2/wp_pattern_category?context=view&per_page=100&_fields=id%2Cname%2Cdescription%2Cslug&_locale=user HTTP/1.1" 200 2 "https://sgcakesandsurprises.shop/wp-admin/post.php?post=337&action=edit" "Mozilla/5.0 (Windows NT 10.0; Win64; x64) AppleWebKit/537.36 (KHTML, like Gecko) Chrome/150.0.0.0 Safari/537.36"
102.89.23.236 - - [21/Jul/2026:12:35:36 +0000] "GET /wp-json/wp/v2/templates?context=edit&per_page=100&_locale=user HTTP/1.1" 200 70477 "https://sgcakesandsurprises.shop/wp-admin/post.php?post=337&action=edit" "Mozilla/5.0 (Windows NT 10.0; Win64; x64) AppleWebKit/537.36 (KHTML, like Gecko) Chrome/150.0.0.0 Safari/537.36"
102.89.23.236 - - [21/Jul/2026:12:35:41 +0000] "POST /wp-admin/admin-ajax.php HTTP/1.1" 200 98 "https://sgcakesandsurprises.shop/wp-admin/post.php?post=337&action=edit" "Mozilla/5.0 (Windows NT 10.0; Win64; x64) AppleWebKit/537.36 (KHTML, like Gecko) Chrome/150.0.0.0 Safari/537.36"
198.177.124.148 - - [21/Jul/2026:12:35:53 +0000] "POST /wp-cron.php?doing_wp_cron=1784637353.5406489372253417968750 HTTP/1.1" 200 - "-" "WordPress/7.0.2; https://sgcakesandsurprises.shop"
102.89.23.236 - - [21/Jul/2026:12:35:51 +0000] "POST /wp-admin/admin-ajax.php HTTP/1.1" 200 98 "https://sgcakesandsurprises.shop/wp-admin/post.php?post=337&action=edit" "Mozilla/5.0 (Windows NT 10.0; Win64; x64) AppleWebKit/537.36 (KHTML, like Gecko) Chrome/150.0.0.0 Safari/537.36"
102.89.23.236 - - [21/Jul/2026:12:36:02 +0000] "POST /wp-admin/admin-ajax.php HTTP/1.1" 200 98 "https://sgcakesandsurprises.shop/wp-admin/post.php?post=337&action=edit" "Mozilla/5.0 (Windows NT 10.0; Win64; x64) AppleWebKit/537.36 (KHTML, like Gecko) Chrome/150.0.0.0 Safari/537.36"
102.89.23.236 - - [21/Jul/2026:12:36:11 +0000] "POST /wp-admin/admin-ajax.php HTTP/1.1" 200 98 "https://sgcakesandsurprises.shop/wp-admin/post.php?post=337&action=edit" "Mozilla/5.0 (Windows NT 10.0; Win64; x64) AppleWebKit/537.36 (KHTML, like Gecko) Chrome/150.0.0.0 Safari/537.36"
102.89.23.236 - - [21/Jul/2026:12:36:22 +0000] "POST /wp-admin/admin-ajax.php HTTP/1.1" 200 98 "https://sgcakesandsurprises.shop/wp-admin/post.php?post=337&action=edit" "Mozilla/5.0 (Windows NT 10.0; Win64; x64) AppleWebKit/537.36 (KHTML, like Gecko) Chrome/150.0.0.0 Safari/537.36"
102.89.23.236 - - [21/Jul/2026:12:36:31 +0000] "POST /wp-admin/admin-ajax.php HTTP/1.1" 200 98 "https://sgcakesandsurprises.shop/wp-admin/post.php?post=337&action=edit" "Mozilla/5.0 (Windows NT 10.0; Win64; x64) AppleWebKit/537.36 (KHTML, like Gecko) Chrome/150.0.0.0 Safari/537.36"
102.89.23.236 - - [21/Jul/2026:12:36:42 +0000] "POST /wp-admin/admin-ajax.php HTTP/1.1" 200 98 "https://sgcakesandsurprises.shop/wp-admin/post.php?post=337&action=edit" "Mozilla/5.0 (Windows NT 10.0; Win64; x64) AppleWebKit/537.36 (KHTML, like Gecko) Chrome/150.0.0.0 Safari/537.36"
198.177.124.148 - - [21/Jul/2026:12:36:53 +0000] "POST /wp-cron.php?doing_wp_cron=1784637413.4276030063629150390625 HTTP/1.1" 200 - "-" "WordPress/7.0.2; https://sgcakesandsurprises.shop"
102.89.23.236 - - [21/Jul/2026:12:36:51 +0000] "POST /wp-admin/admin-ajax.php HTTP/1.1" 200 98 "https://sgcakesandsurprises.shop/wp-admin/post.php?post=337&action=edit" "Mozilla/5.0 (Windows NT 10.0; Win64; x64) AppleWebKit/537.36 (KHTML, like Gecko) Chrome/150.0.0.0 Safari/537.36"
102.89.23.236 - - [21/Jul/2026:12:37:02 +0000] "POST /wp-admin/admin-ajax.php HTTP/1.1" 200 98 "https://sgcakesandsurprises.shop/wp-admin/post.php?post=337&action=edit" "Mozilla/5.0 (Windows NT 10.0; Win64; x64) AppleWebKit/537.36 (KHTML, like Gecko) Chrome/150.0.0.0 Safari/537.36"
102.89.23.236 - - [21/Jul/2026:12:37:11 +0000] "POST /wp-admin/admin-ajax.php HTTP/1.1" 200 98 "https://sgcakesandsurprises.shop/wp-admin/post.php?post=337&action=edit" "Mozilla/5.0 (Windows NT 10.0; Win64; x64) AppleWebKit/537.36 (KHTML, like Gecko) Chrome/150.0.0.0 Safari/537.36"
102.89.23.236 - - [21/Jul/2026:12:37:22 +0000] "POST /wp-admin/admin-ajax.php HTTP/1.1" 200 98 "https://sgcakesandsurprises.shop/wp-admin/post.php?post=337&action=edit" "Mozilla/5.0 (Windows NT 10.0; Win64; x64) AppleWebKit/537.36 (KHTML, like Gecko) Chrome/150.0.0.0 Safari/537.36"
102.89.23.236 - - [21/Jul/2026:12:37:26 +0000] "POST /wp-admin/admin-ajax.php HTTP/1.1" 200 47 "https://sgcakesandsurprises.shop/wp-admin/options-general.php" "Mozilla/5.0 (Windows NT 10.0; Win64; x64) AppleWebKit/537.36 (KHTML, like Gecko) Chrome/150.0.0.0 Safari/537.36"
102.89.23.236 - - [21/Jul/2026:12:37:31 +0000] "POST /wp-admin/admin-ajax.php HTTP/1.1" 200 98 "https://sgcakesandsurprises.shop/wp-admin/post.php?post=337&action=edit" "Mozilla/5.0 (Windows NT 10.0; Win64; x64) AppleWebKit/537.36 (KHTML, like Gecko) Chrome/150.0.0.0 Safari/537.36"
102.89.23.236 - - [21/Jul/2026:12:37:41 +0000] "POST /wp-admin/admin-ajax.php HTTP/1.1" 200 98 "https://sgcakesandsurprises.shop/wp-admin/post.php?post=337&action=edit" "Mozilla/5.0 (Windows NT 10.0; Win64; x64) AppleWebKit/537.36 (KHTML, like Gecko) Chrome/150.0.0.0 Safari/537.36"
198.177.124.148 - - [21/Jul/2026:12:37:53 +0000] "POST /wp-cron.php?doing_wp_cron=1784637473.8499810695648193359375 HTTP/1.1" 200 - "-" "WordPress/7.0.2; https://sgcakesandsurprises.shop"
102.89.23.236 - - [21/Jul/2026:12:37:52 +0000] "POST /wp-admin/admin-ajax.php HTTP/1.1" 200 98 "https://sgcakesandsurprises.shop/wp-admin/post.php?post=337&action=edit" "Mozilla/5.0 (Windows NT 10.0; Win64; x64) AppleWebKit/537.36 (KHTML, like Gecko) Chrome/150.0.0.0 Safari/537.36"
102.89.23.236 - - [21/Jul/2026:12:38:01 +0000] "POST /wp-admin/admin-ajax.php HTTP/1.1" 200 98 "https://sgcakesandsurprises.shop/wp-admin/post.php?post=337&action=edit" "Mozilla/5.0 (Windows NT 10.0; Win64; x64) AppleWebKit/537.36 (KHTML, like Gecko) Chrome/150.0.0.0 Safari/537.36"
102.89.23.236 - - [21/Jul/2026:12:38:12 +0000] "POST /wp-admin/admin-ajax.php HTTP/1.1" 200 98 "https://sgcakesandsurprises.shop/wp-admin/post.php?post=337&action=edit" "Mozilla/5.0 (Windows NT 10.0; Win64; x64) AppleWebKit/537.36 (KHTML, like Gecko) Chrome/150.0.0.0 Safari/537.36"
198.177.124.148 - - [21/Jul/2026:12:39:30 +0000] "POST /wp-cron.php?doing_wp_cron=1784637570.4168078899383544921875 HTTP/1.1" 200 - "-" "WordPress/7.0.2; https://sgcakesandsurprises.shop"
102.89.23.236 - - [21/Jul/2026:12:39:28 +0000] "POST /wp-admin/admin-ajax.php HTTP/1.1" 200 47 "https://sgcakesandsurprises.shop/wp-admin/options-general.php" "Mozilla/5.0 (Windows NT 10.0; Win64; x64) AppleWebKit/537.36 (KHTML, like Gecko) Chrome/150.0.0.0 Safari/537.36"
198.177.124.148 - - [21/Jul/2026:12:40:13 +0000] "POST /wp-cron.php?doing_wp_cron=1784637613.3971021175384521484375 HTTP/1.1" 200 - "-" "WordPress/7.0.2; https://sgcakesandsurprises.shop"
102.89.23.236 - - [21/Jul/2026:12:40:11 +0000] "POST /wp-admin/admin-ajax.php HTTP/1.1" 200 98 "https://sgcakesandsurprises.shop/wp-admin/post.php?post=337&action=edit" "Mozilla/5.0 (Windows NT 10.0; Win64; x64) AppleWebKit/537.36 (KHTML, like Gecko) Chrome/150.0.0.0 Safari/537.36"
102.89.23.236 - - [21/Jul/2026:12:40:25 +0000] "POST /wp-admin/admin-ajax.php HTTP/1.1" 200 98 "https://sgcakesandsurprises.shop/wp-admin/post.php?post=337&action=edit" "Mozilla/5.0 (Windows NT 10.0; Win64; x64) AppleWebKit/537.36 (KHTML, like Gecko) Chrome/150.0.0.0 Safari/537.36"
102.89.23.236 - - [21/Jul/2026:12:40:34 +0000] "POST /wp-admin/admin-ajax.php HTTP/1.1" 200 98 "https://sgcakesandsurprises.shop/wp-admin/post.php?post=337&action=edit" "Mozilla/5.0 (Windows NT 10.0; Win64; x64) AppleWebKit/537.36 (KHTML, like Gecko) Chrome/150.0.0.0 Safari/537.36"
198.177.124.148 - - [21/Jul/2026:12:41:31 +0000] "POST /wp-cron.php?doing_wp_cron=1784637691.6436629295349121093750 HTTP/1.1" 200 - "-" "WordPress/7.0.2; https://sgcakesandsurprises.shop"
102.89.23.236 - - [21/Jul/2026:12:41:29 +0000] "POST /wp-admin/admin-ajax.php HTTP/1.1" 200 47 "https://sgcakesandsurprises.shop/wp-admin/options-general.php" "Mozilla/5.0 (Windows NT 10.0; Win64; x64) AppleWebKit/537.36 (KHTML, like Gecko) Chrome/150.0.0.0 Safari/537.36"
198.177.124.148 - - [21/Jul/2026:12:42:48 +0000] "POST /wp-cron.php?doing_wp_cron=1784637768.4158830642700195312500 HTTP/1.1" 200 - "-" "WordPress/7.0.2; https://sgcakesandsurprises.shop"
102.89.23.236 - - [21/Jul/2026:12:42:46 +0000] "POST /wp-admin/admin-ajax.php HTTP/1.1" 200 98 "https://sgcakesandsurprises.shop/wp-admin/post.php?post=337&action=edit" "Mozilla/5.0 (Windows NT 10.0; Win64; x64) AppleWebKit/537.36 (KHTML, like Gecko) Chrome/150.0.0.0 Safari/537.36"
198.177.124.148 - - [21/Jul/2026:12:43:31 +0000] "POST /wp-cron.php?doing_wp_cron=1784637811.8869030475616455078125 HTTP/1.1" 200 - "-" "WordPress/7.0.2; https://sgcakesandsurprises.shop"
102.89.23.236 - - [21/Jul/2026:12:43:29 +0000] "POST /wp-admin/admin-ajax.php HTTP/1.1" 200 47 "https://sgcakesandsurprises.shop/wp-admin/options-general.php" "Mozilla/5.0 (Windows NT 10.0; Win64; x64) AppleWebKit/537.36 (KHTML, like Gecko) Chrome/150.0.0.0 Safari/537.36"
198.177.124.148 - - [21/Jul/2026:12:44:49 +0000] "POST /wp-cron.php?doing_wp_cron=1784637889.1478440761566162109375 HTTP/1.1" 200 - "-" "WordPress/7.0.2; https://sgcakesandsurprises.shop"
102.89.23.236 - - [21/Jul/2026:12:44:47 +0000] "POST /wp-admin/admin-ajax.php HTTP/1.1" 200 98 "https://sgcakesandsurprises.shop/wp-admin/post.php?post=337&action=edit" "Mozilla/5.0 (Windows NT 10.0; Win64; x64) AppleWebKit/537.36 (KHTML, like Gecko) Chrome/150.0.0.0 Safari/537.36"
198.177.124.148 - - [21/Jul/2026:12:45:33 +0000] "POST /wp-cron.php?doing_wp_cron=1784637933.6356298923492431640625 HTTP/1.1" 200 - "-" "WordPress/7.0.2; https://sgcakesandsurprises.shop"
102.89.23.236 - - [21/Jul/2026:12:45:30 +0000] "POST /wp-admin/admin-ajax.php HTTP/1.1" 200 47 "https://sgcakesandsurprises.shop/wp-admin/options-general.php" "Mozilla/5.0 (Windows NT 10.0; Win64; x64) AppleWebKit/537.36 (KHTML, like Gecko) Chrome/150.0.0.0 Safari/537.36"
198.177.124.148 - - [21/Jul/2026:12:46:38 +0000] "POST /wp-cron.php?doing_wp_cron=1784637998.7697360515594482421875 HTTP/1.1" 200 - "-" "WordPress/7.0.2; https://sgcakesandsurprises.shop"
102.89.23.236 - - [21/Jul/2026:12:46:36 +0000] "POST /wp-admin/admin-ajax.php HTTP/1.1" 200 98 "https://sgcakesandsurprises.shop/wp-admin/post.php?post=337&action=edit" "Mozilla/5.0 (Windows NT 10.0; Win64; x64) AppleWebKit/537.36 (KHTML, like Gecko) Chrome/150.0.0.0 Safari/537.36"
102.89.23.236 - - [21/Jul/2026:12:46:45 +0000] "POST /wp-admin/admin-ajax.php HTTP/1.1" 200 98 "https://sgcakesandsurprises.shop/wp-admin/post-new.php?post_type=page" "Mozilla/5.0 (Windows NT 10.0; Win64; x64) AppleWebKit/537.36 (KHTML, like Gecko) Chrome/150.0.0.0 Safari/537.36"
198.177.124.148 - - [21/Jul/2026:12:47:33 +0000] "POST /wp-cron.php?doing_wp_cron=1784638053.7037630081176757812500 HTTP/1.1" 200 - "-" "WordPress/7.0.2; https://sgcakesandsurprises.shop"
102.89.23.236 - - [21/Jul/2026:12:47:32 +0000] "POST /wp-admin/admin-ajax.php HTTP/1.1" 200 47 "https://sgcakesandsurprises.shop/wp-admin/options-general.php" "Mozilla/5.0 (Windows NT 10.0; Win64; x64) AppleWebKit/537.36 (KHTML, like Gecko) Chrome/150.0.0.0 Safari/537.36"
102.89.23.236 - - [21/Jul/2026:12:47:46 +0000] "POST /wp-admin/admin-ajax.php HTTP/1.1" 200 98 "https://sgcakesandsurprises.shop/wp-admin/post-new.php?post_type=page" "Mozilla/5.0 (Windows NT 10.0; Win64; x64) AppleWebKit/537.36 (KHTML, like Gecko) Chrome/150.0.0.0 Safari/537.36"
198.177.124.148 - - [21/Jul/2026:12:47:59 +0000] "POST /wp-cron.php?doing_wp_cron=1784638079.1502790451049804687500 HTTP/1.1" 200 - "-" "WordPress/7.0.2; https://sgcakesandsurprises.shop"
102.89.23.236 - - [21/Jul/2026:12:47:57 +0000] "POST /wp-admin/admin-ajax.php HTTP/1.1" 200 98 "https://sgcakesandsurprises.shop/wp-admin/post-new.php?post_type=page" "Mozilla/5.0 (Windows NT 10.0; Win64; x64) AppleWebKit/537.36 (KHTML, like Gecko) Chrome/150.0.0.0 Safari/537.36"
102.89.23.236 - - [21/Jul/2026:12:47:57 +0000] "POST /wp-admin/admin-ajax.php HTTP/1.1" 200 1 "https://sgcakesandsurprises.shop/wp-admin/post-new.php?post_type=page" "Mozilla/5.0 (Windows NT 10.0; Win64; x64) AppleWebKit/537.36 (KHTML, like Gecko) Chrome/150.0.0.0 Safari/537.36"
102.89.23.236 - - [21/Jul/2026:12:47:57 +0000] "GET /wp-admin/edit.php?post_type=page HTTP/1.1" 200 330993 "https://sgcakesandsurprises.shop/wp-admin/" "Mozilla/5.0 (Windows NT 10.0; Win64; x64) AppleWebKit/537.36 (KHTML, like Gecko) Chrome/150.0.0.0 Safari/537.36"
102.89.23.236 - - [21/Jul/2026:12:48:02 +0000] "POST /wp-admin/admin-ajax.php HTTP/1.1" 200 47 "https://sgcakesandsurprises.shop/wp-admin/edit.php?post_type=page" "Mozilla/5.0 (Windows NT 10.0; Win64; x64) AppleWebKit/537.36 (KHTML, like Gecko) Chrome/150.0.0.0 Safari/537.36"
102.89.23.236 - - [21/Jul/2026:12:48:12 +0000] "POST /wp-admin/admin-ajax.php HTTP/1.1" 200 47 "https://sgcakesandsurprises.shop/wp-admin/edit.php?post_type=page" "Mozilla/5.0 (Windows NT 10.0; Win64; x64) AppleWebKit/537.36 (KHTML, like Gecko) Chrome/150.0.0.0 Safari/537.36"
198.177.124.148 - - [21/Jul/2026:12:49:35 +0000] "POST /wp-cron.php?doing_wp_cron=1784638175.2916269302368164062500 HTTP/1.1" 200 - "-" "WordPress/7.0.2; https://sgcakesandsurprises.shop"
102.89.23.236 - - [21/Jul/2026:12:49:33 +0000] "POST /wp-admin/admin-ajax.php HTTP/1.1" 200 47 "https://sgcakesandsurprises.shop/wp-admin/options-general.php" "Mozilla/5.0 (Windows NT 10.0; Win64; x64) AppleWebKit/537.36 (KHTML, like Gecko) Chrome/150.0.0.0 Safari/537.36"
198.177.124.148 - - [21/Jul/2026:12:50:17 +0000] "POST /wp-cron.php?doing_wp_cron=1784638217.6228408813476562500000 HTTP/1.1" 200 - "-" "WordPress/7.0.2; https://sgcakesandsurprises.shop"
102.89.23.236 - - [21/Jul/2026:12:50:13 +0000] "POST /wp-admin/admin-ajax.php HTTP/1.1" 200 47 "https://sgcakesandsurprises.shop/wp-admin/edit.php?post_type=page" "Mozilla/5.0 (Windows NT 10.0; Win64; x64) AppleWebKit/537.36 (KHTML, like Gecko) Chrome/150.0.0.0 Safari/537.36"
198.177.124.148 - - [21/Jul/2026:12:51:36 +0000] "POST /wp-cron.php?doing_wp_cron=1784638296.7348349094390869140625 HTTP/1.1" 200 - "-" "WordPress/7.0.2; https://sgcakesandsurprises.shop"
102.89.23.236 - - [21/Jul/2026:12:51:34 +0000] "POST /wp-admin/admin-ajax.php HTTP/1.1" 200 47 "https://sgcakesandsurprises.shop/wp-admin/options-general.php" "Mozilla/5.0 (Windows NT 10.0; Win64; x64) AppleWebKit/537.36 (KHTML, like Gecko) Chrome/150.0.0.0 Safari/537.36"
198.177.124.148 - - [21/Jul/2026:12:52:17 +0000] "POST /wp-cron.php?doing_wp_cron=1784638337.2262439727783203125000 HTTP/1.1" 200 - "-" "WordPress/7.0.2; https://sgcakesandsurprises.shop"
102.89.23.236 - - [21/Jul/2026:12:52:14 +0000] "POST /wp-admin/admin-ajax.php HTTP/1.1" 200 47 "https://sgcakesandsurprises.shop/wp-admin/edit.php?post_type=page" "Mozilla/5.0 (Windows NT 10.0; Win64; x64) AppleWebKit/537.36 (KHTML, like Gecko) Chrome/150.0.0.0 Safari/537.36"
198.177.124.148 - - [21/Jul/2026:12:53:38 +0000] "POST /wp-cron.php?doing_wp_cron=1784638418.3992240428924560546875 HTTP/1.1" 200 - "-" "WordPress/7.0.2; https://sgcakesandsurprises.shop"
102.89.23.236 - - [21/Jul/2026:12:53:35 +0000] "POST /wp-admin/admin-ajax.php HTTP/1.1" 200 47 "https://sgcakesandsurprises.shop/wp-admin/options-general.php" "Mozilla/5.0 (Windows NT 10.0; Win64; x64) AppleWebKit/537.36 (KHTML, like Gecko) Chrome/150.0.0.0 Safari/537.36"
198.177.124.148 - - [21/Jul/2026:12:54:17 +0000] "POST /wp-cron.php?doing_wp_cron=1784638457.7810070514678955078125 HTTP/1.1" 200 - "-" "WordPress/7.0.2; https://sgcakesandsurprises.shop"
102.89.23.236 - - [21/Jul/2026:12:54:15 +0000] "POST /wp-admin/admin-ajax.php HTTP/1.1" 200 47 "https://sgcakesandsurprises.shop/wp-admin/edit.php?post_type=page" "Mozilla/5.0 (Windows NT 10.0; Win64; x64) AppleWebKit/537.36 (KHTML, like Gecko) Chrome/150.0.0.0 Safari/537.36"
198.177.124.148 - - [21/Jul/2026:12:55:39 +0000] "POST /wp-cron.php?doing_wp_cron=1784638539.4240930080413818359375 HTTP/1.1" 200 - "-" "WordPress/7.0.2; https://sgcakesandsurprises.shop"
102.89.23.236 - - [21/Jul/2026:12:55:36 +0000] "POST /wp-admin/admin-ajax.php HTTP/1.1" 200 47 "https://sgcakesandsurprises.shop/wp-admin/options-general.php" "Mozilla/5.0 (Windows NT 10.0; Win64; x64) AppleWebKit/537.36 (KHTML, like Gecko) Chrome/150.0.0.0 Safari/537.36"
198.177.124.148 - - [21/Jul/2026:12:56:19 +0000] "POST /wp-cron.php?doing_wp_cron=1784638579.1201009750366210937500 HTTP/1.1" 200 - "-" "WordPress/7.0.2; https://sgcakesandsurprises.shop"
102.89.23.236 - - [21/Jul/2026:12:56:16 +0000] "POST /wp-admin/admin-ajax.php HTTP/1.1" 200 47 "https://sgcakesandsurprises.shop/wp-admin/edit.php?post_type=page" "Mozilla/5.0 (Windows NT 10.0; Win64; x64) AppleWebKit/537.36 (KHTML, like Gecko) Chrome/150.0.0.0 Safari/537.36"
198.177.124.148 - - [21/Jul/2026:12:57:40 +0000] "POST /wp-cron.php?doing_wp_cron=1784638660.3871889114379882812500 HTTP/1.1" 200 - "-" "WordPress/7.0.2; https://sgcakesandsurprises.shop"
102.89.23.236 - - [21/Jul/2026:12:57:37 +0000] "POST /wp-admin/admin-ajax.php HTTP/1.1" 200 47 "https://sgcakesandsurprises.shop/wp-admin/options-general.php" "Mozilla/5.0 (Windows NT 10.0; Win64; x64) AppleWebKit/537.36 (KHTML, like Gecko) Chrome/150.0.0.0 Safari/537.36"
198.177.124.148 - - [21/Jul/2026:12:58:20 +0000] "POST /wp-cron.php?doing_wp_cron=1784638700.6172790527343750000000 HTTP/1.1" 200 - "-" "WordPress/7.0.2; https://sgcakesandsurprises.shop"
102.89.23.236 - - [21/Jul/2026:12:58:17 +0000] "POST /wp-admin/admin-ajax.php HTTP/1.1" 200 47 "https://sgcakesandsurprises.shop/wp-admin/edit.php?post_type=page" "Mozilla/5.0 (Windows NT 10.0; Win64; x64) AppleWebKit/537.36 (KHTML, like Gecko) Chrome/150.0.0.0 Safari/537.36"
198.177.124.148 - - [21/Jul/2026:12:59:02 +0000] "POST /wp-cron.php?doing_wp_cron=1784638742.2757809162139892578125 HTTP/1.1" 200 - "-" "WordPress/7.0.2; https://sgcakesandsurprises.shop"
102.89.23.236 - - [21/Jul/2026:12:59:00 +0000] "POST /wp-admin/admin-ajax.php HTTP/1.1" 200 47 "https://sgcakesandsurprises.shop/wp-admin/edit.php?post_type=page" "Mozilla/5.0 (Windows NT 10.0; Win64; x64) AppleWebKit/537.36 (KHTML, like Gecko) Chrome/150.0.0.0 Safari/537.36"
102.89.23.236 - - [21/Jul/2026:12:59:03 +0000] "GET /wp-admin/upload.php HTTP/1.1" 200 336501 "https://sgcakesandsurprises.shop/wp-admin/edit.php?post_type=page" "Mozilla/5.0 (Windows NT 10.0; Win64; x64) AppleWebKit/537.36 (KHTML, like Gecko) Chrome/150.0.0.0 Safari/537.36"
102.89.23.236 - - [21/Jul/2026:12:59:07 +0000] "POST /wp-admin/admin-ajax.php HTTP/1.1" 200 147625 "https://sgcakesandsurprises.shop/wp-admin/upload.php" "Mozilla/5.0 (Windows NT 10.0; Win64; x64) AppleWebKit/537.36 (KHTML, like Gecko) Chrome/150.0.0.0 Safari/537.36"
102.89.23.236 - - [21/Jul/2026:12:59:10 +0000] "GET /wp-content/uploads/2026/07/cropped-WhatsApp-Image-2026-07-16-at-2.15.30-PM-300x300.jpeg HTTP/1.1" 304 - "https://sgcakesandsurprises.shop/wp-admin/upload.php" "Mozilla/5.0 (Windows NT 10.0; Win64; x64) AppleWebKit/537.36 (KHTML, like Gecko) Chrome/150.0.0.0 Safari/537.36"
102.89.23.236 - - [21/Jul/2026:12:59:37 +0000] "POST /wp-admin/admin-ajax.php HTTP/1.1" 200 47 "https://sgcakesandsurprises.shop/wp-admin/options-general.php" "Mozilla/5.0 (Windows NT 10.0; Win64; x64) AppleWebKit/537.36 (KHTML, like Gecko) Chrome/150.0.0.0 Safari/537.36"
102.89.23.236 - - [21/Jul/2026:12:59:39 +0000] "GET /wp-admin/edit.php HTTP/1.1" 200 312847 "https://sgcakesandsurprises.shop/wp-admin/upload.php" "Mozilla/5.0 (Windows NT 10.0; Win64; x64) AppleWebKit/537.36 (KHTML, like Gecko) Chrome/150.0.0.0 Safari/537.36"
102.89.23.236 - - [21/Jul/2026:12:59:43 +0000] "GET /wp-content/uploads/2026/07/cropped-WhatsApp-Image-2026-07-16-at-2.15.30-PM-32x32.jpeg HTTP/1.1" 304 - "https://sgcakesandsurprises.shop/wp-admin/edit.php" "Mozilla/5.0 (Windows NT 10.0; Win64; x64) AppleWebKit/537.36 (KHTML, like Gecko) Chrome/150.0.0.0 Safari/537.36"
102.89.23.236 - - [21/Jul/2026:12:59:43 +0000] "POST /wp-admin/admin-ajax.php HTTP/1.1" 200 47 "https://sgcakesandsurprises.shop/wp-admin/edit.php" "Mozilla/5.0 (Windows NT 10.0; Win64; x64) AppleWebKit/537.36 (KHTML, like Gecko) Chrome/150.0.0.0 Safari/537.36"
102.89.23.236 - - [21/Jul/2026:12:59:45 +0000] "GET /wp-admin/upload.php HTTP/1.1" 200 336486 "https://sgcakesandsurprises.shop/wp-admin/edit.php" "Mozilla/5.0 (Windows NT 10.0; Win64; x64) AppleWebKit/537.36 (KHTML, like Gecko) Chrome/150.0.0.0 Safari/537.36"
102.89.23.236 - - [21/Jul/2026:12:59:48 +0000] "POST /wp-admin/admin-ajax.php HTTP/1.1" 200 147625 "https://sgcakesandsurprises.shop/wp-admin/upload.php" "Mozilla/5.0 (Windows NT 10.0; Win64; x64) AppleWebKit/537.36 (KHTML, like Gecko) Chrome/150.0.0.0 Safari/537.36"
198.177.124.148 - - [21/Jul/2026:13:00:08 +0000] "POST /wp-cron.php?doing_wp_cron=1784638808.5454900264739990234375 HTTP/1.1" 200 - "-" "WordPress/7.0.2; https://sgcakesandsurprises.shop"
102.89.23.236 - - [21/Jul/2026:13:00:04 +0000] "GET /wp-admin/upload.php HTTP/1.1" 200 336478 "https://sgcakesandsurprises.shop/wp-admin/upload.php" "Mozilla/5.0 (Windows NT 10.0; Win64; x64) AppleWebKit/537.36 (KHTML, like Gecko) Chrome/150.0.0.0 Safari/537.36"
102.89.23.236 - - [21/Jul/2026:13:00:10 +0000] "POST /wp-admin/admin-ajax.php HTTP/1.1" 200 147625 "https://sgcakesandsurprises.shop/wp-admin/upload.php" "Mozilla/5.0 (Windows NT 10.0; Win64; x64) AppleWebKit/537.36 (KHTML, like Gecko) Chrome/150.0.0.0 Safari/537.36"
102.89.23.236 - - [21/Jul/2026:13:00:11 +0000] "GET /wp-admin/upload.php HTTP/1.1" 200 336478 "https://sgcakesandsurprises.shop/wp-admin/upload.php" "Mozilla/5.0 (Windows NT 10.0; Win64; x64) AppleWebKit/537.36 (KHTML, like Gecko) Chrome/150.0.0.0 Safari/537.36"
102.89.23.236 - - [21/Jul/2026:13:00:18 +0000] "POST /wp-admin/admin-ajax.php HTTP/1.1" 200 147625 "https://sgcakesandsurprises.shop/wp-admin/upload.php" "Mozilla/5.0 (Windows NT 10.0; Win64; x64) AppleWebKit/537.36 (KHTML, like Gecko) Chrome/150.0.0.0 Safari/537.36"
102.89.23.236 - - [21/Jul/2026:13:00:26 +0000] "GET /wp-admin/media-new.php HTTP/1.1" 200 268158 "https://sgcakesandsurprises.shop/wp-admin/upload.php" "Mozilla/5.0 (Windows NT 10.0; Win64; x64) AppleWebKit/537.36 (KHTML, like Gecko) Chrome/150.0.0.0 Safari/537.36"
102.89.23.236 - - [21/Jul/2026:13:00:31 +0000] "GET /wp-includes/js/plupload/handlers.min.js?ver=7.0.2 HTTP/1.1" 200 12035 "https://sgcakesandsurprises.shop/wp-admin/media-new.php" "Mozilla/5.0 (Windows NT 10.0; Win64; x64) AppleWebKit/537.36 (KHTML, like Gecko) Chrome/150.0.0.0 Safari/537.36"
102.89.23.236 - - [21/Jul/2026:13:00:30 +0000] "GET /wp-admin/load-scripts.php?c=0&load%5Bchunk_0%5D=jquery-core,jquery-migrate,utils,wp-dom-ready,wp-hooks&ver=7.0.2 HTTP/1.1" 200 108867 "https://sgcakesandsurprises.shop/wp-admin/media-new.php" "Mozilla/5.0 (Windows NT 10.0; Win64; x64) AppleWebKit/537.36 (KHTML, like Gecko) Chrome/150.0.0.0 Safari/537.36"
102.89.23.236 - - [21/Jul/2026:13:00:31 +0000] "GET /wp-admin/load-scripts.php?c=0&load%5Bchunk_0%5D=hoverIntent&ver=7.0.2 HTTP/1.1" 200 1500 "https://sgcakesandsurprises.shop/wp-admin/media-new.php" "Mozilla/5.0 (Windows NT 10.0; Win64; x64) AppleWebKit/537.36 (KHTML, like Gecko) Chrome/150.0.0.0 Safari/537.36"
102.89.23.236 - - [21/Jul/2026:13:01:33 +0000] "POST /wp-admin/admin-ajax.php HTTP/1.1" 200 47 "https://sgcakesandsurprises.shop/wp-admin/media-new.php" "Mozilla/5.0 (Windows NT 10.0; Win64; x64) AppleWebKit/537.36 (KHTML, like Gecko) Chrome/150.0.0.0 Safari/537.36"
102.89.23.236 - - [21/Jul/2026:13:01:39 +0000] "POST /wp-admin/admin-ajax.php HTTP/1.1" 200 47 "https://sgcakesandsurprises.shop/wp-admin/options-general.php" "Mozilla/5.0 (Windows NT 10.0; Win64; x64) AppleWebKit/537.36 (KHTML, like Gecko) Chrome/150.0.0.0 Safari/537.36"
198.177.124.148 - - [21/Jul/2026:13:02:26 +0000] "POST /wp-cron.php?doing_wp_cron=1784638946.7641170024871826171875 HTTP/1.1" 200 - "-" "WordPress/7.0.2; https://sgcakesandsurprises.shop"
102.89.23.236 - - [21/Jul/2026:13:02:13 +0000] "POST /wp-admin/async-upload.php HTTP/1.1" 200 3 "https://sgcakesandsurprises.shop/wp-admin/media-new.php" "Mozilla/5.0 (Windows NT 10.0; Win64; x64) AppleWebKit/537.36 (KHTML, like Gecko) Chrome/150.0.0.0 Safari/537.36"
102.89.23.236 - - [21/Jul/2026:13:02:27 +0000] "POST /wp-admin/async-upload.php HTTP/1.1" 200 1144 "https://sgcakesandsurprises.shop/wp-admin/media-new.php" "Mozilla/5.0 (Windows NT 10.0; Win64; x64) AppleWebKit/537.36 (KHTML, like Gecko) Chrome/150.0.0.0 Safari/537.36"
102.89.23.236 - - [21/Jul/2026:13:02:27 +0000] "POST /wp-admin/async-upload.php HTTP/1.1" 200 3 "https://sgcakesandsurprises.shop/wp-admin/media-new.php" "Mozilla/5.0 (Windows NT 10.0; Win64; x64) AppleWebKit/537.36 (KHTML, like Gecko) Chrome/150.0.0.0 Safari/537.36"
102.89.23.236 - - [21/Jul/2026:13:02:32 +0000] "GET /wp-content/uploads/2026/07/WhatsApp-Image-2026-07-18-at-12.35.13-PM-150x150.jpeg HTTP/1.1" 200 8266 "https://sgcakesandsurprises.shop/wp-admin/media-new.php" "Mozilla/5.0 (Windows NT 10.0; Win64; x64) AppleWebKit/537.36 (KHTML, like Gecko) Chrome/150.0.0.0 Safari/537.36"
102.89.23.236 - - [21/Jul/2026:13:02:32 +0000] "POST /wp-admin/async-upload.php HTTP/1.1" 200 1144 "https://sgcakesandsurprises.shop/wp-admin/media-new.php" "Mozilla/5.0 (Windows NT 10.0; Win64; x64) AppleWebKit/537.36 (KHTML, like Gecko) Chrome/150.0.0.0 Safari/537.36"
102.89.23.236 - - [21/Jul/2026:13:02:35 +0000] "GET /wp-content/uploads/2026/07/WhatsApp-Image-2026-07-18-at-12.35.14-PM-150x150.jpeg HTTP/1.1" 200 8104 "https://sgcakesandsurprises.shop/wp-admin/media-new.php" "Mozilla/5.0 (Windows NT 10.0; Win64; x64) AppleWebKit/537.36 (KHTML, like Gecko) Chrome/150.0.0.0 Safari/537.36"
102.89.23.236 - - [21/Jul/2026:13:02:33 +0000] "POST /wp-admin/admin-ajax.php HTTP/1.1" 200 47 "https://sgcakesandsurprises.shop/wp-admin/media-new.php" "Mozilla/5.0 (Windows NT 10.0; Win64; x64) AppleWebKit/537.36 (KHTML, like Gecko) Chrome/150.0.0.0 Safari/537.36"
102.89.23.236 - - [21/Jul/2026:13:02:32 +0000] "POST /wp-admin/async-upload.php HTTP/1.1" 200 3 "https://sgcakesandsurprises.shop/wp-admin/media-new.php" "Mozilla/5.0 (Windows NT 10.0; Win64; x64) AppleWebKit/537.36 (KHTML, like Gecko) Chrome/150.0.0.0 Safari/537.36"
102.89.23.236 - - [21/Jul/2026:13:02:36 +0000] "POST /wp-admin/async-upload.php HTTP/1.1" 200 1154 "https://sgcakesandsurprises.shop/wp-admin/media-new.php" "Mozilla/5.0 (Windows NT 10.0; Win64; x64) AppleWebKit/537.36 (KHTML, like Gecko) Chrome/150.0.0.0 Safari/537.36"
102.89.23.236 - - [21/Jul/2026:13:02:41 +0000] "GET /wp-content/uploads/2026/07/WhatsApp-Image-2026-07-18-at-11.52.13-AM-1-150x150.jpeg HTTP/1.1" 200 7223 "https://sgcakesandsurprises.shop/wp-admin/media-new.php" "Mozilla/5.0 (Windows NT 10.0; Win64; x64) AppleWebKit/537.36 (KHTML, like Gecko) Chrome/150.0.0.0 Safari/537.36"
102.89.23.236 - - [21/Jul/2026:13:02:36 +0000] "POST /wp-admin/async-upload.php HTTP/1.1" 200 3 "https://sgcakesandsurprises.shop/wp-admin/media-new.php" "Mozilla/5.0 (Windows NT 10.0; Win64; x64) AppleWebKit/537.36 (KHTML, like Gecko) Chrome/150.0.0.0 Safari/537.36"
102.89.23.236 - - [21/Jul/2026:13:02:43 +0000] "POST /wp-admin/async-upload.php HTTP/1.1" 200 1140 "https://sgcakesandsurprises.shop/wp-admin/media-new.php" "Mozilla/5.0 (Windows NT 10.0; Win64; x64) AppleWebKit/537.36 (KHTML, like Gecko) Chrome/150.0.0.0 Safari/537.36"
102.89.23.236 - - [21/Jul/2026:13:02:45 +0000] "GET /wp-content/uploads/2026/07/WhatsApp-Image-2026-07-18-at-9.36.40-AM-150x150.jpeg HTTP/1.1" 200 6321 "https://sgcakesandsurprises.shop/wp-admin/media-new.php" "Mozilla/5.0 (Windows NT 10.0; Win64; x64) AppleWebKit/537.36 (KHTML, like Gecko) Chrome/150.0.0.0 Safari/537.36"
102.89.23.236 - - [21/Jul/2026:13:02:43 +0000] "POST /wp-admin/async-upload.php HTTP/1.1" 200 3 "https://sgcakesandsurprises.shop/wp-admin/media-new.php" "Mozilla/5.0 (Windows NT 10.0; Win64; x64) AppleWebKit/537.36 (KHTML, like Gecko) Chrome/150.0.0.0 Safari/537.36"
102.89.23.236 - - [21/Jul/2026:13:02:46 +0000] "POST /wp-admin/async-upload.php HTTP/1.1" 200 1150 "https://sgcakesandsurprises.shop/wp-admin/media-new.php" "Mozilla/5.0 (Windows NT 10.0; Win64; x64) AppleWebKit/537.36 (KHTML, like Gecko) Chrome/150.0.0.0 Safari/537.36"
102.89.23.236 - - [21/Jul/2026:13:02:47 +0000] "GET /wp-content/uploads/2026/07/WhatsApp-Image-2026-07-16-at-6.00.33-AM-1-150x150.jpeg HTTP/1.1" 200 5490 "https://sgcakesandsurprises.shop/wp-admin/media-new.php" "Mozilla/5.0 (Windows NT 10.0; Win64; x64) AppleWebKit/537.36 (KHTML, like Gecko) Chrome/150.0.0.0 Safari/537.36"
102.89.23.236 - - [21/Jul/2026:13:02:46 +0000] "POST /wp-admin/async-upload.php HTTP/1.1" 200 3 "https://sgcakesandsurprises.shop/wp-admin/media-new.php" "Mozilla/5.0 (Windows NT 10.0; Win64; x64) AppleWebKit/537.36 (KHTML, like Gecko) Chrome/150.0.0.0 Safari/537.36"
102.89.23.236 - - [21/Jul/2026:13:02:48 +0000] "POST /wp-admin/async-upload.php HTTP/1.1" 200 1150 "https://sgcakesandsurprises.shop/wp-admin/media-new.php" "Mozilla/5.0 (Windows NT 10.0; Win64; x64) AppleWebKit/537.36 (KHTML, like Gecko) Chrome/150.0.0.0 Safari/537.36"
102.89.23.236 - - [21/Jul/2026:13:02:48 +0000] "POST /wp-admin/async-upload.php HTTP/1.1" 200 3 "https://sgcakesandsurprises.shop/wp-admin/media-new.php" "Mozilla/5.0 (Windows NT 10.0; Win64; x64) AppleWebKit/537.36 (KHTML, like Gecko) Chrome/150.0.0.0 Safari/537.36"
102.89.23.236 - - [21/Jul/2026:13:02:50 +0000] "GET /wp-content/uploads/2026/07/WhatsApp-Image-2026-07-16-at-6.45.03-AM-1-150x150.jpeg HTTP/1.1" 200 6792 "https://sgcakesandsurprises.shop/wp-admin/media-new.php" "Mozilla/5.0 (Windows NT 10.0; Win64; x64) AppleWebKit/537.36 (KHTML, like Gecko) Chrome/150.0.0.0 Safari/537.36"
102.89.23.236 - - [21/Jul/2026:13:02:50 +0000] "POST /wp-admin/async-upload.php HTTP/1.1" 200 1150 "https://sgcakesandsurprises.shop/wp-admin/media-new.php" "Mozilla/5.0 (Windows NT 10.0; Win64; x64) AppleWebKit/537.36 (KHTML, like Gecko) Chrome/150.0.0.0 Safari/537.36"
102.89.23.236 - - [21/Jul/2026:13:02:52 +0000] "GET /wp-content/uploads/2026/07/WhatsApp-Image-2026-07-16-at-9.03.43-AM-1-150x150.jpeg HTTP/1.1" 200 7996 "https://sgcakesandsurprises.shop/wp-admin/media-new.php" "Mozilla/5.0 (Windows NT 10.0; Win64; x64) AppleWebKit/537.36 (KHTML, like Gecko) Chrome/150.0.0.0 Safari/537.36"
102.89.23.236 - - [21/Jul/2026:13:02:50 +0000] "POST /wp-admin/async-upload.php HTTP/1.1" 200 3 "https://sgcakesandsurprises.shop/wp-admin/media-new.php" "Mozilla/5.0 (Windows NT 10.0; Win64; x64) AppleWebKit/537.36 (KHTML, like Gecko) Chrome/150.0.0.0 Safari/537.36"
198.177.124.148 - - [21/Jul/2026:13:02:54 +0000] "POST /wp-cron.php?doing_wp_cron=1784638974.3658618927001953125000 HTTP/1.1" 200 - "-" "WordPress/7.0.2; https://sgcakesandsurprises.shop"
102.89.23.236 - - [21/Jul/2026:13:02:52 +0000] "POST /wp-admin/async-upload.php HTTP/1.1" 200 1150 "https://sgcakesandsurprises.shop/wp-admin/media-new.php" "Mozilla/5.0 (Windows NT 10.0; Win64; x64) AppleWebKit/537.36 (KHTML, like Gecko) Chrome/150.0.0.0 Safari/537.36"
102.89.23.236 - - [21/Jul/2026:13:02:52 +0000] "POST /wp-admin/async-upload.php HTTP/1.1" 200 3 "https://sgcakesandsurprises.shop/wp-admin/media-new.php" "Mozilla/5.0 (Windows NT 10.0; Win64; x64) AppleWebKit/537.36 (KHTML, like Gecko) Chrome/150.0.0.0 Safari/537.36"
102.89.23.236 - - [21/Jul/2026:13:02:54 +0000] "GET /wp-content/uploads/2026/07/WhatsApp-Image-2026-07-16-at-9.06.56-AM-1-150x150.jpeg HTTP/1.1" 200 7286 "https://sgcakesandsurprises.shop/wp-admin/media-new.php" "Mozilla/5.0 (Windows NT 10.0; Win64; x64) AppleWebKit/537.36 (KHTML, like Gecko) Chrome/150.0.0.0 Safari/537.36"
102.89.23.236 - - [21/Jul/2026:13:02:55 +0000] "POST /wp-admin/async-upload.php HTTP/1.1" 200 1150 "https://sgcakesandsurprises.shop/wp-admin/media-new.php" "Mozilla/5.0 (Windows NT 10.0; Win64; x64) AppleWebKit/537.36 (KHTML, like Gecko) Chrome/150.0.0.0 Safari/537.36"
102.89.23.236 - - [21/Jul/2026:13:02:56 +0000] "GET /wp-content/uploads/2026/07/WhatsApp-Image-2026-07-16-at-9.06.52-AM-1-150x150.jpeg HTTP/1.1" 200 5915 "https://sgcakesandsurprises.shop/wp-admin/media-new.php" "Mozilla/5.0 (Windows NT 10.0; Win64; x64) AppleWebKit/537.36 (KHTML, like Gecko) Chrome/150.0.0.0 Safari/537.36"
102.89.23.236 - - [21/Jul/2026:13:02:55 +0000] "POST /wp-admin/async-upload.php HTTP/1.1" 200 3 "https://sgcakesandsurprises.shop/wp-admin/media-new.php" "Mozilla/5.0 (Windows NT 10.0; Win64; x64) AppleWebKit/537.36 (KHTML, like Gecko) Chrome/150.0.0.0 Safari/537.36"
102.89.23.236 - - [21/Jul/2026:13:02:57 +0000] "POST /wp-admin/async-upload.php HTTP/1.1" 200 1144 "https://sgcakesandsurprises.shop/wp-admin/media-new.php" "Mozilla/5.0 (Windows NT 10.0; Win64; x64) AppleWebKit/537.36 (KHTML, like Gecko) Chrome/150.0.0.0 Safari/537.36"
102.89.23.236 - - [21/Jul/2026:13:02:57 +0000] "POST /wp-admin/async-upload.php HTTP/1.1" 200 3 "https://sgcakesandsurprises.shop/wp-admin/media-new.php" "Mozilla/5.0 (Windows NT 10.0; Win64; x64) AppleWebKit/537.36 (KHTML, like Gecko) Chrome/150.0.0.0 Safari/537.36"
102.89.23.236 - - [21/Jul/2026:13:02:59 +0000] "GET /wp-content/uploads/2026/07/WhatsApp-Image-2026-07-16-at-12.25.22-PM-150x150.jpeg HTTP/1.1" 200 8124 "https://sgcakesandsurprises.shop/wp-admin/media-new.php" "Mozilla/5.0 (Windows NT 10.0; Win64; x64) AppleWebKit/537.36 (KHTML, like Gecko) Chrome/150.0.0.0 Safari/537.36"
102.89.23.236 - - [21/Jul/2026:13:02:59 +0000] "POST /wp-admin/async-upload.php HTTP/1.1" 200 1140 "https://sgcakesandsurprises.shop/wp-admin/media-new.php" "Mozilla/5.0 (Windows NT 10.0; Win64; x64) AppleWebKit/537.36 (KHTML, like Gecko) Chrome/150.0.0.0 Safari/537.36"
102.89.23.236 - - [21/Jul/2026:13:03:00 +0000] "GET /wp-content/uploads/2026/07/WhatsApp-Image-2026-07-16-at-2.16.50-PM-150x150.jpeg HTTP/1.1" 200 5511 "https://sgcakesandsurprises.shop/wp-admin/media-new.php" "Mozilla/5.0 (Windows NT 10.0; Win64; x64) AppleWebKit/537.36 (KHTML, like Gecko) Chrome/150.0.0.0 Safari/537.36"
102.89.23.236 - - [21/Jul/2026:13:02:59 +0000] "POST /wp-admin/async-upload.php HTTP/1.1" 200 3 "https://sgcakesandsurprises.shop/wp-admin/media-new.php" "Mozilla/5.0 (Windows NT 10.0; Win64; x64) AppleWebKit/537.36 (KHTML, like Gecko) Chrome/150.0.0.0 Safari/537.36"
102.89.23.236 - - [21/Jul/2026:13:03:01 +0000] "POST /wp-admin/async-upload.php HTTP/1.1" 200 1140 "https://sgcakesandsurprises.shop/wp-admin/media-new.php" "Mozilla/5.0 (Windows NT 10.0; Win64; x64) AppleWebKit/537.36 (KHTML, like Gecko) Chrome/150.0.0.0 Safari/537.36"
102.89.23.236 - - [21/Jul/2026:13:03:03 +0000] "GET /wp-content/uploads/2026/07/WhatsApp-Image-2026-07-16-at-2.16.46-PM-150x150.jpeg HTTP/1.1" 200 8219 "https://sgcakesandsurprises.shop/wp-admin/media-new.php" "Mozilla/5.0 (Windows NT 10.0; Win64; x64) AppleWebKit/537.36 (KHTML, like Gecko) Chrome/150.0.0.0 Safari/537.36"
102.89.23.236 - - [21/Jul/2026:13:03:01 +0000] "POST /wp-admin/async-upload.php HTTP/1.1" 200 3 "https://sgcakesandsurprises.shop/wp-admin/media-new.php" "Mozilla/5.0 (Windows NT 10.0; Win64; x64) AppleWebKit/537.36 (KHTML, like Gecko) Chrome/150.0.0.0 Safari/537.36"
102.89.23.236 - - [21/Jul/2026:13:03:03 +0000] "POST /wp-admin/async-upload.php HTTP/1.1" 200 1140 "https://sgcakesandsurprises.shop/wp-admin/media-new.php" "Mozilla/5.0 (Windows NT 10.0; Win64; x64) AppleWebKit/537.36 (KHTML, like Gecko) Chrome/150.0.0.0 Safari/537.36"
102.89.23.236 - - [21/Jul/2026:13:03:05 +0000] "GET /wp-content/uploads/2026/07/WhatsApp-Image-2026-07-16-at-2.19.37-PM-150x150.jpeg HTTP/1.1" 200 8605 "https://sgcakesandsurprises.shop/wp-admin/media-new.php" "Mozilla/5.0 (Windows NT 10.0; Win64; x64) AppleWebKit/537.36 (KHTML, like Gecko) Chrome/150.0.0.0 Safari/537.36"
102.89.23.236 - - [21/Jul/2026:13:03:03 +0000] "POST /wp-admin/async-upload.php HTTP/1.1" 200 3 "https://sgcakesandsurprises.shop/wp-admin/media-new.php" "Mozilla/5.0 (Windows NT 10.0; Win64; x64) AppleWebKit/537.36 (KHTML, like Gecko) Chrome/150.0.0.0 Safari/537.36"
102.89.23.236 - - [21/Jul/2026:13:03:06 +0000] "POST /wp-admin/async-upload.php HTTP/1.1" 200 1140 "https://sgcakesandsurprises.shop/wp-admin/media-new.php" "Mozilla/5.0 (Windows NT 10.0; Win64; x64) AppleWebKit/537.36 (KHTML, like Gecko) Chrome/150.0.0.0 Safari/537.36"
102.89.23.236 - - [21/Jul/2026:13:03:05 +0000] "POST /wp-admin/async-upload.php HTTP/1.1" 200 3 "https://sgcakesandsurprises.shop/wp-admin/media-new.php" "Mozilla/5.0 (Windows NT 10.0; Win64; x64) AppleWebKit/537.36 (KHTML, like Gecko) Chrome/150.0.0.0 Safari/537.36"
102.89.23.236 - - [21/Jul/2026:13:03:08 +0000] "GET /wp-content/uploads/2026/07/WhatsApp-Image-2026-07-18-at-6.58.14-AM-150x150.jpeg HTTP/1.1" 200 8973 "https://sgcakesandsurprises.shop/wp-admin/media-new.php" "Mozilla/5.0 (Windows NT 10.0; Win64; x64) AppleWebKit/537.36 (KHTML, like Gecko) Chrome/150.0.0.0 Safari/537.36"
102.89.23.236 - - [21/Jul/2026:13:03:08 +0000] "POST /wp-admin/async-upload.php HTTP/1.1" 200 1140 "https://sgcakesandsurprises.shop/wp-admin/media-new.php" "Mozilla/5.0 (Windows NT 10.0; Win64; x64) AppleWebKit/537.36 (KHTML, like Gecko) Chrome/150.0.0.0 Safari/537.36"
102.89.23.236 - - [21/Jul/2026:13:03:10 +0000] "GET /wp-content/uploads/2026/07/WhatsApp-Image-2026-07-18-at-7.23.08-AM-150x150.jpeg HTTP/1.1" 200 6503 "https://sgcakesandsurprises.shop/wp-admin/media-new.php" "Mozilla/5.0 (Windows NT 10.0; Win64; x64) AppleWebKit/537.36 (KHTML, like Gecko) Chrome/150.0.0.0 Safari/537.36"
102.89.23.236 - - [21/Jul/2026:13:03:08 +0000] "POST /wp-admin/async-upload.php HTTP/1.1" 200 3 "https://sgcakesandsurprises.shop/wp-admin/media-new.php" "Mozilla/5.0 (Windows NT 10.0; Win64; x64) AppleWebKit/537.36 (KHTML, like Gecko) Chrome/150.0.0.0 Safari/537.36"
102.89.23.236 - - [21/Jul/2026:13:03:10 +0000] "POST /wp-admin/async-upload.php HTTP/1.1" 200 1140 "https://sgcakesandsurprises.shop/wp-admin/media-new.php" "Mozilla/5.0 (Windows NT 10.0; Win64; x64) AppleWebKit/537.36 (KHTML, like Gecko) Chrome/150.0.0.0 Safari/537.36"
102.89.23.236 - - [21/Jul/2026:13:03:12 +0000] "GET /wp-content/uploads/2026/07/WhatsApp-Image-2026-07-18-at-7.43.24-AM-150x150.jpeg HTTP/1.1" 200 6161 "https://sgcakesandsurprises.shop/wp-admin/media-new.php" "Mozilla/5.0 (Windows NT 10.0; Win64; x64) AppleWebKit/537.36 (KHTML, like Gecko) Chrome/150.0.0.0 Safari/537.36"
102.89.23.236 - - [21/Jul/2026:13:03:10 +0000] "POST /wp-admin/async-upload.php HTTP/1.1" 200 3 "https://sgcakesandsurprises.shop/wp-admin/media-new.php" "Mozilla/5.0 (Windows NT 10.0; Win64; x64) AppleWebKit/537.36 (KHTML, like Gecko) Chrome/150.0.0.0 Safari/537.36"
102.89.23.236 - - [21/Jul/2026:13:03:13 +0000] "POST /wp-admin/async-upload.php HTTP/1.1" 200 1140 "https://sgcakesandsurprises.shop/wp-admin/media-new.php" "Mozilla/5.0 (Windows NT 10.0; Win64; x64) AppleWebKit/537.36 (KHTML, like Gecko) Chrome/150.0.0.0 Safari/537.36"
102.89.23.236 - - [21/Jul/2026:13:03:14 +0000] "GET /wp-content/uploads/2026/07/WhatsApp-Image-2026-07-18-at-7.44.16-AM-150x150.jpeg HTTP/1.1" 200 6259 "https://sgcakesandsurprises.shop/wp-admin/media-new.php" "Mozilla/5.0 (Windows NT 10.0; Win64; x64) AppleWebKit/537.36 (KHTML, like Gecko) Chrome/150.0.0.0 Safari/537.36"
102.89.23.236 - - [21/Jul/2026:13:03:13 +0000] "POST /wp-admin/async-upload.php HTTP/1.1" 200 3 "https://sgcakesandsurprises.shop/wp-admin/media-new.php" "Mozilla/5.0 (Windows NT 10.0; Win64; x64) AppleWebKit/537.36 (KHTML, like Gecko) Chrome/150.0.0.0 Safari/537.36"
102.89.23.236 - - [21/Jul/2026:13:03:15 +0000] "POST /wp-admin/async-upload.php HTTP/1.1" 200 1140 "https://sgcakesandsurprises.shop/wp-admin/media-new.php" "Mozilla/5.0 (Windows NT 10.0; Win64; x64) AppleWebKit/537.36 (KHTML, like Gecko) Chrome/150.0.0.0 Safari/537.36"
