102.89.23.236 - - [21/Jul/2026:10:41:24 +0000] "POST /wp-admin/admin-ajax.php HTTP/1.1" 200 77 "https://sgcakesandsurprises.shop/wp-admin/post.php?post=324&action=elementor" "Mozilla/5.0 (Windows NT 10.0; Win64; x64) AppleWebKit/537.36 (KHTML, like Gecko) Chrome/150.0.0.0 Safari/537.36"
102.89.23.236 - - [21/Jul/2026:10:41:27 +0000] "POST /wp-admin/admin-ajax.php HTTP/1.1" 200 809 "https://sgcakesandsurprises.shop/wp-admin/post.php?post=324&action=elementor" "Mozilla/5.0 (Windows NT 10.0; Win64; x64) AppleWebKit/537.36 (KHTML, like Gecko) Chrome/150.0.0.0 Safari/537.36"
102.89.23.236 - - [21/Jul/2026:10:41:39 +0000] "POST /wp-admin/admin-ajax.php HTTP/1.1" 200 77 "https://sgcakesandsurprises.shop/wp-admin/post.php?post=324&action=elementor" "Mozilla/5.0 (Windows NT 10.0; Win64; x64) AppleWebKit/537.36 (KHTML, like Gecko) Chrome/150.0.0.0 Safari/537.36"
102.89.23.236 - - [21/Jul/2026:10:41:48 +0000] "POST /wp-admin/admin-ajax.php HTTP/1.1" 200 809 "https://sgcakesandsurprises.shop/wp-admin/post.php?post=324&action=elementor" "Mozilla/5.0 (Windows NT 10.0; Win64; x64) AppleWebKit/537.36 (KHTML, like Gecko) Chrome/150.0.0.0 Safari/537.36"
198.177.124.148 - - [21/Jul/2026:10:41:55 +0000] "POST /wp-cron.php?doing_wp_cron=1784630515.2964329719543457031250 HTTP/1.1" 200 - "-" "WordPress/7.0.2; https://sgcakesandsurprises.shop"
102.89.23.236 - - [21/Jul/2026:10:41:54 +0000] "POST /wp-admin/admin-ajax.php HTTP/1.1" 200 77 "https://sgcakesandsurprises.shop/wp-admin/post.php?post=324&action=elementor" "Mozilla/5.0 (Windows NT 10.0; Win64; x64) AppleWebKit/537.36 (KHTML, like Gecko) Chrome/150.0.0.0 Safari/537.36"
102.89.23.236 - - [21/Jul/2026:10:42:09 +0000] "POST /wp-admin/admin-ajax.php HTTP/1.1" 200 77 "https://sgcakesandsurprises.shop/wp-admin/post.php?post=324&action=elementor" "Mozilla/5.0 (Windows NT 10.0; Win64; x64) AppleWebKit/537.36 (KHTML, like Gecko) Chrome/150.0.0.0 Safari/537.36"
102.89.23.236 - - [21/Jul/2026:10:42:24 +0000] "POST /wp-admin/admin-ajax.php HTTP/1.1" 200 77 "https://sgcakesandsurprises.shop/wp-admin/post.php?post=324&action=elementor" "Mozilla/5.0 (Windows NT 10.0; Win64; x64) AppleWebKit/537.36 (KHTML, like Gecko) Chrome/150.0.0.0 Safari/537.36"
102.89.23.236 - - [21/Jul/2026:10:42:39 +0000] "POST /wp-admin/admin-ajax.php HTTP/1.1" 200 77 "https://sgcakesandsurprises.shop/wp-admin/post.php?post=324&action=elementor" "Mozilla/5.0 (Windows NT 10.0; Win64; x64) AppleWebKit/537.36 (KHTML, like Gecko) Chrome/150.0.0.0 Safari/537.36"
198.177.124.148 - - [21/Jul/2026:10:42:55 +0000] "POST /wp-cron.php?doing_wp_cron=1784630575.5260310173034667968750 HTTP/1.1" 200 - "-" "WordPress/7.0.2; https://sgcakesandsurprises.shop"
102.89.23.236 - - [21/Jul/2026:10:42:54 +0000] "POST /wp-admin/admin-ajax.php HTTP/1.1" 200 77 "https://sgcakesandsurprises.shop/wp-admin/post.php?post=324&action=elementor" "Mozilla/5.0 (Windows NT 10.0; Win64; x64) AppleWebKit/537.36 (KHTML, like Gecko) Chrome/150.0.0.0 Safari/537.36"
102.89.23.236 - - [21/Jul/2026:10:42:56 +0000] "GET /wp-json/elementor/v1/checklist/user-progress HTTP/1.1" 200 534 "https://sgcakesandsurprises.shop/wp-admin/post.php?post=324&action=elementor" "Mozilla/5.0 (Windows NT 10.0; Win64; x64) AppleWebKit/537.36 (KHTML, like Gecko) Chrome/150.0.0.0 Safari/537.36"
102.89.23.236 - - [21/Jul/2026:10:42:56 +0000] "PUT /wp-json/elementor/v1/global-classes?context=preview HTTP/1.1" 204 - "https://sgcakesandsurprises.shop/wp-admin/post.php?post=324&action=elementor" "Mozilla/5.0 (Windows NT 10.0; Win64; x64) AppleWebKit/537.36 (KHTML, like Gecko) Chrome/150.0.0.0 Safari/537.36"
102.89.23.236 - - [21/Jul/2026:10:42:57 +0000] "POST /wp-admin/admin-ajax.php HTTP/1.1" 200 1529 "https://sgcakesandsurprises.shop/wp-admin/post.php?post=324&action=elementor" "Mozilla/5.0 (Windows NT 10.0; Win64; x64) AppleWebKit/537.36 (KHTML, like Gecko) Chrome/150.0.0.0 Safari/537.36"
102.89.23.236 - - [21/Jul/2026:10:43:01 +0000] "GET /wp-json/elementor/v1/checklist/user-progress HTTP/1.1" 200 534 "https://sgcakesandsurprises.shop/wp-admin/post.php?post=324&action=elementor" "Mozilla/5.0 (Windows NT 10.0; Win64; x64) AppleWebKit/537.36 (KHTML, like Gecko) Chrome/150.0.0.0 Safari/537.36"
102.89.23.236 - - [21/Jul/2026:10:43:07 +0000] "GET /wp-json/elementor/v1/checklist/user-progress HTTP/1.1" 200 534 "https://sgcakesandsurprises.shop/wp-admin/post.php?post=324&action=elementor" "Mozilla/5.0 (Windows NT 10.0; Win64; x64) AppleWebKit/537.36 (KHTML, like Gecko) Chrome/150.0.0.0 Safari/537.36"
102.89.23.236 - - [21/Jul/2026:10:43:07 +0000] "PUT /wp-json/elementor/v1/global-classes?context=frontend HTTP/1.1" 204 - "https://sgcakesandsurprises.shop/wp-admin/post.php?post=324&action=elementor" "Mozilla/5.0 (Windows NT 10.0; Win64; x64) AppleWebKit/537.36 (KHTML, like Gecko) Chrome/150.0.0.0 Safari/537.36"
102.89.23.236 - - [21/Jul/2026:10:43:09 +0000] "POST /wp-admin/admin-ajax.php HTTP/1.1" 200 77 "https://sgcakesandsurprises.shop/wp-admin/post.php?post=324&action=elementor" "Mozilla/5.0 (Windows NT 10.0; Win64; x64) AppleWebKit/537.36 (KHTML, like Gecko) Chrome/150.0.0.0 Safari/537.36"
102.89.23.236 - - [21/Jul/2026:10:43:08 +0000] "POST /wp-admin/admin-ajax.php HTTP/1.1" 200 1534 "https://sgcakesandsurprises.shop/wp-admin/post.php?post=324&action=elementor" "Mozilla/5.0 (Windows NT 10.0; Win64; x64) AppleWebKit/537.36 (KHTML, like Gecko) Chrome/150.0.0.0 Safari/537.36"
102.89.23.236 - - [21/Jul/2026:10:43:11 +0000] "POST /wp-json/elementor/v1/design-system-sync/stylesheet HTTP/1.1" 204 - "https://sgcakesandsurprises.shop/wp-admin/post.php?post=324&action=elementor" "Mozilla/5.0 (Windows NT 10.0; Win64; x64) AppleWebKit/537.36 (KHTML, like Gecko) Chrome/150.0.0.0 Safari/537.36"
102.89.23.236 - - [21/Jul/2026:10:43:13 +0000] "GET /wp-json/elementor/v1/checklist/user-progress HTTP/1.1" 200 534 "https://sgcakesandsurprises.shop/wp-admin/post.php?post=324&action=elementor" "Mozilla/5.0 (Windows NT 10.0; Win64; x64) AppleWebKit/537.36 (KHTML, like Gecko) Chrome/150.0.0.0 Safari/537.36"
102.89.23.236 - - [21/Jul/2026:10:43:24 +0000] "POST /wp-admin/admin-ajax.php HTTP/1.1" 200 77 "https://sgcakesandsurprises.shop/wp-admin/post.php?post=324&action=elementor" "Mozilla/5.0 (Windows NT 10.0; Win64; x64) AppleWebKit/537.36 (KHTML, like Gecko) Chrome/150.0.0.0 Safari/537.36"
102.89.23.236 - - [21/Jul/2026:10:43:25 +0000] "POST /wp-admin/admin-ajax.php HTTP/1.1" 200 111 "https://sgcakesandsurprises.shop/wp-admin/post.php?post=324&action=elementor" "Mozilla/5.0 (Windows NT 10.0; Win64; x64) AppleWebKit/537.36 (KHTML, like Gecko) Chrome/150.0.0.0 Safari/537.36"
102.89.23.236 - - [21/Jul/2026:10:43:39 +0000] "POST /wp-admin/admin-ajax.php HTTP/1.1" 200 77 "https://sgcakesandsurprises.shop/wp-admin/post.php?post=324&action=elementor" "Mozilla/5.0 (Windows NT 10.0; Win64; x64) AppleWebKit/537.36 (KHTML, like Gecko) Chrome/150.0.0.0 Safari/537.36"
102.89.23.236 - - [21/Jul/2026:10:43:40 +0000] "POST /wp-admin/admin-ajax.php HTTP/1.1" 200 597 "https://sgcakesandsurprises.shop/wp-admin/post.php?post=324&action=elementor" "Mozilla/5.0 (Windows NT 10.0; Win64; x64) AppleWebKit/537.36 (KHTML, like Gecko) Chrome/150.0.0.0 Safari/537.36"
102.89.23.236 - - [21/Jul/2026:10:43:43 +0000] "GET /wp-json/elementor/v1/template-library/templates?source=local HTTP/1.1" 200 3433 "https://sgcakesandsurprises.shop/wp-admin/post.php?post=324&action=elementor" "Mozilla/5.0 (Windows NT 10.0; Win64; x64) AppleWebKit/537.36 (KHTML, like Gecko) Chrome/150.0.0.0 Safari/537.36"
102.89.23.236 - - [21/Jul/2026:10:43:43 +0000] "POST /wp-admin/admin-ajax.php HTTP/1.1" 200 111 "https://sgcakesandsurprises.shop/wp-admin/post.php?post=324&action=elementor" "Mozilla/5.0 (Windows NT 10.0; Win64; x64) AppleWebKit/537.36 (KHTML, like Gecko) Chrome/150.0.0.0 Safari/537.36"
198.177.124.148 - - [21/Jul/2026:10:43:56 +0000] "POST /wp-cron.php?doing_wp_cron=1784630636.0495870113372802734375 HTTP/1.1" 200 - "-" "WordPress/7.0.2; https://sgcakesandsurprises.shop"
102.89.23.236 - - [21/Jul/2026:10:43:54 +0000] "POST /wp-admin/admin-ajax.php HTTP/1.1" 200 77 "https://sgcakesandsurprises.shop/wp-admin/post.php?post=324&action=elementor" "Mozilla/5.0 (Windows NT 10.0; Win64; x64) AppleWebKit/537.36 (KHTML, like Gecko) Chrome/150.0.0.0 Safari/537.36"
102.89.23.236 - - [21/Jul/2026:10:44:07 +0000] "GET /?elementor_library=cakejar HTTP/1.1" 200 225994 "https://sgcakesandsurprises.shop/wp-admin/post.php?post=324&action=elementor" "Mozilla/5.0 (Windows NT 10.0; Win64; x64) AppleWebKit/537.36 (KHTML, like Gecko) Chrome/150.0.0.0 Safari/537.36"
102.89.23.236 - - [21/Jul/2026:10:44:11 +0000] "GET /wp-content/uploads/elementor/css/local-334-frontend-desktop.css?ver=6a5f4d79f09c5 HTTP/1.1" 200 962 "https://sgcakesandsurprises.shop/?elementor_library=cakejar" "Mozilla/5.0 (Windows NT 10.0; Win64; x64) AppleWebKit/537.36 (KHTML, like Gecko) Chrome/150.0.0.0 Safari/537.36"
102.89.23.236 - - [21/Jul/2026:10:44:11 +0000] "GET /wp-content/uploads/elementor/css/post-334.css?ver=1784630649 HTTP/1.1" 200 2221 "https://sgcakesandsurprises.shop/?elementor_library=cakejar" "Mozilla/5.0 (Windows NT 10.0; Win64; x64) AppleWebKit/537.36 (KHTML, like Gecko) Chrome/150.0.0.0 Safari/537.36"
102.89.23.236 - - [21/Jul/2026:10:44:09 +0000] "POST /wp-admin/admin-ajax.php HTTP/1.1" 200 77 "https://sgcakesandsurprises.shop/wp-admin/post.php?post=324&action=elementor" "Mozilla/5.0 (Windows NT 10.0; Win64; x64) AppleWebKit/537.36 (KHTML, like Gecko) Chrome/150.0.0.0 Safari/537.36"
102.89.23.236 - - [21/Jul/2026:10:44:11 +0000] "GET /wp-content/uploads/elementor/css/local-334-frontend-mobile.css?ver=6a5f4d79f09c5 HTTP/1.1" 200 271 "https://sgcakesandsurprises.shop/?elementor_library=cakejar" "Mozilla/5.0 (Windows NT 10.0; Win64; x64) AppleWebKit/537.36 (KHTML, like Gecko) Chrome/150.0.0.0 Safari/537.36"
102.89.23.236 - - [21/Jul/2026:10:44:11 +0000] "POST /wp-json/pys-facebook/v1/event HTTP/1.1" 200 16 "https://sgcakesandsurprises.shop/?elementor_library=cakejar" "Mozilla/5.0 (Windows NT 10.0; Win64; x64) AppleWebKit/537.36 (KHTML, like Gecko) Chrome/150.0.0.0 Safari/537.36"
102.89.23.236 - - [21/Jul/2026:10:44:11 +0000] "GET /wp-admin/admin-ajax.php?action=pys_get_pbid HTTP/1.1" 200 1 "https://sgcakesandsurprises.shop/?elementor_library=cakejar" "Mozilla/5.0 (Windows NT 10.0; Win64; x64) AppleWebKit/537.36 (KHTML, like Gecko) Chrome/150.0.0.0 Safari/537.36"
198.177.124.148 - - [21/Jul/2026:10:46:14 +0000] "POST /wp-cron.php?doing_wp_cron=1784630774.3316879272460937500000 HTTP/1.1" 200 - "-" "WordPress/7.0.2; https://sgcakesandsurprises.shop"
102.89.23.236 - - [21/Jul/2026:10:46:11 +0000] "POST /wp-admin/admin-ajax.php HTTP/1.1" 200 77 "https://sgcakesandsurprises.shop/wp-admin/post.php?post=324&action=elementor" "Mozilla/5.0 (Windows NT 10.0; Win64; x64) AppleWebKit/537.36 (KHTML, like Gecko) Chrome/150.0.0.0 Safari/537.36"
198.177.124.148 - - [21/Jul/2026:10:46:53 +0000] "POST /wp-cron.php?doing_wp_cron=1784630813.2580659389495849609375 HTTP/1.1" 200 - "-" "WordPress/7.0.2; https://sgcakesandsurprises.shop"
102.89.23.236 - - [21/Jul/2026:10:46:53 +0000] "GET /wp-content/uploads/elementor/css/local-334-frontend-desktop.css?ver=6a5f4d79f09c5 HTTP/1.1" 304 - "https://sgcakesandsurprises.shop/?elementor_library=cakejar" "Mozilla/5.0 (Windows NT 10.0; Win64; x64) AppleWebKit/537.36 (KHTML, like Gecko) Chrome/150.0.0.0 Safari/537.36"
102.89.23.236 - - [21/Jul/2026:10:46:53 +0000] "GET /wp-content/uploads/elementor/css/post-334.css?ver=1784630649 HTTP/1.1" 304 - "https://sgcakesandsurprises.shop/?elementor_library=cakejar" "Mozilla/5.0 (Windows NT 10.0; Win64; x64) AppleWebKit/537.36 (KHTML, like Gecko) Chrome/150.0.0.0 Safari/537.36"
102.89.23.236 - - [21/Jul/2026:10:46:50 +0000] "GET /?elementor_library=cakejar HTTP/1.1" 200 225994 "https://sgcakesandsurprises.shop/wp-admin/post.php?post=324&action=elementor" "Mozilla/5.0 (Windows NT 10.0; Win64; x64) AppleWebKit/537.36 (KHTML, like Gecko) Chrome/150.0.0.0 Safari/537.36"
102.89.23.236 - - [21/Jul/2026:10:46:53 +0000] "GET /wp-content/uploads/elementor/css/local-334-frontend-mobile.css?ver=6a5f4d79f09c5 HTTP/1.1" 304 - "https://sgcakesandsurprises.shop/?elementor_library=cakejar" "Mozilla/5.0 (Windows NT 10.0; Win64; x64) AppleWebKit/537.36 (KHTML, like Gecko) Chrome/150.0.0.0 Safari/537.36"
102.89.23.236 - - [21/Jul/2026:10:46:54 +0000] "GET /wp-admin/admin-ajax.php?action=pys_get_pbid HTTP/1.1" 200 1 "https://sgcakesandsurprises.shop/?elementor_library=cakejar" "Mozilla/5.0 (Windows NT 10.0; Win64; x64) AppleWebKit/537.36 (KHTML, like Gecko) Chrome/150.0.0.0 Safari/537.36"
102.89.23.236 - - [21/Jul/2026:10:46:54 +0000] "POST /wp-json/pys-facebook/v1/event HTTP/1.1" 200 16 "https://sgcakesandsurprises.shop/?elementor_library=cakejar" "Mozilla/5.0 (Windows NT 10.0; Win64; x64) AppleWebKit/537.36 (KHTML, like Gecko) Chrome/150.0.0.0 Safari/537.36"
102.89.23.236 - - [21/Jul/2026:10:47:02 +0000] "POST /wp-admin/admin-ajax.php HTTP/1.1" 200 77 "https://sgcakesandsurprises.shop/wp-admin/post.php?post=324&action=elementor" "Mozilla/5.0 (Windows NT 10.0; Win64; x64) AppleWebKit/537.36 (KHTML, like Gecko) Chrome/150.0.0.0 Safari/537.36"
102.89.23.236 - - [21/Jul/2026:10:47:02 +0000] "GET /wp-json/elementor/v1/checklist/user-progress HTTP/1.1" 200 534 "https://sgcakesandsurprises.shop/wp-admin/post.php?post=324&action=elementor" "Mozilla/5.0 (Windows NT 10.0; Win64; x64) AppleWebKit/537.36 (KHTML, like Gecko) Chrome/150.0.0.0 Safari/537.36"
102.89.23.236 - - [21/Jul/2026:10:47:06 +0000] "GET /?elementor_library=food HTTP/1.1" 200 237271 "https://sgcakesandsurprises.shop/wp-admin/post.php?post=324&action=elementor" "Mozilla/5.0 (Windows NT 10.0; Win64; x64) AppleWebKit/537.36 (KHTML, like Gecko) Chrome/150.0.0.0 Safari/537.36"
102.89.23.236 - - [21/Jul/2026:10:47:11 +0000] "GET /wp-content/uploads/elementor/css/post-308.css?ver=1784475090 HTTP/1.1" 200 2120 "https://sgcakesandsurprises.shop/?elementor_library=food" "Mozilla/5.0 (Windows NT 10.0; Win64; x64) AppleWebKit/537.36 (KHTML, like Gecko) Chrome/150.0.0.0 Safari/537.36"
102.89.23.236 - - [21/Jul/2026:10:47:11 +0000] "GET /wp-content/uploads/elementor/css/local-308-frontend-desktop.css?ver=6a5cedd2920f0 HTTP/1.1" 200 1438 "https://sgcakesandsurprises.shop/?elementor_library=food" "Mozilla/5.0 (Windows NT 10.0; Win64; x64) AppleWebKit/537.36 (KHTML, like Gecko) Chrome/150.0.0.0 Safari/537.36"
102.89.23.236 - - [21/Jul/2026:10:47:12 +0000] "GET /wp-content/uploads/elementor/css/local-308-frontend-mobile.css?ver=6a5cedd2920f0 HTTP/1.1" 200 680 "https://sgcakesandsurprises.shop/?elementor_library=food" "Mozilla/5.0 (Windows NT 10.0; Win64; x64) AppleWebKit/537.36 (KHTML, like Gecko) Chrome/150.0.0.0 Safari/537.36"
102.89.23.236 - - [21/Jul/2026:10:47:16 +0000] "GET /wp-content/uploads/2026/07/WhatsApp-Image-2026-07-18-at-11.52.06-AM.jpeg HTTP/1.1" 304 - "https://sgcakesandsurprises.shop/?elementor_library=food" "Mozilla/5.0 (Windows NT 10.0; Win64; x64) AppleWebKit/537.36 (KHTML, like Gecko) Chrome/150.0.0.0 Safari/537.36"
102.89.23.236 - - [21/Jul/2026:10:47:12 +0000] "POST /wp-json/pys-facebook/v1/event HTTP/1.1" 200 16 "https://sgcakesandsurprises.shop/?elementor_library=food" "Mozilla/5.0 (Windows NT 10.0; Win64; x64) AppleWebKit/537.36 (KHTML, like Gecko) Chrome/150.0.0.0 Safari/537.36"
102.89.23.236 - - [21/Jul/2026:10:47:16 +0000] "GET /wp-content/uploads/2026/07/WhatsApp-Image-2026-07-18-at-11.52.25-AM.jpeg HTTP/1.1" 304 - "https://sgcakesandsurprises.shop/?elementor_library=food" "Mozilla/5.0 (Windows NT 10.0; Win64; x64) AppleWebKit/537.36 (KHTML, like Gecko) Chrome/150.0.0.0 Safari/537.36"
102.89.23.236 - - [21/Jul/2026:10:47:16 +0000] "GET /wp-content/uploads/2026/07/WhatsApp-Image-2026-07-18-at-11.51.38-AM.jpeg HTTP/1.1" 304 - "https://sgcakesandsurprises.shop/?elementor_library=food" "Mozilla/5.0 (Windows NT 10.0; Win64; x64) AppleWebKit/537.36 (KHTML, like Gecko) Chrome/150.0.0.0 Safari/537.36"
102.89.23.236 - - [21/Jul/2026:10:47:12 +0000] "GET /wp-admin/admin-ajax.php?action=pys_get_pbid HTTP/1.1" 200 1 "https://sgcakesandsurprises.shop/?elementor_library=food" "Mozilla/5.0 (Windows NT 10.0; Win64; x64) AppleWebKit/537.36 (KHTML, like Gecko) Chrome/150.0.0.0 Safari/537.36"
102.89.23.236 - - [21/Jul/2026:10:47:17 +0000] "GET /wp-content/uploads/2026/07/WhatsApp-Image-2026-07-18-at-11.51.53-AM.jpeg HTTP/1.1" 304 - "https://sgcakesandsurprises.shop/?elementor_library=food" "Mozilla/5.0 (Windows NT 10.0; Win64; x64) AppleWebKit/537.36 (KHTML, like Gecko) Chrome/150.0.0.0 Safari/537.36"
102.89.23.236 - - [21/Jul/2026:10:47:17 +0000] "GET /wp-content/uploads/2026/07/WhatsApp-Image-2026-07-15-at-11.53.57-AM.jpeg HTTP/1.1" 304 - "https://sgcakesandsurprises.shop/?elementor_library=food" "Mozilla/5.0 (Windows NT 10.0; Win64; x64) AppleWebKit/537.36 (KHTML, like Gecko) Chrome/150.0.0.0 Safari/537.36"
102.89.23.236 - - [21/Jul/2026:10:47:18 +0000] "GET /wp-content/uploads/2026/07/WhatsApp-Image-2026-07-15-at-11.55.21-AM.jpeg HTTP/1.1" 304 - "https://sgcakesandsurprises.shop/?elementor_library=food" "Mozilla/5.0 (Windows NT 10.0; Win64; x64) AppleWebKit/537.36 (KHTML, like Gecko) Chrome/150.0.0.0 Safari/537.36"
102.89.23.236 - - [21/Jul/2026:10:47:18 +0000] "GET /wp-content/uploads/2026/07/WhatsApp-Image-2026-07-15-at-11.53.59-AM-1.jpeg HTTP/1.1" 304 - "https://sgcakesandsurprises.shop/?elementor_library=food" "Mozilla/5.0 (Windows NT 10.0; Win64; x64) AppleWebKit/537.36 (KHTML, like Gecko) Chrome/150.0.0.0 Safari/537.36"
102.89.23.236 - - [21/Jul/2026:10:47:17 +0000] "POST /wp-admin/admin-ajax.php HTTP/1.1" 200 77 "https://sgcakesandsurprises.shop/wp-admin/post.php?post=324&action=elementor" "Mozilla/5.0 (Windows NT 10.0; Win64; x64) AppleWebKit/537.36 (KHTML, like Gecko) Chrome/150.0.0.0 Safari/537.36"
102.89.23.236 - - [21/Jul/2026:10:47:27 +0000] "GET /wp-json/elementor/v1/checklist/user-progress HTTP/1.1" 200 534 "https://sgcakesandsurprises.shop/wp-admin/post.php?post=324&action=elementor" "Mozilla/5.0 (Windows NT 10.0; Win64; x64) AppleWebKit/537.36 (KHTML, like Gecko) Chrome/150.0.0.0 Safari/537.36"
102.89.23.236 - - [21/Jul/2026:10:47:33 +0000] "GET /wp-content/uploads/elementor/css/post-293.css?ver=1784475145 HTTP/1.1" 200 4247 "https://sgcakesandsurprises.shop/?elementor_library=luxury-surprise" "Mozilla/5.0 (Windows NT 10.0; Win64; x64) AppleWebKit/537.36 (KHTML, like Gecko) Chrome/150.0.0.0 Safari/537.36"
102.89.23.236 - - [21/Jul/2026:10:47:31 +0000] "GET /?elementor_library=luxury-surprise HTTP/1.1" 200 230793 "https://sgcakesandsurprises.shop/wp-admin/post.php?post=324&action=elementor" "Mozilla/5.0 (Windows NT 10.0; Win64; x64) AppleWebKit/537.36 (KHTML, like Gecko) Chrome/150.0.0.0 Safari/537.36"
102.89.23.236 - - [21/Jul/2026:10:47:34 +0000] "GET /wp-content/uploads/elementor/css/local-293-frontend-desktop.css?ver=6a5cee0980127 HTTP/1.1" 200 1384 "https://sgcakesandsurprises.shop/?elementor_library=luxury-surprise" "Mozilla/5.0 (Windows NT 10.0; Win64; x64) AppleWebKit/537.36 (KHTML, like Gecko) Chrome/150.0.0.0 Safari/537.36"
102.89.23.236 - - [21/Jul/2026:10:47:34 +0000] "GET /wp-content/uploads/elementor/css/local-293-frontend-tablet.css?ver=6a5cee0980127 HTTP/1.1" 200 105 "https://sgcakesandsurprises.shop/?elementor_library=luxury-surprise" "Mozilla/5.0 (Windows NT 10.0; Win64; x64) AppleWebKit/537.36 (KHTML, like Gecko) Chrome/150.0.0.0 Safari/537.36"
102.89.23.236 - - [21/Jul/2026:10:47:34 +0000] "GET /wp-content/uploads/elementor/css/local-293-frontend-mobile.css?ver=6a5cee0980127 HTTP/1.1" 200 515 "https://sgcakesandsurprises.shop/?elementor_library=luxury-surprise" "Mozilla/5.0 (Windows NT 10.0; Win64; x64) AppleWebKit/537.36 (KHTML, like Gecko) Chrome/150.0.0.0 Safari/537.36"
102.89.23.236 - - [21/Jul/2026:10:47:34 +0000] "POST /wp-admin/admin-ajax.php HTTP/1.1" 200 77 "https://sgcakesandsurprises.shop/wp-admin/post.php?post=324&action=elementor" "Mozilla/5.0 (Windows NT 10.0; Win64; x64) AppleWebKit/537.36 (KHTML, like Gecko) Chrome/150.0.0.0 Safari/537.36"
102.89.23.236 - - [21/Jul/2026:10:47:34 +0000] "GET /wp-admin/admin-ajax.php?action=pys_get_pbid HTTP/1.1" 200 1 "https://sgcakesandsurprises.shop/?elementor_library=luxury-surprise" "Mozilla/5.0 (Windows NT 10.0; Win64; x64) AppleWebKit/537.36 (KHTML, like Gecko) Chrome/150.0.0.0 Safari/537.36"
102.89.23.236 - - [21/Jul/2026:10:47:34 +0000] "POST /wp-json/pys-facebook/v1/event HTTP/1.1" 200 16 "https://sgcakesandsurprises.shop/?elementor_library=luxury-surprise" "Mozilla/5.0 (Windows NT 10.0; Win64; x64) AppleWebKit/537.36 (KHTML, like Gecko) Chrome/150.0.0.0 Safari/537.36"
198.177.124.148 - - [21/Jul/2026:10:47:53 +0000] "POST /wp-cron.php?doing_wp_cron=1784630873.8754470348358154296875 HTTP/1.1" 200 - "-" "WordPress/7.0.2; https://sgcakesandsurprises.shop"
102.89.23.236 - - [21/Jul/2026:10:47:53 +0000] "POST /wp-admin/admin-ajax.php HTTP/1.1" 200 77 "https://sgcakesandsurprises.shop/wp-admin/post.php?post=324&action=elementor" "Mozilla/5.0 (Windows NT 10.0; Win64; x64) AppleWebKit/537.36 (KHTML, like Gecko) Chrome/150.0.0.0 Safari/537.36"
102.89.23.236 - - [21/Jul/2026:10:47:53 +0000] "GET /wp-json/elementor/v1/checklist/user-progress HTTP/1.1" 200 534 "https://sgcakesandsurprises.shop/wp-admin/post.php?post=324&action=elementor" "Mozilla/5.0 (Windows NT 10.0; Win64; x64) AppleWebKit/537.36 (KHTML, like Gecko) Chrome/150.0.0.0 Safari/537.36"
102.89.23.236 - - [21/Jul/2026:10:47:58 +0000] "GET /?elementor_library=sg-cakes-and-surprises HTTP/1.1" 200 229539 "https://sgcakesandsurprises.shop/wp-admin/post.php?post=324&action=elementor" "Mozilla/5.0 (Windows NT 10.0; Win64; x64) AppleWebKit/537.36 (KHTML, like Gecko) Chrome/150.0.0.0 Safari/537.36"
102.89.23.236 - - [21/Jul/2026:10:48:00 +0000] "GET /wp-content/uploads/elementor/css/local-43-frontend-desktop.css?ver=6a5cee2e6c245 HTTP/1.1" 200 1085 "https://sgcakesandsurprises.shop/?elementor_library=sg-cakes-and-surprises" "Mozilla/5.0 (Windows NT 10.0; Win64; x64) AppleWebKit/537.36 (KHTML, like Gecko) Chrome/150.0.0.0 Safari/537.36"
102.89.23.236 - - [21/Jul/2026:10:48:00 +0000] "GET /wp-content/uploads/elementor/css/post-43.css?ver=1784475182 HTTP/1.1" 200 2688 "https://sgcakesandsurprises.shop/?elementor_library=sg-cakes-and-surprises" "Mozilla/5.0 (Windows NT 10.0; Win64; x64) AppleWebKit/537.36 (KHTML, like Gecko) Chrome/150.0.0.0 Safari/537.36"
102.89.23.236 - - [21/Jul/2026:10:48:00 +0000] "GET /wp-content/uploads/2026/07/IMG-20260715-WA0020-Copy.jpg HTTP/1.1" 304 - "https://sgcakesandsurprises.shop/?elementor_library=sg-cakes-and-surprises" "Mozilla/5.0 (Windows NT 10.0; Win64; x64) AppleWebKit/537.36 (KHTML, like Gecko) Chrome/150.0.0.0 Safari/537.36"
102.89.23.236 - - [21/Jul/2026:10:48:00 +0000] "GET /wp-content/uploads/2026/07/IMG-20260715-WA0023.jpg HTTP/1.1" 304 - "https://sgcakesandsurprises.shop/?elementor_library=sg-cakes-and-surprises" "Mozilla/5.0 (Windows NT 10.0; Win64; x64) AppleWebKit/537.36 (KHTML, like Gecko) Chrome/150.0.0.0 Safari/537.36"
102.89.23.236 - - [21/Jul/2026:10:48:00 +0000] "GET /wp-content/uploads/2026/07/IMG-20260715-WA0016-Copy.jpg HTTP/1.1" 304 - "https://sgcakesandsurprises.shop/?elementor_library=sg-cakes-and-surprises" "Mozilla/5.0 (Windows NT 10.0; Win64; x64) AppleWebKit/537.36 (KHTML, like Gecko) Chrome/150.0.0.0 Safari/537.36"
102.89.23.236 - - [21/Jul/2026:10:48:00 +0000] "GET /wp-content/uploads/2026/07/IMG-20260715-WA0019-Copy.jpg HTTP/1.1" 304 - "https://sgcakesandsurprises.shop/?elementor_library=sg-cakes-and-surprises" "Mozilla/5.0 (Windows NT 10.0; Win64; x64) AppleWebKit/537.36 (KHTML, like Gecko) Chrome/150.0.0.0 Safari/537.36"
102.89.23.236 - - [21/Jul/2026:10:48:00 +0000] "GET /wp-content/uploads/2026/07/IMG-20260715-WA0022-Copy.jpg HTTP/1.1" 304 - "https://sgcakesandsurprises.shop/?elementor_library=sg-cakes-and-surprises" "Mozilla/5.0 (Windows NT 10.0; Win64; x64) AppleWebKit/537.36 (KHTML, like Gecko) Chrome/150.0.0.0 Safari/537.36"
102.89.23.236 - - [21/Jul/2026:10:48:00 +0000] "GET /wp-content/uploads/2026/07/IMG-20260715-WA0007-Copy-Copy.jpg HTTP/1.1" 304 - "https://sgcakesandsurprises.shop/?elementor_library=sg-cakes-and-surprises" "Mozilla/5.0 (Windows NT 10.0; Win64; x64) AppleWebKit/537.36 (KHTML, like Gecko) Chrome/150.0.0.0 Safari/537.36"
102.89.23.236 - - [21/Jul/2026:10:48:00 +0000] "GET /wp-content/uploads/elementor/css/local-43-frontend-mobile.css?ver=6a5cee2e6c245 HTTP/1.1" 200 479 "https://sgcakesandsurprises.shop/?elementor_library=sg-cakes-and-surprises" "Mozilla/5.0 (Windows NT 10.0; Win64; x64) AppleWebKit/537.36 (KHTML, like Gecko) Chrome/150.0.0.0 Safari/537.36"
102.89.23.236 - - [21/Jul/2026:10:48:00 +0000] "GET /wp-admin/admin-ajax.php?action=pys_get_pbid HTTP/1.1" 200 1 "https://sgcakesandsurprises.shop/?elementor_library=sg-cakes-and-surprises" "Mozilla/5.0 (Windows NT 10.0; Win64; x64) AppleWebKit/537.36 (KHTML, like Gecko) Chrome/150.0.0.0 Safari/537.36"
102.89.23.236 - - [21/Jul/2026:10:48:00 +0000] "POST /wp-json/pys-facebook/v1/event HTTP/1.1" 200 16 "https://sgcakesandsurprises.shop/?elementor_library=sg-cakes-and-surprises" "Mozilla/5.0 (Windows NT 10.0; Win64; x64) AppleWebKit/537.36 (KHTML, like Gecko) Chrome/150.0.0.0 Safari/537.36"
102.89.23.236 - - [21/Jul/2026:10:48:06 +0000] "GET /wp-content/plugins/elementor/assets/images/placeholder.png HTTP/1.1" 304 - "https://sgcakesandsurprises.shop/?elementor_library=sg-cakes-and-surprises" "Mozilla/5.0 (Windows NT 10.0; Win64; x64) AppleWebKit/537.36 (KHTML, like Gecko) Chrome/150.0.0.0 Safari/537.36"
102.89.23.236 - - [21/Jul/2026:10:48:08 +0000] "POST /wp-admin/admin-ajax.php HTTP/1.1" 200 77 "https://sgcakesandsurprises.shop/wp-admin/post.php?post=324&action=elementor" "Mozilla/5.0 (Windows NT 10.0; Win64; x64) AppleWebKit/537.36 (KHTML, like Gecko) Chrome/150.0.0.0 Safari/537.36"
102.89.23.236 - - [21/Jul/2026:10:49:23 +0000] "GET /wp-json/elementor/v1/checklist/user-progress HTTP/1.1" 200 534 "https://sgcakesandsurprises.shop/wp-admin/post.php?post=324&action=elementor" "Mozilla/5.0 (Windows NT 10.0; Win64; x64) AppleWebKit/537.36 (KHTML, like Gecko) Chrome/150.0.0.0 Safari/537.36"
198.177.124.148 - - [21/Jul/2026:10:49:26 +0000] "POST /wp-cron.php?doing_wp_cron=1784630966.4505960941314697265625 HTTP/1.1" 200 - "-" "WordPress/7.0.2; https://sgcakesandsurprises.shop"
102.89.23.236 - - [21/Jul/2026:10:49:23 +0000] "POST /wp-admin/admin-ajax.php HTTP/1.1" 200 77 "https://sgcakesandsurprises.shop/wp-admin/post.php?post=324&action=elementor" "Mozilla/5.0 (Windows NT 10.0; Win64; x64) AppleWebKit/537.36 (KHTML, like Gecko) Chrome/150.0.0.0 Safari/537.36"
102.89.23.236 - - [21/Jul/2026:10:49:38 +0000] "POST /wp-admin/admin-ajax.php HTTP/1.1" 200 77 "https://sgcakesandsurprises.shop/wp-admin/post.php?post=324&action=elementor" "Mozilla/5.0 (Windows NT 10.0; Win64; x64) AppleWebKit/537.36 (KHTML, like Gecko) Chrome/150.0.0.0 Safari/537.36"
198.177.124.148 - - [21/Jul/2026:10:49:55 +0000] "POST /wp-cron.php?doing_wp_cron=1784630995.1056809425354003906250 HTTP/1.1" 200 - "-" "WordPress/7.0.2; https://sgcakesandsurprises.shop"
102.89.23.236 - - [21/Jul/2026:10:49:53 +0000] "POST /wp-admin/admin-ajax.php HTTP/1.1" 200 77 "https://sgcakesandsurprises.shop/wp-admin/post.php?post=324&action=elementor" "Mozilla/5.0 (Windows NT 10.0; Win64; x64) AppleWebKit/537.36 (KHTML, like Gecko) Chrome/150.0.0.0 Safari/537.36"
102.89.23.236 - - [21/Jul/2026:10:50:08 +0000] "POST /wp-admin/admin-ajax.php HTTP/1.1" 200 77 "https://sgcakesandsurprises.shop/wp-admin/post.php?post=324&action=elementor" "Mozilla/5.0 (Windows NT 10.0; Win64; x64) AppleWebKit/537.36 (KHTML, like Gecko) Chrome/150.0.0.0 Safari/537.36"
102.89.23.236 - - [21/Jul/2026:10:50:19 +0000] "GET /wp-admin/edit.php?post_type=page HTTP/1.1" 200 328623 "https://sgcakesandsurprises.shop/wp-admin/" "Mozilla/5.0 (Windows NT 10.0; Win64; x64) AppleWebKit/537.36 (KHTML, like Gecko) Chrome/150.0.0.0 Safari/537.36"
102.89.23.236 - - [21/Jul/2026:10:50:23 +0000] "POST /wp-admin/admin-ajax.php HTTP/1.1" 200 77 "https://sgcakesandsurprises.shop/wp-admin/post.php?post=324&action=elementor" "Mozilla/5.0 (Windows NT 10.0; Win64; x64) AppleWebKit/537.36 (KHTML, like Gecko) Chrome/150.0.0.0 Safari/537.36"
102.89.23.236 - - [21/Jul/2026:10:50:25 +0000] "POST /wp-admin/admin-ajax.php HTTP/1.1" 200 47 "https://sgcakesandsurprises.shop/wp-admin/edit.php?post_type=page" "Mozilla/5.0 (Windows NT 10.0; Win64; x64) AppleWebKit/537.36 (KHTML, like Gecko) Chrome/150.0.0.0 Safari/537.36"
102.89.23.236 - - [21/Jul/2026:10:50:36 +0000] "POST /wp-admin/admin-ajax.php HTTP/1.1" 200 47 "https://sgcakesandsurprises.shop/wp-admin/edit.php?post_type=page" "Mozilla/5.0 (Windows NT 10.0; Win64; x64) AppleWebKit/537.36 (KHTML, like Gecko) Chrome/150.0.0.0 Safari/537.36"
102.89.23.236 - - [21/Jul/2026:10:50:40 +0000] "GET /wp-content/plugins/wpforms-lite/assets/css/integrations/paypal-commerce/integrations/integrations-paypal-commerce.min.css?ver=2.0.0.2 HTTP/1.1" 304 - "https://sgcakesandsurprises.shop/wp-admin/post-new.php?post_type=page" "Mozilla/5.0 (Windows NT 10.0; Win64; x64) AppleWebKit/537.36 (KHTML, like Gecko) Chrome/150.0.0.0 Safari/537.36"
102.89.23.236 - - [21/Jul/2026:10:50:41 +0000] "GET /wp-content/plugins/wpforms-lite/assets/css/integrations/square/wpforms-square.min.css?ver=2.0.0.2 HTTP/1.1" 304 - "https://sgcakesandsurprises.shop/wp-admin/post-new.php?post_type=page" "Mozilla/5.0 (Windows NT 10.0; Win64; x64) AppleWebKit/537.36 (KHTML, like Gecko) Chrome/150.0.0.0 Safari/537.36"
102.89.23.236 - - [21/Jul/2026:10:50:41 +0000] "GET /wp-content/plugins/insert-headers-and-footers/build/admin-global-lite.css?ver=981c2c1b0bc4dc9f90f3 HTTP/1.1" 304 - "https://sgcakesandsurprises.shop/wp-admin/post-new.php?post_type=page" "Mozilla/5.0 (Windows NT 10.0; Win64; x64) AppleWebKit/537.36 (KHTML, like Gecko) Chrome/150.0.0.0 Safari/537.36"
102.89.23.236 - - [21/Jul/2026:10:50:41 +0000] "GET /wp-content/plugins/wpforms-lite/assets/js/admin/form-embed-wizard.min.js?ver=2.0.0.2 HTTP/1.1" 304 - "https://sgcakesandsurprises.shop/wp-admin/post-new.php?post_type=page" "Mozilla/5.0 (Windows NT 10.0; Win64; x64) AppleWebKit/537.36 (KHTML, like Gecko) Chrome/150.0.0.0 Safari/537.36"
102.89.23.236 - - [21/Jul/2026:10:50:38 +0000] "GET /wp-admin/post-new.php?post_type=page HTTP/1.1" 200 811157 "https://sgcakesandsurprises.shop/wp-admin/edit.php?post_type=page" "Mozilla/5.0 (Windows NT 10.0; Win64; x64) AppleWebKit/537.36 (KHTML, like Gecko) Chrome/150.0.0.0 Safari/537.36"
102.89.23.236 - - [21/Jul/2026:10:50:41 +0000] "GET /wp-content/plugins/insert-headers-and-footers/admin/images/default-user-icon.png HTTP/1.1" 304 - "https://sgcakesandsurprises.shop/wp-admin/post-new.php?post_type=page" "Mozilla/5.0 (Windows NT 10.0; Win64; x64) AppleWebKit/537.36 (KHTML, like Gecko) Chrome/150.0.0.0 Safari/537.36"
102.89.23.236 - - [21/Jul/2026:10:50:42 +0000] "GET /wp-content/plugins/elementor/assets/js/gutenberg.min.js?ver=4.1.5 HTTP/1.1" 304 - "https://sgcakesandsurprises.shop/wp-admin/post-new.php?post_type=page" "Mozilla/5.0 (Windows NT 10.0; Win64; x64) AppleWebKit/537.36 (KHTML, like Gecko) Chrome/150.0.0.0 Safari/537.36"
102.89.23.236 - - [21/Jul/2026:10:50:42 +0000] "GET /wp-content/plugins/elementor/assets/js/ai-gutenberg.min.js?ver=4.1.5 HTTP/1.1" 304 - "https://sgcakesandsurprises.shop/wp-admin/post-new.php?post_type=page" "Mozilla/5.0 (Windows NT 10.0; Win64; x64) AppleWebKit/537.36 (KHTML, like Gecko) Chrome/150.0.0.0 Safari/537.36"
102.89.23.236 - - [21/Jul/2026:10:50:42 +0000] "GET /wp-content/plugins/wpforms-lite/assets/lite/js/integrations/gutenberg/formselector.es5.min.js?ver=2.0.0.2 HTTP/1.1" 304 - "https://sgcakesandsurprises.shop/wp-admin/post-new.php?post_type=page" "Mozilla/5.0 (Windows NT 10.0; Win64; x64) AppleWebKit/537.36 (KHTML, like Gecko) Chrome/150.0.0.0 Safari/537.36"
102.89.23.236 - - [21/Jul/2026:10:50:42 +0000] "GET /wp-content/plugins/insert-headers-and-footers/build/admin-global-lite.js?ver=981c2c1b0bc4dc9f90f3 HTTP/1.1" 304 - "https://sgcakesandsurprises.shop/wp-admin/post-new.php?post_type=page" "Mozilla/5.0 (Windows NT 10.0; Win64; x64) AppleWebKit/537.36 (KHTML, like Gecko) Chrome/150.0.0.0 Safari/537.36"
102.89.23.236 - - [21/Jul/2026:10:50:42 +0000] "GET /wp-json/wpforms/v1/themes/?_locale=user HTTP/1.1" 200 9111 "https://sgcakesandsurprises.shop/wp-admin/post-new.php?post_type=page" "Mozilla/5.0 (Windows NT 10.0; Win64; x64) AppleWebKit/537.36 (KHTML, like Gecko) Chrome/150.0.0.0 Safari/537.36"
102.89.23.236 - - [21/Jul/2026:10:50:43 +0000] "OPTIONS /wp-json/wp/v2/settings?_locale=user HTTP/1.1" 200 5760 "https://sgcakesandsurprises.shop/wp-admin/post-new.php?post_type=page" "Mozilla/5.0 (Windows NT 10.0; Win64; x64) AppleWebKit/537.36 (KHTML, like Gecko) Chrome/150.0.0.0 Safari/537.36"
102.89.23.236 - - [21/Jul/2026:10:50:43 +0000] "GET /wp-content/uploads/2026/07/cropped-IMG-20260715-WA0026-Copy.jpg HTTP/1.1" 404 248371 "https://sgcakesandsurprises.shop/wp-admin/post-new.php?post_type=page" "Mozilla/5.0 (Windows NT 10.0; Win64; x64) AppleWebKit/537.36 (KHTML, like Gecko) Chrome/150.0.0.0 Safari/537.36"
102.89.23.236 - - [21/Jul/2026:10:50:43 +0000] "GET /wp-json/wp/v2/templates/lookup?slug=front-page&_locale=user HTTP/1.1" 200 28360 "https://sgcakesandsurprises.shop/wp-admin/post-new.php?post_type=page" "Mozilla/5.0 (Windows NT 10.0; Win64; x64) AppleWebKit/537.36 (KHTML, like Gecko) Chrome/150.0.0.0 Safari/537.36"
102.89.23.236 - - [21/Jul/2026:10:50:43 +0000] "GET /wp-json/wp/v2/comments?context=edit&post=337&type=note&status=all&per_page=100&_locale=user HTTP/1.1" 200 2 "https://sgcakesandsurprises.shop/wp-admin/post-new.php?post_type=page" "Mozilla/5.0 (Windows NT 10.0; Win64; x64) AppleWebKit/537.36 (KHTML, like Gecko) Chrome/150.0.0.0 Safari/537.36"
102.89.23.236 - - [21/Jul/2026:10:50:45 +0000] "GET /wp-json/wp/v2/blocks?context=edit&per_page=100&page=1&_locale=user HTTP/1.1" 200 2 "https://sgcakesandsurprises.shop/wp-admin/post-new.php?post_type=page" "Mozilla/5.0 (Windows NT 10.0; Win64; x64) AppleWebKit/537.36 (KHTML, like Gecko) Chrome/150.0.0.0 Safari/537.36"
102.89.23.236 - - [21/Jul/2026:10:50:46 +0000] "GET /wp-json/wp/v2/wp_pattern_category?context=view&per_page=100&_fields=id%2Cname%2Cdescription%2Cslug&_locale=user HTTP/1.1" 200 2 "https://sgcakesandsurprises.shop/wp-admin/post-new.php?post_type=page" "Mozilla/5.0 (Windows NT 10.0; Win64; x64) AppleWebKit/537.36 (KHTML, like Gecko) Chrome/150.0.0.0 Safari/537.36"
102.89.23.236 - - [21/Jul/2026:10:50:43 +0000] "GET /wp-json/wp/v2/block-patterns/patterns?_locale=user HTTP/1.1" 200 485005 "https://sgcakesandsurprises.shop/wp-admin/post-new.php?post_type=page" "Mozilla/5.0 (Windows NT 10.0; Win64; x64) AppleWebKit/537.36 (KHTML, like Gecko) Chrome/150.0.0.0 Safari/537.36"
198.177.124.148 - - [21/Jul/2026:10:50:54 +0000] "POST /wp-cron.php?doing_wp_cron=1784631054.7779319286346435546875 HTTP/1.1" 200 - "-" "WordPress/7.0.2; https://sgcakesandsurprises.shop"
102.89.23.236 - - [21/Jul/2026:10:50:53 +0000] "POST /wp-admin/admin-ajax.php HTTP/1.1" 200 98 "https://sgcakesandsurprises.shop/wp-admin/post-new.php?post_type=page" "Mozilla/5.0 (Windows NT 10.0; Win64; x64) AppleWebKit/537.36 (KHTML, like Gecko) Chrome/150.0.0.0 Safari/537.36"
198.177.124.148 - - [21/Jul/2026:10:52:58 +0000] "POST /wp-cron.php?doing_wp_cron=1784631178.2489368915557861328125 HTTP/1.1" 200 - "-" "WordPress/7.0.2; https://sgcakesandsurprises.shop"
102.89.23.236 - - [21/Jul/2026:10:52:55 +0000] "POST /wp-admin/admin-ajax.php HTTP/1.1" 200 98 "https://sgcakesandsurprises.shop/wp-admin/post-new.php?post_type=page" "Mozilla/5.0 (Windows NT 10.0; Win64; x64) AppleWebKit/537.36 (KHTML, like Gecko) Chrome/150.0.0.0 Safari/537.36"
198.177.124.148 - - [21/Jul/2026:10:54:32 +0000] "POST /wp-cron.php?doing_wp_cron=1784631272.7161169052124023437500 HTTP/1.1" 200 - "-" "WordPress/7.0.2; https://sgcakesandsurprises.shop"
102.89.23.236 - - [21/Jul/2026:10:54:29 +0000] "GET /wp-json/wp/v2/posts?context=edit&offset=9&order=desc&orderby=date&per_page=3&sticky=false&_locale=user HTTP/1.1" 200 2 "https://sgcakesandsurprises.shop/wp-admin/post-new.php?post_type=page" "Mozilla/5.0 (Windows NT 10.0; Win64; x64) AppleWebKit/537.36 (KHTML, like Gecko) Chrome/150.0.0.0 Safari/537.36"
102.89.23.236 - - [21/Jul/2026:10:54:29 +0000] "GET /wp-json/wp/v2/posts?context=edit&offset=3&order=desc&orderby=date&per_page=3&sticky=false&_locale=user HTTP/1.1" 200 2 "https://sgcakesandsurprises.shop/wp-admin/post-new.php?post_type=page" "Mozilla/5.0 (Windows NT 10.0; Win64; x64) AppleWebKit/537.36 (KHTML, like Gecko) Chrome/150.0.0.0 Safari/537.36"
102.89.23.236 - - [21/Jul/2026:10:54:29 +0000] "GET /wp-json/wp/v2/posts?context=edit&offset=0&order=desc&orderby=date&per_page=3&ignore_sticky=false&_locale=user HTTP/1.1" 200 20479 "https://sgcakesandsurprises.shop/wp-admin/post-new.php?post_type=page" "Mozilla/5.0 (Windows NT 10.0; Win64; x64) AppleWebKit/537.36 (KHTML, like Gecko) Chrome/150.0.0.0 Safari/537.36"
102.89.23.236 - - [21/Jul/2026:10:54:29 +0000] "GET /wp-json/wp/v2/posts?context=edit&offset=6&order=desc&orderby=date&per_page=3&sticky=false&_locale=user HTTP/1.1" 200 2 "https://sgcakesandsurprises.shop/wp-admin/post-new.php?post_type=page" "Mozilla/5.0 (Windows NT 10.0; Win64; x64) AppleWebKit/537.36 (KHTML, like Gecko) Chrome/150.0.0.0 Safari/537.36"
102.89.23.236 - - [21/Jul/2026:10:54:29 +0000] "GET /wp-json/wp/v2/posts?context=edit&offset=0&order=desc&orderby=date&per_page=10&ignore_sticky=false&_locale=user HTTP/1.1" 200 20479 "https://sgcakesandsurprises.shop/wp-admin/post-new.php?post_type=page" "Mozilla/5.0 (Windows NT 10.0; Win64; x64) AppleWebKit/537.36 (KHTML, like Gecko) Chrome/150.0.0.0 Safari/537.36"
102.89.23.236 - - [21/Jul/2026:10:54:33 +0000] "GET /wp-json/wp/v2/types/post?context=edit&_locale=user HTTP/1.1" 200 2476 "https://sgcakesandsurprises.shop/wp-admin/post-new.php?post_type=page" "Mozilla/5.0 (Windows NT 10.0; Win64; x64) AppleWebKit/537.36 (KHTML, like Gecko) Chrome/150.0.0.0 Safari/537.36"
102.89.23.236 - - [21/Jul/2026:10:54:33 +0000] "GET /wp-json/wp/v2/template-parts/twentytwentyfour//post-meta?context=edit&_locale=user HTTP/1.1" 200 2109 "https://sgcakesandsurprises.shop/wp-admin/post-new.php?post_type=page" "Mozilla/5.0 (Windows NT 10.0; Win64; x64) AppleWebKit/537.36 (KHTML, like Gecko) Chrome/150.0.0.0 Safari/537.36"
102.89.23.236 - - [21/Jul/2026:10:54:36 +0000] "GET /wp-json/wp/v2/taxonomies/category?context=edit&_locale=user HTTP/1.1" 200 2087 "https://sgcakesandsurprises.shop/wp-admin/post-new.php?post_type=page" "Mozilla/5.0 (Windows NT 10.0; Win64; x64) AppleWebKit/537.36 (KHTML, like Gecko) Chrome/150.0.0.0 Safari/537.36"
102.89.23.236 - - [21/Jul/2026:10:54:36 +0000] "GET /wp-json/wp/v2/users/1?context=edit&_locale=user HTTP/1.1" 200 3038 "https://sgcakesandsurprises.shop/wp-admin/post-new.php?post_type=page" "Mozilla/5.0 (Windows NT 10.0; Win64; x64) AppleWebKit/537.36 (KHTML, like Gecko) Chrome/150.0.0.0 Safari/537.36"
198.177.124.148 - - [21/Jul/2026:10:54:56 +0000] "POST /wp-cron.php?doing_wp_cron=1784631296.0282618999481201171875 HTTP/1.1" 200 - "-" "WordPress/7.0.2; https://sgcakesandsurprises.shop"
102.89.23.236 - - [21/Jul/2026:10:54:54 +0000] "POST /wp-admin/admin-ajax.php HTTP/1.1" 200 98 "https://sgcakesandsurprises.shop/wp-admin/post-new.php?post_type=page" "Mozilla/5.0 (Windows NT 10.0; Win64; x64) AppleWebKit/537.36 (KHTML, like Gecko) Chrome/150.0.0.0 Safari/537.36"
102.89.23.236 - - [21/Jul/2026:10:54:56 +0000] "GET /wp-json/wp/v2/categories?context=view&post=117&per_page=100&_locale=user HTTP/1.1" 200 711 "https://sgcakesandsurprises.shop/wp-admin/post-new.php?post_type=page" "Mozilla/5.0 (Windows NT 10.0; Win64; x64) AppleWebKit/537.36 (KHTML, like Gecko) Chrome/150.0.0.0 Safari/537.36"
102.89.23.236 - - [21/Jul/2026:10:54:56 +0000] "GET /wp-json/wp/v2/categories?context=view&post=1&per_page=100&_locale=user HTTP/1.1" 200 711 "https://sgcakesandsurprises.shop/wp-admin/post-new.php?post_type=page" "Mozilla/5.0 (Windows NT 10.0; Win64; x64) AppleWebKit/537.36 (KHTML, like Gecko) Chrome/150.0.0.0 Safari/537.36"
102.89.23.236 - - [21/Jul/2026:10:54:58 +0000] "POST /wp-json/wp/v2/users/me?_locale=user HTTP/1.1" 200 3038 "https://sgcakesandsurprises.shop/wp-admin/post-new.php?post_type=page" "Mozilla/5.0 (Windows NT 10.0; Win64; x64) AppleWebKit/537.36 (KHTML, like Gecko) Chrome/150.0.0.0 Safari/537.36"
102.89.23.236 - - [21/Jul/2026:10:55:00 +0000] "POST /wp-admin/admin-ajax.php HTTP/1.1" 200 59 "https://sgcakesandsurprises.shop/wp-admin/post-new.php?post_type=page" "Mozilla/5.0 (Windows NT 10.0; Win64; x64) AppleWebKit/537.36 (KHTML, like Gecko) Chrome/150.0.0.0 Safari/537.36"
102.89.23.236 - - [21/Jul/2026:10:55:04 +0000] "POST /wp-admin/admin-ajax.php HTTP/1.1" 200 98 "https://sgcakesandsurprises.shop/wp-admin/post-new.php?post_type=page" "Mozilla/5.0 (Windows NT 10.0; Win64; x64) AppleWebKit/537.36 (KHTML, like Gecko) Chrome/150.0.0.0 Safari/537.36"
102.89.23.236 - - [21/Jul/2026:10:55:05 +0000] "POST /wp-json/wp/v2/pages/337/autosaves?_locale=user HTTP/1.1" 200 585 "https://sgcakesandsurprises.shop/wp-admin/post-new.php?post_type=page" "Mozilla/5.0 (Windows NT 10.0; Win64; x64) AppleWebKit/537.36 (KHTML, like Gecko) Chrome/150.0.0.0 Safari/537.36"
102.89.23.236 - - [21/Jul/2026:10:55:15 +0000] "POST /wp-admin/admin-ajax.php HTTP/1.1" 200 98 "https://sgcakesandsurprises.shop/wp-admin/post.php?post=337&action=edit" "Mozilla/5.0 (Windows NT 10.0; Win64; x64) AppleWebKit/537.36 (KHTML, like Gecko) Chrome/150.0.0.0 Safari/537.36"
102.89.23.236 - - [21/Jul/2026:10:55:25 +0000] "POST /wp-admin/admin-ajax.php HTTP/1.1" 200 98 "https://sgcakesandsurprises.shop/wp-admin/post.php?post=337&action=edit" "Mozilla/5.0 (Windows NT 10.0; Win64; x64) AppleWebKit/537.36 (KHTML, like Gecko) Chrome/150.0.0.0 Safari/537.36"
102.89.23.236 - - [21/Jul/2026:10:55:35 +0000] "POST /wp-admin/admin-ajax.php HTTP/1.1" 200 98 "https://sgcakesandsurprises.shop/wp-admin/post.php?post=337&action=edit" "Mozilla/5.0 (Windows NT 10.0; Win64; x64) AppleWebKit/537.36 (KHTML, like Gecko) Chrome/150.0.0.0 Safari/537.36"
102.89.23.236 - - [21/Jul/2026:10:55:44 +0000] "POST /wp-admin/admin-ajax.php HTTP/1.1" 200 98 "https://sgcakesandsurprises.shop/wp-admin/post.php?post=337&action=edit" "Mozilla/5.0 (Windows NT 10.0; Win64; x64) AppleWebKit/537.36 (KHTML, like Gecko) Chrome/150.0.0.0 Safari/537.36"
198.177.124.148 - - [21/Jul/2026:10:55:57 +0000] "POST /wp-cron.php?doing_wp_cron=1784631357.2489080429077148437500 HTTP/1.1" 200 - "-" "WordPress/7.0.2; https://sgcakesandsurprises.shop"
102.89.23.236 - - [21/Jul/2026:10:55:55 +0000] "POST /wp-admin/admin-ajax.php HTTP/1.1" 200 98 "https://sgcakesandsurprises.shop/wp-admin/post.php?post=337&action=edit" "Mozilla/5.0 (Windows NT 10.0; Win64; x64) AppleWebKit/537.36 (KHTML, like Gecko) Chrome/150.0.0.0 Safari/537.36"
102.89.23.236 - - [21/Jul/2026:10:56:04 +0000] "POST /wp-admin/admin-ajax.php HTTP/1.1" 200 98 "https://sgcakesandsurprises.shop/wp-admin/post.php?post=337&action=edit" "Mozilla/5.0 (Windows NT 10.0; Win64; x64) AppleWebKit/537.36 (KHTML, like Gecko) Chrome/150.0.0.0 Safari/537.36"
102.89.23.236 - - [21/Jul/2026:10:56:06 +0000] "POST /wp-json/wp/v2/pages/337/autosaves?_locale=user HTTP/1.1" 200 601 "https://sgcakesandsurprises.shop/wp-admin/post.php?post=337&action=edit" "Mozilla/5.0 (Windows NT 10.0; Win64; x64) AppleWebKit/537.36 (KHTML, like Gecko) Chrome/150.0.0.0 Safari/537.36"
102.89.23.236 - - [21/Jul/2026:10:56:15 +0000] "POST /wp-admin/admin-ajax.php HTTP/1.1" 200 98 "https://sgcakesandsurprises.shop/wp-admin/post.php?post=337&action=edit" "Mozilla/5.0 (Windows NT 10.0; Win64; x64) AppleWebKit/537.36 (KHTML, like Gecko) Chrome/150.0.0.0 Safari/537.36"
102.89.23.236 - - [21/Jul/2026:10:56:25 +0000] "POST /wp-admin/admin-ajax.php HTTP/1.1" 200 98 "https://sgcakesandsurprises.shop/wp-admin/post.php?post=337&action=edit" "Mozilla/5.0 (Windows NT 10.0; Win64; x64) AppleWebKit/537.36 (KHTML, like Gecko) Chrome/150.0.0.0 Safari/537.36"
102.89.23.236 - - [21/Jul/2026:10:56:34 +0000] "POST /wp-admin/admin-ajax.php HTTP/1.1" 200 98 "https://sgcakesandsurprises.shop/wp-admin/post.php?post=337&action=edit" "Mozilla/5.0 (Windows NT 10.0; Win64; x64) AppleWebKit/537.36 (KHTML, like Gecko) Chrome/150.0.0.0 Safari/537.36"
102.89.23.236 - - [21/Jul/2026:10:56:45 +0000] "POST /wp-admin/admin-ajax.php HTTP/1.1" 200 98 "https://sgcakesandsurprises.shop/wp-admin/post.php?post=337&action=edit" "Mozilla/5.0 (Windows NT 10.0; Win64; x64) AppleWebKit/537.36 (KHTML, like Gecko) Chrome/150.0.0.0 Safari/537.36"
198.177.124.148 - - [21/Jul/2026:10:56:57 +0000] "POST /wp-cron.php?doing_wp_cron=1784631417.7875440120697021484375 HTTP/1.1" 200 - "-" "WordPress/7.0.2; https://sgcakesandsurprises.shop"
102.89.23.236 - - [21/Jul/2026:10:56:55 +0000] "POST /wp-admin/admin-ajax.php HTTP/1.1" 200 98 "https://sgcakesandsurprises.shop/wp-admin/post.php?post=337&action=edit" "Mozilla/5.0 (Windows NT 10.0; Win64; x64) AppleWebKit/537.36 (KHTML, like Gecko) Chrome/150.0.0.0 Safari/537.36"
102.89.23.236 - - [21/Jul/2026:10:57:05 +0000] "POST /wp-admin/admin-ajax.php HTTP/1.1" 200 98 "https://sgcakesandsurprises.shop/wp-admin/post.php?post=337&action=edit" "Mozilla/5.0 (Windows NT 10.0; Win64; x64) AppleWebKit/537.36 (KHTML, like Gecko) Chrome/150.0.0.0 Safari/537.36"
102.89.23.236 - - [21/Jul/2026:10:57:20 +0000] "POST /wp-admin/admin-ajax.php HTTP/1.1" 200 98 "https://sgcakesandsurprises.shop/wp-admin/post.php?post=337&action=edit" "Mozilla/5.0 (Windows NT 10.0; Win64; x64) AppleWebKit/537.36 (KHTML, like Gecko) Chrome/150.0.0.0 Safari/537.36"
102.89.23.236 - - [21/Jul/2026:10:57:25 +0000] "POST /wp-admin/admin-ajax.php HTTP/1.1" 200 98 "https://sgcakesandsurprises.shop/wp-admin/post.php?post=337&action=edit" "Mozilla/5.0 (Windows NT 10.0; Win64; x64) AppleWebKit/537.36 (KHTML, like Gecko) Chrome/150.0.0.0 Safari/537.36"
102.89.23.236 - - [21/Jul/2026:10:57:35 +0000] "POST /wp-admin/admin-ajax.php HTTP/1.1" 200 98 "https://sgcakesandsurprises.shop/wp-admin/post.php?post=337&action=edit" "Mozilla/5.0 (Windows NT 10.0; Win64; x64) AppleWebKit/537.36 (KHTML, like Gecko) Chrome/150.0.0.0 Safari/537.36"
102.89.23.236 - - [21/Jul/2026:10:57:45 +0000] "POST /wp-admin/admin-ajax.php HTTP/1.1" 200 98 "https://sgcakesandsurprises.shop/wp-admin/post.php?post=337&action=edit" "Mozilla/5.0 (Windows NT 10.0; Win64; x64) AppleWebKit/537.36 (KHTML, like Gecko) Chrome/150.0.0.0 Safari/537.36"
198.177.124.148 - - [21/Jul/2026:10:57:57 +0000] "POST /wp-cron.php?doing_wp_cron=1784631477.2062830924987792968750 HTTP/1.1" 200 - "-" "WordPress/7.0.2; https://sgcakesandsurprises.shop"
102.89.23.236 - - [21/Jul/2026:10:57:55 +0000] "POST /wp-admin/admin-ajax.php HTTP/1.1" 200 98 "https://sgcakesandsurprises.shop/wp-admin/post.php?post=337&action=edit" "Mozilla/5.0 (Windows NT 10.0; Win64; x64) AppleWebKit/537.36 (KHTML, like Gecko) Chrome/150.0.0.0 Safari/537.36"
102.89.23.236 - - [21/Jul/2026:10:58:05 +0000] "POST /wp-admin/admin-ajax.php HTTP/1.1" 200 98 "https://sgcakesandsurprises.shop/wp-admin/post.php?post=337&action=edit" "Mozilla/5.0 (Windows NT 10.0; Win64; x64) AppleWebKit/537.36 (KHTML, like Gecko) Chrome/150.0.0.0 Safari/537.36"
102.89.23.236 - - [21/Jul/2026:10:58:15 +0000] "POST /wp-admin/admin-ajax.php HTTP/1.1" 200 98 "https://sgcakesandsurprises.shop/wp-admin/post.php?post=337&action=edit" "Mozilla/5.0 (Windows NT 10.0; Win64; x64) AppleWebKit/537.36 (KHTML, like Gecko) Chrome/150.0.0.0 Safari/537.36"
102.89.23.236 - - [21/Jul/2026:10:58:25 +0000] "POST /wp-admin/admin-ajax.php HTTP/1.1" 200 98 "https://sgcakesandsurprises.shop/wp-admin/post.php?post=337&action=edit" "Mozilla/5.0 (Windows NT 10.0; Win64; x64) AppleWebKit/537.36 (KHTML, like Gecko) Chrome/150.0.0.0 Safari/537.36"
102.89.23.236 - - [21/Jul/2026:10:58:28 +0000] "GET /wp-json/wp/v2/taxonomies/post_tag?context=edit&_locale=user HTTP/1.1" 200 1889 "https://sgcakesandsurprises.shop/wp-admin/post.php?post=337&action=edit" "Mozilla/5.0 (Windows NT 10.0; Win64; x64) AppleWebKit/537.36 (KHTML, like Gecko) Chrome/150.0.0.0 Safari/537.36"
102.89.23.236 - - [21/Jul/2026:10:58:28 +0000] "GET /wp-content/uploads/2026/07/cropped-IMG-20260715-WA0026-Copy.jpg HTTP/1.1" 404 248373 "https://sgcakesandsurprises.shop/wp-admin/post.php?post=337&action=edit" "Mozilla/5.0 (Windows NT 10.0; Win64; x64) AppleWebKit/537.36 (KHTML, like Gecko) Chrome/150.0.0.0 Safari/537.36"
102.89.23.236 - - [21/Jul/2026:10:58:29 +0000] "GET /wp-json/wp/v2/categories/1?context=edit&_locale=user HTTP/1.1" 200 709 "https://sgcakesandsurprises.shop/wp-admin/post.php?post=337&action=edit" "Mozilla/5.0 (Windows NT 10.0; Win64; x64) AppleWebKit/537.36 (KHTML, like Gecko) Chrome/150.0.0.0 Safari/537.36"
102.89.23.236 - - [21/Jul/2026:10:58:29 +0000] "GET /wp-json/wp/v2/taxonomies/category?context=edit&_locale=user HTTP/1.1" 200 2087 "https://sgcakesandsurprises.shop/wp-admin/post.php?post=337&action=edit" "Mozilla/5.0 (Windows NT 10.0; Win64; x64) AppleWebKit/537.36 (KHTML, like Gecko) Chrome/150.0.0.0 Safari/537.36"
102.89.23.236 - - [21/Jul/2026:10:58:31 +0000] "POST /wp-json/wpforms/v1/themes/custom/?_locale=user HTTP/1.1" 200 15 "https://sgcakesandsurprises.shop/wp-admin/post.php?post=337&action=edit" "Mozilla/5.0 (Windows NT 10.0; Win64; x64) AppleWebKit/537.36 (KHTML, like Gecko) Chrome/150.0.0.0 Safari/537.36"
102.89.23.236 - - [21/Jul/2026:10:58:31 +0000] "POST /wp-json/wp/v2/pages/337?_locale=user HTTP/1.1" 200 2256 "https://sgcakesandsurprises.shop/wp-admin/post.php?post=337&action=edit" "Mozilla/5.0 (Windows NT 10.0; Win64; x64) AppleWebKit/537.36 (KHTML, like Gecko) Chrome/150.0.0.0 Safari/537.36"
102.89.23.236 - - [21/Jul/2026:10:58:35 +0000] "POST /wp-admin/admin-ajax.php HTTP/1.1" 200 98 "https://sgcakesandsurprises.shop/wp-admin/post.php?post=337&action=edit" "Mozilla/5.0 (Windows NT 10.0; Win64; x64) AppleWebKit/537.36 (KHTML, like Gecko) Chrome/150.0.0.0 Safari/537.36"
