198.177.124.148 - - [22/Jul/2026:12:03:02 +0000] "POST /wp-cron.php?doing_wp_cron=1784721782.7544739246368408203125 HTTP/1.1" 200 - "-" "WordPress/7.0.2; https://sgcakesandsurprises.shop"
102.88.108.30 - - [22/Jul/2026:12:02:59 +0000] "POST /wp-admin/admin-ajax.php HTTP/1.1" 200 47 "https://sgcakesandsurprises.shop/wp-admin/admin.php?page=wpforms-builder&view=settings&form_id=411§ion=notifications" "Mozilla/5.0 (Windows NT 10.0; Win64; x64) AppleWebKit/537.36 (KHTML, like Gecko) Chrome/150.0.0.0 Safari/537.36"
102.88.108.30 - - [22/Jul/2026:12:03:19 +0000] "POST /wp-admin/admin-ajax.php HTTP/1.1" 200 47 "https://sgcakesandsurprises.shop/wp-admin/options-general.php" "Mozilla/5.0 (Windows NT 10.0; Win64; x64) AppleWebKit/537.36 (KHTML, like Gecko) Chrome/150.0.0.0 Safari/537.36"
102.88.108.30 - - [22/Jul/2026:12:03:20 +0000] "POST /wp-admin/admin-ajax.php HTTP/1.1" 200 47 "https://sgcakesandsurprises.shop/wp-admin/options-general.php?page=wp-mail-smtp" "Mozilla/5.0 (Windows NT 10.0; Win64; x64) AppleWebKit/537.36 (KHTML, like Gecko) Chrome/150.0.0.0 Safari/537.36"
159.146.88.143 - - [22/Jul/2026:12:03:28 +0000] "POST /xmlrpc.php HTTP/1.1" 503 18957 "-" "Mozilla/5.0 (Linux; Android 10; x64) AppleWebKit/537.36 (KHTML, like Gecko) Opera/73.0.0.0 Safari/537.36"
198.177.124.148 - - [22/Jul/2026:12:04:01 +0000] "POST /wp-cron.php?doing_wp_cron=1784721841.5481040477752685546875 HTTP/1.1" 200 - "-" "WordPress/7.0.2; https://sgcakesandsurprises.shop"
102.88.108.30 - - [22/Jul/2026:12:03:59 +0000] "POST /wp-admin/admin-ajax.php HTTP/1.1" 200 47 "https://sgcakesandsurprises.shop/wp-admin/admin.php?page=wpforms-builder&view=settings&form_id=411§ion=notifications" "Mozilla/5.0 (Windows NT 10.0; Win64; x64) AppleWebKit/537.36 (KHTML, like Gecko) Chrome/150.0.0.0 Safari/537.36"
102.88.108.30 - - [22/Jul/2026:12:04:14 +0000] "POST /wp-admin/admin-ajax.php HTTP/1.1" 200 77 "https://sgcakesandsurprises.shop/wp-admin/post.php?post=393&action=elementor" "Mozilla/5.0 (Windows NT 10.0; Win64; x64) AppleWebKit/537.36 (KHTML, like Gecko) Chrome/150.0.0.0 Safari/537.36"
198.177.124.148 - - [22/Jul/2026:12:05:07 +0000] "POST /wp-cron.php?doing_wp_cron=1784721906.7586240768432617187500 HTTP/1.1" 200 - "-" "WordPress/7.0.2; https://sgcakesandsurprises.shop"
102.88.108.30 - - [22/Jul/2026:12:05:01 +0000] "POST /wp-admin/admin-ajax.php HTTP/1.1" 200 47 "https://sgcakesandsurprises.shop/wp-admin/admin.php?page=wpforms-builder&view=settings&form_id=411§ion=notifications" "Mozilla/5.0 (Windows NT 10.0; Win64; x64) AppleWebKit/537.36 (KHTML, like Gecko) Chrome/150.0.0.0 Safari/537.36"
102.88.108.30 - - [22/Jul/2026:12:05:20 +0000] "POST /wp-admin/admin-ajax.php HTTP/1.1" 200 47 "https://sgcakesandsurprises.shop/wp-admin/options-general.php" "Mozilla/5.0 (Windows NT 10.0; Win64; x64) AppleWebKit/537.36 (KHTML, like Gecko) Chrome/150.0.0.0 Safari/537.36"
102.88.108.30 - - [22/Jul/2026:12:05:21 +0000] "POST /wp-admin/admin-ajax.php HTTP/1.1" 200 47 "https://sgcakesandsurprises.shop/wp-admin/options-general.php?page=wp-mail-smtp" "Mozilla/5.0 (Windows NT 10.0; Win64; x64) AppleWebKit/537.36 (KHTML, like Gecko) Chrome/150.0.0.0 Safari/537.36"
198.177.124.148 - - [22/Jul/2026:12:06:05 +0000] "POST /wp-cron.php?doing_wp_cron=1784721965.8857600688934326171875 HTTP/1.1" 200 - "-" "WordPress/7.0.2; https://sgcakesandsurprises.shop"
102.88.108.30 - - [22/Jul/2026:12:06:01 +0000] "POST /wp-admin/admin-ajax.php HTTP/1.1" 200 47 "https://sgcakesandsurprises.shop/wp-admin/admin.php?page=wpforms-builder&view=settings&form_id=411§ion=notifications" "Mozilla/5.0 (Windows NT 10.0; Win64; x64) AppleWebKit/537.36 (KHTML, like Gecko) Chrome/150.0.0.0 Safari/537.36"
102.88.108.30 - - [22/Jul/2026:12:06:06 +0000] "POST /wp-admin/admin-ajax.php HTTP/1.1" 200 16 "https://sgcakesandsurprises.shop/wp-admin/admin.php?page=wpforms-builder&view=settings&form_id=411§ion=notifications" "Mozilla/5.0 (Windows NT 10.0; Win64; x64) AppleWebKit/537.36 (KHTML, like Gecko) Chrome/150.0.0.0 Safari/537.36"
102.88.108.30 - - [22/Jul/2026:12:06:15 +0000] "POST /wp-admin/admin-ajax.php HTTP/1.1" 200 77 "https://sgcakesandsurprises.shop/wp-admin/post.php?post=393&action=elementor" "Mozilla/5.0 (Windows NT 10.0; Win64; x64) AppleWebKit/537.36 (KHTML, like Gecko) Chrome/150.0.0.0 Safari/537.36"
102.88.108.30 - - [22/Jul/2026:12:06:41 +0000] "POST /wp-admin/admin-ajax.php HTTP/1.1" 200 173 "https://sgcakesandsurprises.shop/wp-admin/admin.php?page=wpforms-builder&view=settings&form_id=411§ion=notifications" "Mozilla/5.0 (Windows NT 10.0; Win64; x64) AppleWebKit/537.36 (KHTML, like Gecko) Chrome/150.0.0.0 Safari/537.36"
102.88.108.30 - - [22/Jul/2026:12:06:44 +0000] "POST /wp-json/wpforms/v1/themes/custom/?_locale=user HTTP/1.1" 200 15 "https://sgcakesandsurprises.shop/wp-admin/admin.php?page=wpforms-builder&view=settings&form_id=411§ion=notifications" "Mozilla/5.0 (Windows NT 10.0; Win64; x64) AppleWebKit/537.36 (KHTML, like Gecko) Chrome/150.0.0.0 Safari/537.36"
198.177.124.148 - - [22/Jul/2026:12:07:01 +0000] "POST /wp-cron.php?doing_wp_cron=1784722021.1443769931793212890625 HTTP/1.1" 200 - "-" "WordPress/7.0.2; https://sgcakesandsurprises.shop"
102.88.108.30 - - [22/Jul/2026:12:06:59 +0000] "POST /wp-admin/admin-ajax.php HTTP/1.1" 200 47 "https://sgcakesandsurprises.shop/wp-admin/admin.php?page=wpforms-builder&view=settings&form_id=411§ion=notifications" "Mozilla/5.0 (Windows NT 10.0; Win64; x64) AppleWebKit/537.36 (KHTML, like Gecko) Chrome/150.0.0.0 Safari/537.36"
102.88.108.30 - - [22/Jul/2026:12:07:21 +0000] "POST /wp-admin/admin-ajax.php HTTP/1.1" 200 47 "https://sgcakesandsurprises.shop/wp-admin/options-general.php" "Mozilla/5.0 (Windows NT 10.0; Win64; x64) AppleWebKit/537.36 (KHTML, like Gecko) Chrome/150.0.0.0 Safari/537.36"
102.88.108.30 - - [22/Jul/2026:12:07:22 +0000] "POST /wp-admin/admin-ajax.php HTTP/1.1" 200 47 "https://sgcakesandsurprises.shop/wp-admin/options-general.php?page=wp-mail-smtp" "Mozilla/5.0 (Windows NT 10.0; Win64; x64) AppleWebKit/537.36 (KHTML, like Gecko) Chrome/150.0.0.0 Safari/537.36"
198.177.124.148 - - [22/Jul/2026:12:08:02 +0000] "POST /wp-cron.php?doing_wp_cron=1784722082.8333110809326171875000 HTTP/1.1" 200 - "-" "WordPress/7.0.2; https://sgcakesandsurprises.shop"
102.88.108.30 - - [22/Jul/2026:12:08:00 +0000] "POST /wp-admin/admin-ajax.php HTTP/1.1" 200 47 "https://sgcakesandsurprises.shop/wp-admin/admin.php?page=wpforms-builder&view=settings&form_id=411§ion=notifications" "Mozilla/5.0 (Windows NT 10.0; Win64; x64) AppleWebKit/537.36 (KHTML, like Gecko) Chrome/150.0.0.0 Safari/537.36"
102.88.108.30 - - [22/Jul/2026:12:08:16 +0000] "POST /wp-admin/admin-ajax.php HTTP/1.1" 200 77 "https://sgcakesandsurprises.shop/wp-admin/post.php?post=393&action=elementor" "Mozilla/5.0 (Windows NT 10.0; Win64; x64) AppleWebKit/537.36 (KHTML, like Gecko) Chrome/150.0.0.0 Safari/537.36"
102.88.108.30 - - [22/Jul/2026:12:08:36 +0000] "POST /wp-admin/admin-ajax.php HTTP/1.1" 200 173 "https://sgcakesandsurprises.shop/wp-admin/admin.php?page=wpforms-builder&view=settings&form_id=411§ion=notifications" "Mozilla/5.0 (Windows NT 10.0; Win64; x64) AppleWebKit/537.36 (KHTML, like Gecko) Chrome/150.0.0.0 Safari/537.36"
102.88.108.30 - - [22/Jul/2026:12:08:39 +0000] "POST /wp-json/wpforms/v1/themes/custom/?_locale=user HTTP/1.1" 200 15 "https://sgcakesandsurprises.shop/wp-admin/admin.php?page=wpforms-builder&view=settings&form_id=411§ion=notifications" "Mozilla/5.0 (Windows NT 10.0; Win64; x64) AppleWebKit/537.36 (KHTML, like Gecko) Chrome/150.0.0.0 Safari/537.36"
198.177.124.148 - - [22/Jul/2026:12:09:00 +0000] "POST /wp-cron.php?doing_wp_cron=1784722140.2663180828094482421875 HTTP/1.1" 200 - "-" "WordPress/7.0.2; https://sgcakesandsurprises.shop"
102.88.108.30 - - [22/Jul/2026:12:08:59 +0000] "POST /wp-admin/admin-ajax.php HTTP/1.1" 200 47 "https://sgcakesandsurprises.shop/wp-admin/admin.php?page=wpforms-builder&view=settings&form_id=411§ion=notifications" "Mozilla/5.0 (Windows NT 10.0; Win64; x64) AppleWebKit/537.36 (KHTML, like Gecko) Chrome/150.0.0.0 Safari/537.36"
102.88.108.30 - - [22/Jul/2026:12:09:23 +0000] "POST /wp-admin/admin-ajax.php HTTP/1.1" 200 47 "https://sgcakesandsurprises.shop/wp-admin/options-general.php" "Mozilla/5.0 (Windows NT 10.0; Win64; x64) AppleWebKit/537.36 (KHTML, like Gecko) Chrome/150.0.0.0 Safari/537.36"
102.88.108.30 - - [22/Jul/2026:12:09:23 +0000] "POST /wp-admin/admin-ajax.php HTTP/1.1" 200 47 "https://sgcakesandsurprises.shop/wp-admin/options-general.php?page=wp-mail-smtp" "Mozilla/5.0 (Windows NT 10.0; Win64; x64) AppleWebKit/537.36 (KHTML, like Gecko) Chrome/150.0.0.0 Safari/537.36"
102.88.108.30 - - [22/Jul/2026:12:09:36 +0000] "GET /wp-admin/admin.php?page=wpforms-builder&view=settings&form_id=411§ion=notifications HTTP/1.1" 200 845021 "https://sgcakesandsurprises.shop/wp-admin/admin.php?page=wpforms-builder&view=setup" "Mozilla/5.0 (Windows NT 10.0; Win64; x64) AppleWebKit/537.36 (KHTML, like Gecko) Chrome/150.0.0.0 Safari/537.36"
102.88.108.30 - - [22/Jul/2026:12:09:42 +0000] "GET /wp-json/wpforms/v1/themes/?_locale=user HTTP/1.1" 200 9111 "https://sgcakesandsurprises.shop/wp-admin/admin.php?page=wpforms-builder&view=settings&form_id=411§ion=notifications" "Mozilla/5.0 (Windows NT 10.0; Win64; x64) AppleWebKit/537.36 (KHTML, like Gecko) Chrome/150.0.0.0 Safari/537.36"
102.88.108.30 - - [22/Jul/2026:12:09:42 +0000] "POST /wp-admin/admin-ajax.php HTTP/1.1" 200 16 "https://sgcakesandsurprises.shop/wp-admin/admin.php?page=wpforms-builder&view=settings&form_id=411§ion=notifications" "Mozilla/5.0 (Windows NT 10.0; Win64; x64) AppleWebKit/537.36 (KHTML, like Gecko) Chrome/150.0.0.0 Safari/537.36"
198.177.124.148 - - [22/Jul/2026:12:10:22 +0000] "POST /wp-cron.php?doing_wp_cron=1784722221.9606230258941650390625 HTTP/1.1" 200 - "-" "WordPress/7.0.2; https://sgcakesandsurprises.shop"
102.88.108.30 - - [22/Jul/2026:12:10:18 +0000] "POST /wp-admin/admin-ajax.php HTTP/1.1" 200 77 "https://sgcakesandsurprises.shop/wp-admin/post.php?post=393&action=elementor" "Mozilla/5.0 (Windows NT 10.0; Win64; x64) AppleWebKit/537.36 (KHTML, like Gecko) Chrome/150.0.0.0 Safari/537.36"
102.88.108.30 - - [22/Jul/2026:12:10:26 +0000] "GET /wp-admin/admin.php?page=wpforms-builder&view=settings&form_id=411§ion=notifications HTTP/1.1" 200 845021 "https://sgcakesandsurprises.shop/wp-admin/admin.php?page=wpforms-builder&view=setup" "Mozilla/5.0 (Windows NT 10.0; Win64; x64) AppleWebKit/537.36 (KHTML, like Gecko) Chrome/150.0.0.0 Safari/537.36"
102.88.108.30 - - [22/Jul/2026:12:10:32 +0000] "GET /wp-json/wpforms/v1/themes/?_locale=user HTTP/1.1" 200 9111 "https://sgcakesandsurprises.shop/wp-admin/admin.php?page=wpforms-builder&view=settings&form_id=411§ion=notifications" "Mozilla/5.0 (Windows NT 10.0; Win64; x64) AppleWebKit/537.36 (KHTML, like Gecko) Chrome/150.0.0.0 Safari/537.36"
102.88.108.30 - - [22/Jul/2026:12:10:32 +0000] "POST /wp-admin/admin-ajax.php HTTP/1.1" 200 16 "https://sgcakesandsurprises.shop/wp-admin/admin.php?page=wpforms-builder&view=settings&form_id=411§ion=notifications" "Mozilla/5.0 (Windows NT 10.0; Win64; x64) AppleWebKit/537.36 (KHTML, like Gecko) Chrome/150.0.0.0 Safari/537.36"
102.88.108.30 - - [22/Jul/2026:12:10:35 +0000] "POST /wp-admin/admin-ajax.php HTTP/1.1" 200 16 "https://sgcakesandsurprises.shop/wp-admin/admin.php?page=wpforms-builder&view=settings&form_id=411§ion=notifications" "Mozilla/5.0 (Windows NT 10.0; Win64; x64) AppleWebKit/537.36 (KHTML, like Gecko) Chrome/150.0.0.0 Safari/537.36"
198.177.124.148 - - [22/Jul/2026:12:11:13 +0000] "POST /wp-cron.php?doing_wp_cron=1784722273.9095990657806396484375 HTTP/1.1" 200 - "-" "WordPress/7.0.2; https://sgcakesandsurprises.shop"
102.88.108.30 - - [22/Jul/2026:12:11:11 +0000] "POST /wp-admin/admin-ajax.php HTTP/1.1" 200 47 "https://sgcakesandsurprises.shop/wp-admin/options-general.php?page=wp-mail-smtp" "Mozilla/5.0 (Windows NT 10.0; Win64; x64) AppleWebKit/537.36 (KHTML, like Gecko) Chrome/150.0.0.0 Safari/537.36"
102.88.108.30 - - [22/Jul/2026:12:11:23 +0000] "POST /wp-admin/admin-ajax.php HTTP/1.1" 200 47 "https://sgcakesandsurprises.shop/wp-admin/options-general.php" "Mozilla/5.0 (Windows NT 10.0; Win64; x64) AppleWebKit/537.36 (KHTML, like Gecko) Chrome/150.0.0.0 Safari/537.36"
102.88.108.30 - - [22/Jul/2026:12:11:27 +0000] "GET /wp-admin/plugins.php HTTP/1.1" 200 313949 "https://sgcakesandsurprises.shop/wp-admin/options-general.php?page=wp-mail-smtp" "Mozilla/5.0 (Windows NT 10.0; Win64; x64) AppleWebKit/537.36 (KHTML, like Gecko) Chrome/150.0.0.0 Safari/537.36"
102.88.108.30 - - [22/Jul/2026:12:11:29 +0000] "GET /wp-admin/plugin-install.php HTTP/1.1" 404 247843 "https://sgcakesandsurprises.shop/wp-admin/options-general.php?page=wp-mail-smtp" "Mozilla/5.0 (Windows NT 10.0; Win64; x64) AppleWebKit/537.36 (KHTML, like Gecko) Chrome/150.0.0.0 Safari/537.36"
102.88.108.30 - - [22/Jul/2026:12:11:33 +0000] "POST /wp-admin/admin-ajax.php HTTP/1.1" 200 47 "https://sgcakesandsurprises.shop/wp-admin/admin.php?page=wpforms-builder&view=settings&form_id=411§ion=notifications" "Mozilla/5.0 (Windows NT 10.0; Win64; x64) AppleWebKit/537.36 (KHTML, like Gecko) Chrome/150.0.0.0 Safari/537.36"
102.88.108.30 - - [22/Jul/2026:12:11:32 +0000] "GET /wp-admin/plugin-install.php HTTP/1.1" 404 247843 "https://sgcakesandsurprises.shop/wp-admin/options-general.php?page=wp-mail-smtp" "Mozilla/5.0 (Windows NT 10.0; Win64; x64) AppleWebKit/537.36 (KHTML, like Gecko) Chrome/150.0.0.0 Safari/537.36"
102.88.108.30 - - [22/Jul/2026:12:11:39 +0000] "GET /wp-includes/js/dist/script-modules/interactivity/index.min.js?ver=efaa5193bbad9c60ffd1 HTTP/1.1" 200 40106 "https://sgcakesandsurprises.shop/wp-admin/plugin-install.php" "Mozilla/5.0 (Windows NT 10.0; Win64; x64) AppleWebKit/537.36 (KHTML, like Gecko) Chrome/150.0.0.0 Safari/537.36"
102.88.108.30 - - [22/Jul/2026:12:11:40 +0000] "GET /wp-includes/js/dist/script-modules/block-library/navigation/view.min.js?ver=96a846e1d7b789c39ab9 HTTP/1.1" 200 3053 "https://sgcakesandsurprises.shop/wp-admin/plugin-install.php" "Mozilla/5.0 (Windows NT 10.0; Win64; x64) AppleWebKit/537.36 (KHTML, like Gecko) Chrome/150.0.0.0 Safari/537.36"
102.88.108.30 - - [22/Jul/2026:12:11:40 +0000] "GET /wp-admin/admin-ajax.php?action=pys_get_pbid HTTP/1.1" 200 1 "https://sgcakesandsurprises.shop/wp-admin/plugin-install.php" "Mozilla/5.0 (Windows NT 10.0; Win64; x64) AppleWebKit/537.36 (KHTML, like Gecko) Chrome/150.0.0.0 Safari/537.36"
198.177.124.148 - - [22/Jul/2026:12:12:00 +0000] "POST /wp-cron.php?doing_wp_cron=1784722320.3243710994720458984375 HTTP/1.1" 200 - "-" "WordPress/7.0.2; https://sgcakesandsurprises.shop"
102.88.108.30 - - [22/Jul/2026:12:11:58 +0000] "GET /wp-admin/options-general.php?page=wp-mail-smtp HTTP/1.1" 200 350117 "https://sgcakesandsurprises.shop/wp-admin/options-general.php?page=wp-mail-smtp" "Mozilla/5.0 (Windows NT 10.0; Win64; x64) AppleWebKit/537.36 (KHTML, like Gecko) Chrome/150.0.0.0 Safari/537.36"
102.88.108.30 - - [22/Jul/2026:12:12:07 +0000] "GET /wp-admin/admin.php?page=wp-mail-smtp HTTP/1.1" 200 350104 "https://sgcakesandsurprises.shop/wp-admin/options-general.php?page=wp-mail-smtp" "Mozilla/5.0 (Windows NT 10.0; Win64; x64) AppleWebKit/537.36 (KHTML, like Gecko) Chrome/150.0.0.0 Safari/537.36"
198.177.124.148 - - [22/Jul/2026:12:12:25 +0000] "POST /wp-cron.php?doing_wp_cron=1784722344.4299368858337402343750 HTTP/1.1" 200 - "-" "WordPress/7.0.2; https://sgcakesandsurprises.shop"
102.88.108.30 - - [22/Jul/2026:12:12:21 +0000] "POST /wp-admin/admin-ajax.php HTTP/1.1" 200 77 "https://sgcakesandsurprises.shop/wp-admin/post.php?post=393&action=elementor" "Mozilla/5.0 (Windows NT 10.0; Win64; x64) AppleWebKit/537.36 (KHTML, like Gecko) Chrome/150.0.0.0 Safari/537.36"
102.88.108.30 - - [22/Jul/2026:12:12:45 +0000] "GET /wp-admin/admin.php?page=wp-mail-smtp HTTP/1.1" 200 350067 "https://sgcakesandsurprises.shop/wp-admin/admin.php?page=wp-mail-smtp" "Mozilla/5.0 (Windows NT 10.0; Win64; x64) AppleWebKit/537.36 (KHTML, like Gecko) Chrome/150.0.0.0 Safari/537.36"
102.88.108.30 - - [22/Jul/2026:12:12:46 +0000] "GET /wp-admin/users.php HTTP/1.1" 200 322778 "https://sgcakesandsurprises.shop/wp-admin/admin.php?page=wp-mail-smtp" "Mozilla/5.0 (Windows NT 10.0; Win64; x64) AppleWebKit/537.36 (KHTML, like Gecko) Chrome/150.0.0.0 Safari/537.36"
198.177.124.148 - - [22/Jul/2026:12:13:03 +0000] "POST /wp-cron.php?doing_wp_cron=1784722383.3226881027221679687500 HTTP/1.1" 200 - "-" "WordPress/7.0.2; https://sgcakesandsurprises.shop"
102.88.108.30 - - [22/Jul/2026:12:13:00 +0000] "GET /wp-admin/admin.php?page=wp-mail-smtp HTTP/1.1" 200 350076 "https://sgcakesandsurprises.shop/wp-admin/users.php" "Mozilla/5.0 (Windows NT 10.0; Win64; x64) AppleWebKit/537.36 (KHTML, like Gecko) Chrome/150.0.0.0 Safari/537.36"
102.88.108.30 - - [22/Jul/2026:12:13:24 +0000] "POST /wp-admin/admin-ajax.php HTTP/1.1" 200 47 "https://sgcakesandsurprises.shop/wp-admin/options-general.php" "Mozilla/5.0 (Windows NT 10.0; Win64; x64) AppleWebKit/537.36 (KHTML, like Gecko) Chrome/150.0.0.0 Safari/537.36"
102.88.108.30 - - [22/Jul/2026:12:13:33 +0000] "POST /wp-admin/admin-ajax.php HTTP/1.1" 200 47 "https://sgcakesandsurprises.shop/wp-admin/admin.php?page=wpforms-builder&view=settings&form_id=411§ion=notifications" "Mozilla/5.0 (Windows NT 10.0; Win64; x64) AppleWebKit/537.36 (KHTML, like Gecko) Chrome/150.0.0.0 Safari/537.36"
102.88.108.30 - - [22/Jul/2026:12:13:31 +0000] "GET /wp-admin/admin.php?page=wpforms-overview HTTP/1.1" 200 321801 "https://sgcakesandsurprises.shop/wp-admin/admin.php?page=wp-mail-smtp" "Mozilla/5.0 (Windows NT 10.0; Win64; x64) AppleWebKit/537.36 (KHTML, like Gecko) Chrome/150.0.0.0 Safari/537.36"
102.88.108.30 - - [22/Jul/2026:12:13:39 +0000] "GET /wp-content/plugins/wpforms-lite/assets/images/education/blurred-value.svg HTTP/1.1" 200 8280 "https://sgcakesandsurprises.shop/wp-admin/admin.php?page=wpforms-overview" "Mozilla/5.0 (Windows NT 10.0; Win64; x64) AppleWebKit/537.36 (KHTML, like Gecko) Chrome/150.0.0.0 Safari/537.36"
102.88.108.30 - - [22/Jul/2026:12:13:39 +0000] "GET /wp-content/plugins/wpforms-lite/assets/images/file-code.svg HTTP/1.1" 200 1802 "https://sgcakesandsurprises.shop/wp-content/plugins/wpforms-lite/assets/css/admin.min.css?ver=2.0.0.2" "Mozilla/5.0 (Windows NT 10.0; Win64; x64) AppleWebKit/537.36 (KHTML, like Gecko) Chrome/150.0.0.0 Safari/537.36"
102.88.108.30 - - [22/Jul/2026:12:13:42 +0000] "GET /wp-admin/admin.php?page=wpforms-builder&view=setup HTTP/1.1" 200 573703 "https://sgcakesandsurprises.shop/wp-admin/admin.php?page=wpforms-overview" "Mozilla/5.0 (Windows NT 10.0; Win64; x64) AppleWebKit/537.36 (KHTML, like Gecko) Chrome/150.0.0.0 Safari/537.36"
198.177.124.148 - - [22/Jul/2026:12:13:54 +0000] "POST /wp-cron.php?doing_wp_cron=1784722434.2842791080474853515625 HTTP/1.1" 200 - "-" "WordPress/7.0.2; https://sgcakesandsurprises.shop"
102.88.108.30 - - [22/Jul/2026:12:13:52 +0000] "GET /wp-json/wpforms/v1/themes/?_locale=user HTTP/1.1" 200 9111 "https://sgcakesandsurprises.shop/wp-admin/admin.php?page=wpforms-builder&view=setup" "Mozilla/5.0 (Windows NT 10.0; Win64; x64) AppleWebKit/537.36 (KHTML, like Gecko) Chrome/150.0.0.0 Safari/537.36"
102.88.108.30 - - [22/Jul/2026:12:14:19 +0000] "POST /wp-admin/admin-ajax.php HTTP/1.1" 200 77 "https://sgcakesandsurprises.shop/wp-admin/post.php?post=393&action=elementor" "Mozilla/5.0 (Windows NT 10.0; Win64; x64) AppleWebKit/537.36 (KHTML, like Gecko) Chrome/150.0.0.0 Safari/537.36"
102.88.108.30 - - [22/Jul/2026:12:14:53 +0000] "POST /wp-admin/admin-ajax.php HTTP/1.1" 200 47 "https://sgcakesandsurprises.shop/wp-admin/admin.php?page=wpforms-builder&view=setup" "Mozilla/5.0 (Windows NT 10.0; Win64; x64) AppleWebKit/537.36 (KHTML, like Gecko) Chrome/150.0.0.0 Safari/537.36"
102.88.108.30 - - [22/Jul/2026:12:15:17 +0000] "POST /wp-admin/admin-ajax.php HTTP/1.1" 200 158 "https://sgcakesandsurprises.shop/wp-admin/admin.php?page=wpforms-builder&view=setup" "Mozilla/5.0 (Windows NT 10.0; Win64; x64) AppleWebKit/537.36 (KHTML, like Gecko) Chrome/150.0.0.0 Safari/537.36"
102.88.108.30 - - [22/Jul/2026:12:15:25 +0000] "POST /wp-admin/admin-ajax.php HTTP/1.1" 200 47 "https://sgcakesandsurprises.shop/wp-admin/options-general.php" "Mozilla/5.0 (Windows NT 10.0; Win64; x64) AppleWebKit/537.36 (KHTML, like Gecko) Chrome/150.0.0.0 Safari/537.36"
102.88.108.30 - - [22/Jul/2026:12:15:25 +0000] "GET /wp-admin/admin.php?page=wpforms-builder&view=fields&form_id=415&newform=1 HTTP/1.1" 200 696988 "https://sgcakesandsurprises.shop/wp-admin/admin.php?page=wpforms-builder&view=setup" "Mozilla/5.0 (Windows NT 10.0; Win64; x64) AppleWebKit/537.36 (KHTML, like Gecko) Chrome/150.0.0.0 Safari/537.36"
102.88.108.30 - - [22/Jul/2026:12:15:34 +0000] "POST /wp-admin/admin-ajax.php HTTP/1.1" 200 47 "https://sgcakesandsurprises.shop/wp-admin/admin.php?page=wpforms-builder&view=settings&form_id=411§ion=notifications" "Mozilla/5.0 (Windows NT 10.0; Win64; x64) AppleWebKit/537.36 (KHTML, like Gecko) Chrome/150.0.0.0 Safari/537.36"
102.88.108.30 - - [22/Jul/2026:12:15:37 +0000] "GET /wp-json/wpforms/v1/themes/?_locale=user HTTP/1.1" 200 9111 "https://sgcakesandsurprises.shop/wp-admin/admin.php?page=wpforms-builder&view=fields&form_id=415&newform=1" "Mozilla/5.0 (Windows NT 10.0; Win64; x64) AppleWebKit/537.36 (KHTML, like Gecko) Chrome/150.0.0.0 Safari/537.36"
102.88.108.30 - - [22/Jul/2026:12:15:39 +0000] "POST /wp-admin/admin-ajax.php HTTP/1.1" 200 173 "https://sgcakesandsurprises.shop/wp-admin/admin.php?page=wpforms-builder&view=fields&form_id=415&newform=1" "Mozilla/5.0 (Windows NT 10.0; Win64; x64) AppleWebKit/537.36 (KHTML, like Gecko) Chrome/150.0.0.0 Safari/537.36"
102.88.108.30 - - [22/Jul/2026:12:15:42 +0000] "POST /wp-json/wpforms/v1/themes/custom/?_locale=user HTTP/1.1" 200 15 "https://sgcakesandsurprises.shop/wp-admin/admin.php?page=wpforms-builder&view=fields&form_id=415" "Mozilla/5.0 (Windows NT 10.0; Win64; x64) AppleWebKit/537.36 (KHTML, like Gecko) Chrome/150.0.0.0 Safari/537.36"
102.88.108.30 - - [22/Jul/2026:12:15:47 +0000] "POST /wp-admin/admin-ajax.php HTTP/1.1" 200 13240 "https://sgcakesandsurprises.shop/wp-admin/admin.php?page=wpforms-builder&view=fields&form_id=415" "Mozilla/5.0 (Windows NT 10.0; Win64; x64) AppleWebKit/537.36 (KHTML, like Gecko) Chrome/150.0.0.0 Safari/537.36"
198.177.124.148 - - [22/Jul/2026:12:16:24 +0000] "POST /wp-cron.php?doing_wp_cron=1784722584.1148030757904052734375 HTTP/1.1" 200 - "-" "WordPress/7.0.2; https://sgcakesandsurprises.shop"
102.88.108.30 - - [22/Jul/2026:12:16:20 +0000] "POST /wp-admin/admin-ajax.php HTTP/1.1" 200 77 "https://sgcakesandsurprises.shop/wp-admin/post.php?post=393&action=elementor" "Mozilla/5.0 (Windows NT 10.0; Win64; x64) AppleWebKit/537.36 (KHTML, like Gecko) Chrome/150.0.0.0 Safari/537.36"
102.88.108.30 - - [22/Jul/2026:12:16:25 +0000] "POST /wp-admin/admin-ajax.php HTTP/1.1" 200 16 "https://sgcakesandsurprises.shop/wp-admin/admin.php?page=wpforms-builder&view=fields&form_id=415" "Mozilla/5.0 (Windows NT 10.0; Win64; x64) AppleWebKit/537.36 (KHTML, like Gecko) Chrome/150.0.0.0 Safari/537.36"
102.88.108.30 - - [22/Jul/2026:12:16:31 +0000] "POST /wp-admin/admin-ajax.php HTTP/1.1" 200 16 "https://sgcakesandsurprises.shop/wp-admin/admin.php?page=wpforms-builder&view=fields&form_id=415" "Mozilla/5.0 (Windows NT 10.0; Win64; x64) AppleWebKit/537.36 (KHTML, like Gecko) Chrome/150.0.0.0 Safari/537.36"
102.88.108.30 - - [22/Jul/2026:12:16:37 +0000] "POST /wp-admin/admin-ajax.php HTTP/1.1" 200 47 "https://sgcakesandsurprises.shop/wp-admin/admin.php?page=wpforms-builder&view=fields&form_id=415" "Mozilla/5.0 (Windows NT 10.0; Win64; x64) AppleWebKit/537.36 (KHTML, like Gecko) Chrome/150.0.0.0 Safari/537.36"
198.177.124.148 - - [22/Jul/2026:12:17:29 +0000] "POST /wp-cron.php?doing_wp_cron=1784722649.7551810741424560546875 HTTP/1.1" 200 - "-" "WordPress/7.0.2; https://sgcakesandsurprises.shop"
102.88.108.30 - - [22/Jul/2026:12:17:26 +0000] "POST /wp-admin/admin-ajax.php HTTP/1.1" 200 47 "https://sgcakesandsurprises.shop/wp-admin/options-general.php" "Mozilla/5.0 (Windows NT 10.0; Win64; x64) AppleWebKit/537.36 (KHTML, like Gecko) Chrome/150.0.0.0 Safari/537.36"
102.88.108.30 - - [22/Jul/2026:12:17:35 +0000] "POST /wp-admin/admin-ajax.php HTTP/1.1" 200 47 "https://sgcakesandsurprises.shop/wp-admin/admin.php?page=wpforms-builder&view=settings&form_id=411§ion=notifications" "Mozilla/5.0 (Windows NT 10.0; Win64; x64) AppleWebKit/537.36 (KHTML, like Gecko) Chrome/150.0.0.0 Safari/537.36"
102.88.108.30 - - [22/Jul/2026:12:17:38 +0000] "POST /wp-admin/admin-ajax.php HTTP/1.1" 200 47 "https://sgcakesandsurprises.shop/wp-admin/admin.php?page=wpforms-builder&view=fields&form_id=415" "Mozilla/5.0 (Windows NT 10.0; Win64; x64) AppleWebKit/537.36 (KHTML, like Gecko) Chrome/150.0.0.0 Safari/537.36"
102.88.108.30 - - [22/Jul/2026:12:17:41 +0000] "POST /wp-admin/admin-ajax.php HTTP/1.1" 200 23926 "https://sgcakesandsurprises.shop/wp-admin/admin.php?page=wpforms-builder&view=fields&form_id=415" "Mozilla/5.0 (Windows NT 10.0; Win64; x64) AppleWebKit/537.36 (KHTML, like Gecko) Chrome/150.0.0.0 Safari/537.36"
198.177.124.148 - - [22/Jul/2026:12:18:23 +0000] "POST /wp-cron.php?doing_wp_cron=1784722703.9093029499053955078125 HTTP/1.1" 200 - "-" "WordPress/7.0.2; https://sgcakesandsurprises.shop"
102.88.108.30 - - [22/Jul/2026:12:18:22 +0000] "POST /wp-admin/admin-ajax.php HTTP/1.1" 200 77 "https://sgcakesandsurprises.shop/wp-admin/post.php?post=393&action=elementor" "Mozilla/5.0 (Windows NT 10.0; Win64; x64) AppleWebKit/537.36 (KHTML, like Gecko) Chrome/150.0.0.0 Safari/537.36"
102.88.108.30 - - [22/Jul/2026:12:18:37 +0000] "POST /wp-admin/admin-ajax.php HTTP/1.1" 200 47 "https://sgcakesandsurprises.shop/wp-admin/admin.php?page=wpforms-builder&view=fields&form_id=415" "Mozilla/5.0 (Windows NT 10.0; Win64; x64) AppleWebKit/537.36 (KHTML, like Gecko) Chrome/150.0.0.0 Safari/537.36"
198.177.124.148 - - [22/Jul/2026:12:19:29 +0000] "POST /wp-cron.php?doing_wp_cron=1784722769.4676859378814697265625 HTTP/1.1" 200 - "-" "WordPress/7.0.2; https://sgcakesandsurprises.shop"
102.88.108.30 - - [22/Jul/2026:12:19:27 +0000] "POST /wp-admin/admin-ajax.php HTTP/1.1" 200 47 "https://sgcakesandsurprises.shop/wp-admin/options-general.php" "Mozilla/5.0 (Windows NT 10.0; Win64; x64) AppleWebKit/537.36 (KHTML, like Gecko) Chrome/150.0.0.0 Safari/537.36"
102.88.108.30 - - [22/Jul/2026:12:19:36 +0000] "POST /wp-admin/admin-ajax.php HTTP/1.1" 200 47 "https://sgcakesandsurprises.shop/wp-admin/admin.php?page=wpforms-builder&view=settings&form_id=411§ion=notifications" "Mozilla/5.0 (Windows NT 10.0; Win64; x64) AppleWebKit/537.36 (KHTML, like Gecko) Chrome/150.0.0.0 Safari/537.36"
102.88.108.30 - - [22/Jul/2026:12:19:37 +0000] "POST /wp-admin/admin-ajax.php HTTP/1.1" 200 47 "https://sgcakesandsurprises.shop/wp-admin/admin.php?page=wpforms-builder&view=fields&form_id=415" "Mozilla/5.0 (Windows NT 10.0; Win64; x64) AppleWebKit/537.36 (KHTML, like Gecko) Chrome/150.0.0.0 Safari/537.36"
198.177.124.148 - - [22/Jul/2026:12:20:26 +0000] "POST /wp-cron.php?doing_wp_cron=1784722826.3531670570373535156250 HTTP/1.1" 200 - "-" "WordPress/7.0.2; https://sgcakesandsurprises.shop"
102.88.108.30 - - [22/Jul/2026:12:20:23 +0000] "POST /wp-admin/admin-ajax.php HTTP/1.1" 200 77 "https://sgcakesandsurprises.shop/wp-admin/post.php?post=393&action=elementor" "Mozilla/5.0 (Windows NT 10.0; Win64; x64) AppleWebKit/537.36 (KHTML, like Gecko) Chrome/150.0.0.0 Safari/537.36"
102.88.108.30 - - [22/Jul/2026:12:20:37 +0000] "POST /wp-admin/admin-ajax.php HTTP/1.1" 200 47 "https://sgcakesandsurprises.shop/wp-admin/admin.php?page=wpforms-builder&view=fields&form_id=415" "Mozilla/5.0 (Windows NT 10.0; Win64; x64) AppleWebKit/537.36 (KHTML, like Gecko) Chrome/150.0.0.0 Safari/537.36"
198.177.124.148 - - [22/Jul/2026:12:20:57 +0000] "POST /wp-cron.php?doing_wp_cron=1784722857.1027719974517822265625 HTTP/1.1" 200 - "-" "WordPress/7.0.2; https://sgcakesandsurprises.shop"
102.88.108.30 - - [22/Jul/2026:12:20:53 +0000] "POST /wp-admin/admin-ajax.php HTTP/1.1" 200 13240 "https://sgcakesandsurprises.shop/wp-admin/admin.php?page=wpforms-builder&view=fields&form_id=415" "Mozilla/5.0 (Windows NT 10.0; Win64; x64) AppleWebKit/537.36 (KHTML, like Gecko) Chrome/150.0.0.0 Safari/537.36"
102.88.108.30 - - [22/Jul/2026:12:21:27 +0000] "POST /wp-admin/admin-ajax.php HTTP/1.1" 200 47 "https://sgcakesandsurprises.shop/wp-admin/options-general.php" "Mozilla/5.0 (Windows NT 10.0; Win64; x64) AppleWebKit/537.36 (KHTML, like Gecko) Chrome/150.0.0.0 Safari/537.36"
102.88.108.30 - - [22/Jul/2026:12:21:37 +0000] "POST /wp-admin/admin-ajax.php HTTP/1.1" 200 47 "https://sgcakesandsurprises.shop/wp-admin/admin.php?page=wpforms-builder&view=fields&form_id=415" "Mozilla/5.0 (Windows NT 10.0; Win64; x64) AppleWebKit/537.36 (KHTML, like Gecko) Chrome/150.0.0.0 Safari/537.36"
102.88.108.30 - - [22/Jul/2026:12:21:39 +0000] "POST /wp-admin/admin-ajax.php HTTP/1.1" 200 47 "https://sgcakesandsurprises.shop/wp-admin/admin.php?page=wpforms-builder&view=settings&form_id=411§ion=notifications" "Mozilla/5.0 (Windows NT 10.0; Win64; x64) AppleWebKit/537.36 (KHTML, like Gecko) Chrome/150.0.0.0 Safari/537.36"
198.177.124.148 - - [22/Jul/2026:12:22:26 +0000] "POST /wp-cron.php?doing_wp_cron=1784722946.4744598865509033203125 HTTP/1.1" 200 - "-" "WordPress/7.0.2; https://sgcakesandsurprises.shop"
102.88.108.30 - - [22/Jul/2026:12:22:23 +0000] "POST /wp-admin/admin-ajax.php HTTP/1.1" 200 77 "https://sgcakesandsurprises.shop/wp-admin/post.php?post=393&action=elementor" "Mozilla/5.0 (Windows NT 10.0; Win64; x64) AppleWebKit/537.36 (KHTML, like Gecko) Chrome/150.0.0.0 Safari/537.36"
102.88.108.30 - - [22/Jul/2026:12:22:38 +0000] "POST /wp-admin/admin-ajax.php HTTP/1.1" 200 47 "https://sgcakesandsurprises.shop/wp-admin/admin.php?page=wpforms-builder&view=fields&form_id=415" "Mozilla/5.0 (Windows NT 10.0; Win64; x64) AppleWebKit/537.36 (KHTML, like Gecko) Chrome/150.0.0.0 Safari/537.36"
102.88.108.30 - - [22/Jul/2026:12:22:45 +0000] "POST /wp-admin/admin-ajax.php HTTP/1.1" 200 16 "https://sgcakesandsurprises.shop/wp-admin/admin.php?page=wpforms-builder&view=fields&form_id=415" "Mozilla/5.0 (Windows NT 10.0; Win64; x64) AppleWebKit/537.36 (KHTML, like Gecko) Chrome/150.0.0.0 Safari/537.36"
198.177.124.148 - - [22/Jul/2026:12:23:32 +0000] "POST /wp-cron.php?doing_wp_cron=1784723012.1731309890747070312500 HTTP/1.1" 200 - "-" "WordPress/7.0.2; https://sgcakesandsurprises.shop"
102.88.108.30 - - [22/Jul/2026:12:23:29 +0000] "POST /wp-admin/admin-ajax.php HTTP/1.1" 200 47 "https://sgcakesandsurprises.shop/wp-admin/options-general.php" "Mozilla/5.0 (Windows NT 10.0; Win64; x64) AppleWebKit/537.36 (KHTML, like Gecko) Chrome/150.0.0.0 Safari/537.36"
102.88.108.30 - - [22/Jul/2026:12:23:32 +0000] "POST /wp-admin/admin-ajax.php HTTP/1.1" 200 16 "https://sgcakesandsurprises.shop/wp-admin/admin.php?page=wpforms-builder&view=fields&form_id=415" "Mozilla/5.0 (Windows NT 10.0; Win64; x64) AppleWebKit/537.36 (KHTML, like Gecko) Chrome/150.0.0.0 Safari/537.36"
102.88.108.30 - - [22/Jul/2026:12:23:37 +0000] "POST /wp-admin/admin-ajax.php HTTP/1.1" 200 47 "https://sgcakesandsurprises.shop/wp-admin/admin.php?page=wpforms-builder&view=fields&form_id=415" "Mozilla/5.0 (Windows NT 10.0; Win64; x64) AppleWebKit/537.36 (KHTML, like Gecko) Chrome/150.0.0.0 Safari/537.36"
198.177.124.148 - - [22/Jul/2026:12:23:56 +0000] "POST /wp-cron.php?doing_wp_cron=1784723036.2389039993286132812500 HTTP/1.1" 200 - "-" "WordPress/7.0.2; https://sgcakesandsurprises.shop"
102.88.108.30 - - [22/Jul/2026:12:23:53 +0000] "POST /wp-admin/admin-ajax.php HTTP/1.1" 200 16 "https://sgcakesandsurprises.shop/wp-admin/admin.php?page=wpforms-builder&view=fields&form_id=415" "Mozilla/5.0 (Windows NT 10.0; Win64; x64) AppleWebKit/537.36 (KHTML, like Gecko) Chrome/150.0.0.0 Safari/537.36"
102.88.108.30 - - [22/Jul/2026:12:24:20 +0000] "POST /wp-admin/admin-ajax.php HTTP/1.1" 200 16 "https://sgcakesandsurprises.shop/wp-admin/admin.php?page=wpforms-builder&view=fields&form_id=415" "Mozilla/5.0 (Windows NT 10.0; Win64; x64) AppleWebKit/537.36 (KHTML, like Gecko) Chrome/150.0.0.0 Safari/537.36"
102.88.108.30 - - [22/Jul/2026:12:24:25 +0000] "POST /wp-admin/admin-ajax.php HTTP/1.1" 200 77 "https://sgcakesandsurprises.shop/wp-admin/post.php?post=393&action=elementor" "Mozilla/5.0 (Windows NT 10.0; Win64; x64) AppleWebKit/537.36 (KHTML, like Gecko) Chrome/150.0.0.0 Safari/537.36"
102.88.108.30 - - [22/Jul/2026:12:24:38 +0000] "POST /wp-admin/admin-ajax.php HTTP/1.1" 200 47 "https://sgcakesandsurprises.shop/wp-admin/admin.php?page=wpforms-builder&view=fields&form_id=415" "Mozilla/5.0 (Windows NT 10.0; Win64; x64) AppleWebKit/537.36 (KHTML, like Gecko) Chrome/150.0.0.0 Safari/537.36"
102.88.108.30 - - [22/Jul/2026:12:25:24 +0000] "POST /wp-admin/admin-ajax.php HTTP/1.1" 200 16 "https://sgcakesandsurprises.shop/wp-admin/admin.php?page=wpforms-builder&view=settings&form_id=415§ion=general" "Mozilla/5.0 (Windows NT 10.0; Win64; x64) AppleWebKit/537.36 (KHTML, like Gecko) Chrome/150.0.0.0 Safari/537.36"
102.88.108.30 - - [22/Jul/2026:12:25:32 +0000] "POST /wp-admin/admin-ajax.php HTTP/1.1" 200 47 "https://sgcakesandsurprises.shop/wp-admin/options-general.php" "Mozilla/5.0 (Windows NT 10.0; Win64; x64) AppleWebKit/537.36 (KHTML, like Gecko) Chrome/150.0.0.0 Safari/537.36"
102.88.108.30 - - [22/Jul/2026:12:25:37 +0000] "POST /wp-admin/admin-ajax.php HTTP/1.1" 200 47 "https://sgcakesandsurprises.shop/wp-admin/admin.php?page=wpforms-builder&view=settings&form_id=415§ion=notifications" "Mozilla/5.0 (Windows NT 10.0; Win64; x64) AppleWebKit/537.36 (KHTML, like Gecko) Chrome/150.0.0.0 Safari/537.36"
102.88.108.30 - - [22/Jul/2026:12:26:26 +0000] "POST /wp-admin/admin-ajax.php HTTP/1.1" 200 77 "https://sgcakesandsurprises.shop/wp-admin/post.php?post=393&action=elementor" "Mozilla/5.0 (Windows NT 10.0; Win64; x64) AppleWebKit/537.36 (KHTML, like Gecko) Chrome/150.0.0.0 Safari/537.36"
198.177.124.148 - - [22/Jul/2026:12:26:38 +0000] "POST /wp-cron.php?doing_wp_cron=1784723198.6811389923095703125000 HTTP/1.1" 200 - "-" "WordPress/7.0.2; https://sgcakesandsurprises.shop"
102.88.108.30 - - [22/Jul/2026:12:26:37 +0000] "POST /wp-admin/admin-ajax.php HTTP/1.1" 200 47 "https://sgcakesandsurprises.shop/wp-admin/admin.php?page=wpforms-builder&view=settings&form_id=415§ion=notifications" "Mozilla/5.0 (Windows NT 10.0; Win64; x64) AppleWebKit/537.36 (KHTML, like Gecko) Chrome/150.0.0.0 Safari/537.36"
102.88.108.30 - - [22/Jul/2026:12:27:12 +0000] "POST /wp-admin/admin-ajax.php HTTP/1.1" 200 16 "https://sgcakesandsurprises.shop/wp-admin/admin.php?page=wpforms-builder&view=settings&form_id=415§ion=notifications" "Mozilla/5.0 (Windows NT 10.0; Win64; x64) AppleWebKit/537.36 (KHTML, like Gecko) Chrome/150.0.0.0 Safari/537.36"
102.88.108.30 - - [22/Jul/2026:12:27:30 +0000] "POST /wp-admin/admin-ajax.php HTTP/1.1" 200 47 "https://sgcakesandsurprises.shop/wp-admin/options-general.php" "Mozilla/5.0 (Windows NT 10.0; Win64; x64) AppleWebKit/537.36 (KHTML, like Gecko) Chrome/150.0.0.0 Safari/537.36"
102.88.108.30 - - [22/Jul/2026:12:27:37 +0000] "POST /wp-admin/admin-ajax.php HTTP/1.1" 200 47 "https://sgcakesandsurprises.shop/wp-admin/admin.php?page=wpforms-builder&view=settings&form_id=415§ion=notifications" "Mozilla/5.0 (Windows NT 10.0; Win64; x64) AppleWebKit/537.36 (KHTML, like Gecko) Chrome/150.0.0.0 Safari/537.36"
102.88.108.30 - - [22/Jul/2026:12:27:36 +0000] "POST /wp-admin/admin-ajax.php HTTP/1.1" 200 173 "https://sgcakesandsurprises.shop/wp-admin/admin.php?page=wpforms-builder&view=settings&form_id=415§ion=notifications" "Mozilla/5.0 (Windows NT 10.0; Win64; x64) AppleWebKit/537.36 (KHTML, like Gecko) Chrome/150.0.0.0 Safari/537.36"
102.88.108.30 - - [22/Jul/2026:12:27:40 +0000] "POST /wp-json/wpforms/v1/themes/custom/?_locale=user HTTP/1.1" 200 15 "https://sgcakesandsurprises.shop/wp-admin/admin.php?page=wpforms-builder&view=settings&form_id=415§ion=notifications" "Mozilla/5.0 (Windows NT 10.0; Win64; x64) AppleWebKit/537.36 (KHTML, like Gecko) Chrome/150.0.0.0 Safari/537.36"
198.177.124.148 - - [22/Jul/2026:12:28:32 +0000] "POST /wp-cron.php?doing_wp_cron=1784723312.7931680679321289062500 HTTP/1.1" 200 - "-" "WordPress/7.0.2; https://sgcakesandsurprises.shop"
102.88.108.30 - - [22/Jul/2026:12:28:28 +0000] "POST /wp-admin/admin-ajax.php HTTP/1.1" 200 77 "https://sgcakesandsurprises.shop/wp-admin/post.php?post=393&action=elementor" "Mozilla/5.0 (Windows NT 10.0; Win64; x64) AppleWebKit/537.36 (KHTML, like Gecko) Chrome/150.0.0.0 Safari/537.36"
102.88.108.30 - - [22/Jul/2026:12:28:38 +0000] "POST /wp-admin/admin-ajax.php HTTP/1.1" 200 47 "https://sgcakesandsurprises.shop/wp-admin/admin.php?page=wpforms-builder&view=settings&form_id=415§ion=notifications" "Mozilla/5.0 (Windows NT 10.0; Win64; x64) AppleWebKit/537.36 (KHTML, like Gecko) Chrome/150.0.0.0 Safari/537.36"
198.177.124.148 - - [22/Jul/2026:12:28:56 +0000] "POST /wp-cron.php?doing_wp_cron=1784723336.3725199699401855468750 HTTP/1.1" 200 - "-" "WordPress/7.0.2; https://sgcakesandsurprises.shop"
102.88.108.30 - - [22/Jul/2026:12:28:51 +0000] "POST /wp-admin/admin-ajax.php HTTP/1.1" 200 47 "https://sgcakesandsurprises.shop/wp-admin/admin.php?page=wpforms-builder&view=settings&form_id=411§ion=notifications" "Mozilla/5.0 (Windows NT 10.0; Win64; x64) AppleWebKit/537.36 (KHTML, like Gecko) Chrome/150.0.0.0 Safari/537.36"
102.88.108.30 - - [22/Jul/2026:12:29:08 +0000] "GET /wp-content/uploads/2026/07/WhatsApp-Image-2026-07-18-at-11.52.30-AM.jpeg HTTP/1.1" 200 102441 "https://sgcakesandsurprises.shop/our-service/" "Mozilla/5.0 (Windows NT 10.0; Win64; x64) AppleWebKit/537.36 (KHTML, like Gecko) Chrome/150.0.0.0 Safari/537.36"
102.88.108.30 - - [22/Jul/2026:12:29:14 +0000] "GET /wp-admin HTTP/1.1" 301 290 "-" "Mozilla/5.0 (Windows NT 10.0; Win64; x64) AppleWebKit/537.36 (KHTML, like Gecko) Chrome/150.0.0.0 Safari/537.36"
102.88.108.30 - - [22/Jul/2026:12:29:06 +0000] "GET /wp-content/uploads/2026/07/WhatsApp-Image-2026-07-15-at-11.53.58-AM-1.jpeg HTTP/1.1" 200 279942 "https://sgcakesandsurprises.shop/our-service/" "Mozilla/5.0 (Windows NT 10.0; Win64; x64) AppleWebKit/537.36 (KHTML, like Gecko) Chrome/150.0.0.0 Safari/537.36"
102.88.108.30 - - [22/Jul/2026:12:29:08 +0000] "GET /wp-content/uploads/2026/07/IMG-20260715-WA0006-Copy-1.jpg HTTP/1.1" 200 158516 "https://sgcakesandsurprises.shop/our-service/" "Mozilla/5.0 (Windows NT 10.0; Win64; x64) AppleWebKit/537.36 (KHTML, like Gecko) Chrome/150.0.0.0 Safari/537.36"
102.88.108.30 - - [22/Jul/2026:12:29:10 +0000] "GET /wp-content/uploads/2026/07/WhatsApp-Image-2026-07-18-at-11.52.28-AM-1.jpeg HTTP/1.1" 200 116346 "https://sgcakesandsurprises.shop/our-service/" "Mozilla/5.0 (Windows NT 10.0; Win64; x64) AppleWebKit/537.36 (KHTML, like Gecko) Chrome/150.0.0.0 Safari/537.36"
102.88.108.30 - - [22/Jul/2026:12:29:14 +0000] "GET /wp-content/uploads/2026/07/IMG-20260715-WA0029-Copy.jpg HTTP/1.1" 200 146008 "https://sgcakesandsurprises.shop/our-service/" "Mozilla/5.0 (Windows NT 10.0; Win64; x64) AppleWebKit/537.36 (KHTML, like Gecko) Chrome/150.0.0.0 Safari/537.36"
102.88.108.30 - - [22/Jul/2026:12:29:15 +0000] "GET /wp-content/uploads/2026/07/WhatsApp-Image-2026-07-18-at-11.52.20-AM.jpeg HTTP/1.1" 200 116108 "https://sgcakesandsurprises.shop/our-service/" "Mozilla/5.0 (Windows NT 10.0; Win64; x64) AppleWebKit/537.36 (KHTML, like Gecko) Chrome/150.0.0.0 Safari/537.36"
102.88.108.30 - - [22/Jul/2026:12:29:20 +0000] "GET /wp-content/uploads/2026/07/WhatsApp-Image-2026-07-15-at-11.55.36-AM-1.jpeg HTTP/1.1" 200 172619 "https://sgcakesandsurprises.shop/our-service/" "Mozilla/5.0 (Windows NT 10.0; Win64; x64) AppleWebKit/537.36 (KHTML, like Gecko) Chrome/150.0.0.0 Safari/537.36"
102.88.108.30 - - [22/Jul/2026:12:29:18 +0000] "GET /wp-content/uploads/2026/07/WhatsApp-Image-2026-07-18-at-11.52.23-AM.jpeg HTTP/1.1" 200 154362 "https://sgcakesandsurprises.shop/our-service/" "Mozilla/5.0 (Windows NT 10.0; Win64; x64) AppleWebKit/537.36 (KHTML, like Gecko) Chrome/150.0.0.0 Safari/537.36"
102.88.108.30 - - [22/Jul/2026:12:29:26 +0000] "GET /wp-content/uploads/2026/07/WhatsApp-Image-2026-07-18-at-11.52.28-AM.jpeg HTTP/1.1" 200 114988 "https://sgcakesandsurprises.shop/our-service/" "Mozilla/5.0 (Windows NT 10.0; Win64; x64) AppleWebKit/537.36 (KHTML, like Gecko) Chrome/150.0.0.0 Safari/537.36"
102.88.108.30 - - [22/Jul/2026:12:29:30 +0000] "GET /wp-content/uploads/2026/07/IMG_1270.JPG.jpeg HTTP/1.1" 200 137059 "https://sgcakesandsurprises.shop/our-service/" "Mozilla/5.0 (Windows NT 10.0; Win64; x64) AppleWebKit/537.36 (KHTML, like Gecko) Chrome/150.0.0.0 Safari/537.36"
102.88.108.30 - - [22/Jul/2026:12:29:23 +0000] "GET /wp-content/uploads/2026/07/IMG-20260715-WA0021.jpg HTTP/1.1" 200 177767 "https://sgcakesandsurprises.shop/our-service/" "Mozilla/5.0 (Windows NT 10.0; Win64; x64) AppleWebKit/537.36 (KHTML, like Gecko) Chrome/150.0.0.0 Safari/537.36"
102.88.108.30 - - [22/Jul/2026:12:29:30 +0000] "GET /wp-content/uploads/2026/07/IMG_1298.JPG-1536x2048.jpeg HTTP/1.1" 200 370160 "https://sgcakesandsurprises.shop/our-service/" "Mozilla/5.0 (Windows NT 10.0; Win64; x64) AppleWebKit/537.36 (KHTML, like Gecko) Chrome/150.0.0.0 Safari/537.36"
102.88.108.30 - - [22/Jul/2026:12:29:33 +0000] "GET /wp-content/uploads/2026/07/IMG-20260715-WA0033.jpg HTTP/1.1" 200 144207 "https://sgcakesandsurprises.shop/our-service/" "Mozilla/5.0 (Windows NT 10.0; Win64; x64) AppleWebKit/537.36 (KHTML, like Gecko) Chrome/150.0.0.0 Safari/537.36"
102.88.108.30 - - [22/Jul/2026:12:29:34 +0000] "GET /wp-content/uploads/2026/07/IMG-20260715-WA0007-Copy.jpg HTTP/1.1" 200 121579 "https://sgcakesandsurprises.shop/our-service/" "Mozilla/5.0 (Windows NT 10.0; Win64; x64) AppleWebKit/537.36 (KHTML, like Gecko) Chrome/150.0.0.0 Safari/537.36"
102.88.108.30 - - [22/Jul/2026:12:29:24 +0000] "GET /wp-content/uploads/2026/07/WhatsApp-Image-2026-07-15-at-11.55.36-AM.jpeg HTTP/1.1" 200 188237 "https://sgcakesandsurprises.shop/our-service/" "Mozilla/5.0 (Windows NT 10.0; Win64; x64) AppleWebKit/537.36 (KHTML, like Gecko) Chrome/150.0.0.0 Safari/537.36"
102.88.108.30 - - [22/Jul/2026:12:29:34 +0000] "GET /wp-content/uploads/2026/07/IMG_1022.JPG.jpeg HTTP/1.1" 200 828014 "https://sgcakesandsurprises.shop/our-service/" "Mozilla/5.0 (Windows NT 10.0; Win64; x64) AppleWebKit/537.36 (KHTML, like Gecko) Chrome/150.0.0.0 Safari/537.36"
102.88.108.30 - - [22/Jul/2026:12:29:37 +0000] "GET /wp-content/uploads/2026/07/IMG-20260715-WA0008-Copy-Copy.jpg HTTP/1.1" 200 214023 "https://sgcakesandsurprises.shop/our-service/" "Mozilla/5.0 (Windows NT 10.0; Win64; x64) AppleWebKit/537.36 (KHTML, like Gecko) Chrome/150.0.0.0 Safari/537.36"
102.88.108.30 - - [22/Jul/2026:12:29:31 +0000] "POST /wp-admin/admin-ajax.php HTTP/1.1" 200 47 "https://sgcakesandsurprises.shop/wp-admin/options-general.php" "Mozilla/5.0 (Windows NT 10.0; Win64; x64) AppleWebKit/537.36 (KHTML, like Gecko) Chrome/150.0.0.0 Safari/537.36"
102.88.108.30 - - [22/Jul/2026:12:29:27 +0000] "GET /wp-content/uploads/2026/07/IMG_1286.JPG-1536x2048.jpeg HTTP/1.1" 200 344438 "https://sgcakesandsurprises.shop/our-service/" "Mozilla/5.0 (Windows NT 10.0; Win64; x64) AppleWebKit/537.36 (KHTML, like Gecko) Chrome/150.0.0.0 Safari/537.36"
102.88.108.30 - - [22/Jul/2026:12:29:41 +0000] "GET /wp-content/uploads/2026/07/IMG_1002.JPG-1536x2048.jpeg HTTP/1.1" 200 302689 "https://sgcakesandsurprises.shop/our-service/" "Mozilla/5.0 (Windows NT 10.0; Win64; x64) AppleWebKit/537.36 (KHTML, like Gecko) Chrome/150.0.0.0 Safari/537.36"
102.88.108.30 - - [22/Jul/2026:12:29:38 +0000] "GET /wp-content/uploads/2026/07/WhatsApp-Image-2026-07-15-at-11.55.19-AM.jpeg HTTP/1.1" 200 169973 "https://sgcakesandsurprises.shop/our-service/" "Mozilla/5.0 (Windows NT 10.0; Win64; x64) AppleWebKit/537.36 (KHTML, like Gecko) Chrome/150.0.0.0 Safari/537.36"
102.88.108.30 - - [22/Jul/2026:12:29:44 +0000] "GET /wp-content/plugins/wpforms-lite/assets/images/lite-connect/info-circle.svg HTTP/1.1" 200 1043 "https://sgcakesandsurprises.shop/wp-admin/" "Mozilla/5.0 (Windows NT 10.0; Win64; x64) AppleWebKit/537.36 (KHTML, like Gecko) Chrome/150.0.0.0 Safari/537.36"
102.88.108.30 - - [22/Jul/2026:12:29:17 +0000] "GET /wp-admin/ HTTP/1.1" 200 374895 "-" "Mozilla/5.0 (Windows NT 10.0; Win64; x64) AppleWebKit/537.36 (KHTML, like Gecko) Chrome/150.0.0.0 Safari/537.36"
102.88.108.30 - - [22/Jul/2026:12:29:37 +0000] "POST /wp-admin/admin-ajax.php HTTP/1.1" 200 47 "https://sgcakesandsurprises.shop/wp-admin/admin.php?page=wpforms-builder&view=settings&form_id=415§ion=notifications" "Mozilla/5.0 (Windows NT 10.0; Win64; x64) AppleWebKit/537.36 (KHTML, like Gecko) Chrome/150.0.0.0 Safari/537.36"
198.177.124.148 - - [22/Jul/2026:12:29:54 +0000] "POST /wp-cron.php?doing_wp_cron=1784723394.4256289005279541015625 HTTP/1.1" 200 - "-" "WordPress/7.0.2; https://sgcakesandsurprises.shop"
102.88.108.30 - - [22/Jul/2026:12:29:52 +0000] "POST /wp-admin/admin-ajax.php HTTP/1.1" 200 47 "https://sgcakesandsurprises.shop/wp-admin/admin.php?page=wpforms-builder&view=settings&form_id=411§ion=notifications" "Mozilla/5.0 (Windows NT 10.0; Win64; x64) AppleWebKit/537.36 (KHTML, like Gecko) Chrome/150.0.0.0 Safari/537.36"
102.88.108.30 - - [22/Jul/2026:12:29:46 +0000] "GET /wp-admin/edit.php?post_type=page HTTP/1.1" 200 334220 "https://sgcakesandsurprises.shop/wp-admin/" "Mozilla/5.0 (Windows NT 10.0; Win64; x64) AppleWebKit/537.36 (KHTML, like Gecko) Chrome/150.0.0.0 Safari/537.36"
102.88.108.30 - - [22/Jul/2026:12:30:01 +0000] "POST /wp-admin/admin-ajax.php HTTP/1.1" 200 47 "https://sgcakesandsurprises.shop/wp-admin/edit.php?post_type=page" "Mozilla/5.0 (Windows NT 10.0; Win64; x64) AppleWebKit/537.36 (KHTML, like Gecko) Chrome/150.0.0.0 Safari/537.36"
102.88.108.30 - - [22/Jul/2026:12:30:21 +0000] "GET /wp-json/elementor/v1/variables/list HTTP/1.1" 200 64 "https://sgcakesandsurprises.shop/wp-admin/post.php?post=311&action=elementor" "Mozilla/5.0 (Windows NT 10.0; Win64; x64) AppleWebKit/537.36 (KHTML, like Gecko) Chrome/150.0.0.0 Safari/537.36"
102.88.108.30 - - [22/Jul/2026:12:30:27 +0000] "POST /wp-admin/admin-ajax.php HTTP/1.1" 200 77 "https://sgcakesandsurprises.shop/wp-admin/post.php?post=393&action=elementor" "Mozilla/5.0 (Windows NT 10.0; Win64; x64) AppleWebKit/537.36 (KHTML, like Gecko) Chrome/150.0.0.0 Safari/537.36"
102.88.108.30 - - [22/Jul/2026:12:30:04 +0000] "GET /wp-admin/post.php?post=311&action=elementor HTTP/1.1" 200 2335024 "https://sgcakesandsurprises.shop/wp-admin/edit.php?post_type=page" "Mozilla/5.0 (Windows NT 10.0; Win64; x64) AppleWebKit/537.36 (KHTML, like Gecko) Chrome/150.0.0.0 Safari/537.36"
102.88.108.30 - - [22/Jul/2026:12:30:41 +0000] "POST /wp-admin/admin-ajax.php HTTP/1.1" 200 77 "https://sgcakesandsurprises.shop/wp-admin/post.php?post=311&action=elementor" "Mozilla/5.0 (Windows NT 10.0; Win64; x64) AppleWebKit/537.36 (KHTML, like Gecko) Chrome/150.0.0.0 Safari/537.36"
102.88.108.30 - - [22/Jul/2026:12:30:41 +0000] "GET /wp-json/elementor/v1/site-navigation/recent-posts?posts_per_page=6&_locale=user HTTP/1.1" 200 1466 "https://sgcakesandsurprises.shop/wp-admin/post.php?post=311&action=elementor" "Mozilla/5.0 (Windows NT 10.0; Win64; x64) AppleWebKit/537.36 (KHTML, like Gecko) Chrome/150.0.0.0 Safari/537.36"
102.88.108.30 - - [22/Jul/2026:12:30:41 +0000] "GET /wp-json/elementor/v1/checklist/user-progress HTTP/1.1" 200 534 "https://sgcakesandsurprises.shop/wp-admin/post.php?post=311&action=elementor" "Mozilla/5.0 (Windows NT 10.0; Win64; x64) AppleWebKit/537.36 (KHTML, like Gecko) Chrome/150.0.0.0 Safari/537.36"
102.88.108.30 - - [22/Jul/2026:12:30:41 +0000] "GET /wp-json/elementor/v1/global-classes?context=preview HTTP/1.1" 200 21 "https://sgcakesandsurprises.shop/wp-admin/post.php?post=311&action=elementor" "Mozilla/5.0 (Windows NT 10.0; Win64; x64) AppleWebKit/537.36 (KHTML, like Gecko) Chrome/150.0.0.0 Safari/537.36"
102.88.108.30 - - [22/Jul/2026:12:30:41 +0000] "GET /wp-json/elementor/v1/global-classes/usage HTTP/1.1" 200 21 "https://sgcakesandsurprises.shop/wp-admin/post.php?post=311&action=elementor" "Mozilla/5.0 (Windows NT 10.0; Win64; x64) AppleWebKit/537.36 (KHTML, like Gecko) Chrome/150.0.0.0 Safari/537.36"
102.88.108.30 - - [22/Jul/2026:12:30:41 +0000] "GET /our-service/?elementor-preview=311&ver=1784723408 HTTP/1.1" 200 207561 "https://sgcakesandsurprises.shop/wp-admin/post.php?post=311&action=elementor" "Mozilla/5.0 (Windows NT 10.0; Win64; x64) AppleWebKit/537.36 (KHTML, like Gecko) Chrome/150.0.0.0 Safari/537.36"
102.88.108.30 - - [22/Jul/2026:12:30:50 +0000] "GET /wp-content/uploads/elementor/css/local-311-preview-desktop.css?ver=6a60b7f7c1f81 HTTP/1.1" 200 2645 "https://sgcakesandsurprises.shop/our-service/?elementor-preview=311&ver=1784723408" "Mozilla/5.0 (Windows NT 10.0; Win64; x64) AppleWebKit/537.36 (KHTML, like Gecko) Chrome/150.0.0.0 Safari/537.36"
102.88.108.30 - - [22/Jul/2026:12:30:45 +0000] "GET /wp-json/elementor/v1/global-classes?context=frontend HTTP/1.1" 200 21 "https://sgcakesandsurprises.shop/wp-admin/post.php?post=311&action=elementor" "Mozilla/5.0 (Windows NT 10.0; Win64; x64) AppleWebKit/537.36 (KHTML, like Gecko) Chrome/150.0.0.0 Safari/537.36"
102.88.108.30 - - [22/Jul/2026:12:30:51 +0000] "GET /wp-content/uploads/elementor/css/local-311-preview-mobile.css?ver=6a60b7f7c1f81 HTTP/1.1" 200 1770 "https://sgcakesandsurprises.shop/our-service/?elementor-preview=311&ver=1784723408" "Mozilla/5.0 (Windows NT 10.0; Win64; x64) AppleWebKit/537.36 (KHTML, like Gecko) Chrome/150.0.0.0 Safari/537.36"
102.88.108.30 - - [22/Jul/2026:12:30:46 +0000] "GET /wp-json/elementor/v1/components HTTP/1.1" 200 21 "https://sgcakesandsurprises.shop/wp-admin/post.php?post=311&action=elementor" "Mozilla/5.0 (Windows NT 10.0; Win64; x64) AppleWebKit/537.36 (KHTML, like Gecko) Chrome/150.0.0.0 Safari/537.36"
