104.28.159.50 - - [21/Jul/2026:15:29:21 +0000] "POST /wp-login.php HTTP/1.1" 503 18043 "-" "Mozilla/5.0 (Windows NT 10.0; Win64; x64) AppleWebKit/537.36 (KHTML, like Gecko) Chrome/125.0.0.0 Safari/537.36"
198.177.124.148 - - [21/Jul/2026:15:30:30 +0000] "POST /wp-cron.php?doing_wp_cron=1784647830.3408820629119873046875 HTTP/1.1" 200 - "-" "WordPress/7.0.2; https://sgcakesandsurprises.shop"
104.28.159.50 - - [21/Jul/2026:15:30:26 +0000] "POST /wp-login.php HTTP/1.1" 503 18957 "-" "Mozilla/5.0 (Macintosh; Intel Mac OS X 10_15_7) AppleWebKit/605.1.15 (KHTML, like Gecko) Version/17.5 Safari/605.1.15"
198.177.124.148 - - [21/Jul/2026:15:30:28 +0000] "POST /?wordfence_syncAttackData=1784647828.4092 HTTP/1.1" 200 - "-" "WordPress/7.0.2; https://sgcakesandsurprises.shop"
104.28.159.50 - - [21/Jul/2026:15:31:25 +0000] "POST /wp-login.php HTTP/1.1" 503 18044 "-" "Mozilla/5.0 (Windows NT 6.3; Win64; x64; rv:118.0) Gecko/20100101 Firefox/118.0"
104.28.159.50 - - [21/Jul/2026:15:32:11 +0000] "POST /wp-login.php HTTP/1.1" 503 18044 "-" "Mozilla/5.0 (X11; Linux x86_64) AppleWebKit/537.36 (KHTML, like Gecko) Chrome/124.0.0.0 Safari/537.36 Brave/1.65.0"
104.28.159.50 - - [21/Jul/2026:15:33:11 +0000] "POST /wp-login.php HTTP/1.1" 503 18044 "-" "Mozilla/5.0 (Windows NT 10.0; Win64; x64) AppleWebKit/537.36 (KHTML, like Gecko) Chrome/124.0.0.0 Safari/537.36 Brave/1.65.0"
104.28.159.50 - - [21/Jul/2026:15:34:12 +0000] "POST /wp-login.php HTTP/1.1" 503 18044 "-" "Mozilla/5.0 (X11; Linux x86_64) AppleWebKit/537.36 (KHTML, like Gecko) Chrome/124.0.0.0 Safari/537.36 Brave/1.65.0"
104.28.159.50 - - [21/Jul/2026:15:35:00 +0000] "POST /wp-login.php HTTP/1.1" 503 18044 "-" "Mozilla/5.0 (Windows NT 11.0; Win64; x64) AppleWebKit/537.36 (KHTML, like Gecko) Chrome/123.0.0.0 Safari/537.36"
104.28.159.50 - - [21/Jul/2026:15:35:55 +0000] "POST /wp-login.php HTTP/1.1" 503 18044 "-" "Mozilla/5.0 (X11; Linux x86_64; rv:125.0) Gecko/20100101 Firefox/125.0"
104.28.159.50 - - [21/Jul/2026:15:36:58 +0000] "POST /wp-login.php HTTP/1.1" 503 18044 "-" "Mozilla/5.0 (Macintosh; Intel Mac OS X 14_3) AppleWebKit/537.36 (KHTML, like Gecko) Chrome/125.0.0.0 Safari/537.36"
104.28.159.50 - - [21/Jul/2026:15:37:57 +0000] "POST /wp-login.php HTTP/1.1" 503 18044 "-" "Mozilla/5.0 (Macintosh; Intel Mac OS X 10_15_7) AppleWebKit/605.1.15 (KHTML, like Gecko) Version/17.5 Safari/605.1.15"
104.28.159.50 - - [21/Jul/2026:15:38:50 +0000] "POST /wp-login.php HTTP/1.1" 503 18044 "-" "Mozilla/5.0 (Windows NT 10.0; Win64; x64) AppleWebKit/537.36 (KHTML, like Gecko) Chrome/124.0.0.0 Safari/537.36 Edg/124.0.0.0"
104.28.159.50 - - [21/Jul/2026:15:39:49 +0000] "POST /wp-login.php HTTP/1.1" 503 18044 "-" "Mozilla/5.0 (X11; Linux x86_64; rv:125.0) Gecko/20100101 Firefox/125.0"
198.177.124.148 - - [21/Jul/2026:15:40:44 +0000] "POST /wp-cron.php?doing_wp_cron=1784648444.7604949474334716796875 HTTP/1.1" 200 - "-" "WordPress/7.0.2; https://sgcakesandsurprises.shop"
198.177.124.148 - - [21/Jul/2026:15:40:43 +0000] "POST /?wordfence_syncAttackData=1784648443.0204 HTTP/1.1" 200 - "-" "WordPress/7.0.2; https://sgcakesandsurprises.shop"
104.28.159.50 - - [21/Jul/2026:15:40:40 +0000] "POST /wp-login.php HTTP/1.1" 503 18957 "-" "Mozilla/5.0 (X11; Linux x86_64) AppleWebKit/537.36 (KHTML, like Gecko) Chrome/124.0.0.0 Safari/537.36 Vivaldi/6.7"
104.28.159.50 - - [21/Jul/2026:15:41:29 +0000] "POST /wp-login.php HTTP/1.1" 503 18044 "-" "Mozilla/5.0 (X11; Linux x86_64) AppleWebKit/537.36 (KHTML, like Gecko) Chrome/125.0.0.0 Safari/537.36"
104.28.159.50 - - [21/Jul/2026:15:42:19 +0000] "POST /wp-login.php HTTP/1.1" 503 18044 "-" "Mozilla/5.0 (Macintosh; Intel Mac OS X 10_15_7) AppleWebKit/605.1.15 (KHTML, like Gecko) Version/17.5 Safari/605.1.15"
104.28.159.50 - - [21/Jul/2026:15:43:15 +0000] "POST /wp-login.php HTTP/1.1" 503 18044 "-" "Mozilla/5.0 (X11; Linux x86_64; rv:125.0) Gecko/20100101 Firefox/125.0"
198.177.124.148 - - [21/Jul/2026:15:43:42 +0000] "POST /wp-cron.php?doing_wp_cron=1784648622.7536649703979492187500 HTTP/1.1" 200 - "-" "WordPress/7.0.2; https://sgcakesandsurprises.shop"
198.177.124.148 - - [21/Jul/2026:15:43:41 +0000] "POST /?wordfence_syncAttackData=1784648621.4115 HTTP/1.1" 200 - "-" "WordPress/7.0.2; https://sgcakesandsurprises.shop"
147.185.132.156 - - [21/Jul/2026:15:43:40 +0000] "GET / HTTP/1.1" 301 - "-" "Hello from Palo Alto Networks, find out more about our scans in https://docs-cortex.paloaltonetworks.com/r/1/Cortex-Xpanse/Scanning-activity"
104.28.159.50 - - [21/Jul/2026:15:44:02 +0000] "POST /wp-login.php HTTP/1.1" 503 18044 "-" "Mozilla/5.0 (Macintosh; Intel Mac OS X 13.5; rv:124.0) Gecko/20100101 Firefox/124.0"
104.28.159.50 - - [21/Jul/2026:15:44:50 +0000] "POST /wp-login.php HTTP/1.1" 503 18044 "-" "Mozilla/5.0 (X11; Linux x86_64; rv:125.0) Gecko/20100101 Firefox/125.0"
104.28.159.50 - - [21/Jul/2026:15:45:46 +0000] "POST /wp-login.php HTTP/1.1" 503 18044 "-" "Mozilla/5.0 (X11; Linux x86_64) AppleWebKit/537.36 (KHTML, like Gecko) Chrome/124.0.0.0 Safari/537.36"
198.177.124.148 - - [21/Jul/2026:15:45:48 +0000] "POST /wp-cron.php?doing_wp_cron=1784648748.0123679637908935546875 HTTP/1.1" 200 - "-" "WordPress/7.0.2; https://sgcakesandsurprises.shop"
198.177.124.148 - - [21/Jul/2026:15:45:46 +0000] "POST /?wordfence_syncAttackData=1784648746.4877 HTTP/1.1" 200 - "-" "WordPress/7.0.2; https://sgcakesandsurprises.shop"
104.28.159.50 - - [21/Jul/2026:15:46:36 +0000] "POST /wp-login.php HTTP/1.1" 503 18044 "-" "Mozilla/5.0 (Macintosh; Intel Mac OS X 14_3) AppleWebKit/605.1.15 (KHTML, like Gecko) Version/17.3 Safari/605.1.15"
104.28.159.50 - - [21/Jul/2026:15:47:24 +0000] "POST /wp-login.php HTTP/1.1" 503 18044 "-" "Mozilla/5.0 (Windows NT 10.0; Win64; x64) AppleWebKit/537.36 (KHTML, like Gecko) Chrome/125.0.0.0 Safari/537.36"
104.28.159.50 - - [21/Jul/2026:15:48:15 +0000] "POST /wp-login.php HTTP/1.1" 503 18044 "-" "Mozilla/5.0 (X11; Linux x86_64) AppleWebKit/537.36 (KHTML, like Gecko) Chrome/124.0.0.0 Safari/537.36"
198.177.124.148 - - [21/Jul/2026:15:48:50 +0000] "POST /wp-cron.php?doing_wp_cron=1784648930.2810750007629394531250 HTTP/1.1" 200 - "-" "WordPress/7.0.2; https://sgcakesandsurprises.shop"
49.37.41.145 - - [21/Jul/2026:15:48:45 +0000] "POST /xmlrpc.php HTTP/1.1" 503 18957 "-" "Mozilla/5.0 (Linux; Android 10; x64) AppleWebKit/537.36 (KHTML, like Gecko) Firefox/73.0.0.0 Safari/537.36"
198.177.124.148 - - [21/Jul/2026:15:48:48 +0000] "POST /?wordfence_syncAttackData=1784648928.1066 HTTP/1.1" 200 - "-" "WordPress/7.0.2; https://sgcakesandsurprises.shop"
104.28.159.50 - - [21/Jul/2026:15:49:01 +0000] "POST /wp-login.php HTTP/1.1" 503 18044 "-" "Mozilla/5.0 (Windows NT 11.0; Win64; x64) AppleWebKit/537.36 (KHTML, like Gecko) Chrome/125.0.0.0 Safari/537.36 Edg/125.0.0.0"
104.28.159.50 - - [21/Jul/2026:15:49:49 +0000] "POST /wp-login.php HTTP/1.1" 503 18044 "-" "Mozilla/5.0 (X11; Linux x86_64) AppleWebKit/537.36 (KHTML, like Gecko) Chrome/123.0.0.0 Safari/537.36 OPR/107.0.0.0"
198.177.124.148 - - [21/Jul/2026:15:50:52 +0000] "POST /wp-cron.php?doing_wp_cron=1784649051.9861121177673339843750 HTTP/1.1" 200 - "-" "WordPress/7.0.2; https://sgcakesandsurprises.shop"
198.177.124.148 - - [21/Jul/2026:15:50:50 +0000] "POST /?wordfence_syncAttackData=1784649050.7904 HTTP/1.1" 200 - "-" "WordPress/7.0.2; https://sgcakesandsurprises.shop"
104.28.159.50 - - [21/Jul/2026:15:50:49 +0000] "POST /wp-login.php HTTP/1.1" 503 18957 "-" "Mozilla/5.0 (Windows NT 11.0; Win64; x64) AppleWebKit/537.36 (KHTML, like Gecko) Chrome/125.0.0.0 Safari/537.36 Edg/125.0.0.0"
104.28.159.50 - - [21/Jul/2026:15:51:47 +0000] "POST /wp-login.php HTTP/1.1" 503 18044 "-" "Mozilla/5.0 (X11; Linux x86_64) AppleWebKit/537.36 (KHTML, like Gecko) Chrome/123.0.0.0 Safari/537.36 OPR/107.0.0.0"
104.28.159.50 - - [21/Jul/2026:15:52:53 +0000] "POST /wp-login.php HTTP/1.1" 503 18044 "-" "Mozilla/5.0 (Macintosh; Intel Mac OS X 14_2) AppleWebKit/537.36 (KHTML, like Gecko) Chrome/124.0.0.0 Safari/537.36 OPR/108.0.0.0"
104.28.159.50 - - [21/Jul/2026:15:53:45 +0000] "POST /wp-login.php HTTP/1.1" 503 18044 "-" "Mozilla/5.0 (Macintosh; Intel Mac OS X 14_3) AppleWebKit/537.36 (KHTML, like Gecko) Chrome/125.0.0.0 Safari/537.36"
104.28.159.50 - - [21/Jul/2026:15:54:45 +0000] "POST /wp-login.php HTTP/1.1" 503 18044 "-" "Mozilla/5.0 (Windows NT 11.0; Win64; x64) AppleWebKit/537.36 (KHTML, like Gecko) Chrome/123.0.0.0 Safari/537.36"
104.28.159.50 - - [21/Jul/2026:15:55:38 +0000] "POST /wp-login.php HTTP/1.1" 503 18044 "-" "Mozilla/5.0 (X11; Linux x86_64) AppleWebKit/537.36 (KHTML, like Gecko) Chrome/124.0.0.0 Safari/537.36 Brave/1.65.0"
104.28.159.50 - - [21/Jul/2026:15:56:24 +0000] "POST /wp-login.php HTTP/1.1" 503 18044 "-" "Mozilla/5.0 (X11; Linux x86_64) AppleWebKit/537.36 (KHTML, like Gecko) Chrome/124.0.0.0 Safari/537.36"
198.177.124.148 - - [21/Jul/2026:15:56:37 +0000] "POST /?wordfence_syncAttackData=1784649397.5613 HTTP/1.1" 200 - "-" "WordPress/7.0.2; https://sgcakesandsurprises.shop"
104.28.159.50 - - [21/Jul/2026:15:57:08 +0000] "POST /wp-login.php HTTP/1.1" 503 18043 "-" "Mozilla/5.0 (Windows NT 10.0; Win64; x64; rv:124.0) Gecko/20100101 Firefox/124.0"
198.177.124.148 - - [21/Jul/2026:15:57:43 +0000] "POST /wp-cron.php?doing_wp_cron=1784649463.3274679183959960937500 HTTP/1.1" 200 - "-" "WordPress/7.0.2; https://sgcakesandsurprises.shop"
13.60.224.18 - - [21/Jul/2026:15:57:39 +0000] "POST /wp-login.php HTTP/1.1" 503 18957 "-" "Mozilla/5.0 (Macintosh; Intel Mac OS X 10_15_7) AppleWebKit/605.1.15 Version/17.0 Safari/605.1.15"
198.177.124.148 - - [21/Jul/2026:15:57:41 +0000] "POST /?wordfence_syncAttackData=1784649461.1786 HTTP/1.1" 200 - "-" "WordPress/7.0.2; https://sgcakesandsurprises.shop"
104.28.159.50 - - [21/Jul/2026:15:57:57 +0000] "POST /wp-login.php HTTP/1.1" 503 18044 "-" "Mozilla/5.0 (Macintosh; Intel Mac OS X 14_2) AppleWebKit/537.36 (KHTML, like Gecko) Chrome/124.0.0.0 Safari/537.36 OPR/108.0.0.0"
104.28.159.50 - - [21/Jul/2026:15:58:51 +0000] "POST /wp-login.php HTTP/1.1" 503 18044 "-" "Mozilla/5.0 (X11; Linux x86_64) AppleWebKit/537.36 (KHTML, like Gecko) Chrome/124.0.0.0 Safari/537.36 Vivaldi/6.7"
104.28.159.50 - - [21/Jul/2026:15:59:35 +0000] "POST /wp-login.php HTTP/1.1" 503 18044 "-" "Mozilla/5.0 (Windows NT 10.0; Win64; x64; rv:125.0) Gecko/20100101 Firefox/125.0"
13.60.224.18 - - [21/Jul/2026:16:00:04 +0000] "POST /wp-login.php HTTP/1.1" 503 18044 "-" "Mozilla/5.0 (Macintosh; Intel Mac OS X 10_15_7) AppleWebKit/605.1.15 Version/17.0 Safari/605.1.15"
104.28.159.50 - - [21/Jul/2026:16:00:25 +0000] "POST /wp-login.php HTTP/1.1" 503 18044 "-" "Mozilla/5.0 (Windows NT 10.0; WOW64) AppleWebKit/537.36 (KHTML, like Gecko) Chrome/118.0.0.0 Safari/537.36"
198.177.124.148 - - [21/Jul/2026:16:01:21 +0000] "POST /wp-cron.php?doing_wp_cron=1784649680.9805018901824951171875 HTTP/1.1" 200 - "-" "WordPress/7.0.2; https://sgcakesandsurprises.shop"
198.177.124.148 - - [21/Jul/2026:16:01:20 +0000] "POST /?wordfence_syncAttackData=1784649680.188 HTTP/1.1" 200 - "-" "WordPress/7.0.2; https://sgcakesandsurprises.shop"
198.177.124.148 - - [21/Jul/2026:16:01:24 +0000] "POST /wp-cron.php?doing_wp_cron=1784649684.4565889835357666015625 HTTP/1.1" 200 - "-" "WordPress/7.0.2; https://sgcakesandsurprises.shop"
104.28.159.50 - - [21/Jul/2026:16:01:18 +0000] "POST /wp-login.php HTTP/1.1" 200 5923 "-" "Mozilla/5.0 (Macintosh; Intel Mac OS X 13.5; rv:124.0) Gecko/20100101 Firefox/124.0"
104.28.159.50 - - [21/Jul/2026:16:02:03 +0000] "POST /wp-login.php HTTP/1.1" 200 5923 "-" "Mozilla/5.0 (Windows NT 10.0; Win64; x64; rv:125.0) Gecko/20100101 Firefox/125.0"
198.177.124.148 - - [21/Jul/2026:16:02:53 +0000] "POST /wp-cron.php?doing_wp_cron=1784649773.5923230648040771484375 HTTP/1.1" 200 - "-" "WordPress/7.0.2; https://sgcakesandsurprises.shop"
104.28.159.50 - - [21/Jul/2026:16:02:50 +0000] "POST /wp-login.php HTTP/1.1" 503 18957 "-" "Mozilla/5.0 (Macintosh; Intel Mac OS X 13.5; rv:124.0) Gecko/20100101 Firefox/124.0"
104.28.159.50 - - [21/Jul/2026:16:03:38 +0000] "POST /wp-login.php HTTP/1.1" 503 18044 "-" "Mozilla/5.0 (Macintosh; Intel Mac OS X 13.5; rv:124.0) Gecko/20100101 Firefox/124.0"
13.60.224.18 - - [21/Jul/2026:16:03:57 +0000] "POST /wp-login.php HTTP/1.1" 503 18044 "-" "Mozilla/5.0 (Windows NT 10.0; Win64; x64) AppleWebKit/537.36 Chrome/129.0.0.0 Safari/537.36"
104.28.159.50 - - [21/Jul/2026:16:04:25 +0000] "POST /wp-login.php HTTP/1.1" 503 18044 "-" "Mozilla/5.0 (Windows NT 10.0; Win64; x64) AppleWebKit/537.36 (KHTML, like Gecko) Chrome/124.0.0.0 Safari/537.36 Edg/124.0.0.0"
104.28.159.50 - - [21/Jul/2026:16:05:07 +0000] "POST /wp-login.php HTTP/1.1" 503 18044 "-" "Mozilla/5.0 (X11; Linux x86_64) AppleWebKit/537.36 (KHTML, like Gecko) Chrome/124.0.0.0 Safari/537.36 Edg/124.0.0.0"
104.28.159.50 - - [21/Jul/2026:16:05:54 +0000] "POST /wp-login.php HTTP/1.1" 503 18044 "-" "Mozilla/5.0 (Windows NT 10.0; WOW64) AppleWebKit/537.36 (KHTML, like Gecko) Chrome/118.0.0.0 Safari/537.36"
13.60.224.18 - - [21/Jul/2026:16:06:28 +0000] "POST /wp-login.php HTTP/1.1" 503 18044 "-" "Mozilla/5.0 (Windows NT 10.0; Win64; rv:143.0) Gecko/20100101 Firefox/143.0"
104.28.159.50 - - [21/Jul/2026:16:06:44 +0000] "POST /wp-login.php HTTP/1.1" 503 18044 "-" "Mozilla/5.0 (X11; Linux x86_64) AppleWebKit/537.36 (KHTML, like Gecko) Chrome/124.0.0.0 Safari/537.36 Edg/124.0.0.0"
104.28.159.50 - - [21/Jul/2026:16:07:33 +0000] "POST /wp-login.php HTTP/1.1" 503 18044 "-" "Mozilla/5.0 (Windows NT 10.0; Win64; x64) AppleWebKit/537.36 (KHTML, like Gecko) Chrome/124.0.0.0 Safari/537.36 Brave/1.65.0"
104.28.159.50 - - [21/Jul/2026:16:08:14 +0000] "POST /wp-login.php HTTP/1.1" 503 18044 "-" "Mozilla/5.0 (Windows NT 11.0; Win64; x64) AppleWebKit/537.36 (KHTML, like Gecko) Chrome/123.0.0.0 Safari/537.36"
198.177.124.148 - - [21/Jul/2026:16:09:01 +0000] "POST /wp-cron.php?doing_wp_cron=1784650141.7853970527648925781250 HTTP/1.1" 200 - "-" "WordPress/7.0.2; https://sgcakesandsurprises.shop"
198.177.124.148 - - [21/Jul/2026:16:09:00 +0000] "POST /?wordfence_syncAttackData=1784650140.6669 HTTP/1.1" 200 - "-" "WordPress/7.0.2; https://sgcakesandsurprises.shop"
13.60.224.18 - - [21/Jul/2026:16:08:59 +0000] "POST /wp-login.php HTTP/1.1" 503 18957 "-" "Mozilla/5.0 (Macintosh; Intel Mac OS X 10_15_7) AppleWebKit/605.1.15 Version/17.0 Safari/605.1.15"
104.28.159.50 - - [21/Jul/2026:16:09:02 +0000] "POST /wp-login.php HTTP/1.1" 503 18044 "-" "Mozilla/5.0 (Macintosh; Intel Mac OS X 14_3) AppleWebKit/537.36 (KHTML, like Gecko) Chrome/125.0.0.0 Safari/537.36"
104.28.159.50 - - [21/Jul/2026:16:09:50 +0000] "POST /wp-login.php HTTP/1.1" 503 18044 "-" "Mozilla/5.0 (Macintosh; Intel Mac OS X 14_2) AppleWebKit/537.36 (KHTML, like Gecko) Chrome/124.0.0.0 Safari/537.36 OPR/108.0.0.0"
198.177.124.148 - - [21/Jul/2026:16:10:27 +0000] "POST /wp-cron.php?doing_wp_cron=1784650227.5100250244140625000000 HTTP/1.1" 200 - "-" "WordPress/7.0.2; https://sgcakesandsurprises.shop"
198.177.124.148 - - [21/Jul/2026:16:10:26 +0000] "POST /?wordfence_syncAttackData=1784650226.2482 HTTP/1.1" 200 - "-" "WordPress/7.0.2; https://sgcakesandsurprises.shop"
104.28.159.50 - - [21/Jul/2026:16:10:37 +0000] "POST /wp-login.php HTTP/1.1" 503 18044 "-" "Mozilla/5.0 (Windows NT 10.0; Win64; x64) AppleWebKit/537.36 (KHTML, like Gecko) Chrome/124.0.0.0 Safari/537.36 Edg/124.0.0.0"
198.177.124.148 - - [21/Jul/2026:16:11:05 +0000] "POST /wp-cron.php?doing_wp_cron=1784650265.8957231044769287109375 HTTP/1.1" 200 - "-" "WordPress/7.0.2; https://sgcakesandsurprises.shop"
198.177.124.148 - - [21/Jul/2026:16:11:04 +0000] "POST /?wordfence_syncAttackData=1784650264.4923 HTTP/1.1" 200 - "-" "WordPress/7.0.2; https://sgcakesandsurprises.shop"
2.139.14.217 - - [21/Jul/2026:16:11:02 +0000] "GET / HTTP/1.1" 200 101561 "-" "Mozilla/5.0 (Debian; Linux i686) AppleWebKit/537.36 (KHTML, like Gecko) Chrome/133.0.0.0 Safari/537.36"
104.28.159.50 - - [21/Jul/2026:16:11:22 +0000] "POST /wp-login.php HTTP/1.1" 503 18044 "-" "Mozilla/5.0 (X11; Linux x86_64) AppleWebKit/537.36 (KHTML, like Gecko) Chrome/125.0.0.0 Safari/537.36"
13.60.224.18 - - [21/Jul/2026:16:11:34 +0000] "POST /wp-login.php HTTP/1.1" 503 18044 "-" "Mozilla/5.0 (Macintosh; Intel Mac OS X 10_15_7) AppleWebKit/605.1.15 Version/17.0 Safari/605.1.15"
104.28.159.50 - - [21/Jul/2026:16:12:10 +0000] "POST /wp-login.php HTTP/1.1" 503 18044 "-" "Mozilla/5.0 (Windows NT 10.0; Win64; x64) AppleWebKit/537.36 (KHTML, like Gecko) Chrome/124.0.0.0 Safari/537.36 Edg/124.0.0.0"
198.177.124.148 - - [21/Jul/2026:16:13:02 +0000] "POST /wp-cron.php?doing_wp_cron=1784650382.9348289966583251953125 HTTP/1.1" 200 - "-" "WordPress/7.0.2; https://sgcakesandsurprises.shop"
198.177.124.148 - - [21/Jul/2026:16:13:01 +0000] "POST /?wordfence_syncAttackData=1784650381.1912 HTTP/1.1" 200 - "-" "WordPress/7.0.2; https://sgcakesandsurprises.shop"
104.28.159.50 - - [21/Jul/2026:16:12:59 +0000] "POST /wp-login.php HTTP/1.1" 503 18957 "-" "Mozilla/5.0 (Macintosh; Intel Mac OS X 13.5; rv:124.0) Gecko/20100101 Firefox/124.0"
104.28.159.50 - - [21/Jul/2026:16:13:43 +0000] "POST /wp-login.php HTTP/1.1" 503 18044 "-" "Mozilla/5.0 (Windows NT 11.0; Win64; x64) AppleWebKit/537.36 (KHTML, like Gecko) Chrome/123.0.0.0 Safari/537.36"
13.60.224.18 - - [21/Jul/2026:16:14:16 +0000] "POST /wp-login.php HTTP/1.1" 503 18044 "-" "Mozilla/5.0 (Macintosh; Intel Mac OS X 10_15_7) AppleWebKit/605.1.15 Version/17.0 Safari/605.1.15"
104.28.159.50 - - [21/Jul/2026:16:14:29 +0000] "POST /wp-login.php HTTP/1.1" 503 18044 "-" "Mozilla/5.0 (X11; Linux x86_64) AppleWebKit/537.36 (KHTML, like Gecko) Chrome/124.0.0.0 Safari/537.36 Vivaldi/6.7"
104.28.159.50 - - [21/Jul/2026:16:15:17 +0000] "POST /wp-login.php HTTP/1.1" 503 18044 "-" "Mozilla/5.0 (Windows NT 10.0; Win64; x64) AppleWebKit/537.36 (KHTML, like Gecko) Chrome/124.0.0.0 Safari/537.36 OPR/108.0.0.0"
104.28.159.50 - - [21/Jul/2026:16:16:06 +0000] "POST /wp-login.php HTTP/1.1" 503 18044 "-" "Mozilla/5.0 (Macintosh; Intel Mac OS X 13_6) AppleWebKit/605.1.15 (KHTML, like Gecko) Version/17.2 Safari/605.1.15"
104.28.159.50 - - [21/Jul/2026:16:16:49 +0000] "POST /wp-login.php HTTP/1.1" 503 18044 "-" "Mozilla/5.0 (X11; Linux x86_64) AppleWebKit/537.36 (KHTML, like Gecko) Chrome/124.0.0.0 Safari/537.36"
13.60.224.18 - - [21/Jul/2026:16:17:07 +0000] "POST /wp-login.php HTTP/1.1" 503 18044 "-" "Mozilla/5.0 (Windows NT 10.0; Win64; x64) AppleWebKit/537.36 Chrome/129.0.0.0 Safari/537.36"
198.177.124.148 - - [21/Jul/2026:16:17:06 +0000] "POST /?wordfence_syncAttackData=1784650626.5357 HTTP/1.1" 200 - "-" "WordPress/7.0.2; https://sgcakesandsurprises.shop"
104.28.159.50 - - [21/Jul/2026:16:17:36 +0000] "POST /wp-login.php HTTP/1.1" 503 18043 "-" "Mozilla/5.0 (Windows NT 10.0; Win64; x64) AppleWebKit/537.36 (KHTML, like Gecko) Chrome/124.0.0.0 Safari/537.36 Edg/124.0.0.0"
104.28.159.50 - - [21/Jul/2026:16:18:24 +0000] "POST /wp-login.php HTTP/1.1" 503 18043 "-" "Mozilla/5.0 (Macintosh; Intel Mac OS X 13_6) AppleWebKit/605.1.15 (KHTML, like Gecko) Version/17.2 Safari/605.1.15"
104.28.159.50 - - [21/Jul/2026:16:19:09 +0000] "POST /wp-login.php HTTP/1.1" 503 18043 "-" "Mozilla/5.0 (Windows NT 10.0; Win64; x64; rv:124.0) Gecko/20100101 Firefox/124.0"
104.28.159.50 - - [21/Jul/2026:16:19:52 +0000] "POST /wp-login.php HTTP/1.1" 503 18043 "-" "Mozilla/5.0 (Windows NT 10.0; WOW64) AppleWebKit/537.36 (KHTML, like Gecko) Chrome/118.0.0.0 Safari/537.36"
198.177.124.148 - - [21/Jul/2026:16:20:04 +0000] "POST /wp-cron.php?doing_wp_cron=1784650803.9666988849639892578125 HTTP/1.1" 200 - "-" "WordPress/7.0.2; https://sgcakesandsurprises.shop"
13.60.224.18 - - [21/Jul/2026:16:19:58 +0000] "POST /wp-login.php HTTP/1.1" 503 18957 "-" "Mozilla/5.0 (Windows NT 10.0; Win64; rv:143.0) Gecko/20100101 Firefox/143.0"
198.177.124.148 - - [21/Jul/2026:16:20:00 +0000] "POST /?wordfence_syncAttackData=1784650800.3538 HTTP/1.1" 200 - "-" "WordPress/7.0.2; https://sgcakesandsurprises.shop"
104.28.159.50 - - [21/Jul/2026:16:20:44 +0000] "POST /wp-login.php HTTP/1.1" 503 18044 "-" "Mozilla/5.0 (Windows NT 6.3; Win64; x64; rv:118.0) Gecko/20100101 Firefox/118.0"
104.28.159.50 - - [21/Jul/2026:16:21:36 +0000] "POST /wp-login.php HTTP/1.1" 503 18044 "-" "Mozilla/5.0 (Windows NT 10.0; Win64; x64) AppleWebKit/537.36 (KHTML, like Gecko) Chrome/123.0.0.0 Safari/537.36 Vivaldi/6.7"
104.28.159.50 - - [21/Jul/2026:16:22:19 +0000] "POST /wp-login.php HTTP/1.1" 503 18044 "-" "Mozilla/5.0 (Windows NT 6.1; Win64; x64) AppleWebKit/537.36 (KHTML, like Gecko) Chrome/120.0.0.0 Safari/537.36"
13.60.224.18 - - [21/Jul/2026:16:22:59 +0000] "POST /wp-login.php HTTP/1.1" 503 18044 "-" "Mozilla/5.0 (Macintosh; Intel Mac OS X 10_15_7) AppleWebKit/605.1.15 Version/17.0 Safari/605.1.15"
198.177.124.148 - - [21/Jul/2026:16:23:10 +0000] "POST /wp-cron.php?doing_wp_cron=1784650990.6880550384521484375000 HTTP/1.1" 200 - "-" "WordPress/7.0.2; https://sgcakesandsurprises.shop"
198.177.124.148 - - [21/Jul/2026:16:23:08 +0000] "POST /?wordfence_syncAttackData=1784650988.8381 HTTP/1.1" 200 - "-" "WordPress/7.0.2; https://sgcakesandsurprises.shop"
104.28.159.50 - - [21/Jul/2026:16:23:08 +0000] "POST /wp-login.php HTTP/1.1" 503 18957 "-" "Mozilla/5.0 (Macintosh; Intel Mac OS X 14_3) AppleWebKit/605.1.15 (KHTML, like Gecko) Version/17.3 Safari/605.1.15"
198.177.124.148 - - [21/Jul/2026:16:23:09 +0000] "POST /?wordfence_syncAttackData=1784650989.8381 HTTP/1.1" 200 101561 "-" "WordPress/7.0.2; https://sgcakesandsurprises.shop"
104.28.159.50 - - [21/Jul/2026:16:23:57 +0000] "POST /wp-login.php HTTP/1.1" 503 18957 "-" "Mozilla/5.0 (Windows NT 10.0; Win64; x64) AppleWebKit/537.36 (KHTML, like Gecko) Chrome/124.0.0.0 Safari/537.36 Edg/124.0.0.0"
104.28.159.50 - - [21/Jul/2026:16:24:42 +0000] "POST /wp-login.php HTTP/1.1" 503 18044 "-" "Mozilla/5.0 (Windows NT 6.1; Win64; x64) AppleWebKit/537.36 (KHTML, like Gecko) Chrome/120.0.0.0 Safari/537.36"
104.28.159.50 - - [21/Jul/2026:16:25:27 +0000] "POST /wp-login.php HTTP/1.1" 503 18044 "-" "Mozilla/5.0 (X11; Linux x86_64) AppleWebKit/537.36 (KHTML, like Gecko) Chrome/124.0.0.0 Safari/537.36 Vivaldi/6.7"
13.60.224.18 - - [21/Jul/2026:16:26:08 +0000] "POST /wp-login.php HTTP/1.1" 503 18044 "-" "Mozilla/5.0 (Windows NT 10.0; Win64; x64) AppleWebKit/537.36 Chrome/129.0.0.0 Safari/537.36"
104.28.159.50 - - [21/Jul/2026:16:26:17 +0000] "POST /wp-login.php HTTP/1.1" 503 18044 "-" "Mozilla/5.0 (Windows NT 10.0; Win64; x64) AppleWebKit/537.36 (KHTML, like Gecko) Chrome/124.0.0.0 Safari/537.36"
104.28.159.50 - - [21/Jul/2026:16:27:04 +0000] "POST /wp-login.php HTTP/1.1" 503 18044 "-" "Mozilla/5.0 (Windows NT 10.0; Win64; x64; rv:125.0) Gecko/20100101 Firefox/125.0"
104.28.159.50 - - [21/Jul/2026:16:27:46 +0000] "POST /wp-login.php HTTP/1.1" 503 18044 "-" "Mozilla/5.0 (Windows NT 11.0; Win64; x64) AppleWebKit/537.36 (KHTML, like Gecko) Chrome/123.0.0.0 Safari/537.36"
104.28.159.50 - - [21/Jul/2026:16:28:31 +0000] "POST /wp-login.php HTTP/1.1" 503 18044 "-" "Mozilla/5.0 (Macintosh; Intel Mac OS X 14_3) AppleWebKit/537.36 (KHTML, like Gecko) Chrome/125.0.0.0 Safari/537.36"
13.60.224.18 - - [21/Jul/2026:16:29:14 +0000] "POST /wp-login.php HTTP/1.1" 503 18044 "-" "Mozilla/5.0 (Macintosh; Intel Mac OS X 10_15_7) AppleWebKit/605.1.15 Version/17.0 Safari/605.1.15"
104.28.159.50 - - [21/Jul/2026:16:29:17 +0000] "POST /wp-login.php HTTP/1.1" 503 18044 "-" "Mozilla/5.0 (Macintosh; Intel Mac OS X 13.5; rv:124.0) Gecko/20100101 Firefox/124.0"
104.28.159.50 - - [21/Jul/2026:16:30:05 +0000] "POST /wp-login.php HTTP/1.1" 503 18044 "-" "Mozilla/5.0 (Windows NT 10.0; Win64; x64; rv:125.0) Gecko/20100101 Firefox/125.0"
104.28.159.50 - - [21/Jul/2026:16:30:50 +0000] "POST /wp-login.php HTTP/1.1" 503 18044 "-" "Mozilla/5.0 (Windows NT 10.0; WOW64) AppleWebKit/537.36 (KHTML, like Gecko) Chrome/118.0.0.0 Safari/537.36"
104.28.159.50 - - [21/Jul/2026:16:31:32 +0000] "POST /wp-login.php HTTP/1.1" 503 18044 "-" "Mozilla/5.0 (Windows NT 10.0; Win64; x64) AppleWebKit/537.36 (KHTML, like Gecko) Chrome/123.0.0.0 Safari/537.36 Vivaldi/6.7"
104.28.159.50 - - [21/Jul/2026:16:32:20 +0000] "POST /wp-login.php HTTP/1.1" 503 18044 "-" "Mozilla/5.0 (Macintosh; Intel Mac OS X 13_6) AppleWebKit/605.1.15 (KHTML, like Gecko) Version/17.2 Safari/605.1.15"
198.177.124.148 - - [21/Jul/2026:16:32:33 +0000] "POST /wp-cron.php?doing_wp_cron=1784651553.2016429901123046875000 HTTP/1.1" 200 - "-" "WordPress/7.0.2; https://sgcakesandsurprises.shop"
13.60.224.18 - - [21/Jul/2026:16:32:28 +0000] "POST /wp-login.php HTTP/1.1" 503 18957 "-" "Mozilla/5.0 (Windows NT 10.0; Win64; x64) AppleWebKit/537.36 Chrome/129.0.0.0 Safari/537.36"
198.177.124.148 - - [21/Jul/2026:16:32:30 +0000] "POST /?wordfence_syncAttackData=1784651550.8626 HTTP/1.1" 200 - "-" "WordPress/7.0.2; https://sgcakesandsurprises.shop"
104.28.159.50 - - [21/Jul/2026:16:33:06 +0000] "POST /wp-login.php HTTP/1.1" 503 18044 "-" "Mozilla/5.0 (X11; Linux x86_64) AppleWebKit/537.36 (KHTML, like Gecko) Chrome/124.0.0.0 Safari/537.36 Brave/1.65.0"
198.177.124.148 - - [21/Jul/2026:16:33:52 +0000] "POST /wp-cron.php?doing_wp_cron=1784651632.3981359004974365234375 HTTP/1.1" 200 - "-" "WordPress/7.0.2; https://sgcakesandsurprises.shop"
104.28.159.50 - - [21/Jul/2026:16:33:48 +0000] "POST /wp-login.php HTTP/1.1" 503 18957 "-" "Mozilla/5.0 (X11; Linux x86_64) AppleWebKit/537.36 (KHTML, like Gecko) Chrome/124.0.0.0 Safari/537.36"
198.177.124.148 - - [21/Jul/2026:16:33:50 +0000] "POST /?wordfence_syncAttackData=1784651630.4533 HTTP/1.1" 200 - "-" "WordPress/7.0.2; https://sgcakesandsurprises.shop"
104.28.159.50 - - [21/Jul/2026:16:34:29 +0000] "POST /wp-login.php HTTP/1.1" 503 18044 "-" "Mozilla/5.0 (X11; Linux x86_64) AppleWebKit/537.36 (KHTML, like Gecko) Chrome/124.0.0.0 Safari/537.36"
104.28.159.50 - - [21/Jul/2026:16:35:17 +0000] "POST /wp-login.php HTTP/1.1" 503 18044 "-" "Mozilla/5.0 (X11; Linux x86_64; rv:124.0) Gecko/20100101 Firefox/124.0"
13.60.224.18 - - [21/Jul/2026:16:35:51 +0000] "POST /wp-login.php HTTP/1.1" 503 18044 "-" "Mozilla/5.0 (Windows NT 10.0; Win64; x64) AppleWebKit/537.36 Chrome/129.0.0.0 Safari/537.36"
104.28.159.50 - - [21/Jul/2026:16:36:02 +0000] "POST /wp-login.php HTTP/1.1" 503 18044 "-" "Mozilla/5.0 (Macintosh; Intel Mac OS X 14_3) AppleWebKit/605.1.15 (KHTML, like Gecko) Version/17.3 Safari/605.1.15"
104.28.159.50 - - [21/Jul/2026:16:36:46 +0000] "POST /wp-login.php HTTP/1.1" 503 18044 "-" "Mozilla/5.0 (Macintosh; Intel Mac OS X 10_15_7) AppleWebKit/605.1.15 (KHTML, like Gecko) Version/17.5 Safari/605.1.15"
104.28.159.50 - - [21/Jul/2026:16:37:31 +0000] "POST /wp-login.php HTTP/1.1" 503 18044 "-" "Mozilla/5.0 (Windows NT 10.0; Win64; x64) AppleWebKit/537.36 (KHTML, like Gecko) Chrome/124.0.0.0 Safari/537.36 Brave/1.65.0"
198.177.124.148 - - [21/Jul/2026:16:38:04 +0000] "POST /wp-cron.php?doing_wp_cron=1784651884.4843740463256835937500 HTTP/1.1" 200 - "-" "WordPress/7.0.2; https://sgcakesandsurprises.shop"
198.177.124.148 - - [21/Jul/2026:16:38:03 +0000] "POST /?wordfence_syncAttackData=1784651883.0893 HTTP/1.1" 200 - "-" "WordPress/7.0.2; https://sgcakesandsurprises.shop"
104.28.159.50 - - [21/Jul/2026:16:38:16 +0000] "POST /wp-login.php HTTP/1.1" 503 18044 "-" "Mozilla/5.0 (X11; Linux x86_64; rv:125.0) Gecko/20100101 Firefox/125.0"
198.177.124.148 - - [21/Jul/2026:16:38:26 +0000] "POST /?wordfence_syncAttackData=1784651906.5798 HTTP/1.1" 200 - "-" "WordPress/7.0.2; https://sgcakesandsurprises.shop"
79.148.168.147 - - [21/Jul/2026:16:38:49 +0000] "GET /wp-content/uploads/2026/07/cropped-WhatsApp-Image-2026-07-16-at-2.15.30-PM-180x180.jpeg HTTP/1.1" 200 8843 "-" "Mozilla/5.0 (Linux; arm_64; Android 15; 23030RAC7Y) AppleWebKit/537.36 (KHTML, like Gecko) Chrome/148.0.7778.112 YaBrowser/26.6.2.112.00 Mobile Safari/537.36"
79.148.168.147 - - [21/Jul/2026:16:38:49 +0000] "GET /wp-content/uploads/2026/07/cropped-WhatsApp-Image-2026-07-16-at-2.15.30-PM-32x32.jpeg HTTP/1.1" 200 1102 "-" "Mozilla/5.0 (Linux; arm_64; Android 15; 23030RAC7Y) AppleWebKit/537.36 (KHTML, like Gecko) Chrome/148.0.7778.112 YaBrowser/26.6.2.112.00 Mobile Safari/537.36"
79.148.168.147 - - [21/Jul/2026:16:38:49 +0000] "GET /wp-content/uploads/2026/07/cropped-WhatsApp-Image-2026-07-16-at-2.15.30-PM-192x192.jpeg HTTP/1.1" 200 9562 "-" "Mozilla/5.0 (Linux; arm_64; Android 15; 23030RAC7Y) AppleWebKit/537.36 (KHTML, like Gecko) Chrome/148.0.7778.112 YaBrowser/26.6.2.112.00 Mobile Safari/537.36"
104.28.159.50 - - [21/Jul/2026:16:39:05 +0000] "POST /wp-login.php HTTP/1.1" 503 18043 "-" "Mozilla/5.0 (X11; Linux x86_64) AppleWebKit/537.36 (KHTML, like Gecko) Chrome/123.0.0.0 Safari/537.36"
13.60.224.18 - - [21/Jul/2026:16:39:16 +0000] "POST /wp-login.php HTTP/1.1" 503 18043 "-" "Mozilla/5.0 (Macintosh; Intel Mac OS X 10_15_7) AppleWebKit/605.1.15 Version/17.0 Safari/605.1.15"
198.177.124.148 - - [21/Jul/2026:16:39:30 +0000] "POST /wp-cron.php?doing_wp_cron=1784651970.5916941165924072265625 HTTP/1.1" 200 - "-" "WordPress/7.0.2; https://sgcakesandsurprises.shop"
198.177.124.148 - - [21/Jul/2026:16:39:29 +0000] "POST /?wordfence_syncAttackData=1784651969.7645 HTTP/1.1" 200 - "-" "WordPress/7.0.2; https://sgcakesandsurprises.shop"
79.148.168.147 - - [21/Jul/2026:16:39:34 +0000] "GET /wp-content/uploads/2026/07/cropped-WhatsApp-Image-2026-07-16-at-2.15.30-PM-32x32.jpeg HTTP/1.1" 200 1102 "http://sgcakesandsurprises.shop/favicon.ico" "Mozilla/5.0 (Linux; arm_64; Android 15; 23030RAC7Y) AppleWebKit/537.36 (KHTML, like Gecko) Chrome/148.0.7778.112 YaBrowser/26.6.2.112.00 Mobile Safari/537.36"
104.28.159.50 - - [21/Jul/2026:16:39:49 +0000] "POST /wp-login.php HTTP/1.1" 503 18044 "-" "Mozilla/5.0 (Windows NT 10.0; Win64; x64) AppleWebKit/537.36 (KHTML, like Gecko) Chrome/124.0.0.0 Safari/537.36 Brave/1.65.0"
198.177.124.148 - - [21/Jul/2026:16:40:24 +0000] "POST /wp-cron.php?doing_wp_cron=1784652024.2206430435180664062500 HTTP/1.1" 200 - "-" "WordPress/7.0.2; https://sgcakesandsurprises.shop"
66.249.77.101 - - [21/Jul/2026:16:40:19 +0000] "GET /robots.txt HTTP/1.1" 200 125 "-" "Mozilla/5.0 (compatible; Googlebot/2.1; +http://www.google.com/bot.html)"
198.177.124.148 - - [21/Jul/2026:16:40:22 +0000] "POST /?wordfence_syncAttackData=1784652022.6138 HTTP/1.1" 200 - "-" "WordPress/7.0.2; https://sgcakesandsurprises.shop"
104.28.159.50 - - [21/Jul/2026:16:40:35 +0000] "POST /wp-login.php HTTP/1.1" 503 18044 "-" "Mozilla/5.0 (Windows NT 6.3; Win64; x64; rv:118.0) Gecko/20100101 Firefox/118.0"
66.249.77.101 - - [21/Jul/2026:16:40:36 +0000] "GET /wp-sitemap-posts-page-1.xml HTTP/1.1" 200 1275 "-" "Mozilla/5.0 (compatible; Googlebot/2.1; +http://www.google.com/bot.html)"
198.177.124.148 - - [21/Jul/2026:16:40:37 +0000] "POST /?wordfence_syncAttackData=1784652037.946 HTTP/1.1" 200 - "-" "WordPress/7.0.2; https://sgcakesandsurprises.shop"
104.28.159.50 - - [21/Jul/2026:16:41:27 +0000] "POST /wp-login.php HTTP/1.1" 503 18044 "-" "Mozilla/5.0 (Windows NT 10.0; Win64; x64) AppleWebKit/537.36 (KHTML, like Gecko) Chrome/124.0.0.0 Safari/537.36 Brave/1.65.0"
198.177.124.148 - - [21/Jul/2026:16:42:06 +0000] "POST /?wordfence_syncAttackData=1784652125.9775 HTTP/1.1" 200 - "-" "WordPress/7.0.2; https://sgcakesandsurprises.shop"
104.28.159.50 - - [21/Jul/2026:16:42:14 +0000] "POST /wp-login.php HTTP/1.1" 503 18043 "-" "Mozilla/5.0 (X11; Linux x86_64) AppleWebKit/537.36 (KHTML, like Gecko) Chrome/124.0.0.0 Safari/537.36 Brave/1.65.0"
198.177.124.148 - - [21/Jul/2026:16:42:41 +0000] "POST /?wordfence_syncAttackData=1784652161.1117 HTTP/1.1" 200 - "-" "WordPress/7.0.2; https://sgcakesandsurprises.shop"
13.60.224.18 - - [21/Jul/2026:16:42:40 +0000] "POST /wp-login.php HTTP/1.1" 503 18957 "-" "Mozilla/5.0 (Windows NT 10.0; Win64; rv:143.0) Gecko/20100101 Firefox/143.0"
104.28.159.50 - - [21/Jul/2026:16:42:57 +0000] "POST /wp-login.php HTTP/1.1" 503 18044 "-" "Mozilla/5.0 (X11; Linux x86_64) AppleWebKit/537.36 (KHTML, like Gecko) Chrome/124.0.0.0 Safari/537.36 Vivaldi/6.7"
104.28.159.50 - - [21/Jul/2026:16:43:40 +0000] "POST /wp-login.php HTTP/1.1" 503 18044 "-" "Mozilla/5.0 (Windows NT 11.0; Win64; x64) AppleWebKit/537.36 (KHTML, like Gecko) Chrome/123.0.0.0 Safari/537.36"
198.177.124.148 - - [21/Jul/2026:16:44:30 +0000] "POST /wp-cron.php?doing_wp_cron=1784652270.4884929656982421875000 HTTP/1.1" 200 - "-" "WordPress/7.0.2; https://sgcakesandsurprises.shop"
198.177.124.148 - - [21/Jul/2026:16:44:29 +0000] "POST /?wordfence_syncAttackData=1784652269.033 HTTP/1.1" 200 - "-" "WordPress/7.0.2; https://sgcakesandsurprises.shop"
104.28.159.50 - - [21/Jul/2026:16:44:27 +0000] "POST /wp-login.php HTTP/1.1" 503 18957 "-" "Mozilla/5.0 (X11; Linux x86_64; rv:124.0) Gecko/20100101 Firefox/124.0"
104.28.159.50 - - [21/Jul/2026:16:45:16 +0000] "POST /wp-login.php HTTP/1.1" 503 18043 "-" "Mozilla/5.0 (Windows NT 11.0; Win64; x64) AppleWebKit/537.36 (KHTML, like Gecko) Chrome/125.0.0.0 Safari/537.36 Edg/125.0.0.0"
104.28.159.50 - - [21/Jul/2026:16:45:58 +0000] "POST /wp-login.php HTTP/1.1" 503 18043 "-" "Mozilla/5.0 (Macintosh; Intel Mac OS X 13.5; rv:124.0) Gecko/20100101 Firefox/124.0"
13.60.224.18 - - [21/Jul/2026:16:46:06 +0000] "POST /wp-login.php HTTP/1.1" 503 18043 "-" "Mozilla/5.0 (Windows NT 10.0; Win64; rv:143.0) Gecko/20100101 Firefox/143.0"
104.28.159.50 - - [21/Jul/2026:16:46:45 +0000] "POST /wp-login.php HTTP/1.1" 503 18043 "-" "Mozilla/5.0 (Windows NT 6.1; Win64; x64) AppleWebKit/537.36 (KHTML, like Gecko) Chrome/120.0.0.0 Safari/537.36"
104.28.159.50 - - [21/Jul/2026:16:47:33 +0000] "POST /wp-login.php HTTP/1.1" 503 18043 "-" "Mozilla/5.0 (X11; Linux x86_64; rv:125.0) Gecko/20100101 Firefox/125.0"
104.28.159.50 - - [21/Jul/2026:16:48:18 +0000] "POST /wp-login.php HTTP/1.1" 503 18043 "-" "Mozilla/5.0 (Windows NT 10.0; Win64; x64; rv:124.0) Gecko/20100101 Firefox/124.0"
13.60.224.18 - - [21/Jul/2026:16:49:28 +0000] "POST /wp-login.php HTTP/1.1" 503 18043 "-" "Mozilla/5.0 (Macintosh; Intel Mac OS X 10_15_7) AppleWebKit/605.1.15 Version/17.0 Safari/605.1.15"
198.177.124.148 - - [21/Jul/2026:16:53:04 +0000] "POST /wp-cron.php?doing_wp_cron=1784652784.0399219989776611328125 HTTP/1.1" 200 - "-" "WordPress/7.0.2; https://sgcakesandsurprises.shop"
198.177.124.148 - - [21/Jul/2026:16:53:02 +0000] "POST /?wordfence_syncAttackData=1784652782.317 HTTP/1.1" 200 - "-" "WordPress/7.0.2; https://sgcakesandsurprises.shop"
13.60.224.18 - - [21/Jul/2026:16:53:00 +0000] "POST /wp-login.php HTTP/1.1" 503 18957 "-" "Mozilla/5.0 (Macintosh; Intel Mac OS X 10_15_7) AppleWebKit/605.1.15 Version/17.0 Safari/605.1.15"
13.60.224.18 - - [21/Jul/2026:16:56:38 +0000] "POST /wp-login.php HTTP/1.1" 503 18044 "-" "Mozilla/5.0 (Windows NT 10.0; Win64; rv:143.0) Gecko/20100101 Firefox/143.0"
198.177.124.148 - - [21/Jul/2026:16:58:24 +0000] "POST /?wordfence_syncAttackData=1784653104.454 HTTP/1.1" 200 - "-" "WordPress/7.0.2; https://sgcakesandsurprises.shop"
13.60.224.18 - - [21/Jul/2026:17:00:16 +0000] "POST /wp-login.php HTTP/1.1" 503 18043 "-" "Mozilla/5.0 (Windows NT 10.0; Win64; rv:143.0) Gecko/20100101 Firefox/143.0"
198.177.124.148 - - [21/Jul/2026:17:02:04 +0000] "POST /wp-cron.php?doing_wp_cron=1784653324.2078979015350341796875 HTTP/1.1" 200 - "-" "WordPress/7.0.2; https://sgcakesandsurprises.shop"
198.177.124.148 - - [21/Jul/2026:17:02:02 +0000] "POST /?wordfence_syncAttackData=1784653322.2423 HTTP/1.1" 200 - "-" "WordPress/7.0.2; https://sgcakesandsurprises.shop"
198.177.124.148 - - [21/Jul/2026:17:11:56 +0000] "POST /wp-cron.php?doing_wp_cron=1784653916.5310800075531005859375 HTTP/1.1" 200 - "-" "WordPress/7.0.2; https://sgcakesandsurprises.shop"
13.60.224.18 - - [21/Jul/2026:17:11:52 +0000] "POST /wp-login.php HTTP/1.1" 503 18957 "-" "Mozilla/5.0 (Windows NT 10.0; Win64; x64) AppleWebKit/537.36 Chrome/129.0.0.0 Safari/537.36"
13.60.224.18 - - [21/Jul/2026:17:15:21 +0000] "POST /wp-login.php HTTP/1.1" 503 18044 "-" "Mozilla/5.0 (Windows NT 10.0; Win64; rv:143.0) Gecko/20100101 Firefox/143.0"
74.7.228.10 - - [21/Jul/2026:17:17:12 +0000] "GET /robots.txt HTTP/1.1" 301 - "-" "Mozilla/5.0 (Macintosh; Intel Mac OS X 10_15_7) AppleWebKit/537.36 (KHTML, like Gecko) Chrome/131.0.0.0 Safari/537.36; compatible; OAI-SearchBot/1.4; robots.txt; +https://openai.com/searchbot"
198.177.124.148 - - [21/Jul/2026:17:17:16 +0000] "POST /wp-cron.php?doing_wp_cron=1784654236.2127320766448974609375 HTTP/1.1" 200 - "-" "WordPress/7.0.2; https://sgcakesandsurprises.shop"
74.7.242.5 - - [21/Jul/2026:17:17:12 +0000] "GET / HTTP/1.1" 301 - "-" "Mozilla/5.0 AppleWebKit/537.36 (KHTML, like Gecko; compatible; GPTBot/1.4; +https://openai.com/gptbot)"
198.177.124.148 - - [21/Jul/2026:17:17:14 +0000] "POST /?wordfence_syncAttackData=1784654234.3965 HTTP/1.1" 200 - "-" "WordPress/7.0.2; https://sgcakesandsurprises.shop"
198.177.124.148 - - [21/Jul/2026:17:17:14 +0000] "POST /?wordfence_syncAttackData=1784654234.4703 HTTP/1.1" 200 101561 "-" "WordPress/7.0.2; https://sgcakesandsurprises.shop"
74.7.228.10 - - [21/Jul/2026:17:17:16 +0000] "GET /robots.txt HTTP/1.1" 200 125 "https://www.sgcakesandsurprises.shop/robots.txt" "Mozilla/5.0 (Macintosh; Intel Mac OS X 10_15_7) AppleWebKit/537.36 (KHTML, like Gecko) Chrome/131.0.0.0 Safari/537.36; compatible; OAI-SearchBot/1.4; robots.txt; +https://openai.com/searchbot"
13.60.224.18 - - [21/Jul/2026:17:18:48 +0000] "POST /wp-login.php HTTP/1.1" 503 18044 "-" "Mozilla/5.0 (Macintosh; Intel Mac OS X 10_15_7) AppleWebKit/605.1.15 Version/17.0 Safari/605.1.15"
198.177.124.148 - - [21/Jul/2026:17:22:08 +0000] "POST /wp-cron.php?doing_wp_cron=1784654528.5949110984802246093750 HTTP/1.1" 200 - "-" "WordPress/7.0.2; https://sgcakesandsurprises.shop"
198.177.124.148 - - [21/Jul/2026:17:22:07 +0000] "POST /?wordfence_syncAttackData=1784654527.4988 HTTP/1.1" 200 - "-" "WordPress/7.0.2; https://sgcakesandsurprises.shop"
13.60.224.18 - - [21/Jul/2026:17:22:06 +0000] "POST /wp-login.php HTTP/1.1" 503 18957 "-" "Mozilla/5.0 (Windows NT 10.0; Win64; x64) AppleWebKit/537.36 Chrome/129.0.0.0 Safari/537.36"
198.177.124.148 - - [21/Jul/2026:17:25:19 +0000] "POST /wp-cron.php?doing_wp_cron=1784654718.9848339557647705078125 HTTP/1.1" 200 - "-" "WordPress/7.0.2; https://sgcakesandsurprises.shop"
104.28.156.110 - - [21/Jul/2026:17:25:16 +0000] "GET / HTTP/1.1" 200 101561 "-" "Mozilla/5.0 (Windows NT 10.0; Win64; x64) AppleWebKit/537.36 (KHTML, like Gecko) Chrome/91.0.4472.124 Safari/537.36"
104.28.156.110 - - [21/Jul/2026:17:25:20 +0000] "GET /?rest_route=/wp/v2/users HTTP/1.1" 401 108 "-" "Mozilla/5.0 (Windows NT 10.0; Win64; x64; rv:130.0) Gecko/20100101 Firefox/130.0"
13.60.224.18 - - [21/Jul/2026:17:25:27 +0000] "POST /wp-login.php HTTP/1.1" 503 18044 "-" "Mozilla/5.0 (Macintosh; Intel Mac OS X 10_15_7) AppleWebKit/605.1.15 Version/17.0 Safari/605.1.15"
198.177.124.148 - - [21/Jul/2026:17:32:18 +0000] "POST /wp-cron.php?doing_wp_cron=1784655138.1898379325866699218750 HTTP/1.1" 200 - "-" "WordPress/7.0.2; https://sgcakesandsurprises.shop"
13.60.224.18 - - [21/Jul/2026:17:32:13 +0000] "POST /wp-login.php HTTP/1.1" 503 18957 "-" "Mozilla/5.0 (Windows NT 10.0; Win64; x64) AppleWebKit/537.36 Chrome/129.0.0.0 Safari/537.36"
198.177.124.148 - - [21/Jul/2026:17:32:16 +0000] "POST /?wordfence_syncAttackData=1784655136.1509 HTTP/1.1" 200 - "-" "WordPress/7.0.2; https://sgcakesandsurprises.shop"
13.60.224.18 - - [21/Jul/2026:17:35:36 +0000] "POST /wp-login.php HTTP/1.1" 503 18043 "-" "Mozilla/5.0 (Windows NT 10.0; Win64; x64) AppleWebKit/537.36 Chrome/129.0.0.0 Safari/537.36"
13.60.224.18 - - [21/Jul/2026:17:38:55 +0000] "POST /wp-login.php HTTP/1.1" 503 18043 "-" "Mozilla/5.0 (Windows NT 10.0; Win64; rv:143.0) Gecko/20100101 Firefox/143.0"
198.177.124.148 - - [21/Jul/2026:17:41:32 +0000] "POST /wp-cron.php?doing_wp_cron=1784655692.5920829772949218750000 HTTP/1.1" 200 - "-" "WordPress/7.0.2; https://sgcakesandsurprises.shop"
172.235.211.152 - - [21/Jul/2026:17:41:28 +0000] "GET /wp-login.php HTTP/1.1" 200 5500 "-" "Mozilla/5.0"
198.177.124.148 - - [21/Jul/2026:17:41:30 +0000] "POST /?wordfence_syncAttackData=1784655690.6684 HTTP/1.1" 200 - "-" "WordPress/7.0.2; https://sgcakesandsurprises.shop"
198.177.124.148 - - [21/Jul/2026:17:41:57 +0000] "POST /wp-cron.php?doing_wp_cron=1784655717.5992650985717773437500 HTTP/1.1" 200 - "-" "WordPress/7.0.2; https://sgcakesandsurprises.shop"
172.235.211.152 - - [21/Jul/2026:17:41:54 +0000] "GET /?rest_route=/wp/v2/users HTTP/1.1" 401 108 "-" "Mozilla/5.0"
172.235.211.152 - - [21/Jul/2026:17:41:32 +0000] "GET /?author=1 HTTP/1.1" 404 79972 "-" "Mozilla/5.0"
172.235.211.152 - - [21/Jul/2026:17:41:58 +0000] "GET /feed HTTP/1.1" 301 - "-" "Mozilla/5.0"
172.235.211.152 - - [21/Jul/2026:17:42:01 +0000] "GET /feed/ HTTP/1.1" 200 9832 "-" "Mozilla/5.0"
66.249.77.96 - - [21/Jul/2026:17:42:02 +0000] "GET /robots.txt HTTP/1.1" 200 125 "-" "Mozilla/5.0 (compatible; Googlebot/2.1; +http://www.google.com/bot.html)"
13.60.224.18 - - [21/Jul/2026:17:42:17 +0000] "POST /wp-login.php HTTP/1.1" 503 18044 "-" "Mozilla/5.0 (Windows NT 10.0; Win64; rv:143.0) Gecko/20100101 Firefox/143.0"
66.249.77.101 - - [21/Jul/2026:17:42:18 +0000] "GET /wp-sitemap-taxonomies-category-1.xml HTTP/1.1" 200 278 "-" "Mozilla/5.0 (compatible; Googlebot/2.1; +http://www.google.com/bot.html)"
198.177.124.148 - - [21/Jul/2026:17:42:20 +0000] "POST /?wordfence_syncAttackData=1784655740.5898 HTTP/1.1" 200 - "-" "WordPress/7.0.2; https://sgcakesandsurprises.shop"
198.177.124.148 - - [21/Jul/2026:17:43:34 +0000] "POST /wp-cron.php?doing_wp_cron=1784655814.0529279708862304687500 HTTP/1.1" 200 - "-" "WordPress/7.0.2; https://sgcakesandsurprises.shop"
34.22.245.55 - - [21/Jul/2026:17:43:30 +0000] "GET / HTTP/1.1" 200 101561 "-" "Mozilla/5.0 (Windows NT 10.0; Win64; x64) AppleWebKit/537.36 (KHTML, like Gecko) Chrome/126.0.6478.127 Safari/537.36"
198.177.124.148 - - [21/Jul/2026:17:45:39 +0000] "POST /wp-cron.php?doing_wp_cron=1784655939.6027209758758544921875 HTTP/1.1" 200 - "-" "WordPress/7.0.2; https://sgcakesandsurprises.shop"
142.44.187.197 - - [21/Jul/2026:17:45:37 +0000] "GET / HTTP/1.1" 200 101561 "-" "Mozilla/5.0 (Windows NT 10.0; Win64; x64) AppleWebKit/537.36 (KHTML, like Gecko) Chrome/122.0.0.0 Safari/537.36 Edg/122.0.0.0"
142.44.187.197 - - [21/Jul/2026:17:45:40 +0000] "GET /wp-includes/blocks/navigation/style.min.css?ver=7.0.2 HTTP/1.1" 200 20709 "https://sgcakesandsurprises.shop/" "Mozilla/5.0 (Windows NT 10.0; Win64; x64) AppleWebKit/537.36 (KHTML, like Gecko) Chrome/122.0.0.0 Safari/537.36 Edg/122.0.0.0"
142.44.187.197 - - [21/Jul/2026:17:45:40 +0000] "GET /wp-includes/js/jquery/jquery-migrate.min.js?ver=3.4.1 HTTP/1.1" 200 13577 "https://sgcakesandsurprises.shop/" "Mozilla/5.0 (Windows NT 10.0; Win64; x64) AppleWebKit/537.36 (KHTML, like Gecko) Chrome/122.0.0.0 Safari/537.36 Edg/122.0.0.0"
142.44.187.197 - - [21/Jul/2026:17:45:40 +0000] "GET /wp-includes/js/jquery/jquery.min.js?ver=3.7.1 HTTP/1.1" 200 87553 "https://sgcakesandsurprises.shop/" "Mozilla/5.0 (Windows NT 10.0; Win64; x64) AppleWebKit/537.36 (KHTML, like Gecko) Chrome/122.0.0.0 Safari/537.36 Edg/122.0.0.0"
142.44.187.197 - - [21/Jul/2026:17:45:40 +0000] "GET /wp-includes/js/dist/script-modules/interactivity/index.min.js?ver=efaa5193bbad9c60ffd1 HTTP/1.1" 200 40106 "https://sgcakesandsurprises.shop/" "Mozilla/5.0 (Windows NT 10.0; Win64; x64) AppleWebKit/537.36 (KHTML, like Gecko) Chrome/122.0.0.0 Safari/537.36 Edg/122.0.0.0"
142.44.187.197 - - [21/Jul/2026:17:45:40 +0000] "GET /wp-content/themes/twentytwentyfour/assets/images/tourist-and-building.webp HTTP/1.1" 200 66482 "https://sgcakesandsurprises.shop/" "Mozilla/5.0 (Windows NT 10.0; Win64; x64) AppleWebKit/537.36 (KHTML, like Gecko) Chrome/122.0.0.0 Safari/537.36 Edg/122.0.0.0"
142.44.187.197 - - [21/Jul/2026:17:45:40 +0000] "GET /wp-content/themes/twentytwentyfour/assets/images/building-exterior.webp HTTP/1.1" 200 199724 "https://sgcakesandsurprises.shop/" "Mozilla/5.0 (Windows NT 10.0; Win64; x64) AppleWebKit/537.36 (KHTML, like Gecko) Chrome/122.0.0.0 Safari/537.36 Edg/122.0.0.0"
142.44.187.197 - - [21/Jul/2026:17:45:40 +0000] "GET /wp-includes/js/dist/script-modules/block-library/navigation/view.min.js?ver=96a846e1d7b789c39ab9 HTTP/1.1" 200 3053 "https://sgcakesandsurprises.shop/" "Mozilla/5.0 (Windows NT 10.0; Win64; x64) AppleWebKit/537.36 (KHTML, like Gecko) Chrome/122.0.0.0 Safari/537.36 Edg/122.0.0.0"
142.44.187.197 - - [21/Jul/2026:17:45:40 +0000] "GET /wp-content/plugins/pixelyoursite/dist/scripts/js.cookie-2.1.3.min.js?ver=2.1.3 HTTP/1.1" 200 1709 "https://sgcakesandsurprises.shop/" "Mozilla/5.0 (Windows NT 10.0; Win64; x64) AppleWebKit/537.36 (KHTML, like Gecko) Chrome/122.0.0.0 Safari/537.36 Edg/122.0.0.0"
142.44.187.197 - - [21/Jul/2026:17:45:40 +0000] "GET /wp-content/plugins/pixelyoursite/dist/scripts/jquery.bind-first-0.2.3.min.js?ver=0.2.3 HTTP/1.1" 200 1317 "https://sgcakesandsurprises.shop/" "Mozilla/5.0 (Windows NT 10.0; Win64; x64) AppleWebKit/537.36 (KHTML, like Gecko) Chrome/122.0.0.0 Safari/537.36 Edg/122.0.0.0"
142.44.187.197 - - [21/Jul/2026:17:45:40 +0000] "GET /wp-content/themes/twentytwentyfour/assets/images/windows.webp HTTP/1.1" 200 126244 "https://sgcakesandsurprises.shop/" "Mozilla/5.0 (Windows NT 10.0; Win64; x64) AppleWebKit/537.36 (KHTML, like Gecko) Chrome/122.0.0.0 Safari/537.36 Edg/122.0.0.0"
142.44.187.197 - - [21/Jul/2026:17:45:40 +0000] "GET /wp-content/themes/twentytwentyfour/assets/fonts/cardo/cardo_italic_400.woff2 HTTP/1.1" 200 105184 "https://sgcakesandsurprises.shop/" "Mozilla/5.0 (Windows NT 10.0; Win64; x64) AppleWebKit/537.36 (KHTML, like Gecko) Chrome/122.0.0.0 Safari/537.36 Edg/122.0.0.0"
142.44.187.197 - - [21/Jul/2026:17:45:40 +0000] "GET /wp-content/themes/twentytwentyfour/assets/fonts/cardo/cardo_normal_400.woff2 HTTP/1.1" 200 146060 "https://sgcakesandsurprises.shop/" "Mozilla/5.0 (Windows NT 10.0; Win64; x64) AppleWebKit/537.36 (KHTML, like Gecko) Chrome/122.0.0.0 Safari/537.36 Edg/122.0.0.0"
142.44.187.197 - - [21/Jul/2026:17:45:40 +0000] "GET /wp-content/themes/twentytwentyfour/assets/fonts/inter/Inter-VariableFont_slnt,wght.woff2 HTTP/1.1" 200 326628 "https://sgcakesandsurprises.shop/" "Mozilla/5.0 (Windows NT 10.0; Win64; x64) AppleWebKit/537.36 (KHTML, like Gecko) Chrome/122.0.0.0 Safari/537.36 Edg/122.0.0.0"
142.44.187.197 - - [21/Jul/2026:17:45:40 +0000] "GET /wp-content/plugins/pixelyoursite/dist/scripts/tld.min.js?ver=2.3.1 HTTP/1.1" 200 141079 "https://sgcakesandsurprises.shop/" "Mozilla/5.0 (Windows NT 10.0; Win64; x64) AppleWebKit/537.36 (KHTML, like Gecko) Chrome/122.0.0.0 Safari/537.36 Edg/122.0.0.0"
142.44.187.197 - - [21/Jul/2026:17:45:41 +0000] "GET /wp-content/plugins/pixelyoursite/dist/scripts/public.js?ver=11.2.1 HTTP/1.1" 200 172979 "https://sgcakesandsurprises.shop/" "Mozilla/5.0 (Windows NT 10.0; Win64; x64) AppleWebKit/537.36 (KHTML, like Gecko) Chrome/122.0.0.0 Safari/537.36 Edg/122.0.0.0"
142.44.187.197 - - [21/Jul/2026:17:45:41 +0000] "GET /wp-includes/js/wp-emoji-release.min.js?ver=7.0.2 HTTP/1.1" 200 22752 "https://sgcakesandsurprises.shop/" "Mozilla/5.0 (Windows NT 10.0; Win64; x64) AppleWebKit/537.36 (KHTML, like Gecko) Chrome/122.0.0.0 Safari/537.36 Edg/122.0.0.0"
142.44.187.197 - - [21/Jul/2026:17:45:51 +0000] "GET /wp-content/uploads/2026/07/cropped-WhatsApp-Image-2026-07-16-at-2.15.30-PM-192x192.jpeg HTTP/1.1" 200 9562 "-" "Mozilla/5.0 (Windows NT 10.0; Win64; x64) AppleWebKit/537.36 (KHTML, like Gecko) Chrome/122.0.0.0 Safari/537.36 Edg/122.0.0.0"
13.60.224.18 - - [21/Jul/2026:17:45:50 +0000] "POST /wp-login.php HTTP/1.1" 503 18957 "-" "Mozilla/5.0 (Macintosh; Intel Mac OS X 10_15_7) AppleWebKit/605.1.15 Version/17.0 Safari/605.1.15"
198.177.124.148 - - [21/Jul/2026:18:12:07 +0000] "POST /wp-cron.php?doing_wp_cron=1784657527.4582049846649169921875 HTTP/1.1" 200 - "-" "WordPress/7.0.2; https://sgcakesandsurprises.shop"
86.107.21.84 - - [21/Jul/2026:18:12:00 +0000] "GET / HTTP/1.1" 200 101561 "-" "Mozilla/5.0 (Macintosh; Intel Mac OS X 10_15_7) AppleWebKit/537.36 (KHTML, like Gecko) Chrome/90.0.4430.93 Safari/537.36"
86.107.21.84 - - [21/Jul/2026:18:12:08 +0000] "GET /?rest_route=/wp/v2/users HTTP/1.1" 401 108 "-" "Mozilla/5.0 (Windows NT 10.0; Win64; x64) AppleWebKit/537.36 (KHTML, like Gecko) Chrome/91.0.4472.124 Safari/537.36"
198.177.124.148 - - [21/Jul/2026:18:14:20 +0000] "POST /wp-cron.php?doing_wp_cron=1784657660.2630870342254638671875 HTTP/1.1" 200 - "-" "WordPress/7.0.2; https://sgcakesandsurprises.shop"
104.105.81.101 - - [21/Jul/2026:18:14:13 +0000] "GET / HTTP/1.1" 200 101561 "-" "Mozilla/5.0 (Windows NT 10.0; Win64; x64) AppleWebKit/537.36 (KHTML, like Gecko) Chrome/91.0.4472.124 Safari/537.36"
104.105.81.101 - - [21/Jul/2026:18:14:21 +0000] "GET /?rest_route=/wp/v2/users HTTP/1.1" 401 108 "-" "Mozilla/5.0 (Windows NT 10.0; Win64; x64) AppleWebKit/537.36 (KHTML, like Gecko) Chrome/91.0.4472.124 Safari/537.36"
198.177.124.148 - - [21/Jul/2026:18:46:45 +0000] "POST /wp-cron.php?doing_wp_cron=1784659605.9783298969268798828125 HTTP/1.1" 200 - "-" "WordPress/7.0.2; https://sgcakesandsurprises.shop"
102.88.115.242 - - [21/Jul/2026:18:46:43 +0000] "GET /wp-json/elementor/v1/checklist/user-progress HTTP/1.1" 200 534 "https://sgcakesandsurprises.shop/wp-admin/post.php?post=393&action=elementor" "Mozilla/5.0 (Windows NT 10.0; Win64; x64) AppleWebKit/537.36 (KHTML, like Gecko) Chrome/150.0.0.0 Safari/537.36"
198.177.124.148 - - [21/Jul/2026:18:46:55 +0000] "POST /wp-cron.php?doing_wp_cron=1784659615.2543699741363525390625 HTTP/1.1" 200 - "-" "WordPress/7.0.2; https://sgcakesandsurprises.shop"
102.88.115.242 - - [21/Jul/2026:18:46:54 +0000] "POST /wp-admin/admin-ajax.php HTTP/1.1" 200 77 "https://sgcakesandsurprises.shop/wp-admin/post.php?post=393&action=elementor" "Mozilla/5.0 (Windows NT 10.0; Win64; x64) AppleWebKit/537.36 (KHTML, like Gecko) Chrome/150.0.0.0 Safari/537.36"
102.88.115.242 - - [21/Jul/2026:18:47:07 +0000] "POST /wp-admin/admin-ajax.php HTTP/1.1" 200 77 "https://sgcakesandsurprises.shop/wp-admin/post.php?post=393&action=elementor" "Mozilla/5.0 (Windows NT 10.0; Win64; x64) AppleWebKit/537.36 (KHTML, like Gecko) Chrome/150.0.0.0 Safari/537.36"
