102.89.23.236 - - [21/Jul/2026:11:15:04 +0000] "GET /wp-json/wpforms/v1/elementor/themes/?_locale=user HTTP/1.1" 200 9111 "https://sgcakesandsurprises.shop/?elementor_library=cakejar&elementor-preview=334&ver=1784632491" "Mozilla/5.0 (Windows NT 10.0; Win64; x64) AppleWebKit/537.36 (KHTML, like Gecko) Chrome/150.0.0.0 Safari/537.36"
102.89.23.236 - - [21/Jul/2026:11:15:05 +0000] "GET /wp-json/elementor/v1/globals HTTP/1.1" 200 884 "https://sgcakesandsurprises.shop/wp-admin/post.php?post=334&action=elementor" "Mozilla/5.0 (Windows NT 10.0; Win64; x64) AppleWebKit/537.36 (KHTML, like Gecko) Chrome/150.0.0.0 Safari/537.36"
102.89.23.236 - - [21/Jul/2026:11:15:01 +0000] "POST /wp-admin/admin-ajax.php HTTP/1.1" 200 1484185 "https://sgcakesandsurprises.shop/wp-admin/post.php?post=334&action=elementor" "Mozilla/5.0 (Windows NT 10.0; Win64; x64) AppleWebKit/537.36 (KHTML, like Gecko) Chrome/150.0.0.0 Safari/537.36"
102.89.23.236 - - [21/Jul/2026:11:15:06 +0000] "GET /wp-json/?rest_route=%2Fangie%2Fv1%2Felementor-kit%2Fschema HTTP/1.1" 404 114 "https://sgcakesandsurprises.shop/wp-admin/post.php?post=334&action=elementor" "Mozilla/5.0 (Windows NT 10.0; Win64; x64) AppleWebKit/537.36 (KHTML, like Gecko) Chrome/150.0.0.0 Safari/537.36"
102.89.23.236 - - [21/Jul/2026:11:15:06 +0000] "GET /wp-json/elementor/v1/global-classes/post?context=preview&post_id=334 HTTP/1.1" 200 470 "https://sgcakesandsurprises.shop/wp-admin/post.php?post=334&action=elementor" "Mozilla/5.0 (Windows NT 10.0; Win64; x64) AppleWebKit/537.36 (KHTML, like Gecko) Chrome/150.0.0.0 Safari/537.36"
102.89.23.236 - - [21/Jul/2026:11:15:08 +0000] "GET /wp-json/elementor/v1/global-classes/post?context=frontend&post_id=334 HTTP/1.1" 200 470 "https://sgcakesandsurprises.shop/wp-admin/post.php?post=334&action=elementor" "Mozilla/5.0 (Windows NT 10.0; Win64; x64) AppleWebKit/537.36 (KHTML, like Gecko) Chrome/150.0.0.0 Safari/537.36"
102.89.23.236 - - [21/Jul/2026:11:15:10 +0000] "GET /wp-json/elementor/v1/user-data/current-user?context=edit HTTP/1.1" 200 1436 "https://sgcakesandsurprises.shop/wp-admin/post.php?post=334&action=elementor" "Mozilla/5.0 (Windows NT 10.0; Win64; x64) AppleWebKit/537.36 (KHTML, like Gecko) Chrome/150.0.0.0 Safari/537.36"
102.89.23.236 - - [21/Jul/2026:11:15:11 +0000] "GET /wp-json/elementor/v1/checklist/user-progress HTTP/1.1" 200 534 "https://sgcakesandsurprises.shop/wp-admin/post.php?post=334&action=elementor" "Mozilla/5.0 (Windows NT 10.0; Win64; x64) AppleWebKit/537.36 (KHTML, like Gecko) Chrome/150.0.0.0 Safari/537.36"
102.89.23.236 - - [21/Jul/2026:11:15:12 +0000] "GET /wp-json/elementor/v1/global-classes?context=preview HTTP/1.1" 200 21 "https://sgcakesandsurprises.shop/wp-admin/post.php?post=334&action=elementor" "Mozilla/5.0 (Windows NT 10.0; Win64; x64) AppleWebKit/537.36 (KHTML, like Gecko) Chrome/150.0.0.0 Safari/537.36"
102.89.23.236 - - [21/Jul/2026:11:15:12 +0000] "POST /wp-admin/admin-ajax.php HTTP/1.1" 200 114 "https://sgcakesandsurprises.shop/wp-admin/post.php?post=334&action=elementor" "Mozilla/5.0 (Windows NT 10.0; Win64; x64) AppleWebKit/537.36 (KHTML, like Gecko) Chrome/150.0.0.0 Safari/537.36"
102.89.23.236 - - [21/Jul/2026:11:15:12 +0000] "POST /wp-admin/admin-ajax.php HTTP/1.1" 200 109 "https://sgcakesandsurprises.shop/wp-admin/post.php?post=334&action=elementor" "Mozilla/5.0 (Windows NT 10.0; Win64; x64) AppleWebKit/537.36 (KHTML, like Gecko) Chrome/150.0.0.0 Safari/537.36"
102.89.23.236 - - [21/Jul/2026:11:15:13 +0000] "GET /wp-json/elementor/v1/global-classes?context=frontend HTTP/1.1" 200 21 "https://sgcakesandsurprises.shop/wp-admin/post.php?post=334&action=elementor" "Mozilla/5.0 (Windows NT 10.0; Win64; x64) AppleWebKit/537.36 (KHTML, like Gecko) Chrome/150.0.0.0 Safari/537.36"
102.89.23.236 - - [21/Jul/2026:11:15:15 +0000] "POST /wp-admin/admin-ajax.php HTTP/1.1" 200 1909 "https://sgcakesandsurprises.shop/wp-admin/post.php?post=334&action=elementor" "Mozilla/5.0 (Windows NT 10.0; Win64; x64) AppleWebKit/537.36 (KHTML, like Gecko) Chrome/150.0.0.0 Safari/537.36"
102.89.23.236 - - [21/Jul/2026:11:15:14 +0000] "POST /wp-admin/admin-ajax.php HTTP/1.1" 200 1909 "https://sgcakesandsurprises.shop/wp-admin/post.php?post=334&action=elementor" "Mozilla/5.0 (Windows NT 10.0; Win64; x64) AppleWebKit/537.36 (KHTML, like Gecko) Chrome/150.0.0.0 Safari/537.36"
102.89.23.236 - - [21/Jul/2026:11:15:18 +0000] "POST /wp-admin/admin-ajax.php HTTP/1.1" 200 77 "https://sgcakesandsurprises.shop/wp-admin/post.php?post=334&action=elementor" "Mozilla/5.0 (Windows NT 10.0; Win64; x64) AppleWebKit/537.36 (KHTML, like Gecko) Chrome/150.0.0.0 Safari/537.36"
102.89.23.236 - - [21/Jul/2026:11:15:18 +0000] "POST /wp-admin/admin-ajax.php HTTP/1.1" 200 1913 "https://sgcakesandsurprises.shop/wp-admin/post.php?post=334&action=elementor" "Mozilla/5.0 (Windows NT 10.0; Win64; x64) AppleWebKit/537.36 (KHTML, like Gecko) Chrome/150.0.0.0 Safari/537.36"
102.89.23.236 - - [21/Jul/2026:11:15:18 +0000] "POST /wp-admin/admin-ajax.php HTTP/1.1" 200 110 "https://sgcakesandsurprises.shop/wp-admin/post.php?post=334&action=elementor" "Mozilla/5.0 (Windows NT 10.0; Win64; x64) AppleWebKit/537.36 (KHTML, like Gecko) Chrome/150.0.0.0 Safari/537.36"
102.89.23.236 - - [21/Jul/2026:11:15:18 +0000] "GET /wp-json/elementor/v1/global-classes/post?context=preview&post_id=334 HTTP/1.1" 200 470 "https://sgcakesandsurprises.shop/wp-admin/post.php?post=334&action=elementor" "Mozilla/5.0 (Windows NT 10.0; Win64; x64) AppleWebKit/537.36 (KHTML, like Gecko) Chrome/150.0.0.0 Safari/537.36"
102.89.23.236 - - [21/Jul/2026:11:15:22 +0000] "GET /wp-json/elementor/v1/global-classes/post?context=frontend&post_id=334 HTTP/1.1" 200 470 "https://sgcakesandsurprises.shop/wp-admin/post.php?post=334&action=elementor" "Mozilla/5.0 (Windows NT 10.0; Win64; x64) AppleWebKit/537.36 (KHTML, like Gecko) Chrome/150.0.0.0 Safari/537.36"
102.89.23.236 - - [21/Jul/2026:11:15:26 +0000] "POST /wp-admin/admin-ajax.php HTTP/1.1" 200 77 "https://sgcakesandsurprises.shop/wp-admin/post.php?post=334&action=elementor" "Mozilla/5.0 (Windows NT 10.0; Win64; x64) AppleWebKit/537.36 (KHTML, like Gecko) Chrome/150.0.0.0 Safari/537.36"
102.89.23.236 - - [21/Jul/2026:11:15:36 +0000] "POST /wp-admin/admin-ajax.php HTTP/1.1" 200 16 "https://sgcakesandsurprises.shop/wp-admin/post.php?post=334&action=elementor" "Mozilla/5.0 (Windows NT 10.0; Win64; x64) AppleWebKit/537.36 (KHTML, like Gecko) Chrome/150.0.0.0 Safari/537.36"
102.89.23.236 - - [21/Jul/2026:11:15:38 +0000] "GET /wp-json/elementor/v1/checklist/user-progress HTTP/1.1" 200 534 "https://sgcakesandsurprises.shop/wp-admin/post.php?post=334&action=elementor" "Mozilla/5.0 (Windows NT 10.0; Win64; x64) AppleWebKit/537.36 (KHTML, like Gecko) Chrome/150.0.0.0 Safari/537.36"
102.89.23.236 - - [21/Jul/2026:11:15:41 +0000] "POST /wp-admin/admin-ajax.php HTTP/1.1" 200 77 "https://sgcakesandsurprises.shop/wp-admin/post.php?post=334&action=elementor" "Mozilla/5.0 (Windows NT 10.0; Win64; x64) AppleWebKit/537.36 (KHTML, like Gecko) Chrome/150.0.0.0 Safari/537.36"
102.89.23.236 - - [21/Jul/2026:11:15:45 +0000] "GET /wp-json/elementor/v1/checklist/user-progress HTTP/1.1" 200 534 "https://sgcakesandsurprises.shop/wp-admin/post.php?post=334&action=elementor" "Mozilla/5.0 (Windows NT 10.0; Win64; x64) AppleWebKit/537.36 (KHTML, like Gecko) Chrome/150.0.0.0 Safari/537.36"
102.89.23.236 - - [21/Jul/2026:11:15:45 +0000] "PUT /wp-json/elementor/v1/global-classes?context=frontend HTTP/1.1" 204 - "https://sgcakesandsurprises.shop/wp-admin/post.php?post=334&action=elementor" "Mozilla/5.0 (Windows NT 10.0; Win64; x64) AppleWebKit/537.36 (KHTML, like Gecko) Chrome/150.0.0.0 Safari/537.36"
102.89.23.236 - - [21/Jul/2026:11:15:46 +0000] "POST /wp-admin/admin-ajax.php HTTP/1.1" 200 1543 "https://sgcakesandsurprises.shop/wp-admin/post.php?post=334&action=elementor" "Mozilla/5.0 (Windows NT 10.0; Win64; x64) AppleWebKit/537.36 (KHTML, like Gecko) Chrome/150.0.0.0 Safari/537.36"
102.89.23.236 - - [21/Jul/2026:11:15:49 +0000] "POST /wp-json/elementor/v1/design-system-sync/stylesheet HTTP/1.1" 204 - "https://sgcakesandsurprises.shop/wp-admin/post.php?post=334&action=elementor" "Mozilla/5.0 (Windows NT 10.0; Win64; x64) AppleWebKit/537.36 (KHTML, like Gecko) Chrome/150.0.0.0 Safari/537.36"
102.89.23.236 - - [21/Jul/2026:11:15:49 +0000] "POST /wp-json/wpforms/v1/elementor/themes/custom/?_locale=user HTTP/1.1" 200 15 "https://sgcakesandsurprises.shop/?elementor_library=cakejar&elementor-preview=334&ver=1784632491" "Mozilla/5.0 (Windows NT 10.0; Win64; x64) AppleWebKit/537.36 (KHTML, like Gecko) Chrome/150.0.0.0 Safari/537.36"
102.89.23.236 - - [21/Jul/2026:11:15:49 +0000] "GET /wp-json/elementor/v1/checklist/user-progress HTTP/1.1" 200 534 "https://sgcakesandsurprises.shop/wp-admin/post.php?post=334&action=elementor" "Mozilla/5.0 (Windows NT 10.0; Win64; x64) AppleWebKit/537.36 (KHTML, like Gecko) Chrome/150.0.0.0 Safari/537.36"
102.89.23.236 - - [21/Jul/2026:11:15:50 +0000] "POST /wp-admin/admin-ajax.php HTTP/1.1" 200 1698 "https://sgcakesandsurprises.shop/wp-admin/post.php?post=334&action=elementor" "Mozilla/5.0 (Windows NT 10.0; Win64; x64) AppleWebKit/537.36 (KHTML, like Gecko) Chrome/150.0.0.0 Safari/537.36"
198.177.124.148 - - [21/Jul/2026:11:15:56 +0000] "POST /wp-cron.php?doing_wp_cron=1784632556.3311479091644287109375 HTTP/1.1" 200 - "-" "WordPress/7.0.2; https://sgcakesandsurprises.shop"
102.89.23.236 - - [21/Jul/2026:11:15:55 +0000] "POST /wp-admin/admin-ajax.php HTTP/1.1" 200 111 "https://sgcakesandsurprises.shop/wp-admin/post.php?post=334&action=elementor" "Mozilla/5.0 (Windows NT 10.0; Win64; x64) AppleWebKit/537.36 (KHTML, like Gecko) Chrome/150.0.0.0 Safari/537.36"
102.89.23.236 - - [21/Jul/2026:11:15:57 +0000] "POST /wp-admin/admin-ajax.php HTTP/1.1" 200 77 "https://sgcakesandsurprises.shop/wp-admin/post.php?post=334&action=elementor" "Mozilla/5.0 (Windows NT 10.0; Win64; x64) AppleWebKit/537.36 (KHTML, like Gecko) Chrome/150.0.0.0 Safari/537.36"
102.89.23.236 - - [21/Jul/2026:11:15:58 +0000] "POST /wp-admin/admin-ajax.php HTTP/1.1" 200 47 "https://sgcakesandsurprises.shop/wp-admin/options-general.php" "Mozilla/5.0 (Windows NT 10.0; Win64; x64) AppleWebKit/537.36 (KHTML, like Gecko) Chrome/150.0.0.0 Safari/537.36"
102.89.23.236 - - [21/Jul/2026:11:16:12 +0000] "POST /wp-admin/admin-ajax.php HTTP/1.1" 200 77 "https://sgcakesandsurprises.shop/wp-admin/post.php?post=334&action=elementor" "Mozilla/5.0 (Windows NT 10.0; Win64; x64) AppleWebKit/537.36 (KHTML, like Gecko) Chrome/150.0.0.0 Safari/537.36"
102.89.23.236 - - [21/Jul/2026:11:16:20 +0000] "POST /wp-admin/admin-ajax.php HTTP/1.1" 200 77 "https://sgcakesandsurprises.shop/wp-admin/post.php?post=337&action=elementor" "Mozilla/5.0 (Windows NT 10.0; Win64; x64) AppleWebKit/537.36 (KHTML, like Gecko) Chrome/150.0.0.0 Safari/537.36"
102.89.23.236 - - [21/Jul/2026:11:16:27 +0000] "POST /wp-admin/admin-ajax.php HTTP/1.1" 200 77 "https://sgcakesandsurprises.shop/wp-admin/post.php?post=334&action=elementor" "Mozilla/5.0 (Windows NT 10.0; Win64; x64) AppleWebKit/537.36 (KHTML, like Gecko) Chrome/150.0.0.0 Safari/537.36"
102.89.23.236 - - [21/Jul/2026:11:16:42 +0000] "POST /wp-admin/admin-ajax.php HTTP/1.1" 200 77 "https://sgcakesandsurprises.shop/wp-admin/post.php?post=334&action=elementor" "Mozilla/5.0 (Windows NT 10.0; Win64; x64) AppleWebKit/537.36 (KHTML, like Gecko) Chrome/150.0.0.0 Safari/537.36"
198.177.124.148 - - [21/Jul/2026:11:17:00 +0000] "POST /wp-cron.php?doing_wp_cron=1784632619.9238679409027099609375 HTTP/1.1" 200 - "-" "WordPress/7.0.2; https://sgcakesandsurprises.shop"
102.89.23.236 - - [21/Jul/2026:11:16:57 +0000] "POST /wp-admin/admin-ajax.php HTTP/1.1" 200 77 "https://sgcakesandsurprises.shop/wp-admin/post.php?post=334&action=elementor" "Mozilla/5.0 (Windows NT 10.0; Win64; x64) AppleWebKit/537.36 (KHTML, like Gecko) Chrome/150.0.0.0 Safari/537.36"
102.89.23.236 - - [21/Jul/2026:11:17:02 +0000] "POST /wp-admin/admin-ajax.php HTTP/1.1" 200 599 "https://sgcakesandsurprises.shop/wp-admin/post.php?post=334&action=elementor" "Mozilla/5.0 (Windows NT 10.0; Win64; x64) AppleWebKit/537.36 (KHTML, like Gecko) Chrome/150.0.0.0 Safari/537.36"
102.89.23.236 - - [21/Jul/2026:11:17:08 +0000] "POST /wp-admin/admin-ajax.php HTTP/1.1" 200 111 "https://sgcakesandsurprises.shop/wp-admin/post.php?post=334&action=elementor" "Mozilla/5.0 (Windows NT 10.0; Win64; x64) AppleWebKit/537.36 (KHTML, like Gecko) Chrome/150.0.0.0 Safari/537.36"
102.89.23.236 - - [21/Jul/2026:11:17:07 +0000] "GET /wp-json/elementor/v1/template-library/templates?source=local HTTP/1.1" 200 3942 "https://sgcakesandsurprises.shop/wp-admin/post.php?post=334&action=elementor" "Mozilla/5.0 (Windows NT 10.0; Win64; x64) AppleWebKit/537.36 (KHTML, like Gecko) Chrome/150.0.0.0 Safari/537.36"
102.89.23.236 - - [21/Jul/2026:11:17:12 +0000] "POST /wp-admin/admin-ajax.php HTTP/1.1" 200 77 "https://sgcakesandsurprises.shop/wp-admin/post.php?post=334&action=elementor" "Mozilla/5.0 (Windows NT 10.0; Win64; x64) AppleWebKit/537.36 (KHTML, like Gecko) Chrome/150.0.0.0 Safari/537.36"
102.89.23.236 - - [21/Jul/2026:11:17:27 +0000] "POST /wp-admin/admin-ajax.php HTTP/1.1" 200 77 "https://sgcakesandsurprises.shop/wp-admin/post.php?post=334&action=elementor" "Mozilla/5.0 (Windows NT 10.0; Win64; x64) AppleWebKit/537.36 (KHTML, like Gecko) Chrome/150.0.0.0 Safari/537.36"
102.89.23.236 - - [21/Jul/2026:11:17:42 +0000] "POST /wp-admin/admin-ajax.php HTTP/1.1" 200 77 "https://sgcakesandsurprises.shop/wp-admin/post.php?post=334&action=elementor" "Mozilla/5.0 (Windows NT 10.0; Win64; x64) AppleWebKit/537.36 (KHTML, like Gecko) Chrome/150.0.0.0 Safari/537.36"
198.177.124.148 - - [21/Jul/2026:11:17:59 +0000] "POST /wp-cron.php?doing_wp_cron=1784632679.0738320350646972656250 HTTP/1.1" 200 - "-" "WordPress/7.0.2; https://sgcakesandsurprises.shop"
102.89.23.236 - - [21/Jul/2026:11:17:57 +0000] "POST /wp-admin/admin-ajax.php HTTP/1.1" 200 77 "https://sgcakesandsurprises.shop/wp-admin/post.php?post=334&action=elementor" "Mozilla/5.0 (Windows NT 10.0; Win64; x64) AppleWebKit/537.36 (KHTML, like Gecko) Chrome/150.0.0.0 Safari/537.36"
102.89.23.236 - - [21/Jul/2026:11:17:58 +0000] "POST /wp-admin/admin-ajax.php HTTP/1.1" 200 47 "https://sgcakesandsurprises.shop/wp-admin/options-general.php" "Mozilla/5.0 (Windows NT 10.0; Win64; x64) AppleWebKit/537.36 (KHTML, like Gecko) Chrome/150.0.0.0 Safari/537.36"
102.89.23.236 - - [21/Jul/2026:11:18:12 +0000] "POST /wp-admin/admin-ajax.php HTTP/1.1" 200 77 "https://sgcakesandsurprises.shop/wp-admin/post.php?post=334&action=elementor" "Mozilla/5.0 (Windows NT 10.0; Win64; x64) AppleWebKit/537.36 (KHTML, like Gecko) Chrome/150.0.0.0 Safari/537.36"
102.89.23.236 - - [21/Jul/2026:11:18:21 +0000] "POST /wp-admin/admin-ajax.php HTTP/1.1" 200 77 "https://sgcakesandsurprises.shop/wp-admin/post.php?post=337&action=elementor" "Mozilla/5.0 (Windows NT 10.0; Win64; x64) AppleWebKit/537.36 (KHTML, like Gecko) Chrome/150.0.0.0 Safari/537.36"
102.89.23.236 - - [21/Jul/2026:11:18:24 +0000] "GET /?elementor_library=cakejar HTTP/1.1" 200 226015 "https://sgcakesandsurprises.shop/wp-admin/post.php?post=324&action=elementor" "Mozilla/5.0 (Windows NT 10.0; Win64; x64) AppleWebKit/537.36 (KHTML, like Gecko) Chrome/150.0.0.0 Safari/537.36"
102.89.23.236 - - [21/Jul/2026:11:18:28 +0000] "GET /wp-content/uploads/elementor/css/local-334-frontend-desktop.css?ver=6a5f55835d102 HTTP/1.1" 200 962 "https://sgcakesandsurprises.shop/?elementor_library=cakejar" "Mozilla/5.0 (Windows NT 10.0; Win64; x64) AppleWebKit/537.36 (KHTML, like Gecko) Chrome/150.0.0.0 Safari/537.36"
102.89.23.236 - - [21/Jul/2026:11:18:28 +0000] "GET /wp-content/uploads/elementor/css/post-334.css?ver=1784632707 HTTP/1.1" 200 2221 "https://sgcakesandsurprises.shop/?elementor_library=cakejar" "Mozilla/5.0 (Windows NT 10.0; Win64; x64) AppleWebKit/537.36 (KHTML, like Gecko) Chrome/150.0.0.0 Safari/537.36"
102.89.23.236 - - [21/Jul/2026:11:18:29 +0000] "GET /wp-content/uploads/elementor/css/local-334-frontend-mobile.css?ver=6a5f55835d102 HTTP/1.1" 200 271 "https://sgcakesandsurprises.shop/?elementor_library=cakejar" "Mozilla/5.0 (Windows NT 10.0; Win64; x64) AppleWebKit/537.36 (KHTML, like Gecko) Chrome/150.0.0.0 Safari/537.36"
102.89.23.236 - - [21/Jul/2026:11:18:27 +0000] "POST /wp-admin/admin-ajax.php HTTP/1.1" 200 77 "https://sgcakesandsurprises.shop/wp-admin/post.php?post=334&action=elementor" "Mozilla/5.0 (Windows NT 10.0; Win64; x64) AppleWebKit/537.36 (KHTML, like Gecko) Chrome/150.0.0.0 Safari/537.36"
102.89.23.236 - - [21/Jul/2026:11:18:29 +0000] "GET /wp-admin/admin-ajax.php?action=pys_get_pbid HTTP/1.1" 200 1 "https://sgcakesandsurprises.shop/?elementor_library=cakejar" "Mozilla/5.0 (Windows NT 10.0; Win64; x64) AppleWebKit/537.36 (KHTML, like Gecko) Chrome/150.0.0.0 Safari/537.36"
102.89.23.236 - - [21/Jul/2026:11:18:29 +0000] "POST /wp-json/pys-facebook/v1/event HTTP/1.1" 200 16 "https://sgcakesandsurprises.shop/?elementor_library=cakejar" "Mozilla/5.0 (Windows NT 10.0; Win64; x64) AppleWebKit/537.36 (KHTML, like Gecko) Chrome/150.0.0.0 Safari/537.36"
102.89.23.236 - - [21/Jul/2026:11:18:45 +0000] "GET /wp-admin/options-general.php HTTP/1.1" 200 386004 "https://sgcakesandsurprises.shop/wp-admin/options-general.php" "Mozilla/5.0 (Windows NT 10.0; Win64; x64) AppleWebKit/537.36 (KHTML, like Gecko) Chrome/150.0.0.0 Safari/537.36"
102.89.23.236 - - [21/Jul/2026:11:18:49 +0000] "GET /wp-content/uploads/2026/07/cropped-IMG-20260715-WA0026-Copy.jpg HTTP/1.1" 404 248592 "https://sgcakesandsurprises.shop/wp-admin/options-general.php" "Mozilla/5.0 (Windows NT 10.0; Win64; x64) AppleWebKit/537.36 (KHTML, like Gecko) Chrome/150.0.0.0 Safari/537.36"
198.177.124.148 - - [21/Jul/2026:11:19:03 +0000] "POST /wp-cron.php?doing_wp_cron=1784632743.4607300758361816406250 HTTP/1.1" 200 - "-" "WordPress/7.0.2; https://sgcakesandsurprises.shop"
102.89.23.236 - - [21/Jul/2026:11:18:58 +0000] "POST /wp-admin/admin-ajax.php HTTP/1.1" 200 147503 "https://sgcakesandsurprises.shop/wp-admin/options-general.php" "Mozilla/5.0 (Windows NT 10.0; Win64; x64) AppleWebKit/537.36 (KHTML, like Gecko) Chrome/150.0.0.0 Safari/537.36"
102.89.23.236 - - [21/Jul/2026:11:18:59 +0000] "GET /wp-content/uploads/2026/07/cropped-IMG-20260715-WA0026-Copy.jpg HTTP/1.1" 404 248854 "https://sgcakesandsurprises.shop/wp-admin/load-styles.php?c=0&dir=ltr&load%5Bchunk_0%5D=dashicons,admin-bar,wp-pointer,common,forms,admin-menu,dashboard,list-tables,edit,revisions,media,themes,about,nav-menus,widgets&load%5Bchunk_1%5D=,site-icon,l10n,wp-base-styles,buttons,wp-auth-check,wp-components,wp-commands&ver=7.0.2" "Mozilla/5.0 (Windows NT 10.0; Win64; x64) AppleWebKit/537.36 (KHTML, like Gecko) Chrome/150.0.0.0 Safari/537.36"
198.177.124.148 - - [21/Jul/2026:11:19:54 +0000] "POST /wp-cron.php?doing_wp_cron=1784632794.4708108901977539062500 HTTP/1.1" 200 - "-" "WordPress/7.0.2; https://sgcakesandsurprises.shop"
102.89.23.236 - - [21/Jul/2026:11:19:52 +0000] "POST /wp-admin/admin-ajax.php HTTP/1.1" 200 47 "https://sgcakesandsurprises.shop/wp-admin/options-general.php" "Mozilla/5.0 (Windows NT 10.0; Win64; x64) AppleWebKit/537.36 (KHTML, like Gecko) Chrome/150.0.0.0 Safari/537.36"
102.89.23.236 - - [21/Jul/2026:11:20:22 +0000] "POST /wp-admin/admin-ajax.php HTTP/1.1" 200 77 "https://sgcakesandsurprises.shop/wp-admin/post.php?post=337&action=elementor" "Mozilla/5.0 (Windows NT 10.0; Win64; x64) AppleWebKit/537.36 (KHTML, like Gecko) Chrome/150.0.0.0 Safari/537.36"
102.89.23.236 - - [21/Jul/2026:11:20:26 +0000] "GET /wp-content/uploads/2026/07/WhatsApp-Image-2026-07-16-at-2.15.30-PM.jpeg HTTP/1.1" 200 128600 "https://sgcakesandsurprises.shop/wp-admin/options-general.php" "Mozilla/5.0 (Windows NT 10.0; Win64; x64) AppleWebKit/537.36 (KHTML, like Gecko) Chrome/150.0.0.0 Safari/537.36"
102.89.23.236 - - [21/Jul/2026:11:20:50 +0000] "POST /wp-admin/admin-ajax.php HTTP/1.1" 200 47 "https://sgcakesandsurprises.shop/wp-admin/options-general.php" "Mozilla/5.0 (Windows NT 10.0; Win64; x64) AppleWebKit/537.36 (KHTML, like Gecko) Chrome/150.0.0.0 Safari/537.36"
198.177.124.148 - - [21/Jul/2026:11:20:55 +0000] "POST /wp-cron.php?doing_wp_cron=1784632855.5303330421447753906250 HTTP/1.1" 200 - "-" "WordPress/7.0.2; https://sgcakesandsurprises.shop"
43.157.98.187 - - [21/Jul/2026:11:20:53 +0000] "GET /style-hub/ HTTP/1.1" 200 83825 "-" "Mozilla/5.0 (iPhone; CPU iPhone OS 13_2_3 like Mac OS X) AppleWebKit/605.1.15 (KHTML, like Gecko) Version/13.0.3 Mobile/15E148 Safari/604.1"
102.89.23.236 - - [21/Jul/2026:11:21:22 +0000] "POST /wp-admin/admin-ajax.php HTTP/1.1" 200 2530 "https://sgcakesandsurprises.shop/wp-admin/options-general.php" "Mozilla/5.0 (Windows NT 10.0; Win64; x64) AppleWebKit/537.36 (KHTML, like Gecko) Chrome/150.0.0.0 Safari/537.36"
102.89.23.236 - - [21/Jul/2026:11:21:26 +0000] "GET /wp-content/uploads/2026/07/cropped-WhatsApp-Image-2026-07-16-at-2.15.30-PM.jpeg HTTP/1.1" 200 40404 "https://sgcakesandsurprises.shop/wp-admin/load-styles.php?c=0&dir=ltr&load%5Bchunk_0%5D=dashicons,admin-bar,wp-pointer,common,forms,admin-menu,dashboard,list-tables,edit,revisions,media,themes,about,nav-menus,widgets&load%5Bchunk_1%5D=,site-icon,l10n,wp-base-styles,buttons,wp-auth-check,wp-components,wp-commands&ver=7.0.2" "Mozilla/5.0 (Windows NT 10.0; Win64; x64) AppleWebKit/537.36 (KHTML, like Gecko) Chrome/150.0.0.0 Safari/537.36"
102.89.23.236 - - [21/Jul/2026:11:21:43 +0000] "POST /wp-admin/options.php HTTP/1.1" 302 - "https://sgcakesandsurprises.shop/wp-admin/options-general.php" "Mozilla/5.0 (Windows NT 10.0; Win64; x64) AppleWebKit/537.36 (KHTML, like Gecko) Chrome/150.0.0.0 Safari/537.36"
102.89.23.236 - - [21/Jul/2026:11:21:45 +0000] "GET /wp-admin/options-general.php?settings-updated=true HTTP/1.1" 200 386457 "https://sgcakesandsurprises.shop/wp-admin/options-general.php" "Mozilla/5.0 (Windows NT 10.0; Win64; x64) AppleWebKit/537.36 (KHTML, like Gecko) Chrome/150.0.0.0 Safari/537.36"
102.89.23.236 - - [21/Jul/2026:11:21:49 +0000] "GET /wp-content/uploads/2026/07/cropped-WhatsApp-Image-2026-07-16-at-2.15.30-PM.jpeg HTTP/1.1" 304 - "https://sgcakesandsurprises.shop/wp-admin/options-general.php" "Mozilla/5.0 (Windows NT 10.0; Win64; x64) AppleWebKit/537.36 (KHTML, like Gecko) Chrome/150.0.0.0 Safari/537.36"
102.89.23.236 - - [21/Jul/2026:11:21:50 +0000] "GET /wp-content/uploads/2026/07/cropped-WhatsApp-Image-2026-07-16-at-2.15.30-PM-32x32.jpeg HTTP/1.1" 200 1102 "https://sgcakesandsurprises.shop/wp-admin/options-general.php" "Mozilla/5.0 (Windows NT 10.0; Win64; x64) AppleWebKit/537.36 (KHTML, like Gecko) Chrome/150.0.0.0 Safari/537.36"
198.177.124.148 - - [21/Jul/2026:11:21:57 +0000] "POST /wp-cron.php?doing_wp_cron=1784632917.6268050670623779296875 HTTP/1.1" 200 - "-" "WordPress/7.0.2; https://sgcakesandsurprises.shop"
102.89.23.236 - - [21/Jul/2026:11:21:56 +0000] "POST /wp-admin/admin-ajax.php HTTP/1.1" 200 77 "https://sgcakesandsurprises.shop/wp-admin/post.php?post=337&action=elementor" "Mozilla/5.0 (Windows NT 10.0; Win64; x64) AppleWebKit/537.36 (KHTML, like Gecko) Chrome/150.0.0.0 Safari/537.36"
102.89.23.236 - - [21/Jul/2026:11:21:56 +0000] "GET /wp-json/elementor/v1/checklist/user-progress HTTP/1.1" 200 534 "https://sgcakesandsurprises.shop/wp-admin/post.php?post=337&action=elementor" "Mozilla/5.0 (Windows NT 10.0; Win64; x64) AppleWebKit/537.36 (KHTML, like Gecko) Chrome/150.0.0.0 Safari/537.36"
102.89.23.236 - - [21/Jul/2026:11:22:05 +0000] "GET /wp-json/elementor/v1/user-data/current-user?context=edit HTTP/1.1" 200 1436 "https://sgcakesandsurprises.shop/wp-admin/post.php?post=337&action=elementor" "Mozilla/5.0 (Windows NT 10.0; Win64; x64) AppleWebKit/537.36 (KHTML, like Gecko) Chrome/150.0.0.0 Safari/537.36"
102.89.23.236 - - [21/Jul/2026:11:22:11 +0000] "POST /wp-admin/admin-ajax.php HTTP/1.1" 200 77 "https://sgcakesandsurprises.shop/wp-admin/post.php?post=337&action=elementor" "Mozilla/5.0 (Windows NT 10.0; Win64; x64) AppleWebKit/537.36 (KHTML, like Gecko) Chrome/150.0.0.0 Safari/537.36"
102.89.23.236 - - [21/Jul/2026:11:22:26 +0000] "POST /wp-admin/admin-ajax.php HTTP/1.1" 200 77 "https://sgcakesandsurprises.shop/wp-admin/post.php?post=337&action=elementor" "Mozilla/5.0 (Windows NT 10.0; Win64; x64) AppleWebKit/537.36 (KHTML, like Gecko) Chrome/150.0.0.0 Safari/537.36"
102.89.23.236 - - [21/Jul/2026:11:22:42 +0000] "POST /wp-admin/admin-ajax.php HTTP/1.1" 200 77 "https://sgcakesandsurprises.shop/wp-admin/post.php?post=337&action=elementor" "Mozilla/5.0 (Windows NT 10.0; Win64; x64) AppleWebKit/537.36 (KHTML, like Gecko) Chrome/150.0.0.0 Safari/537.36"
102.89.23.236 - - [21/Jul/2026:11:22:50 +0000] "POST /wp-admin/admin-ajax.php HTTP/1.1" 200 47 "https://sgcakesandsurprises.shop/wp-admin/options-general.php" "Mozilla/5.0 (Windows NT 10.0; Win64; x64) AppleWebKit/537.36 (KHTML, like Gecko) Chrome/150.0.0.0 Safari/537.36"
198.177.124.148 - - [21/Jul/2026:11:23:05 +0000] "POST /wp-cron.php?doing_wp_cron=1784632985.6922049522399902343750 HTTP/1.1" 200 - "-" "WordPress/7.0.2; https://sgcakesandsurprises.shop"
102.89.23.236 - - [21/Jul/2026:11:23:03 +0000] "POST /wp-admin/admin-ajax.php HTTP/1.1" 200 77 "https://sgcakesandsurprises.shop/wp-admin/post.php?post=337&action=elementor" "Mozilla/5.0 (Windows NT 10.0; Win64; x64) AppleWebKit/537.36 (KHTML, like Gecko) Chrome/150.0.0.0 Safari/537.36"
102.89.23.236 - - [21/Jul/2026:11:23:03 +0000] "GET /wp-json/elementor/v1/checklist/user-progress HTTP/1.1" 200 534 "https://sgcakesandsurprises.shop/wp-admin/post.php?post=337&action=elementor" "Mozilla/5.0 (Windows NT 10.0; Win64; x64) AppleWebKit/537.36 (KHTML, like Gecko) Chrome/150.0.0.0 Safari/537.36"
102.89.23.236 - - [21/Jul/2026:11:23:18 +0000] "POST /wp-admin/admin-ajax.php HTTP/1.1" 200 77 "https://sgcakesandsurprises.shop/wp-admin/post.php?post=337&action=elementor" "Mozilla/5.0 (Windows NT 10.0; Win64; x64) AppleWebKit/537.36 (KHTML, like Gecko) Chrome/150.0.0.0 Safari/537.36"
102.89.23.236 - - [21/Jul/2026:11:23:21 +0000] "GET /wp-json/elementor/v1/user-data/current-user?context=edit HTTP/1.1" 200 1436 "https://sgcakesandsurprises.shop/wp-admin/post.php?post=337&action=elementor" "Mozilla/5.0 (Windows NT 10.0; Win64; x64) AppleWebKit/537.36 (KHTML, like Gecko) Chrome/150.0.0.0 Safari/537.36"
102.89.23.236 - - [21/Jul/2026:11:23:33 +0000] "POST /wp-admin/admin-ajax.php HTTP/1.1" 200 77 "https://sgcakesandsurprises.shop/wp-admin/post.php?post=337&action=elementor" "Mozilla/5.0 (Windows NT 10.0; Win64; x64) AppleWebKit/537.36 (KHTML, like Gecko) Chrome/150.0.0.0 Safari/537.36"
102.89.23.236 - - [21/Jul/2026:11:23:48 +0000] "POST /wp-admin/admin-ajax.php HTTP/1.1" 200 77 "https://sgcakesandsurprises.shop/wp-admin/post.php?post=337&action=elementor" "Mozilla/5.0 (Windows NT 10.0; Win64; x64) AppleWebKit/537.36 (KHTML, like Gecko) Chrome/150.0.0.0 Safari/537.36"
198.177.124.148 - - [21/Jul/2026:11:24:06 +0000] "POST /wp-cron.php?doing_wp_cron=1784633046.1679739952087402343750 HTTP/1.1" 200 - "-" "WordPress/7.0.2; https://sgcakesandsurprises.shop"
102.89.23.236 - - [21/Jul/2026:11:24:04 +0000] "POST /wp-admin/admin-ajax.php HTTP/1.1" 200 77 "https://sgcakesandsurprises.shop/wp-admin/post.php?post=337&action=elementor" "Mozilla/5.0 (Windows NT 10.0; Win64; x64) AppleWebKit/537.36 (KHTML, like Gecko) Chrome/150.0.0.0 Safari/537.36"
102.89.23.236 - - [21/Jul/2026:11:24:18 +0000] "POST /wp-admin/admin-ajax.php HTTP/1.1" 200 77 "https://sgcakesandsurprises.shop/wp-admin/post.php?post=337&action=elementor" "Mozilla/5.0 (Windows NT 10.0; Win64; x64) AppleWebKit/537.36 (KHTML, like Gecko) Chrome/150.0.0.0 Safari/537.36"
102.89.23.236 - - [21/Jul/2026:11:24:30 +0000] "POST /wp-admin/admin-ajax.php HTTP/1.1" 200 111 "https://sgcakesandsurprises.shop/wp-admin/post.php?post=337&action=elementor" "Mozilla/5.0 (Windows NT 10.0; Win64; x64) AppleWebKit/537.36 (KHTML, like Gecko) Chrome/150.0.0.0 Safari/537.36"
102.89.23.236 - - [21/Jul/2026:11:24:33 +0000] "POST /wp-admin/admin-ajax.php HTTP/1.1" 200 77 "https://sgcakesandsurprises.shop/wp-admin/post.php?post=337&action=elementor" "Mozilla/5.0 (Windows NT 10.0; Win64; x64) AppleWebKit/537.36 (KHTML, like Gecko) Chrome/150.0.0.0 Safari/537.36"
102.89.23.236 - - [21/Jul/2026:11:24:48 +0000] "POST /wp-admin/admin-ajax.php HTTP/1.1" 200 77 "https://sgcakesandsurprises.shop/wp-admin/post.php?post=337&action=elementor" "Mozilla/5.0 (Windows NT 10.0; Win64; x64) AppleWebKit/537.36 (KHTML, like Gecko) Chrome/150.0.0.0 Safari/537.36"
198.177.124.148 - - [21/Jul/2026:11:24:54 +0000] "POST /wp-cron.php?doing_wp_cron=1784633094.0338680744171142578125 HTTP/1.1" 200 - "-" "WordPress/7.0.2; https://sgcakesandsurprises.shop"
102.89.23.236 - - [21/Jul/2026:11:24:50 +0000] "POST /wp-admin/admin-ajax.php HTTP/1.1" 200 47 "https://sgcakesandsurprises.shop/wp-admin/options-general.php" "Mozilla/5.0 (Windows NT 10.0; Win64; x64) AppleWebKit/537.36 (KHTML, like Gecko) Chrome/150.0.0.0 Safari/537.36"
102.89.23.236 - - [21/Jul/2026:11:25:03 +0000] "POST /wp-admin/admin-ajax.php HTTP/1.1" 200 77 "https://sgcakesandsurprises.shop/wp-admin/post.php?post=337&action=elementor" "Mozilla/5.0 (Windows NT 10.0; Win64; x64) AppleWebKit/537.36 (KHTML, like Gecko) Chrome/150.0.0.0 Safari/537.36"
198.177.124.148 - - [21/Jul/2026:11:26:49 +0000] "POST /wp-cron.php?doing_wp_cron=1784633209.5504510402679443359375 HTTP/1.1" 200 - "-" "WordPress/7.0.2; https://sgcakesandsurprises.shop"
102.89.23.236 - - [21/Jul/2026:11:26:45 +0000] "GET /wp-json/elementor/v1/settings/elementor_unfiltered_files_upload HTTP/1.1" 200 39 "https://sgcakesandsurprises.shop/wp-admin/post.php?post=337&action=elementor" "Mozilla/5.0 (Windows NT 10.0; Win64; x64) AppleWebKit/537.36 (KHTML, like Gecko) Chrome/150.0.0.0 Safari/537.36"
198.177.124.148 - - [21/Jul/2026:11:26:55 +0000] "POST /wp-cron.php?doing_wp_cron=1784633215.8748209476470947265625 HTTP/1.1" 200 - "-" "WordPress/7.0.2; https://sgcakesandsurprises.shop"
102.89.23.236 - - [21/Jul/2026:11:26:52 +0000] "POST /wp-admin/admin-ajax.php HTTP/1.1" 200 47 "https://sgcakesandsurprises.shop/wp-admin/options-general.php" "Mozilla/5.0 (Windows NT 10.0; Win64; x64) AppleWebKit/537.36 (KHTML, like Gecko) Chrome/150.0.0.0 Safari/537.36"
102.89.23.236 - - [21/Jul/2026:11:27:30 +0000] "GET /wp-json/elementor/v1/checklist/user-progress HTTP/1.1" 200 534 "https://sgcakesandsurprises.shop/wp-admin/post.php?post=337&action=elementor" "Mozilla/5.0 (Windows NT 10.0; Win64; x64) AppleWebKit/537.36 (KHTML, like Gecko) Chrome/150.0.0.0 Safari/537.36"
102.89.23.236 - - [21/Jul/2026:11:27:31 +0000] "PUT /wp-json/elementor/v1/global-classes?context=preview HTTP/1.1" 204 - "https://sgcakesandsurprises.shop/wp-admin/post.php?post=337&action=elementor" "Mozilla/5.0 (Windows NT 10.0; Win64; x64) AppleWebKit/537.36 (KHTML, like Gecko) Chrome/150.0.0.0 Safari/537.36"
102.89.23.236 - - [21/Jul/2026:11:27:32 +0000] "POST /wp-admin/admin-ajax.php HTTP/1.1" 200 1528 "https://sgcakesandsurprises.shop/wp-admin/post.php?post=337&action=elementor" "Mozilla/5.0 (Windows NT 10.0; Win64; x64) AppleWebKit/537.36 (KHTML, like Gecko) Chrome/150.0.0.0 Safari/537.36"
102.89.23.236 - - [21/Jul/2026:11:27:34 +0000] "GET /wp-json/elementor/v1/checklist/user-progress HTTP/1.1" 200 534 "https://sgcakesandsurprises.shop/wp-admin/post.php?post=337&action=elementor" "Mozilla/5.0 (Windows NT 10.0; Win64; x64) AppleWebKit/537.36 (KHTML, like Gecko) Chrome/150.0.0.0 Safari/537.36"
102.89.23.236 - - [21/Jul/2026:11:27:34 +0000] "POST /wp-json/wpforms/v1/elementor/themes/custom/?_locale=user HTTP/1.1" 200 15 "https://sgcakesandsurprises.shop/style-hub/?elementor-preview=337&ver=1784631534" "Mozilla/5.0 (Windows NT 10.0; Win64; x64) AppleWebKit/537.36 (KHTML, like Gecko) Chrome/150.0.0.0 Safari/537.36"
102.89.23.236 - - [21/Jul/2026:11:27:35 +0000] "POST /wp-admin/admin-ajax.php HTTP/1.1" 200 77 "https://sgcakesandsurprises.shop/wp-admin/post.php?post=337&action=elementor" "Mozilla/5.0 (Windows NT 10.0; Win64; x64) AppleWebKit/537.36 (KHTML, like Gecko) Chrome/150.0.0.0 Safari/537.36"
102.89.23.236 - - [21/Jul/2026:11:27:35 +0000] "GET /wp-json/elementor/v1/user-data/current-user?context=edit HTTP/1.1" 200 1436 "https://sgcakesandsurprises.shop/wp-admin/post.php?post=337&action=elementor" "Mozilla/5.0 (Windows NT 10.0; Win64; x64) AppleWebKit/537.36 (KHTML, like Gecko) Chrome/150.0.0.0 Safari/537.36"
102.89.23.236 - - [21/Jul/2026:11:27:44 +0000] "GET /wp-json/elementor/v1/user-data/current-user?context=edit HTTP/1.1" 200 1436 "https://sgcakesandsurprises.shop/wp-admin/post.php?post=337&action=elementor" "Mozilla/5.0 (Windows NT 10.0; Win64; x64) AppleWebKit/537.36 (KHTML, like Gecko) Chrome/150.0.0.0 Safari/537.36"
102.89.23.236 - - [21/Jul/2026:11:27:49 +0000] "POST /wp-admin/admin-ajax.php HTTP/1.1" 200 77 "https://sgcakesandsurprises.shop/wp-admin/post.php?post=337&action=elementor" "Mozilla/5.0 (Windows NT 10.0; Win64; x64) AppleWebKit/537.36 (KHTML, like Gecko) Chrome/150.0.0.0 Safari/537.36"
198.177.124.148 - - [21/Jul/2026:11:28:05 +0000] "POST /wp-cron.php?doing_wp_cron=1784633285.7993440628051757812500 HTTP/1.1" 200 - "-" "WordPress/7.0.2; https://sgcakesandsurprises.shop"
102.89.23.236 - - [21/Jul/2026:11:28:05 +0000] "POST /wp-admin/admin-ajax.php HTTP/1.1" 200 77 "https://sgcakesandsurprises.shop/wp-admin/post.php?post=337&action=elementor" "Mozilla/5.0 (Windows NT 10.0; Win64; x64) AppleWebKit/537.36 (KHTML, like Gecko) Chrome/150.0.0.0 Safari/537.36"
102.89.23.236 - - [21/Jul/2026:11:28:20 +0000] "POST /wp-admin/admin-ajax.php HTTP/1.1" 200 77 "https://sgcakesandsurprises.shop/wp-admin/post.php?post=337&action=elementor" "Mozilla/5.0 (Windows NT 10.0; Win64; x64) AppleWebKit/537.36 (KHTML, like Gecko) Chrome/150.0.0.0 Safari/537.36"
102.89.23.236 - - [21/Jul/2026:11:28:35 +0000] "POST /wp-admin/admin-ajax.php HTTP/1.1" 200 77 "https://sgcakesandsurprises.shop/wp-admin/post.php?post=337&action=elementor" "Mozilla/5.0 (Windows NT 10.0; Win64; x64) AppleWebKit/537.36 (KHTML, like Gecko) Chrome/150.0.0.0 Safari/537.36"
102.89.23.236 - - [21/Jul/2026:11:28:49 +0000] "POST /wp-admin/admin-ajax.php HTTP/1.1" 200 77 "https://sgcakesandsurprises.shop/wp-admin/post.php?post=337&action=elementor" "Mozilla/5.0 (Windows NT 10.0; Win64; x64) AppleWebKit/537.36 (KHTML, like Gecko) Chrome/150.0.0.0 Safari/537.36"
198.177.124.148 - - [21/Jul/2026:11:28:54 +0000] "POST /wp-cron.php?doing_wp_cron=1784633334.2648010253906250000000 HTTP/1.1" 200 - "-" "WordPress/7.0.2; https://sgcakesandsurprises.shop"
102.89.23.236 - - [21/Jul/2026:11:28:52 +0000] "POST /wp-admin/admin-ajax.php HTTP/1.1" 200 47 "https://sgcakesandsurprises.shop/wp-admin/options-general.php" "Mozilla/5.0 (Windows NT 10.0; Win64; x64) AppleWebKit/537.36 (KHTML, like Gecko) Chrome/150.0.0.0 Safari/537.36"
102.89.23.236 - - [21/Jul/2026:11:29:05 +0000] "POST /wp-admin/admin-ajax.php HTTP/1.1" 200 77 "https://sgcakesandsurprises.shop/wp-admin/post.php?post=337&action=elementor" "Mozilla/5.0 (Windows NT 10.0; Win64; x64) AppleWebKit/537.36 (KHTML, like Gecko) Chrome/150.0.0.0 Safari/537.36"
102.89.23.236 - - [21/Jul/2026:11:29:07 +0000] "POST /wp-admin/admin-ajax.php HTTP/1.1" 200 147625 "https://sgcakesandsurprises.shop/wp-admin/post.php?post=337&action=elementor" "Mozilla/5.0 (Windows NT 10.0; Win64; x64) AppleWebKit/537.36 (KHTML, like Gecko) Chrome/150.0.0.0 Safari/537.36"
102.89.23.236 - - [21/Jul/2026:11:29:10 +0000] "GET /wp-content/uploads/2026/07/cropped-WhatsApp-Image-2026-07-16-at-2.15.30-PM-300x300.jpeg HTTP/1.1" 200 18235 "https://sgcakesandsurprises.shop/wp-admin/post.php?post=337&action=elementor" "Mozilla/5.0 (Windows NT 10.0; Win64; x64) AppleWebKit/537.36 (KHTML, like Gecko) Chrome/150.0.0.0 Safari/537.36"
102.89.23.236 - - [21/Jul/2026:11:29:16 +0000] "POST /wp-admin/admin-ajax.php HTTP/1.1" 200 141015 "https://sgcakesandsurprises.shop/wp-admin/post.php?post=337&action=elementor" "Mozilla/5.0 (Windows NT 10.0; Win64; x64) AppleWebKit/537.36 (KHTML, like Gecko) Chrome/150.0.0.0 Safari/537.36"
102.89.23.236 - - [21/Jul/2026:11:29:20 +0000] "POST /wp-admin/admin-ajax.php HTTP/1.1" 200 77 "https://sgcakesandsurprises.shop/wp-admin/post.php?post=337&action=elementor" "Mozilla/5.0 (Windows NT 10.0; Win64; x64) AppleWebKit/537.36 (KHTML, like Gecko) Chrome/150.0.0.0 Safari/537.36"
102.89.23.236 - - [21/Jul/2026:11:29:34 +0000] "GET /wp-content/uploads/2026/07/WhatsApp-Image-2026-07-14-at-10.50.38-AM.jpeg HTTP/1.1" 200 111979 "https://sgcakesandsurprises.shop/style-hub/?elementor-preview=337&ver=1784631534" "Mozilla/5.0 (Windows NT 10.0; Win64; x64) AppleWebKit/537.36 (KHTML, like Gecko) Chrome/150.0.0.0 Safari/537.36"
102.89.23.236 - - [21/Jul/2026:11:29:35 +0000] "POST /wp-admin/admin-ajax.php HTTP/1.1" 200 77 "https://sgcakesandsurprises.shop/wp-admin/post.php?post=337&action=elementor" "Mozilla/5.0 (Windows NT 10.0; Win64; x64) AppleWebKit/537.36 (KHTML, like Gecko) Chrome/150.0.0.0 Safari/537.36"
102.89.23.236 - - [21/Jul/2026:11:29:40 +0000] "POST /wp-admin/admin-ajax.php HTTP/1.1" 200 147625 "https://sgcakesandsurprises.shop/wp-admin/post.php?post=337&action=elementor" "Mozilla/5.0 (Windows NT 10.0; Win64; x64) AppleWebKit/537.36 (KHTML, like Gecko) Chrome/150.0.0.0 Safari/537.36"
102.89.23.236 - - [21/Jul/2026:11:29:50 +0000] "POST /wp-admin/admin-ajax.php HTTP/1.1" 200 77 "https://sgcakesandsurprises.shop/wp-admin/post.php?post=337&action=elementor" "Mozilla/5.0 (Windows NT 10.0; Win64; x64) AppleWebKit/537.36 (KHTML, like Gecko) Chrome/150.0.0.0 Safari/537.36"
102.89.23.236 - - [21/Jul/2026:11:29:50 +0000] "POST /wp-admin/admin-ajax.php HTTP/1.1" 200 141015 "https://sgcakesandsurprises.shop/wp-admin/post.php?post=337&action=elementor" "Mozilla/5.0 (Windows NT 10.0; Win64; x64) AppleWebKit/537.36 (KHTML, like Gecko) Chrome/150.0.0.0 Safari/537.36"
102.89.23.236 - - [21/Jul/2026:11:30:02 +0000] "GET /wp-content/uploads/2026/07/WhatsApp-Image-2026-07-14-at-10.52.18-AM.jpeg HTTP/1.1" 200 85625 "https://sgcakesandsurprises.shop/style-hub/?elementor-preview=337&ver=1784631534" "Mozilla/5.0 (Windows NT 10.0; Win64; x64) AppleWebKit/537.36 (KHTML, like Gecko) Chrome/150.0.0.0 Safari/537.36"
198.177.124.148 - - [21/Jul/2026:11:30:06 +0000] "POST /wp-cron.php?doing_wp_cron=1784633406.5907990932464599609375 HTTP/1.1" 200 - "-" "WordPress/7.0.2; https://sgcakesandsurprises.shop"
102.89.23.236 - - [21/Jul/2026:11:30:05 +0000] "POST /wp-admin/admin-ajax.php HTTP/1.1" 200 77 "https://sgcakesandsurprises.shop/wp-admin/post.php?post=337&action=elementor" "Mozilla/5.0 (Windows NT 10.0; Win64; x64) AppleWebKit/537.36 (KHTML, like Gecko) Chrome/150.0.0.0 Safari/537.36"
102.89.23.236 - - [21/Jul/2026:11:30:08 +0000] "POST /wp-admin/admin-ajax.php HTTP/1.1" 200 147625 "https://sgcakesandsurprises.shop/wp-admin/post.php?post=337&action=elementor" "Mozilla/5.0 (Windows NT 10.0; Win64; x64) AppleWebKit/537.36 (KHTML, like Gecko) Chrome/150.0.0.0 Safari/537.36"
102.89.23.236 - - [21/Jul/2026:11:30:17 +0000] "POST /wp-admin/admin-ajax.php HTTP/1.1" 200 141015 "https://sgcakesandsurprises.shop/wp-admin/post.php?post=337&action=elementor" "Mozilla/5.0 (Windows NT 10.0; Win64; x64) AppleWebKit/537.36 (KHTML, like Gecko) Chrome/150.0.0.0 Safari/537.36"
102.89.23.236 - - [21/Jul/2026:11:30:20 +0000] "POST /wp-admin/admin-ajax.php HTTP/1.1" 200 77 "https://sgcakesandsurprises.shop/wp-admin/post.php?post=337&action=elementor" "Mozilla/5.0 (Windows NT 10.0; Win64; x64) AppleWebKit/537.36 (KHTML, like Gecko) Chrome/150.0.0.0 Safari/537.36"
102.89.23.236 - - [21/Jul/2026:11:30:34 +0000] "POST /wp-admin/admin-ajax.php HTTP/1.1" 200 77 "https://sgcakesandsurprises.shop/wp-admin/post.php?post=337&action=elementor" "Mozilla/5.0 (Windows NT 10.0; Win64; x64) AppleWebKit/537.36 (KHTML, like Gecko) Chrome/150.0.0.0 Safari/537.36"
102.89.23.236 - - [21/Jul/2026:11:30:36 +0000] "GET /wp-content/uploads/2026/07/WhatsApp-Image-2026-07-13-at-12.00.27-AM.jpeg HTTP/1.1" 200 164736 "https://sgcakesandsurprises.shop/style-hub/?elementor-preview=337&ver=1784631534" "Mozilla/5.0 (Windows NT 10.0; Win64; x64) AppleWebKit/537.36 (KHTML, like Gecko) Chrome/150.0.0.0 Safari/537.36"
102.89.23.236 - - [21/Jul/2026:11:30:41 +0000] "POST /wp-admin/admin-ajax.php HTTP/1.1" 200 147625 "https://sgcakesandsurprises.shop/wp-admin/post.php?post=337&action=elementor" "Mozilla/5.0 (Windows NT 10.0; Win64; x64) AppleWebKit/537.36 (KHTML, like Gecko) Chrome/150.0.0.0 Safari/537.36"
102.89.23.236 - - [21/Jul/2026:11:30:50 +0000] "POST /wp-admin/admin-ajax.php HTTP/1.1" 200 77 "https://sgcakesandsurprises.shop/wp-admin/post.php?post=337&action=elementor" "Mozilla/5.0 (Windows NT 10.0; Win64; x64) AppleWebKit/537.36 (KHTML, like Gecko) Chrome/150.0.0.0 Safari/537.36"
102.89.23.236 - - [21/Jul/2026:11:30:50 +0000] "POST /wp-admin/admin-ajax.php HTTP/1.1" 200 141015 "https://sgcakesandsurprises.shop/wp-admin/post.php?post=337&action=elementor" "Mozilla/5.0 (Windows NT 10.0; Win64; x64) AppleWebKit/537.36 (KHTML, like Gecko) Chrome/150.0.0.0 Safari/537.36"
198.177.124.148 - - [21/Jul/2026:11:30:54 +0000] "POST /wp-cron.php?doing_wp_cron=1784633454.5126910209655761718750 HTTP/1.1" 200 - "-" "WordPress/7.0.2; https://sgcakesandsurprises.shop"
102.89.23.236 - - [21/Jul/2026:11:30:53 +0000] "POST /wp-admin/admin-ajax.php HTTP/1.1" 200 47 "https://sgcakesandsurprises.shop/wp-admin/options-general.php" "Mozilla/5.0 (Windows NT 10.0; Win64; x64) AppleWebKit/537.36 (KHTML, like Gecko) Chrome/150.0.0.0 Safari/537.36"
102.89.23.236 - - [21/Jul/2026:11:31:05 +0000] "POST /wp-admin/admin-ajax.php HTTP/1.1" 200 77 "https://sgcakesandsurprises.shop/wp-admin/post.php?post=337&action=elementor" "Mozilla/5.0 (Windows NT 10.0; Win64; x64) AppleWebKit/537.36 (KHTML, like Gecko) Chrome/150.0.0.0 Safari/537.36"
102.89.23.236 - - [21/Jul/2026:11:31:07 +0000] "GET /wp-content/uploads/2026/07/WhatsApp-Image-2026-07-14-at-10.50.57-AM.jpeg HTTP/1.1" 200 158599 "https://sgcakesandsurprises.shop/style-hub/?elementor-preview=337&ver=1784631534" "Mozilla/5.0 (Windows NT 10.0; Win64; x64) AppleWebKit/537.36 (KHTML, like Gecko) Chrome/150.0.0.0 Safari/537.36"
102.89.23.236 - - [21/Jul/2026:11:31:11 +0000] "POST /wp-admin/admin-ajax.php HTTP/1.1" 200 147625 "https://sgcakesandsurprises.shop/wp-admin/post.php?post=337&action=elementor" "Mozilla/5.0 (Windows NT 10.0; Win64; x64) AppleWebKit/537.36 (KHTML, like Gecko) Chrome/150.0.0.0 Safari/537.36"
102.89.23.236 - - [21/Jul/2026:11:31:19 +0000] "POST /wp-admin/admin-ajax.php HTTP/1.1" 200 141015 "https://sgcakesandsurprises.shop/wp-admin/post.php?post=337&action=elementor" "Mozilla/5.0 (Windows NT 10.0; Win64; x64) AppleWebKit/537.36 (KHTML, like Gecko) Chrome/150.0.0.0 Safari/537.36"
102.89.23.236 - - [21/Jul/2026:11:31:20 +0000] "POST /wp-admin/admin-ajax.php HTTP/1.1" 200 77 "https://sgcakesandsurprises.shop/wp-admin/post.php?post=337&action=elementor" "Mozilla/5.0 (Windows NT 10.0; Win64; x64) AppleWebKit/537.36 (KHTML, like Gecko) Chrome/150.0.0.0 Safari/537.36"
102.89.23.236 - - [21/Jul/2026:11:31:25 +0000] "POST /wp-admin/admin-ajax.php HTTP/1.1" 200 140871 "https://sgcakesandsurprises.shop/wp-admin/post.php?post=337&action=elementor" "Mozilla/5.0 (Windows NT 10.0; Win64; x64) AppleWebKit/537.36 (KHTML, like Gecko) Chrome/150.0.0.0 Safari/537.36"
102.89.23.236 - - [21/Jul/2026:11:31:28 +0000] "GET /wp-content/uploads/2026/07/IMG_0081.JPG-300x225.jpeg HTTP/1.1" 304 - "https://sgcakesandsurprises.shop/wp-admin/post.php?post=337&action=elementor" "Mozilla/5.0 (Windows NT 10.0; Win64; x64) AppleWebKit/537.36 (KHTML, like Gecko) Chrome/150.0.0.0 Safari/537.36"
102.89.23.236 - - [21/Jul/2026:11:31:28 +0000] "GET /wp-content/uploads/2026/07/WhatsApp-Image-2026-07-04-at-9.56.29-PM-300x283.jpeg HTTP/1.1" 304 - "https://sgcakesandsurprises.shop/wp-admin/post.php?post=337&action=elementor" "Mozilla/5.0 (Windows NT 10.0; Win64; x64) AppleWebKit/537.36 (KHTML, like Gecko) Chrome/150.0.0.0 Safari/537.36"
102.89.23.236 - - [21/Jul/2026:11:31:28 +0000] "GET /wp-content/uploads/2026/07/WhatsApp-Image-2026-07-04-at-9.56.28-PM-300x285.jpeg HTTP/1.1" 304 - "https://sgcakesandsurprises.shop/wp-admin/post.php?post=337&action=elementor" "Mozilla/5.0 (Windows NT 10.0; Win64; x64) AppleWebKit/537.36 (KHTML, like Gecko) Chrome/150.0.0.0 Safari/537.36"
102.89.23.236 - - [21/Jul/2026:11:31:28 +0000] "GET /wp-content/uploads/2026/07/WhatsApp-Image-2026-07-09-at-6.30.27-AM-300x300.jpeg HTTP/1.1" 304 - "https://sgcakesandsurprises.shop/wp-admin/post.php?post=337&action=elementor" "Mozilla/5.0 (Windows NT 10.0; Win64; x64) AppleWebKit/537.36 (KHTML, like Gecko) Chrome/150.0.0.0 Safari/537.36"
102.89.23.236 - - [21/Jul/2026:11:31:28 +0000] "GET /wp-content/uploads/2026/07/cropped-IMG-20260715-WA0026-Copy-300x300.jpg HTTP/1.1" 404 248687 "https://sgcakesandsurprises.shop/wp-admin/post.php?post=337&action=elementor" "Mozilla/5.0 (Windows NT 10.0; Win64; x64) AppleWebKit/537.36 (KHTML, like Gecko) Chrome/150.0.0.0 Safari/537.36"
102.89.23.236 - - [21/Jul/2026:11:31:28 +0000] "GET /wp-content/uploads/2026/07/IMG-20260715-WA0011-Copy-1-225x300.jpg HTTP/1.1" 404 248675 "https://sgcakesandsurprises.shop/wp-admin/post.php?post=337&action=elementor" "Mozilla/5.0 (Windows NT 10.0; Win64; x64) AppleWebKit/537.36 (KHTML, like Gecko) Chrome/150.0.0.0 Safari/537.36"
102.89.23.236 - - [21/Jul/2026:11:31:29 +0000] "GET /wp-content/uploads/2026/07/IMG-20260715-WA0012-Copy-1-225x300.jpg HTTP/1.1" 404 248675 "https://sgcakesandsurprises.shop/wp-admin/post.php?post=337&action=elementor" "Mozilla/5.0 (Windows NT 10.0; Win64; x64) AppleWebKit/537.36 (KHTML, like Gecko) Chrome/150.0.0.0 Safari/537.36"
102.89.23.236 - - [21/Jul/2026:11:31:30 +0000] "GET /wp-content/uploads/2026/07/IMG-20260715-WA0010-Copy-1-300x225.jpg HTTP/1.1" 404 248675 "https://sgcakesandsurprises.shop/wp-admin/post.php?post=337&action=elementor" "Mozilla/5.0 (Windows NT 10.0; Win64; x64) AppleWebKit/537.36 (KHTML, like Gecko) Chrome/150.0.0.0 Safari/537.36"
102.89.23.236 - - [21/Jul/2026:11:31:30 +0000] "GET /wp-content/uploads/2026/07/IMG-20260715-WA0009-Copy-1-225x300.jpg HTTP/1.1" 404 248675 "https://sgcakesandsurprises.shop/wp-admin/post.php?post=337&action=elementor" "Mozilla/5.0 (Windows NT 10.0; Win64; x64) AppleWebKit/537.36 (KHTML, like Gecko) Chrome/150.0.0.0 Safari/537.36"
102.89.23.236 - - [21/Jul/2026:11:31:31 +0000] "GET /wp-content/uploads/2026/07/IMG-20260715-WA0008-Copy-Copy-1-225x300.jpg HTTP/1.1" 404 248685 "https://sgcakesandsurprises.shop/wp-admin/post.php?post=337&action=elementor" "Mozilla/5.0 (Windows NT 10.0; Win64; x64) AppleWebKit/537.36 (KHTML, like Gecko) Chrome/150.0.0.0 Safari/537.36"
102.89.23.236 - - [21/Jul/2026:11:31:32 +0000] "GET /wp-content/uploads/2026/07/IMG-20260715-WA0006-1-225x300.jpg HTTP/1.1" 404 248665 "https://sgcakesandsurprises.shop/wp-admin/post.php?post=337&action=elementor" "Mozilla/5.0 (Windows NT 10.0; Win64; x64) AppleWebKit/537.36 (KHTML, like Gecko) Chrome/150.0.0.0 Safari/537.36"
102.89.23.236 - - [21/Jul/2026:11:31:32 +0000] "GET /wp-content/uploads/2026/07/IMG-20260715-WA0007-Copy-Copy-1-225x300.jpg HTTP/1.1" 404 248685 "https://sgcakesandsurprises.shop/wp-admin/post.php?post=337&action=elementor" "Mozilla/5.0 (Windows NT 10.0; Win64; x64) AppleWebKit/537.36 (KHTML, like Gecko) Chrome/150.0.0.0 Safari/537.36"
102.89.23.236 - - [21/Jul/2026:11:31:33 +0000] "GET /wp-content/uploads/2026/07/WhatsApp-Image-2026-07-14-at-10.53.25-AM-1-300x300.jpeg HTTP/1.1" 404 248709 "https://sgcakesandsurprises.shop/wp-admin/post.php?post=337&action=elementor" "Mozilla/5.0 (Windows NT 10.0; Win64; x64) AppleWebKit/537.36 (KHTML, like Gecko) Chrome/150.0.0.0 Safari/537.36"
102.89.23.236 - - [21/Jul/2026:11:31:33 +0000] "GET /wp-content/uploads/2026/07/IMG-20260715-WA0006-Copy-Copy-2-225x300.jpg HTTP/1.1" 404 248685 "https://sgcakesandsurprises.shop/wp-admin/post.php?post=337&action=elementor" "Mozilla/5.0 (Windows NT 10.0; Win64; x64) AppleWebKit/537.36 (KHTML, like Gecko) Chrome/150.0.0.0 Safari/537.36"
102.89.23.236 - - [21/Jul/2026:11:31:33 +0000] "GET /wp-content/uploads/2026/07/IMG_0081.JPG-1-300x225.jpeg HTTP/1.1" 404 248653 "https://sgcakesandsurprises.shop/wp-admin/post.php?post=337&action=elementor" "Mozilla/5.0 (Windows NT 10.0; Win64; x64) AppleWebKit/537.36 (KHTML, like Gecko) Chrome/150.0.0.0 Safari/537.36"
102.89.23.236 - - [21/Jul/2026:11:31:36 +0000] "GET /wp-content/uploads/2026/07/WhatsApp-Image-2026-07-09-at-6.30.27-AM.jpeg HTTP/1.1" 200 36987 "https://sgcakesandsurprises.shop/style-hub/?elementor-preview=337&ver=1784631534" "Mozilla/5.0 (Windows NT 10.0; Win64; x64) AppleWebKit/537.36 (KHTML, like Gecko) Chrome/150.0.0.0 Safari/537.36"
102.89.23.236 - - [21/Jul/2026:11:31:35 +0000] "POST /wp-admin/admin-ajax.php HTTP/1.1" 200 77 "https://sgcakesandsurprises.shop/wp-admin/post.php?post=337&action=elementor" "Mozilla/5.0 (Windows NT 10.0; Win64; x64) AppleWebKit/537.36 (KHTML, like Gecko) Chrome/150.0.0.0 Safari/537.36"
102.89.23.236 - - [21/Jul/2026:11:31:43 +0000] "POST /wp-admin/admin-ajax.php HTTP/1.1" 200 147625 "https://sgcakesandsurprises.shop/wp-admin/post.php?post=337&action=elementor" "Mozilla/5.0 (Windows NT 10.0; Win64; x64) AppleWebKit/537.36 (KHTML, like Gecko) Chrome/150.0.0.0 Safari/537.36"
102.89.23.236 - - [21/Jul/2026:11:31:50 +0000] "POST /wp-admin/admin-ajax.php HTTP/1.1" 200 77 "https://sgcakesandsurprises.shop/wp-admin/post.php?post=337&action=elementor" "Mozilla/5.0 (Windows NT 10.0; Win64; x64) AppleWebKit/537.36 (KHTML, like Gecko) Chrome/150.0.0.0 Safari/537.36"
43.153.119.119 - - [21/Jul/2026:11:31:50 +0000] "GET /style-hub/ HTTP/1.1" 200 83889 "-" "Mozilla/5.0 (iPhone; CPU iPhone OS 13_2_3 like Mac OS X) AppleWebKit/605.1.15 (KHTML, like Gecko) Version/13.0.3 Mobile/15E148 Safari/604.1"
198.177.124.148 - - [21/Jul/2026:11:31:53 +0000] "POST /wp-cron.php?doing_wp_cron=1784633513.5834710597991943359375 HTTP/1.1" 200 - "-" "WordPress/7.0.2; https://sgcakesandsurprises.shop"
