102.89.45.104 - - [22/Jul/2026:13:56:53 +0000] "POST /wp-admin/admin-ajax.php HTTP/1.1" 200 77 "https://salemconcept.shop/wp-admin/post.php?post=23&action=elementor" "Mozilla/5.0 (Windows NT 10.0; Win64; x64) AppleWebKit/537.36 (KHTML, like Gecko) Chrome/150.0.0.0 Safari/537.36"
198.177.124.148 - - [22/Jul/2026:13:57:49 +0000] "POST /wp-cron.php?doing_wp_cron=1784728669.4897160530090332031250 HTTP/1.1" 200 - "-" "WordPress/7.0.2; https://salemconcept.shop"
102.89.45.104 - - [22/Jul/2026:13:57:47 +0000] "POST /wp-admin/admin-ajax.php HTTP/1.1" 200 77 "https://salemconcept.shop/wp-admin/post.php?post=23&action=elementor" "Mozilla/5.0 (Windows NT 10.0; Win64; x64) AppleWebKit/537.36 (KHTML, like Gecko) Chrome/150.0.0.0 Safari/537.36"
102.89.45.104 - - [22/Jul/2026:13:57:57 +0000] "POST /wp-admin/admin-ajax.php HTTP/1.1" 200 77 "https://salemconcept.shop/wp-admin/post.php?post=23&action=elementor" "Mozilla/5.0 (Windows NT 10.0; Win64; x64) AppleWebKit/537.36 (KHTML, like Gecko) Chrome/150.0.0.0 Safari/537.36"
102.89.45.104 - - [22/Jul/2026:13:57:59 +0000] "GET /wp-json/elementor/v1/checklist/user-progress HTTP/1.1" 200 534 "https://salemconcept.shop/wp-admin/post.php?post=23&action=elementor" "Mozilla/5.0 (Windows NT 10.0; Win64; x64) AppleWebKit/537.36 (KHTML, like Gecko) Chrome/150.0.0.0 Safari/537.36"
102.89.45.104 - - [22/Jul/2026:13:58:02 +0000] "POST /wp-admin/admin-ajax.php HTTP/1.1" 200 77 "https://salemconcept.shop/wp-admin/post.php?post=23&action=elementor" "Mozilla/5.0 (Windows NT 10.0; Win64; x64) AppleWebKit/537.36 (KHTML, like Gecko) Chrome/150.0.0.0 Safari/537.36"
102.89.45.104 - - [22/Jul/2026:13:58:17 +0000] "POST /wp-admin/admin-ajax.php HTTP/1.1" 200 77 "https://salemconcept.shop/wp-admin/post.php?post=23&action=elementor" "Mozilla/5.0 (Windows NT 10.0; Win64; x64) AppleWebKit/537.36 (KHTML, like Gecko) Chrome/150.0.0.0 Safari/537.36"
102.89.45.104 - - [22/Jul/2026:13:58:45 +0000] "GET /wp-includes/images/uploader-icons.png HTTP/1.1" 200 1556 "https://salemconcept.shop/wp-includes/css/media-views.min.css?ver=7.0.2" "Mozilla/5.0 (Windows NT 10.0; Win64; x64) AppleWebKit/537.36 (KHTML, like Gecko) Chrome/150.0.0.0 Safari/537.36"
198.177.124.148 - - [22/Jul/2026:13:58:48 +0000] "POST /wp-cron.php?doing_wp_cron=1784728728.4660239219665527343750 HTTP/1.1" 200 - "-" "WordPress/7.0.2; https://salemconcept.shop"
102.89.45.104 - - [22/Jul/2026:13:58:46 +0000] "POST /wp-admin/admin-ajax.php HTTP/1.1" 200 77 "https://salemconcept.shop/wp-admin/post.php?post=23&action=elementor" "Mozilla/5.0 (Windows NT 10.0; Win64; x64) AppleWebKit/537.36 (KHTML, like Gecko) Chrome/150.0.0.0 Safari/537.36"
102.89.45.104 - - [22/Jul/2026:13:58:45 +0000] "POST /wp-admin/async-upload.php HTTP/1.1" 200 1411 "https://salemconcept.shop/wp-admin/post.php?post=23&action=elementor" "Mozilla/5.0 (Windows NT 10.0; Win64; x64) AppleWebKit/537.36 (KHTML, like Gecko) Chrome/150.0.0.0 Safari/537.36"
102.89.45.104 - - [22/Jul/2026:13:58:50 +0000] "GET /wp-content/uploads/2026/07/powerbank-300x300.webp HTTP/1.1" 200 14168 "https://salemconcept.shop/wp-admin/post.php?post=23&action=elementor" "Mozilla/5.0 (Windows NT 10.0; Win64; x64) AppleWebKit/537.36 (KHTML, like Gecko) Chrome/150.0.0.0 Safari/537.36"
102.89.45.104 - - [22/Jul/2026:13:58:46 +0000] "GET /wp-content/uploads/2026/07/Screenshot_20250724-185037-266x300.jpg HTTP/1.1" 404 122844 "https://salemconcept.shop/wp-admin/post.php?post=23&action=elementor" "Mozilla/5.0 (Windows NT 10.0; Win64; x64) AppleWebKit/537.36 (KHTML, like Gecko) Chrome/150.0.0.0 Safari/537.36"
102.89.45.104 - - [22/Jul/2026:13:59:00 +0000] "POST /wp-admin/admin-ajax.php HTTP/1.1" 200 77 "https://salemconcept.shop/wp-admin/post.php?post=23&action=elementor" "Mozilla/5.0 (Windows NT 10.0; Win64; x64) AppleWebKit/537.36 (KHTML, like Gecko) Chrome/150.0.0.0 Safari/537.36"
102.89.45.104 - - [22/Jul/2026:13:59:15 +0000] "POST /wp-admin/admin-ajax.php HTTP/1.1" 200 77 "https://salemconcept.shop/wp-admin/post.php?post=23&action=elementor" "Mozilla/5.0 (Windows NT 10.0; Win64; x64) AppleWebKit/537.36 (KHTML, like Gecko) Chrome/150.0.0.0 Safari/537.36"
102.89.45.104 - - [22/Jul/2026:13:59:30 +0000] "POST /wp-admin/admin-ajax.php HTTP/1.1" 200 77 "https://salemconcept.shop/wp-admin/post.php?post=23&action=elementor" "Mozilla/5.0 (Windows NT 10.0; Win64; x64) AppleWebKit/537.36 (KHTML, like Gecko) Chrome/150.0.0.0 Safari/537.36"
198.177.124.148 - - [22/Jul/2026:14:00:01 +0000] "POST /wp-cron.php?doing_wp_cron=1784728801.5392520427703857421875 HTTP/1.1" 200 - "-" "WordPress/7.0.2; https://salemconcept.shop"
102.89.45.104 - - [22/Jul/2026:13:59:59 +0000] "POST /wp-admin/admin-ajax.php HTTP/1.1" 200 77 "https://salemconcept.shop/wp-admin/post.php?post=23&action=elementor" "Mozilla/5.0 (Windows NT 10.0; Win64; x64) AppleWebKit/537.36 (KHTML, like Gecko) Chrome/150.0.0.0 Safari/537.36"
198.177.124.148 - - [22/Jul/2026:14:01:20 +0000] "POST /wp-cron.php?doing_wp_cron=1784728880.7059810161590576171875 HTTP/1.1" 200 - "-" "WordPress/7.0.2; https://salemconcept.shop"
102.89.45.104 - - [22/Jul/2026:14:01:16 +0000] "POST /wp-admin/admin-ajax.php HTTP/1.1" 200 77 "https://salemconcept.shop/wp-admin/post.php?post=23&action=elementor" "Mozilla/5.0 (Windows NT 10.0; Win64; x64) AppleWebKit/537.36 (KHTML, like Gecko) Chrome/150.0.0.0 Safari/537.36"
102.89.45.104 - - [22/Jul/2026:14:01:16 +0000] "GET /wp-json/elementor/v1/checklist/user-progress HTTP/1.1" 200 534 "https://salemconcept.shop/wp-admin/post.php?post=23&action=elementor" "Mozilla/5.0 (Windows NT 10.0; Win64; x64) AppleWebKit/537.36 (KHTML, like Gecko) Chrome/150.0.0.0 Safari/537.36"
102.89.45.104 - - [22/Jul/2026:14:01:30 +0000] "POST /wp-admin/admin-ajax.php HTTP/1.1" 200 77 "https://salemconcept.shop/wp-admin/post.php?post=23&action=elementor" "Mozilla/5.0 (Windows NT 10.0; Win64; x64) AppleWebKit/537.36 (KHTML, like Gecko) Chrome/150.0.0.0 Safari/537.36"
198.177.124.148 - - [22/Jul/2026:14:01:48 +0000] "POST /wp-cron.php?doing_wp_cron=1784728908.6777238845825195312500 HTTP/1.1" 200 - "-" "WordPress/7.0.2; https://salemconcept.shop"
102.89.45.104 - - [22/Jul/2026:14:01:45 +0000] "POST /wp-admin/admin-ajax.php HTTP/1.1" 200 77 "https://salemconcept.shop/wp-admin/post.php?post=23&action=elementor" "Mozilla/5.0 (Windows NT 10.0; Win64; x64) AppleWebKit/537.36 (KHTML, like Gecko) Chrome/150.0.0.0 Safari/537.36"
102.89.45.104 - - [22/Jul/2026:14:01:59 +0000] "POST /wp-admin/admin-ajax.php HTTP/1.1" 200 77 "https://salemconcept.shop/wp-admin/post.php?post=23&action=elementor" "Mozilla/5.0 (Windows NT 10.0; Win64; x64) AppleWebKit/537.36 (KHTML, like Gecko) Chrome/150.0.0.0 Safari/537.36"
102.89.45.104 - - [22/Jul/2026:14:02:02 +0000] "POST /wp-admin/admin-ajax.php HTTP/1.1" 200 77 "https://salemconcept.shop/wp-admin/post.php?post=23&action=elementor" "Mozilla/5.0 (Windows NT 10.0; Win64; x64) AppleWebKit/537.36 (KHTML, like Gecko) Chrome/150.0.0.0 Safari/537.36"
102.89.45.104 - - [22/Jul/2026:14:02:02 +0000] "GET /wp-content/uploads/2026/07/Screenshot_20250724-185037-266x300.jpg HTTP/1.1" 404 122844 "https://salemconcept.shop/wp-admin/post.php?post=23&action=elementor" "Mozilla/5.0 (Windows NT 10.0; Win64; x64) AppleWebKit/537.36 (KHTML, like Gecko) Chrome/150.0.0.0 Safari/537.36"
102.89.45.104 - - [22/Jul/2026:14:02:02 +0000] "POST /wp-admin/async-upload.php HTTP/1.1" 200 1580 "https://salemconcept.shop/wp-admin/post.php?post=23&action=elementor" "Mozilla/5.0 (Windows NT 10.0; Win64; x64) AppleWebKit/537.36 (KHTML, like Gecko) Chrome/150.0.0.0 Safari/537.36"
102.89.45.104 - - [22/Jul/2026:14:02:19 +0000] "GET /wp-content/uploads/2026/07/powerbank-2-300x240.png HTTP/1.1" 200 107204 "https://salemconcept.shop/wp-admin/post.php?post=23&action=elementor" "Mozilla/5.0 (Windows NT 10.0; Win64; x64) AppleWebKit/537.36 (KHTML, like Gecko) Chrome/150.0.0.0 Safari/537.36"
102.89.45.104 - - [22/Jul/2026:14:02:17 +0000] "POST /wp-admin/admin-ajax.php HTTP/1.1" 200 77 "https://salemconcept.shop/wp-admin/post.php?post=23&action=elementor" "Mozilla/5.0 (Windows NT 10.0; Win64; x64) AppleWebKit/537.36 (KHTML, like Gecko) Chrome/150.0.0.0 Safari/537.36"
102.89.45.104 - - [22/Jul/2026:14:02:20 +0000] "GET /wp-content/uploads/2026/07/Screenshot_20250724-185037-266x300.jpg HTTP/1.1" 404 122844 "https://salemconcept.shop/wp-admin/post.php?post=23&action=elementor" "Mozilla/5.0 (Windows NT 10.0; Win64; x64) AppleWebKit/537.36 (KHTML, like Gecko) Chrome/150.0.0.0 Safari/537.36"
102.89.45.104 - - [22/Jul/2026:14:02:32 +0000] "POST /wp-admin/admin-ajax.php HTTP/1.1" 200 77 "https://salemconcept.shop/wp-admin/post.php?post=23&action=elementor" "Mozilla/5.0 (Windows NT 10.0; Win64; x64) AppleWebKit/537.36 (KHTML, like Gecko) Chrome/150.0.0.0 Safari/537.36"
102.89.45.104 - - [22/Jul/2026:14:02:38 +0000] "GET /wp-content/uploads/2026/07/powerbank-2.png HTTP/1.1" 304 - "https://salemconcept.shop/wp-admin/post.php?post=23&action=elementor" "Mozilla/5.0 (Windows NT 10.0; Win64; x64) AppleWebKit/537.36 (KHTML, like Gecko) Chrome/150.0.0.0 Safari/537.36"
102.89.45.104 - - [22/Jul/2026:14:02:37 +0000] "GET /wp-content/uploads/2026/07/powerbank-2.png HTTP/1.1" 200 1950201 "https://salemconcept.shop/power-bank/?elementor-preview=23&ver=1784721738" "Mozilla/5.0 (Windows NT 10.0; Win64; x64) AppleWebKit/537.36 (KHTML, like Gecko) Chrome/150.0.0.0 Safari/537.36"
198.177.124.148 - - [22/Jul/2026:14:02:49 +0000] "POST /wp-cron.php?doing_wp_cron=1784728969.2500441074371337890625 HTTP/1.1" 200 - "-" "WordPress/7.0.2; https://salemconcept.shop"
102.89.45.104 - - [22/Jul/2026:14:02:47 +0000] "POST /wp-admin/admin-ajax.php HTTP/1.1" 200 77 "https://salemconcept.shop/wp-admin/post.php?post=23&action=elementor" "Mozilla/5.0 (Windows NT 10.0; Win64; x64) AppleWebKit/537.36 (KHTML, like Gecko) Chrome/150.0.0.0 Safari/537.36"
102.89.45.104 - - [22/Jul/2026:14:03:01 +0000] "POST /wp-admin/admin-ajax.php HTTP/1.1" 200 77 "https://salemconcept.shop/wp-admin/post.php?post=23&action=elementor" "Mozilla/5.0 (Windows NT 10.0; Win64; x64) AppleWebKit/537.36 (KHTML, like Gecko) Chrome/150.0.0.0 Safari/537.36"
102.89.45.104 - - [22/Jul/2026:14:03:17 +0000] "POST /wp-admin/admin-ajax.php HTTP/1.1" 200 77 "https://salemconcept.shop/wp-admin/post.php?post=23&action=elementor" "Mozilla/5.0 (Windows NT 10.0; Win64; x64) AppleWebKit/537.36 (KHTML, like Gecko) Chrome/150.0.0.0 Safari/537.36"
102.89.45.104 - - [22/Jul/2026:14:03:31 +0000] "POST /wp-admin/admin-ajax.php HTTP/1.1" 200 77 "https://salemconcept.shop/wp-admin/post.php?post=23&action=elementor" "Mozilla/5.0 (Windows NT 10.0; Win64; x64) AppleWebKit/537.36 (KHTML, like Gecko) Chrome/150.0.0.0 Safari/537.36"
102.89.45.104 - - [22/Jul/2026:14:03:38 +0000] "GET /wp-json/elementor/v1/checklist/user-progress HTTP/1.1" 200 534 "https://salemconcept.shop/wp-admin/post.php?post=23&action=elementor" "Mozilla/5.0 (Windows NT 10.0; Win64; x64) AppleWebKit/537.36 (KHTML, like Gecko) Chrome/150.0.0.0 Safari/537.36"
102.89.45.104 - - [22/Jul/2026:14:03:38 +0000] "PUT /wp-json/elementor/v1/global-classes?context=preview HTTP/1.1" 204 - "https://salemconcept.shop/wp-admin/post.php?post=23&action=elementor" "Mozilla/5.0 (Windows NT 10.0; Win64; x64) AppleWebKit/537.36 (KHTML, like Gecko) Chrome/150.0.0.0 Safari/537.36"
198.177.124.148 - - [22/Jul/2026:14:03:47 +0000] "POST /wp-cron.php?doing_wp_cron=1784729027.5566220283508300781250 HTTP/1.1" 200 - "-" "WordPress/7.0.2; https://salemconcept.shop"
102.89.45.104 - - [22/Jul/2026:14:03:39 +0000] "POST /wp-admin/admin-ajax.php HTTP/1.1" 200 1513 "https://salemconcept.shop/wp-admin/post.php?post=23&action=elementor" "Mozilla/5.0 (Windows NT 10.0; Win64; x64) AppleWebKit/537.36 (KHTML, like Gecko) Chrome/150.0.0.0 Safari/537.36"
102.89.45.104 - - [22/Jul/2026:14:03:46 +0000] "POST /wp-admin/admin-ajax.php HTTP/1.1" 200 77 "https://salemconcept.shop/wp-admin/post.php?post=23&action=elementor" "Mozilla/5.0 (Windows NT 10.0; Win64; x64) AppleWebKit/537.36 (KHTML, like Gecko) Chrome/150.0.0.0 Safari/537.36"
102.89.45.104 - - [22/Jul/2026:14:03:48 +0000] "GET /wp-json/elementor/v1/checklist/user-progress HTTP/1.1" 200 534 "https://salemconcept.shop/wp-admin/post.php?post=23&action=elementor" "Mozilla/5.0 (Windows NT 10.0; Win64; x64) AppleWebKit/537.36 (KHTML, like Gecko) Chrome/150.0.0.0 Safari/537.36"
102.89.45.104 - - [22/Jul/2026:14:04:01 +0000] "POST /wp-admin/admin-ajax.php HTTP/1.1" 200 77 "https://salemconcept.shop/wp-admin/post.php?post=23&action=elementor" "Mozilla/5.0 (Windows NT 10.0; Win64; x64) AppleWebKit/537.36 (KHTML, like Gecko) Chrome/150.0.0.0 Safari/537.36"
102.89.45.104 - - [22/Jul/2026:14:04:01 +0000] "POST /wp-admin/admin-ajax.php HTTP/1.1" 200 77 "https://salemconcept.shop/wp-admin/post.php?post=23&action=elementor" "Mozilla/5.0 (Windows NT 10.0; Win64; x64) AppleWebKit/537.36 (KHTML, like Gecko) Chrome/150.0.0.0 Safari/537.36"
102.89.45.104 - - [22/Jul/2026:14:04:17 +0000] "POST /wp-admin/admin-ajax.php HTTP/1.1" 200 77 "https://salemconcept.shop/wp-admin/post.php?post=23&action=elementor" "Mozilla/5.0 (Windows NT 10.0; Win64; x64) AppleWebKit/537.36 (KHTML, like Gecko) Chrome/150.0.0.0 Safari/537.36"
102.89.45.104 - - [22/Jul/2026:14:04:31 +0000] "POST /wp-admin/admin-ajax.php HTTP/1.1" 200 77 "https://salemconcept.shop/wp-admin/post.php?post=23&action=elementor" "Mozilla/5.0 (Windows NT 10.0; Win64; x64) AppleWebKit/537.36 (KHTML, like Gecko) Chrome/150.0.0.0 Safari/537.36"
198.177.124.148 - - [22/Jul/2026:14:04:49 +0000] "POST /wp-cron.php?doing_wp_cron=1784729088.9799449443817138671875 HTTP/1.1" 200 - "-" "WordPress/7.0.2; https://salemconcept.shop"
102.89.45.104 - - [22/Jul/2026:14:04:47 +0000] "POST /wp-admin/admin-ajax.php HTTP/1.1" 200 77 "https://salemconcept.shop/wp-admin/post.php?post=23&action=elementor" "Mozilla/5.0 (Windows NT 10.0; Win64; x64) AppleWebKit/537.36 (KHTML, like Gecko) Chrome/150.0.0.0 Safari/537.36"
102.89.45.104 - - [22/Jul/2026:14:05:01 +0000] "POST /wp-admin/admin-ajax.php HTTP/1.1" 200 77 "https://salemconcept.shop/wp-admin/post.php?post=23&action=elementor" "Mozilla/5.0 (Windows NT 10.0; Win64; x64) AppleWebKit/537.36 (KHTML, like Gecko) Chrome/150.0.0.0 Safari/537.36"
102.89.45.104 - - [22/Jul/2026:14:05:17 +0000] "POST /wp-admin/admin-ajax.php HTTP/1.1" 200 77 "https://salemconcept.shop/wp-admin/post.php?post=23&action=elementor" "Mozilla/5.0 (Windows NT 10.0; Win64; x64) AppleWebKit/537.36 (KHTML, like Gecko) Chrome/150.0.0.0 Safari/537.36"
102.89.45.104 - - [22/Jul/2026:14:05:31 +0000] "POST /wp-admin/admin-ajax.php HTTP/1.1" 200 77 "https://salemconcept.shop/wp-admin/post.php?post=23&action=elementor" "Mozilla/5.0 (Windows NT 10.0; Win64; x64) AppleWebKit/537.36 (KHTML, like Gecko) Chrome/150.0.0.0 Safari/537.36"
198.177.124.148 - - [22/Jul/2026:14:05:49 +0000] "POST /wp-cron.php?doing_wp_cron=1784729149.4219110012054443359375 HTTP/1.1" 200 - "-" "WordPress/7.0.2; https://salemconcept.shop"
102.89.45.104 - - [22/Jul/2026:14:05:47 +0000] "POST /wp-admin/admin-ajax.php HTTP/1.1" 200 77 "https://salemconcept.shop/wp-admin/post.php?post=23&action=elementor" "Mozilla/5.0 (Windows NT 10.0; Win64; x64) AppleWebKit/537.36 (KHTML, like Gecko) Chrome/150.0.0.0 Safari/537.36"
102.89.45.104 - - [22/Jul/2026:14:06:02 +0000] "POST /wp-admin/admin-ajax.php HTTP/1.1" 200 77 "https://salemconcept.shop/wp-admin/post.php?post=23&action=elementor" "Mozilla/5.0 (Windows NT 10.0; Win64; x64) AppleWebKit/537.36 (KHTML, like Gecko) Chrome/150.0.0.0 Safari/537.36"
102.89.45.104 - - [22/Jul/2026:14:06:03 +0000] "POST /wp-admin/admin-ajax.php HTTP/1.1" 200 77 "https://salemconcept.shop/wp-admin/post.php?post=23&action=elementor" "Mozilla/5.0 (Windows NT 10.0; Win64; x64) AppleWebKit/537.36 (KHTML, like Gecko) Chrome/150.0.0.0 Safari/537.36"
102.89.45.104 - - [22/Jul/2026:14:06:11 +0000] "GET /wp-json/elementor/v1/checklist/user-progress HTTP/1.1" 200 534 "https://salemconcept.shop/wp-admin/post.php?post=23&action=elementor" "Mozilla/5.0 (Windows NT 10.0; Win64; x64) AppleWebKit/537.36 (KHTML, like Gecko) Chrome/150.0.0.0 Safari/537.36"
102.89.45.104 - - [22/Jul/2026:14:06:18 +0000] "POST /wp-admin/admin-ajax.php HTTP/1.1" 200 77 "https://salemconcept.shop/wp-admin/post.php?post=23&action=elementor" "Mozilla/5.0 (Windows NT 10.0; Win64; x64) AppleWebKit/537.36 (KHTML, like Gecko) Chrome/150.0.0.0 Safari/537.36"
102.89.45.104 - - [22/Jul/2026:14:06:32 +0000] "POST /wp-admin/admin-ajax.php HTTP/1.1" 200 77 "https://salemconcept.shop/wp-admin/post.php?post=23&action=elementor" "Mozilla/5.0 (Windows NT 10.0; Win64; x64) AppleWebKit/537.36 (KHTML, like Gecko) Chrome/150.0.0.0 Safari/537.36"
198.177.124.148 - - [22/Jul/2026:14:06:51 +0000] "POST /wp-cron.php?doing_wp_cron=1784729211.2145209312438964843750 HTTP/1.1" 200 - "-" "WordPress/7.0.2; https://salemconcept.shop"
102.89.45.104 - - [22/Jul/2026:14:06:47 +0000] "POST /wp-admin/admin-ajax.php HTTP/1.1" 200 77 "https://salemconcept.shop/wp-admin/post.php?post=23&action=elementor" "Mozilla/5.0 (Windows NT 10.0; Win64; x64) AppleWebKit/537.36 (KHTML, like Gecko) Chrome/150.0.0.0 Safari/537.36"
102.89.45.104 - - [22/Jul/2026:14:06:47 +0000] "POST /wp-admin/admin-ajax.php HTTP/1.1" 200 4486 "https://salemconcept.shop/wp-admin/post.php?post=23&action=elementor" "Mozilla/5.0 (Windows NT 10.0; Win64; x64) AppleWebKit/537.36 (KHTML, like Gecko) Chrome/150.0.0.0 Safari/537.36"
102.89.45.104 - - [22/Jul/2026:14:07:04 +0000] "POST /wp-admin/admin-ajax.php HTTP/1.1" 200 77 "https://salemconcept.shop/wp-admin/post.php?post=23&action=elementor" "Mozilla/5.0 (Windows NT 10.0; Win64; x64) AppleWebKit/537.36 (KHTML, like Gecko) Chrome/150.0.0.0 Safari/537.36"
102.89.45.104 - - [22/Jul/2026:14:07:04 +0000] "GET /wp-content/uploads/2026/07/Screenshot_20250724-185037-266x300.jpg HTTP/1.1" 404 122844 "https://salemconcept.shop/wp-admin/post.php?post=23&action=elementor" "Mozilla/5.0 (Windows NT 10.0; Win64; x64) AppleWebKit/537.36 (KHTML, like Gecko) Chrome/150.0.0.0 Safari/537.36"
102.89.45.104 - - [22/Jul/2026:14:07:03 +0000] "POST /wp-admin/async-upload.php HTTP/1.1" 200 1568 "https://salemconcept.shop/wp-admin/post.php?post=23&action=elementor" "Mozilla/5.0 (Windows NT 10.0; Win64; x64) AppleWebKit/537.36 (KHTML, like Gecko) Chrome/150.0.0.0 Safari/537.36"
102.89.45.104 - - [22/Jul/2026:14:07:19 +0000] "GET /wp-content/uploads/2026/07/powerbank-300x300.png HTTP/1.1" 200 136810 "https://salemconcept.shop/wp-admin/post.php?post=23&action=elementor" "Mozilla/5.0 (Windows NT 10.0; Win64; x64) AppleWebKit/537.36 (KHTML, like Gecko) Chrome/150.0.0.0 Safari/537.36"
102.89.45.104 - - [22/Jul/2026:14:07:18 +0000] "POST /wp-admin/admin-ajax.php HTTP/1.1" 200 77 "https://salemconcept.shop/wp-admin/post.php?post=23&action=elementor" "Mozilla/5.0 (Windows NT 10.0; Win64; x64) AppleWebKit/537.36 (KHTML, like Gecko) Chrome/150.0.0.0 Safari/537.36"
102.89.45.104 - - [22/Jul/2026:14:07:19 +0000] "GET /wp-content/uploads/2026/07/Screenshot_20250724-185037-266x300.jpg HTTP/1.1" 404 122844 "https://salemconcept.shop/wp-admin/post.php?post=23&action=elementor" "Mozilla/5.0 (Windows NT 10.0; Win64; x64) AppleWebKit/537.36 (KHTML, like Gecko) Chrome/150.0.0.0 Safari/537.36"
102.89.45.104 - - [22/Jul/2026:14:07:33 +0000] "POST /wp-admin/admin-ajax.php HTTP/1.1" 200 77 "https://salemconcept.shop/wp-admin/post.php?post=23&action=elementor" "Mozilla/5.0 (Windows NT 10.0; Win64; x64) AppleWebKit/537.36 (KHTML, like Gecko) Chrome/150.0.0.0 Safari/537.36"
102.89.45.104 - - [22/Jul/2026:14:07:38 +0000] "GET /wp-content/uploads/2026/07/powerbank.webp HTTP/1.1" 200 25484 "https://salemconcept.shop/power-bank/?elementor-preview=23&ver=1784721738" "Mozilla/5.0 (Windows NT 10.0; Win64; x64) AppleWebKit/537.36 (KHTML, like Gecko) Chrome/150.0.0.0 Safari/537.36"
102.89.45.104 - - [22/Jul/2026:14:07:39 +0000] "GET /wp-content/uploads/2026/07/powerbank.webp HTTP/1.1" 304 - "https://salemconcept.shop/wp-admin/post.php?post=23&action=elementor" "Mozilla/5.0 (Windows NT 10.0; Win64; x64) AppleWebKit/537.36 (KHTML, like Gecko) Chrome/150.0.0.0 Safari/537.36"
102.89.45.104 - - [22/Jul/2026:14:07:35 +0000] "GET /wp-json/elementor/v1/checklist/user-progress HTTP/1.1" 200 534 "https://salemconcept.shop/wp-admin/post.php?post=23&action=elementor" "Mozilla/5.0 (Windows NT 10.0; Win64; x64) AppleWebKit/537.36 (KHTML, like Gecko) Chrome/150.0.0.0 Safari/537.36"
102.89.45.104 - - [22/Jul/2026:14:07:36 +0000] "PUT /wp-json/elementor/v1/global-classes?context=preview HTTP/1.1" 204 - "https://salemconcept.shop/wp-admin/post.php?post=23&action=elementor" "Mozilla/5.0 (Windows NT 10.0; Win64; x64) AppleWebKit/537.36 (KHTML, like Gecko) Chrome/150.0.0.0 Safari/537.36"
102.89.45.104 - - [22/Jul/2026:14:07:36 +0000] "POST /wp-admin/admin-ajax.php HTTP/1.1" 200 1513 "https://salemconcept.shop/wp-admin/post.php?post=23&action=elementor" "Mozilla/5.0 (Windows NT 10.0; Win64; x64) AppleWebKit/537.36 (KHTML, like Gecko) Chrome/150.0.0.0 Safari/537.36"
198.177.124.148 - - [22/Jul/2026:14:07:51 +0000] "POST /wp-cron.php?doing_wp_cron=1784729271.4739999771118164062500 HTTP/1.1" 200 - "-" "WordPress/7.0.2; https://salemconcept.shop"
102.89.45.104 - - [22/Jul/2026:14:07:46 +0000] "GET /wp-json/elementor/v1/checklist/user-progress HTTP/1.1" 200 534 "https://salemconcept.shop/wp-admin/post.php?post=23&action=elementor" "Mozilla/5.0 (Windows NT 10.0; Win64; x64) AppleWebKit/537.36 (KHTML, like Gecko) Chrome/150.0.0.0 Safari/537.36"
102.89.45.104 - - [22/Jul/2026:14:07:49 +0000] "POST /wp-admin/admin-ajax.php HTTP/1.1" 200 77 "https://salemconcept.shop/wp-admin/post.php?post=23&action=elementor" "Mozilla/5.0 (Windows NT 10.0; Win64; x64) AppleWebKit/537.36 (KHTML, like Gecko) Chrome/150.0.0.0 Safari/537.36"
102.89.45.104 - - [22/Jul/2026:14:08:03 +0000] "POST /wp-admin/admin-ajax.php HTTP/1.1" 200 77 "https://salemconcept.shop/wp-admin/post.php?post=23&action=elementor" "Mozilla/5.0 (Windows NT 10.0; Win64; x64) AppleWebKit/537.36 (KHTML, like Gecko) Chrome/150.0.0.0 Safari/537.36"
102.89.45.104 - - [22/Jul/2026:14:08:03 +0000] "POST /wp-admin/admin-ajax.php HTTP/1.1" 200 77 "https://salemconcept.shop/wp-admin/post.php?post=23&action=elementor" "Mozilla/5.0 (Windows NT 10.0; Win64; x64) AppleWebKit/537.36 (KHTML, like Gecko) Chrome/150.0.0.0 Safari/537.36"
102.89.45.104 - - [22/Jul/2026:14:08:18 +0000] "POST /wp-admin/admin-ajax.php HTTP/1.1" 200 77 "https://salemconcept.shop/wp-admin/post.php?post=23&action=elementor" "Mozilla/5.0 (Windows NT 10.0; Win64; x64) AppleWebKit/537.36 (KHTML, like Gecko) Chrome/150.0.0.0 Safari/537.36"
102.89.45.104 - - [22/Jul/2026:14:08:34 +0000] "POST /wp-admin/admin-ajax.php HTTP/1.1" 200 77 "https://salemconcept.shop/wp-admin/post.php?post=23&action=elementor" "Mozilla/5.0 (Windows NT 10.0; Win64; x64) AppleWebKit/537.36 (KHTML, like Gecko) Chrome/150.0.0.0 Safari/537.36"
102.89.45.104 - - [22/Jul/2026:14:08:38 +0000] "GET /wp-json/elementor/v1/checklist/user-progress HTTP/1.1" 200 534 "https://salemconcept.shop/wp-admin/post.php?post=23&action=elementor" "Mozilla/5.0 (Windows NT 10.0; Win64; x64) AppleWebKit/537.36 (KHTML, like Gecko) Chrome/150.0.0.0 Safari/537.36"
102.89.45.104 - - [22/Jul/2026:14:08:39 +0000] "PUT /wp-json/elementor/v1/global-classes?context=preview HTTP/1.1" 204 - "https://salemconcept.shop/wp-admin/post.php?post=23&action=elementor" "Mozilla/5.0 (Windows NT 10.0; Win64; x64) AppleWebKit/537.36 (KHTML, like Gecko) Chrome/150.0.0.0 Safari/537.36"
102.89.45.104 - - [22/Jul/2026:14:08:39 +0000] "POST /wp-admin/admin-ajax.php HTTP/1.1" 200 1513 "https://salemconcept.shop/wp-admin/post.php?post=23&action=elementor" "Mozilla/5.0 (Windows NT 10.0; Win64; x64) AppleWebKit/537.36 (KHTML, like Gecko) Chrome/150.0.0.0 Safari/537.36"
198.177.124.148 - - [22/Jul/2026:14:08:50 +0000] "POST /wp-cron.php?doing_wp_cron=1784729330.3900740146636962890625 HTTP/1.1" 200 - "-" "WordPress/7.0.2; https://salemconcept.shop"
102.89.45.104 - - [22/Jul/2026:14:08:46 +0000] "GET /wp-json/elementor/v1/checklist/user-progress HTTP/1.1" 200 534 "https://salemconcept.shop/wp-admin/post.php?post=23&action=elementor" "Mozilla/5.0 (Windows NT 10.0; Win64; x64) AppleWebKit/537.36 (KHTML, like Gecko) Chrome/150.0.0.0 Safari/537.36"
102.89.45.104 - - [22/Jul/2026:14:08:48 +0000] "POST /wp-admin/admin-ajax.php HTTP/1.1" 200 77 "https://salemconcept.shop/wp-admin/post.php?post=23&action=elementor" "Mozilla/5.0 (Windows NT 10.0; Win64; x64) AppleWebKit/537.36 (KHTML, like Gecko) Chrome/150.0.0.0 Safari/537.36"
198.177.124.148 - - [22/Jul/2026:14:09:07 +0000] "POST /wp-cron.php?doing_wp_cron=1784729347.5427880287170410156250 HTTP/1.1" 200 - "-" "WordPress/7.0.2; https://salemconcept.shop"
102.89.45.104 - - [22/Jul/2026:14:09:03 +0000] "POST /wp-admin/admin-ajax.php HTTP/1.1" 200 77 "https://salemconcept.shop/wp-admin/post.php?post=23&action=elementor" "Mozilla/5.0 (Windows NT 10.0; Win64; x64) AppleWebKit/537.36 (KHTML, like Gecko) Chrome/150.0.0.0 Safari/537.36"
102.89.45.104 - - [22/Jul/2026:14:09:19 +0000] "POST /wp-admin/admin-ajax.php HTTP/1.1" 200 77 "https://salemconcept.shop/wp-admin/post.php?post=23&action=elementor" "Mozilla/5.0 (Windows NT 10.0; Win64; x64) AppleWebKit/537.36 (KHTML, like Gecko) Chrome/150.0.0.0 Safari/537.36"
102.89.45.104 - - [22/Jul/2026:14:09:34 +0000] "POST /wp-admin/admin-ajax.php HTTP/1.1" 200 77 "https://salemconcept.shop/wp-admin/post.php?post=23&action=elementor" "Mozilla/5.0 (Windows NT 10.0; Win64; x64) AppleWebKit/537.36 (KHTML, like Gecko) Chrome/150.0.0.0 Safari/537.36"
198.177.124.148 - - [22/Jul/2026:14:09:53 +0000] "POST /wp-cron.php?doing_wp_cron=1784729393.5142979621887207031250 HTTP/1.1" 200 - "-" "WordPress/7.0.2; https://salemconcept.shop"
102.89.45.104 - - [22/Jul/2026:14:09:49 +0000] "POST /wp-admin/admin-ajax.php HTTP/1.1" 200 77 "https://salemconcept.shop/wp-admin/post.php?post=23&action=elementor" "Mozilla/5.0 (Windows NT 10.0; Win64; x64) AppleWebKit/537.36 (KHTML, like Gecko) Chrome/150.0.0.0 Safari/537.36"
102.89.45.104 - - [22/Jul/2026:14:10:03 +0000] "POST /wp-admin/admin-ajax.php HTTP/1.1" 200 77 "https://salemconcept.shop/wp-admin/post.php?post=23&action=elementor" "Mozilla/5.0 (Windows NT 10.0; Win64; x64) AppleWebKit/537.36 (KHTML, like Gecko) Chrome/150.0.0.0 Safari/537.36"
102.89.45.104 - - [22/Jul/2026:14:10:04 +0000] "POST /wp-admin/admin-ajax.php HTTP/1.1" 200 77 "https://salemconcept.shop/wp-admin/post.php?post=23&action=elementor" "Mozilla/5.0 (Windows NT 10.0; Win64; x64) AppleWebKit/537.36 (KHTML, like Gecko) Chrome/150.0.0.0 Safari/537.36"
102.89.45.104 - - [22/Jul/2026:14:10:19 +0000] "POST /wp-admin/admin-ajax.php HTTP/1.1" 200 77 "https://salemconcept.shop/wp-admin/post.php?post=23&action=elementor" "Mozilla/5.0 (Windows NT 10.0; Win64; x64) AppleWebKit/537.36 (KHTML, like Gecko) Chrome/150.0.0.0 Safari/537.36"
102.89.45.104 - - [22/Jul/2026:14:10:23 +0000] "GET /wp-json/elementor/v1/user-data/current-user?context=edit HTTP/1.1" 200 1309 "https://salemconcept.shop/wp-admin/post.php?post=23&action=elementor" "Mozilla/5.0 (Windows NT 10.0; Win64; x64) AppleWebKit/537.36 (KHTML, like Gecko) Chrome/150.0.0.0 Safari/537.36"
102.89.45.104 - - [22/Jul/2026:14:10:34 +0000] "POST /wp-admin/admin-ajax.php HTTP/1.1" 200 77 "https://salemconcept.shop/wp-admin/post.php?post=23&action=elementor" "Mozilla/5.0 (Windows NT 10.0; Win64; x64) AppleWebKit/537.36 (KHTML, like Gecko) Chrome/150.0.0.0 Safari/537.36"
198.177.124.148 - - [22/Jul/2026:14:10:51 +0000] "POST /wp-cron.php?doing_wp_cron=1784729451.6448740959167480468750 HTTP/1.1" 200 - "-" "WordPress/7.0.2; https://salemconcept.shop"
102.89.45.104 - - [22/Jul/2026:14:10:48 +0000] "POST /wp-admin/admin-ajax.php HTTP/1.1" 200 77 "https://salemconcept.shop/wp-admin/post.php?post=23&action=elementor" "Mozilla/5.0 (Windows NT 10.0; Win64; x64) AppleWebKit/537.36 (KHTML, like Gecko) Chrome/150.0.0.0 Safari/537.36"
102.89.45.104 - - [22/Jul/2026:14:11:04 +0000] "POST /wp-admin/admin-ajax.php HTTP/1.1" 200 77 "https://salemconcept.shop/wp-admin/post.php?post=23&action=elementor" "Mozilla/5.0 (Windows NT 10.0; Win64; x64) AppleWebKit/537.36 (KHTML, like Gecko) Chrome/150.0.0.0 Safari/537.36"
102.89.45.104 - - [22/Jul/2026:14:11:19 +0000] "POST /wp-admin/admin-ajax.php HTTP/1.1" 200 77 "https://salemconcept.shop/wp-admin/post.php?post=23&action=elementor" "Mozilla/5.0 (Windows NT 10.0; Win64; x64) AppleWebKit/537.36 (KHTML, like Gecko) Chrome/150.0.0.0 Safari/537.36"
102.89.45.104 - - [22/Jul/2026:14:11:34 +0000] "POST /wp-admin/admin-ajax.php HTTP/1.1" 200 77 "https://salemconcept.shop/wp-admin/post.php?post=23&action=elementor" "Mozilla/5.0 (Windows NT 10.0; Win64; x64) AppleWebKit/537.36 (KHTML, like Gecko) Chrome/150.0.0.0 Safari/537.36"
198.177.124.148 - - [22/Jul/2026:14:11:51 +0000] "POST /wp-cron.php?doing_wp_cron=1784729511.1352241039276123046875 HTTP/1.1" 200 - "-" "WordPress/7.0.2; https://salemconcept.shop"
102.89.45.104 - - [22/Jul/2026:14:11:49 +0000] "POST /wp-admin/admin-ajax.php HTTP/1.1" 200 77 "https://salemconcept.shop/wp-admin/post.php?post=23&action=elementor" "Mozilla/5.0 (Windows NT 10.0; Win64; x64) AppleWebKit/537.36 (KHTML, like Gecko) Chrome/150.0.0.0 Safari/537.36"
102.89.45.104 - - [22/Jul/2026:14:12:04 +0000] "POST /wp-admin/admin-ajax.php HTTP/1.1" 200 77 "https://salemconcept.shop/wp-admin/post.php?post=23&action=elementor" "Mozilla/5.0 (Windows NT 10.0; Win64; x64) AppleWebKit/537.36 (KHTML, like Gecko) Chrome/150.0.0.0 Safari/537.36"
102.89.45.104 - - [22/Jul/2026:14:12:05 +0000] "POST /wp-admin/admin-ajax.php HTTP/1.1" 200 77 "https://salemconcept.shop/wp-admin/post.php?post=23&action=elementor" "Mozilla/5.0 (Windows NT 10.0; Win64; x64) AppleWebKit/537.36 (KHTML, like Gecko) Chrome/150.0.0.0 Safari/537.36"
102.89.45.104 - - [22/Jul/2026:14:12:06 +0000] "GET /wp-json/elementor/v1/checklist/user-progress HTTP/1.1" 200 534 "https://salemconcept.shop/wp-admin/post.php?post=23&action=elementor" "Mozilla/5.0 (Windows NT 10.0; Win64; x64) AppleWebKit/537.36 (KHTML, like Gecko) Chrome/150.0.0.0 Safari/537.36"
102.89.45.104 - - [22/Jul/2026:14:12:06 +0000] "PUT /wp-json/elementor/v1/global-classes?context=preview HTTP/1.1" 204 - "https://salemconcept.shop/wp-admin/post.php?post=23&action=elementor" "Mozilla/5.0 (Windows NT 10.0; Win64; x64) AppleWebKit/537.36 (KHTML, like Gecko) Chrome/150.0.0.0 Safari/537.36"
66.249.77.1 - - [22/Jul/2026:14:12:06 +0000] "GET /?j=88487155285 HTTP/1.1" 200 96377 "-" "Mozilla/5.0 (Linux; Android 6.0.1; Nexus 5X Build/MMB29P) AppleWebKit/537.36 (KHTML, like Gecko) Chrome/150.0.7871.128 Mobile Safari/537.36 (compatible; Googlebot/2.1; +http://www.google.com/bot.html)"
102.89.45.104 - - [22/Jul/2026:14:12:06 +0000] "POST /wp-admin/admin-ajax.php HTTP/1.1" 200 1513 "https://salemconcept.shop/wp-admin/post.php?post=23&action=elementor" "Mozilla/5.0 (Windows NT 10.0; Win64; x64) AppleWebKit/537.36 (KHTML, like Gecko) Chrome/150.0.0.0 Safari/537.36"
102.89.45.104 - - [22/Jul/2026:14:12:14 +0000] "GET /wp-json/elementor/v1/user-data/current-user?context=edit HTTP/1.1" 200 1309 "https://salemconcept.shop/wp-admin/post.php?post=23&action=elementor" "Mozilla/5.0 (Windows NT 10.0; Win64; x64) AppleWebKit/537.36 (KHTML, like Gecko) Chrome/150.0.0.0 Safari/537.36"
102.89.45.104 - - [22/Jul/2026:14:12:14 +0000] "GET /wp-json/elementor/v1/checklist/user-progress HTTP/1.1" 200 534 "https://salemconcept.shop/wp-admin/post.php?post=23&action=elementor" "Mozilla/5.0 (Windows NT 10.0; Win64; x64) AppleWebKit/537.36 (KHTML, like Gecko) Chrome/150.0.0.0 Safari/537.36"
102.89.45.104 - - [22/Jul/2026:14:12:19 +0000] "POST /wp-admin/admin-ajax.php HTTP/1.1" 200 77 "https://salemconcept.shop/wp-admin/post.php?post=23&action=elementor" "Mozilla/5.0 (Windows NT 10.0; Win64; x64) AppleWebKit/537.36 (KHTML, like Gecko) Chrome/150.0.0.0 Safari/537.36"
102.89.45.104 - - [22/Jul/2026:14:12:34 +0000] "POST /wp-admin/admin-ajax.php HTTP/1.1" 200 77 "https://salemconcept.shop/wp-admin/post.php?post=23&action=elementor" "Mozilla/5.0 (Windows NT 10.0; Win64; x64) AppleWebKit/537.36 (KHTML, like Gecko) Chrome/150.0.0.0 Safari/537.36"
198.177.124.148 - - [22/Jul/2026:14:12:52 +0000] "POST /wp-cron.php?doing_wp_cron=1784729572.8316469192504882812500 HTTP/1.1" 200 - "-" "WordPress/7.0.2; https://salemconcept.shop"
102.89.45.104 - - [22/Jul/2026:14:12:49 +0000] "POST /wp-admin/admin-ajax.php HTTP/1.1" 200 77 "https://salemconcept.shop/wp-admin/post.php?post=23&action=elementor" "Mozilla/5.0 (Windows NT 10.0; Win64; x64) AppleWebKit/537.36 (KHTML, like Gecko) Chrome/150.0.0.0 Safari/537.36"
102.89.45.104 - - [22/Jul/2026:14:13:04 +0000] "POST /wp-admin/admin-ajax.php HTTP/1.1" 200 77 "https://salemconcept.shop/wp-admin/post.php?post=23&action=elementor" "Mozilla/5.0 (Windows NT 10.0; Win64; x64) AppleWebKit/537.36 (KHTML, like Gecko) Chrome/150.0.0.0 Safari/537.36"
102.89.45.104 - - [22/Jul/2026:14:13:19 +0000] "POST /wp-admin/admin-ajax.php HTTP/1.1" 200 77 "https://salemconcept.shop/wp-admin/post.php?post=23&action=elementor" "Mozilla/5.0 (Windows NT 10.0; Win64; x64) AppleWebKit/537.36 (KHTML, like Gecko) Chrome/150.0.0.0 Safari/537.36"
102.89.45.104 - - [22/Jul/2026:14:13:34 +0000] "POST /wp-admin/admin-ajax.php HTTP/1.1" 200 77 "https://salemconcept.shop/wp-admin/post.php?post=23&action=elementor" "Mozilla/5.0 (Windows NT 10.0; Win64; x64) AppleWebKit/537.36 (KHTML, like Gecko) Chrome/150.0.0.0 Safari/537.36"
102.89.45.104 - - [22/Jul/2026:14:13:44 +0000] "PUT /wp-json/elementor/v1/global-classes?context=preview HTTP/1.1" 204 - "https://salemconcept.shop/wp-admin/post.php?post=23&action=elementor" "Mozilla/5.0 (Windows NT 10.0; Win64; x64) AppleWebKit/537.36 (KHTML, like Gecko) Chrome/150.0.0.0 Safari/537.36"
102.89.45.104 - - [22/Jul/2026:14:13:44 +0000] "GET /wp-json/elementor/v1/checklist/user-progress HTTP/1.1" 200 534 "https://salemconcept.shop/wp-admin/post.php?post=23&action=elementor" "Mozilla/5.0 (Windows NT 10.0; Win64; x64) AppleWebKit/537.36 (KHTML, like Gecko) Chrome/150.0.0.0 Safari/537.36"
198.177.124.148 - - [22/Jul/2026:14:13:47 +0000] "POST /wp-cron.php?doing_wp_cron=1784729627.7855501174926757812500 HTTP/1.1" 200 - "-" "WordPress/7.0.2; https://salemconcept.shop"
102.89.45.104 - - [22/Jul/2026:14:13:45 +0000] "POST /wp-admin/admin-ajax.php HTTP/1.1" 200 1513 "https://salemconcept.shop/wp-admin/post.php?post=23&action=elementor" "Mozilla/5.0 (Windows NT 10.0; Win64; x64) AppleWebKit/537.36 (KHTML, like Gecko) Chrome/150.0.0.0 Safari/537.36"
102.89.45.104 - - [22/Jul/2026:14:13:48 +0000] "GET /wp-json/elementor/v1/checklist/user-progress HTTP/1.1" 200 534 "https://salemconcept.shop/wp-admin/post.php?post=23&action=elementor" "Mozilla/5.0 (Windows NT 10.0; Win64; x64) AppleWebKit/537.36 (KHTML, like Gecko) Chrome/150.0.0.0 Safari/537.36"
102.89.45.104 - - [22/Jul/2026:14:13:49 +0000] "POST /wp-admin/admin-ajax.php HTTP/1.1" 200 77 "https://salemconcept.shop/wp-admin/post.php?post=23&action=elementor" "Mozilla/5.0 (Windows NT 10.0; Win64; x64) AppleWebKit/537.36 (KHTML, like Gecko) Chrome/150.0.0.0 Safari/537.36"
102.89.45.104 - - [22/Jul/2026:14:14:04 +0000] "POST /wp-admin/admin-ajax.php HTTP/1.1" 200 77 "https://salemconcept.shop/wp-admin/post.php?post=23&action=elementor" "Mozilla/5.0 (Windows NT 10.0; Win64; x64) AppleWebKit/537.36 (KHTML, like Gecko) Chrome/150.0.0.0 Safari/537.36"
102.89.45.104 - - [22/Jul/2026:14:14:05 +0000] "POST /wp-admin/admin-ajax.php HTTP/1.1" 200 77 "https://salemconcept.shop/wp-admin/post.php?post=23&action=elementor" "Mozilla/5.0 (Windows NT 10.0; Win64; x64) AppleWebKit/537.36 (KHTML, like Gecko) Chrome/150.0.0.0 Safari/537.36"
102.89.45.104 - - [22/Jul/2026:14:14:20 +0000] "POST /wp-admin/admin-ajax.php HTTP/1.1" 200 77 "https://salemconcept.shop/wp-admin/post.php?post=23&action=elementor" "Mozilla/5.0 (Windows NT 10.0; Win64; x64) AppleWebKit/537.36 (KHTML, like Gecko) Chrome/150.0.0.0 Safari/537.36"
102.89.45.104 - - [22/Jul/2026:14:14:20 +0000] "GET /wp-json/elementor/v1/user-data/current-user?context=edit HTTP/1.1" 200 1309 "https://salemconcept.shop/wp-admin/post.php?post=23&action=elementor" "Mozilla/5.0 (Windows NT 10.0; Win64; x64) AppleWebKit/537.36 (KHTML, like Gecko) Chrome/150.0.0.0 Safari/537.36"
102.89.45.104 - - [22/Jul/2026:14:14:27 +0000] "GET /wp-content/themes/twentytwentyfour/assets/fonts/cardo/cardo_normal_700.woff2 HTTP/1.1" 200 132564 "https://salemconcept.shop/power-bank/?elementor-preview=23&ver=1784721738" "Mozilla/5.0 (Windows NT 10.0; Win64; x64) AppleWebKit/537.36 (KHTML, like Gecko) Chrome/150.0.0.0 Safari/537.36"
102.89.45.104 - - [22/Jul/2026:14:14:35 +0000] "POST /wp-admin/admin-ajax.php HTTP/1.1" 200 77 "https://salemconcept.shop/wp-admin/post.php?post=23&action=elementor" "Mozilla/5.0 (Windows NT 10.0; Win64; x64) AppleWebKit/537.36 (KHTML, like Gecko) Chrome/150.0.0.0 Safari/537.36"
102.89.45.104 - - [22/Jul/2026:14:14:40 +0000] "GET /wp-json/elementor/v1/user-data/current-user?context=edit HTTP/1.1" 200 1309 "https://salemconcept.shop/wp-admin/post.php?post=23&action=elementor" "Mozilla/5.0 (Windows NT 10.0; Win64; x64) AppleWebKit/537.36 (KHTML, like Gecko) Chrome/150.0.0.0 Safari/537.36"
198.177.124.148 - - [22/Jul/2026:14:14:54 +0000] "POST /wp-cron.php?doing_wp_cron=1784729694.1159620285034179687500 HTTP/1.1" 200 - "-" "WordPress/7.0.2; https://salemconcept.shop"
102.89.45.104 - - [22/Jul/2026:14:14:50 +0000] "POST /wp-admin/admin-ajax.php HTTP/1.1" 200 77 "https://salemconcept.shop/wp-admin/post.php?post=23&action=elementor" "Mozilla/5.0 (Windows NT 10.0; Win64; x64) AppleWebKit/537.36 (KHTML, like Gecko) Chrome/150.0.0.0 Safari/537.36"
102.89.45.104 - - [22/Jul/2026:14:14:54 +0000] "GET /wp-json/elementor/v1/user-data/current-user?context=edit HTTP/1.1" 200 1309 "https://salemconcept.shop/wp-admin/post.php?post=23&action=elementor" "Mozilla/5.0 (Windows NT 10.0; Win64; x64) AppleWebKit/537.36 (KHTML, like Gecko) Chrome/150.0.0.0 Safari/537.36"
102.89.45.104 - - [22/Jul/2026:14:15:02 +0000] "GET /wp-json/elementor/v1/user-data/current-user?context=edit HTTP/1.1" 200 1309 "https://salemconcept.shop/wp-admin/post.php?post=23&action=elementor" "Mozilla/5.0 (Windows NT 10.0; Win64; x64) AppleWebKit/537.36 (KHTML, like Gecko) Chrome/150.0.0.0 Safari/537.36"
102.89.45.104 - - [22/Jul/2026:14:15:06 +0000] "POST /wp-admin/admin-ajax.php HTTP/1.1" 200 77 "https://salemconcept.shop/wp-admin/post.php?post=23&action=elementor" "Mozilla/5.0 (Windows NT 10.0; Win64; x64) AppleWebKit/537.36 (KHTML, like Gecko) Chrome/150.0.0.0 Safari/537.36"
102.89.45.104 - - [22/Jul/2026:14:15:20 +0000] "POST /wp-admin/admin-ajax.php HTTP/1.1" 200 77 "https://salemconcept.shop/wp-admin/post.php?post=23&action=elementor" "Mozilla/5.0 (Windows NT 10.0; Win64; x64) AppleWebKit/537.36 (KHTML, like Gecko) Chrome/150.0.0.0 Safari/537.36"
102.89.45.104 - - [22/Jul/2026:14:15:34 +0000] "POST /wp-admin/admin-ajax.php HTTP/1.1" 200 77 "https://salemconcept.shop/wp-admin/post.php?post=23&action=elementor" "Mozilla/5.0 (Windows NT 10.0; Win64; x64) AppleWebKit/537.36 (KHTML, like Gecko) Chrome/150.0.0.0 Safari/537.36"
198.177.124.148 - - [22/Jul/2026:14:15:52 +0000] "POST /wp-cron.php?doing_wp_cron=1784729752.7778010368347167968750 HTTP/1.1" 200 - "-" "WordPress/7.0.2; https://salemconcept.shop"
102.89.45.104 - - [22/Jul/2026:14:15:50 +0000] "POST /wp-admin/admin-ajax.php HTTP/1.1" 200 77 "https://salemconcept.shop/wp-admin/post.php?post=23&action=elementor" "Mozilla/5.0 (Windows NT 10.0; Win64; x64) AppleWebKit/537.36 (KHTML, like Gecko) Chrome/150.0.0.0 Safari/537.36"
102.89.45.104 - - [22/Jul/2026:14:15:51 +0000] "GET /wp-json/elementor/v1/checklist/user-progress HTTP/1.1" 200 534 "https://salemconcept.shop/wp-admin/post.php?post=23&action=elementor" "Mozilla/5.0 (Windows NT 10.0; Win64; x64) AppleWebKit/537.36 (KHTML, like Gecko) Chrome/150.0.0.0 Safari/537.36"
102.89.45.104 - - [22/Jul/2026:14:15:51 +0000] "PUT /wp-json/elementor/v1/global-classes?context=preview HTTP/1.1" 204 - "https://salemconcept.shop/wp-admin/post.php?post=23&action=elementor" "Mozilla/5.0 (Windows NT 10.0; Win64; x64) AppleWebKit/537.36 (KHTML, like Gecko) Chrome/150.0.0.0 Safari/537.36"
102.89.45.104 - - [22/Jul/2026:14:15:51 +0000] "POST /wp-admin/admin-ajax.php HTTP/1.1" 200 1513 "https://salemconcept.shop/wp-admin/post.php?post=23&action=elementor" "Mozilla/5.0 (Windows NT 10.0; Win64; x64) AppleWebKit/537.36 (KHTML, like Gecko) Chrome/150.0.0.0 Safari/537.36"
102.89.45.104 - - [22/Jul/2026:14:15:56 +0000] "GET /wp-json/elementor/v1/checklist/user-progress HTTP/1.1" 200 534 "https://salemconcept.shop/wp-admin/post.php?post=23&action=elementor" "Mozilla/5.0 (Windows NT 10.0; Win64; x64) AppleWebKit/537.36 (KHTML, like Gecko) Chrome/150.0.0.0 Safari/537.36"
102.89.45.104 - - [22/Jul/2026:14:16:04 +0000] "POST /wp-admin/admin-ajax.php HTTP/1.1" 200 77 "https://salemconcept.shop/wp-admin/post.php?post=23&action=elementor" "Mozilla/5.0 (Windows NT 10.0; Win64; x64) AppleWebKit/537.36 (KHTML, like Gecko) Chrome/150.0.0.0 Safari/537.36"
102.89.45.104 - - [22/Jul/2026:14:16:07 +0000] "POST /wp-admin/admin-ajax.php HTTP/1.1" 200 77 "https://salemconcept.shop/wp-admin/post.php?post=23&action=elementor" "Mozilla/5.0 (Windows NT 10.0; Win64; x64) AppleWebKit/537.36 (KHTML, like Gecko) Chrome/150.0.0.0 Safari/537.36"
102.89.45.104 - - [22/Jul/2026:14:16:20 +0000] "POST /wp-admin/admin-ajax.php HTTP/1.1" 200 77 "https://salemconcept.shop/wp-admin/post.php?post=23&action=elementor" "Mozilla/5.0 (Windows NT 10.0; Win64; x64) AppleWebKit/537.36 (KHTML, like Gecko) Chrome/150.0.0.0 Safari/537.36"
102.89.45.104 - - [22/Jul/2026:14:16:34 +0000] "POST /wp-admin/admin-ajax.php HTTP/1.1" 200 77 "https://salemconcept.shop/wp-admin/post.php?post=23&action=elementor" "Mozilla/5.0 (Windows NT 10.0; Win64; x64) AppleWebKit/537.36 (KHTML, like Gecko) Chrome/150.0.0.0 Safari/537.36"
198.177.124.148 - - [22/Jul/2026:14:16:54 +0000] "POST /wp-cron.php?doing_wp_cron=1784729814.5677630901336669921875 HTTP/1.1" 200 - "-" "WordPress/7.0.2; https://salemconcept.shop"
102.89.45.104 - - [22/Jul/2026:14:16:50 +0000] "POST /wp-admin/admin-ajax.php HTTP/1.1" 200 77 "https://salemconcept.shop/wp-admin/post.php?post=23&action=elementor" "Mozilla/5.0 (Windows NT 10.0; Win64; x64) AppleWebKit/537.36 (KHTML, like Gecko) Chrome/150.0.0.0 Safari/537.36"
102.89.45.104 - - [22/Jul/2026:14:17:04 +0000] "POST /wp-admin/admin-ajax.php HTTP/1.1" 200 77 "https://salemconcept.shop/wp-admin/post.php?post=23&action=elementor" "Mozilla/5.0 (Windows NT 10.0; Win64; x64) AppleWebKit/537.36 (KHTML, like Gecko) Chrome/150.0.0.0 Safari/537.36"
102.89.45.104 - - [22/Jul/2026:14:17:20 +0000] "POST /wp-admin/admin-ajax.php HTTP/1.1" 200 77 "https://salemconcept.shop/wp-admin/post.php?post=23&action=elementor" "Mozilla/5.0 (Windows NT 10.0; Win64; x64) AppleWebKit/537.36 (KHTML, like Gecko) Chrome/150.0.0.0 Safari/537.36"
102.89.45.104 - - [22/Jul/2026:14:17:34 +0000] "POST /wp-admin/admin-ajax.php HTTP/1.1" 200 77 "https://salemconcept.shop/wp-admin/post.php?post=23&action=elementor" "Mozilla/5.0 (Windows NT 10.0; Win64; x64) AppleWebKit/537.36 (KHTML, like Gecko) Chrome/150.0.0.0 Safari/537.36"
198.177.124.148 - - [22/Jul/2026:14:17:51 +0000] "POST /wp-cron.php?doing_wp_cron=1784729871.6453180313110351562500 HTTP/1.1" 200 - "-" "WordPress/7.0.2; https://salemconcept.shop"
102.89.45.104 - - [22/Jul/2026:14:17:50 +0000] "POST /wp-admin/admin-ajax.php HTTP/1.1" 200 77 "https://salemconcept.shop/wp-admin/post.php?post=23&action=elementor" "Mozilla/5.0 (Windows NT 10.0; Win64; x64) AppleWebKit/537.36 (KHTML, like Gecko) Chrome/150.0.0.0 Safari/537.36"
102.89.45.104 - - [22/Jul/2026:14:18:04 +0000] "POST /wp-admin/admin-ajax.php HTTP/1.1" 200 77 "https://salemconcept.shop/wp-admin/post.php?post=23&action=elementor" "Mozilla/5.0 (Windows NT 10.0; Win64; x64) AppleWebKit/537.36 (KHTML, like Gecko) Chrome/150.0.0.0 Safari/537.36"
102.89.45.104 - - [22/Jul/2026:14:18:07 +0000] "POST /wp-admin/admin-ajax.php HTTP/1.1" 200 77 "https://salemconcept.shop/wp-admin/post.php?post=23&action=elementor" "Mozilla/5.0 (Windows NT 10.0; Win64; x64) AppleWebKit/537.36 (KHTML, like Gecko) Chrome/150.0.0.0 Safari/537.36"
102.89.45.104 - - [22/Jul/2026:14:18:20 +0000] "POST /wp-admin/admin-ajax.php HTTP/1.1" 200 77 "https://salemconcept.shop/wp-admin/post.php?post=23&action=elementor" "Mozilla/5.0 (Windows NT 10.0; Win64; x64) AppleWebKit/537.36 (KHTML, like Gecko) Chrome/150.0.0.0 Safari/537.36"
102.89.45.104 - - [22/Jul/2026:14:18:35 +0000] "POST /wp-admin/admin-ajax.php HTTP/1.1" 200 77 "https://salemconcept.shop/wp-admin/post.php?post=23&action=elementor" "Mozilla/5.0 (Windows NT 10.0; Win64; x64) AppleWebKit/537.36 (KHTML, like Gecko) Chrome/150.0.0.0 Safari/537.36"
198.177.124.148 - - [22/Jul/2026:14:18:53 +0000] "POST /wp-cron.php?doing_wp_cron=1784729933.1178729534149169921875 HTTP/1.1" 200 - "-" "WordPress/7.0.2; https://salemconcept.shop"
102.89.45.104 - - [22/Jul/2026:14:18:51 +0000] "POST /wp-admin/admin-ajax.php HTTP/1.1" 200 77 "https://salemconcept.shop/wp-admin/post.php?post=23&action=elementor" "Mozilla/5.0 (Windows NT 10.0; Win64; x64) AppleWebKit/537.36 (KHTML, like Gecko) Chrome/150.0.0.0 Safari/537.36"
102.89.45.104 - - [22/Jul/2026:14:19:05 +0000] "POST /wp-admin/admin-ajax.php HTTP/1.1" 200 77 "https://salemconcept.shop/wp-admin/post.php?post=23&action=elementor" "Mozilla/5.0 (Windows NT 10.0; Win64; x64) AppleWebKit/537.36 (KHTML, like Gecko) Chrome/150.0.0.0 Safari/537.36"
102.89.45.104 - - [22/Jul/2026:14:19:20 +0000] "POST /wp-admin/admin-ajax.php HTTP/1.1" 200 77 "https://salemconcept.shop/wp-admin/post.php?post=23&action=elementor" "Mozilla/5.0 (Windows NT 10.0; Win64; x64) AppleWebKit/537.36 (KHTML, like Gecko) Chrome/150.0.0.0 Safari/537.36"
102.89.45.104 - - [22/Jul/2026:14:19:35 +0000] "POST /wp-admin/admin-ajax.php HTTP/1.1" 200 77 "https://salemconcept.shop/wp-admin/post.php?post=23&action=elementor" "Mozilla/5.0 (Windows NT 10.0; Win64; x64) AppleWebKit/537.36 (KHTML, like Gecko) Chrome/150.0.0.0 Safari/537.36"
198.177.124.148 - - [22/Jul/2026:14:19:52 +0000] "POST /wp-cron.php?doing_wp_cron=1784729992.7703299522399902343750 HTTP/1.1" 200 - "-" "WordPress/7.0.2; https://salemconcept.shop"
102.89.45.104 - - [22/Jul/2026:14:19:50 +0000] "POST /wp-admin/admin-ajax.php HTTP/1.1" 200 77 "https://salemconcept.shop/wp-admin/post.php?post=23&action=elementor" "Mozilla/5.0 (Windows NT 10.0; Win64; x64) AppleWebKit/537.36 (KHTML, like Gecko) Chrome/150.0.0.0 Safari/537.36"
102.89.45.104 - - [22/Jul/2026:14:20:05 +0000] "POST /wp-admin/admin-ajax.php HTTP/1.1" 200 77 "https://salemconcept.shop/wp-admin/post.php?post=23&action=elementor" "Mozilla/5.0 (Windows NT 10.0; Win64; x64) AppleWebKit/537.36 (KHTML, like Gecko) Chrome/150.0.0.0 Safari/537.36"
102.89.45.104 - - [22/Jul/2026:14:20:20 +0000] "POST /wp-admin/admin-ajax.php HTTP/1.1" 200 77 "https://salemconcept.shop/wp-admin/post.php?post=23&action=elementor" "Mozilla/5.0 (Windows NT 10.0; Win64; x64) AppleWebKit/537.36 (KHTML, like Gecko) Chrome/150.0.0.0 Safari/537.36"
74.7.228.22 - - [22/Jul/2026:14:20:30 +0000] "GET /robots.txt HTTP/1.1" 301 - "-" "Mozilla/5.0 (Macintosh; Intel Mac OS X 10_15_7) AppleWebKit/537.36 (KHTML, like Gecko) Chrome/131.0.0.0 Safari/537.36; compatible; OAI-SearchBot/1.4; robots.txt; +https://openai.com/searchbot"
74.7.228.22 - - [22/Jul/2026:14:20:32 +0000] "GET /robots.txt HTTP/1.1" 200 118 "https://www.salemconcept.shop/robots.txt" "Mozilla/5.0 (Macintosh; Intel Mac OS X 10_15_7) AppleWebKit/537.36 (KHTML, like Gecko) Chrome/131.0.0.0 Safari/537.36; compatible; OAI-SearchBot/1.4; robots.txt; +https://openai.com/searchbot"
102.89.45.104 - - [22/Jul/2026:14:20:35 +0000] "POST /wp-admin/admin-ajax.php HTTP/1.1" 200 77 "https://salemconcept.shop/wp-admin/post.php?post=23&action=elementor" "Mozilla/5.0 (Windows NT 10.0; Win64; x64) AppleWebKit/537.36 (KHTML, like Gecko) Chrome/150.0.0.0 Safari/537.36"
198.177.124.148 - - [22/Jul/2026:14:20:53 +0000] "POST /wp-cron.php?doing_wp_cron=1784730052.9238629341125488281250 HTTP/1.1" 200 - "-" "WordPress/7.0.2; https://salemconcept.shop"
102.89.45.104 - - [22/Jul/2026:14:20:50 +0000] "POST /wp-admin/admin-ajax.php HTTP/1.1" 200 77 "https://salemconcept.shop/wp-admin/post.php?post=23&action=elementor" "Mozilla/5.0 (Windows NT 10.0; Win64; x64) AppleWebKit/537.36 (KHTML, like Gecko) Chrome/150.0.0.0 Safari/537.36"
102.89.45.104 - - [22/Jul/2026:14:21:05 +0000] "POST /wp-admin/admin-ajax.php HTTP/1.1" 200 77 "https://salemconcept.shop/wp-admin/post.php?post=23&action=elementor" "Mozilla/5.0 (Windows NT 10.0; Win64; x64) AppleWebKit/537.36 (KHTML, like Gecko) Chrome/150.0.0.0 Safari/537.36"
102.89.45.104 - - [22/Jul/2026:14:21:20 +0000] "POST /wp-admin/admin-ajax.php HTTP/1.1" 200 77 "https://salemconcept.shop/wp-admin/post.php?post=23&action=elementor" "Mozilla/5.0 (Windows NT 10.0; Win64; x64) AppleWebKit/537.36 (KHTML, like Gecko) Chrome/150.0.0.0 Safari/537.36"
102.89.45.104 - - [22/Jul/2026:14:21:35 +0000] "POST /wp-admin/admin-ajax.php HTTP/1.1" 200 77 "https://salemconcept.shop/wp-admin/post.php?post=23&action=elementor" "Mozilla/5.0 (Windows NT 10.0; Win64; x64) AppleWebKit/537.36 (KHTML, like Gecko) Chrome/150.0.0.0 Safari/537.36"
66.249.77.2 - - [22/Jul/2026:14:21:42 +0000] "GET /?f=31309265520 HTTP/1.1" 200 96377 "-" "Mozilla/5.0 (Linux; Android 6.0.1; Nexus 5X Build/MMB29P) AppleWebKit/537.36 (KHTML, like Gecko) Chrome/150.0.7871.128 Mobile Safari/537.36 (compatible; GoogleOther)"
198.177.124.148 - - [22/Jul/2026:14:21:53 +0000] "POST /wp-cron.php?doing_wp_cron=1784730113.1087610721588134765625 HTTP/1.1" 200 - "-" "WordPress/7.0.2; https://salemconcept.shop"
102.89.45.104 - - [22/Jul/2026:14:21:50 +0000] "POST /wp-admin/admin-ajax.php HTTP/1.1" 200 77 "https://salemconcept.shop/wp-admin/post.php?post=23&action=elementor" "Mozilla/5.0 (Windows NT 10.0; Win64; x64) AppleWebKit/537.36 (KHTML, like Gecko) Chrome/150.0.0.0 Safari/537.36"
