102.89.43.249 - - [22/Jul/2026:10:14:25 +0000] "POST /wp-admin/admin-ajax.php HTTP/1.1" 200 47 "https://salemconcept.shop/wp-admin/edit.php?post_type=page" "Mozilla/5.0 (Windows NT 10.0; Win64; x64) AppleWebKit/537.36 (KHTML, like Gecko) Chrome/150.0.0.0 Safari/537.36"
102.89.43.249 - - [22/Jul/2026:10:14:34 +0000] "POST /wp-admin/admin-ajax.php HTTP/1.1" 200 47 "https://salemconcept.shop/wp-admin/edit.php?post_type=page" "Mozilla/5.0 (Windows NT 10.0; Win64; x64) AppleWebKit/537.36 (KHTML, like Gecko) Chrome/150.0.0.0 Safari/537.36"
102.89.43.249 - - [22/Jul/2026:10:14:45 +0000] "POST /wp-admin/admin-ajax.php HTTP/1.1" 200 47 "https://salemconcept.shop/wp-admin/edit.php?post_type=page" "Mozilla/5.0 (Windows NT 10.0; Win64; x64) AppleWebKit/537.36 (KHTML, like Gecko) Chrome/150.0.0.0 Safari/537.36"
102.89.43.249 - - [22/Jul/2026:10:14:54 +0000] "POST /wp-admin/admin-ajax.php HTTP/1.1" 200 47 "https://salemconcept.shop/wp-admin/edit.php?post_type=page" "Mozilla/5.0 (Windows NT 10.0; Win64; x64) AppleWebKit/537.36 (KHTML, like Gecko) Chrome/150.0.0.0 Safari/537.36"
102.89.43.249 - - [22/Jul/2026:10:15:05 +0000] "POST /wp-admin/admin-ajax.php HTTP/1.1" 200 47 "https://salemconcept.shop/wp-admin/edit.php?post_type=page" "Mozilla/5.0 (Windows NT 10.0; Win64; x64) AppleWebKit/537.36 (KHTML, like Gecko) Chrome/150.0.0.0 Safari/537.36"
102.89.43.249 - - [22/Jul/2026:10:15:15 +0000] "POST /wp-admin/admin-ajax.php HTTP/1.1" 200 47 "https://salemconcept.shop/wp-admin/edit.php?post_type=page" "Mozilla/5.0 (Windows NT 10.0; Win64; x64) AppleWebKit/537.36 (KHTML, like Gecko) Chrome/150.0.0.0 Safari/537.36"
102.89.43.249 - - [22/Jul/2026:10:15:26 +0000] "POST /wp-admin/admin-ajax.php HTTP/1.1" 200 47 "https://salemconcept.shop/wp-admin/edit.php?post_type=page" "Mozilla/5.0 (Windows NT 10.0; Win64; x64) AppleWebKit/537.36 (KHTML, like Gecko) Chrome/150.0.0.0 Safari/537.36"
102.89.43.249 - - [22/Jul/2026:10:15:34 +0000] "POST /wp-admin/admin-ajax.php HTTP/1.1" 200 47 "https://salemconcept.shop/wp-admin/edit.php?post_type=page" "Mozilla/5.0 (Windows NT 10.0; Win64; x64) AppleWebKit/537.36 (KHTML, like Gecko) Chrome/150.0.0.0 Safari/537.36"
102.89.43.249 - - [22/Jul/2026:10:15:49 +0000] "POST /wp-admin/admin-ajax.php HTTP/1.1" 200 47 "https://salemconcept.shop/wp-admin/edit.php?post_type=page" "Mozilla/5.0 (Windows NT 10.0; Win64; x64) AppleWebKit/537.36 (KHTML, like Gecko) Chrome/150.0.0.0 Safari/537.36"
102.89.43.249 - - [22/Jul/2026:10:15:54 +0000] "POST /wp-admin/admin-ajax.php HTTP/1.1" 200 47 "https://salemconcept.shop/wp-admin/edit.php?post_type=page" "Mozilla/5.0 (Windows NT 10.0; Win64; x64) AppleWebKit/537.36 (KHTML, like Gecko) Chrome/150.0.0.0 Safari/537.36"
102.89.43.249 - - [22/Jul/2026:10:16:18 +0000] "POST /wp-admin/admin-ajax.php HTTP/1.1" 200 47 "https://salemconcept.shop/wp-admin/edit.php?post_type=page" "Mozilla/5.0 (Windows NT 10.0; Win64; x64) AppleWebKit/537.36 (KHTML, like Gecko) Chrome/150.0.0.0 Safari/537.36"
102.89.43.249 - - [22/Jul/2026:10:16:19 +0000] "POST /wp-admin/admin-ajax.php HTTP/1.1" 200 47 "https://salemconcept.shop/wp-admin/edit.php?post_type=page" "Mozilla/5.0 (Windows NT 10.0; Win64; x64) AppleWebKit/537.36 (KHTML, like Gecko) Chrome/150.0.0.0 Safari/537.36"
102.89.43.249 - - [22/Jul/2026:10:16:29 +0000] "POST /wp-admin/admin-ajax.php HTTP/1.1" 200 47 "https://salemconcept.shop/wp-admin/edit.php?post_type=page" "Mozilla/5.0 (Windows NT 10.0; Win64; x64) AppleWebKit/537.36 (KHTML, like Gecko) Chrome/150.0.0.0 Safari/537.36"
102.89.43.249 - - [22/Jul/2026:10:16:57 +0000] "POST /wp-admin/admin-ajax.php HTTP/1.1" 200 47 "https://salemconcept.shop/wp-admin/edit.php?post_type=page" "Mozilla/5.0 (Windows NT 10.0; Win64; x64) AppleWebKit/537.36 (KHTML, like Gecko) Chrome/150.0.0.0 Safari/537.36"
102.89.43.249 - - [22/Jul/2026:10:16:59 +0000] "POST /wp-admin/admin-ajax.php HTTP/1.1" 200 47 "https://salemconcept.shop/wp-admin/edit.php?post_type=page" "Mozilla/5.0 (Windows NT 10.0; Win64; x64) AppleWebKit/537.36 (KHTML, like Gecko) Chrome/150.0.0.0 Safari/537.36"
102.89.43.249 - - [22/Jul/2026:10:17:09 +0000] "POST /wp-admin/admin-ajax.php HTTP/1.1" 200 47 "https://salemconcept.shop/wp-admin/edit.php?post_type=page" "Mozilla/5.0 (Windows NT 10.0; Win64; x64) AppleWebKit/537.36 (KHTML, like Gecko) Chrome/150.0.0.0 Safari/537.36"
102.89.43.249 - - [22/Jul/2026:10:17:21 +0000] "POST /wp-admin/admin-ajax.php HTTP/1.1" 200 47 "https://salemconcept.shop/wp-admin/edit.php?post_type=page" "Mozilla/5.0 (Windows NT 10.0; Win64; x64) AppleWebKit/537.36 (KHTML, like Gecko) Chrome/150.0.0.0 Safari/537.36"
102.89.43.249 - - [22/Jul/2026:10:17:29 +0000] "POST /wp-admin/admin-ajax.php HTTP/1.1" 200 47 "https://salemconcept.shop/wp-admin/edit.php?post_type=page" "Mozilla/5.0 (Windows NT 10.0; Win64; x64) AppleWebKit/537.36 (KHTML, like Gecko) Chrome/150.0.0.0 Safari/537.36"
102.89.43.249 - - [22/Jul/2026:10:18:08 +0000] "POST /wp-admin/admin-ajax.php HTTP/1.1" 200 47 "https://salemconcept.shop/wp-admin/edit.php?post_type=page" "Mozilla/5.0 (Windows NT 10.0; Win64; x64) AppleWebKit/537.36 (KHTML, like Gecko) Chrome/150.0.0.0 Safari/537.36"
102.89.43.249 - - [22/Jul/2026:10:18:19 +0000] "POST /wp-admin/admin-ajax.php HTTP/1.1" 200 47 "https://salemconcept.shop/wp-admin/edit.php?post_type=page" "Mozilla/5.0 (Windows NT 10.0; Win64; x64) AppleWebKit/537.36 (KHTML, like Gecko) Chrome/150.0.0.0 Safari/537.36"
102.89.43.249 - - [22/Jul/2026:10:18:39 +0000] "POST /wp-admin/admin-ajax.php HTTP/1.1" 200 47 "https://salemconcept.shop/wp-admin/edit.php?post_type=page" "Mozilla/5.0 (Windows NT 10.0; Win64; x64) AppleWebKit/537.36 (KHTML, like Gecko) Chrome/150.0.0.0 Safari/537.36"
102.89.43.249 - - [22/Jul/2026:10:18:40 +0000] "POST /wp-admin/admin-ajax.php HTTP/1.1" 200 47 "https://salemconcept.shop/wp-admin/edit.php?post_type=page" "Mozilla/5.0 (Windows NT 10.0; Win64; x64) AppleWebKit/537.36 (KHTML, like Gecko) Chrome/150.0.0.0 Safari/537.36"
102.89.43.249 - - [22/Jul/2026:10:18:50 +0000] "POST /wp-admin/admin-ajax.php HTTP/1.1" 200 47 "https://salemconcept.shop/wp-admin/edit.php?post_type=page" "Mozilla/5.0 (Windows NT 10.0; Win64; x64) AppleWebKit/537.36 (KHTML, like Gecko) Chrome/150.0.0.0 Safari/537.36"
102.89.43.249 - - [22/Jul/2026:10:19:11 +0000] "POST /wp-admin/admin-ajax.php HTTP/1.1" 200 47 "https://salemconcept.shop/wp-admin/edit.php?post_type=page" "Mozilla/5.0 (Windows NT 10.0; Win64; x64) AppleWebKit/537.36 (KHTML, like Gecko) Chrome/150.0.0.0 Safari/537.36"
102.89.43.249 - - [22/Jul/2026:10:19:13 +0000] "POST /wp-admin/admin-ajax.php HTTP/1.1" 200 47 "https://salemconcept.shop/wp-admin/edit.php?post_type=page" "Mozilla/5.0 (Windows NT 10.0; Win64; x64) AppleWebKit/537.36 (KHTML, like Gecko) Chrome/150.0.0.0 Safari/537.36"
102.89.43.249 - - [22/Jul/2026:10:19:23 +0000] "POST /wp-admin/admin-ajax.php HTTP/1.1" 200 47 "https://salemconcept.shop/wp-admin/edit.php?post_type=page" "Mozilla/5.0 (Windows NT 10.0; Win64; x64) AppleWebKit/537.36 (KHTML, like Gecko) Chrome/150.0.0.0 Safari/537.36"
102.89.43.249 - - [22/Jul/2026:10:19:45 +0000] "POST /wp-admin/admin-ajax.php HTTP/1.1" 200 47 "https://salemconcept.shop/wp-admin/edit.php?post_type=page" "Mozilla/5.0 (Windows NT 10.0; Win64; x64) AppleWebKit/537.36 (KHTML, like Gecko) Chrome/150.0.0.0 Safari/537.36"
102.89.43.249 - - [22/Jul/2026:10:19:46 +0000] "POST /wp-admin/admin-ajax.php HTTP/1.1" 200 47 "https://salemconcept.shop/wp-admin/edit.php?post_type=page" "Mozilla/5.0 (Windows NT 10.0; Win64; x64) AppleWebKit/537.36 (KHTML, like Gecko) Chrome/150.0.0.0 Safari/537.36"
102.89.43.249 - - [22/Jul/2026:10:19:56 +0000] "POST /wp-admin/admin-ajax.php HTTP/1.1" 200 47 "https://salemconcept.shop/wp-admin/edit.php?post_type=page" "Mozilla/5.0 (Windows NT 10.0; Win64; x64) AppleWebKit/537.36 (KHTML, like Gecko) Chrome/150.0.0.0 Safari/537.36"
102.89.43.249 - - [22/Jul/2026:10:20:07 +0000] "POST /wp-admin/admin-ajax.php HTTP/1.1" 200 47 "https://salemconcept.shop/wp-admin/edit.php?post_type=page" "Mozilla/5.0 (Windows NT 10.0; Win64; x64) AppleWebKit/537.36 (KHTML, like Gecko) Chrome/150.0.0.0 Safari/537.36"
198.177.124.148 - - [22/Jul/2026:10:20:17 +0000] "POST /wp-cron.php?doing_wp_cron=1784715617.1572530269622802734375 HTTP/1.1" 200 - "-" "WordPress/7.0.2; https://salemconcept.shop"
102.89.43.249 - - [22/Jul/2026:10:20:16 +0000] "POST /wp-admin/admin-ajax.php HTTP/1.1" 200 47 "https://salemconcept.shop/wp-admin/edit.php?post_type=page" "Mozilla/5.0 (Windows NT 10.0; Win64; x64) AppleWebKit/537.36 (KHTML, like Gecko) Chrome/150.0.0.0 Safari/537.36"
198.177.124.148 - - [22/Jul/2026:10:34:43 +0000] "POST /wp-cron.php?doing_wp_cron=1784716483.9428548812866210937500 HTTP/1.1" 200 - "-" "WordPress/7.0.2; https://salemconcept.shop"
216.73.163.69 - - [22/Jul/2026:10:34:42 +0000] "POST /wp-login.php HTTP/1.1" 200 5127 "-" "Mozilla/5.0 (X11; U; Linux i686; en-US; rv:1.9.0.2) Gecko/2008091816 Red Hat/3.0.2-3.el5 Firefox/3.0.2"
198.177.124.148 - - [22/Jul/2026:10:45:05 +0000] "POST /wp-cron.php?doing_wp_cron=1784717105.6552929878234863281250 HTTP/1.1" 200 - "-" "WordPress/7.0.2; https://salemconcept.shop"
66.249.77.3 - - [22/Jul/2026:10:45:03 +0000] "GET /robots.txt HTTP/1.1" 200 118 "-" "Mozilla/5.0 (compatible; Googlebot/2.1; +http://www.google.com/bot.html)"
198.177.124.148 - - [22/Jul/2026:10:46:17 +0000] "POST /wp-cron.php?doing_wp_cron=1784717177.8729600906372070312500 HTTP/1.1" 200 - "-" "WordPress/7.0.2; https://salemconcept.shop"
66.249.77.3 - - [22/Jul/2026:10:46:16 +0000] "GET /?u=28438255262 HTTP/1.1" 200 97035 "-" "Mozilla/5.0 (Linux; Android 6.0.1; Nexus 5X Build/MMB29P) AppleWebKit/537.36 (KHTML, like Gecko) Chrome/150.0.7871.128 Mobile Safari/537.36 (compatible; GoogleOther)"
198.177.124.148 - - [22/Jul/2026:10:58:47 +0000] "POST /wp-cron.php?doing_wp_cron=1784717927.1314709186553955078125 HTTP/1.1" 200 - "-" "WordPress/7.0.2; https://salemconcept.shop"
216.73.163.59 - - [22/Jul/2026:10:58:44 +0000] "POST /wp-login.php HTTP/1.1" 200 5127 "-" "Mozilla/5.0 (X11; U; Linux x86; en-US; rv:1.8.1.6) Gecko/20061201 Firefox/2.0.0.6 (Ubuntu-feisty)"
198.177.124.148 - - [22/Jul/2026:11:02:37 +0000] "POST /wp-cron.php?doing_wp_cron=1784718157.1901218891143798828125 HTTP/1.1" 200 - "-" "WordPress/7.0.2; https://salemconcept.shop"
102.89.45.104 - - [22/Jul/2026:11:02:33 +0000] "GET /wp-admin/ HTTP/1.1" 200 219079 "-" "Mozilla/5.0 (Windows NT 10.0; Win64; x64) AppleWebKit/537.36 (KHTML, like Gecko) Chrome/150.0.0.0 Safari/537.36"
198.177.124.148 - - [22/Jul/2026:11:02:47 +0000] "POST /wp-cron.php?doing_wp_cron=1784718167.8965311050415039062500 HTTP/1.1" 200 - "-" "WordPress/7.0.2; https://salemconcept.shop"
102.89.45.104 - - [22/Jul/2026:11:02:45 +0000] "POST /wp-admin/admin-ajax.php HTTP/1.1" 200 100 "https://salemconcept.shop/wp-admin/" "Mozilla/5.0 (Windows NT 10.0; Win64; x64) AppleWebKit/537.36 (KHTML, like Gecko) Chrome/150.0.0.0 Safari/537.36"
102.89.45.104 - - [22/Jul/2026:11:02:46 +0000] "GET /favicon.ico HTTP/1.1" 302 - "https://salemconcept.shop/wp-admin/" "Mozilla/5.0 (Windows NT 10.0; Win64; x64) AppleWebKit/537.36 (KHTML, like Gecko) Chrome/150.0.0.0 Safari/537.36"
102.89.45.104 - - [22/Jul/2026:11:02:56 +0000] "GET /wp-admin/post-new.php?post_type=page HTTP/1.1" 200 671474 "https://salemconcept.shop/wp-admin/" "Mozilla/5.0 (Windows NT 10.0; Win64; x64) AppleWebKit/537.36 (KHTML, like Gecko) Chrome/150.0.0.0 Safari/537.36"
102.89.45.104 - - [22/Jul/2026:11:03:09 +0000] "GET /wp-includes/js/dist/patterns.min.js?ver=714c49ed2942c98d088f HTTP/1.1" 304 - "https://salemconcept.shop/wp-admin/post-new.php?post_type=page" "Mozilla/5.0 (Windows NT 10.0; Win64; x64) AppleWebKit/537.36 (KHTML, like Gecko) Chrome/150.0.0.0 Safari/537.36"
102.89.45.104 - - [22/Jul/2026:11:03:09 +0000] "GET /wp-includes/js/dist/server-side-render.min.js?ver=10a51bf05ced35b78092 HTTP/1.1" 304 - "https://salemconcept.shop/wp-admin/post-new.php?post_type=page" "Mozilla/5.0 (Windows NT 10.0; Win64; x64) AppleWebKit/537.36 (KHTML, like Gecko) Chrome/150.0.0.0 Safari/537.36"
102.89.45.104 - - [22/Jul/2026:11:03:09 +0000] "GET /wp-includes/js/dist/wordcount.min.js?ver=3b928d5db8724a8614dd HTTP/1.1" 304 - "https://salemconcept.shop/wp-admin/post-new.php?post_type=page" "Mozilla/5.0 (Windows NT 10.0; Win64; x64) AppleWebKit/537.36 (KHTML, like Gecko) Chrome/150.0.0.0 Safari/537.36"
102.89.45.104 - - [22/Jul/2026:11:03:09 +0000] "GET /wp-includes/js/dist/media-utils.min.js?ver=85f1375ab5f23cd5d13c HTTP/1.1" 304 - "https://salemconcept.shop/wp-admin/post-new.php?post_type=page" "Mozilla/5.0 (Windows NT 10.0; Win64; x64) AppleWebKit/537.36 (KHTML, like Gecko) Chrome/150.0.0.0 Safari/537.36"
102.89.45.104 - - [22/Jul/2026:11:03:09 +0000] "GET /wp-includes/js/dist/viewport.min.js?ver=8614025b8075d220d78f HTTP/1.1" 304 - "https://salemconcept.shop/wp-admin/post-new.php?post_type=page" "Mozilla/5.0 (Windows NT 10.0; Win64; x64) AppleWebKit/537.36 (KHTML, like Gecko) Chrome/150.0.0.0 Safari/537.36"
102.89.45.104 - - [22/Jul/2026:11:03:09 +0000] "GET /wp-includes/js/dist/plugins.min.js?ver=72e3cf01c2b3535a9432 HTTP/1.1" 304 - "https://salemconcept.shop/wp-admin/post-new.php?post_type=page" "Mozilla/5.0 (Windows NT 10.0; Win64; x64) AppleWebKit/537.36 (KHTML, like Gecko) Chrome/150.0.0.0 Safari/537.36"
102.89.45.104 - - [22/Jul/2026:11:03:09 +0000] "GET /wp-includes/js/dist/widgets.min.js?ver=02b8dd683bc610f979fa HTTP/1.1" 304 - "https://salemconcept.shop/wp-admin/post-new.php?post_type=page" "Mozilla/5.0 (Windows NT 10.0; Win64; x64) AppleWebKit/537.36 (KHTML, like Gecko) Chrome/150.0.0.0 Safari/537.36"
102.89.45.104 - - [22/Jul/2026:11:03:10 +0000] "GET /wp-includes/js/dist/edit-post.min.js?ver=28ef50b859708963e197 HTTP/1.1" 304 - "https://salemconcept.shop/wp-admin/post-new.php?post_type=page" "Mozilla/5.0 (Windows NT 10.0; Win64; x64) AppleWebKit/537.36 (KHTML, like Gecko) Chrome/150.0.0.0 Safari/537.36"
102.89.45.104 - - [22/Jul/2026:11:03:10 +0000] "GET /wp-includes/js/dist/format-library.min.js?ver=f89be9586f2d9ce4545a HTTP/1.1" 304 - "https://salemconcept.shop/wp-admin/post-new.php?post_type=page" "Mozilla/5.0 (Windows NT 10.0; Win64; x64) AppleWebKit/537.36 (KHTML, like Gecko) Chrome/150.0.0.0 Safari/537.36"
102.89.45.104 - - [22/Jul/2026:11:03:10 +0000] "GET /wp-includes/js/dist/block-directory.min.js?ver=23207f52d0d266f6e1c4 HTTP/1.1" 304 - "https://salemconcept.shop/wp-admin/post-new.php?post_type=page" "Mozilla/5.0 (Windows NT 10.0; Win64; x64) AppleWebKit/537.36 (KHTML, like Gecko) Chrome/150.0.0.0 Safari/537.36"
102.89.45.104 - - [22/Jul/2026:11:03:14 +0000] "GET /wp-json/wpforms/v1/themes/?_locale=user HTTP/1.1" 200 9111 "https://salemconcept.shop/wp-admin/post-new.php?post_type=page" "Mozilla/5.0 (Windows NT 10.0; Win64; x64) AppleWebKit/537.36 (KHTML, like Gecko) Chrome/150.0.0.0 Safari/537.36"
102.89.45.104 - - [22/Jul/2026:11:03:16 +0000] "OPTIONS /wp-json/wp/v2/settings?_locale=user HTTP/1.1" 200 5753 "https://salemconcept.shop/wp-admin/post-new.php?post_type=page" "Mozilla/5.0 (Windows NT 10.0; Win64; x64) AppleWebKit/537.36 (KHTML, like Gecko) Chrome/150.0.0.0 Safari/537.36"
102.89.45.104 - - [22/Jul/2026:11:03:16 +0000] "GET /wp-json/wp/v2/templates/lookup?slug=front-page&_locale=user HTTP/1.1" 200 28304 "https://salemconcept.shop/wp-admin/post-new.php?post_type=page" "Mozilla/5.0 (Windows NT 10.0; Win64; x64) AppleWebKit/537.36 (KHTML, like Gecko) Chrome/150.0.0.0 Safari/537.36"
102.89.45.104 - - [22/Jul/2026:11:03:17 +0000] "GET /wp-json/wp/v2/comments?context=edit&post=39&type=note&status=all&per_page=100&_locale=user HTTP/1.1" 200 2 "https://salemconcept.shop/wp-admin/post-new.php?post_type=page" "Mozilla/5.0 (Windows NT 10.0; Win64; x64) AppleWebKit/537.36 (KHTML, like Gecko) Chrome/150.0.0.0 Safari/537.36"
102.89.45.104 - - [22/Jul/2026:11:03:18 +0000] "GET /wp-json/wp/v2/blocks?context=edit&per_page=100&page=1&_locale=user HTTP/1.1" 200 2 "https://salemconcept.shop/wp-admin/post-new.php?post_type=page" "Mozilla/5.0 (Windows NT 10.0; Win64; x64) AppleWebKit/537.36 (KHTML, like Gecko) Chrome/150.0.0.0 Safari/537.36"
102.89.45.104 - - [22/Jul/2026:11:03:18 +0000] "GET /wp-json/wp/v2/users/1?context=view&_fields=id%2Cname&_locale=user HTTP/1.1" 200 23 "https://salemconcept.shop/wp-admin/post-new.php?post_type=page" "Mozilla/5.0 (Windows NT 10.0; Win64; x64) AppleWebKit/537.36 (KHTML, like Gecko) Chrome/150.0.0.0 Safari/537.36"
102.89.45.104 - - [22/Jul/2026:11:03:18 +0000] "GET /wp-json/wp/v2/block-patterns/patterns?_locale=user HTTP/1.1" 200 484802 "https://salemconcept.shop/wp-admin/post-new.php?post_type=page" "Mozilla/5.0 (Windows NT 10.0; Win64; x64) AppleWebKit/537.36 (KHTML, like Gecko) Chrome/150.0.0.0 Safari/537.36"
102.89.45.104 - - [22/Jul/2026:11:03:20 +0000] "GET /wp-json/wp/v2/wp_pattern_category?context=view&per_page=100&_fields=id%2Cname%2Cdescription%2Cslug&_locale=user HTTP/1.1" 200 2 "https://salemconcept.shop/wp-admin/post-new.php?post_type=page" "Mozilla/5.0 (Windows NT 10.0; Win64; x64) AppleWebKit/537.36 (KHTML, like Gecko) Chrome/150.0.0.0 Safari/537.36"
102.89.45.104 - - [22/Jul/2026:11:03:20 +0000] "GET /wp-json/wp/v2/taxonomies?context=edit&per_page=100&_locale=user HTTP/1.1" 200 8280 "https://salemconcept.shop/wp-admin/post-new.php?post_type=page" "Mozilla/5.0 (Windows NT 10.0; Win64; x64) AppleWebKit/537.36 (KHTML, like Gecko) Chrome/150.0.0.0 Safari/537.36"
102.89.45.104 - - [22/Jul/2026:11:03:23 +0000] "POST /wp-admin/admin-ajax.php HTTP/1.1" 200 1 "https://salemconcept.shop/wp-admin/post-new.php?post_type=page" "Mozilla/5.0 (Windows NT 10.0; Win64; x64) AppleWebKit/537.36 (KHTML, like Gecko) Chrome/150.0.0.0 Safari/537.36"
102.89.45.104 - - [22/Jul/2026:11:03:22 +0000] "GET /wp-admin/ HTTP/1.1" 200 219153 "-" "Mozilla/5.0 (Windows NT 10.0; Win64; x64) AppleWebKit/537.36 (KHTML, like Gecko) Chrome/150.0.0.0 Safari/537.36"
102.89.45.104 - - [22/Jul/2026:11:03:25 +0000] "POST /wp-admin/admin-ajax.php HTTP/1.1" 200 98 "https://salemconcept.shop/wp-admin/post-new.php?post_type=page" "Mozilla/5.0 (Windows NT 10.0; Win64; x64) AppleWebKit/537.36 (KHTML, like Gecko) Chrome/150.0.0.0 Safari/537.36"
102.89.45.104 - - [22/Jul/2026:11:03:26 +0000] "GET /wp-content/themes/twentytwentyfour/assets/images/museum.webp HTTP/1.1" 200 123690 "-" "Mozilla/5.0 (Windows NT 10.0; Win64; x64) AppleWebKit/537.36 (KHTML, like Gecko) Chrome/150.0.0.0 Safari/537.36"
102.89.45.104 - - [22/Jul/2026:11:03:26 +0000] "GET /wp-content/themes/twentytwentyfour/assets/images/abstract-geometric-art.webp HTTP/1.1" 200 100774 "-" "Mozilla/5.0 (Windows NT 10.0; Win64; x64) AppleWebKit/537.36 (KHTML, like Gecko) Chrome/150.0.0.0 Safari/537.36"
198.177.124.148 - - [22/Jul/2026:11:04:34 +0000] "POST /wp-cron.php?doing_wp_cron=1784718274.4658811092376708984375 HTTP/1.1" 200 - "-" "WordPress/7.0.2; https://salemconcept.shop"
102.89.45.104 - - [22/Jul/2026:11:04:32 +0000] "POST /wp-admin/admin-ajax.php HTTP/1.1" 200 47 "https://salemconcept.shop/wp-admin/" "Mozilla/5.0 (Windows NT 10.0; Win64; x64) AppleWebKit/537.36 (KHTML, like Gecko) Chrome/150.0.0.0 Safari/537.36"
198.177.124.148 - - [22/Jul/2026:11:05:09 +0000] "POST /wp-cron.php?doing_wp_cron=1784718308.9525740146636962890625 HTTP/1.1" 200 - "-" "WordPress/7.0.2; https://salemconcept.shop"
102.89.45.104 - - [22/Jul/2026:11:05:06 +0000] "GET /wp-admin/edit.php?post_type=page HTTP/1.1" 200 185213 "https://salemconcept.shop/wp-admin/" "Mozilla/5.0 (Windows NT 10.0; Win64; x64) AppleWebKit/537.36 (KHTML, like Gecko) Chrome/150.0.0.0 Safari/537.36"
102.89.45.104 - - [22/Jul/2026:11:05:13 +0000] "POST /wp-admin/admin-ajax.php HTTP/1.1" 200 47 "https://salemconcept.shop/wp-admin/edit.php?post_type=page" "Mozilla/5.0 (Windows NT 10.0; Win64; x64) AppleWebKit/537.36 (KHTML, like Gecko) Chrome/150.0.0.0 Safari/537.36"
102.89.45.104 - - [22/Jul/2026:11:05:23 +0000] "POST /wp-admin/admin-ajax.php HTTP/1.1" 200 47 "https://salemconcept.shop/wp-admin/edit.php?post_type=page" "Mozilla/5.0 (Windows NT 10.0; Win64; x64) AppleWebKit/537.36 (KHTML, like Gecko) Chrome/150.0.0.0 Safari/537.36"
102.89.45.104 - - [22/Jul/2026:11:05:34 +0000] "POST /wp-admin/admin-ajax.php HTTP/1.1" 200 47 "https://salemconcept.shop/wp-admin/edit.php?post_type=page" "Mozilla/5.0 (Windows NT 10.0; Win64; x64) AppleWebKit/537.36 (KHTML, like Gecko) Chrome/150.0.0.0 Safari/537.36"
102.89.45.104 - - [22/Jul/2026:11:05:43 +0000] "POST /wp-admin/admin-ajax.php HTTP/1.1" 200 47 "https://salemconcept.shop/wp-admin/edit.php?post_type=page" "Mozilla/5.0 (Windows NT 10.0; Win64; x64) AppleWebKit/537.36 (KHTML, like Gecko) Chrome/150.0.0.0 Safari/537.36"
198.177.124.148 - - [22/Jul/2026:11:05:55 +0000] "POST /wp-cron.php?doing_wp_cron=1784718355.8468821048736572265625 HTTP/1.1" 200 - "-" "WordPress/7.0.2; https://salemconcept.shop"
102.89.45.104 - - [22/Jul/2026:11:05:54 +0000] "POST /wp-admin/admin-ajax.php HTTP/1.1" 200 47 "https://salemconcept.shop/wp-admin/edit.php?post_type=page" "Mozilla/5.0 (Windows NT 10.0; Win64; x64) AppleWebKit/537.36 (KHTML, like Gecko) Chrome/150.0.0.0 Safari/537.36"
102.89.45.104 - - [22/Jul/2026:11:06:03 +0000] "POST /wp-admin/admin-ajax.php HTTP/1.1" 200 47 "https://salemconcept.shop/wp-admin/edit.php?post_type=page" "Mozilla/5.0 (Windows NT 10.0; Win64; x64) AppleWebKit/537.36 (KHTML, like Gecko) Chrome/150.0.0.0 Safari/537.36"
102.89.45.104 - - [22/Jul/2026:11:06:06 +0000] "GET /wp-admin/post.php?post=23&action=edit HTTP/1.1" 200 671447 "https://salemconcept.shop/wp-admin/edit.php?post_type=page" "Mozilla/5.0 (Windows NT 10.0; Win64; x64) AppleWebKit/537.36 (KHTML, like Gecko) Chrome/150.0.0.0 Safari/537.36"
102.89.45.104 - - [22/Jul/2026:11:06:17 +0000] "GET /wp-json/wpforms/v1/themes/?_locale=user HTTP/1.1" 200 9111 "https://salemconcept.shop/wp-admin/post.php?post=23&action=edit" "Mozilla/5.0 (Windows NT 10.0; Win64; x64) AppleWebKit/537.36 (KHTML, like Gecko) Chrome/150.0.0.0 Safari/537.36"
102.89.45.104 - - [22/Jul/2026:11:06:19 +0000] "OPTIONS /wp-json/wp/v2/settings?_locale=user HTTP/1.1" 200 5753 "https://salemconcept.shop/wp-admin/post.php?post=23&action=edit" "Mozilla/5.0 (Windows NT 10.0; Win64; x64) AppleWebKit/537.36 (KHTML, like Gecko) Chrome/150.0.0.0 Safari/537.36"
102.89.45.104 - - [22/Jul/2026:11:06:19 +0000] "GET /wp-json/wp/v2/templates/lookup?slug=front-page&_locale=user HTTP/1.1" 200 28304 "https://salemconcept.shop/wp-admin/post.php?post=23&action=edit" "Mozilla/5.0 (Windows NT 10.0; Win64; x64) AppleWebKit/537.36 (KHTML, like Gecko) Chrome/150.0.0.0 Safari/537.36"
102.89.45.104 - - [22/Jul/2026:11:06:20 +0000] "GET /wp-json/wp/v2/comments?context=edit&post=23&type=note&status=all&per_page=100&_locale=user HTTP/1.1" 200 2 "https://salemconcept.shop/wp-admin/post.php?post=23&action=edit" "Mozilla/5.0 (Windows NT 10.0; Win64; x64) AppleWebKit/537.36 (KHTML, like Gecko) Chrome/150.0.0.0 Safari/537.36"
102.89.45.104 - - [22/Jul/2026:11:06:21 +0000] "GET /wp-json/wp/v2/blocks?context=edit&per_page=100&page=1&_locale=user HTTP/1.1" 200 2 "https://salemconcept.shop/wp-admin/post.php?post=23&action=edit" "Mozilla/5.0 (Windows NT 10.0; Win64; x64) AppleWebKit/537.36 (KHTML, like Gecko) Chrome/150.0.0.0 Safari/537.36"
102.89.45.104 - - [22/Jul/2026:11:06:21 +0000] "GET /wp-json/wp/v2/users/1?context=view&_fields=id%2Cname&_locale=user HTTP/1.1" 200 23 "https://salemconcept.shop/wp-admin/post.php?post=23&action=edit" "Mozilla/5.0 (Windows NT 10.0; Win64; x64) AppleWebKit/537.36 (KHTML, like Gecko) Chrome/150.0.0.0 Safari/537.36"
102.89.45.104 - - [22/Jul/2026:11:06:23 +0000] "GET /wp-json/wp/v2/taxonomies?context=edit&per_page=100&_locale=user HTTP/1.1" 200 8280 "https://salemconcept.shop/wp-admin/post.php?post=23&action=edit" "Mozilla/5.0 (Windows NT 10.0; Win64; x64) AppleWebKit/537.36 (KHTML, like Gecko) Chrome/150.0.0.0 Safari/537.36"
102.89.45.104 - - [22/Jul/2026:11:06:23 +0000] "GET /wp-json/wp/v2/wp_pattern_category?context=view&per_page=100&_fields=id%2Cname%2Cdescription%2Cslug&_locale=user HTTP/1.1" 200 2 "https://salemconcept.shop/wp-admin/post.php?post=23&action=edit" "Mozilla/5.0 (Windows NT 10.0; Win64; x64) AppleWebKit/537.36 (KHTML, like Gecko) Chrome/150.0.0.0 Safari/537.36"
102.89.45.104 - - [22/Jul/2026:11:06:21 +0000] "GET /wp-json/wp/v2/block-patterns/patterns?_locale=user HTTP/1.1" 200 484802 "https://salemconcept.shop/wp-admin/post.php?post=23&action=edit" "Mozilla/5.0 (Windows NT 10.0; Win64; x64) AppleWebKit/537.36 (KHTML, like Gecko) Chrome/150.0.0.0 Safari/537.36"
102.89.45.104 - - [22/Jul/2026:11:06:24 +0000] "GET /wp-json/wp/v2/templates/lookup?slug=front-page&_locale=user HTTP/1.1" 200 28304 "https://salemconcept.shop/wp-admin/post.php?post=23&action=edit" "Mozilla/5.0 (Windows NT 10.0; Win64; x64) AppleWebKit/537.36 (KHTML, like Gecko) Chrome/150.0.0.0 Safari/537.36"
102.89.45.104 - - [22/Jul/2026:11:06:28 +0000] "POST /wp-admin/admin-ajax.php HTTP/1.1" 200 98 "https://salemconcept.shop/wp-admin/post.php?post=23&action=edit" "Mozilla/5.0 (Windows NT 10.0; Win64; x64) AppleWebKit/537.36 (KHTML, like Gecko) Chrome/150.0.0.0 Safari/537.36"
102.89.45.104 - - [22/Jul/2026:11:06:30 +0000] "GET /wp-content/themes/twentytwentyfour/assets/images/abstract-geometric-art.webp HTTP/1.1" 200 100774 "-" "Mozilla/5.0 (Windows NT 10.0; Win64; x64) AppleWebKit/537.36 (KHTML, like Gecko) Chrome/150.0.0.0 Safari/537.36"
102.89.45.104 - - [22/Jul/2026:11:06:30 +0000] "GET /wp-content/themes/twentytwentyfour/assets/images/museum.webp HTTP/1.1" 200 123690 "-" "Mozilla/5.0 (Windows NT 10.0; Win64; x64) AppleWebKit/537.36 (KHTML, like Gecko) Chrome/150.0.0.0 Safari/537.36"
102.89.45.104 - - [22/Jul/2026:11:06:34 +0000] "GET /wp-content/themes/twentytwentyfour/assets/images/art-gallery.webp HTTP/1.1" 200 118230 "-" "Mozilla/5.0 (Windows NT 10.0; Win64; x64) AppleWebKit/537.36 (KHTML, like Gecko) Chrome/150.0.0.0 Safari/537.36"
102.89.45.104 - - [22/Jul/2026:11:06:35 +0000] "GET /wp-content/themes/twentytwentyfour/assets/images/building-exterior.webp HTTP/1.1" 200 199724 "-" "Mozilla/5.0 (Windows NT 10.0; Win64; x64) AppleWebKit/537.36 (KHTML, like Gecko) Chrome/150.0.0.0 Safari/537.36"
102.89.45.104 - - [22/Jul/2026:11:06:35 +0000] "GET /wp-content/themes/twentytwentyfour/assets/images/tourist-and-building.webp HTTP/1.1" 200 66482 "-" "Mozilla/5.0 (Windows NT 10.0; Win64; x64) AppleWebKit/537.36 (KHTML, like Gecko) Chrome/150.0.0.0 Safari/537.36"
102.89.45.104 - - [22/Jul/2026:11:06:35 +0000] "GET /wp-content/themes/twentytwentyfour/assets/fonts/cardo/cardo_italic_400.woff2 HTTP/1.1" 200 105184 "-" "Mozilla/5.0 (Windows NT 10.0; Win64; x64) AppleWebKit/537.36 (KHTML, like Gecko) Chrome/150.0.0.0 Safari/537.36"
102.89.45.104 - - [22/Jul/2026:11:06:37 +0000] "GET /wp-content/themes/twentytwentyfour/assets/images/icon-message.webp HTTP/1.1" 200 1258 "-" "Mozilla/5.0 (Windows NT 10.0; Win64; x64) AppleWebKit/537.36 (KHTML, like Gecko) Chrome/150.0.0.0 Safari/537.36"
102.89.45.104 - - [22/Jul/2026:11:06:35 +0000] "GET /wp-json/wp/v2/posts?context=edit&offset=0&order=desc&orderby=date&per_page=3&ignore_sticky=false&_locale=user HTTP/1.1" 200 3154 "https://salemconcept.shop/wp-admin/post.php?post=23&action=edit" "Mozilla/5.0 (Windows NT 10.0; Win64; x64) AppleWebKit/537.36 (KHTML, like Gecko) Chrome/150.0.0.0 Safari/537.36"
102.89.45.104 - - [22/Jul/2026:11:06:35 +0000] "GET /wp-json/wp/v2/posts?context=edit&offset=3&order=desc&orderby=date&per_page=3&sticky=false&_locale=user HTTP/1.1" 200 2 "https://salemconcept.shop/wp-admin/post.php?post=23&action=edit" "Mozilla/5.0 (Windows NT 10.0; Win64; x64) AppleWebKit/537.36 (KHTML, like Gecko) Chrome/150.0.0.0 Safari/537.36"
102.89.45.104 - - [22/Jul/2026:11:06:35 +0000] "GET /wp-json/wp/v2/posts?context=edit&offset=0&order=desc&orderby=date&per_page=10&ignore_sticky=false&_locale=user HTTP/1.1" 200 3154 "https://salemconcept.shop/wp-admin/post.php?post=23&action=edit" "Mozilla/5.0 (Windows NT 10.0; Win64; x64) AppleWebKit/537.36 (KHTML, like Gecko) Chrome/150.0.0.0 Safari/537.36"
102.89.45.104 - - [22/Jul/2026:11:06:36 +0000] "GET /wp-json/wp/v2/posts?context=edit&offset=6&order=desc&orderby=date&per_page=3&sticky=false&_locale=user HTTP/1.1" 200 2 "https://salemconcept.shop/wp-admin/post.php?post=23&action=edit" "Mozilla/5.0 (Windows NT 10.0; Win64; x64) AppleWebKit/537.36 (KHTML, like Gecko) Chrome/150.0.0.0 Safari/537.36"
102.89.45.104 - - [22/Jul/2026:11:06:36 +0000] "GET /wp-json/wp/v2/posts?context=edit&offset=9&order=desc&orderby=date&per_page=3&sticky=false&_locale=user HTTP/1.1" 200 2 "https://salemconcept.shop/wp-admin/post.php?post=23&action=edit" "Mozilla/5.0 (Windows NT 10.0; Win64; x64) AppleWebKit/537.36 (KHTML, like Gecko) Chrome/150.0.0.0 Safari/537.36"
102.89.45.104 - - [22/Jul/2026:11:06:38 +0000] "POST /wp-json/wp/v2/users/me?_locale=user HTTP/1.1" 200 2879 "https://salemconcept.shop/wp-admin/post.php?post=23&action=edit" "Mozilla/5.0 (Windows NT 10.0; Win64; x64) AppleWebKit/537.36 (KHTML, like Gecko) Chrome/150.0.0.0 Safari/537.36"
102.89.45.104 - - [22/Jul/2026:11:06:39 +0000] "POST /wp-admin/admin-ajax.php HTTP/1.1" 200 98 "https://salemconcept.shop/wp-admin/post.php?post=23&action=edit" "Mozilla/5.0 (Windows NT 10.0; Win64; x64) AppleWebKit/537.36 (KHTML, like Gecko) Chrome/150.0.0.0 Safari/537.36"
198.177.124.148 - - [22/Jul/2026:11:06:51 +0000] "POST /wp-cron.php?doing_wp_cron=1784718410.6915500164031982421875 HTTP/1.1" 200 - "-" "WordPress/7.0.2; https://salemconcept.shop"
102.89.45.104 - - [22/Jul/2026:11:06:49 +0000] "POST /wp-admin/admin-ajax.php HTTP/1.1" 200 98 "https://salemconcept.shop/wp-admin/post.php?post=23&action=edit" "Mozilla/5.0 (Windows NT 10.0; Win64; x64) AppleWebKit/537.36 (KHTML, like Gecko) Chrome/150.0.0.0 Safari/537.36"
102.89.45.104 - - [22/Jul/2026:11:06:58 +0000] "POST /wp-admin/admin-ajax.php HTTP/1.1" 200 98 "https://salemconcept.shop/wp-admin/post.php?post=23&action=edit" "Mozilla/5.0 (Windows NT 10.0; Win64; x64) AppleWebKit/537.36 (KHTML, like Gecko) Chrome/150.0.0.0 Safari/537.36"
102.89.45.104 - - [22/Jul/2026:11:07:10 +0000] "POST /wp-admin/admin-ajax.php HTTP/1.1" 200 98 "https://salemconcept.shop/wp-admin/post.php?post=23&action=edit" "Mozilla/5.0 (Windows NT 10.0; Win64; x64) AppleWebKit/537.36 (KHTML, like Gecko) Chrome/150.0.0.0 Safari/537.36"
102.89.45.104 - - [22/Jul/2026:11:07:18 +0000] "POST /wp-admin/admin-ajax.php HTTP/1.1" 200 98 "https://salemconcept.shop/wp-admin/post.php?post=23&action=edit" "Mozilla/5.0 (Windows NT 10.0; Win64; x64) AppleWebKit/537.36 (KHTML, like Gecko) Chrome/150.0.0.0 Safari/537.36"
102.89.45.104 - - [22/Jul/2026:11:07:29 +0000] "POST /wp-admin/admin-ajax.php HTTP/1.1" 200 98 "https://salemconcept.shop/wp-admin/post.php?post=23&action=edit" "Mozilla/5.0 (Windows NT 10.0; Win64; x64) AppleWebKit/537.36 (KHTML, like Gecko) Chrome/150.0.0.0 Safari/537.36"
102.89.45.104 - - [22/Jul/2026:11:07:38 +0000] "POST /wp-admin/admin-ajax.php HTTP/1.1" 200 98 "https://salemconcept.shop/wp-admin/post.php?post=23&action=edit" "Mozilla/5.0 (Windows NT 10.0; Win64; x64) AppleWebKit/537.36 (KHTML, like Gecko) Chrome/150.0.0.0 Safari/537.36"
198.177.124.148 - - [22/Jul/2026:11:07:51 +0000] "POST /wp-cron.php?doing_wp_cron=1784718471.0396521091461181640625 HTTP/1.1" 200 - "-" "WordPress/7.0.2; https://salemconcept.shop"
102.89.45.104 - - [22/Jul/2026:11:07:49 +0000] "POST /wp-admin/admin-ajax.php HTTP/1.1" 200 98 "https://salemconcept.shop/wp-admin/post.php?post=23&action=edit" "Mozilla/5.0 (Windows NT 10.0; Win64; x64) AppleWebKit/537.36 (KHTML, like Gecko) Chrome/150.0.0.0 Safari/537.36"
102.89.45.104 - - [22/Jul/2026:11:07:58 +0000] "POST /wp-admin/admin-ajax.php HTTP/1.1" 200 98 "https://salemconcept.shop/wp-admin/post.php?post=23&action=edit" "Mozilla/5.0 (Windows NT 10.0; Win64; x64) AppleWebKit/537.36 (KHTML, like Gecko) Chrome/150.0.0.0 Safari/537.36"
102.89.45.104 - - [22/Jul/2026:11:08:09 +0000] "POST /wp-admin/admin-ajax.php HTTP/1.1" 200 98 "https://salemconcept.shop/wp-admin/post.php?post=23&action=edit" "Mozilla/5.0 (Windows NT 10.0; Win64; x64) AppleWebKit/537.36 (KHTML, like Gecko) Chrome/150.0.0.0 Safari/537.36"
102.89.45.104 - - [22/Jul/2026:11:08:18 +0000] "POST /wp-admin/admin-ajax.php HTTP/1.1" 200 98 "https://salemconcept.shop/wp-admin/post.php?post=23&action=edit" "Mozilla/5.0 (Windows NT 10.0; Win64; x64) AppleWebKit/537.36 (KHTML, like Gecko) Chrome/150.0.0.0 Safari/537.36"
102.89.45.104 - - [22/Jul/2026:11:08:31 +0000] "POST /wp-admin/admin-ajax.php HTTP/1.1" 200 98 "https://salemconcept.shop/wp-admin/post.php?post=23&action=edit" "Mozilla/5.0 (Windows NT 10.0; Win64; x64) AppleWebKit/537.36 (KHTML, like Gecko) Chrome/150.0.0.0 Safari/537.36"
102.89.45.104 - - [22/Jul/2026:11:08:38 +0000] "POST /wp-admin/admin-ajax.php HTTP/1.1" 200 98 "https://salemconcept.shop/wp-admin/post.php?post=23&action=edit" "Mozilla/5.0 (Windows NT 10.0; Win64; x64) AppleWebKit/537.36 (KHTML, like Gecko) Chrome/150.0.0.0 Safari/537.36"
102.89.45.104 - - [22/Jul/2026:11:08:50 +0000] "POST /wp-admin/admin-ajax.php HTTP/1.1" 200 98 "https://salemconcept.shop/wp-admin/post.php?post=23&action=edit" "Mozilla/5.0 (Windows NT 10.0; Win64; x64) AppleWebKit/537.36 (KHTML, like Gecko) Chrome/150.0.0.0 Safari/537.36"
104.193.9.189 - - [22/Jul/2026:11:08:52 +0000] "POST /?rest_route=/batch/v1 HTTP/1.1" 207 16 "-" "Mozilla/5.0 (Windows NT 10.0; Win64; x64) AppleWebKit/537.36 (KHTML, like Gecko) Chrome/124.0.0.0 Safari/537.36"
104.193.9.189 - - [22/Jul/2026:11:09:01 +0000] "POST /?rest_route=/batch/v1 HTTP/1.1" 207 478 "-" "Mozilla/5.0 (Windows NT 10.0; Win64; x64) AppleWebKit/537.36 (KHTML, like Gecko) Chrome/124.0.0.0 Safari/537.36"
102.89.45.104 - - [22/Jul/2026:11:09:02 +0000] "POST /wp-admin/admin-ajax.php HTTP/1.1" 200 98 "https://salemconcept.shop/wp-admin/post.php?post=23&action=edit" "Mozilla/5.0 (Windows NT 10.0; Win64; x64) AppleWebKit/537.36 (KHTML, like Gecko) Chrome/150.0.0.0 Safari/537.36"
102.89.45.104 - - [22/Jul/2026:11:09:11 +0000] "POST /wp-admin/admin-ajax.php HTTP/1.1" 200 98 "https://salemconcept.shop/wp-admin/post.php?post=23&action=edit" "Mozilla/5.0 (Windows NT 10.0; Win64; x64) AppleWebKit/537.36 (KHTML, like Gecko) Chrome/150.0.0.0 Safari/537.36"
102.89.45.104 - - [22/Jul/2026:11:09:18 +0000] "POST /wp-admin/admin-ajax.php HTTP/1.1" 200 98 "https://salemconcept.shop/wp-admin/post.php?post=23&action=edit" "Mozilla/5.0 (Windows NT 10.0; Win64; x64) AppleWebKit/537.36 (KHTML, like Gecko) Chrome/150.0.0.0 Safari/537.36"
102.89.45.104 - - [22/Jul/2026:11:09:30 +0000] "POST /wp-admin/admin-ajax.php HTTP/1.1" 200 98 "https://salemconcept.shop/wp-admin/post.php?post=23&action=edit" "Mozilla/5.0 (Windows NT 10.0; Win64; x64) AppleWebKit/537.36 (KHTML, like Gecko) Chrome/150.0.0.0 Safari/537.36"
102.89.45.104 - - [22/Jul/2026:11:09:34 +0000] "POST /wp-json/wp/v2/pages/23?_locale=user HTTP/1.1" 200 2156 "https://salemconcept.shop/wp-admin/post.php?post=23&action=edit" "Mozilla/5.0 (Windows NT 10.0; Win64; x64) AppleWebKit/537.36 (KHTML, like Gecko) Chrome/150.0.0.0 Safari/537.36"
102.89.45.104 - - [22/Jul/2026:11:09:34 +0000] "POST /wp-json/wpforms/v1/themes/custom/?_locale=user HTTP/1.1" 200 15 "https://salemconcept.shop/wp-admin/post.php?post=23&action=edit" "Mozilla/5.0 (Windows NT 10.0; Win64; x64) AppleWebKit/537.36 (KHTML, like Gecko) Chrome/150.0.0.0 Safari/537.36"
102.89.45.104 - - [22/Jul/2026:11:09:38 +0000] "POST /wp-admin/admin-ajax.php HTTP/1.1" 200 98 "https://salemconcept.shop/wp-admin/post.php?post=23&action=edit" "Mozilla/5.0 (Windows NT 10.0; Win64; x64) AppleWebKit/537.36 (KHTML, like Gecko) Chrome/150.0.0.0 Safari/537.36"
102.89.45.104 - - [22/Jul/2026:11:09:38 +0000] "POST /wp-admin/post.php?post=23&action=edit&meta-box-loader=1&meta-box-loader-nonce=86965b0c3f&_locale=user HTTP/1.1" 302 - "https://salemconcept.shop/wp-admin/post.php?post=23&action=edit" "Mozilla/5.0 (Windows NT 10.0; Win64; x64) AppleWebKit/537.36 (KHTML, like Gecko) Chrome/150.0.0.0 Safari/537.36"
102.89.45.104 - - [22/Jul/2026:11:09:42 +0000] "POST /wp-json/wpforms/v1/themes/custom/?_locale=user HTTP/1.1" 200 15 "https://salemconcept.shop/wp-admin/post.php?post=23&action=edit" "Mozilla/5.0 (Windows NT 10.0; Win64; x64) AppleWebKit/537.36 (KHTML, like Gecko) Chrome/150.0.0.0 Safari/537.36"
102.89.45.104 - - [22/Jul/2026:11:09:43 +0000] "GET /wp-admin/post.php?post=23&action=edit&message=4 HTTP/1.1" 200 653571 "https://salemconcept.shop/wp-admin/post.php?post=23&action=edit" "Mozilla/5.0 (Windows NT 10.0; Win64; x64) AppleWebKit/537.36 (KHTML, like Gecko) Chrome/150.0.0.0 Safari/537.36"
102.89.45.104 - - [22/Jul/2026:11:09:46 +0000] "POST /wp-json/wpforms/v1/themes/custom/?_locale=user HTTP/1.1" 200 15 "https://salemconcept.shop/wp-admin/post.php?post=23&action=edit" "Mozilla/5.0 (Windows NT 10.0; Win64; x64) AppleWebKit/537.36 (KHTML, like Gecko) Chrome/150.0.0.0 Safari/537.36"
102.89.45.104 - - [22/Jul/2026:11:09:48 +0000] "POST /wp-admin/admin-ajax.php HTTP/1.1" 200 98 "https://salemconcept.shop/wp-admin/post.php?post=23&action=edit" "Mozilla/5.0 (Windows NT 10.0; Win64; x64) AppleWebKit/537.36 (KHTML, like Gecko) Chrome/150.0.0.0 Safari/537.36"
198.177.124.148 - - [22/Jul/2026:11:10:03 +0000] "POST /wp-cron.php?doing_wp_cron=1784718603.5961120128631591796875 HTTP/1.1" 200 - "-" "WordPress/7.0.2; https://salemconcept.shop"
102.89.45.104 - - [22/Jul/2026:11:09:59 +0000] "POST /wp-admin/admin-ajax.php HTTP/1.1" 200 98 "https://salemconcept.shop/wp-admin/post.php?post=23&action=edit" "Mozilla/5.0 (Windows NT 10.0; Win64; x64) AppleWebKit/537.36 (KHTML, like Gecko) Chrome/150.0.0.0 Safari/537.36"
198.177.124.148 - - [22/Jul/2026:11:10:04 +0000] "POST /wp-cron.php?doing_wp_cron=1784718604.8386969566345214843750 HTTP/1.1" 200 - "-" "WordPress/7.0.2; https://salemconcept.shop"
102.89.45.104 - - [22/Jul/2026:11:09:59 +0000] "POST /wp-admin/admin-ajax.php HTTP/1.1" 200 1 "https://salemconcept.shop/wp-admin/post.php?post=23&action=edit" "Mozilla/5.0 (Windows NT 10.0; Win64; x64) AppleWebKit/537.36 (KHTML, like Gecko) Chrome/150.0.0.0 Safari/537.36"
198.177.124.148 - - [22/Jul/2026:11:10:05 +0000] "POST /wp-cron.php?doing_wp_cron=1784718605.1676468849182128906250 HTTP/1.1" 200 - "-" "WordPress/7.0.2; https://salemconcept.shop"
102.89.45.104 - - [22/Jul/2026:11:09:59 +0000] "GET /wp-admin/edit.php?post_type=page HTTP/1.1" 200 185213 "https://salemconcept.shop/wp-admin/" "Mozilla/5.0 (Windows NT 10.0; Win64; x64) AppleWebKit/537.36 (KHTML, like Gecko) Chrome/150.0.0.0 Safari/537.36"
102.89.45.104 - - [22/Jul/2026:11:10:08 +0000] "POST /wp-admin/admin-ajax.php HTTP/1.1" 200 47 "https://salemconcept.shop/wp-admin/edit.php?post_type=page" "Mozilla/5.0 (Windows NT 10.0; Win64; x64) AppleWebKit/537.36 (KHTML, like Gecko) Chrome/150.0.0.0 Safari/537.36"
102.89.45.104 - - [22/Jul/2026:11:10:19 +0000] "POST /wp-admin/admin-ajax.php HTTP/1.1" 200 47 "https://salemconcept.shop/wp-admin/edit.php?post_type=page" "Mozilla/5.0 (Windows NT 10.0; Win64; x64) AppleWebKit/537.36 (KHTML, like Gecko) Chrome/150.0.0.0 Safari/537.36"
102.89.45.104 - - [22/Jul/2026:11:10:19 +0000] "GET /wp-admin/edit.php?post_type=page HTTP/1.1" 200 185213 "https://salemconcept.shop/wp-admin/edit.php?post_type=page" "Mozilla/5.0 (Windows NT 10.0; Win64; x64) AppleWebKit/537.36 (KHTML, like Gecko) Chrome/150.0.0.0 Safari/537.36"
102.89.45.104 - - [22/Jul/2026:11:10:30 +0000] "POST /wp-admin/admin-ajax.php HTTP/1.1" 200 47 "https://salemconcept.shop/wp-admin/edit.php?post_type=page" "Mozilla/5.0 (Windows NT 10.0; Win64; x64) AppleWebKit/537.36 (KHTML, like Gecko) Chrome/150.0.0.0 Safari/537.36"
102.89.45.104 - - [22/Jul/2026:11:10:39 +0000] "POST /wp-admin/admin-ajax.php HTTP/1.1" 200 47 "https://salemconcept.shop/wp-admin/edit.php?post_type=page" "Mozilla/5.0 (Windows NT 10.0; Win64; x64) AppleWebKit/537.36 (KHTML, like Gecko) Chrome/150.0.0.0 Safari/537.36"
102.89.45.104 - - [22/Jul/2026:11:10:45 +0000] "GET /wp-includes/css/wp-pointer.min.css?ver=7.0.2 HTTP/1.1" 200 3252 "https://salemconcept.shop/wp-admin/post.php?post=23&action=elementor" "Mozilla/5.0 (Windows NT 10.0; Win64; x64) AppleWebKit/537.36 (KHTML, like Gecko) Chrome/150.0.0.0 Safari/537.36"
102.89.45.104 - - [22/Jul/2026:11:10:45 +0000] "GET /wp-admin/css/widgets.min.css?ver=7.0.2 HTTP/1.1" 200 14620 "https://salemconcept.shop/wp-admin/post.php?post=23&action=elementor" "Mozilla/5.0 (Windows NT 10.0; Win64; x64) AppleWebKit/537.36 (KHTML, like Gecko) Chrome/150.0.0.0 Safari/537.36"
102.89.45.104 - - [22/Jul/2026:11:10:46 +0000] "GET /wp-includes/css/wp-auth-check.min.css?ver=7.0.2 HTTP/1.1" 200 1885 "https://salemconcept.shop/wp-admin/post.php?post=23&action=elementor" "Mozilla/5.0 (Windows NT 10.0; Win64; x64) AppleWebKit/537.36 (KHTML, like Gecko) Chrome/150.0.0.0 Safari/537.36"
102.89.45.104 - - [22/Jul/2026:11:10:46 +0000] "GET /wp-includes/css/buttons.min.css?ver=7.0.2 HTTP/1.1" 200 8152 "https://salemconcept.shop/wp-admin/post.php?post=23&action=elementor" "Mozilla/5.0 (Windows NT 10.0; Win64; x64) AppleWebKit/537.36 (KHTML, like Gecko) Chrome/150.0.0.0 Safari/537.36"
102.89.45.104 - - [22/Jul/2026:11:10:46 +0000] "GET /wp-includes/css/media-views.min.css?ver=7.0.2 HTTP/1.1" 200 49456 "https://salemconcept.shop/wp-admin/post.php?post=23&action=elementor" "Mozilla/5.0 (Windows NT 10.0; Win64; x64) AppleWebKit/537.36 (KHTML, like Gecko) Chrome/150.0.0.0 Safari/537.36"
102.89.45.104 - - [22/Jul/2026:11:10:46 +0000] "GET /wp-admin/css/media.min.css?ver=7.0.2 HTTP/1.1" 200 22893 "https://salemconcept.shop/wp-admin/post.php?post=23&action=elementor" "Mozilla/5.0 (Windows NT 10.0; Win64; x64) AppleWebKit/537.36 (KHTML, like Gecko) Chrome/150.0.0.0 Safari/537.36"
102.89.45.104 - - [22/Jul/2026:11:10:46 +0000] "GET /wp-content/plugins/elementor/assets/lib/e-select2/css/e-select2.min.css?ver=4.0.6-rc.1 HTTP/1.1" 304 - "https://salemconcept.shop/wp-admin/post.php?post=23&action=elementor" "Mozilla/5.0 (Windows NT 10.0; Win64; x64) AppleWebKit/537.36 (KHTML, like Gecko) Chrome/150.0.0.0 Safari/537.36"
102.89.45.104 - - [22/Jul/2026:11:10:46 +0000] "GET /wp-content/plugins/elementor/assets/lib/flatpickr/flatpickr.min.css?ver=4.6.13 HTTP/1.1" 200 15588 "https://salemconcept.shop/wp-admin/post.php?post=23&action=elementor" "Mozilla/5.0 (Windows NT 10.0; Win64; x64) AppleWebKit/537.36 (KHTML, like Gecko) Chrome/150.0.0.0 Safari/537.36"
102.89.45.104 - - [22/Jul/2026:11:10:46 +0000] "GET /wp-content/plugins/elementor/assets/lib/pickr/themes/monolith.min.css?ver=1.8.2 HTTP/1.1" 200 9117 "https://salemconcept.shop/wp-admin/post.php?post=23&action=elementor" "Mozilla/5.0 (Windows NT 10.0; Win64; x64) AppleWebKit/537.36 (KHTML, like Gecko) Chrome/150.0.0.0 Safari/537.36"
102.89.45.104 - - [22/Jul/2026:11:10:41 +0000] "GET /wp-admin/post.php?post=23&action=elementor HTTP/1.1" 200 2046602 "https://salemconcept.shop/wp-admin/edit.php?post_type=page" "Mozilla/5.0 (Windows NT 10.0; Win64; x64) AppleWebKit/537.36 (KHTML, like Gecko) Chrome/150.0.0.0 Safari/537.36"
102.89.45.104 - - [22/Jul/2026:11:10:47 +0000] "GET /wp-content/plugins/elementor/assets/css/editor-v2-app-bar-overrides.min.css?ver=4.1.5 HTTP/1.1" 200 1007 "https://salemconcept.shop/wp-admin/post.php?post=23&action=elementor" "Mozilla/5.0 (Windows NT 10.0; Win64; x64) AppleWebKit/537.36 (KHTML, like Gecko) Chrome/150.0.0.0 Safari/537.36"
102.89.45.104 - - [22/Jul/2026:11:10:47 +0000] "GET /wp-content/plugins/elementor/assets/css/editor.min.css?ver=4.1.5 HTTP/1.1" 200 246451 "https://salemconcept.shop/wp-admin/post.php?post=23&action=elementor" "Mozilla/5.0 (Windows NT 10.0; Win64; x64) AppleWebKit/537.36 (KHTML, like Gecko) Chrome/150.0.0.0 Safari/537.36"
102.89.45.104 - - [22/Jul/2026:11:10:47 +0000] "GET /wp-content/plugins/elementor/assets/css/modules/ai/editor.min.css?ver=4.1.5 HTTP/1.1" 200 587 "https://salemconcept.shop/wp-admin/post.php?post=23&action=elementor" "Mozilla/5.0 (Windows NT 10.0; Win64; x64) AppleWebKit/537.36 (KHTML, like Gecko) Chrome/150.0.0.0 Safari/537.36"
102.89.45.104 - - [22/Jul/2026:11:10:47 +0000] "GET /wp-content/plugins/elementor/assets/css/modules/container-converter/editor.min.css?ver=4.1.5 HTTP/1.1" 200 399 "https://salemconcept.shop/wp-admin/post.php?post=23&action=elementor" "Mozilla/5.0 (Windows NT 10.0; Win64; x64) AppleWebKit/537.36 (KHTML, like Gecko) Chrome/150.0.0.0 Safari/537.36"
102.89.45.104 - - [22/Jul/2026:11:10:47 +0000] "GET /wp-content/plugins/elementor/assets/css/modules/notes/editor.min.css?ver=4.1.5 HTTP/1.1" 200 117 "https://salemconcept.shop/wp-admin/post.php?post=23&action=elementor" "Mozilla/5.0 (Windows NT 10.0; Win64; x64) AppleWebKit/537.36 (KHTML, like Gecko) Chrome/150.0.0.0 Safari/537.36"
102.89.45.104 - - [22/Jul/2026:11:10:47 +0000] "GET /wp-content/plugins/elementor/assets/css/modules/atomic-widgets/editor.min.css?ver=4.1.5 HTTP/1.1" 200 1468 "https://salemconcept.shop/wp-admin/post.php?post=23&action=elementor" "Mozilla/5.0 (Windows NT 10.0; Win64; x64) AppleWebKit/537.36 (KHTML, like Gecko) Chrome/150.0.0.0 Safari/537.36"
102.89.45.104 - - [22/Jul/2026:11:10:47 +0000] "GET /wp-content/plugins/elementor/assets/css/modules/design-system-sync/design-system-sync.min.css?ver=4.1.5 HTTP/1.1" 200 1772 "https://salemconcept.shop/wp-admin/post.php?post=23&action=elementor" "Mozilla/5.0 (Windows NT 10.0; Win64; x64) AppleWebKit/537.36 (KHTML, like Gecko) Chrome/150.0.0.0 Safari/537.36"
102.89.45.104 - - [22/Jul/2026:11:10:47 +0000] "GET /wp-includes/js/utils.min.js?ver=7.0.2 HTTP/1.1" 200 1864 "https://salemconcept.shop/wp-admin/post.php?post=23&action=elementor" "Mozilla/5.0 (Windows NT 10.0; Win64; x64) AppleWebKit/537.36 (KHTML, like Gecko) Chrome/150.0.0.0 Safari/537.36"
102.89.45.104 - - [22/Jul/2026:11:10:47 +0000] "GET /wp-admin/js/widgets/media-widgets.min.js?ver=7.0.2 HTTP/1.1" 200 14241 "https://salemconcept.shop/wp-admin/post.php?post=23&action=elementor" "Mozilla/5.0 (Windows NT 10.0; Win64; x64) AppleWebKit/537.36 (KHTML, like Gecko) Chrome/150.0.0.0 Safari/537.36"
102.89.45.104 - - [22/Jul/2026:11:10:47 +0000] "GET /wp-admin/load-scripts.php?c=0&load%5Bchunk_0%5D=jquery-core,jquery-migrate,jquery-ui-core,jquery-ui-mouse,underscore,backbone,wp-api-request,wp-hooks&ver=7.0.2 HTTP/1.1" 200 175429 "https://salemconcept.shop/wp-admin/post.php?post=23&action=elementor" "Mozilla/5.0 (Windows NT 10.0; Win64; x64) AppleWebKit/537.36 (KHTML, like Gecko) Chrome/150.0.0.0 Safari/537.36"
102.89.45.104 - - [22/Jul/2026:11:10:48 +0000] "GET /wp-admin/js/widgets/media-image-widget.min.js?ver=7.0.2 HTTP/1.1" 200 2024 "https://salemconcept.shop/wp-admin/post.php?post=23&action=elementor" "Mozilla/5.0 (Windows NT 10.0; Win64; x64) AppleWebKit/537.36 (KHTML, like Gecko) Chrome/150.0.0.0 Safari/537.36"
102.89.45.104 - - [22/Jul/2026:11:10:48 +0000] "GET /wp-admin/js/widgets/media-gallery-widget.min.js?ver=7.0.2 HTTP/1.1" 200 3766 "https://salemconcept.shop/wp-admin/post.php?post=23&action=elementor" "Mozilla/5.0 (Windows NT 10.0; Win64; x64) AppleWebKit/537.36 (KHTML, like Gecko) Chrome/150.0.0.0 Safari/537.36"
102.89.45.104 - - [22/Jul/2026:11:10:48 +0000] "GET /wp-admin/js/widgets/media-audio-widget.min.js?ver=7.0.2 HTTP/1.1" 200 1447 "https://salemconcept.shop/wp-admin/post.php?post=23&action=elementor" "Mozilla/5.0 (Windows NT 10.0; Win64; x64) AppleWebKit/537.36 (KHTML, like Gecko) Chrome/150.0.0.0 Safari/537.36"
102.89.45.104 - - [22/Jul/2026:11:10:48 +0000] "GET /wp-admin/js/widgets/media-video-widget.min.js?ver=7.0.2 HTTP/1.1" 200 2702 "https://salemconcept.shop/wp-admin/post.php?post=23&action=elementor" "Mozilla/5.0 (Windows NT 10.0; Win64; x64) AppleWebKit/537.36 (KHTML, like Gecko) Chrome/150.0.0.0 Safari/537.36"
102.89.45.104 - - [22/Jul/2026:11:10:48 +0000] "GET /wp-admin/js/widgets/text-widgets.min.js?ver=7.0.2 HTTP/1.1" 200 5853 "https://salemconcept.shop/wp-admin/post.php?post=23&action=elementor" "Mozilla/5.0 (Windows NT 10.0; Win64; x64) AppleWebKit/537.36 (KHTML, like Gecko) Chrome/150.0.0.0 Safari/537.36"
102.89.45.104 - - [22/Jul/2026:11:10:49 +0000] "GET /wp-admin/js/widgets/custom-html-widgets.min.js?ver=7.0.2 HTTP/1.1" 200 5582 "https://salemconcept.shop/wp-admin/post.php?post=23&action=elementor" "Mozilla/5.0 (Windows NT 10.0; Win64; x64) AppleWebKit/537.36 (KHTML, like Gecko) Chrome/150.0.0.0 Safari/537.36"
102.89.45.104 - - [22/Jul/2026:11:10:49 +0000] "GET /wp-content/plugins/elementor/assets/js/editor-modules.min.js?ver=4.1.5 HTTP/1.1" 200 49544 "https://salemconcept.shop/wp-admin/post.php?post=23&action=elementor" "Mozilla/5.0 (Windows NT 10.0; Win64; x64) AppleWebKit/537.36 (KHTML, like Gecko) Chrome/150.0.0.0 Safari/537.36"
102.89.45.104 - - [22/Jul/2026:11:10:49 +0000] "GET /wp-content/plugins/elementor/assets/js/editor-document.min.js?ver=4.1.5 HTTP/1.1" 200 25841 "https://salemconcept.shop/wp-admin/post.php?post=23&action=elementor" "Mozilla/5.0 (Windows NT 10.0; Win64; x64) AppleWebKit/537.36 (KHTML, like Gecko) Chrome/150.0.0.0 Safari/537.36"
102.89.45.104 - - [22/Jul/2026:11:10:49 +0000] "GET /wp-content/plugins/elementor/assets/js/ai.min.js?ver=4.1.5 HTTP/1.1" 200 657699 "https://salemconcept.shop/wp-admin/post.php?post=23&action=elementor" "Mozilla/5.0 (Windows NT 10.0; Win64; x64) AppleWebKit/537.36 (KHTML, like Gecko) Chrome/150.0.0.0 Safari/537.36"
102.89.45.104 - - [22/Jul/2026:11:10:49 +0000] "GET /wp-content/plugins/elementor/assets/js/nested-elements.min.js?ver=4.1.5 HTTP/1.1" 200 6396 "https://salemconcept.shop/wp-admin/post.php?post=23&action=elementor" "Mozilla/5.0 (Windows NT 10.0; Win64; x64) AppleWebKit/537.36 (KHTML, like Gecko) Chrome/150.0.0.0 Safari/537.36"
102.89.45.104 - - [22/Jul/2026:11:10:49 +0000] "GET /wp-content/plugins/elementor/assets/js/nested-tabs.min.js?ver=4.1.5 HTTP/1.1" 200 10854 "https://salemconcept.shop/wp-admin/post.php?post=23&action=elementor" "Mozilla/5.0 (Windows NT 10.0; Win64; x64) AppleWebKit/537.36 (KHTML, like Gecko) Chrome/150.0.0.0 Safari/537.36"
