File: /home/yalenocb/access-logs/salemconcept.shop.yalehafricanfoods.shop-ssl_log
198.177.124.148 - - [21/Jul/2026:07:22:43 +0000] "POST /wp-cron.php?doing_wp_cron=1784618563.8657729625701904296875 HTTP/1.1" 200 - "-" "WordPress/7.0.2; https://salemconcept.shop"
44.220.233.148 - - [21/Jul/2026:07:22:41 +0000] "GET / HTTP/1.1" 301 - "-" "Mozilla/5.0 (Windows NT 10.0; Win64; x64) AppleWebKit/537.36 (KHTML, like Gecko) Chrome/131.0.0.0 Safari/537.36"
3.219.86.171 - - [21/Jul/2026:07:22:44 +0000] "GET / HTTP/1.1" 200 97035 "-" "Mozilla/5.0 (Windows NT 10.0; Win64; x64) AppleWebKit/537.36 (KHTML, like Gecko) Chrome/131.0.0.0 Safari/537.36"
198.177.124.148 - - [21/Jul/2026:07:23:08 +0000] "POST /wp-cron.php?doing_wp_cron=1784618588.0200419425964355468750 HTTP/1.1" 200 - "-" "WordPress/7.0.2; https://salemconcept.shop"
66.249.77.3 - - [21/Jul/2026:07:23:06 +0000] "GET /?j=8848792271 HTTP/1.1" 200 97035 "-" "Mozilla/5.0 (Linux; Android 6.0.1; Nexus 5X Build/MMB29P) AppleWebKit/537.36 (KHTML, like Gecko) Chrome/150.0.7871.128 Mobile Safari/537.36 (compatible; Googlebot/2.1; +http://www.google.com/bot.html)"
198.177.124.148 - - [21/Jul/2026:07:28:22 +0000] "POST /wp-cron.php?doing_wp_cron=1784618902.0656299591064453125000 HTTP/1.1" 200 - "-" "WordPress/7.0.2; https://salemconcept.shop"
66.249.77.3 - - [21/Jul/2026:07:28:19 +0000] "GET /?f=31309159746 HTTP/1.1" 200 97035 "-" "Mozilla/5.0 (Linux; Android 6.0.1; Nexus 5X Build/MMB29P) AppleWebKit/537.36 (KHTML, like Gecko) Chrome/150.0.7871.128 Mobile Safari/537.36 (compatible; GoogleOther)"
198.177.124.148 - - [21/Jul/2026:07:29:21 +0000] "POST /wp-cron.php?doing_wp_cron=1784618961.2178390026092529296875 HTTP/1.1" 200 - "-" "WordPress/7.0.2; https://salemconcept.shop"
66.249.77.2 - - [21/Jul/2026:07:29:18 +0000] "GET /?j=8848798391 HTTP/1.1" 200 97035 "-" "Mozilla/5.0 (Linux; Android 6.0.1; Nexus 5X Build/MMB29P) AppleWebKit/537.36 (KHTML, like Gecko) Chrome/150.0.7871.128 Mobile Safari/537.36 (compatible; GoogleOther)"
66.249.77.2 - - [21/Jul/2026:07:29:24 +0000] "GET /?f=31309249487 HTTP/1.1" 200 97035 "-" "Mozilla/5.0 (Linux; Android 6.0.1; Nexus 5X Build/MMB29P) AppleWebKit/537.36 (KHTML, like Gecko) Chrome/150.0.7871.128 Mobile Safari/537.36 (compatible; GoogleOther)"
198.177.124.148 - - [21/Jul/2026:07:32:38 +0000] "POST /wp-cron.php?doing_wp_cron=1784619158.7298209667205810546875 HTTP/1.1" 200 - "-" "WordPress/7.0.2; https://salemconcept.shop"
66.249.77.1 - - [21/Jul/2026:07:32:36 +0000] "GET /?j=8848716996 HTTP/1.1" 200 97035 "-" "Mozilla/5.0 (Linux; Android 6.0.1; Nexus 5X Build/MMB29P) AppleWebKit/537.36 (KHTML, like Gecko) Chrome/150.0.7871.128 Mobile Safari/537.36 (compatible; GoogleOther)"
198.177.124.148 - - [21/Jul/2026:07:33:16 +0000] "POST /wp-cron.php?doing_wp_cron=1784619196.6833949089050292968750 HTTP/1.1" 200 - "-" "WordPress/7.0.2; https://salemconcept.shop"
66.249.77.1 - - [21/Jul/2026:07:33:15 +0000] "GET /?j=8848766453 HTTP/1.1" 200 97035 "-" "Mozilla/5.0 (Linux; Android 6.0.1; Nexus 5X Build/MMB29P) AppleWebKit/537.36 (KHTML, like Gecko) Chrome/150.0.7871.128 Mobile Safari/537.36 (compatible; GoogleOther)"
198.177.124.148 - - [21/Jul/2026:07:34:54 +0000] "POST /wp-cron.php?doing_wp_cron=1784619294.5095748901367187500000 HTTP/1.1" 200 - "-" "WordPress/7.0.2; https://salemconcept.shop"
66.249.77.1 - - [21/Jul/2026:07:34:52 +0000] "GET /?o=71046112701 HTTP/1.1" 200 97035 "-" "Mozilla/5.0 (Linux; Android 6.0.1; Nexus 5X Build/MMB29P) AppleWebKit/537.36 (KHTML, like Gecko) Chrome/150.0.7871.128 Mobile Safari/537.36 (compatible; GoogleOther)"
198.177.124.148 - - [21/Jul/2026:07:36:28 +0000] "POST /wp-cron.php?doing_wp_cron=1784619388.1478710174560546875000 HTTP/1.1" 200 - "-" "WordPress/7.0.2; https://salemconcept.shop"
66.249.77.3 - - [21/Jul/2026:07:36:26 +0000] "GET /?l=10697190404 HTTP/1.1" 200 97035 "-" "Mozilla/5.0 (Linux; Android 6.0.1; Nexus 5X Build/MMB29P) AppleWebKit/537.36 (KHTML, like Gecko) Chrome/150.0.7871.128 Mobile Safari/537.36 (compatible; GoogleOther)"
198.177.124.148 - - [21/Jul/2026:07:45:07 +0000] "POST /wp-cron.php?doing_wp_cron=1784619907.7170200347900390625000 HTTP/1.1" 200 - "-" "WordPress/7.0.2; https://salemconcept.shop"
66.249.77.1 - - [21/Jul/2026:07:45:03 +0000] "GET /?j=88487158035 HTTP/1.1" 200 97035 "-" "Mozilla/5.0 (Linux; Android 6.0.1; Nexus 5X Build/MMB29P) AppleWebKit/537.36 (KHTML, like Gecko) Chrome/150.0.7871.128 Mobile Safari/537.36 (compatible; GoogleOther)"
198.177.124.148 - - [21/Jul/2026:07:52:16 +0000] "POST /wp-cron.php?doing_wp_cron=1784620336.0320119857788085937500 HTTP/1.1" 200 - "-" "WordPress/7.0.2; https://salemconcept.shop"
169.58.45.73 - - [21/Jul/2026:07:52:13 +0000] "GET / HTTP/1.1" 200 97035 "-" "Mozilla/5.0 (Macintosh; Intel Mac OS X 10_11_2) AppleWebKit/601.3.9 (KHTML, like Gecko) Version/9.0.2 Safari/601.3.9"
198.177.124.148 - - [21/Jul/2026:07:55:33 +0000] "POST /wp-cron.php?doing_wp_cron=1784620533.2069358825683593750000 HTTP/1.1" 200 - "-" "WordPress/7.0.2; https://salemconcept.shop"
62.238.17.239 - - [21/Jul/2026:07:55:30 +0000] "GET / HTTP/1.1" 200 97035 "-" "Mozilla/5.0 (Macintosh; Intel Mac OS X 10_12_1) AppleWebKit/603.1.10 (KHTML, like Gecko) Version/10.1 Safari/603.1.10"
198.177.124.148 - - [21/Jul/2026:07:59:46 +0000] "POST /wp-cron.php?doing_wp_cron=1784620786.9556720256805419921875 HTTP/1.1" 200 - "-" "WordPress/7.0.2; https://salemconcept.shop"
66.249.77.3 - - [21/Jul/2026:07:59:45 +0000] "GET /?f=31309200204 HTTP/1.1" 200 97035 "-" "Mozilla/5.0 (Linux; Android 6.0.1; Nexus 5X Build/MMB29P) AppleWebKit/537.36 (KHTML, like Gecko) Chrome/150.0.7871.128 Mobile Safari/537.36 (compatible; GoogleOther)"
198.177.124.148 - - [21/Jul/2026:08:25:10 +0000] "POST /wp-cron.php?doing_wp_cron=1784622309.9838149547576904296875 HTTP/1.1" 200 - "-" "WordPress/7.0.2; https://salemconcept.shop"
209.127.35.109 - - [21/Jul/2026:08:24:59 +0000] "GET /wp-login.php HTTP/1.1" 200 4715 "-" "Mozilla/5.0 (Windows NT 10.0; Win64; rv:143.0) Gecko/20100101 Firefox/143.0"
209.127.35.109 - - [21/Jul/2026:08:25:10 +0000] "GET /?author=1 HTTP/1.1" 301 - "-" "Mozilla/5.0 (Macintosh; Intel Mac OS X 10_15_7) AppleWebKit/605.1.15 Version/17.0 Safari/605.1.15"
209.127.35.109 - - [21/Jul/2026:08:25:16 +0000] "GET /?rest_route=/wp/v2/users HTTP/1.1" 200 772 "-" "Mozilla/5.0 (Windows NT 10.0; Win64; x64) AppleWebKit/537.36 Chrome/129.0.0.0 Safari/537.36"
198.177.124.148 - - [21/Jul/2026:08:26:12 +0000] "POST /wp-cron.php?doing_wp_cron=1784622372.9374260902404785156250 HTTP/1.1" 200 - "-" "WordPress/7.0.2; https://salemconcept.shop"
209.127.35.109 - - [21/Jul/2026:08:26:11 +0000] "POST /wp-login.php HTTP/1.1" 200 5127 "-" "Mozilla/5.0 (Macintosh; Intel Mac OS X 10_15_7) AppleWebKit/605.1.15 Version/17.0 Safari/605.1.15"
198.177.124.148 - - [21/Jul/2026:08:26:50 +0000] "POST /wp-cron.php?doing_wp_cron=1784622410.0727200508117675781250 HTTP/1.1" 200 - "-" "WordPress/7.0.2; https://salemconcept.shop"
209.127.35.109 - - [21/Jul/2026:08:26:48 +0000] "POST /wp-login.php HTTP/1.1" 200 5127 "-" "Mozilla/5.0 (Windows NT 10.0; Win64; x64) AppleWebKit/537.36 Chrome/129.0.0.0 Safari/537.36"
66.249.77.1 - - [21/Jul/2026:08:26:59 +0000] "GET /?u=28438201590 HTTP/1.1" 200 97035 "-" "Mozilla/5.0 (Linux; Android 6.0.1; Nexus 5X Build/MMB29P) AppleWebKit/537.36 (KHTML, like Gecko) Chrome/150.0.7871.128 Mobile Safari/537.36 (compatible; GoogleOther)"
209.127.35.109 - - [21/Jul/2026:08:27:24 +0000] "POST /wp-login.php HTTP/1.1" 200 5127 "-" "Mozilla/5.0 (Windows NT 10.0; Win64; x64) AppleWebKit/537.36 Chrome/129.0.0.0 Safari/537.36"
209.127.35.109 - - [21/Jul/2026:08:27:59 +0000] "POST /wp-login.php HTTP/1.1" 200 5127 "-" "Mozilla/5.0 (Windows NT 10.0; Win64; x64) AppleWebKit/537.36 Chrome/129.0.0.0 Safari/537.36"
209.127.35.109 - - [21/Jul/2026:08:28:39 +0000] "POST /wp-login.php HTTP/1.1" 200 5127 "-" "Mozilla/5.0 (Windows NT 10.0; Win64; x64) AppleWebKit/537.36 Chrome/129.0.0.0 Safari/537.36"
198.177.124.148 - - [21/Jul/2026:08:29:09 +0000] "POST /wp-cron.php?doing_wp_cron=1784622548.9473319053649902343750 HTTP/1.1" 200 - "-" "WordPress/7.0.2; https://salemconcept.shop"
104.105.80.153 - - [21/Jul/2026:08:29:04 +0000] "GET /wp-login.php HTTP/1.1" 200 4715 "-" "Mozilla/5.0 (Macintosh; Intel Mac OS X 14_2) AppleWebKit/537.36 (KHTML, like Gecko) Chrome/124.0.0.0 Safari/537.36 OPR/108.0.0.0"
104.105.80.153 - - [21/Jul/2026:08:29:09 +0000] "GET /?author=1 HTTP/1.1" 301 - "-" "Mozilla/5.0 (Macintosh; Intel Mac OS X 13_6) AppleWebKit/605.1.15 (KHTML, like Gecko) Version/17.2 Safari/605.1.15"
104.105.80.153 - - [21/Jul/2026:08:29:13 +0000] "GET /?rest_route=/wp/v2/users HTTP/1.1" 200 772 "-" "Mozilla/5.0 (Windows NT 6.1; Win64; x64) AppleWebKit/537.36 (KHTML, like Gecko) Chrome/120.0.0.0 Safari/537.36"
209.127.35.109 - - [21/Jul/2026:08:29:19 +0000] "POST /wp-login.php HTTP/1.1" 200 5127 "-" "Mozilla/5.0 (Windows NT 10.0; Win64; x64) AppleWebKit/537.36 Chrome/129.0.0.0 Safari/537.36"
198.177.124.148 - - [21/Jul/2026:08:29:59 +0000] "POST /wp-cron.php?doing_wp_cron=1784622599.2198979854583740234375 HTTP/1.1" 200 - "-" "WordPress/7.0.2; https://salemconcept.shop"
209.127.35.109 - - [21/Jul/2026:08:29:57 +0000] "POST /wp-login.php HTTP/1.1" 200 5127 "-" "Mozilla/5.0 (Windows NT 10.0; Win64; x64) AppleWebKit/537.36 Chrome/129.0.0.0 Safari/537.36"
209.127.35.109 - - [21/Jul/2026:08:30:35 +0000] "POST /wp-login.php HTTP/1.1" 200 5127 "-" "Mozilla/5.0 (Windows NT 10.0; Win64; rv:143.0) Gecko/20100101 Firefox/143.0"
198.177.124.148 - - [21/Jul/2026:08:31:16 +0000] "POST /wp-cron.php?doing_wp_cron=1784622676.1342089176177978515625 HTTP/1.1" 200 - "-" "WordPress/7.0.2; https://salemconcept.shop"
209.127.35.109 - - [21/Jul/2026:08:31:15 +0000] "POST /wp-login.php HTTP/1.1" 200 5127 "-" "Mozilla/5.0 (Macintosh; Intel Mac OS X 10_15_7) AppleWebKit/605.1.15 Version/17.0 Safari/605.1.15"
198.177.124.148 - - [21/Jul/2026:08:31:56 +0000] "POST /wp-cron.php?doing_wp_cron=1784622716.5356578826904296875000 HTTP/1.1" 200 - "-" "WordPress/7.0.2; https://salemconcept.shop"
104.105.80.153 - - [21/Jul/2026:08:31:53 +0000] "POST /wp-login.php HTTP/1.1" 200 5127 "-" "Mozilla/5.0 (Windows NT 10.0; Win64; x64) AppleWebKit/537.36 (KHTML, like Gecko) Chrome/125.0.0.0 Safari/537.36"
209.127.35.109 - - [21/Jul/2026:08:31:56 +0000] "POST /wp-login.php HTTP/1.1" 200 5127 "-" "Mozilla/5.0 (Windows NT 10.0; Win64; x64) AppleWebKit/537.36 Chrome/129.0.0.0 Safari/537.36"
209.127.35.109 - - [21/Jul/2026:08:32:37 +0000] "POST /wp-login.php HTTP/1.1" 200 5127 "-" "Mozilla/5.0 (Windows NT 10.0; Win64; rv:143.0) Gecko/20100101 Firefox/143.0"
198.177.124.148 - - [21/Jul/2026:08:33:21 +0000] "POST /wp-cron.php?doing_wp_cron=1784622801.1620690822601318359375 HTTP/1.1" 200 - "-" "WordPress/7.0.2; https://salemconcept.shop"
209.127.35.109 - - [21/Jul/2026:08:33:19 +0000] "POST /wp-login.php HTTP/1.1" 200 5127 "-" "Mozilla/5.0 (Macintosh; Intel Mac OS X 10_15_7) AppleWebKit/605.1.15 Version/17.0 Safari/605.1.15"
104.105.80.153 - - [21/Jul/2026:08:33:20 +0000] "POST /wp-login.php HTTP/1.1" 200 5127 "-" "Mozilla/5.0 (Macintosh; Intel Mac OS X 10_15_7) AppleWebKit/605.1.15 (KHTML, like Gecko) Version/17.5 Safari/605.1.15"
198.177.124.148 - - [21/Jul/2026:08:34:02 +0000] "POST /wp-cron.php?doing_wp_cron=1784622841.9651570320129394531250 HTTP/1.1" 200 - "-" "WordPress/7.0.2; https://salemconcept.shop"
209.127.35.109 - - [21/Jul/2026:08:34:00 +0000] "POST /wp-login.php HTTP/1.1" 200 5127 "-" "Mozilla/5.0 (Windows NT 10.0; Win64; rv:143.0) Gecko/20100101 Firefox/143.0"
209.127.35.109 - - [21/Jul/2026:08:34:41 +0000] "POST /wp-login.php HTTP/1.1" 200 5127 "-" "Mozilla/5.0 (Windows NT 10.0; Win64; x64) AppleWebKit/537.36 Chrome/129.0.0.0 Safari/537.36"
198.177.124.148 - - [21/Jul/2026:08:34:57 +0000] "POST /wp-cron.php?doing_wp_cron=1784622897.1213529109954833984375 HTTP/1.1" 200 - "-" "WordPress/7.0.2; https://salemconcept.shop"
104.105.80.153 - - [21/Jul/2026:08:34:55 +0000] "POST /wp-login.php HTTP/1.1" 200 5127 "-" "Mozilla/5.0 (Windows NT 10.0; Win64; x64) AppleWebKit/537.36 (KHTML, like Gecko) Chrome/124.0.0.0 Safari/537.36"
209.127.35.109 - - [21/Jul/2026:08:35:23 +0000] "POST /wp-login.php HTTP/1.1" 200 5127 "-" "Mozilla/5.0 (Windows NT 10.0; Win64; x64) AppleWebKit/537.36 Chrome/129.0.0.0 Safari/537.36"
198.177.124.148 - - [21/Jul/2026:08:36:07 +0000] "POST /wp-cron.php?doing_wp_cron=1784622966.9597179889678955078125 HTTP/1.1" 200 - "-" "WordPress/7.0.2; https://salemconcept.shop"
209.127.35.109 - - [21/Jul/2026:08:36:04 +0000] "POST /wp-login.php HTTP/1.1" 200 5127 "-" "Mozilla/5.0 (Windows NT 10.0; Win64; rv:143.0) Gecko/20100101 Firefox/143.0"
104.105.80.153 - - [21/Jul/2026:08:36:22 +0000] "POST /wp-login.php HTTP/1.1" 200 5127 "-" "Mozilla/5.0 (X11; Linux x86_64) AppleWebKit/537.36 (KHTML, like Gecko) Chrome/125.0.0.0 Safari/537.36"
66.249.77.1 - - [21/Jul/2026:08:36:24 +0000] "GET /?j=8848737383 HTTP/1.1" 200 97035 "-" "Mozilla/5.0 (Linux; Android 6.0.1; Nexus 5X Build/MMB29P) AppleWebKit/537.36 (KHTML, like Gecko) Chrome/150.0.7871.128 Mobile Safari/537.36 (compatible; GoogleOther)"
198.177.124.148 - - [21/Jul/2026:08:36:48 +0000] "POST /wp-cron.php?doing_wp_cron=1784623008.3100318908691406250000 HTTP/1.1" 200 - "-" "WordPress/7.0.2; https://salemconcept.shop"
209.127.35.109 - - [21/Jul/2026:08:36:46 +0000] "POST /wp-login.php HTTP/1.1" 200 5127 "-" "Mozilla/5.0 (Windows NT 10.0; Win64; x64) AppleWebKit/537.36 Chrome/129.0.0.0 Safari/537.36"
209.127.35.109 - - [21/Jul/2026:08:37:24 +0000] "POST /wp-login.php HTTP/1.1" 200 5127 "-" "Mozilla/5.0 (Windows NT 10.0; Win64; x64) AppleWebKit/537.36 Chrome/129.0.0.0 Safari/537.36"
198.177.124.148 - - [21/Jul/2026:08:38:03 +0000] "POST /wp-cron.php?doing_wp_cron=1784623083.8027749061584472656250 HTTP/1.1" 200 - "-" "WordPress/7.0.2; https://salemconcept.shop"
104.105.80.153 - - [21/Jul/2026:08:38:00 +0000] "POST /wp-login.php HTTP/1.1" 200 5127 "-" "Mozilla/5.0 (Windows NT 10.0; Win64; x64) AppleWebKit/537.36 (KHTML, like Gecko) Chrome/124.0.0.0 Safari/537.36 Edg/124.0.0.0"
209.127.35.109 - - [21/Jul/2026:08:38:03 +0000] "POST /wp-login.php HTTP/1.1" 200 5127 "-" "Mozilla/5.0 (Windows NT 10.0; Win64; rv:143.0) Gecko/20100101 Firefox/143.0"
209.127.35.109 - - [21/Jul/2026:08:38:41 +0000] "POST /wp-login.php HTTP/1.1" 200 5127 "-" "Mozilla/5.0 (Macintosh; Intel Mac OS X 10_15_7) AppleWebKit/605.1.15 Version/17.0 Safari/605.1.15"
198.177.124.148 - - [21/Jul/2026:08:39:19 +0000] "POST /wp-cron.php?doing_wp_cron=1784623159.3637518882751464843750 HTTP/1.1" 200 - "-" "WordPress/7.0.2; https://salemconcept.shop"
209.127.35.109 - - [21/Jul/2026:08:39:17 +0000] "POST /wp-login.php HTTP/1.1" 200 5127 "-" "Mozilla/5.0 (Windows NT 10.0; Win64; rv:143.0) Gecko/20100101 Firefox/143.0"
104.105.80.153 - - [21/Jul/2026:08:39:29 +0000] "POST /wp-login.php HTTP/1.1" 200 5127 "-" "Mozilla/5.0 (Windows NT 10.0; Win64; x64; rv:125.0) Gecko/20100101 Firefox/125.0"
198.177.124.148 - - [21/Jul/2026:08:39:56 +0000] "POST /wp-cron.php?doing_wp_cron=1784623196.0949409008026123046875 HTTP/1.1" 200 - "-" "WordPress/7.0.2; https://salemconcept.shop"
209.127.35.109 - - [21/Jul/2026:08:39:55 +0000] "POST /wp-login.php HTTP/1.1" 200 5127 "-" "Mozilla/5.0 (Windows NT 10.0; Win64; x64) AppleWebKit/537.36 Chrome/129.0.0.0 Safari/537.36"
209.127.35.109 - - [21/Jul/2026:08:40:35 +0000] "POST /wp-login.php HTTP/1.1" 200 5127 "-" "Mozilla/5.0 (Windows NT 10.0; Win64; x64) AppleWebKit/537.36 Chrome/129.0.0.0 Safari/537.36"
198.177.124.148 - - [21/Jul/2026:08:41:03 +0000] "POST /wp-cron.php?doing_wp_cron=1784623263.6289451122283935546875 HTTP/1.1" 200 - "-" "WordPress/7.0.2; https://salemconcept.shop"
104.105.80.153 - - [21/Jul/2026:08:41:00 +0000] "POST /wp-login.php HTTP/1.1" 200 5127 "-" "Mozilla/5.0 (Windows NT 11.0; Win64; x64) AppleWebKit/537.36 (KHTML, like Gecko) Chrome/125.0.0.0 Safari/537.36 Edg/125.0.0.0"
209.127.35.109 - - [21/Jul/2026:08:41:15 +0000] "POST /wp-login.php HTTP/1.1" 200 5127 "-" "Mozilla/5.0 (Macintosh; Intel Mac OS X 10_15_7) AppleWebKit/605.1.15 Version/17.0 Safari/605.1.15"
198.177.124.148 - - [21/Jul/2026:08:41:55 +0000] "POST /wp-cron.php?doing_wp_cron=1784623315.4857749938964843750000 HTTP/1.1" 200 - "-" "WordPress/7.0.2; https://salemconcept.shop"
209.127.35.109 - - [21/Jul/2026:08:41:53 +0000] "POST /wp-login.php HTTP/1.1" 200 5127 "-" "Mozilla/5.0 (Windows NT 10.0; Win64; x64) AppleWebKit/537.36 Chrome/129.0.0.0 Safari/537.36"
104.105.80.153 - - [21/Jul/2026:08:42:26 +0000] "POST /wp-login.php HTTP/1.1" 200 5127 "-" "Mozilla/5.0 (Windows NT 10.0; Win64; x64; rv:124.0) Gecko/20100101 Firefox/124.0"
209.127.35.109 - - [21/Jul/2026:08:42:33 +0000] "POST /wp-login.php HTTP/1.1" 200 5127 "-" "Mozilla/5.0 (Windows NT 10.0; Win64; x64) AppleWebKit/537.36 Chrome/129.0.0.0 Safari/537.36"
198.177.124.148 - - [21/Jul/2026:08:43:20 +0000] "POST /wp-cron.php?doing_wp_cron=1784623400.3370800018310546875000 HTTP/1.1" 200 - "-" "WordPress/7.0.2; https://salemconcept.shop"
209.127.35.109 - - [21/Jul/2026:08:43:18 +0000] "POST /wp-login.php HTTP/1.1" 200 5127 "-" "Mozilla/5.0 (Macintosh; Intel Mac OS X 10_15_7) AppleWebKit/605.1.15 Version/17.0 Safari/605.1.15"
198.177.124.148 - - [21/Jul/2026:08:43:49 +0000] "POST /wp-cron.php?doing_wp_cron=1784623429.3480739593505859375000 HTTP/1.1" 200 - "-" "WordPress/7.0.2; https://salemconcept.shop"
104.105.80.153 - - [21/Jul/2026:08:43:47 +0000] "POST /wp-login.php HTTP/1.1" 200 5127 "-" "Mozilla/5.0 (X11; Linux x86_64; rv:125.0) Gecko/20100101 Firefox/125.0"
209.127.35.109 - - [21/Jul/2026:08:44:01 +0000] "POST /wp-login.php HTTP/1.1" 200 5127 "-" "Mozilla/5.0 (Windows NT 10.0; Win64; x64) AppleWebKit/537.36 Chrome/129.0.0.0 Safari/537.36"
209.127.35.109 - - [21/Jul/2026:08:44:44 +0000] "POST /wp-login.php HTTP/1.1" 200 5127 "-" "Mozilla/5.0 (Windows NT 10.0; Win64; rv:143.0) Gecko/20100101 Firefox/143.0"
198.177.124.148 - - [21/Jul/2026:08:45:12 +0000] "POST /wp-cron.php?doing_wp_cron=1784623512.6150419712066650390625 HTTP/1.1" 200 - "-" "WordPress/7.0.2; https://salemconcept.shop"
104.105.80.153 - - [21/Jul/2026:08:45:09 +0000] "POST /wp-login.php HTTP/1.1" 200 5127 "-" "Mozilla/5.0 (Windows NT 10.0; Win64; x64) AppleWebKit/537.36 (KHTML, like Gecko) Chrome/123.0.0.0 Safari/537.36 Vivaldi/6.7"
209.127.35.109 - - [21/Jul/2026:08:45:27 +0000] "POST /wp-login.php HTTP/1.1" 200 5127 "-" "Mozilla/5.0 (Windows NT 10.0; Win64; rv:143.0) Gecko/20100101 Firefox/143.0"
198.177.124.148 - - [21/Jul/2026:08:46:11 +0000] "POST /wp-cron.php?doing_wp_cron=1784623571.3206949234008789062500 HTTP/1.1" 200 - "-" "WordPress/7.0.2; https://salemconcept.shop"
209.127.35.109 - - [21/Jul/2026:08:46:08 +0000] "POST /wp-login.php HTTP/1.1" 200 5127 "-" "Mozilla/5.0 (Macintosh; Intel Mac OS X 10_15_7) AppleWebKit/605.1.15 Version/17.0 Safari/605.1.15"
104.105.80.153 - - [21/Jul/2026:08:46:31 +0000] "POST /wp-login.php HTTP/1.1" 200 5127 "-" "Mozilla/5.0 (Macintosh; Intel Mac OS X 13.5; rv:124.0) Gecko/20100101 Firefox/124.0"
198.177.124.148 - - [21/Jul/2026:08:46:52 +0000] "POST /wp-cron.php?doing_wp_cron=1784623612.7743430137634277343750 HTTP/1.1" 200 - "-" "WordPress/7.0.2; https://salemconcept.shop"
209.127.35.109 - - [21/Jul/2026:08:46:50 +0000] "POST /wp-login.php HTTP/1.1" 200 5127 "-" "Mozilla/5.0 (Windows NT 10.0; Win64; rv:143.0) Gecko/20100101 Firefox/143.0"
209.127.35.109 - - [21/Jul/2026:08:47:30 +0000] "POST /wp-login.php HTTP/1.1" 200 5127 "-" "Mozilla/5.0 (Windows NT 10.0; Win64; x64) AppleWebKit/537.36 Chrome/129.0.0.0 Safari/537.36"
198.177.124.148 - - [21/Jul/2026:08:48:05 +0000] "POST /wp-cron.php?doing_wp_cron=1784623685.2676060199737548828125 HTTP/1.1" 200 - "-" "WordPress/7.0.2; https://salemconcept.shop"
104.105.80.153 - - [21/Jul/2026:08:48:04 +0000] "POST /wp-login.php HTTP/1.1" 200 5127 "-" "Mozilla/5.0 (Macintosh; Intel Mac OS X 10_15_7) AppleWebKit/537.36 (KHTML, like Gecko) Chrome/124.0.0.0 Safari/537.36"
209.127.35.109 - - [21/Jul/2026:08:48:12 +0000] "POST /wp-login.php HTTP/1.1" 200 5127 "-" "Mozilla/5.0 (Windows NT 10.0; Win64; rv:143.0) Gecko/20100101 Firefox/143.0"
198.177.124.148 - - [21/Jul/2026:08:49:37 +0000] "POST /wp-cron.php?doing_wp_cron=1784623777.7647120952606201171875 HTTP/1.1" 200 - "-" "WordPress/7.0.2; https://salemconcept.shop"
104.105.80.153 - - [21/Jul/2026:08:49:35 +0000] "POST /wp-login.php HTTP/1.1" 200 5127 "-" "Mozilla/5.0 (X11; Linux x86_64; rv:124.0) Gecko/20100101 Firefox/124.0"
198.177.124.148 - - [21/Jul/2026:08:51:21 +0000] "POST /wp-cron.php?doing_wp_cron=1784623881.0615019798278808593750 HTTP/1.1" 200 - "-" "WordPress/7.0.2; https://salemconcept.shop"
104.105.80.153 - - [21/Jul/2026:08:51:19 +0000] "POST /wp-login.php HTTP/1.1" 200 5127 "-" "Mozilla/5.0 (Windows NT 10.0; WOW64) AppleWebKit/537.36 (KHTML, like Gecko) Chrome/118.0.0.0 Safari/537.36"
198.177.124.148 - - [21/Jul/2026:08:52:52 +0000] "POST /wp-cron.php?doing_wp_cron=1784623972.3353130817413330078125 HTTP/1.1" 200 - "-" "WordPress/7.0.2; https://salemconcept.shop"
104.105.80.153 - - [21/Jul/2026:08:52:49 +0000] "POST /wp-login.php HTTP/1.1" 200 5127 "-" "Mozilla/5.0 (X11; Linux x86_64) AppleWebKit/537.36 (KHTML, like Gecko) Chrome/123.0.0.0 Safari/537.36 OPR/107.0.0.0"
198.177.124.148 - - [21/Jul/2026:08:54:25 +0000] "POST /wp-cron.php?doing_wp_cron=1784624065.4400019645690917968750 HTTP/1.1" 200 - "-" "WordPress/7.0.2; https://salemconcept.shop"
104.105.80.153 - - [21/Jul/2026:08:54:23 +0000] "POST /wp-login.php HTTP/1.1" 200 5127 "-" "Mozilla/5.0 (Windows NT 10.0; Win64; x64) AppleWebKit/537.36 (KHTML, like Gecko) Chrome/124.0.0.0 Safari/537.36"
198.177.124.148 - - [21/Jul/2026:08:55:58 +0000] "POST /wp-cron.php?doing_wp_cron=1784624158.3661179542541503906250 HTTP/1.1" 200 - "-" "WordPress/7.0.2; https://salemconcept.shop"
104.105.80.153 - - [21/Jul/2026:08:55:56 +0000] "POST /wp-login.php HTTP/1.1" 200 5127 "-" "Mozilla/5.0 (Windows NT 10.0; Win64; x64; rv:125.0) Gecko/20100101 Firefox/125.0"
198.177.124.148 - - [21/Jul/2026:08:56:56 +0000] "POST /wp-cron.php?doing_wp_cron=1784624216.9132580757141113281250 HTTP/1.1" 200 - "-" "WordPress/7.0.2; https://salemconcept.shop"
66.249.77.1 - - [21/Jul/2026:08:56:54 +0000] "GET /?j=88487156016 HTTP/1.1" 200 97035 "-" "Mozilla/5.0 (Linux; Android 6.0.1; Nexus 5X Build/MMB29P) AppleWebKit/537.36 (KHTML, like Gecko) Chrome/150.0.7871.128 Mobile Safari/537.36 (compatible; GoogleOther)"
104.105.80.153 - - [21/Jul/2026:08:57:18 +0000] "POST /wp-login.php HTTP/1.1" 200 5127 "-" "Mozilla/5.0 (X11; Linux x86_64) AppleWebKit/537.36 (KHTML, like Gecko) Chrome/123.0.0.0 Safari/537.36"
198.177.124.148 - - [21/Jul/2026:08:58:43 +0000] "POST /wp-cron.php?doing_wp_cron=1784624323.1812229156494140625000 HTTP/1.1" 200 - "-" "WordPress/7.0.2; https://salemconcept.shop"
104.105.80.153 - - [21/Jul/2026:08:58:40 +0000] "POST /wp-login.php HTTP/1.1" 200 5127 "-" "Mozilla/5.0 (Windows NT 10.0; Win64; x64) AppleWebKit/537.36 (KHTML, like Gecko) Chrome/124.0.0.0 Safari/537.36 Brave/1.65.0"
198.177.124.148 - - [21/Jul/2026:08:59:44 +0000] "POST /wp-cron.php?doing_wp_cron=1784624384.7413771152496337890625 HTTP/1.1" 200 - "-" "WordPress/7.0.2; https://salemconcept.shop"
66.249.77.3 - - [21/Jul/2026:08:59:42 +0000] "GET /?j=8848756597 HTTP/1.1" 200 97035 "-" "Mozilla/5.0 (Linux; Android 6.0.1; Nexus 5X Build/MMB29P) AppleWebKit/537.36 (KHTML, like Gecko) Chrome/150.0.7871.128 Mobile Safari/537.36 (compatible; GoogleOther)"
198.177.124.148 - - [21/Jul/2026:09:00:07 +0000] "POST /wp-cron.php?doing_wp_cron=1784624407.8877649307250976562500 HTTP/1.1" 200 - "-" "WordPress/7.0.2; https://salemconcept.shop"
104.105.80.153 - - [21/Jul/2026:09:00:05 +0000] "POST /wp-login.php HTTP/1.1" 200 5127 "-" "Mozilla/5.0 (Macintosh; Intel Mac OS X 13.5; rv:124.0) Gecko/20100101 Firefox/124.0"
198.177.124.148 - - [21/Jul/2026:09:00:57 +0000] "POST /wp-cron.php?doing_wp_cron=1784624457.4719989299774169921875 HTTP/1.1" 200 - "-" "WordPress/7.0.2; https://salemconcept.shop"
66.249.77.2 - - [21/Jul/2026:09:00:54 +0000] "GET /?j=8848749739 HTTP/1.1" 200 97035 "-" "Mozilla/5.0 (Linux; Android 6.0.1; Nexus 5X Build/MMB29P) AppleWebKit/537.36 (KHTML, like Gecko) Chrome/150.0.7871.128 Mobile Safari/537.36 (compatible; GoogleOther)"
104.105.80.153 - - [21/Jul/2026:09:01:30 +0000] "POST /wp-login.php HTTP/1.1" 200 5127 "-" "Mozilla/5.0 (Windows NT 10.0; Win64; x64) AppleWebKit/537.36 (KHTML, like Gecko) Chrome/123.0.0.0 Safari/537.36 Vivaldi/6.7"
66.249.77.3 - - [21/Jul/2026:09:01:44 +0000] "GET /?j=8848750717 HTTP/1.1" 200 97035 "-" "Mozilla/5.0 (Linux; Android 6.0.1; Nexus 5X Build/MMB29P) AppleWebKit/537.36 (KHTML, like Gecko) Chrome/150.0.7871.128 Mobile Safari/537.36 (compatible; GoogleOther)"
198.177.124.148 - - [21/Jul/2026:09:03:07 +0000] "POST /wp-cron.php?doing_wp_cron=1784624587.3016901016235351562500 HTTP/1.1" 200 - "-" "WordPress/7.0.2; https://salemconcept.shop"
104.105.80.153 - - [21/Jul/2026:09:03:04 +0000] "POST /wp-login.php HTTP/1.1" 200 5127 "-" "Mozilla/5.0 (Windows NT 10.0; Win64; x64) AppleWebKit/537.36 (KHTML, like Gecko) Chrome/125.0.0.0 Safari/537.36"
66.249.77.1 - - [21/Jul/2026:09:03:37 +0000] "GET /?l=10697261513 HTTP/1.1" 200 97035 "-" "Mozilla/5.0 (Linux; Android 6.0.1; Nexus 5X Build/MMB29P) AppleWebKit/537.36 (KHTML, like Gecko) Chrome/150.0.7871.128 Mobile Safari/537.36 (compatible; GoogleOther)"
198.177.124.148 - - [21/Jul/2026:09:04:54 +0000] "POST /wp-cron.php?doing_wp_cron=1784624694.0917949676513671875000 HTTP/1.1" 200 - "-" "WordPress/7.0.2; https://salemconcept.shop"
104.105.80.153 - - [21/Jul/2026:09:04:51 +0000] "POST /wp-login.php HTTP/1.1" 200 5127 "-" "Mozilla/5.0 (X11; Linux x86_64) AppleWebKit/537.36 (KHTML, like Gecko) Chrome/123.0.0.0 Safari/537.36 OPR/107.0.0.0"
104.105.80.153 - - [21/Jul/2026:09:06:34 +0000] "POST /wp-login.php HTTP/1.1" 200 5127 "-" "Mozilla/5.0 (X11; Linux x86_64) AppleWebKit/537.36 (KHTML, like Gecko) Chrome/124.0.0.0 Safari/537.36"
198.177.124.148 - - [21/Jul/2026:09:08:19 +0000] "POST /wp-cron.php?doing_wp_cron=1784624899.3745050430297851562500 HTTP/1.1" 200 - "-" "WordPress/7.0.2; https://salemconcept.shop"
104.105.80.153 - - [21/Jul/2026:09:08:17 +0000] "POST /wp-login.php HTTP/1.1" 200 5127 "-" "Mozilla/5.0 (Macintosh; Intel Mac OS X 14_3) AppleWebKit/605.1.15 (KHTML, like Gecko) Version/17.3 Safari/605.1.15"
198.177.124.148 - - [21/Jul/2026:09:09:15 +0000] "POST /wp-cron.php?doing_wp_cron=1784624955.8938341140747070312500 HTTP/1.1" 200 - "-" "WordPress/7.0.2; https://salemconcept.shop"
66.249.77.1 - - [21/Jul/2026:09:09:13 +0000] "GET /robots.txt HTTP/1.1" 200 118 "-" "Mozilla/5.0 (compatible; Googlebot/2.1; +http://www.google.com/bot.html)"
66.249.77.1 - - [21/Jul/2026:09:09:41 +0000] "GET /?o=7104664259 HTTP/1.1" 200 97035 "-" "Mozilla/5.0 (Linux; Android 6.0.1; Nexus 5X Build/MMB29P) AppleWebKit/537.36 (KHTML, like Gecko) Chrome/150.0.7871.128 Mobile Safari/537.36 (compatible; GoogleOther)"
198.177.124.148 - - [21/Jul/2026:09:10:00 +0000] "POST /wp-cron.php?doing_wp_cron=1784625000.5575439929962158203125 HTTP/1.1" 200 - "-" "WordPress/7.0.2; https://salemconcept.shop"
104.105.80.153 - - [21/Jul/2026:09:09:58 +0000] "POST /wp-login.php HTTP/1.1" 200 5127 "-" "Mozilla/5.0 (Macintosh; Intel Mac OS X 13.5; rv:124.0) Gecko/20100101 Firefox/124.0"
198.177.124.148 - - [21/Jul/2026:09:10:58 +0000] "POST /wp-cron.php?doing_wp_cron=1784625058.5287840366363525390625 HTTP/1.1" 200 - "-" "WordPress/7.0.2; https://salemconcept.shop"
66.249.77.1 - - [21/Jul/2026:09:10:57 +0000] "GET /robots.txt HTTP/1.1" 200 118 "-" "Mozilla/5.0 (compatible; Googlebot/2.1; +http://www.google.com/bot.html)"
66.249.77.3 - - [21/Jul/2026:09:11:28 +0000] "GET /?j=88487216169 HTTP/1.1" 200 97035 "-" "Mozilla/5.0 (Linux; Android 6.0.1; Nexus 5X Build/MMB29P) AppleWebKit/537.36 (KHTML, like Gecko) Chrome/150.0.7871.128 Mobile Safari/537.36 (compatible; GoogleOther)"
104.105.80.153 - - [21/Jul/2026:09:11:40 +0000] "POST /wp-login.php HTTP/1.1" 200 5127 "-" "Mozilla/5.0 (Macintosh; Intel Mac OS X 10_15_7) AppleWebKit/537.36 (KHTML, like Gecko) Chrome/124.0.0.0 Safari/537.36"
198.177.124.148 - - [21/Jul/2026:09:13:25 +0000] "POST /wp-cron.php?doing_wp_cron=1784625205.5483601093292236328125 HTTP/1.1" 200 - "-" "WordPress/7.0.2; https://salemconcept.shop"
104.105.80.153 - - [21/Jul/2026:09:13:22 +0000] "POST /wp-login.php HTTP/1.1" 200 5127 "-" "Mozilla/5.0 (Macintosh; Intel Mac OS X 10_15_7) AppleWebKit/537.36 (KHTML, like Gecko) Chrome/124.0.0.0 Safari/537.36"
198.177.124.148 - - [21/Jul/2026:09:15:07 +0000] "POST /wp-cron.php?doing_wp_cron=1784625307.4480841159820556640625 HTTP/1.1" 200 - "-" "WordPress/7.0.2; https://salemconcept.shop"
104.105.80.153 - - [21/Jul/2026:09:15:04 +0000] "POST /wp-login.php HTTP/1.1" 200 5127 "-" "Mozilla/5.0 (X11; Linux x86_64) AppleWebKit/537.36 (KHTML, like Gecko) Chrome/124.0.0.0 Safari/537.36 Edg/124.0.0.0"
202.134.9.140 - - [21/Jul/2026:09:16:31 +0000] "GET /wp-login.php HTTP/1.1" 200 4715 "http://salemconcept.shop/wp-admin/" "Mozilla/5.0 (Windows NT 10.0; Win64; x64) AppleWebKit/537.36 (KHTML, like Gecko) Chrome/90.0.4430.85 Safari/537.36"
202.134.9.140 - - [21/Jul/2026:09:16:35 +0000] "POST /wp-login.php HTTP/1.1" 200 5127 "http://salemconcept.shop/wp-admin/" "Mozilla/5.0 (Windows NT 10.0; Win64; x64) AppleWebKit/537.36 (KHTML, like Gecko) Chrome/90.0.4430.85 Safari/537.36"
202.134.9.140 - - [21/Jul/2026:09:16:37 +0000] "GET /wp-admin/ HTTP/1.1" 302 - "www.google.com" "Mozilla/5.0 (Windows NT 10.0; Win64; x64) AppleWebKit/537.36 (KHTML, like Gecko) Chrome/90.0.4430.85 Safari/537.36"
202.134.9.140 - - [21/Jul/2026:09:16:39 +0000] "GET /wp-login.php?redirect_to=https%3A%2F%2Fsalemconcept.shop%2Fwp-admin%2F&reauth=1 HTTP/1.1" 200 4715 "www.google.com" "Mozilla/5.0 (Windows NT 10.0; Win64; x64) AppleWebKit/537.36 (KHTML, like Gecko) Chrome/90.0.4430.85 Safari/537.36"
66.249.77.2 - - [21/Jul/2026:09:16:41 +0000] "GET /robots.txt HTTP/1.1" 200 118 "-" "Mozilla/5.0 (compatible; Googlebot/2.1; +http://www.google.com/bot.html)"
198.177.124.148 - - [21/Jul/2026:09:16:54 +0000] "POST /wp-cron.php?doing_wp_cron=1784625414.3935790061950683593750 HTTP/1.1" 200 - "-" "WordPress/7.0.2; https://salemconcept.shop"
104.105.80.153 - - [21/Jul/2026:09:16:51 +0000] "POST /wp-login.php HTTP/1.1" 200 5127 "-" "Mozilla/5.0 (Windows NT 10.0; Win64; x64) AppleWebKit/537.36 (KHTML, like Gecko) Chrome/124.0.0.0 Safari/537.36 Edg/124.0.0.0"
66.249.77.3 - - [21/Jul/2026:09:17:18 +0000] "GET /?r=36261276403 HTTP/1.1" 200 97035 "-" "Mozilla/5.0 (Linux; Android 6.0.1; Nexus 5X Build/MMB29P) AppleWebKit/537.36 (KHTML, like Gecko) Chrome/150.0.7871.128 Mobile Safari/537.36 (compatible; GoogleOther)"
198.177.124.148 - - [21/Jul/2026:09:18:40 +0000] "POST /wp-cron.php?doing_wp_cron=1784625520.0296969413757324218750 HTTP/1.1" 200 - "-" "WordPress/7.0.2; https://salemconcept.shop"
104.105.80.153 - - [21/Jul/2026:09:18:38 +0000] "POST /wp-login.php HTTP/1.1" 200 5127 "-" "Mozilla/5.0 (Macintosh; Intel Mac OS X 13_6) AppleWebKit/605.1.15 (KHTML, like Gecko) Version/17.2 Safari/605.1.15"
198.177.124.148 - - [21/Jul/2026:09:20:30 +0000] "POST /wp-cron.php?doing_wp_cron=1784625629.9840381145477294921875 HTTP/1.1" 200 - "-" "WordPress/7.0.2; https://salemconcept.shop"
104.105.80.153 - - [21/Jul/2026:09:20:24 +0000] "POST /wp-login.php HTTP/1.1" 200 5127 "-" "Mozilla/5.0 (Windows NT 10.0; Win64; x64) AppleWebKit/537.36 (KHTML, like Gecko) Chrome/124.0.0.0 Safari/537.36 Edg/124.0.0.0"
198.177.124.148 - - [21/Jul/2026:09:22:08 +0000] "POST /wp-cron.php?doing_wp_cron=1784625728.5965740680694580078125 HTTP/1.1" 200 - "-" "WordPress/7.0.2; https://salemconcept.shop"
104.105.80.153 - - [21/Jul/2026:09:22:06 +0000] "POST /wp-login.php HTTP/1.1" 200 5127 "-" "Mozilla/5.0 (X11; Linux x86_64) AppleWebKit/537.36 (KHTML, like Gecko) Chrome/124.0.0.0 Safari/537.36 Brave/1.65.0"
198.177.124.148 - - [21/Jul/2026:09:23:48 +0000] "POST /wp-cron.php?doing_wp_cron=1784625828.4037730693817138671875 HTTP/1.1" 200 - "-" "WordPress/7.0.2; https://salemconcept.shop"
104.105.80.153 - - [21/Jul/2026:09:23:46 +0000] "POST /wp-login.php HTTP/1.1" 200 5127 "-" "Mozilla/5.0 (X11; Linux x86_64; rv:124.0) Gecko/20100101 Firefox/124.0"
198.177.124.148 - - [21/Jul/2026:09:33:04 +0000] "POST /wp-cron.php?doing_wp_cron=1784626384.5557379722595214843750 HTTP/1.1" 200 - "-" "WordPress/7.0.2; https://salemconcept.shop"
66.249.77.2 - - [21/Jul/2026:09:33:02 +0000] "GET /?j=88487199893 HTTP/1.1" 200 97035 "-" "Mozilla/5.0 (Linux; Android 6.0.1; Nexus 5X Build/MMB29P) AppleWebKit/537.36 (KHTML, like Gecko) Chrome/150.0.7871.128 Mobile Safari/537.36 (compatible; GoogleOther)"
66.249.77.1 - - [21/Jul/2026:09:42:19 +0000] "GET /wp-admin/admin-ajax.php?action=pys_get_pbid HTTP/1.1" 200 1 "http://salemconcept.shop/" "Mozilla/5.0 (Linux; Android 6.0.1; Nexus 5X Build/MMB29P) AppleWebKit/537.36 (KHTML, like Gecko) Chrome/150.0.7871.128 Mobile Safari/537.36 (compatible; Googlebot/2.1; +http://www.google.com/bot.html)"
198.177.124.148 - - [21/Jul/2026:10:16:30 +0000] "POST /wp-cron.php?doing_wp_cron=1784628990.2363479137420654296875 HTTP/1.1" 200 - "-" "WordPress/7.0.2; https://salemconcept.shop"
66.249.77.2 - - [21/Jul/2026:10:16:27 +0000] "GET /?h=8783578618 HTTP/1.1" 200 97035 "-" "Mozilla/5.0 (Linux; Android 6.0.1; Nexus 5X Build/MMB29P) AppleWebKit/537.36 (KHTML, like Gecko) Chrome/150.0.7871.128 Mobile Safari/537.36 (compatible; GoogleOther)"
198.177.124.148 - - [21/Jul/2026:10:17:43 +0000] "POST /wp-cron.php?doing_wp_cron=1784629063.3279569149017333984375 HTTP/1.1" 200 - "-" "WordPress/7.0.2; https://salemconcept.shop"
66.249.77.1 - - [21/Jul/2026:10:17:40 +0000] "GET /robots.txt HTTP/1.1" 200 118 "-" "Mozilla/5.0 (compatible; Googlebot/2.1; +http://www.google.com/bot.html)"
198.177.124.148 - - [21/Jul/2026:10:18:37 +0000] "POST /wp-cron.php?doing_wp_cron=1784629117.3150429725646972656250 HTTP/1.1" 200 - "-" "WordPress/7.0.2; https://salemconcept.shop"
66.249.77.3 - - [21/Jul/2026:10:18:35 +0000] "GET /?j=88487192569 HTTP/1.1" 200 97035 "-" "Mozilla/5.0 (Linux; Android 6.0.1; Nexus 5X Build/MMB29P) AppleWebKit/537.36 (KHTML, like Gecko) Chrome/150.0.7871.128 Mobile Safari/537.36 (compatible; GoogleOther)"
198.177.124.148 - - [21/Jul/2026:10:26:34 +0000] "POST /wp-cron.php?doing_wp_cron=1784629594.1866199970245361328125 HTTP/1.1" 200 - "-" "WordPress/7.0.2; https://salemconcept.shop"
66.249.77.1 - - [21/Jul/2026:10:26:31 +0000] "GET /robots.txt HTTP/1.1" 200 118 "-" "Mozilla/5.0 (compatible; Googlebot/2.1; +http://www.google.com/bot.html)"
66.249.77.1 - - [21/Jul/2026:10:26:37 +0000] "GET /?o=71046172876 HTTP/1.1" 200 97035 "-" "Mozilla/5.0 (Linux; Android 6.0.1; Nexus 5X Build/MMB29P) AppleWebKit/537.36 (KHTML, like Gecko) Chrome/150.0.7871.128 Mobile Safari/537.36 (compatible; GoogleOther)"
198.177.124.148 - - [21/Jul/2026:10:27:18 +0000] "POST /wp-cron.php?doing_wp_cron=1784629638.5083100795745849609375 HTTP/1.1" 200 - "-" "WordPress/7.0.2; https://salemconcept.shop"
66.249.77.2 - - [21/Jul/2026:10:27:12 +0000] "GET /?j=88487159597 HTTP/1.1" 200 97035 "-" "Mozilla/5.0 (Linux; Android 6.0.1; Nexus 5X Build/MMB29P) AppleWebKit/537.36 (KHTML, like Gecko) Chrome/150.0.7871.128 Mobile Safari/537.36 (compatible; GoogleOther)"
204.194.51.30 - - [21/Jul/2026:10:27:43 +0000] "POST /?rest_route=/batch/v1 HTTP/1.1" 207 478 "-" "FOFA-Scan/4"
198.177.124.148 - - [21/Jul/2026:10:28:07 +0000] "POST /wp-cron.php?doing_wp_cron=1784629687.0112519264221191406250 HTTP/1.1" 200 - "-" "WordPress/7.0.2; https://salemconcept.shop"
66.249.77.2 - - [21/Jul/2026:10:28:04 +0000] "GET /?f=31309115349 HTTP/1.1" 200 97035 "-" "Mozilla/5.0 (Linux; Android 6.0.1; Nexus 5X Build/MMB29P) AppleWebKit/537.36 (KHTML, like Gecko) Chrome/150.0.7871.128 Mobile Safari/537.36 (compatible; GoogleOther)"
151.115.99.207 - - [21/Jul/2026:10:36:37 +0000] "GET /wp-admin/admin-ajax.php?action=pys_get_pbid HTTP/1.1" 200 1 "http://salemconcept.shop/" "Mozilla/5.0 (X11; Linux x86_64) AppleWebKit/537.36 (KHTML, like Gecko) Chrome/134.0.0.0 Safari/537.3"
151.115.99.207 - - [21/Jul/2026:10:36:37 +0000] "POST /wp-json/pys-facebook/v1/event HTTP/1.1" 200 16 "http://salemconcept.shop/" "Mozilla/5.0 (X11; Linux x86_64) AppleWebKit/537.36 (KHTML, like Gecko) Chrome/134.0.0.0 Safari/537.3"
198.177.124.148 - - [21/Jul/2026:10:41:43 +0000] "POST /wp-cron.php?doing_wp_cron=1784630503.1154630184173583984375 HTTP/1.1" 200 - "-" "WordPress/7.0.2; https://salemconcept.shop"
66.249.77.3 - - [21/Jul/2026:10:41:40 +0000] "GET /?j=88487256958 HTTP/1.1" 200 97035 "-" "Mozilla/5.0 (Linux; Android 6.0.1; Nexus 5X Build/MMB29P) AppleWebKit/537.36 (KHTML, like Gecko) Chrome/150.0.7871.128 Mobile Safari/537.36 (compatible; GoogleOther)"
198.177.124.148 - - [21/Jul/2026:10:42:07 +0000] "POST /wp-cron.php?doing_wp_cron=1784630527.8314249515533447265625 HTTP/1.1" 200 - "-" "WordPress/7.0.2; https://salemconcept.shop"
66.249.77.3 - - [21/Jul/2026:10:42:06 +0000] "GET /?l=10697263451 HTTP/1.1" 200 97035 "-" "Mozilla/5.0 (Linux; Android 6.0.1; Nexus 5X Build/MMB29P) AppleWebKit/537.36 (KHTML, like Gecko) Chrome/150.0.7871.128 Mobile Safari/537.36 (compatible; GoogleOther)"
198.177.124.148 - - [21/Jul/2026:10:43:58 +0000] "POST /wp-cron.php?doing_wp_cron=1784630638.9318110942840576171875 HTTP/1.1" 200 - "-" "WordPress/7.0.2; https://salemconcept.shop"
66.249.77.1 - - [21/Jul/2026:10:43:56 +0000] "GET /?l=10697120303 HTTP/1.1" 200 97035 "-" "Mozilla/5.0 (Linux; Android 6.0.1; Nexus 5X Build/MMB29P) AppleWebKit/537.36 (KHTML, like Gecko) Chrome/150.0.7871.128 Mobile Safari/537.36 (compatible; GoogleOther)"
66.249.77.2 - - [21/Jul/2026:10:44:24 +0000] "GET /?h=8783565394 HTTP/1.1" 200 97035 "-" "Mozilla/5.0 (Linux; Android 6.0.1; Nexus 5X Build/MMB29P) AppleWebKit/537.36 (KHTML, like Gecko) Chrome/150.0.7871.128 Mobile Safari/537.36 (compatible; GoogleOther)"
198.177.124.148 - - [21/Jul/2026:10:45:05 +0000] "POST /wp-cron.php?doing_wp_cron=1784630705.0562880039215087890625 HTTP/1.1" 200 - "-" "WordPress/7.0.2; https://salemconcept.shop"
66.249.77.2 - - [21/Jul/2026:10:45:01 +0000] "GET /?q=59868168996 HTTP/1.1" 200 97035 "-" "Mozilla/5.0 (Linux; Android 6.0.1; Nexus 5X Build/MMB29P) AppleWebKit/537.36 (KHTML, like Gecko) Chrome/150.0.7871.128 Mobile Safari/537.36 (compatible; GoogleOther)"
64.23.151.5 - - [21/Jul/2026:10:45:05 +0000] "GET / HTTP/1.1" 200 97035 "-" "Mozilla/5.0 (Windows NT 10.0; Win64; x64) AppleWebKit/537.36 (KHTML, like Gecko) Chrome/131.0.0.0 Safari/537.36"
66.249.77.2 - - [21/Jul/2026:10:45:42 +0000] "GET /?x=65569100934 HTTP/1.1" 200 97035 "-" "Mozilla/5.0 (Linux; Android 6.0.1; Nexus 5X Build/MMB29P) AppleWebKit/537.36 (KHTML, like Gecko) Chrome/150.0.7871.128 Mobile Safari/537.36 (compatible; GoogleOther)"
198.177.124.148 - - [21/Jul/2026:10:48:32 +0000] "POST /wp-cron.php?doing_wp_cron=1784630911.9902989864349365234375 HTTP/1.1" 200 - "-" "WordPress/7.0.2; https://salemconcept.shop"
66.249.77.2 - - [21/Jul/2026:10:48:28 +0000] "GET /?r=36261150160 HTTP/1.1" 200 97035 "-" "Mozilla/5.0 (Linux; Android 6.0.1; Nexus 5X Build/MMB29P) AppleWebKit/537.36 (KHTML, like Gecko) Chrome/150.0.7871.128 Mobile Safari/537.36 (compatible; GoogleOther)"
198.177.124.148 - - [21/Jul/2026:10:49:22 +0000] "POST /wp-cron.php?doing_wp_cron=1784630962.6068680286407470703125 HTTP/1.1" 200 - "-" "WordPress/7.0.2; https://salemconcept.shop"
66.249.77.2 - - [21/Jul/2026:10:49:19 +0000] "GET /?l=1069720042 HTTP/1.1" 200 97035 "-" "Mozilla/5.0 (Linux; Android 6.0.1; Nexus 5X Build/MMB29P) AppleWebKit/537.36 (KHTML, like Gecko) Chrome/150.0.7871.128 Mobile Safari/537.36 (compatible; GoogleOther)"
198.177.124.148 - - [21/Jul/2026:10:50:00 +0000] "POST /wp-cron.php?doing_wp_cron=1784631000.5991249084472656250000 HTTP/1.1" 200 - "-" "WordPress/7.0.2; https://salemconcept.shop"
66.249.77.1 - - [21/Jul/2026:10:49:58 +0000] "GET /?j=8848711180 HTTP/1.1" 200 97035 "-" "Mozilla/5.0 (Linux; Android 6.0.1; Nexus 5X Build/MMB29P) AppleWebKit/537.36 (KHTML, like Gecko) Chrome/150.0.7871.128 Mobile Safari/537.36 (compatible; GoogleOther)"
198.177.124.148 - - [21/Jul/2026:10:51:20 +0000] "POST /wp-cron.php?doing_wp_cron=1784631080.6913430690765380859375 HTTP/1.1" 200 - "-" "WordPress/7.0.2; https://salemconcept.shop"
66.249.77.1 - - [21/Jul/2026:10:51:18 +0000] "GET /?x=65569111182 HTTP/1.1" 200 97035 "-" "Mozilla/5.0 (Linux; Android 6.0.1; Nexus 5X Build/MMB29P) AppleWebKit/537.36 (KHTML, like Gecko) Chrome/150.0.7871.128 Mobile Safari/537.36 (compatible; GoogleOther)"
198.177.124.148 - - [21/Jul/2026:10:53:50 +0000] "POST /wp-cron.php?doing_wp_cron=1784631230.3612298965454101562500 HTTP/1.1" 200 - "-" "WordPress/7.0.2; https://salemconcept.shop"
66.249.77.2 - - [21/Jul/2026:10:53:47 +0000] "GET /?l=106977263 HTTP/1.1" 200 97035 "-" "Mozilla/5.0 (Linux; Android 6.0.1; Nexus 5X Build/MMB29P) AppleWebKit/537.36 (KHTML, like Gecko) Chrome/150.0.7871.128 Mobile Safari/537.36 (compatible; GoogleOther)"
198.177.124.148 - - [21/Jul/2026:10:55:08 +0000] "POST /wp-cron.php?doing_wp_cron=1784631308.6630449295043945312500 HTTP/1.1" 200 - "-" "WordPress/7.0.2; https://salemconcept.shop"
66.249.77.3 - - [21/Jul/2026:10:55:05 +0000] "GET /?j=88487253197 HTTP/1.1" 200 97035 "-" "Mozilla/5.0 (Linux; Android 6.0.1; Nexus 5X Build/MMB29P) AppleWebKit/537.36 (KHTML, like Gecko) Chrome/150.0.7871.128 Mobile Safari/537.36 (compatible; GoogleOther)"
198.177.124.148 - - [21/Jul/2026:10:55:58 +0000] "POST /wp-cron.php?doing_wp_cron=1784631357.9872760772705078125000 HTTP/1.1" 200 - "-" "WordPress/7.0.2; https://salemconcept.shop"
66.249.77.1 - - [21/Jul/2026:10:55:55 +0000] "GET /?j=8848767365 HTTP/1.1" 200 97035 "-" "Mozilla/5.0 (Linux; Android 6.0.1; Nexus 5X Build/MMB29P) AppleWebKit/537.36 (KHTML, like Gecko) Chrome/150.0.7871.128 Mobile Safari/537.36 (compatible; GoogleOther)"
198.177.124.148 - - [21/Jul/2026:10:57:15 +0000] "POST /wp-cron.php?doing_wp_cron=1784631435.0285899639129638671875 HTTP/1.1" 200 - "-" "WordPress/7.0.2; https://salemconcept.shop"
66.249.77.1 - - [21/Jul/2026:10:57:11 +0000] "GET /?j=88487150016 HTTP/1.1" 200 97035 "-" "Mozilla/5.0 (Linux; Android 6.0.1; Nexus 5X Build/MMB29P) AppleWebKit/537.36 (KHTML, like Gecko) Chrome/150.0.7871.128 Mobile Safari/537.36 (compatible; GoogleOther)"
198.177.124.148 - - [21/Jul/2026:11:28:07 +0000] "POST /wp-cron.php?doing_wp_cron=1784633287.5765209197998046875000 HTTP/1.1" 200 - "-" "WordPress/7.0.2; https://salemconcept.shop"
66.249.77.2 - - [21/Jul/2026:11:28:05 +0000] "GET /robots.txt HTTP/1.1" 200 118 "-" "Mozilla/5.0 (compatible; Googlebot/2.1; +http://www.google.com/bot.html)"
66.249.77.1 - - [21/Jul/2026:11:28:33 +0000] "GET /?h=87835206799 HTTP/1.1" 200 97035 "-" "Mozilla/5.0 (Linux; Android 6.0.1; Nexus 5X Build/MMB29P) AppleWebKit/537.36 (KHTML, like Gecko) Chrome/150.0.7871.128 Mobile Safari/537.36 (compatible; GoogleOther)"
198.177.124.148 - - [21/Jul/2026:11:49:58 +0000] "POST /wp-cron.php?doing_wp_cron=1784634597.9970819950103759765625 HTTP/1.1" 200 - "-" "WordPress/7.0.2; https://salemconcept.shop"
77.239.124.140 - - [21/Jul/2026:11:49:53 +0000] "GET / HTTP/1.1" 200 97035 "-" "Mozilla/5.0 (Windows NT 10.0; Win64; x64) AppleWebKit/537.36 (KHTML, like Gecko) Chrome/126.0 Safari/537.36"
77.239.124.140 - - [21/Jul/2026:11:49:59 +0000] "POST /?rest_route=/batch/v1 HTTP/1.1" 207 628 "-" "Mozilla/5.0 (Windows NT 10.0; Win64; x64) AppleWebKit/537.36 (KHTML, like Gecko) Chrome/126.0 Safari/537.36"
77.239.124.140 - - [21/Jul/2026:11:50:01 +0000] "POST /?rest_route=/batch/v1 HTTP/1.1" 207 628 "-" "Mozilla/5.0 (Windows NT 10.0; Win64; x64) AppleWebKit/537.36 (KHTML, like Gecko) Chrome/126.0 Safari/537.36"
77.239.124.140 - - [21/Jul/2026:11:50:04 +0000] "POST /?rest_route=/batch/v1 HTTP/1.1" 207 628 "-" "Mozilla/5.0 (Windows NT 10.0; Win64; x64) AppleWebKit/537.36 (KHTML, like Gecko) Chrome/126.0 Safari/537.36"
77.239.124.140 - - [21/Jul/2026:11:50:09 +0000] "POST /?rest_route=/batch/v1 HTTP/1.1" 207 628 "-" "Mozilla/5.0 (Windows NT 10.0; Win64; x64) AppleWebKit/537.36 (KHTML, like Gecko) Chrome/126.0 Safari/537.36"
77.239.124.140 - - [21/Jul/2026:11:50:18 +0000] "POST /?rest_route=/batch/v1 HTTP/1.1" 207 628 "-" "Mozilla/5.0 (Windows NT 10.0; Win64; x64) AppleWebKit/537.36 (KHTML, like Gecko) Chrome/126.0 Safari/537.36"
77.239.124.140 - - [21/Jul/2026:11:50:28 +0000] "POST /?rest_route=/batch/v1 HTTP/1.1" 207 628 "-" "Mozilla/5.0 (Windows NT 10.0; Win64; x64) AppleWebKit/537.36 (KHTML, like Gecko) Chrome/126.0 Safari/537.36"
77.239.124.140 - - [21/Jul/2026:11:50:32 +0000] "POST /?rest_route=/batch/v1 HTTP/1.1" 207 628 "-" "Mozilla/5.0 (Windows NT 10.0; Win64; x64) AppleWebKit/537.36 (KHTML, like Gecko) Chrome/126.0 Safari/537.36"
77.239.124.140 - - [21/Jul/2026:11:50:36 +0000] "GET / HTTP/1.1" 200 97035 "-" "Mozilla/5.0 (Windows NT 10.0; Win64; x64) AppleWebKit/537.36 (KHTML, like Gecko) Chrome/126.0 Safari/537.36"
198.177.124.148 - - [21/Jul/2026:11:56:43 +0000] "POST /wp-cron.php?doing_wp_cron=1784635003.7983040809631347656250 HTTP/1.1" 200 - "-" "WordPress/7.0.2; https://salemconcept.shop"
66.249.77.1 - - [21/Jul/2026:11:56:42 +0000] "GET /?l=1069711593 HTTP/1.1" 200 97035 "-" "Mozilla/5.0 (Linux; Android 6.0.1; Nexus 5X Build/MMB29P) AppleWebKit/537.36 (KHTML, like Gecko) Chrome/150.0.7871.128 Mobile Safari/537.36 (compatible; GoogleOther)"
198.177.124.148 - - [21/Jul/2026:11:58:13 +0000] "POST /wp-cron.php?doing_wp_cron=1784635093.7824931144714355468750 HTTP/1.1" 200 - "-" "WordPress/7.0.2; https://salemconcept.shop"
66.249.77.2 - - [21/Jul/2026:11:58:12 +0000] "GET /?x=655693504 HTTP/1.1" 200 97035 "-" "Mozilla/5.0 (Linux; Android 6.0.1; Nexus 5X Build/MMB29P) AppleWebKit/537.36 (KHTML, like Gecko) Chrome/150.0.7871.128 Mobile Safari/537.36 (compatible; GoogleOther)"
198.177.124.148 - - [21/Jul/2026:12:11:51 +0000] "POST /wp-cron.php?doing_wp_cron=1784635911.5699989795684814453125 HTTP/1.1" 200 - "-" "WordPress/7.0.2; https://salemconcept.shop"
66.249.77.1 - - [21/Jul/2026:12:11:48 +0000] "GET /?q=5986896257 HTTP/1.1" 200 97035 "-" "Mozilla/5.0 (Linux; Android 6.0.1; Nexus 5X Build/MMB29P) AppleWebKit/537.36 (KHTML, like Gecko) Chrome/150.0.7871.128 Mobile Safari/537.36 (compatible; GoogleOther)"
198.177.124.148 - - [21/Jul/2026:12:22:03 +0000] "POST /wp-cron.php?doing_wp_cron=1784636523.8696429729461669921875 HTTP/1.1" 200 - "-" "WordPress/7.0.2; https://salemconcept.shop"
104.28.156.138 - - [21/Jul/2026:12:22:01 +0000] "GET /wp-login.php HTTP/1.1" 200 4715 "-" "Mozilla/5.0"
104.28.156.138 - - [21/Jul/2026:12:22:04 +0000] "GET /?author=1 HTTP/1.1" 301 - "-" "Mozilla/5.0"
104.28.156.138 - - [21/Jul/2026:12:22:08 +0000] "GET /?rest_route=/wp/v2/users HTTP/1.1" 200 772 "-" "Mozilla/5.0"
198.177.124.148 - - [21/Jul/2026:12:26:06 +0000] "POST /wp-cron.php?doing_wp_cron=1784636766.3409619331359863281250 HTTP/1.1" 200 - "-" "WordPress/7.0.2; https://salemconcept.shop"
66.249.77.1 - - [21/Jul/2026:12:26:04 +0000] "GET /?h=8783536460 HTTP/1.1" 200 97035 "-" "Mozilla/5.0 (Linux; Android 6.0.1; Nexus 5X Build/MMB29P) AppleWebKit/537.36 (KHTML, like Gecko) Chrome/150.0.7871.128 Mobile Safari/537.36 (compatible; GoogleOther)"
198.177.124.148 - - [21/Jul/2026:12:33:57 +0000] "POST /wp-cron.php?doing_wp_cron=1784637237.3264720439910888671875 HTTP/1.1" 200 - "-" "WordPress/7.0.2; https://salemconcept.shop"
66.249.77.1 - - [21/Jul/2026:12:33:55 +0000] "GET /robots.txt HTTP/1.1" 200 118 "-" "Mozilla/5.0 (compatible; Googlebot/2.1; +http://www.google.com/bot.html)"
66.249.77.3 - - [21/Jul/2026:12:34:24 +0000] "GET /?j=88487207074 HTTP/1.1" 200 97035 "-" "Mozilla/5.0 (Linux; Android 6.0.1; Nexus 5X Build/MMB29P) AppleWebKit/537.36 (KHTML, like Gecko) Chrome/150.0.7871.128 Mobile Safari/537.36 (compatible; GoogleOther)"
198.177.124.148 - - [21/Jul/2026:12:35:21 +0000] "POST /wp-cron.php?doing_wp_cron=1784637321.3409230709075927734375 HTTP/1.1" 200 - "-" "WordPress/7.0.2; https://salemconcept.shop"
66.249.77.3 - - [21/Jul/2026:12:35:19 +0000] "GET /?h=8783598853 HTTP/1.1" 200 97035 "-" "Mozilla/5.0 (Linux; Android 6.0.1; Nexus 5X Build/MMB29P) AppleWebKit/537.36 (KHTML, like Gecko) Chrome/150.0.7871.128 Mobile Safari/537.36 (compatible; GoogleOther)"
198.177.124.148 - - [21/Jul/2026:12:36:20 +0000] "POST /wp-cron.php?doing_wp_cron=1784637380.7446689605712890625000 HTTP/1.1" 200 - "-" "WordPress/7.0.2; https://salemconcept.shop"
66.249.77.2 - - [21/Jul/2026:12:36:18 +0000] "GET /robots.txt HTTP/1.1" 200 118 "-" "Mozilla/5.0 (compatible; Googlebot/2.1; +http://www.google.com/bot.html)"
198.177.124.148 - - [21/Jul/2026:12:36:54 +0000] "POST /wp-cron.php?doing_wp_cron=1784637414.3616418838500976562500 HTTP/1.1" 200 - "-" "WordPress/7.0.2; https://salemconcept.shop"
66.249.77.2 - - [21/Jul/2026:12:36:52 +0000] "GET /?x=65569108950 HTTP/1.1" 200 97035 "-" "Mozilla/5.0 (Linux; Android 6.0.1; Nexus 5X Build/MMB29P) AppleWebKit/537.36 (KHTML, like Gecko) Chrome/150.0.7871.128 Mobile Safari/537.36 (compatible; GoogleOther)"
198.177.124.148 - - [21/Jul/2026:12:41:04 +0000] "POST /wp-cron.php?doing_wp_cron=1784637664.4911210536956787109375 HTTP/1.1" 200 - "-" "WordPress/7.0.2; https://salemconcept.shop"
45.198.224.56 - - [21/Jul/2026:12:41:02 +0000] "GET /wp-login.php HTTP/1.1" 200 4715 "-" "Mozilla/5.0 (Windows NT 10.0; Win64; x64) AppleWebKit/537.36"
198.177.124.148 - - [21/Jul/2026:12:44:21 +0000] "POST /wp-cron.php?doing_wp_cron=1784637861.3341779708862304687500 HTTP/1.1" 200 - "-" "WordPress/7.0.2; https://salemconcept.shop"
66.249.77.1 - - [21/Jul/2026:12:44:20 +0000] "GET /robots.txt HTTP/1.1" 200 118 "-" "Mozilla/5.0 (compatible; Googlebot/2.1; +http://www.google.com/bot.html)"
66.249.77.1 - - [21/Jul/2026:12:44:43 +0000] "GET /?x=65569202697 HTTP/1.1" 200 97035 "-" "Mozilla/5.0 (Linux; Android 6.0.1; Nexus 5X Build/MMB29P) AppleWebKit/537.36 (KHTML, like Gecko) Chrome/150.0.7871.128 Mobile Safari/537.36 (compatible; GoogleOther)"
198.177.124.148 - - [21/Jul/2026:12:53:51 +0000] "POST /wp-cron.php?doing_wp_cron=1784638431.0033040046691894531250 HTTP/1.1" 200 - "-" "WordPress/7.0.2; https://salemconcept.shop"
