173.232.230.137 - - [22/Jul/2026:03:46:33 +0000] "POST /wp-login.php HTTP/1.1" 200 5127 "https://salemconcept.shop/wp-login.php" "Mozilla/5.0 (Windows NT 10.0; Win64; x64) AppleWebKit/537.36 (KHTML, like Gecko) Chrome/148.0.0.0 Safari/537.36"
172.233.67.228 - - [22/Jul/2026:03:46:33 +0000] "POST /wp-login.php HTTP/1.1" 200 5127 "-" "Mozilla/5.0"
173.232.230.137 - - [22/Jul/2026:03:46:37 +0000] "POST /wp-login.php HTTP/1.1" 200 5127 "https://salemconcept.shop/wp-login.php" "Mozilla/5.0 (Windows NT 10.0; Win64; x64) AppleWebKit/537.36 (KHTML, like Gecko) Chrome/148.0.0.0 Safari/537.36"
172.233.73.65 - - [22/Jul/2026:03:47:44 +0000] "POST /wp-login.php HTTP/1.1" 200 5127 "-" "Mozilla/5.0"
198.177.124.148 - - [22/Jul/2026:03:49:46 +0000] "POST /wp-cron.php?doing_wp_cron=1784692186.2339489459991455078125 HTTP/1.1" 200 - "-" "WordPress/7.0.2; https://salemconcept.shop"
66.249.77.1 - - [22/Jul/2026:03:49:44 +0000] "GET /?q=59868163631 HTTP/1.1" 200 97035 "-" "Mozilla/5.0 (Linux; Android 6.0.1; Nexus 5X Build/MMB29P) AppleWebKit/537.36 (KHTML, like Gecko) Chrome/150.0.7871.128 Mobile Safari/537.36 (compatible; GoogleOther)"
173.232.230.137 - - [22/Jul/2026:03:46:14 +0000] "GET /ammika.php?8047qkwaaqo56mewttmx14 HTTP/1.1" 404 81958 "http://may.mhqzwphbcueqxoaxlssilfufo.xyz/" "Mozilla/5.0 (Windows NT 10.0; Win64; x64) AppleWebKit/537.36 (KHTML, like Gecko) Chrome/148.0.0.0 Safari/537.36"
198.177.124.148 - - [22/Jul/2026:03:52:03 +0000] "POST /wp-cron.php?doing_wp_cron=1784692323.4356889724731445312500 HTTP/1.1" 200 - "-" "WordPress/7.0.2; https://salemconcept.shop"
172.233.73.65 - - [22/Jul/2026:03:52:01 +0000] "POST /wp-login.php HTTP/1.1" 200 5127 "-" "Mozilla/5.0"
172.233.67.228 - - [22/Jul/2026:03:52:08 +0000] "POST /wp-login.php HTTP/1.1" 200 5127 "-" "Mozilla/5.0"
198.177.124.148 - - [22/Jul/2026:03:55:07 +0000] "POST /wp-cron.php?doing_wp_cron=1784692507.7763929367065429687500 HTTP/1.1" 200 - "-" "WordPress/7.0.2; https://salemconcept.shop"
66.249.77.3 - - [22/Jul/2026:03:55:04 +0000] "GET /wp-sitemap.xml HTTP/1.1" 200 547 "-" "Mozilla/5.0 (compatible; Googlebot/2.1; +http://www.google.com/bot.html)"
198.177.124.148 - - [22/Jul/2026:03:58:19 +0000] "POST /wp-cron.php?doing_wp_cron=1784692699.2731850147247314453125 HTTP/1.1" 200 - "-" "WordPress/7.0.2; https://salemconcept.shop"
172.233.73.65 - - [22/Jul/2026:03:58:16 +0000] "POST /wp-login.php HTTP/1.1" 200 5127 "-" "Mozilla/5.0"
198.177.124.148 - - [22/Jul/2026:03:58:52 +0000] "POST /wp-cron.php?doing_wp_cron=1784692732.0291850566864013671875 HTTP/1.1" 200 - "-" "WordPress/7.0.2; https://salemconcept.shop"
66.249.77.1 - - [22/Jul/2026:03:58:50 +0000] "GET /robots.txt HTTP/1.1" 200 118 "-" "Mozilla/5.0 (compatible; Googlebot/2.1; +http://www.google.com/bot.html)"
198.177.124.148 - - [22/Jul/2026:04:00:40 +0000] "POST /wp-cron.php?doing_wp_cron=1784692840.3301200866699218750000 HTTP/1.1" 200 - "-" "WordPress/7.0.2; https://salemconcept.shop"
172.233.67.228 - - [22/Jul/2026:04:00:38 +0000] "POST /wp-login.php HTTP/1.1" 200 5127 "-" "Mozilla/5.0"
34.123.170.104 - - [22/Jul/2026:04:05:13 +0000] "POST /wp-json/pys-facebook/v1/event HTTP/1.1" 200 16 "http://salemconcept.shop/" "Mozilla/5.0 (Windows NT 10.0; Win64; x64) AppleWebKit/537.36 (KHTML, like Gecko) Chrome/125.0.6422.60 Safari/537.36 Edge/12.246"
205.169.39.51 - - [22/Jul/2026:04:05:19 +0000] "GET /wp-includes/js/dist/script-modules/interactivity/index.min.js?ver=efaa5193bbad9c60ffd1 HTTP/1.1" 200 40106 "-" "Mozilla/5.0 (Windows NT 10.0) AppleWebKit/537.36 (KHTML, like Gecko) Chrome/106.0.0.0 Safari/537.36"
34.123.170.104 - - [22/Jul/2026:04:05:17 +0000] "GET /wp-admin/admin-ajax.php?action=pys_get_pbid HTTP/1.1" 200 1 "http://salemconcept.shop/" "Mozilla/5.0 (Windows NT 10.0; Win64; x64) AppleWebKit/537.36 (KHTML, like Gecko) Chrome/125.0.6422.60 Safari/537.36 Edge/12.246"
34.123.170.104 - - [22/Jul/2026:04:05:18 +0000] "POST /wp-json/pys-facebook/v1/event HTTP/1.1" 200 16 "http://salemconcept.shop/" "Mozilla/5.0 (Windows NT 10.0; Win64; x64) AppleWebKit/537.36 (KHTML, like Gecko) Chrome/125.0.6422.60 Safari/537.36 Edge/12.246"
205.169.39.7 - - [22/Jul/2026:04:05:25 +0000] "GET /wp-includes/js/jquery/jquery-migrate.min.js?ver=3.4.1 HTTP/1.1" 200 13577 "-" "Mozilla/5.0 (Windows NT 10.0) AppleWebKit/537.36 (KHTML, like Gecko) Chrome/106.0.0.0 Safari/537.36"
205.169.39.41 - - [22/Jul/2026:04:05:27 +0000] "GET /wp-content/plugins/pixelyoursite/dist/scripts/js.cookie-2.1.3.min.js?ver=2.1.3 HTTP/1.1" 200 1709 "-" "Mozilla/5.0 (Windows NT 10.0) AppleWebKit/537.36 (KHTML, like Gecko) Chrome/106.0.0.0 Safari/537.36"
205.169.39.0 - - [22/Jul/2026:04:05:28 +0000] "GET /wp-content/plugins/pixelyoursite/dist/scripts/tld.min.js?ver=2.3.1 HTTP/1.1" 200 141079 "-" "Mozilla/5.0 (Windows NT 10.0) AppleWebKit/537.36 (KHTML, like Gecko) Chrome/106.0.0.0 Safari/537.36"
205.169.39.177 - - [22/Jul/2026:04:05:39 +0000] "POST /wp-json/pys-facebook/v1/event HTTP/1.1" 200 16 "http://salemconcept.shop/" "Mozilla/5.0 (Windows NT 10.0; Win64; x64) AppleWebKit/537.36 (KHTML, like Gecko) Chrome/79.0.3945.79 Safari/537.36"
205.169.39.177 - - [22/Jul/2026:04:05:39 +0000] "GET /wp-admin/admin-ajax.php?action=pys_get_pbid HTTP/1.1" 200 1 "http://salemconcept.shop/" "Mozilla/5.0 (Windows NT 10.0; Win64; x64) AppleWebKit/537.36 (KHTML, like Gecko) Chrome/79.0.3945.79 Safari/537.36"
172.233.73.65 - - [22/Jul/2026:04:06:26 +0000] "POST /wp-login.php HTTP/1.1" 200 5127 "-" "Mozilla/5.0"
198.177.124.148 - - [22/Jul/2026:04:09:01 +0000] "POST /wp-cron.php?doing_wp_cron=1784693341.0559411048889160156250 HTTP/1.1" 200 - "-" "WordPress/7.0.2; https://salemconcept.shop"
66.249.77.1 - - [22/Jul/2026:04:08:58 +0000] "GET /robots.txt HTTP/1.1" 200 118 "-" "Mozilla/5.0 (compatible; Googlebot/2.1; +http://www.google.com/bot.html)"
172.233.67.228 - - [22/Jul/2026:04:09:03 +0000] "POST /wp-login.php HTTP/1.1" 200 5127 "-" "Mozilla/5.0"
198.177.124.148 - - [22/Jul/2026:04:09:51 +0000] "POST /wp-cron.php?doing_wp_cron=1784693391.7928249835968017578125 HTTP/1.1" 200 - "-" "WordPress/7.0.2; https://salemconcept.shop"
66.249.77.1 - - [22/Jul/2026:04:09:47 +0000] "GET /?q=59868267007 HTTP/1.1" 200 97035 "-" "Mozilla/5.0 (Linux; Android 6.0.1; Nexus 5X Build/MMB29P) AppleWebKit/537.36 (KHTML, like Gecko) Chrome/150.0.7871.128 Mobile Safari/537.36 (compatible; GoogleOther)"
198.177.124.148 - - [22/Jul/2026:04:12:13 +0000] "POST /wp-cron.php?doing_wp_cron=1784693533.8516969680786132812500 HTTP/1.1" 200 - "-" "WordPress/7.0.2; https://salemconcept.shop"
172.233.73.65 - - [22/Jul/2026:04:12:11 +0000] "POST /wp-login.php HTTP/1.1" 200 5127 "-" "Mozilla/5.0"
66.249.77.2 - - [22/Jul/2026:04:12:34 +0000] "GET /?f=3130912994 HTTP/1.1" 200 97035 "-" "Mozilla/5.0 (Linux; Android 6.0.1; Nexus 5X Build/MMB29P) AppleWebKit/537.36 (KHTML, like Gecko) Chrome/150.0.7871.128 Mobile Safari/537.36 (compatible; GoogleOther)"
198.177.124.148 - - [22/Jul/2026:04:16:33 +0000] "POST /wp-cron.php?doing_wp_cron=1784693793.1058559417724609375000 HTTP/1.1" 200 - "-" "WordPress/7.0.2; https://salemconcept.shop"
172.233.67.228 - - [22/Jul/2026:04:16:29 +0000] "POST /wp-login.php HTTP/1.1" 200 5127 "-" "Mozilla/5.0"
198.177.124.148 - - [22/Jul/2026:04:17:17 +0000] "POST /wp-cron.php?doing_wp_cron=1784693837.1238551139831542968750 HTTP/1.1" 200 - "-" "WordPress/7.0.2; https://salemconcept.shop"
66.249.77.3 - - [22/Jul/2026:04:17:14 +0000] "GET /?l=10697140666 HTTP/1.1" 200 97035 "-" "Mozilla/5.0 (Linux; Android 6.0.1; Nexus 5X Build/MMB29P) AppleWebKit/537.36 (KHTML, like Gecko) Chrome/150.0.7871.128 Mobile Safari/537.36 (compatible; GoogleOther)"
172.233.73.65 - - [22/Jul/2026:04:17:31 +0000] "POST /wp-login.php HTTP/1.1" 200 5127 "-" "Mozilla/5.0"
198.177.124.148 - - [22/Jul/2026:04:19:28 +0000] "POST /wp-cron.php?doing_wp_cron=1784693968.7579340934753417968750 HTTP/1.1" 200 - "-" "WordPress/7.0.2; https://salemconcept.shop"
66.249.77.2 - - [22/Jul/2026:04:19:26 +0000] "GET /?j=8848753434 HTTP/1.1" 200 97035 "-" "Mozilla/5.0 (Linux; Android 6.0.1; Nexus 5X Build/MMB29P) AppleWebKit/537.36 (KHTML, like Gecko) Chrome/150.0.7871.128 Mobile Safari/537.36 (compatible; GoogleOther)"
198.177.124.148 - - [22/Jul/2026:04:22:41 +0000] "POST /wp-cron.php?doing_wp_cron=1784694161.0950109958648681640625 HTTP/1.1" 200 - "-" "WordPress/7.0.2; https://salemconcept.shop"
172.233.73.65 - - [22/Jul/2026:04:22:38 +0000] "POST /wp-login.php HTTP/1.1" 200 5127 "-" "Mozilla/5.0"
172.233.67.228 - - [22/Jul/2026:04:23:35 +0000] "POST /wp-login.php HTTP/1.1" 200 5127 "-" "Mozilla/5.0"
198.177.124.148 - - [22/Jul/2026:04:29:11 +0000] "POST /wp-cron.php?doing_wp_cron=1784694551.1665189266204833984375 HTTP/1.1" 200 - "-" "WordPress/7.0.2; https://salemconcept.shop"
172.233.73.65 - - [22/Jul/2026:04:29:09 +0000] "POST /wp-login.php HTTP/1.1" 200 5127 "-" "Mozilla/5.0"
198.177.124.148 - - [22/Jul/2026:04:36:08 +0000] "POST /wp-cron.php?doing_wp_cron=1784694968.5504050254821777343750 HTTP/1.1" 200 - "-" "WordPress/7.0.2; https://salemconcept.shop"
172.233.73.65 - - [22/Jul/2026:04:36:06 +0000] "POST /wp-login.php HTTP/1.1" 200 5127 "-" "Mozilla/5.0"
198.177.124.148 - - [22/Jul/2026:04:38:47 +0000] "POST /wp-cron.php?doing_wp_cron=1784695127.1662919521331787109375 HTTP/1.1" 200 - "-" "WordPress/7.0.2; https://salemconcept.shop"
172.233.67.228 - - [22/Jul/2026:04:38:45 +0000] "POST /wp-login.php HTTP/1.1" 200 5127 "-" "Mozilla/5.0"
66.249.77.1 - - [22/Jul/2026:04:38:53 +0000] "GET /?j=884872145 HTTP/1.1" 200 97035 "-" "Mozilla/5.0 (Linux; Android 6.0.1; Nexus 5X Build/MMB29P) AppleWebKit/537.36 (KHTML, like Gecko) Chrome/150.0.7871.128 Mobile Safari/537.36 (compatible; GoogleOther)"
198.177.124.148 - - [22/Jul/2026:04:40:58 +0000] "POST /wp-cron.php?doing_wp_cron=1784695258.2401790618896484375000 HTTP/1.1" 200 - "-" "WordPress/7.0.2; https://salemconcept.shop"
172.233.73.65 - - [22/Jul/2026:04:40:54 +0000] "POST /wp-login.php HTTP/1.1" 200 5127 "-" "Mozilla/5.0"
198.177.124.148 - - [22/Jul/2026:04:44:51 +0000] "POST /wp-cron.php?doing_wp_cron=1784695491.1002509593963623046875 HTTP/1.1" 200 - "-" "WordPress/7.0.2; https://salemconcept.shop"
172.233.67.228 - - [22/Jul/2026:04:44:48 +0000] "POST /wp-login.php HTTP/1.1" 200 5127 "-" "Mozilla/5.0"
172.233.73.65 - - [22/Jul/2026:04:45:13 +0000] "POST /wp-login.php HTTP/1.1" 200 5127 "-" "Mozilla/5.0"
198.177.124.148 - - [22/Jul/2026:04:45:49 +0000] "POST /wp-cron.php?doing_wp_cron=1784695549.8744480609893798828125 HTTP/1.1" 200 - "-" "WordPress/7.0.2; https://salemconcept.shop"
66.249.77.2 - - [22/Jul/2026:04:45:47 +0000] "GET /?x=65569125308 HTTP/1.1" 200 97035 "-" "Mozilla/5.0 (Linux; Android 6.0.1; Nexus 5X Build/MMB29P) AppleWebKit/537.36 (KHTML, like Gecko) Chrome/150.0.7871.128 Mobile Safari/537.36 (compatible; GoogleOther)"
172.233.73.65 - - [22/Jul/2026:04:49:25 +0000] "POST /wp-login.php HTTP/1.1" 200 5127 "-" "Mozilla/5.0"
198.177.124.148 - - [22/Jul/2026:04:50:24 +0000] "POST /wp-cron.php?doing_wp_cron=1784695824.6735999584197998046875 HTTP/1.1" 200 - "-" "WordPress/7.0.2; https://salemconcept.shop"
172.233.67.228 - - [22/Jul/2026:04:50:22 +0000] "POST /wp-login.php HTTP/1.1" 200 5127 "-" "Mozilla/5.0"
66.249.77.1 - - [22/Jul/2026:04:50:37 +0000] "GET /?j=88487251722 HTTP/1.1" 200 97035 "-" "Mozilla/5.0 (Linux; Android 6.0.1; Nexus 5X Build/MMB29P) AppleWebKit/537.36 (KHTML, like Gecko) Chrome/150.0.7871.128 Mobile Safari/537.36 (compatible; GoogleOther)"
172.233.73.65 - - [22/Jul/2026:04:53:35 +0000] "POST /wp-login.php HTTP/1.1" 200 5127 "-" "Mozilla/5.0"
198.177.124.148 - - [22/Jul/2026:04:54:11 +0000] "POST /wp-cron.php?doing_wp_cron=1784696051.0816349983215332031250 HTTP/1.1" 200 - "-" "WordPress/7.0.2; https://salemconcept.shop"
66.249.77.2 - - [22/Jul/2026:04:54:09 +0000] "GET /?j=88487166372 HTTP/1.1" 200 97035 "-" "Mozilla/5.0 (Linux; Android 6.0.1; Nexus 5X Build/MMB29P) AppleWebKit/537.36 (KHTML, like Gecko) Chrome/150.0.7871.128 Mobile Safari/537.36 (compatible; GoogleOther)"
198.177.124.148 - - [22/Jul/2026:04:56:25 +0000] "POST /wp-cron.php?doing_wp_cron=1784696185.7309670448303222656250 HTTP/1.1" 200 - "-" "WordPress/7.0.2; https://salemconcept.shop"
172.233.67.228 - - [22/Jul/2026:04:56:23 +0000] "POST /wp-login.php HTTP/1.1" 200 5127 "-" "Mozilla/5.0"
198.177.124.148 - - [22/Jul/2026:04:57:35 +0000] "POST /wp-cron.php?doing_wp_cron=1784696255.8311591148376464843750 HTTP/1.1" 200 - "-" "WordPress/7.0.2; https://salemconcept.shop"
66.249.77.3 - - [22/Jul/2026:04:57:33 +0000] "GET /?q=59868288358 HTTP/1.1" 200 97035 "-" "Mozilla/5.0 (Linux; Android 6.0.1; Nexus 5X Build/MMB29P) AppleWebKit/537.36 (KHTML, like Gecko) Chrome/150.0.7871.128 Mobile Safari/537.36 (compatible; GoogleOther)"
198.177.124.148 - - [22/Jul/2026:04:58:37 +0000] "POST /wp-cron.php?doing_wp_cron=1784696317.1960051059722900390625 HTTP/1.1" 200 - "-" "WordPress/7.0.2; https://salemconcept.shop"
172.233.73.65 - - [22/Jul/2026:04:58:34 +0000] "POST /wp-login.php HTTP/1.1" 200 5127 "-" "Mozilla/5.0"
198.177.124.148 - - [22/Jul/2026:05:03:25 +0000] "POST /wp-cron.php?doing_wp_cron=1784696605.2274730205535888671875 HTTP/1.1" 200 - "-" "WordPress/7.0.2; https://salemconcept.shop"
172.233.67.228 - - [22/Jul/2026:05:03:23 +0000] "POST /wp-login.php HTTP/1.1" 200 5127 "-" "Mozilla/5.0"
66.249.77.1 - - [22/Jul/2026:05:03:45 +0000] "GET /?j=88487241512 HTTP/1.1" 200 97035 "-" "Mozilla/5.0 (Linux; Android 6.0.1; Nexus 5X Build/MMB29P) AppleWebKit/537.36 (KHTML, like Gecko) Chrome/150.0.7871.128 Mobile Safari/537.36 (compatible; GoogleOther)"
198.177.124.148 - - [22/Jul/2026:05:04:05 +0000] "POST /wp-cron.php?doing_wp_cron=1784696645.4367940425872802734375 HTTP/1.1" 200 - "-" "WordPress/7.0.2; https://salemconcept.shop"
172.233.73.65 - - [22/Jul/2026:05:04:03 +0000] "POST /wp-login.php HTTP/1.1" 200 5127 "-" "Mozilla/5.0"
198.177.124.148 - - [22/Jul/2026:05:05:43 +0000] "POST /wp-cron.php?doing_wp_cron=1784696743.4983921051025390625000 HTTP/1.1" 200 - "-" "WordPress/7.0.2; https://salemconcept.shop"
66.249.77.2 - - [22/Jul/2026:05:05:41 +0000] "GET /?x=65569272672 HTTP/1.1" 200 97035 "-" "Mozilla/5.0 (Linux; Android 6.0.1; Nexus 5X Build/MMB29P) AppleWebKit/537.36 (KHTML, like Gecko) Chrome/150.0.7871.128 Mobile Safari/537.36 (compatible; GoogleOther)"
198.177.124.148 - - [22/Jul/2026:05:09:13 +0000] "POST /wp-cron.php?doing_wp_cron=1784696952.9984021186828613281250 HTTP/1.1" 200 - "-" "WordPress/7.0.2; https://salemconcept.shop"
172.233.73.65 - - [22/Jul/2026:05:09:10 +0000] "POST /wp-login.php HTTP/1.1" 200 5127 "-" "Mozilla/5.0"
198.177.124.148 - - [22/Jul/2026:05:10:11 +0000] "POST /wp-cron.php?doing_wp_cron=1784697011.0384979248046875000000 HTTP/1.1" 200 - "-" "WordPress/7.0.2; https://salemconcept.shop"
172.233.67.228 - - [22/Jul/2026:05:10:08 +0000] "POST /wp-login.php HTTP/1.1" 200 5127 "-" "Mozilla/5.0"
66.249.77.1 - - [22/Jul/2026:05:11:28 +0000] "GET /robots.txt HTTP/1.1" 200 118 "-" "Mozilla/5.0 (compatible; Googlebot/2.1; +http://www.google.com/bot.html)"
198.177.124.148 - - [22/Jul/2026:05:13:37 +0000] "POST /wp-cron.php?doing_wp_cron=1784697217.6768701076507568359375 HTTP/1.1" 200 - "-" "WordPress/7.0.2; https://salemconcept.shop"
66.249.77.2 - - [22/Jul/2026:05:13:34 +0000] "GET /?l=10697196982 HTTP/1.1" 200 97035 "-" "Mozilla/5.0 (Linux; Android 6.0.1; Nexus 5X Build/MMB29P) AppleWebKit/537.36 (KHTML, like Gecko) Chrome/150.0.7871.128 Mobile Safari/537.36 (compatible; GoogleOther)"
198.177.124.148 - - [22/Jul/2026:05:15:58 +0000] "POST /wp-cron.php?doing_wp_cron=1784697358.7622990608215332031250 HTTP/1.1" 200 - "-" "WordPress/7.0.2; https://salemconcept.shop"
172.233.73.65 - - [22/Jul/2026:05:15:56 +0000] "POST /wp-login.php HTTP/1.1" 200 5127 "-" "Mozilla/5.0"
172.233.67.228 - - [22/Jul/2026:05:18:26 +0000] "POST /wp-login.php HTTP/1.1" 200 5127 "-" "Mozilla/5.0"
198.177.124.148 - - [22/Jul/2026:05:23:08 +0000] "POST /wp-cron.php?doing_wp_cron=1784697788.5397989749908447265625 HTTP/1.1" 200 - "-" "WordPress/7.0.2; https://salemconcept.shop"
172.233.73.65 - - [22/Jul/2026:05:23:06 +0000] "POST /wp-login.php HTTP/1.1" 200 5127 "-" "Mozilla/5.0"
198.177.124.148 - - [22/Jul/2026:05:25:00 +0000] "POST /wp-cron.php?doing_wp_cron=1784697900.1164789199829101562500 HTTP/1.1" 200 - "-" "WordPress/7.0.2; https://salemconcept.shop"
216.73.163.72 - - [22/Jul/2026:05:24:54 +0000] "GET /wp-login.php HTTP/1.1" 200 4715 "-" "Mozilla/5.0 (Windows; U; Windows NT 6.0; de; rv:1.9.1.2) Gecko/20090729 Firefox/2.0.0.15"
216.73.163.72 - - [22/Jul/2026:05:25:02 +0000] "GET /?author=1 HTTP/1.1" 301 - "-" "android|Mozilla/5.0 (Android; Android 5.0.2; SAMSUNG SM-G460 Build/LRX22G) AppleWebKit/537.8 (KHTML, like Gecko) Chrome/54.0.1651.148 Mobile Safari/537.7"
216.73.163.72 - - [22/Jul/2026:05:25:09 +0000] "GET /?rest_route=/wp/v2/users HTTP/1.1" 200 772 "-" "Mozilla/5.0 (Windows NT 6.1) AppleWebKit/537.36 (KHTML, like Gecko) Chrome/87.0.4254.2 Safari/537.36"
198.177.124.148 - - [22/Jul/2026:05:26:34 +0000] "POST /wp-cron.php?doing_wp_cron=1784697994.0226459503173828125000 HTTP/1.1" 200 - "-" "WordPress/7.0.2; https://salemconcept.shop"
172.233.67.228 - - [22/Jul/2026:05:26:29 +0000] "POST /wp-login.php HTTP/1.1" 200 5127 "-" "Mozilla/5.0"
198.177.124.148 - - [22/Jul/2026:05:29:47 +0000] "POST /wp-cron.php?doing_wp_cron=1784698187.2083969116210937500000 HTTP/1.1" 200 - "-" "WordPress/7.0.2; https://salemconcept.shop"
172.233.73.65 - - [22/Jul/2026:05:29:42 +0000] "POST /wp-login.php HTTP/1.1" 200 5127 "-" "Mozilla/5.0"
198.177.124.148 - - [22/Jul/2026:05:32:17 +0000] "POST /wp-cron.php?doing_wp_cron=1784698337.9286649227142333984375 HTTP/1.1" 200 - "-" "WordPress/7.0.2; https://salemconcept.shop"
66.249.77.2 - - [22/Jul/2026:05:32:16 +0000] "GET /?j=8848749433 HTTP/1.1" 200 97035 "-" "Mozilla/5.0 (Linux; Android 6.0.1; Nexus 5X Build/MMB29P) AppleWebKit/537.36 (KHTML, like Gecko) Chrome/150.0.7871.128 Mobile Safari/537.36 (compatible; GoogleOther)"
66.249.77.2 - - [22/Jul/2026:05:33:39 +0000] "GET /?h=87835205593 HTTP/1.1" 200 97035 "-" "Mozilla/5.0 (Linux; Android 6.0.1; Nexus 5X Build/MMB29P) AppleWebKit/537.36 (KHTML, like Gecko) Chrome/150.0.7871.128 Mobile Safari/537.36 (compatible; GoogleOther)"
66.249.77.2 - - [22/Jul/2026:05:36:23 +0000] "GET /?j=88487223733 HTTP/1.1" 200 97035 "-" "Mozilla/5.0 (Linux; Android 6.0.1; Nexus 5X Build/MMB29P) AppleWebKit/537.36 (KHTML, like Gecko) Chrome/150.0.7871.128 Mobile Safari/537.36 (compatible; GoogleOther)"
103.139.144.206 - - [22/Jul/2026:05:36:38 +0000] "POST /wp-login.php HTTP/1.1" 200 5127 "-" "Mozilla/5.0"
198.177.124.148 - - [22/Jul/2026:05:37:12 +0000] "POST /wp-cron.php?doing_wp_cron=1784698631.9553461074829101562500 HTTP/1.1" 200 - "-" "WordPress/7.0.2; https://salemconcept.shop"
66.249.77.2 - - [22/Jul/2026:05:37:10 +0000] "GET /?l=1069723617 HTTP/1.1" 503 97061 "-" "Mozilla/5.0 (Linux; Android 6.0.1; Nexus 5X Build/MMB29P) AppleWebKit/537.36 (KHTML, like Gecko) Chrome/150.0.7871.128 Mobile Safari/537.36 (compatible; GoogleOther)"
198.177.124.148 - - [22/Jul/2026:05:38:03 +0000] "POST /wp-cron.php?doing_wp_cron=1784698683.9533660411834716796875 HTTP/1.1" 200 - "-" "WordPress/7.0.2; https://salemconcept.shop"
103.139.144.206 - - [22/Jul/2026:05:38:02 +0000] "POST /wp-login.php HTTP/1.1" 200 5127 "-" "Mozilla/5.0"
198.177.124.148 - - [22/Jul/2026:05:41:27 +0000] "POST /wp-cron.php?doing_wp_cron=1784698886.9860289096832275390625 HTTP/1.1" 200 - "-" "WordPress/7.0.2; https://salemconcept.shop"
66.249.77.3 - - [22/Jul/2026:05:41:25 +0000] "GET /?l=10697189003 HTTP/1.1" 200 97035 "-" "Mozilla/5.0 (Linux; Android 6.0.1; Nexus 5X Build/MMB29P) AppleWebKit/537.36 (KHTML, like Gecko) Chrome/150.0.7871.128 Mobile Safari/537.36 (compatible; GoogleOther)"
198.177.124.148 - - [22/Jul/2026:05:44:27 +0000] "POST /wp-cron.php?doing_wp_cron=1784699067.0533199310302734375000 HTTP/1.1" 200 - "-" "WordPress/7.0.2; https://salemconcept.shop"
66.249.77.2 - - [22/Jul/2026:05:44:24 +0000] "GET /?f=3130932508 HTTP/1.1" 200 97035 "-" "Mozilla/5.0 (Linux; Android 6.0.1; Nexus 5X Build/MMB29P) AppleWebKit/537.36 (KHTML, like Gecko) Chrome/150.0.7871.128 Mobile Safari/537.36 (compatible; GoogleOther)"
198.177.124.148 - - [22/Jul/2026:05:49:56 +0000] "POST /wp-cron.php?doing_wp_cron=1784699396.0611839294433593750000 HTTP/1.1" 200 - "-" "WordPress/7.0.2; https://salemconcept.shop"
66.249.77.1 - - [22/Jul/2026:05:49:54 +0000] "GET /?j=8848758213 HTTP/1.1" 200 97035 "-" "Mozilla/5.0 (Linux; Android 6.0.1; Nexus 5X Build/MMB29P) AppleWebKit/537.36 (KHTML, like Gecko) Chrome/150.0.7871.128 Mobile Safari/537.36 (compatible; GoogleOther)"
198.177.124.148 - - [22/Jul/2026:05:51:17 +0000] "POST /wp-cron.php?doing_wp_cron=1784699477.4522769451141357421875 HTTP/1.1" 200 - "-" "WordPress/7.0.2; https://salemconcept.shop"
66.249.77.2 - - [22/Jul/2026:05:51:16 +0000] "GET /?h=87835179601 HTTP/1.1" 200 97035 "-" "Mozilla/5.0 (Linux; Android 6.0.1; Nexus 5X Build/MMB29P) AppleWebKit/537.36 (KHTML, like Gecko) Chrome/150.0.7871.128 Mobile Safari/537.36 (compatible; GoogleOther)"
198.177.124.148 - - [22/Jul/2026:05:53:17 +0000] "POST /wp-cron.php?doing_wp_cron=1784699597.2613561153411865234375 HTTP/1.1" 200 - "-" "WordPress/7.0.2; https://salemconcept.shop"
66.249.77.3 - - [22/Jul/2026:05:53:15 +0000] "GET /?x=65569216645 HTTP/1.1" 200 97035 "-" "Mozilla/5.0 (Linux; Android 6.0.1; Nexus 5X Build/MMB29P) AppleWebKit/537.36 (KHTML, like Gecko) Chrome/150.0.7871.128 Mobile Safari/537.36 (compatible; GoogleOther)"
66.249.77.1 - - [22/Jul/2026:05:53:37 +0000] "GET /?h=87835129691 HTTP/1.1" 200 97035 "-" "Mozilla/5.0 (Linux; Android 6.0.1; Nexus 5X Build/MMB29P) AppleWebKit/537.36 (KHTML, like Gecko) Chrome/150.0.7871.128 Mobile Safari/537.36 (compatible; GoogleOther)"
198.177.124.148 - - [22/Jul/2026:05:53:59 +0000] "POST /wp-cron.php?doing_wp_cron=1784699639.1858990192413330078125 HTTP/1.1" 200 - "-" "WordPress/7.0.2; https://salemconcept.shop"
66.249.77.1 - - [22/Jul/2026:05:53:57 +0000] "GET /?h=87835147978 HTTP/1.1" 200 97035 "-" "Mozilla/5.0 (Linux; Android 6.0.1; Nexus 5X Build/MMB29P) AppleWebKit/537.36 (KHTML, like Gecko) Chrome/150.0.7871.128 Mobile Safari/537.36 (compatible; GoogleOther)"
198.177.124.148 - - [22/Jul/2026:05:56:31 +0000] "POST /wp-cron.php?doing_wp_cron=1784699791.0876250267028808593750 HTTP/1.1" 200 - "-" "WordPress/7.0.2; https://salemconcept.shop"
66.249.77.3 - - [22/Jul/2026:05:56:29 +0000] "GET /?j=88487150892 HTTP/1.1" 200 97035 "-" "Mozilla/5.0 (Linux; Android 6.0.1; Nexus 5X Build/MMB29P) AppleWebKit/537.36 (KHTML, like Gecko) Chrome/150.0.7871.128 Mobile Safari/537.36 (compatible; GoogleOther)"
198.177.124.148 - - [22/Jul/2026:06:22:12 +0000] "POST /wp-cron.php?doing_wp_cron=1784701332.4123699665069580078125 HTTP/1.1" 200 - "-" "WordPress/7.0.2; https://salemconcept.shop"
80.96.109.64 - - [22/Jul/2026:06:22:08 +0000] "GET / HTTP/1.1" 200 97035 "-" "Mozilla/5.0 (Windows NT 10.0; Win64; x64) AppleWebKit/537.36 (KHTML, like Gecko) Chrome/126.0 Safari/537.36"
80.96.109.64 - - [22/Jul/2026:06:22:12 +0000] "POST /?rest_route=/batch/v1 HTTP/1.1" 207 628 "-" "Mozilla/5.0 (Windows NT 10.0; Win64; x64) AppleWebKit/537.36 (KHTML, like Gecko) Chrome/126.0 Safari/537.36"
80.96.109.64 - - [22/Jul/2026:06:22:15 +0000] "POST /?rest_route=/batch/v1 HTTP/1.1" 207 628 "-" "Mozilla/5.0 (Windows NT 10.0; Win64; x64) AppleWebKit/537.36 (KHTML, like Gecko) Chrome/126.0 Safari/537.36"
80.96.109.64 - - [22/Jul/2026:06:22:17 +0000] "POST /?rest_route=/batch/v1 HTTP/1.1" 207 628 "-" "Mozilla/5.0 (Windows NT 10.0; Win64; x64) AppleWebKit/537.36 (KHTML, like Gecko) Chrome/126.0 Safari/537.36"
80.96.109.64 - - [22/Jul/2026:06:22:20 +0000] "POST /?rest_route=/batch/v1 HTTP/1.1" 207 628 "-" "Mozilla/5.0 (Windows NT 10.0; Win64; x64) AppleWebKit/537.36 (KHTML, like Gecko) Chrome/126.0 Safari/537.36"
80.96.109.64 - - [22/Jul/2026:06:22:22 +0000] "POST /?rest_route=/batch/v1 HTTP/1.1" 207 628 "-" "Mozilla/5.0 (Windows NT 10.0; Win64; x64) AppleWebKit/537.36 (KHTML, like Gecko) Chrome/126.0 Safari/537.36"
80.96.109.64 - - [22/Jul/2026:06:22:24 +0000] "GET / HTTP/1.1" 200 97035 "-" "Mozilla/5.0 (Windows NT 10.0; Win64; x64) AppleWebKit/537.36 (KHTML, like Gecko) Chrome/126.0 Safari/537.36"
66.249.77.2 - - [22/Jul/2026:06:48:38 +0000] "GET /robots.txt HTTP/1.1" 200 118 "-" "Mozilla/5.0 (compatible; Googlebot/2.1; +http://www.google.com/bot.html)"
198.177.124.148 - - [22/Jul/2026:06:49:03 +0000] "POST /wp-cron.php?doing_wp_cron=1784702943.4900610446929931640625 HTTP/1.1" 200 - "-" "WordPress/7.0.2; https://salemconcept.shop"
66.249.77.1 - - [22/Jul/2026:06:49:01 +0000] "GET /?j=88487150892 HTTP/1.1" 200 97035 "-" "Mozilla/5.0 (Linux; Android 6.0.1; Nexus 5X Build/MMB29P) AppleWebKit/537.36 (KHTML, like Gecko) Chrome/150.0.7871.128 Mobile Safari/537.36 (compatible; Googlebot/2.1; +http://www.google.com/bot.html)"
198.177.124.148 - - [22/Jul/2026:06:59:08 +0000] "POST /wp-cron.php?doing_wp_cron=1784703548.9315710067749023437500 HTTP/1.1" 200 - "-" "WordPress/7.0.2; https://salemconcept.shop"
66.249.77.1 - - [22/Jul/2026:06:59:05 +0000] "GET /?e=59856269068 HTTP/1.1" 200 97035 "-" "Mozilla/5.0 (Linux; Android 6.0.1; Nexus 5X Build/MMB29P) AppleWebKit/537.36 (KHTML, like Gecko) Chrome/150.0.7871.128 Mobile Safari/537.36 (compatible; GoogleOther)"
198.177.124.148 - - [22/Jul/2026:07:43:52 +0000] "POST /wp-cron.php?doing_wp_cron=1784706231.9096469879150390625000 HTTP/1.1" 200 - "-" "WordPress/7.0.2; https://salemconcept.shop"
45.146.54.109 - - [22/Jul/2026:07:43:48 +0000] "POST /wp-login.php HTTP/1.1" 200 5127 "-" "Mozilla/5.0 (Linux; Android 10; K) AppleWebKit/537.36 (KHTML, like Gecko) Chrome/123.0.0.0 Mobile Safari/537.36 [ip:109.54.255.210]"
198.177.124.148 - - [22/Jul/2026:07:55:29 +0000] "POST /wp-cron.php?doing_wp_cron=1784706929.8700330257415771484375 HTTP/1.1" 200 - "-" "WordPress/7.0.2; https://salemconcept.shop"
62.238.17.239 - - [22/Jul/2026:07:55:24 +0000] "GET / HTTP/1.1" 200 97035 "-" "Mozilla/5.0 (X11; CrOS x86_64 14541.0.0) AppleWebKit/537.36 (KHTML, like Gecko) Chrome/133.0.0.0 Safari/537.36"
198.177.124.148 - - [22/Jul/2026:08:08:42 +0000] "POST /wp-cron.php?doing_wp_cron=1784707721.8059089183807373046875 HTTP/1.1" 200 - "-" "WordPress/7.0.2; https://salemconcept.shop"
216.73.163.51 - - [22/Jul/2026:08:08:35 +0000] "POST /wp-login.php HTTP/1.1" 200 5127 "-" "Mozilla/5.0 (iPhone; CPU iPhone OS 17_4_1 like Mac OS X) AppleWebKit/605.1.15 (KHTML, like Gecko) Mobile/21E236 Instagram 326.0.3.30.91 (iPhone15,3; iOS 17_4_1; en_US; en; scale=3.00; 1290x2796; 585196636)"
216.73.163.59 - - [22/Jul/2026:08:32:59 +0000] "POST /wp-login.php HTTP/1.1" 200 5127 "-" "Lupa/6 CFNetwork/1312 Darwin/21.0.0"
206.237.119.235 - - [22/Jul/2026:08:57:18 +0000] "GET /wp-links-opmI.php HTTP/1.1" 404 81965 "-" "Mozilla/5.0 (Windows NT 10.0; Win64; x64) AppleWebKit/537.36 (KHTML, like Gecko) Chrome/150.0.0.0 Safari/537.36"
206.237.119.235 - - [22/Jul/2026:08:57:29 +0000] "GET /wp-includes/js/jquery/jquery.min.js?ver=3.7.1 HTTP/1.1" 200 87553 "https://salemconcept.shop/wp-links-opmI.php" "Mozilla/5.0 (Windows NT 10.0; Win64; x64) AppleWebKit/537.36 (KHTML, like Gecko) Chrome/150.0.0.0 Safari/537.36"
206.237.119.235 - - [22/Jul/2026:08:57:30 +0000] "GET /wp-includes/js/jquery/jquery-migrate.min.js?ver=3.4.1 HTTP/1.1" 200 13577 "https://salemconcept.shop/wp-links-opmI.php" "Mozilla/5.0 (Windows NT 10.0; Win64; x64) AppleWebKit/537.36 (KHTML, like Gecko) Chrome/150.0.0.0 Safari/537.36"
206.237.119.235 - - [22/Jul/2026:08:57:36 +0000] "GET /wp-includes/js/dist/script-modules/interactivity/index.min.js?ver=efaa5193bbad9c60ffd1 HTTP/1.1" 200 40106 "https://salemconcept.shop/wp-links-opmI.php" "Mozilla/5.0 (Windows NT 10.0; Win64; x64) AppleWebKit/537.36 (KHTML, like Gecko) Chrome/150.0.0.0 Safari/537.36"
206.237.119.235 - - [22/Jul/2026:08:57:36 +0000] "GET /wp-includes/js/dist/script-modules/block-library/navigation/view.min.js?ver=96a846e1d7b789c39ab9 HTTP/1.1" 200 3053 "https://salemconcept.shop/wp-links-opmI.php" "Mozilla/5.0 (Windows NT 10.0; Win64; x64) AppleWebKit/537.36 (KHTML, like Gecko) Chrome/150.0.0.0 Safari/537.36"
206.237.119.235 - - [22/Jul/2026:08:57:36 +0000] "GET /wp-content/plugins/pixelyoursite/dist/scripts/jquery.bind-first-0.2.3.min.js?ver=0.2.3 HTTP/1.1" 200 1317 "https://salemconcept.shop/wp-links-opmI.php" "Mozilla/5.0 (Windows NT 10.0; Win64; x64) AppleWebKit/537.36 (KHTML, like Gecko) Chrome/150.0.0.0 Safari/537.36"
206.237.119.235 - - [22/Jul/2026:08:57:41 +0000] "GET /wp-content/plugins/pixelyoursite/dist/scripts/js.cookie-2.1.3.min.js?ver=2.1.3 HTTP/1.1" 200 1709 "https://salemconcept.shop/wp-links-opmI.php" "Mozilla/5.0 (Windows NT 10.0; Win64; x64) AppleWebKit/537.36 (KHTML, like Gecko) Chrome/150.0.0.0 Safari/537.36"
216.73.163.55 - - [22/Jul/2026:08:57:31 +0000] "POST /wp-login.php HTTP/1.1" 200 5127 "-" "firefox|Mozilla/5.0 (Macintosh; U; Intel Mac OS X 10_9_1; en-US) Gecko/20100101 Firefox/72.7"
206.237.119.235 - - [22/Jul/2026:08:57:43 +0000] "GET /wp-content/plugins/pixelyoursite/dist/scripts/tld.min.js?ver=2.3.1 HTTP/1.1" 200 141079 "https://salemconcept.shop/wp-links-opmI.php" "Mozilla/5.0 (Windows NT 10.0; Win64; x64) AppleWebKit/537.36 (KHTML, like Gecko) Chrome/150.0.0.0 Safari/537.36"
206.237.119.235 - - [22/Jul/2026:08:57:45 +0000] "GET /wp-content/themes/twentytwentyfour/assets/fonts/inter/Inter-VariableFont_slnt,wght.woff2 HTTP/1.1" 200 326628 "https://salemconcept.shop/wp-links-opmI.php" "Mozilla/5.0 (Windows NT 10.0; Win64; x64) AppleWebKit/537.36 (KHTML, like Gecko) Chrome/150.0.0.0 Safari/537.36"
206.237.119.235 - - [22/Jul/2026:08:58:29 +0000] "GET /wp-includes/js/wp-emoji-release.min.js?ver=7.0.2 HTTP/1.1" 200 22752 "https://salemconcept.shop/wp-links-opmI.php" "Mozilla/5.0 (Windows NT 10.0; Win64; x64) AppleWebKit/537.36 (KHTML, like Gecko) Chrome/150.0.0.0 Safari/537.36"
206.237.119.235 - - [22/Jul/2026:08:58:29 +0000] "GET /wp-content/themes/twentytwentyfour/assets/fonts/cardo/cardo_normal_400.woff2 HTTP/1.1" 200 146060 "https://salemconcept.shop/wp-links-opmI.php" "Mozilla/5.0 (Windows NT 10.0; Win64; x64) AppleWebKit/537.36 (KHTML, like Gecko) Chrome/150.0.0.0 Safari/537.36"
198.177.124.148 - - [22/Jul/2026:09:21:58 +0000] "POST /wp-cron.php?doing_wp_cron=1784712117.9899730682373046875000 HTTP/1.1" 200 - "-" "WordPress/7.0.2; https://salemconcept.shop"
216.73.163.38 - - [22/Jul/2026:09:21:53 +0000] "POST /wp-login.php HTTP/1.1" 200 5127 "-" "firefox|Mozilla/5.0 (Macintosh; Intel Mac OS X 10_4_7) Gecko/20100101 Firefox/45.8"
198.177.124.148 - - [22/Jul/2026:09:30:15 +0000] "POST /wp-cron.php?doing_wp_cron=1784712615.6482191085815429687500 HTTP/1.1" 200 - "-" "WordPress/7.0.2; https://salemconcept.shop"
102.89.43.249 - - [22/Jul/2026:09:30:12 +0000] "GET /wp-login.php?redirect_to=https%3A%2F%2Fsalemconcept.shop%2Fwp-admin%2F&reauth=1 HTTP/1.1" 200 4715 "-" "Mozilla/5.0 (Windows NT 10.0; Win64; x64) AppleWebKit/537.36 (KHTML, like Gecko) Chrome/150.0.0.0 Safari/537.36"
102.89.43.249 - - [22/Jul/2026:09:30:16 +0000] "GET /wp-includes/js/dist/dom-ready.min.js?ver=a06281ae5cf5500e9317 HTTP/1.1" 304 - "https://salemconcept.shop/wp-login.php?redirect_to=https%3A%2F%2Fsalemconcept.shop%2Fwp-admin%2F&reauth=1" "Mozilla/5.0 (Windows NT 10.0; Win64; x64) AppleWebKit/537.36 (KHTML, like Gecko) Chrome/150.0.0.0 Safari/537.36"
102.89.43.249 - - [22/Jul/2026:09:30:16 +0000] "GET /wp-includes/js/dist/i18n.min.js?ver=781d11515ad3d91786ec HTTP/1.1" 304 - "https://salemconcept.shop/wp-login.php?redirect_to=https%3A%2F%2Fsalemconcept.shop%2Fwp-admin%2F&reauth=1" "Mozilla/5.0 (Windows NT 10.0; Win64; x64) AppleWebKit/537.36 (KHTML, like Gecko) Chrome/150.0.0.0 Safari/537.36"
102.89.43.249 - - [22/Jul/2026:09:30:16 +0000] "GET /wp-includes/js/dist/a11y.min.js?ver=af934e5259bc51b8718e HTTP/1.1" 304 - "https://salemconcept.shop/wp-login.php?redirect_to=https%3A%2F%2Fsalemconcept.shop%2Fwp-admin%2F&reauth=1" "Mozilla/5.0 (Windows NT 10.0; Win64; x64) AppleWebKit/537.36 (KHTML, like Gecko) Chrome/150.0.0.0 Safari/537.36"
102.89.43.249 - - [22/Jul/2026:09:30:19 +0000] "GET /favicon.ico HTTP/1.1" 302 - "https://salemconcept.shop/wp-login.php?redirect_to=https%3A%2F%2Fsalemconcept.shop%2Fwp-admin%2F&reauth=1" "Mozilla/5.0 (Windows NT 10.0; Win64; x64) AppleWebKit/537.36 (KHTML, like Gecko) Chrome/150.0.0.0 Safari/537.36"
198.177.124.148 - - [22/Jul/2026:09:33:45 +0000] "POST /wp-cron.php?doing_wp_cron=1784712824.9291260242462158203125 HTTP/1.1" 200 - "-" "WordPress/7.0.2; https://salemconcept.shop"
102.89.43.249 - - [22/Jul/2026:09:33:41 +0000] "POST /wp-login.php HTTP/1.1" 200 5127 "https://salemconcept.shop/wp-login.php?redirect_to=https%3A%2F%2Fsalemconcept.shop%2Fwp-admin%2F&reauth=1" "Mozilla/5.0 (Windows NT 10.0; Win64; x64) AppleWebKit/537.36 (KHTML, like Gecko) Chrome/150.0.0.0 Safari/537.36"
102.89.43.249 - - [22/Jul/2026:09:34:24 +0000] "POST /wp-login.php HTTP/1.1" 200 5127 "https://salemconcept.shop/wp-login.php" "Mozilla/5.0 (Windows NT 10.0; Win64; x64) AppleWebKit/537.36 (KHTML, like Gecko) Chrome/150.0.0.0 Safari/537.36"
198.177.124.148 - - [22/Jul/2026:09:35:51 +0000] "POST /wp-cron.php?doing_wp_cron=1784712951.5345199108123779296875 HTTP/1.1" 200 - "-" "WordPress/7.0.2; https://salemconcept.shop"
102.89.43.249 - - [22/Jul/2026:09:35:48 +0000] "GET /wp-admin/ HTTP/1.1" 302 - "-" "Mozilla/5.0 (Windows NT 10.0; Win64; x64) AppleWebKit/537.36 (KHTML, like Gecko) Chrome/150.0.0.0 Safari/537.36"
102.89.43.249 - - [22/Jul/2026:09:35:52 +0000] "GET /wp-login.php?redirect_to=https%3A%2F%2Fsalemconcept.shop%2Fwp-admin%2F&reauth=1 HTTP/1.1" 200 4715 "-" "Mozilla/5.0 (Windows NT 10.0; Win64; x64) AppleWebKit/537.36 (KHTML, like Gecko) Chrome/150.0.0.0 Safari/537.36"
102.89.43.249 - - [22/Jul/2026:09:36:30 +0000] "POST /wp-login.php HTTP/1.1" 200 5127 "https://salemconcept.shop/wp-login.php?redirect_to=https%3A%2F%2Fsalemconcept.shop%2Fwp-admin%2F&reauth=1" "Mozilla/5.0 (Windows NT 10.0; Win64; x64) AppleWebKit/537.36 (KHTML, like Gecko) Chrome/150.0.0.0 Safari/537.36"
198.177.124.148 - - [22/Jul/2026:09:41:18 +0000] "POST /wp-cron.php?doing_wp_cron=1784713278.4295780658721923828125 HTTP/1.1" 200 - "-" "WordPress/7.0.2; https://salemconcept.shop"
102.89.43.249 - - [22/Jul/2026:09:41:16 +0000] "POST /wp-login.php HTTP/1.1" 200 5127 "https://salemconcept.shop/wp-login.php" "Mozilla/5.0 (Windows NT 10.0; Win64; x64) AppleWebKit/537.36 (KHTML, like Gecko) Chrome/150.0.0.0 Safari/537.36"
102.89.43.249 - - [22/Jul/2026:09:41:41 +0000] "POST /wp-login.php HTTP/1.1" 200 5127 "https://salemconcept.shop/wp-login.php" "Mozilla/5.0 (Windows NT 10.0; Win64; x64) AppleWebKit/537.36 (KHTML, like Gecko) Chrome/150.0.0.0 Safari/537.36"
102.89.43.249 - - [22/Jul/2026:09:43:28 +0000] "GET /webmail HTTP/1.1" 200 34704 "-" "Mozilla/5.0 (Windows NT 10.0; Win64; x64) AppleWebKit/537.36 (KHTML, like Gecko) Chrome/150.0.0.0 Safari/537.36"
198.177.124.148 - - [22/Jul/2026:09:45:18 +0000] "POST /wp-cron.php?doing_wp_cron=1784713518.5840280055999755859375 HTTP/1.1" 200 - "-" "WordPress/7.0.2; https://salemconcept.shop"
102.89.43.249 - - [22/Jul/2026:09:45:16 +0000] "POST /wp-login.php HTTP/1.1" 200 5127 "https://salemconcept.shop/wp-login.php" "Mozilla/5.0 (Windows NT 10.0; Win64; x64) AppleWebKit/537.36 (KHTML, like Gecko) Chrome/150.0.0.0 Safari/537.36"
102.89.43.249 - - [22/Jul/2026:09:45:23 +0000] "GET /wp-login.php?action=lostpassword HTTP/1.1" 200 2144 "https://salemconcept.shop/wp-login.php" "Mozilla/5.0 (Windows NT 10.0; Win64; x64) AppleWebKit/537.36 (KHTML, like Gecko) Chrome/150.0.0.0 Safari/537.36"
198.177.124.148 - - [22/Jul/2026:09:45:53 +0000] "POST /wp-cron.php?doing_wp_cron=1784713553.1665430068969726562500 HTTP/1.1" 200 - "-" "WordPress/7.0.2; https://salemconcept.shop"
216.73.163.44 - - [22/Jul/2026:09:45:51 +0000] "POST /wp-login.php HTTP/1.1" 200 5127 "-" "Mozilla/5.0 (Linux; Android 10; K) AppleWebKit/537.36 (KHTML, like Gecko) Chrome/123.0.0.0 Mobile Safari/537.36 [ip:176.6.6.15]"
102.89.43.249 - - [22/Jul/2026:09:45:53 +0000] "POST /wp-login.php?action=lostpassword HTTP/1.1" 302 - "https://salemconcept.shop/wp-login.php?action=lostpassword" "Mozilla/5.0 (Windows NT 10.0; Win64; x64) AppleWebKit/537.36 (KHTML, like Gecko) Chrome/150.0.0.0 Safari/537.36"
102.89.43.249 - - [22/Jul/2026:09:45:55 +0000] "GET /wp-login.php?checkemail=confirm HTTP/1.1" 200 1312 "https://salemconcept.shop/wp-login.php?action=lostpassword" "Mozilla/5.0 (Windows NT 10.0; Win64; x64) AppleWebKit/537.36 (KHTML, like Gecko) Chrome/150.0.0.0 Safari/537.36"
102.89.43.249 - - [22/Jul/2026:09:46:29 +0000] "GET /webmail HTTP/1.1" 200 34704 "-" "Mozilla/5.0 (Windows NT 10.0; Win64; x64) AppleWebKit/537.36 (KHTML, like Gecko) Chrome/150.0.0.0 Safari/537.36"
198.177.124.148 - - [22/Jul/2026:09:53:30 +0000] "POST /wp-cron.php?doing_wp_cron=1784714010.7637529373168945312500 HTTP/1.1" 200 - "-" "WordPress/7.0.2; https://salemconcept.shop"
102.89.43.249 - - [22/Jul/2026:09:53:27 +0000] "GET /wp-login.php?login=admin&key=n5xz3xtziZO412n3kgyL&action=rp&wp_lang=en_US HTTP/1.1" 302 - "-" "Mozilla/5.0 (Windows NT 10.0; Win64; x64) AppleWebKit/537.36 (KHTML, like Gecko) Chrome/150.0.0.0 Safari/537.36"
102.89.43.249 - - [22/Jul/2026:09:53:31 +0000] "GET /wp-login.php?action=rp&wp_lang=en_US HTTP/1.1" 200 5445 "-" "Mozilla/5.0 (Windows NT 10.0; Win64; x64) AppleWebKit/537.36 (KHTML, like Gecko) Chrome/150.0.0.0 Safari/537.36"
102.89.43.249 - - [22/Jul/2026:09:53:33 +0000] "GET /wp-admin/load-scripts.php?c=0&load%5Bchunk_0%5D=clipboard,wp-hooks&ver=7.0.2 HTTP/1.1" 200 14061 "https://salemconcept.shop/wp-login.php?action=rp&wp_lang=en_US" "Mozilla/5.0 (Windows NT 10.0; Win64; x64) AppleWebKit/537.36 (KHTML, like Gecko) Chrome/150.0.0.0 Safari/537.36"
102.89.43.249 - - [22/Jul/2026:09:53:33 +0000] "GET /wp-admin/load-scripts.php?c=0&load%5Bchunk_0%5D=utils,jquery-core,jquery-migrate,zxcvbn-async&ver=7.0.2 HTTP/1.1" 200 103349 "https://salemconcept.shop/wp-login.php?action=rp&wp_lang=en_US" "Mozilla/5.0 (Windows NT 10.0; Win64; x64) AppleWebKit/537.36 (KHTML, like Gecko) Chrome/150.0.0.0 Safari/537.36"
102.89.43.249 - - [22/Jul/2026:09:53:36 +0000] "POST /wp-admin/admin-ajax.php HTTP/1.1" 200 50 "https://salemconcept.shop/wp-login.php?action=rp&wp_lang=en_US" "Mozilla/5.0 (Windows NT 10.0; Win64; x64) AppleWebKit/537.36 (KHTML, like Gecko) Chrome/150.0.0.0 Safari/537.36"
198.177.124.148 - - [22/Jul/2026:09:56:55 +0000] "POST /wp-cron.php?doing_wp_cron=1784714215.0479431152343750000000 HTTP/1.1" 200 - "-" "WordPress/7.0.2; https://salemconcept.shop"
102.89.43.249 - - [22/Jul/2026:09:56:51 +0000] "POST /wp-login.php?action=resetpass HTTP/1.1" 200 1266 "https://salemconcept.shop/wp-login.php?action=rp&wp_lang=en_US" "Mozilla/5.0 (Windows NT 10.0; Win64; x64) AppleWebKit/537.36 (KHTML, like Gecko) Chrome/150.0.0.0 Safari/537.36"
102.89.43.249 - - [22/Jul/2026:09:57:30 +0000] "GET /wp-login.php HTTP/1.1" 500 2482 "https://salemconcept.shop/wp-login.php?action=resetpass" "Mozilla/5.0 (Windows NT 10.0; Win64; x64) AppleWebKit/537.36 (KHTML, like Gecko) Chrome/150.0.0.0 Safari/537.36"
198.177.124.148 - - [22/Jul/2026:09:58:04 +0000] "POST /wp-cron.php?doing_wp_cron=1784714284.8839960098266601562500 HTTP/1.1" 200 - "-" "WordPress/7.0.2; https://salemconcept.shop"
102.89.43.249 - - [22/Jul/2026:09:58:02 +0000] "GET /wp-admin/ HTTP/1.1" 302 - "-" "Mozilla/5.0 (Windows NT 10.0; Win64; x64) AppleWebKit/537.36 (KHTML, like Gecko) Chrome/150.0.0.0 Safari/537.36"
102.89.43.249 - - [22/Jul/2026:09:58:05 +0000] "GET /wp-login.php?redirect_to=https%3A%2F%2Fsalemconcept.shop%2Fwp-admin%2F&reauth=1 HTTP/1.1" 200 4733 "-" "Mozilla/5.0 (Windows NT 10.0; Win64; x64) AppleWebKit/537.36 (KHTML, like Gecko) Chrome/150.0.0.0 Safari/537.36"
102.89.43.249 - - [22/Jul/2026:09:58:26 +0000] "POST /wp-login.php HTTP/1.1" 302 - "https://salemconcept.shop/wp-login.php?redirect_to=https%3A%2F%2Fsalemconcept.shop%2Fwp-admin%2F&reauth=1" "Mozilla/5.0 (Windows NT 10.0; Win64; x64) AppleWebKit/537.36 (KHTML, like Gecko) Chrome/150.0.0.0 Safari/537.36"
102.89.43.249 - - [22/Jul/2026:09:58:27 +0000] "GET /wp-admin/ HTTP/1.1" 200 218394 "https://salemconcept.shop/wp-login.php?redirect_to=https%3A%2F%2Fsalemconcept.shop%2Fwp-admin%2F&reauth=1" "Mozilla/5.0 (Windows NT 10.0; Win64; x64) AppleWebKit/537.36 (KHTML, like Gecko) Chrome/150.0.0.0 Safari/537.36"
102.89.43.249 - - [22/Jul/2026:09:58:30 +0000] "GET /wp-content/plugins/pixelyoursite/dist/styles/notice.min.css?ver=11.2.1 HTTP/1.1" 304 - "https://salemconcept.shop/wp-admin/" "Mozilla/5.0 (Windows NT 10.0; Win64; x64) AppleWebKit/537.36 (KHTML, like Gecko) Chrome/150.0.0.0 Safari/537.36"
102.89.43.249 - - [22/Jul/2026:09:58:30 +0000] "GET /wp-content/plugins/wpforms-lite/assets/lib/font-awesome/css/all.min.css?ver=7.0.1 HTTP/1.1" 304 - "https://salemconcept.shop/wp-admin/" "Mozilla/5.0 (Windows NT 10.0; Win64; x64) AppleWebKit/537.36 (KHTML, like Gecko) Chrome/150.0.0.0 Safari/537.36"
102.89.43.249 - - [22/Jul/2026:09:58:31 +0000] "GET /wp-content/plugins/wpforms-lite/assets/lib/font-awesome/css/v4-shims.min.css?ver=4.7.0 HTTP/1.1" 304 - "https://salemconcept.shop/wp-admin/" "Mozilla/5.0 (Windows NT 10.0; Win64; x64) AppleWebKit/537.36 (KHTML, like Gecko) Chrome/150.0.0.0 Safari/537.36"
102.89.43.249 - - [22/Jul/2026:09:58:31 +0000] "GET /wp-content/plugins/insert-headers-and-footers/build/admin-bar.css?ver=c95624a69c80301272a0 HTTP/1.1" 304 - "https://salemconcept.shop/wp-admin/" "Mozilla/5.0 (Windows NT 10.0; Win64; x64) AppleWebKit/537.36 (KHTML, like Gecko) Chrome/150.0.0.0 Safari/537.36"
102.89.43.249 - - [22/Jul/2026:09:58:31 +0000] "GET /wp-content/plugins/elementor/vendor/elementor/wp-one-package/assets/build/common.css?ver=1.0.66 HTTP/1.1" 304 - "https://salemconcept.shop/wp-admin/" "Mozilla/5.0 (Windows NT 10.0; Win64; x64) AppleWebKit/537.36 (KHTML, like Gecko) Chrome/150.0.0.0 Safari/537.36"
102.89.43.249 - - [22/Jul/2026:09:58:31 +0000] "GET /wp-content/plugins/elementor/vendor/elementor/wp-one-package/assets/build/manage-dashboard-widget.css?ver=1.0.66 HTTP/1.1" 304 - "https://salemconcept.shop/wp-admin/" "Mozilla/5.0 (Windows NT 10.0; Win64; x64) AppleWebKit/537.36 (KHTML, like Gecko) Chrome/150.0.0.0 Safari/537.36"
102.89.43.249 - - [22/Jul/2026:09:58:31 +0000] "GET /wp-content/plugins/wpforms-lite/assets/lib/jquery.confirm/jquery-confirm.min.css?ver=1.0.0 HTTP/1.1" 304 - "https://salemconcept.shop/wp-admin/" "Mozilla/5.0 (Windows NT 10.0; Win64; x64) AppleWebKit/537.36 (KHTML, like Gecko) Chrome/150.0.0.0 Safari/537.36"
102.89.43.249 - - [22/Jul/2026:09:58:31 +0000] "GET /wp-content/plugins/wpforms-lite/assets/lite/css/dashboard-education.min.css?ver=2.0.0.2 HTTP/1.1" 304 - "https://salemconcept.shop/wp-admin/" "Mozilla/5.0 (Windows NT 10.0; Win64; x64) AppleWebKit/537.36 (KHTML, like Gecko) Chrome/150.0.0.0 Safari/537.36"
102.89.43.249 - - [22/Jul/2026:09:58:31 +0000] "GET /wp-content/plugins/elementor/assets/css/modules/editor-one/admin-menu.min.css?ver=4.1.5 HTTP/1.1" 304 - "https://salemconcept.shop/wp-admin/" "Mozilla/5.0 (Windows NT 10.0; Win64; x64) AppleWebKit/537.36 (KHTML, like Gecko) Chrome/150.0.0.0 Safari/537.36"
102.89.43.249 - - [22/Jul/2026:09:58:31 +0000] "GET /wp-content/plugins/elementor/assets/lib/eicons/css/elementor-icons.min.css?ver=5.50.0 HTTP/1.1" 304 - "https://salemconcept.shop/wp-admin/" "Mozilla/5.0 (Windows NT 10.0; Win64; x64) AppleWebKit/537.36 (KHTML, like Gecko) Chrome/150.0.0.0 Safari/537.36"
102.89.43.249 - - [22/Jul/2026:09:58:31 +0000] "GET /wp-content/plugins/elementor/assets/css/theme-light.min.css?ver=4.1.5 HTTP/1.1" 304 - "https://salemconcept.shop/wp-admin/" "Mozilla/5.0 (Windows NT 10.0; Win64; x64) AppleWebKit/537.36 (KHTML, like Gecko) Chrome/150.0.0.0 Safari/537.36"
102.89.43.249 - - [22/Jul/2026:09:58:31 +0000] "GET /wp-content/plugins/elementor/assets/css/common.min.css?ver=4.1.5 HTTP/1.1" 304 - "https://salemconcept.shop/wp-admin/" "Mozilla/5.0 (Windows NT 10.0; Win64; x64) AppleWebKit/537.36 (KHTML, like Gecko) Chrome/150.0.0.0 Safari/537.36"
102.89.43.249 - - [22/Jul/2026:09:58:31 +0000] "GET /wp-content/plugins/elementor/assets/css/admin.min.css?ver=4.1.5 HTTP/1.1" 304 - "https://salemconcept.shop/wp-admin/" "Mozilla/5.0 (Windows NT 10.0; Win64; x64) AppleWebKit/537.36 (KHTML, like Gecko) Chrome/150.0.0.0 Safari/537.36"
102.89.43.249 - - [22/Jul/2026:09:58:31 +0000] "GET /wp-content/plugins/wpforms-lite/assets/css/admin-bar.min.css?ver=2.0.0.2 HTTP/1.1" 304 - "https://salemconcept.shop/wp-admin/" "Mozilla/5.0 (Windows NT 10.0; Win64; x64) AppleWebKit/537.36 (KHTML, like Gecko) Chrome/150.0.0.0 Safari/537.36"
102.89.43.249 - - [22/Jul/2026:09:58:31 +0000] "GET /wp-content/plugins/wpforms-lite/assets/css/dashboard-widget.min.css?ver=2.0.0.2 HTTP/1.1" 304 - "https://salemconcept.shop/wp-admin/" "Mozilla/5.0 (Windows NT 10.0; Win64; x64) AppleWebKit/537.36 (KHTML, like Gecko) Chrome/150.0.0.0 Safari/537.36"
102.89.43.249 - - [22/Jul/2026:09:58:32 +0000] "GET /wp-content/plugins/elementor/assets/css/modules/promotions/conversion-banner.css?ver=4.1.5 HTTP/1.1" 304 - "https://salemconcept.shop/wp-admin/" "Mozilla/5.0 (Windows NT 10.0; Win64; x64) AppleWebKit/537.36 (KHTML, like Gecko) Chrome/150.0.0.0 Safari/537.36"
102.89.43.249 - - [22/Jul/2026:09:58:32 +0000] "GET /wp-content/plugins/pixelyoursite/dist/images/favicon.png HTTP/1.1" 304 - "https://salemconcept.shop/wp-admin/" "Mozilla/5.0 (Windows NT 10.0; Win64; x64) AppleWebKit/537.36 (KHTML, like Gecko) Chrome/150.0.0.0 Safari/537.36"
102.89.43.249 - - [22/Jul/2026:09:58:32 +0000] "GET /wp-content/plugins/pixelyoursite/dist/images/logo-original.svg HTTP/1.1" 304 - "https://salemconcept.shop/wp-admin/" "Mozilla/5.0 (Windows NT 10.0; Win64; x64) AppleWebKit/537.36 (KHTML, like Gecko) Chrome/150.0.0.0 Safari/537.36"
102.89.43.249 - - [22/Jul/2026:09:58:32 +0000] "GET /wp-content/plugins/wpforms-lite/assets/images/sullie.png HTTP/1.1" 304 - "https://salemconcept.shop/wp-admin/" "Mozilla/5.0 (Windows NT 10.0; Win64; x64) AppleWebKit/537.36 (KHTML, like Gecko) Chrome/150.0.0.0 Safari/537.36"
102.89.43.249 - - [22/Jul/2026:09:58:32 +0000] "GET /wp-content/plugins/wpforms-lite/assets/css/admin/admin-splash-modal.min.css?ver=2.0.0.2 HTTP/1.1" 304 - "https://salemconcept.shop/wp-admin/" "Mozilla/5.0 (Windows NT 10.0; Win64; x64) AppleWebKit/537.36 (KHTML, like Gecko) Chrome/150.0.0.0 Safari/537.36"
102.89.43.249 - - [22/Jul/2026:09:58:32 +0000] "GET /wp-content/plugins/pixelyoursite/dist/images/pys-logo.svg HTTP/1.1" 304 - "https://salemconcept.shop/wp-admin/" "Mozilla/5.0 (Windows NT 10.0; Win64; x64) AppleWebKit/537.36 (KHTML, like Gecko) Chrome/150.0.0.0 Safari/537.36"
102.89.43.249 - - [22/Jul/2026:09:58:34 +0000] "GET /wp-content/plugins/insert-headers-and-footers/build/admin-bar.js?ver=c95624a69c80301272a0 HTTP/1.1" 304 - "https://salemconcept.shop/wp-admin/" "Mozilla/5.0 (Windows NT 10.0; Win64; x64) AppleWebKit/537.36 (KHTML, like Gecko) Chrome/150.0.0.0 Safari/537.36"
102.89.43.249 - - [22/Jul/2026:09:58:35 +0000] "GET /wp-includes/js/dist/url.min.js?ver=bb0f766c3d2efe497871 HTTP/1.1" 304 - "https://salemconcept.shop/wp-admin/" "Mozilla/5.0 (Windows NT 10.0; Win64; x64) AppleWebKit/537.36 (KHTML, like Gecko) Chrome/150.0.0.0 Safari/537.36"
102.89.43.249 - - [22/Jul/2026:09:58:35 +0000] "GET /wp-includes/js/dist/deprecated.min.js?ver=990e85f234fee8f7d446 HTTP/1.1" 304 - "https://salemconcept.shop/wp-admin/" "Mozilla/5.0 (Windows NT 10.0; Win64; x64) AppleWebKit/537.36 (KHTML, like Gecko) Chrome/150.0.0.0 Safari/537.36"
102.89.43.249 - - [22/Jul/2026:09:58:35 +0000] "GET /wp-includes/js/dist/date.min.js?ver=c9f8e7dd3232716f34e9 HTTP/1.1" 304 - "https://salemconcept.shop/wp-admin/" "Mozilla/5.0 (Windows NT 10.0; Win64; x64) AppleWebKit/537.36 (KHTML, like Gecko) Chrome/150.0.0.0 Safari/537.36"
102.89.43.249 - - [22/Jul/2026:09:58:35 +0000] "GET /wp-includes/js/thickbox/thickbox.js?ver=3.1-20121105 HTTP/1.1" 304 - "https://salemconcept.shop/wp-admin/" "Mozilla/5.0 (Windows NT 10.0; Win64; x64) AppleWebKit/537.36 (KHTML, like Gecko) Chrome/150.0.0.0 Safari/537.36"
102.89.43.249 - - [22/Jul/2026:09:58:36 +0000] "GET /wp-content/plugins/pixelyoursite/dist/fonts/Icomoon/icomoon.ttf?x22jiz HTTP/1.1" 304 - "https://salemconcept.shop/wp-content/plugins/pixelyoursite/dist/styles/notice.min.css?ver=11.2.1" "Mozilla/5.0 (Windows NT 10.0; Win64; x64) AppleWebKit/537.36 (KHTML, like Gecko) Chrome/150.0.0.0 Safari/537.36"
102.89.43.249 - - [22/Jul/2026:09:58:36 +0000] "GET /wp-content/plugins/elementor/assets/lib/backbone/backbone.marionette.min.js?ver=2.4.5.e1 HTTP/1.1" 304 - "https://salemconcept.shop/wp-admin/" "Mozilla/5.0 (Windows NT 10.0; Win64; x64) AppleWebKit/537.36 (KHTML, like Gecko) Chrome/150.0.0.0 Safari/537.36"
102.89.43.249 - - [22/Jul/2026:09:58:36 +0000] "GET /wp-content/plugins/elementor/assets/js/common-modules.min.js?ver=4.1.5 HTTP/1.1" 304 - "https://salemconcept.shop/wp-admin/" "Mozilla/5.0 (Windows NT 10.0; Win64; x64) AppleWebKit/537.36 (KHTML, like Gecko) Chrome/150.0.0.0 Safari/537.36"
102.89.43.249 - - [22/Jul/2026:09:58:36 +0000] "GET /wp-content/plugins/elementor/assets/lib/backbone/backbone.radio.min.js?ver=1.0.4 HTTP/1.1" 304 - "https://salemconcept.shop/wp-admin/" "Mozilla/5.0 (Windows NT 10.0; Win64; x64) AppleWebKit/537.36 (KHTML, like Gecko) Chrome/150.0.0.0 Safari/537.36"
102.89.43.249 - - [22/Jul/2026:09:58:36 +0000] "GET /wp-content/plugins/elementor/assets/js/web-cli.min.js?ver=4.1.5 HTTP/1.1" 304 - "https://salemconcept.shop/wp-admin/" "Mozilla/5.0 (Windows NT 10.0; Win64; x64) AppleWebKit/537.36 (KHTML, like Gecko) Chrome/150.0.0.0 Safari/537.36"
102.89.43.249 - - [22/Jul/2026:09:58:36 +0000] "GET /wp-content/plugins/elementor/assets/js/common.min.js?ver=4.1.5 HTTP/1.1" 304 - "https://salemconcept.shop/wp-admin/" "Mozilla/5.0 (Windows NT 10.0; Win64; x64) AppleWebKit/537.36 (KHTML, like Gecko) Chrome/150.0.0.0 Safari/537.36"
