198.177.124.148 - - [21/Jul/2026:15:40:58 +0000] "POST /wp-cron.php?doing_wp_cron=1784648458.9114871025085449218750 HTTP/1.1" 200 - "-" "WordPress/7.0.2; https://salemconcept.shop"
104.28.156.138 - - [21/Jul/2026:15:40:58 +0000] "POST /wp-login.php HTTP/1.1" 200 5127 "-" "Mozilla/5.0"
104.28.159.50 - - [21/Jul/2026:15:41:26 +0000] "POST /wp-login.php HTTP/1.1" 200 5127 "-" "Mozilla/5.0 (X11; Linux x86_64) AppleWebKit/537.36 (KHTML, like Gecko) Chrome/124.0.0.0 Safari/537.36 Brave/1.65.0"
223.228.77.76 - - [21/Jul/2026:15:41:26 +0000] "POST /xmlrpc.php HTTP/1.1" 200 403 "-" "Mozilla/5.0 (Macintosh; Intel Mac OS X 10_15_7; x64) AppleWebKit/537.36 (KHTML, like Gecko) Edge/92.0.0.0 Safari/537.36"
198.177.124.148 - - [21/Jul/2026:15:42:17 +0000] "POST /wp-cron.php?doing_wp_cron=1784648537.1500170230865478515625 HTTP/1.1" 200 - "-" "WordPress/7.0.2; https://salemconcept.shop"
104.28.159.50 - - [21/Jul/2026:15:42:15 +0000] "POST /wp-login.php HTTP/1.1" 200 5127 "-" "Mozilla/5.0 (X11; Linux x86_64) AppleWebKit/537.36 (KHTML, like Gecko) Chrome/125.0.0.0 Safari/537.36"
223.228.77.76 - - [21/Jul/2026:15:42:43 +0000] "POST /xmlrpc.php HTTP/1.1" 200 403 "-" "Mozilla/5.0 (Macintosh; Intel Mac OS X 10_15_7; arm64) AppleWebKit/537.36 (KHTML, like Gecko) Chrome/105.0.0.0 Safari/537.36"
198.177.124.148 - - [21/Jul/2026:15:43:10 +0000] "POST /wp-cron.php?doing_wp_cron=1784648590.9513130187988281250000 HTTP/1.1" 200 - "-" "WordPress/7.0.2; https://salemconcept.shop"
104.28.159.50 - - [21/Jul/2026:15:43:09 +0000] "POST /wp-login.php HTTP/1.1" 200 5127 "-" "Mozilla/5.0 (Macintosh; Intel Mac OS X 13.5; rv:124.0) Gecko/20100101 Firefox/124.0"
223.228.77.76 - - [21/Jul/2026:15:43:40 +0000] "POST /xmlrpc.php HTTP/1.1" 200 403 "-" "Mozilla/5.0 (X11; Ubuntu; Linux x86_64; arm64) AppleWebKit/537.36 (KHTML, like Gecko) Opera/60.0.0.0 Safari/537.36"
198.177.124.148 - - [21/Jul/2026:15:44:01 +0000] "POST /wp-cron.php?doing_wp_cron=1784648641.7295660972595214843750 HTTP/1.1" 200 - "-" "WordPress/7.0.2; https://salemconcept.shop"
104.28.159.50 - - [21/Jul/2026:15:43:59 +0000] "POST /wp-login.php HTTP/1.1" 200 5127 "-" "Mozilla/5.0 (Macintosh; Intel Mac OS X 13_6) AppleWebKit/605.1.15 (KHTML, like Gecko) Version/17.2 Safari/605.1.15"
66.249.77.2 - - [21/Jul/2026:15:44:24 +0000] "GET /?x=65569270843 HTTP/1.1" 200 97035 "-" "Mozilla/5.0 (Linux; Android 6.0.1; Nexus 5X Build/MMB29P) AppleWebKit/537.36 (KHTML, like Gecko) Chrome/150.0.7871.128 Mobile Safari/537.36 (compatible; GoogleOther)"
198.177.124.148 - - [21/Jul/2026:15:44:48 +0000] "POST /wp-cron.php?doing_wp_cron=1784648688.8019270896911621093750 HTTP/1.1" 200 - "-" "WordPress/7.0.2; https://salemconcept.shop"
104.28.159.50 - - [21/Jul/2026:15:44:47 +0000] "POST /wp-login.php HTTP/1.1" 200 5127 "-" "Mozilla/5.0 (Macintosh; Intel Mac OS X 10_15_7) AppleWebKit/537.36 (KHTML, like Gecko) Chrome/124.0.0.0 Safari/537.36"
66.249.77.2 - - [21/Jul/2026:15:44:58 +0000] "GET /?j=884872791 HTTP/1.1" 200 97035 "-" "Mozilla/5.0 (Linux; Android 6.0.1; Nexus 5X Build/MMB29P) AppleWebKit/537.36 (KHTML, like Gecko) Chrome/150.0.7871.128 Mobile Safari/537.36 (compatible; GoogleOther)"
104.28.156.138 - - [21/Jul/2026:15:45:27 +0000] "POST /wp-login.php HTTP/1.1" 200 5127 "-" "Mozilla/5.0"
104.28.159.50 - - [21/Jul/2026:15:45:41 +0000] "POST /wp-login.php HTTP/1.1" 200 5127 "-" "Mozilla/5.0 (Windows NT 10.0; Win64; x64) AppleWebKit/537.36 (KHTML, like Gecko) Chrome/124.0.0.0 Safari/537.36 Brave/1.65.0"
198.177.124.148 - - [21/Jul/2026:15:46:00 +0000] "POST /wp-cron.php?doing_wp_cron=1784648760.6056210994720458984375 HTTP/1.1" 200 - "-" "WordPress/7.0.2; https://salemconcept.shop"
223.228.77.76 - - [21/Jul/2026:15:45:59 +0000] "POST /xmlrpc.php HTTP/1.1" 200 403 "-" "Mozilla/5.0 (Macintosh; Intel Mac OS X 10_15_7; x86) AppleWebKit/537.36 (KHTML, like Gecko) Opera/67.0.0.0 Safari/537.36"
104.28.159.50 - - [21/Jul/2026:15:46:33 +0000] "POST /wp-login.php HTTP/1.1" 200 5127 "-" "Mozilla/5.0 (Macintosh; Intel Mac OS X 14_3) AppleWebKit/605.1.15 (KHTML, like Gecko) Version/17.3 Safari/605.1.15"
198.177.124.148 - - [21/Jul/2026:15:47:08 +0000] "POST /wp-cron.php?doing_wp_cron=1784648828.7039239406585693359375 HTTP/1.1" 200 - "-" "WordPress/7.0.2; https://salemconcept.shop"
223.228.77.76 - - [21/Jul/2026:15:47:07 +0000] "POST /xmlrpc.php HTTP/1.1" 200 403 "-" "Mozilla/5.0 (X11; Ubuntu; Linux x86_64; x86) AppleWebKit/537.36 (KHTML, like Gecko) Chrome/99.0.0.0 Safari/537.36"
104.28.159.50 - - [21/Jul/2026:15:47:20 +0000] "POST /wp-login.php HTTP/1.1" 200 5127 "-" "Mozilla/5.0 (X11; Linux x86_64; rv:124.0) Gecko/20100101 Firefox/124.0"
104.28.159.50 - - [21/Jul/2026:15:48:12 +0000] "POST /wp-login.php HTTP/1.1" 200 5127 "-" "Mozilla/5.0 (Macintosh; Intel Mac OS X 10_15_7) AppleWebKit/537.36 (KHTML, like Gecko) Chrome/124.0.0.0 Safari/537.36"
198.177.124.148 - - [21/Jul/2026:15:48:15 +0000] "POST /wp-cron.php?doing_wp_cron=1784648895.3681020736694335937500 HTTP/1.1" 200 - "-" "WordPress/7.0.2; https://salemconcept.shop"
223.228.77.76 - - [21/Jul/2026:15:48:13 +0000] "POST /xmlrpc.php HTTP/1.1" 200 403 "-" "Mozilla/5.0 (Macintosh; Intel Mac OS X 10_15_7; arm64) AppleWebKit/537.36 (KHTML, like Gecko) Opera/79.0.0.0 Safari/537.36"
198.177.124.148 - - [21/Jul/2026:15:48:48 +0000] "POST /wp-cron.php?doing_wp_cron=1784648928.4279739856719970703125 HTTP/1.1" 200 - "-" "WordPress/7.0.2; https://salemconcept.shop"
66.249.77.3 - - [21/Jul/2026:15:48:45 +0000] "GET /?x=65569270184 HTTP/1.1" 200 97035 "-" "Mozilla/5.0 (Linux; Android 6.0.1; Nexus 5X Build/MMB29P) AppleWebKit/537.36 (KHTML, like Gecko) Chrome/150.0.7871.128 Mobile Safari/537.36 (compatible; GoogleOther)"
104.28.159.50 - - [21/Jul/2026:15:48:58 +0000] "POST /wp-login.php HTTP/1.1" 200 5127 "-" "Mozilla/5.0 (Windows NT 11.0; Win64; x64) AppleWebKit/537.36 (KHTML, like Gecko) Chrome/125.0.0.0 Safari/537.36 Edg/125.0.0.0"
223.228.77.76 - - [21/Jul/2026:15:49:20 +0000] "POST /xmlrpc.php HTTP/1.1" 200 403 "-" "Mozilla/5.0 (Windows NT 6.3; arm64) AppleWebKit/537.36 (KHTML, like Gecko) Firefox/79.0.0.0 Safari/537.36"
45.198.224.56 - - [21/Jul/2026:15:49:28 +0000] "GET /?rest_route=/ HTTP/1.1" 200 266801 "-" "wp2shell"
45.198.224.56 - - [21/Jul/2026:15:49:32 +0000] "GET /?rest_route=/ HTTP/1.1" 200 266801 "-" "wp2shell"
45.198.224.56 - - [21/Jul/2026:15:49:35 +0000] "GET /wp-json/ HTTP/1.1" 200 266801 "-" "wp2shell"
45.198.224.56 - - [21/Jul/2026:15:49:38 +0000] "GET / HTTP/1.1" 200 97035 "-" "wp2shell"
45.198.224.56 - - [21/Jul/2026:15:49:41 +0000] "POST /?rest_route=/batch/v1 HTTP/1.1" 207 478 "-" "wp2shell"
198.177.124.148 - - [21/Jul/2026:15:49:48 +0000] "POST /wp-cron.php?doing_wp_cron=1784648988.6996359825134277343750 HTTP/1.1" 200 - "-" "WordPress/7.0.2; https://salemconcept.shop"
104.28.156.138 - - [21/Jul/2026:15:49:45 +0000] "POST /wp-login.php HTTP/1.1" 200 5127 "-" "Mozilla/5.0"
104.28.159.50 - - [21/Jul/2026:15:49:48 +0000] "POST /wp-login.php HTTP/1.1" 200 5127 "-" "Mozilla/5.0 (Windows NT 10.0; Win64; x64) AppleWebKit/537.36 (KHTML, like Gecko) Chrome/124.0.0.0 Safari/537.36"
223.228.77.76 - - [21/Jul/2026:15:50:31 +0000] "POST /xmlrpc.php HTTP/1.1" 200 403 "-" "Mozilla/5.0 (Windows NT 10.0; arm64) AppleWebKit/537.36 (KHTML, like Gecko) Safari/15.0.0.0 Safari/537.36"
104.28.159.50 - - [21/Jul/2026:15:50:41 +0000] "POST /wp-login.php HTTP/1.1" 200 5127 "-" "Mozilla/5.0 (Macintosh; Intel Mac OS X 13_6) AppleWebKit/605.1.15 (KHTML, like Gecko) Version/17.2 Safari/605.1.15"
198.177.124.148 - - [21/Jul/2026:15:51:45 +0000] "POST /wp-cron.php?doing_wp_cron=1784649105.1563630104064941406250 HTTP/1.1" 200 - "-" "WordPress/7.0.2; https://salemconcept.shop"
223.228.77.76 - - [21/Jul/2026:15:51:43 +0000] "POST /xmlrpc.php HTTP/1.1" 200 403 "-" "Mozilla/5.0 (Windows NT 6.2; x86) AppleWebKit/537.36 (KHTML, like Gecko) Opera/66.0.0.0 Safari/537.36"
104.28.159.50 - - [21/Jul/2026:15:51:44 +0000] "POST /wp-login.php HTTP/1.1" 200 5127 "-" "Mozilla/5.0 (Windows NT 6.1; Win64; x64) AppleWebKit/537.36 (KHTML, like Gecko) Chrome/120.0.0.0 Safari/537.36"
198.177.124.148 - - [21/Jul/2026:15:51:49 +0000] "POST /wp-cron.php?doing_wp_cron=1784649109.6054270267486572265625 HTTP/1.1" 200 - "-" "WordPress/7.0.2; https://salemconcept.shop"
66.249.77.2 - - [21/Jul/2026:15:51:46 +0000] "GET /?j=8848722270 HTTP/1.1" 200 97035 "-" "Mozilla/5.0 (Linux; Android 6.0.1; Nexus 5X Build/MMB29P) AppleWebKit/537.36 (KHTML, like Gecko) Chrome/150.0.7871.128 Mobile Safari/537.36 (compatible; GoogleOther)"
198.177.124.148 - - [21/Jul/2026:15:52:51 +0000] "POST /wp-cron.php?doing_wp_cron=1784649170.9822459220886230468750 HTTP/1.1" 200 - "-" "WordPress/7.0.2; https://salemconcept.shop"
104.28.159.50 - - [21/Jul/2026:15:52:47 +0000] "POST /wp-login.php HTTP/1.1" 200 5127 "-" "Mozilla/5.0 (Macintosh; Intel Mac OS X 10_15_7) AppleWebKit/605.1.15 (KHTML, like Gecko) Version/17.5 Safari/605.1.15"
198.177.124.148 - - [21/Jul/2026:15:52:53 +0000] "POST /wp-cron.php?doing_wp_cron=1784649173.0578420162200927734375 HTTP/1.1" 200 - "-" "WordPress/7.0.2; https://salemconcept.shop"
223.228.77.76 - - [21/Jul/2026:15:52:50 +0000] "POST /xmlrpc.php HTTP/1.1" 200 403 "-" "Mozilla/5.0 (Macintosh; Intel Mac OS X 10_15_7; x64) AppleWebKit/537.36 (KHTML, like Gecko) Opera/64.0.0.0 Safari/537.36"
104.28.159.50 - - [21/Jul/2026:15:53:41 +0000] "POST /wp-login.php HTTP/1.1" 200 5127 "-" "Mozilla/5.0 (Macintosh; Intel Mac OS X 13_6) AppleWebKit/605.1.15 (KHTML, like Gecko) Version/17.2 Safari/605.1.15"
198.177.124.148 - - [21/Jul/2026:15:54:00 +0000] "POST /wp-cron.php?doing_wp_cron=1784649240.0195488929748535156250 HTTP/1.1" 200 - "-" "WordPress/7.0.2; https://salemconcept.shop"
104.28.156.138 - - [21/Jul/2026:15:53:58 +0000] "POST /wp-login.php HTTP/1.1" 200 5127 "-" "Mozilla/5.0"
198.177.124.148 - - [21/Jul/2026:15:54:01 +0000] "POST /wp-cron.php?doing_wp_cron=1784649240.9960539340972900390625 HTTP/1.1" 200 - "-" "WordPress/7.0.2; https://salemconcept.shop"
223.228.77.76 - - [21/Jul/2026:15:53:58 +0000] "POST /xmlrpc.php HTTP/1.1" 200 403 "-" "Mozilla/5.0 (Windows NT 10.0; x64) AppleWebKit/537.36 (KHTML, like Gecko) Safari/14.0.0.0 Safari/537.36"
104.28.159.50 - - [21/Jul/2026:15:54:42 +0000] "POST /wp-login.php HTTP/1.1" 200 5127 "-" "Mozilla/5.0 (X11; Linux x86_64) AppleWebKit/537.36 (KHTML, like Gecko) Chrome/124.0.0.0 Safari/537.36 Edg/124.0.0.0"
198.177.124.148 - - [21/Jul/2026:15:55:07 +0000] "POST /wp-cron.php?doing_wp_cron=1784649307.6822969913482666015625 HTTP/1.1" 200 - "-" "WordPress/7.0.2; https://salemconcept.shop"
223.228.77.76 - - [21/Jul/2026:15:55:06 +0000] "POST /xmlrpc.php HTTP/1.1" 200 403 "-" "Mozilla/5.0 (Linux; Android 10; arm64) AppleWebKit/537.36 (KHTML, like Gecko) Edge/80.0.0.0 Safari/537.36"
104.28.159.50 - - [21/Jul/2026:15:55:33 +0000] "POST /wp-login.php HTTP/1.1" 200 5127 "-" "Mozilla/5.0 (Macintosh; Intel Mac OS X 10_15_7) AppleWebKit/605.1.15 (KHTML, like Gecko) Version/17.5 Safari/605.1.15"
198.177.124.148 - - [21/Jul/2026:15:56:13 +0000] "POST /wp-cron.php?doing_wp_cron=1784649373.5980861186981201171875 HTTP/1.1" 200 - "-" "WordPress/7.0.2; https://salemconcept.shop"
223.228.77.76 - - [21/Jul/2026:15:56:10 +0000] "POST /xmlrpc.php HTTP/1.1" 200 403 "-" "Mozilla/5.0 (Windows NT 10.0; x64) AppleWebKit/537.36 (KHTML, like Gecko) Edge/81.0.0.0 Safari/537.36"
13.60.224.18 - - [21/Jul/2026:15:56:11 +0000] "POST /wp-login.php HTTP/1.1" 200 5127 "-" "Mozilla/5.0 (Macintosh; Intel Mac OS X 10_15_7) AppleWebKit/605.1.15 Version/17.0 Safari/605.1.15"
104.28.159.50 - - [21/Jul/2026:15:56:21 +0000] "POST /wp-login.php HTTP/1.1" 200 5127 "-" "Mozilla/5.0 (Macintosh; Intel Mac OS X 10_15_7) AppleWebKit/537.36 (KHTML, like Gecko) Chrome/124.0.0.0 Safari/537.36"
198.177.124.148 - - [21/Jul/2026:15:57:09 +0000] "POST /wp-cron.php?doing_wp_cron=1784649429.2037050724029541015625 HTTP/1.1" 200 - "-" "WordPress/7.0.2; https://salemconcept.shop"
104.28.159.50 - - [21/Jul/2026:15:57:06 +0000] "POST /wp-login.php HTTP/1.1" 200 5127 "-" "Mozilla/5.0 (X11; Linux x86_64) AppleWebKit/537.36 (KHTML, like Gecko) Chrome/124.0.0.0 Safari/537.36 Vivaldi/6.7"
223.228.77.76 - - [21/Jul/2026:15:57:18 +0000] "POST /xmlrpc.php HTTP/1.1" 200 403 "-" "Mozilla/5.0 (Windows NT 10.0; x86) AppleWebKit/537.36 (KHTML, like Gecko) Safari/12.0.0.0 Safari/537.36"
66.249.77.3 - - [21/Jul/2026:15:57:19 +0000] "GET /?j=8848730151 HTTP/1.1" 200 97035 "-" "Mozilla/5.0 (Linux; Android 6.0.1; Nexus 5X Build/MMB29P) AppleWebKit/537.36 (KHTML, like Gecko) Chrome/150.0.7871.128 Mobile Safari/537.36 (compatible; GoogleOther)"
198.177.124.148 - - [21/Jul/2026:15:57:55 +0000] "POST /wp-cron.php?doing_wp_cron=1784649475.8567121028900146484375 HTTP/1.1" 200 - "-" "WordPress/7.0.2; https://salemconcept.shop"
104.28.159.50 - - [21/Jul/2026:15:57:54 +0000] "POST /wp-login.php HTTP/1.1" 200 5127 "-" "Mozilla/5.0 (Windows NT 10.0; Win64; x64) AppleWebKit/537.36 (KHTML, like Gecko) Chrome/124.0.0.0 Safari/537.36 Edg/124.0.0.0"
223.228.77.76 - - [21/Jul/2026:15:58:17 +0000] "POST /xmlrpc.php HTTP/1.1" 200 403 "-" "Mozilla/5.0 (Linux; Android 10; x64) AppleWebKit/537.36 (KHTML, like Gecko) Opera/74.0.0.0 Safari/537.36"
104.28.156.138 - - [21/Jul/2026:15:58:30 +0000] "POST /wp-login.php HTTP/1.1" 200 5127 "-" "Mozilla/5.0"
13.60.224.18 - - [21/Jul/2026:15:58:44 +0000] "POST /wp-login.php HTTP/1.1" 200 5127 "-" "Mozilla/5.0 (Windows NT 10.0; Win64; rv:143.0) Gecko/20100101 Firefox/143.0"
198.177.124.148 - - [21/Jul/2026:15:58:47 +0000] "POST /wp-cron.php?doing_wp_cron=1784649527.6359279155731201171875 HTTP/1.1" 200 - "-" "WordPress/7.0.2; https://salemconcept.shop"
104.28.159.50 - - [21/Jul/2026:15:58:46 +0000] "POST /wp-login.php HTTP/1.1" 200 5127 "-" "Mozilla/5.0 (Macintosh; Intel Mac OS X 14_3) AppleWebKit/605.1.15 (KHTML, like Gecko) Version/17.3 Safari/605.1.15"
223.228.77.76 - - [21/Jul/2026:15:59:05 +0000] "POST /xmlrpc.php HTTP/1.1" 200 403 "-" "Mozilla/5.0 (Windows NT 6.3; x64) AppleWebKit/537.36 (KHTML, like Gecko) Opera/62.0.0.0 Safari/537.36"
104.28.159.50 - - [21/Jul/2026:15:59:33 +0000] "POST /wp-login.php HTTP/1.1" 200 5127 "-" "Mozilla/5.0 (Windows NT 10.0; Win64; x64) AppleWebKit/537.36 (KHTML, like Gecko) Chrome/123.0.0.0 Safari/537.36 Vivaldi/6.7"
198.177.124.148 - - [21/Jul/2026:15:59:53 +0000] "POST /wp-cron.php?doing_wp_cron=1784649593.8487389087677001953125 HTTP/1.1" 200 - "-" "WordPress/7.0.2; https://salemconcept.shop"
66.249.77.2 - - [21/Jul/2026:15:59:51 +0000] "GET /?e=5985618605 HTTP/1.1" 200 97035 "-" "Mozilla/5.0 (Linux; Android 6.0.1; Nexus 5X Build/MMB29P) AppleWebKit/537.36 (KHTML, like Gecko) Chrome/150.0.7871.128 Mobile Safari/537.36 (compatible; GoogleOther)"
223.228.77.76 - - [21/Jul/2026:15:59:53 +0000] "POST /xmlrpc.php HTTP/1.1" 200 403 "-" "Mozilla/5.0 (Macintosh; Intel Mac OS X 10_15_7; arm64) AppleWebKit/537.36 (KHTML, like Gecko) Firefox/88.0.0.0 Safari/537.36"
104.28.159.50 - - [21/Jul/2026:16:00:22 +0000] "POST /wp-login.php HTTP/1.1" 200 5127 "-" "Mozilla/5.0 (Windows NT 10.0; WOW64) AppleWebKit/537.36 (KHTML, like Gecko) Chrome/118.0.0.0 Safari/537.36"
223.228.77.76 - - [21/Jul/2026:16:00:41 +0000] "POST /xmlrpc.php HTTP/1.1" 200 403 "-" "Mozilla/5.0 (X11; Ubuntu; Linux x86_64; arm64) AppleWebKit/537.36 (KHTML, like Gecko) Safari/10.0.0.0 Safari/537.36"
198.177.124.148 - - [21/Jul/2026:16:01:16 +0000] "POST /wp-cron.php?doing_wp_cron=1784649676.6530969142913818359375 HTTP/1.1" 200 - "-" "WordPress/7.0.2; https://salemconcept.shop"
104.28.159.50 - - [21/Jul/2026:16:01:14 +0000] "POST /wp-login.php HTTP/1.1" 200 5127 "-" "Mozilla/5.0 (X11; Linux x86_64) AppleWebKit/537.36 (KHTML, like Gecko) Chrome/124.0.0.0 Safari/537.36 Brave/1.65.0"
223.228.77.76 - - [21/Jul/2026:16:01:23 +0000] "POST /xmlrpc.php HTTP/1.1" 200 403 "-" "Mozilla/5.0 (Macintosh; Intel Mac OS X 10_15_7; arm64) AppleWebKit/537.36 (KHTML, like Gecko) Opera/80.0.0.0 Safari/537.36"
198.177.124.148 - - [21/Jul/2026:16:02:03 +0000] "POST /wp-cron.php?doing_wp_cron=1784649722.9572250843048095703125 HTTP/1.1" 200 - "-" "WordPress/7.0.2; https://salemconcept.shop"
104.28.159.50 - - [21/Jul/2026:16:02:01 +0000] "POST /wp-login.php HTTP/1.1" 200 5127 "-" "Mozilla/5.0 (Windows NT 10.0; Win64; x64) AppleWebKit/537.36 (KHTML, like Gecko) Chrome/124.0.0.0 Safari/537.36 Edg/124.0.0.0"
223.228.77.76 - - [21/Jul/2026:16:02:05 +0000] "POST /xmlrpc.php HTTP/1.1" 200 403 "-" "Mozilla/5.0 (Windows NT 6.3; arm64) AppleWebKit/537.36 (KHTML, like Gecko) Opera/62.0.0.0 Safari/537.36"
13.60.224.18 - - [21/Jul/2026:16:02:34 +0000] "POST /wp-login.php HTTP/1.1" 200 5127 "-" "Mozilla/5.0 (Windows NT 10.0; Win64; rv:143.0) Gecko/20100101 Firefox/143.0"
104.28.156.138 - - [21/Jul/2026:16:02:38 +0000] "POST /wp-login.php HTTP/1.1" 200 5127 "-" "Mozilla/5.0"
198.177.124.148 - - [21/Jul/2026:16:02:49 +0000] "POST /wp-cron.php?doing_wp_cron=1784649769.6964499950408935546875 HTTP/1.1" 200 - "-" "WordPress/7.0.2; https://salemconcept.shop"
104.28.159.50 - - [21/Jul/2026:16:02:48 +0000] "POST /wp-login.php HTTP/1.1" 200 5127 "-" "Mozilla/5.0 (X11; Linux x86_64) AppleWebKit/537.36 (KHTML, like Gecko) Chrome/125.0.0.0 Safari/537.36"
223.228.77.76 - - [21/Jul/2026:16:02:49 +0000] "POST /xmlrpc.php HTTP/1.1" 200 403 "-" "Mozilla/5.0 (Windows NT 6.2; x64) AppleWebKit/537.36 (KHTML, like Gecko) Opera/69.0.0.0 Safari/537.36"
223.228.77.76 - - [21/Jul/2026:16:03:26 +0000] "POST /xmlrpc.php HTTP/1.1" 200 403 "-" "Mozilla/5.0 (X11; Ubuntu; Linux x86_64; arm64) AppleWebKit/537.36 (KHTML, like Gecko) Edge/90.0.0.0 Safari/537.36"
104.28.159.50 - - [21/Jul/2026:16:03:35 +0000] "POST /wp-login.php HTTP/1.1" 200 5127 "-" "Mozilla/5.0 (X11; Linux x86_64; rv:125.0) Gecko/20100101 Firefox/125.0"
198.177.124.148 - - [21/Jul/2026:16:04:07 +0000] "POST /wp-cron.php?doing_wp_cron=1784649847.3896958827972412109375 HTTP/1.1" 200 - "-" "WordPress/7.0.2; https://salemconcept.shop"
223.228.77.76 - - [21/Jul/2026:16:04:05 +0000] "POST /xmlrpc.php HTTP/1.1" 200 403 "-" "Mozilla/5.0 (Windows NT 10.0; x86) AppleWebKit/537.36 (KHTML, like Gecko) Opera/80.0.0.0 Safari/537.36"
104.28.159.50 - - [21/Jul/2026:16:04:21 +0000] "POST /wp-login.php HTTP/1.1" 200 5127 "-" "Mozilla/5.0 (X11; Linux x86_64) AppleWebKit/537.36 (KHTML, like Gecko) Chrome/124.0.0.0 Safari/537.36"
223.228.77.76 - - [21/Jul/2026:16:04:41 +0000] "POST /xmlrpc.php HTTP/1.1" 200 403 "-" "Mozilla/5.0 (Linux; Android 10; arm64) AppleWebKit/537.36 (KHTML, like Gecko) Firefox/79.0.0.0 Safari/537.36"
198.177.124.148 - - [21/Jul/2026:16:05:07 +0000] "POST /wp-cron.php?doing_wp_cron=1784649907.4228971004486083984375 HTTP/1.1" 200 - "-" "WordPress/7.0.2; https://salemconcept.shop"
104.28.159.50 - - [21/Jul/2026:16:05:05 +0000] "POST /wp-login.php HTTP/1.1" 200 5127 "-" "Mozilla/5.0 (Macintosh; Intel Mac OS X 10_15_7) AppleWebKit/605.1.15 (KHTML, like Gecko) Version/17.5 Safari/605.1.15"
13.60.224.18 - - [21/Jul/2026:16:05:07 +0000] "POST /wp-login.php HTTP/1.1" 200 5127 "-" "Mozilla/5.0 (Windows NT 10.0; Win64; rv:143.0) Gecko/20100101 Firefox/143.0"
223.228.77.76 - - [21/Jul/2026:16:05:15 +0000] "POST /xmlrpc.php HTTP/1.1" 200 403 "-" "Mozilla/5.0 (Macintosh; Intel Mac OS X 10_15_7; x64) AppleWebKit/537.36 (KHTML, like Gecko) Safari/12.0.0.0 Safari/537.36"
198.177.124.148 - - [21/Jul/2026:16:05:53 +0000] "POST /wp-cron.php?doing_wp_cron=1784649953.4390659332275390625000 HTTP/1.1" 200 - "-" "WordPress/7.0.2; https://salemconcept.shop"
104.28.159.50 - - [21/Jul/2026:16:05:51 +0000] "POST /wp-login.php HTTP/1.1" 200 5127 "-" "Mozilla/5.0 (Macintosh; Intel Mac OS X 10_15_7) AppleWebKit/537.36 (KHTML, like Gecko) Chrome/124.0.0.0 Safari/537.36"
104.28.159.50 - - [21/Jul/2026:16:06:40 +0000] "POST /wp-login.php HTTP/1.1" 200 5127 "-" "Mozilla/5.0 (Windows NT 11.0; Win64; x64) AppleWebKit/537.36 (KHTML, like Gecko) Chrome/125.0.0.0 Safari/537.36 Edg/125.0.0.0"
223.228.77.76 - - [21/Jul/2026:16:06:43 +0000] "POST /xmlrpc.php HTTP/1.1" 200 403 "-" "Mozilla/5.0 (Windows NT 10.0; x64) AppleWebKit/537.36 (KHTML, like Gecko) Edge/91.0.0.0 Safari/537.36"
198.177.124.148 - - [21/Jul/2026:16:07:03 +0000] "POST /wp-cron.php?doing_wp_cron=1784650023.4916269779205322265625 HTTP/1.1" 200 - "-" "WordPress/7.0.2; https://salemconcept.shop"
2.139.14.217 - - [21/Jul/2026:16:07:02 +0000] "GET / HTTP/1.1" 200 97035 "-" "Mozilla/5.0 (Macintosh; Intel Mac OS X 10_15_7) AppleWebKit/537.36 (KHTML, like Gecko) Chrome/109.0.0.0 Safari/537.36"
104.28.156.138 - - [21/Jul/2026:16:07:11 +0000] "POST /wp-login.php HTTP/1.1" 200 5127 "-" "Mozilla/5.0"
223.228.77.76 - - [21/Jul/2026:16:07:21 +0000] "POST /xmlrpc.php HTTP/1.1" 200 403 "-" "Mozilla/5.0 (Macintosh; Intel Mac OS X 10_15_7; x86) AppleWebKit/537.36 (KHTML, like Gecko) Edge/87.0.0.0 Safari/537.36"
104.28.159.50 - - [21/Jul/2026:16:07:30 +0000] "POST /wp-login.php HTTP/1.1" 200 5127 "-" "Mozilla/5.0 (Windows NT 10.0; Win64; x64) AppleWebKit/537.36 (KHTML, like Gecko) Chrome/124.0.0.0 Safari/537.36 OPR/108.0.0.0"
13.60.224.18 - - [21/Jul/2026:16:07:36 +0000] "POST /wp-login.php HTTP/1.1" 200 5127 "-" "Mozilla/5.0 (Windows NT 10.0; Win64; rv:143.0) Gecko/20100101 Firefox/143.0"
198.177.124.148 - - [21/Jul/2026:16:08:09 +0000] "POST /wp-cron.php?doing_wp_cron=1784650089.3702158927917480468750 HTTP/1.1" 200 - "-" "WordPress/7.0.2; https://salemconcept.shop"
223.228.77.76 - - [21/Jul/2026:16:08:07 +0000] "POST /xmlrpc.php HTTP/1.1" 200 403 "-" "Mozilla/5.0 (Windows NT 10.0; arm64) AppleWebKit/537.36 (KHTML, like Gecko) Opera/80.0.0.0 Safari/537.36"
104.28.159.50 - - [21/Jul/2026:16:08:12 +0000] "POST /wp-login.php HTTP/1.1" 200 5127 "-" "Mozilla/5.0 (X11; Linux x86_64; rv:125.0) Gecko/20100101 Firefox/125.0"
223.228.77.76 - - [21/Jul/2026:16:08:43 +0000] "POST /xmlrpc.php HTTP/1.1" 200 403 "-" "Mozilla/5.0 (Linux; Android 10; x64) AppleWebKit/537.36 (KHTML, like Gecko) Edge/84.0.0.0 Safari/537.36"
198.177.124.148 - - [21/Jul/2026:16:08:59 +0000] "POST /wp-cron.php?doing_wp_cron=1784650139.5959739685058593750000 HTTP/1.1" 200 - "-" "WordPress/7.0.2; https://salemconcept.shop"
104.28.159.50 - - [21/Jul/2026:16:08:58 +0000] "POST /wp-login.php HTTP/1.1" 200 5127 "-" "Mozilla/5.0 (X11; Linux x86_64; rv:124.0) Gecko/20100101 Firefox/124.0"
66.249.77.2 - - [21/Jul/2026:16:09:12 +0000] "GET /robots.txt HTTP/1.1" 200 118 "-" "Mozilla/5.0 (compatible; Googlebot/2.1; +http://www.google.com/bot.html)"
223.228.77.76 - - [21/Jul/2026:16:09:23 +0000] "POST /xmlrpc.php HTTP/1.1" 200 403 "-" "Mozilla/5.0 (Windows NT 6.2; x86) AppleWebKit/537.36 (KHTML, like Gecko) Safari/10.0.0.0 Safari/537.36"
198.177.124.148 - - [21/Jul/2026:16:09:48 +0000] "POST /wp-cron.php?doing_wp_cron=1784650188.6530559062957763671875 HTTP/1.1" 200 - "-" "WordPress/7.0.2; https://salemconcept.shop"
104.28.159.50 - - [21/Jul/2026:16:09:47 +0000] "POST /wp-login.php HTTP/1.1" 200 5127 "-" "Mozilla/5.0 (X11; Linux x86_64) AppleWebKit/537.36 (KHTML, like Gecko) Chrome/123.0.0.0 Safari/537.36"
223.228.77.76 - - [21/Jul/2026:16:09:57 +0000] "POST /xmlrpc.php HTTP/1.1" 200 403 "-" "Mozilla/5.0 (Windows NT 6.3; arm64) AppleWebKit/537.36 (KHTML, like Gecko) Chrome/86.0.0.0 Safari/537.36"
13.60.224.18 - - [21/Jul/2026:16:10:09 +0000] "POST /wp-login.php HTTP/1.1" 200 5127 "-" "Mozilla/5.0 (Windows NT 10.0; Win64; rv:143.0) Gecko/20100101 Firefox/143.0"
66.249.77.1 - - [21/Jul/2026:16:10:19 +0000] "GET /robots.txt HTTP/1.1" 200 118 "-" "Mozilla/5.0 (compatible; Googlebot/2.1; +http://www.google.com/bot.html)"
66.249.77.2 - - [21/Jul/2026:16:10:28 +0000] "GET /?r=36261169162 HTTP/1.1" 200 97035 "-" "Mozilla/5.0 (Linux; Android 6.0.1; Nexus 5X Build/MMB29P) AppleWebKit/537.36 (KHTML, like Gecko) Chrome/150.0.7871.128 Mobile Safari/537.36 (compatible; GoogleOther)"
104.28.159.50 - - [21/Jul/2026:16:10:35 +0000] "POST /wp-login.php HTTP/1.1" 200 5127 "-" "Mozilla/5.0 (Windows NT 11.0; Win64; x64) AppleWebKit/537.36 (KHTML, like Gecko) Chrome/125.0.0.0 Safari/537.36 Edg/125.0.0.0"
223.228.77.76 - - [21/Jul/2026:16:10:36 +0000] "POST /xmlrpc.php HTTP/1.1" 200 403 "-" "Mozilla/5.0 (Windows NT 6.2; arm64) AppleWebKit/537.36 (KHTML, like Gecko) Firefox/80.0.0.0 Safari/537.36"
66.249.77.1 - - [21/Jul/2026:16:10:37 +0000] "GET /?e=59856190550 HTTP/1.1" 200 97035 "-" "Mozilla/5.0 (Linux; Android 6.0.1; Nexus 5X Build/MMB29P) AppleWebKit/537.36 (KHTML, like Gecko) Chrome/150.0.7871.128 Mobile Safari/537.36 (compatible; GoogleOther)"
198.177.124.148 - - [21/Jul/2026:16:11:22 +0000] "POST /wp-cron.php?doing_wp_cron=1784650282.7675569057464599609375 HTTP/1.1" 200 - "-" "WordPress/7.0.2; https://salemconcept.shop"
104.28.159.50 - - [21/Jul/2026:16:11:20 +0000] "POST /wp-login.php HTTP/1.1" 200 5127 "-" "Mozilla/5.0 (X11; Linux x86_64; rv:124.0) Gecko/20100101 Firefox/124.0"
104.28.156.138 - - [21/Jul/2026:16:11:21 +0000] "POST /wp-login.php HTTP/1.1" 200 5127 "-" "Mozilla/5.0"
223.228.77.76 - - [21/Jul/2026:16:11:34 +0000] "POST /xmlrpc.php HTTP/1.1" 200 403 "-" "Mozilla/5.0 (Windows NT 10.0; arm64) AppleWebKit/537.36 (KHTML, like Gecko) Opera/63.0.0.0 Safari/537.36"
198.177.124.148 - - [21/Jul/2026:16:12:09 +0000] "POST /wp-cron.php?doing_wp_cron=1784650329.1891789436340332031250 HTTP/1.1" 200 - "-" "WordPress/7.0.2; https://salemconcept.shop"
104.28.159.50 - - [21/Jul/2026:16:12:07 +0000] "POST /wp-login.php HTTP/1.1" 200 5127 "-" "Mozilla/5.0 (Macintosh; Intel Mac OS X 13_6) AppleWebKit/605.1.15 (KHTML, like Gecko) Version/17.2 Safari/605.1.15"
223.228.77.76 - - [21/Jul/2026:16:12:40 +0000] "POST /xmlrpc.php HTTP/1.1" 200 403 "-" "Mozilla/5.0 (X11; Ubuntu; Linux x86_64; x64) AppleWebKit/537.36 (KHTML, like Gecko) Opera/79.0.0.0 Safari/537.36"
13.60.224.18 - - [21/Jul/2026:16:12:45 +0000] "POST /wp-login.php HTTP/1.1" 200 5127 "-" "Mozilla/5.0 (Macintosh; Intel Mac OS X 10_15_7) AppleWebKit/605.1.15 Version/17.0 Safari/605.1.15"
198.177.124.148 - - [21/Jul/2026:16:12:58 +0000] "POST /wp-cron.php?doing_wp_cron=1784650378.2851500511169433593750 HTTP/1.1" 200 - "-" "WordPress/7.0.2; https://salemconcept.shop"
104.28.159.50 - - [21/Jul/2026:16:12:56 +0000] "POST /wp-login.php HTTP/1.1" 200 5127 "-" "Mozilla/5.0 (Windows NT 10.0; Win64; x64) AppleWebKit/537.36 (KHTML, like Gecko) Chrome/123.0.0.0 Safari/537.36 Vivaldi/6.7"
223.228.77.76 - - [21/Jul/2026:16:13:19 +0000] "POST /xmlrpc.php HTTP/1.1" 200 403 "-" "Mozilla/5.0 (Windows NT 6.2; x64) AppleWebKit/537.36 (KHTML, like Gecko) Firefox/82.0.0.0 Safari/537.36"
104.28.159.50 - - [21/Jul/2026:16:13:41 +0000] "POST /wp-login.php HTTP/1.1" 200 5127 "-" "Mozilla/5.0 (Windows NT 10.0; Win64; x64) AppleWebKit/537.36 (KHTML, like Gecko) Chrome/124.0.0.0 Safari/537.36"
198.177.124.148 - - [21/Jul/2026:16:13:58 +0000] "POST /wp-cron.php?doing_wp_cron=1784650438.7949500083923339843750 HTTP/1.1" 200 - "-" "WordPress/7.0.2; https://salemconcept.shop"
223.228.77.76 - - [21/Jul/2026:16:13:55 +0000] "POST /xmlrpc.php HTTP/1.1" 200 403 "-" "Mozilla/5.0 (Macintosh; Intel Mac OS X 10_15_7; x64) AppleWebKit/537.36 (KHTML, like Gecko) Chrome/103.0.0.0 Safari/537.36"
104.28.159.50 - - [21/Jul/2026:16:14:26 +0000] "POST /wp-login.php HTTP/1.1" 200 5127 "-" "Mozilla/5.0 (Windows NT 11.0; Win64; x64) AppleWebKit/537.36 (KHTML, like Gecko) Chrome/123.0.0.0 Safari/537.36"
223.228.77.76 - - [21/Jul/2026:16:14:31 +0000] "POST /xmlrpc.php HTTP/1.1" 200 403 "-" "Mozilla/5.0 (Macintosh; Intel Mac OS X 10_15_7; x86) AppleWebKit/537.36 (KHTML, like Gecko) Edge/81.0.0.0 Safari/537.36"
198.177.124.148 - - [21/Jul/2026:16:15:12 +0000] "POST /wp-cron.php?doing_wp_cron=1784650512.6345560550689697265625 HTTP/1.1" 200 - "-" "WordPress/7.0.2; https://salemconcept.shop"
223.228.77.76 - - [21/Jul/2026:16:15:08 +0000] "POST /xmlrpc.php HTTP/1.1" 200 403 "-" "Mozilla/5.0 (Windows NT 10.0; arm64) AppleWebKit/537.36 (KHTML, like Gecko) Opera/64.0.0.0 Safari/537.36"
104.28.159.50 - - [21/Jul/2026:16:15:14 +0000] "POST /wp-login.php HTTP/1.1" 200 5127 "-" "Mozilla/5.0 (Windows NT 10.0; Win64; x64) AppleWebKit/537.36 (KHTML, like Gecko) Chrome/125.0.0.0 Safari/537.36"
13.60.224.18 - - [21/Jul/2026:16:15:33 +0000] "POST /wp-login.php HTTP/1.1" 200 5127 "-" "Mozilla/5.0 (Macintosh; Intel Mac OS X 10_15_7) AppleWebKit/605.1.15 Version/17.0 Safari/605.1.15"
104.28.159.50 - - [21/Jul/2026:16:16:04 +0000] "POST /wp-login.php HTTP/1.1" 200 5127 "-" "Mozilla/5.0 (Macintosh; Intel Mac OS X 10_15_7) AppleWebKit/537.36 (KHTML, like Gecko) Chrome/124.0.0.0 Safari/537.36"
198.177.124.148 - - [21/Jul/2026:16:16:51 +0000] "POST /wp-cron.php?doing_wp_cron=1784650611.0177979469299316406250 HTTP/1.1" 200 - "-" "WordPress/7.0.2; https://salemconcept.shop"
104.28.159.50 - - [21/Jul/2026:16:16:47 +0000] "POST /wp-login.php HTTP/1.1" 200 5127 "-" "Mozilla/5.0 (X11; Linux x86_64) AppleWebKit/537.36 (KHTML, like Gecko) Chrome/123.0.0.0 Safari/537.36 OPR/107.0.0.0"
223.228.77.76 - - [21/Jul/2026:16:17:20 +0000] "POST /xmlrpc.php HTTP/1.1" 200 403 "-" "Mozilla/5.0 (Linux; Android 10; x64) AppleWebKit/537.36 (KHTML, like Gecko) Chrome/86.0.0.0 Safari/537.36"
104.28.159.50 - - [21/Jul/2026:16:17:33 +0000] "POST /wp-login.php HTTP/1.1" 200 5127 "-" "Mozilla/5.0 (Macintosh; Intel Mac OS X 13_6) AppleWebKit/605.1.15 (KHTML, like Gecko) Version/17.2 Safari/605.1.15"
198.177.124.148 - - [21/Jul/2026:16:18:09 +0000] "POST /wp-cron.php?doing_wp_cron=1784650689.2211439609527587890625 HTTP/1.1" 200 - "-" "WordPress/7.0.2; https://salemconcept.shop"
223.228.77.76 - - [21/Jul/2026:16:18:07 +0000] "POST /xmlrpc.php HTTP/1.1" 200 403 "-" "Mozilla/5.0 (Macintosh; Intel Mac OS X 10_15_7; arm64) AppleWebKit/537.36 (KHTML, like Gecko) Chrome/87.0.0.0 Safari/537.36"
104.28.159.50 - - [21/Jul/2026:16:18:20 +0000] "POST /wp-login.php HTTP/1.1" 200 5127 "-" "Mozilla/5.0 (X11; Linux x86_64; rv:125.0) Gecko/20100101 Firefox/125.0"
13.60.224.18 - - [21/Jul/2026:16:18:24 +0000] "POST /wp-login.php HTTP/1.1" 200 5127 "-" "Mozilla/5.0 (Windows NT 10.0; Win64; x64) AppleWebKit/537.36 Chrome/129.0.0.0 Safari/537.36"
223.228.77.76 - - [21/Jul/2026:16:18:41 +0000] "POST /xmlrpc.php HTTP/1.1" 200 403 "-" "Mozilla/5.0 (Windows NT 6.3; x86) AppleWebKit/537.36 (KHTML, like Gecko) Chrome/108.0.0.0 Safari/537.36"
198.177.124.148 - - [21/Jul/2026:16:19:11 +0000] "POST /wp-cron.php?doing_wp_cron=1784650751.0519158840179443359375 HTTP/1.1" 200 - "-" "WordPress/7.0.2; https://salemconcept.shop"
104.28.159.50 - - [21/Jul/2026:16:19:08 +0000] "POST /wp-login.php HTTP/1.1" 200 5127 "-" "Mozilla/5.0 (X11; Linux x86_64) AppleWebKit/537.36 (KHTML, like Gecko) Chrome/124.0.0.0 Safari/537.36"
223.228.77.76 - - [21/Jul/2026:16:19:34 +0000] "POST /xmlrpc.php HTTP/1.1" 200 403 "-" "Mozilla/5.0 (Macintosh; Intel Mac OS X 10_15_7; x64) AppleWebKit/537.36 (KHTML, like Gecko) Opera/70.0.0.0 Safari/537.36"
198.177.124.148 - - [21/Jul/2026:16:19:52 +0000] "POST /wp-cron.php?doing_wp_cron=1784650792.2684020996093750000000 HTTP/1.1" 200 - "-" "WordPress/7.0.2; https://salemconcept.shop"
104.28.159.50 - - [21/Jul/2026:16:19:50 +0000] "POST /wp-login.php HTTP/1.1" 200 5127 "-" "Mozilla/5.0 (Macintosh; Intel Mac OS X 14_3) AppleWebKit/537.36 (KHTML, like Gecko) Chrome/125.0.0.0 Safari/537.36"
104.28.159.50 - - [21/Jul/2026:16:20:41 +0000] "POST /wp-login.php HTTP/1.1" 200 5127 "-" "Mozilla/5.0 (Windows NT 10.0; Win64; x64) AppleWebKit/537.36 (KHTML, like Gecko) Chrome/124.0.0.0 Safari/537.36 OPR/108.0.0.0"
223.228.77.76 - - [21/Jul/2026:16:20:45 +0000] "POST /xmlrpc.php HTTP/1.1" 200 403 "-" "Mozilla/5.0 (X11; Ubuntu; Linux x86_64; arm64) AppleWebKit/537.36 (KHTML, like Gecko) Chrome/82.0.0.0 Safari/537.36"
198.177.124.148 - - [21/Jul/2026:16:21:22 +0000] "POST /wp-cron.php?doing_wp_cron=1784650882.1549470424652099609375 HTTP/1.1" 200 - "-" "WordPress/7.0.2; https://salemconcept.shop"
13.60.224.18 - - [21/Jul/2026:16:21:20 +0000] "POST /wp-login.php HTTP/1.1" 200 5127 "-" "Mozilla/5.0 (Windows NT 10.0; Win64; x64) AppleWebKit/537.36 Chrome/129.0.0.0 Safari/537.36"
223.228.77.76 - - [21/Jul/2026:16:21:23 +0000] "POST /xmlrpc.php HTTP/1.1" 200 403 "-" "Mozilla/5.0 (X11; Ubuntu; Linux x86_64; arm64) AppleWebKit/537.36 (KHTML, like Gecko) Safari/12.0.0.0 Safari/537.36"
104.28.159.50 - - [21/Jul/2026:16:21:32 +0000] "POST /wp-login.php HTTP/1.1" 200 5127 "-" "Mozilla/5.0 (Windows NT 10.0; WOW64) AppleWebKit/537.36 (KHTML, like Gecko) Chrome/118.0.0.0 Safari/537.36"
198.177.124.148 - - [21/Jul/2026:16:22:01 +0000] "POST /wp-cron.php?doing_wp_cron=1784650921.7319610118865966796875 HTTP/1.1" 200 - "-" "WordPress/7.0.2; https://salemconcept.shop"
223.228.77.76 - - [21/Jul/2026:16:21:59 +0000] "POST /xmlrpc.php HTTP/1.1" 200 403 "-" "Mozilla/5.0 (Macintosh; Intel Mac OS X 10_15_7; x64) AppleWebKit/537.36 (KHTML, like Gecko) Chrome/81.0.0.0 Safari/537.36"
104.28.159.50 - - [21/Jul/2026:16:22:17 +0000] "POST /wp-login.php HTTP/1.1" 200 5127 "-" "Mozilla/5.0 (Windows NT 10.0; Win64; x64; rv:125.0) Gecko/20100101 Firefox/125.0"
223.228.77.76 - - [21/Jul/2026:16:22:36 +0000] "POST /xmlrpc.php HTTP/1.1" 200 403 "-" "Mozilla/5.0 (Windows NT 6.3; x64) AppleWebKit/537.36 (KHTML, like Gecko) Opera/80.0.0.0 Safari/537.36"
198.177.124.148 - - [21/Jul/2026:16:23:06 +0000] "POST /wp-cron.php?doing_wp_cron=1784650986.6526579856872558593750 HTTP/1.1" 200 - "-" "WordPress/7.0.2; https://salemconcept.shop"
104.28.159.50 - - [21/Jul/2026:16:23:05 +0000] "POST /wp-login.php HTTP/1.1" 200 5127 "-" "Mozilla/5.0 (Windows NT 10.0; Win64; x64; rv:124.0) Gecko/20100101 Firefox/124.0"
223.228.77.76 - - [21/Jul/2026:16:23:14 +0000] "POST /xmlrpc.php HTTP/1.1" 200 403 "-" "Mozilla/5.0 (Windows NT 6.3; x86) AppleWebKit/537.36 (KHTML, like Gecko) Safari/11.0.0.0 Safari/537.36"
198.177.124.148 - - [21/Jul/2026:16:23:56 +0000] "POST /wp-cron.php?doing_wp_cron=1784651036.7114648818969726562500 HTTP/1.1" 200 - "-" "WordPress/7.0.2; https://salemconcept.shop"
104.28.159.50 - - [21/Jul/2026:16:23:54 +0000] "POST /wp-login.php HTTP/1.1" 200 5127 "-" "Mozilla/5.0 (X11; Linux x86_64) AppleWebKit/537.36 (KHTML, like Gecko) Chrome/123.0.0.0 Safari/537.36 OPR/107.0.0.0"
223.228.77.76 - - [21/Jul/2026:16:24:03 +0000] "POST /xmlrpc.php HTTP/1.1" 200 403 "-" "Mozilla/5.0 (Windows NT 6.3; arm64) AppleWebKit/537.36 (KHTML, like Gecko) Chrome/99.0.0.0 Safari/537.36"
13.60.224.18 - - [21/Jul/2026:16:24:22 +0000] "POST /wp-login.php HTTP/1.1" 200 5127 "-" "Mozilla/5.0 (Windows NT 10.0; Win64; x64) AppleWebKit/537.36 Chrome/129.0.0.0 Safari/537.36"
223.228.77.76 - - [21/Jul/2026:16:24:38 +0000] "POST /xmlrpc.php HTTP/1.1" 200 403 "-" "Mozilla/5.0 (Linux; Android 10; x86) AppleWebKit/537.36 (KHTML, like Gecko) Safari/14.0.0.0 Safari/537.36"
104.28.159.50 - - [21/Jul/2026:16:24:41 +0000] "POST /wp-login.php HTTP/1.1" 200 5127 "-" "Mozilla/5.0 (X11; Linux x86_64) AppleWebKit/537.36 (KHTML, like Gecko) Chrome/123.0.0.0 Safari/537.36"
198.177.124.148 - - [21/Jul/2026:16:25:15 +0000] "POST /wp-cron.php?doing_wp_cron=1784651115.2407970428466796875000 HTTP/1.1" 200 - "-" "WordPress/7.0.2; https://salemconcept.shop"
223.228.77.76 - - [21/Jul/2026:16:25:13 +0000] "POST /xmlrpc.php HTTP/1.1" 200 403 "-" "Mozilla/5.0 (Macintosh; Intel Mac OS X 10_15_7; arm64) AppleWebKit/537.36 (KHTML, like Gecko) Edge/93.0.0.0 Safari/537.36"
104.28.159.50 - - [21/Jul/2026:16:25:25 +0000] "POST /wp-login.php HTTP/1.1" 200 5127 "-" "Mozilla/5.0 (X11; Linux x86_64) AppleWebKit/537.36 (KHTML, like Gecko) Chrome/123.0.0.0 Safari/537.36"
198.177.124.148 - - [21/Jul/2026:16:25:52 +0000] "POST /wp-cron.php?doing_wp_cron=1784651152.2345399856567382812500 HTTP/1.1" 200 - "-" "WordPress/7.0.2; https://salemconcept.shop"
223.228.77.76 - - [21/Jul/2026:16:25:49 +0000] "POST /xmlrpc.php HTTP/1.1" 200 403 "-" "Mozilla/5.0 (Macintosh; Intel Mac OS X 10_15_7; x86) AppleWebKit/537.36 (KHTML, like Gecko) Edge/89.0.0.0 Safari/537.36"
104.28.159.50 - - [21/Jul/2026:16:26:13 +0000] "POST /wp-login.php HTTP/1.1" 200 5127 "-" "Mozilla/5.0 (Windows NT 10.0; Win64; x64) AppleWebKit/537.36 (KHTML, like Gecko) Chrome/124.0.0.0 Safari/537.36 OPR/108.0.0.0"
198.177.124.148 - - [21/Jul/2026:16:27:04 +0000] "POST /wp-cron.php?doing_wp_cron=1784651224.0343620777130126953125 HTTP/1.1" 200 - "-" "WordPress/7.0.2; https://salemconcept.shop"
104.28.159.50 - - [21/Jul/2026:16:27:01 +0000] "POST /wp-login.php HTTP/1.1" 200 5127 "-" "Mozilla/5.0 (Windows NT 10.0; Win64; x64; rv:124.0) Gecko/20100101 Firefox/124.0"
13.60.224.18 - - [21/Jul/2026:16:27:31 +0000] "POST /wp-login.php HTTP/1.1" 200 5127 "-" "Mozilla/5.0 (Macintosh; Intel Mac OS X 10_15_7) AppleWebKit/605.1.15 Version/17.0 Safari/605.1.15"
104.28.159.50 - - [21/Jul/2026:16:27:44 +0000] "POST /wp-login.php HTTP/1.1" 200 5127 "-" "Mozilla/5.0 (X11; Linux x86_64) AppleWebKit/537.36 (KHTML, like Gecko) Chrome/125.0.0.0 Safari/537.36"
198.177.124.148 - - [21/Jul/2026:16:28:29 +0000] "POST /wp-cron.php?doing_wp_cron=1784651309.6590349674224853515625 HTTP/1.1" 200 - "-" "WordPress/7.0.2; https://salemconcept.shop"
104.28.159.50 - - [21/Jul/2026:16:28:27 +0000] "POST /wp-login.php HTTP/1.1" 200 5127 "-" "Mozilla/5.0 (X11; Linux x86_64) AppleWebKit/537.36 (KHTML, like Gecko) Chrome/123.0.0.0 Safari/537.36 OPR/107.0.0.0"
198.177.124.148 - - [21/Jul/2026:16:29:16 +0000] "POST /wp-cron.php?doing_wp_cron=1784651356.2383480072021484375000 HTTP/1.1" 200 - "-" "WordPress/7.0.2; https://salemconcept.shop"
104.28.159.50 - - [21/Jul/2026:16:29:14 +0000] "POST /wp-login.php HTTP/1.1" 200 5127 "-" "Mozilla/5.0 (Windows NT 10.0; Win64; x64) AppleWebKit/537.36 (KHTML, like Gecko) Chrome/125.0.0.0 Safari/537.36"
66.249.77.1 - - [21/Jul/2026:16:29:29 +0000] "GET /?h=8783578618 HTTP/1.1" 200 97035 "-" "Mozilla/5.0 (Linux; Android 6.0.1; Nexus 5X Build/MMB29P) AppleWebKit/537.36 (KHTML, like Gecko) Chrome/150.0.7871.128 Mobile Safari/537.36 (compatible; GoogleOther)"
198.177.124.148 - - [21/Jul/2026:16:30:05 +0000] "POST /wp-cron.php?doing_wp_cron=1784651405.8045039176940917968750 HTTP/1.1" 200 - "-" "WordPress/7.0.2; https://salemconcept.shop"
104.28.159.50 - - [21/Jul/2026:16:30:02 +0000] "POST /wp-login.php HTTP/1.1" 200 5127 "-" "Mozilla/5.0 (X11; Linux x86_64) AppleWebKit/537.36 (KHTML, like Gecko) Chrome/124.0.0.0 Safari/537.36 Vivaldi/6.7"
13.60.224.18 - - [21/Jul/2026:16:30:41 +0000] "POST /wp-login.php HTTP/1.1" 200 5127 "-" "Mozilla/5.0 (Windows NT 10.0; Win64; x64) AppleWebKit/537.36 Chrome/129.0.0.0 Safari/537.36"
223.228.77.76 - - [21/Jul/2026:16:30:44 +0000] "GET /wp-json/wp/v2/users HTTP/1.1" 200 772 "-" "Mozilla/4.0 (compatible; Win32; WinHttp.WinHttpRequest.5)"
198.177.124.148 - - [21/Jul/2026:16:30:49 +0000] "POST /wp-cron.php?doing_wp_cron=1784651449.2877309322357177734375 HTTP/1.1" 200 - "-" "WordPress/7.0.2; https://salemconcept.shop"
104.28.159.50 - - [21/Jul/2026:16:30:47 +0000] "POST /wp-login.php HTTP/1.1" 200 5127 "-" "Mozilla/5.0 (Windows NT 10.0; Win64; x64) AppleWebKit/537.36 (KHTML, like Gecko) Chrome/124.0.0.0 Safari/537.36 OPR/108.0.0.0"
104.28.159.50 - - [21/Jul/2026:16:31:30 +0000] "POST /wp-login.php HTTP/1.1" 200 5127 "-" "Mozilla/5.0 (Macintosh; Intel Mac OS X 14_3) AppleWebKit/605.1.15 (KHTML, like Gecko) Version/17.3 Safari/605.1.15"
198.177.124.148 - - [21/Jul/2026:16:31:53 +0000] "POST /wp-cron.php?doing_wp_cron=1784651513.1892769336700439453125 HTTP/1.1" 200 - "-" "WordPress/7.0.2; https://salemconcept.shop"
66.249.77.2 - - [21/Jul/2026:16:31:51 +0000] "GET /?x=65569201557 HTTP/1.1" 200 97035 "-" "Mozilla/5.0 (Linux; Android 6.0.1; Nexus 5X Build/MMB29P) AppleWebKit/537.36 (KHTML, like Gecko) Chrome/150.0.7871.128 Mobile Safari/537.36 (compatible; GoogleOther)"
223.228.77.76 - - [21/Jul/2026:16:32:03 +0000] "POST /xmlrpc.php HTTP/1.1" 200 403 "-" "Mozilla/5.0 (Windows NT 6.2; arm64) AppleWebKit/537.36 (KHTML, like Gecko) Safari/14.0.0.0 Safari/537.36"
104.28.159.50 - - [21/Jul/2026:16:32:17 +0000] "POST /wp-login.php HTTP/1.1" 200 5127 "-" "Mozilla/5.0 (Macintosh; Intel Mac OS X 10_15_7) AppleWebKit/605.1.15 (KHTML, like Gecko) Version/17.5 Safari/605.1.15"
66.249.77.2 - - [21/Jul/2026:16:32:42 +0000] "GET /?j=88487176144 HTTP/1.1" 200 97035 "-" "Mozilla/5.0 (Linux; Android 6.0.1; Nexus 5X Build/MMB29P) AppleWebKit/537.36 (KHTML, like Gecko) Chrome/150.0.7871.128 Mobile Safari/537.36 (compatible; GoogleOther)"
198.177.124.148 - - [21/Jul/2026:16:33:05 +0000] "POST /wp-cron.php?doing_wp_cron=1784651585.4504749774932861328125 HTTP/1.1" 200 - "-" "WordPress/7.0.2; https://salemconcept.shop"
104.28.159.50 - - [21/Jul/2026:16:33:04 +0000] "POST /wp-login.php HTTP/1.1" 200 5127 "-" "Mozilla/5.0 (X11; Linux x86_64) AppleWebKit/537.36 (KHTML, like Gecko) Chrome/123.0.0.0 Safari/537.36 OPR/107.0.0.0"
223.228.77.76 - - [21/Jul/2026:16:33:17 +0000] "POST /xmlrpc.php HTTP/1.1" 200 403 "-" "Mozilla/5.0 (Linux; Android 10; arm64) AppleWebKit/537.36 (KHTML, like Gecko) Chrome/100.0.0.0 Safari/537.36"
66.249.77.3 - - [21/Jul/2026:16:33:41 +0000] "GET /?j=8848721144 HTTP/1.1" 200 97035 "-" "Mozilla/5.0 (Linux; Android 6.0.1; Nexus 5X Build/MMB29P) AppleWebKit/537.36 (KHTML, like Gecko) Chrome/150.0.7871.128 Mobile Safari/537.36 (compatible; GoogleOther)"
198.177.124.148 - - [21/Jul/2026:16:33:48 +0000] "POST /wp-cron.php?doing_wp_cron=1784651627.9535620212554931640625 HTTP/1.1" 200 - "-" "WordPress/7.0.2; https://salemconcept.shop"
104.28.159.50 - - [21/Jul/2026:16:33:46 +0000] "POST /wp-login.php HTTP/1.1" 200 5127 "-" "Mozilla/5.0 (Windows NT 10.0; Win64; x64) AppleWebKit/537.36 (KHTML, like Gecko) Chrome/124.0.0.0 Safari/537.36 Edg/124.0.0.0"
13.60.224.18 - - [21/Jul/2026:16:33:57 +0000] "POST /wp-login.php HTTP/1.1" 200 5127 "-" "Mozilla/5.0 (Windows NT 10.0; Win64; rv:143.0) Gecko/20100101 Firefox/143.0"
223.228.77.76 - - [21/Jul/2026:16:34:25 +0000] "POST /xmlrpc.php HTTP/1.1" 200 403 "-" "Mozilla/5.0 (X11; Ubuntu; Linux x86_64; arm64) AppleWebKit/537.36 (KHTML, like Gecko) Edge/94.0.0.0 Safari/537.36"
104.28.159.50 - - [21/Jul/2026:16:34:26 +0000] "POST /wp-login.php HTTP/1.1" 200 5127 "-" "Mozilla/5.0 (Macintosh; Intel Mac OS X 10_15_7) AppleWebKit/537.36 (KHTML, like Gecko) Chrome/124.0.0.0 Safari/537.36"
198.177.124.148 - - [21/Jul/2026:16:35:16 +0000] "POST /wp-cron.php?doing_wp_cron=1784651716.2671349048614501953125 HTTP/1.1" 200 - "-" "WordPress/7.0.2; https://salemconcept.shop"
104.28.159.50 - - [21/Jul/2026:16:35:14 +0000] "POST /wp-login.php HTTP/1.1" 200 5127 "-" "Mozilla/5.0 (Macintosh; Intel Mac OS X 10_15_7) AppleWebKit/537.36 (KHTML, like Gecko) Chrome/124.0.0.0 Safari/537.36"
198.177.124.148 - - [21/Jul/2026:16:36:01 +0000] "POST /wp-cron.php?doing_wp_cron=1784651761.4001560211181640625000 HTTP/1.1" 200 - "-" "WordPress/7.0.2; https://salemconcept.shop"
104.28.159.50 - - [21/Jul/2026:16:35:59 +0000] "POST /wp-login.php HTTP/1.1" 200 5127 "-" "Mozilla/5.0 (X11; Linux x86_64) AppleWebKit/537.36 (KHTML, like Gecko) Chrome/124.0.0.0 Safari/537.36"
66.249.77.3 - - [21/Jul/2026:16:36:02 +0000] "GET /?j=8848758039 HTTP/1.1" 200 97035 "-" "Mozilla/5.0 (Linux; Android 6.0.1; Nexus 5X Build/MMB29P) AppleWebKit/537.36 (KHTML, like Gecko) Chrome/150.0.7871.128 Mobile Safari/537.36 (compatible; GoogleOther)"
66.249.77.1 - - [21/Jul/2026:16:36:30 +0000] "GET /?j=88487117888 HTTP/1.1" 200 97035 "-" "Mozilla/5.0 (Linux; Android 6.0.1; Nexus 5X Build/MMB29P) AppleWebKit/537.36 (KHTML, like Gecko) Chrome/150.0.7871.128 Mobile Safari/537.36 (compatible; GoogleOther)"
104.28.159.50 - - [21/Jul/2026:16:36:44 +0000] "POST /wp-login.php HTTP/1.1" 200 5127 "-" "Mozilla/5.0 (Macintosh; Intel Mac OS X 14_3) AppleWebKit/537.36 (KHTML, like Gecko) Chrome/125.0.0.0 Safari/537.36"
198.177.124.148 - - [21/Jul/2026:16:37:12 +0000] "POST /wp-cron.php?doing_wp_cron=1784651832.6680009365081787109375 HTTP/1.1" 200 - "-" "WordPress/7.0.2; https://salemconcept.shop"
66.249.77.1 - - [21/Jul/2026:16:37:10 +0000] "GET /?x=65569146391 HTTP/1.1" 200 97035 "-" "Mozilla/5.0 (Linux; Android 6.0.1; Nexus 5X Build/MMB29P) AppleWebKit/537.36 (KHTML, like Gecko) Chrome/150.0.7871.128 Mobile Safari/537.36 (compatible; GoogleOther)"
13.60.224.18 - - [21/Jul/2026:16:37:24 +0000] "POST /wp-login.php HTTP/1.1" 200 5127 "-" "Mozilla/5.0 (Windows NT 10.0; Win64; rv:143.0) Gecko/20100101 Firefox/143.0"
104.28.159.50 - - [21/Jul/2026:16:37:28 +0000] "POST /wp-login.php HTTP/1.1" 200 5127 "-" "Mozilla/5.0 (Windows NT 11.0; Win64; x64) AppleWebKit/537.36 (KHTML, like Gecko) Chrome/123.0.0.0 Safari/537.36"
198.177.124.148 - - [21/Jul/2026:16:37:49 +0000] "POST /wp-cron.php?doing_wp_cron=1784651869.9273569583892822265625 HTTP/1.1" 200 - "-" "WordPress/7.0.2; https://salemconcept.shop"
66.249.77.2 - - [21/Jul/2026:16:37:47 +0000] "GET /?j=8848781296 HTTP/1.1" 200 97035 "-" "Mozilla/5.0 (Linux; Android 6.0.1; Nexus 5X Build/MMB29P) AppleWebKit/537.36 (KHTML, like Gecko) Chrome/150.0.7871.128 Mobile Safari/537.36 (compatible; GoogleOther)"
104.28.159.50 - - [21/Jul/2026:16:38:14 +0000] "POST /wp-login.php HTTP/1.1" 200 5127 "-" "Mozilla/5.0 (Macintosh; Intel Mac OS X 10_15_7) AppleWebKit/537.36 (KHTML, like Gecko) Chrome/124.0.0.0 Safari/537.36"
66.249.77.1 - - [21/Jul/2026:16:38:28 +0000] "GET /?j=88487117003 HTTP/1.1" 200 97035 "-" "Mozilla/5.0 (Linux; Android 6.0.1; Nexus 5X Build/MMB29P) AppleWebKit/537.36 (KHTML, like Gecko) Chrome/150.0.7871.128 Mobile Safari/537.36 (compatible; GoogleOther)"
66.249.77.2 - - [21/Jul/2026:16:38:33 +0000] "GET /?h=8783598853 HTTP/1.1" 200 97035 "-" "Mozilla/5.0 (Linux; Android 6.0.1; Nexus 5X Build/MMB29P) AppleWebKit/537.36 (KHTML, like Gecko) Chrome/150.0.7871.128 Mobile Safari/537.36 (compatible; Googlebot/2.1; +http://www.google.com/bot.html)"
198.177.124.148 - - [21/Jul/2026:16:38:57 +0000] "POST /wp-cron.php?doing_wp_cron=1784651937.3696739673614501953125 HTTP/1.1" 200 - "-" "WordPress/7.0.2; https://salemconcept.shop"
66.249.77.1 - - [21/Jul/2026:16:38:54 +0000] "GET /?x=65569263768 HTTP/1.1" 200 97035 "-" "Mozilla/5.0 (Linux; Android 6.0.1; Nexus 5X Build/MMB29P) AppleWebKit/537.36 (KHTML, like Gecko) Chrome/150.0.7871.128 Mobile Safari/537.36 (compatible; GoogleOther)"
223.228.77.76 - - [21/Jul/2026:16:38:58 +0000] "GET /wp-json/wp/v2/users HTTP/1.1" 200 772 "-" "Mozilla/4.0 (compatible; Win32; WinHttp.WinHttpRequest.5)"
104.28.159.50 - - [21/Jul/2026:16:39:03 +0000] "POST /wp-login.php HTTP/1.1" 200 5127 "-" "Mozilla/5.0 (Windows NT 10.0; Win64; x64; rv:124.0) Gecko/20100101 Firefox/124.0"
66.249.77.3 - - [21/Jul/2026:16:39:35 +0000] "GET /?j=8848736315 HTTP/1.1" 200 97035 "-" "Mozilla/5.0 (Linux; Android 6.0.1; Nexus 5X Build/MMB29P) AppleWebKit/537.36 (KHTML, like Gecko) Chrome/150.0.7871.128 Mobile Safari/537.36 (compatible; GoogleOther)"
198.177.124.148 - - [21/Jul/2026:16:39:49 +0000] "POST /wp-cron.php?doing_wp_cron=1784651989.0575129985809326171875 HTTP/1.1" 200 - "-" "WordPress/7.0.2; https://salemconcept.shop"
104.28.159.50 - - [21/Jul/2026:16:39:47 +0000] "POST /wp-login.php HTTP/1.1" 200 5127 "-" "Mozilla/5.0 (Windows NT 10.0; Win64; x64) AppleWebKit/537.36 (KHTML, like Gecko) Chrome/124.0.0.0 Safari/537.36"
223.228.77.76 - - [21/Jul/2026:16:39:58 +0000] "POST /xmlrpc.php HTTP/1.1" 200 403 "-" "Mozilla/5.0 (Windows NT 6.3; arm64) AppleWebKit/537.36 (KHTML, like Gecko) Edge/88.0.0.0 Safari/537.36"
66.249.77.2 - - [21/Jul/2026:16:40:03 +0000] "GET /?j=88487129262 HTTP/1.1" 200 97035 "-" "Mozilla/5.0 (Linux; Android 6.0.1; Nexus 5X Build/MMB29P) AppleWebKit/537.36 (KHTML, like Gecko) Chrome/150.0.7871.128 Mobile Safari/537.36 (compatible; GoogleOther)"
104.28.159.50 - - [21/Jul/2026:16:40:33 +0000] "POST /wp-login.php HTTP/1.1" 200 5127 "-" "Mozilla/5.0 (X11; Linux x86_64) AppleWebKit/537.36 (KHTML, like Gecko) Chrome/123.0.0.0 Safari/537.36 OPR/107.0.0.0"
198.177.124.148 - - [21/Jul/2026:16:40:49 +0000] "POST /wp-cron.php?doing_wp_cron=1784652049.2454059123992919921875 HTTP/1.1" 200 - "-" "WordPress/7.0.2; https://salemconcept.shop"
13.60.224.18 - - [21/Jul/2026:16:40:47 +0000] "POST /wp-login.php HTTP/1.1" 200 5127 "-" "Mozilla/5.0 (Windows NT 10.0; Win64; rv:143.0) Gecko/20100101 Firefox/143.0"
223.228.77.76 - - [21/Jul/2026:16:40:48 +0000] "POST /xmlrpc.php HTTP/1.1" 200 403 "-" "Mozilla/5.0 (Windows NT 6.3; arm64) AppleWebKit/537.36 (KHTML, like Gecko) Firefox/79.0.0.0 Safari/537.36"
66.249.77.2 - - [21/Jul/2026:16:40:54 +0000] "GET /?j=88487192996 HTTP/1.1" 200 97035 "-" "Mozilla/5.0 (Linux; Android 6.0.1; Nexus 5X Build/MMB29P) AppleWebKit/537.36 (KHTML, like Gecko) Chrome/150.0.7871.128 Mobile Safari/537.36 (compatible; GoogleOther)"
104.28.159.50 - - [21/Jul/2026:16:41:23 +0000] "POST /wp-login.php HTTP/1.1" 200 5127 "-" "Mozilla/5.0 (Windows NT 10.0; Win64; x64) AppleWebKit/537.36 (KHTML, like Gecko) Chrome/124.0.0.0 Safari/537.36 OPR/108.0.0.0"
198.177.124.148 - - [21/Jul/2026:16:41:47 +0000] "POST /wp-cron.php?doing_wp_cron=1784652107.5485029220581054687500 HTTP/1.1" 200 - "-" "WordPress/7.0.2; https://salemconcept.shop"
66.249.77.3 - - [21/Jul/2026:16:41:45 +0000] "GET /?j=88487277606 HTTP/1.1" 200 97035 "-" "Mozilla/5.0 (Linux; Android 6.0.1; Nexus 5X Build/MMB29P) AppleWebKit/537.36 (KHTML, like Gecko) Chrome/150.0.7871.128 Mobile Safari/537.36 (compatible; GoogleOther)"
104.28.159.50 - - [21/Jul/2026:16:42:12 +0000] "POST /wp-login.php HTTP/1.1" 200 5127 "-" "Mozilla/5.0 (Windows NT 10.0; WOW64) AppleWebKit/537.36 (KHTML, like Gecko) Chrome/118.0.0.0 Safari/537.36"
66.249.77.2 - - [21/Jul/2026:16:42:23 +0000] "GET /?j=88487226985 HTTP/1.1" 200 97035 "-" "Mozilla/5.0 (Linux; Android 6.0.1; Nexus 5X Build/MMB29P) AppleWebKit/537.36 (KHTML, like Gecko) Chrome/150.0.7871.128 Mobile Safari/537.36 (compatible; GoogleOther)"
223.228.77.76 - - [21/Jul/2026:16:42:29 +0000] "POST /xmlrpc.php HTTP/1.1" 200 403 "-" "Mozilla/5.0 (Windows NT 6.3; x64) AppleWebKit/537.36 (KHTML, like Gecko) Edge/93.0.0.0 Safari/537.36"
198.177.124.148 - - [21/Jul/2026:16:42:56 +0000] "POST /wp-cron.php?doing_wp_cron=1784652176.2066950798034667968750 HTTP/1.1" 200 - "-" "WordPress/7.0.2; https://salemconcept.shop"
66.249.77.2 - - [21/Jul/2026:16:42:54 +0000] "GET /?h=87835131827 HTTP/1.1" 200 97035 "-" "Mozilla/5.0 (Linux; Android 6.0.1; Nexus 5X Build/MMB29P) AppleWebKit/537.36 (KHTML, like Gecko) Chrome/150.0.7871.128 Mobile Safari/537.36 (compatible; GoogleOther)"
