66.249.77.2 - - [22/Jul/2026:15:26:25 +0000] "GET /?j=884878291 HTTP/1.1" 200 96377 "-" "Mozilla/5.0 (Linux; Android 6.0.1; Nexus 5X Build/MMB29P) AppleWebKit/537.36 (KHTML, like Gecko) Chrome/150.0.7871.128 Mobile Safari/537.36 (compatible; GoogleOther)"
198.177.124.148 - - [22/Jul/2026:15:28:06 +0000] "POST /wp-cron.php?doing_wp_cron=1784734086.7949709892272949218750 HTTP/1.1" 200 - "-" "WordPress/7.0.2; https://salemconcept.shop"
102.89.76.182 - - [22/Jul/2026:15:28:01 +0000] "GET /wp-json/elementor/v1/checklist/user-progress HTTP/1.1" 200 534 "https://salemconcept.shop/wp-admin/post.php?post=23&action=elementor" "Mozilla/5.0 (Windows NT 10.0; Win64; x64) AppleWebKit/537.36 (KHTML, like Gecko) Chrome/150.0.0.0 Safari/537.36"
102.89.76.182 - - [22/Jul/2026:15:28:08 +0000] "POST /wp-admin/admin-ajax.php HTTP/1.1" 200 77 "https://salemconcept.shop/wp-admin/post.php?post=23&action=elementor" "Mozilla/5.0 (Windows NT 10.0; Win64; x64) AppleWebKit/537.36 (KHTML, like Gecko) Chrome/150.0.0.0 Safari/537.36"
66.249.77.3 - - [22/Jul/2026:15:28:11 +0000] "GET /?h=87835122022 HTTP/1.1" 200 96377 "-" "Mozilla/5.0 (Linux; Android 6.0.1; Nexus 5X Build/MMB29P) AppleWebKit/537.36 (KHTML, like Gecko) Chrome/150.0.7871.128 Mobile Safari/537.36 (compatible; GoogleOther)"
102.89.76.182 - - [22/Jul/2026:15:28:22 +0000] "POST /wp-admin/admin-ajax.php HTTP/1.1" 200 77 "https://salemconcept.shop/wp-admin/post.php?post=23&action=elementor" "Mozilla/5.0 (Windows NT 10.0; Win64; x64) AppleWebKit/537.36 (KHTML, like Gecko) Chrome/150.0.0.0 Safari/537.36"
102.89.76.182 - - [22/Jul/2026:15:28:38 +0000] "POST /wp-admin/admin-ajax.php HTTP/1.1" 200 77 "https://salemconcept.shop/wp-admin/post.php?post=23&action=elementor" "Mozilla/5.0 (Windows NT 10.0; Win64; x64) AppleWebKit/537.36 (KHTML, like Gecko) Chrome/150.0.0.0 Safari/537.36"
102.89.76.182 - - [22/Jul/2026:15:28:39 +0000] "GET /wp-json/elementor/v1/checklist/user-progress HTTP/1.1" 200 534 "https://salemconcept.shop/wp-admin/post.php?post=23&action=elementor" "Mozilla/5.0 (Windows NT 10.0; Win64; x64) AppleWebKit/537.36 (KHTML, like Gecko) Chrome/150.0.0.0 Safari/537.36"
102.89.76.182 - - [22/Jul/2026:15:28:40 +0000] "PUT /wp-json/elementor/v1/global-classes?context=preview HTTP/1.1" 204 - "https://salemconcept.shop/wp-admin/post.php?post=23&action=elementor" "Mozilla/5.0 (Windows NT 10.0; Win64; x64) AppleWebKit/537.36 (KHTML, like Gecko) Chrome/150.0.0.0 Safari/537.36"
102.89.76.182 - - [22/Jul/2026:15:28:40 +0000] "POST /wp-admin/admin-ajax.php HTTP/1.1" 200 1519 "https://salemconcept.shop/wp-admin/post.php?post=23&action=elementor" "Mozilla/5.0 (Windows NT 10.0; Win64; x64) AppleWebKit/537.36 (KHTML, like Gecko) Chrome/150.0.0.0 Safari/537.36"
198.177.124.148 - - [22/Jul/2026:15:28:50 +0000] "POST /wp-cron.php?doing_wp_cron=1784734130.5959050655364990234375 HTTP/1.1" 200 - "-" "WordPress/7.0.2; https://salemconcept.shop"
102.89.76.182 - - [22/Jul/2026:15:28:46 +0000] "GET /wp-json/elementor/v1/checklist/user-progress HTTP/1.1" 200 534 "https://salemconcept.shop/wp-admin/post.php?post=23&action=elementor" "Mozilla/5.0 (Windows NT 10.0; Win64; x64) AppleWebKit/537.36 (KHTML, like Gecko) Chrome/150.0.0.0 Safari/537.36"
102.89.76.182 - - [22/Jul/2026:15:28:55 +0000] "POST /wp-admin/admin-ajax.php HTTP/1.1" 200 77 "https://salemconcept.shop/wp-admin/post.php?post=23&action=elementor" "Mozilla/5.0 (Windows NT 10.0; Win64; x64) AppleWebKit/537.36 (KHTML, like Gecko) Chrome/150.0.0.0 Safari/537.36"
102.89.76.182 - - [22/Jul/2026:15:29:10 +0000] "POST /wp-admin/admin-ajax.php HTTP/1.1" 200 77 "https://salemconcept.shop/wp-admin/post.php?post=23&action=elementor" "Mozilla/5.0 (Windows NT 10.0; Win64; x64) AppleWebKit/537.36 (KHTML, like Gecko) Chrome/150.0.0.0 Safari/537.36"
102.89.76.182 - - [22/Jul/2026:15:29:20 +0000] "POST /wp-admin/admin-ajax.php HTTP/1.1" 200 77 "https://salemconcept.shop/wp-admin/post.php?post=23&action=elementor" "Mozilla/5.0 (Windows NT 10.0; Win64; x64) AppleWebKit/537.36 (KHTML, like Gecko) Chrome/150.0.0.0 Safari/537.36"
102.89.76.182 - - [22/Jul/2026:15:29:25 +0000] "POST /wp-admin/admin-ajax.php HTTP/1.1" 200 77 "https://salemconcept.shop/wp-admin/post.php?post=23&action=elementor" "Mozilla/5.0 (Windows NT 10.0; Win64; x64) AppleWebKit/537.36 (KHTML, like Gecko) Chrome/150.0.0.0 Safari/537.36"
102.89.76.182 - - [22/Jul/2026:15:29:41 +0000] "POST /wp-admin/admin-ajax.php HTTP/1.1" 200 77 "https://salemconcept.shop/wp-admin/post.php?post=23&action=elementor" "Mozilla/5.0 (Windows NT 10.0; Win64; x64) AppleWebKit/537.36 (KHTML, like Gecko) Chrome/150.0.0.0 Safari/537.36"
172.235.194.127 - - [22/Jul/2026:15:29:41 +0000] "GET /wp-login.php HTTP/1.1" 200 4715 "-" "Mozilla/5.0"
172.235.194.127 - - [22/Jul/2026:15:29:44 +0000] "GET /?author=1 HTTP/1.1" 301 - "-" "Mozilla/5.0"
198.177.124.148 - - [22/Jul/2026:15:29:47 +0000] "POST /wp-cron.php?doing_wp_cron=1784734187.5402820110321044921875 HTTP/1.1" 200 - "-" "WordPress/7.0.2; https://salemconcept.shop"
172.235.194.127 - - [22/Jul/2026:15:29:45 +0000] "GET /?rest_route=/wp/v2/users HTTP/1.1" 200 772 "-" "Mozilla/5.0"
102.89.76.182 - - [22/Jul/2026:15:29:55 +0000] "POST /wp-admin/admin-ajax.php HTTP/1.1" 200 77 "https://salemconcept.shop/wp-admin/post.php?post=23&action=elementor" "Mozilla/5.0 (Windows NT 10.0; Win64; x64) AppleWebKit/537.36 (KHTML, like Gecko) Chrome/150.0.0.0 Safari/537.36"
102.89.76.182 - - [22/Jul/2026:15:30:02 +0000] "PUT /wp-json/elementor/v1/global-classes?context=preview HTTP/1.1" 204 - "https://salemconcept.shop/wp-admin/post.php?post=23&action=elementor" "Mozilla/5.0 (Windows NT 10.0; Win64; x64) AppleWebKit/537.36 (KHTML, like Gecko) Chrome/150.0.0.0 Safari/537.36"
102.89.76.182 - - [22/Jul/2026:15:30:02 +0000] "GET /wp-json/elementor/v1/checklist/user-progress HTTP/1.1" 200 534 "https://salemconcept.shop/wp-admin/post.php?post=23&action=elementor" "Mozilla/5.0 (Windows NT 10.0; Win64; x64) AppleWebKit/537.36 (KHTML, like Gecko) Chrome/150.0.0.0 Safari/537.36"
102.89.76.182 - - [22/Jul/2026:15:30:03 +0000] "POST /wp-admin/admin-ajax.php HTTP/1.1" 200 1519 "https://salemconcept.shop/wp-admin/post.php?post=23&action=elementor" "Mozilla/5.0 (Windows NT 10.0; Win64; x64) AppleWebKit/537.36 (KHTML, like Gecko) Chrome/150.0.0.0 Safari/537.36"
102.89.76.182 - - [22/Jul/2026:15:30:10 +0000] "POST /wp-admin/admin-ajax.php HTTP/1.1" 200 77 "https://salemconcept.shop/wp-admin/post.php?post=23&action=elementor" "Mozilla/5.0 (Windows NT 10.0; Win64; x64) AppleWebKit/537.36 (KHTML, like Gecko) Chrome/150.0.0.0 Safari/537.36"
102.89.76.182 - - [22/Jul/2026:15:30:10 +0000] "GET /wp-json/elementor/v1/checklist/user-progress HTTP/1.1" 200 534 "https://salemconcept.shop/wp-admin/post.php?post=23&action=elementor" "Mozilla/5.0 (Windows NT 10.0; Win64; x64) AppleWebKit/537.36 (KHTML, like Gecko) Chrome/150.0.0.0 Safari/537.36"
102.89.76.182 - - [22/Jul/2026:15:30:26 +0000] "POST /wp-admin/admin-ajax.php HTTP/1.1" 200 77 "https://salemconcept.shop/wp-admin/post.php?post=23&action=elementor" "Mozilla/5.0 (Windows NT 10.0; Win64; x64) AppleWebKit/537.36 (KHTML, like Gecko) Chrome/150.0.0.0 Safari/537.36"
45.198.224.56 - - [22/Jul/2026:15:30:36 +0000] "GET /wp-login.php HTTP/1.1" 200 4715 "-" "Mozilla/5.0 (Windows NT 10.0; Win64; x64) AppleWebKit/537.36"
102.89.76.182 - - [22/Jul/2026:15:30:40 +0000] "POST /wp-admin/admin-ajax.php HTTP/1.1" 200 77 "https://salemconcept.shop/wp-admin/post.php?post=23&action=elementor" "Mozilla/5.0 (Windows NT 10.0; Win64; x64) AppleWebKit/537.36 (KHTML, like Gecko) Chrome/150.0.0.0 Safari/537.36"
198.177.124.148 - - [22/Jul/2026:15:30:53 +0000] "POST /wp-cron.php?doing_wp_cron=1784734253.3316578865051269531250 HTTP/1.1" 200 - "-" "WordPress/7.0.2; https://salemconcept.shop"
66.249.77.2 - - [22/Jul/2026:15:30:50 +0000] "GET /?j=88487142120 HTTP/1.1" 200 96377 "-" "Mozilla/5.0 (Linux; Android 6.0.1; Nexus 5X Build/MMB29P) AppleWebKit/537.36 (KHTML, like Gecko) Chrome/150.0.7871.128 Mobile Safari/537.36 (compatible; GoogleOther)"
102.89.76.182 - - [22/Jul/2026:15:30:56 +0000] "POST /wp-admin/admin-ajax.php HTTP/1.1" 200 77 "https://salemconcept.shop/wp-admin/post.php?post=23&action=elementor" "Mozilla/5.0 (Windows NT 10.0; Win64; x64) AppleWebKit/537.36 (KHTML, like Gecko) Chrome/150.0.0.0 Safari/537.36"
102.89.76.182 - - [22/Jul/2026:15:31:10 +0000] "POST /wp-admin/admin-ajax.php HTTP/1.1" 200 77 "https://salemconcept.shop/wp-admin/post.php?post=23&action=elementor" "Mozilla/5.0 (Windows NT 10.0; Win64; x64) AppleWebKit/537.36 (KHTML, like Gecko) Chrome/150.0.0.0 Safari/537.36"
102.89.76.182 - - [22/Jul/2026:15:31:22 +0000] "POST /wp-admin/admin-ajax.php HTTP/1.1" 200 77 "https://salemconcept.shop/wp-admin/post.php?post=23&action=elementor" "Mozilla/5.0 (Windows NT 10.0; Win64; x64) AppleWebKit/537.36 (KHTML, like Gecko) Chrome/150.0.0.0 Safari/537.36"
102.89.76.182 - - [22/Jul/2026:15:31:25 +0000] "POST /wp-admin/admin-ajax.php HTTP/1.1" 200 77 "https://salemconcept.shop/wp-admin/post.php?post=23&action=elementor" "Mozilla/5.0 (Windows NT 10.0; Win64; x64) AppleWebKit/537.36 (KHTML, like Gecko) Chrome/150.0.0.0 Safari/537.36"
102.89.76.182 - - [22/Jul/2026:15:31:40 +0000] "POST /wp-admin/admin-ajax.php HTTP/1.1" 200 77 "https://salemconcept.shop/wp-admin/post.php?post=23&action=elementor" "Mozilla/5.0 (Windows NT 10.0; Win64; x64) AppleWebKit/537.36 (KHTML, like Gecko) Chrome/150.0.0.0 Safari/537.36"
198.177.124.148 - - [22/Jul/2026:15:31:54 +0000] "POST /wp-cron.php?doing_wp_cron=1784734314.5084300041198730468750 HTTP/1.1" 200 - "-" "WordPress/7.0.2; https://salemconcept.shop"
66.249.77.3 - - [22/Jul/2026:15:31:52 +0000] "GET /?j=8848767379 HTTP/1.1" 200 96377 "-" "Mozilla/5.0 (Linux; Android 6.0.1; Nexus 5X Build/MMB29P) AppleWebKit/537.36 (KHTML, like Gecko) Chrome/150.0.7871.128 Mobile Safari/537.36 (compatible; GoogleOther)"
102.89.76.182 - - [22/Jul/2026:15:31:56 +0000] "POST /wp-admin/admin-ajax.php HTTP/1.1" 200 77 "https://salemconcept.shop/wp-admin/post.php?post=23&action=elementor" "Mozilla/5.0 (Windows NT 10.0; Win64; x64) AppleWebKit/537.36 (KHTML, like Gecko) Chrome/150.0.0.0 Safari/537.36"
102.89.76.182 - - [22/Jul/2026:15:32:10 +0000] "POST /wp-admin/admin-ajax.php HTTP/1.1" 200 77 "https://salemconcept.shop/wp-admin/post.php?post=23&action=elementor" "Mozilla/5.0 (Windows NT 10.0; Win64; x64) AppleWebKit/537.36 (KHTML, like Gecko) Chrome/150.0.0.0 Safari/537.36"
102.89.76.182 - - [22/Jul/2026:15:32:26 +0000] "POST /wp-admin/admin-ajax.php HTTP/1.1" 200 77 "https://salemconcept.shop/wp-admin/post.php?post=23&action=elementor" "Mozilla/5.0 (Windows NT 10.0; Win64; x64) AppleWebKit/537.36 (KHTML, like Gecko) Chrome/150.0.0.0 Safari/537.36"
102.89.76.182 - - [22/Jul/2026:15:32:34 +0000] "GET /wp-json/elementor/v1/checklist/user-progress HTTP/1.1" 200 534 "https://salemconcept.shop/wp-admin/post.php?post=23&action=elementor" "Mozilla/5.0 (Windows NT 10.0; Win64; x64) AppleWebKit/537.36 (KHTML, like Gecko) Chrome/150.0.0.0 Safari/537.36"
102.89.76.182 - - [22/Jul/2026:15:32:35 +0000] "PUT /wp-json/elementor/v1/global-classes?context=preview HTTP/1.1" 204 - "https://salemconcept.shop/wp-admin/post.php?post=23&action=elementor" "Mozilla/5.0 (Windows NT 10.0; Win64; x64) AppleWebKit/537.36 (KHTML, like Gecko) Chrome/150.0.0.0 Safari/537.36"
102.89.76.182 - - [22/Jul/2026:15:32:35 +0000] "POST /wp-admin/admin-ajax.php HTTP/1.1" 200 1519 "https://salemconcept.shop/wp-admin/post.php?post=23&action=elementor" "Mozilla/5.0 (Windows NT 10.0; Win64; x64) AppleWebKit/537.36 (KHTML, like Gecko) Chrome/150.0.0.0 Safari/537.36"
102.89.76.182 - - [22/Jul/2026:15:32:40 +0000] "POST /wp-admin/admin-ajax.php HTTP/1.1" 200 77 "https://salemconcept.shop/wp-admin/post.php?post=23&action=elementor" "Mozilla/5.0 (Windows NT 10.0; Win64; x64) AppleWebKit/537.36 (KHTML, like Gecko) Chrome/150.0.0.0 Safari/537.36"
102.89.76.182 - - [22/Jul/2026:15:32:40 +0000] "GET /wp-json/elementor/v1/checklist/user-progress HTTP/1.1" 200 534 "https://salemconcept.shop/wp-admin/post.php?post=23&action=elementor" "Mozilla/5.0 (Windows NT 10.0; Win64; x64) AppleWebKit/537.36 (KHTML, like Gecko) Chrome/150.0.0.0 Safari/537.36"
198.177.124.148 - - [22/Jul/2026:15:32:58 +0000] "POST /wp-cron.php?doing_wp_cron=1784734377.9205780029296875000000 HTTP/1.1" 200 - "-" "WordPress/7.0.2; https://salemconcept.shop"
102.89.76.182 - - [22/Jul/2026:15:32:56 +0000] "POST /wp-admin/admin-ajax.php HTTP/1.1" 200 77 "https://salemconcept.shop/wp-admin/post.php?post=23&action=elementor" "Mozilla/5.0 (Windows NT 10.0; Win64; x64) AppleWebKit/537.36 (KHTML, like Gecko) Chrome/150.0.0.0 Safari/537.36"
102.89.76.182 - - [22/Jul/2026:15:33:10 +0000] "POST /wp-admin/admin-ajax.php HTTP/1.1" 200 77 "https://salemconcept.shop/wp-admin/post.php?post=23&action=elementor" "Mozilla/5.0 (Windows NT 10.0; Win64; x64) AppleWebKit/537.36 (KHTML, like Gecko) Chrome/150.0.0.0 Safari/537.36"
102.89.76.182 - - [22/Jul/2026:15:33:23 +0000] "POST /wp-admin/admin-ajax.php HTTP/1.1" 200 77 "https://salemconcept.shop/wp-admin/post.php?post=23&action=elementor" "Mozilla/5.0 (Windows NT 10.0; Win64; x64) AppleWebKit/537.36 (KHTML, like Gecko) Chrome/150.0.0.0 Safari/537.36"
102.89.76.182 - - [22/Jul/2026:15:33:25 +0000] "POST /wp-admin/admin-ajax.php HTTP/1.1" 200 77 "https://salemconcept.shop/wp-admin/post.php?post=23&action=elementor" "Mozilla/5.0 (Windows NT 10.0; Win64; x64) AppleWebKit/537.36 (KHTML, like Gecko) Chrome/150.0.0.0 Safari/537.36"
102.89.76.182 - - [22/Jul/2026:15:33:41 +0000] "POST /wp-admin/admin-ajax.php HTTP/1.1" 200 77 "https://salemconcept.shop/wp-admin/post.php?post=23&action=elementor" "Mozilla/5.0 (Windows NT 10.0; Win64; x64) AppleWebKit/537.36 (KHTML, like Gecko) Chrome/150.0.0.0 Safari/537.36"
198.177.124.148 - - [22/Jul/2026:15:33:56 +0000] "POST /wp-cron.php?doing_wp_cron=1784734436.5255908966064453125000 HTTP/1.1" 200 - "-" "WordPress/7.0.2; https://salemconcept.shop"
102.89.76.182 - - [22/Jul/2026:15:33:55 +0000] "POST /wp-admin/admin-ajax.php HTTP/1.1" 200 77 "https://salemconcept.shop/wp-admin/post.php?post=23&action=elementor" "Mozilla/5.0 (Windows NT 10.0; Win64; x64) AppleWebKit/537.36 (KHTML, like Gecko) Chrome/150.0.0.0 Safari/537.36"
102.89.76.182 - - [22/Jul/2026:15:34:10 +0000] "POST /wp-admin/admin-ajax.php HTTP/1.1" 200 77 "https://salemconcept.shop/wp-admin/post.php?post=23&action=elementor" "Mozilla/5.0 (Windows NT 10.0; Win64; x64) AppleWebKit/537.36 (KHTML, like Gecko) Chrome/150.0.0.0 Safari/537.36"
102.89.76.182 - - [22/Jul/2026:15:34:25 +0000] "POST /wp-admin/admin-ajax.php HTTP/1.1" 200 77 "https://salemconcept.shop/wp-admin/post.php?post=23&action=elementor" "Mozilla/5.0 (Windows NT 10.0; Win64; x64) AppleWebKit/537.36 (KHTML, like Gecko) Chrome/150.0.0.0 Safari/537.36"
66.249.77.3 - - [22/Jul/2026:15:34:34 +0000] "GET /?j=88487283016 HTTP/1.1" 200 96377 "-" "Mozilla/5.0 (Linux; Android 6.0.1; Nexus 5X Build/MMB29P) AppleWebKit/537.36 (KHTML, like Gecko) Chrome/150.0.7871.128 Mobile Safari/537.36 (compatible; GoogleOther)"
102.89.76.182 - - [22/Jul/2026:15:34:41 +0000] "POST /wp-admin/admin-ajax.php HTTP/1.1" 200 77 "https://salemconcept.shop/wp-admin/post.php?post=23&action=elementor" "Mozilla/5.0 (Windows NT 10.0; Win64; x64) AppleWebKit/537.36 (KHTML, like Gecko) Chrome/150.0.0.0 Safari/537.36"
102.89.76.182 - - [22/Jul/2026:15:34:41 +0000] "POST /wp-admin/admin-ajax.php HTTP/1.1" 200 101 "https://salemconcept.shop/wp-admin/post.php?post=23&action=elementor" "Mozilla/5.0 (Windows NT 10.0; Win64; x64) AppleWebKit/537.36 (KHTML, like Gecko) Chrome/150.0.0.0 Safari/537.36"
198.177.124.148 - - [22/Jul/2026:15:34:59 +0000] "POST /wp-cron.php?doing_wp_cron=1784734498.9467289447784423828125 HTTP/1.1" 200 - "-" "WordPress/7.0.2; https://salemconcept.shop"
102.89.76.182 - - [22/Jul/2026:15:34:56 +0000] "POST /wp-admin/admin-ajax.php HTTP/1.1" 200 77 "https://salemconcept.shop/wp-admin/post.php?post=23&action=elementor" "Mozilla/5.0 (Windows NT 10.0; Win64; x64) AppleWebKit/537.36 (KHTML, like Gecko) Chrome/150.0.0.0 Safari/537.36"
102.89.76.182 - - [22/Jul/2026:15:35:10 +0000] "POST /wp-admin/admin-ajax.php HTTP/1.1" 200 77 "https://salemconcept.shop/wp-admin/post.php?post=23&action=elementor" "Mozilla/5.0 (Windows NT 10.0; Win64; x64) AppleWebKit/537.36 (KHTML, like Gecko) Chrome/150.0.0.0 Safari/537.36"
102.89.76.182 - - [22/Jul/2026:15:35:24 +0000] "POST /wp-admin/admin-ajax.php HTTP/1.1" 200 77 "https://salemconcept.shop/wp-admin/post.php?post=23&action=elementor" "Mozilla/5.0 (Windows NT 10.0; Win64; x64) AppleWebKit/537.36 (KHTML, like Gecko) Chrome/150.0.0.0 Safari/537.36"
102.89.76.182 - - [22/Jul/2026:15:35:25 +0000] "POST /wp-admin/admin-ajax.php HTTP/1.1" 200 77 "https://salemconcept.shop/wp-admin/post.php?post=23&action=elementor" "Mozilla/5.0 (Windows NT 10.0; Win64; x64) AppleWebKit/537.36 (KHTML, like Gecko) Chrome/150.0.0.0 Safari/537.36"
102.89.76.182 - - [22/Jul/2026:15:35:33 +0000] "POST /wp-admin/admin-ajax.php HTTP/1.1" 200 101 "https://salemconcept.shop/wp-admin/post.php?post=23&action=elementor" "Mozilla/5.0 (Windows NT 10.0; Win64; x64) AppleWebKit/537.36 (KHTML, like Gecko) Chrome/150.0.0.0 Safari/537.36"
102.89.76.182 - - [22/Jul/2026:15:35:40 +0000] "POST /wp-admin/admin-ajax.php HTTP/1.1" 200 77 "https://salemconcept.shop/wp-admin/post.php?post=23&action=elementor" "Mozilla/5.0 (Windows NT 10.0; Win64; x64) AppleWebKit/537.36 (KHTML, like Gecko) Chrome/150.0.0.0 Safari/537.36"
198.177.124.148 - - [22/Jul/2026:15:35:58 +0000] "POST /wp-cron.php?doing_wp_cron=1784734558.4515829086303710937500 HTTP/1.1" 200 - "-" "WordPress/7.0.2; https://salemconcept.shop"
102.89.76.182 - - [22/Jul/2026:15:35:56 +0000] "POST /wp-admin/admin-ajax.php HTTP/1.1" 200 77 "https://salemconcept.shop/wp-admin/post.php?post=23&action=elementor" "Mozilla/5.0 (Windows NT 10.0; Win64; x64) AppleWebKit/537.36 (KHTML, like Gecko) Chrome/150.0.0.0 Safari/537.36"
102.89.76.182 - - [22/Jul/2026:15:36:10 +0000] "POST /wp-admin/admin-ajax.php HTTP/1.1" 200 77 "https://salemconcept.shop/wp-admin/post.php?post=23&action=elementor" "Mozilla/5.0 (Windows NT 10.0; Win64; x64) AppleWebKit/537.36 (KHTML, like Gecko) Chrome/150.0.0.0 Safari/537.36"
102.89.76.182 - - [22/Jul/2026:15:36:19 +0000] "POST /wp-admin/admin-ajax.php HTTP/1.1" 200 101 "https://salemconcept.shop/wp-admin/post.php?post=23&action=elementor" "Mozilla/5.0 (Windows NT 10.0; Win64; x64) AppleWebKit/537.36 (KHTML, like Gecko) Chrome/150.0.0.0 Safari/537.36"
102.89.76.182 - - [22/Jul/2026:15:36:25 +0000] "POST /wp-admin/admin-ajax.php HTTP/1.1" 200 77 "https://salemconcept.shop/wp-admin/post.php?post=23&action=elementor" "Mozilla/5.0 (Windows NT 10.0; Win64; x64) AppleWebKit/537.36 (KHTML, like Gecko) Chrome/150.0.0.0 Safari/537.36"
102.89.76.182 - - [22/Jul/2026:15:36:30 +0000] "POST /wp-admin/admin-ajax.php HTTP/1.1" 200 101 "https://salemconcept.shop/wp-admin/post.php?post=23&action=elementor" "Mozilla/5.0 (Windows NT 10.0; Win64; x64) AppleWebKit/537.36 (KHTML, like Gecko) Chrome/150.0.0.0 Safari/537.36"
102.89.76.182 - - [22/Jul/2026:15:36:33 +0000] "GET /wp-json/elementor/v1/checklist/user-progress HTTP/1.1" 200 534 "https://salemconcept.shop/wp-admin/post.php?post=23&action=elementor" "Mozilla/5.0 (Windows NT 10.0; Win64; x64) AppleWebKit/537.36 (KHTML, like Gecko) Chrome/150.0.0.0 Safari/537.36"
102.89.76.182 - - [22/Jul/2026:15:36:34 +0000] "PUT /wp-json/elementor/v1/global-classes?context=preview HTTP/1.1" 204 - "https://salemconcept.shop/wp-admin/post.php?post=23&action=elementor" "Mozilla/5.0 (Windows NT 10.0; Win64; x64) AppleWebKit/537.36 (KHTML, like Gecko) Chrome/150.0.0.0 Safari/537.36"
102.89.76.182 - - [22/Jul/2026:15:36:34 +0000] "POST /wp-admin/admin-ajax.php HTTP/1.1" 200 1519 "https://salemconcept.shop/wp-admin/post.php?post=23&action=elementor" "Mozilla/5.0 (Windows NT 10.0; Win64; x64) AppleWebKit/537.36 (KHTML, like Gecko) Chrome/150.0.0.0 Safari/537.36"
102.89.76.182 - - [22/Jul/2026:15:36:40 +0000] "POST /wp-admin/admin-ajax.php HTTP/1.1" 200 77 "https://salemconcept.shop/wp-admin/post.php?post=23&action=elementor" "Mozilla/5.0 (Windows NT 10.0; Win64; x64) AppleWebKit/537.36 (KHTML, like Gecko) Chrome/150.0.0.0 Safari/537.36"
198.177.124.148 - - [22/Jul/2026:15:36:49 +0000] "POST /wp-cron.php?doing_wp_cron=1784734609.3261270523071289062500 HTTP/1.1" 200 - "-" "WordPress/7.0.2; https://salemconcept.shop"
102.89.76.182 - - [22/Jul/2026:15:36:40 +0000] "POST /wp-admin/admin-ajax.php HTTP/1.1" 200 101 "https://salemconcept.shop/wp-admin/post.php?post=23&action=elementor" "Mozilla/5.0 (Windows NT 10.0; Win64; x64) AppleWebKit/537.36 (KHTML, like Gecko) Chrome/150.0.0.0 Safari/537.36"
102.89.76.182 - - [22/Jul/2026:15:36:43 +0000] "GET /wp-json/elementor/v1/checklist/user-progress HTTP/1.1" 200 534 "https://salemconcept.shop/wp-admin/post.php?post=23&action=elementor" "Mozilla/5.0 (Windows NT 10.0; Win64; x64) AppleWebKit/537.36 (KHTML, like Gecko) Chrome/150.0.0.0 Safari/537.36"
102.89.76.182 - - [22/Jul/2026:15:36:55 +0000] "POST /wp-admin/admin-ajax.php HTTP/1.1" 200 77 "https://salemconcept.shop/wp-admin/post.php?post=23&action=elementor" "Mozilla/5.0 (Windows NT 10.0; Win64; x64) AppleWebKit/537.36 (KHTML, like Gecko) Chrome/150.0.0.0 Safari/537.36"
66.249.77.3 - - [22/Jul/2026:15:36:58 +0000] "GET /?l=10697110489 HTTP/1.1" 200 96377 "-" "Mozilla/5.0 (Linux; Android 6.0.1; Nexus 5X Build/MMB29P) AppleWebKit/537.36 (KHTML, like Gecko) Chrome/150.0.7871.128 Mobile Safari/537.36 (compatible; GoogleOther)"
102.89.76.182 - - [22/Jul/2026:15:37:11 +0000] "POST /wp-admin/admin-ajax.php HTTP/1.1" 200 77 "https://salemconcept.shop/wp-admin/post.php?post=23&action=elementor" "Mozilla/5.0 (Windows NT 10.0; Win64; x64) AppleWebKit/537.36 (KHTML, like Gecko) Chrome/150.0.0.0 Safari/537.36"
102.89.76.182 - - [22/Jul/2026:15:37:24 +0000] "POST /wp-admin/admin-ajax.php HTTP/1.1" 200 77 "https://salemconcept.shop/wp-admin/post.php?post=23&action=elementor" "Mozilla/5.0 (Windows NT 10.0; Win64; x64) AppleWebKit/537.36 (KHTML, like Gecko) Chrome/150.0.0.0 Safari/537.36"
102.89.76.182 - - [22/Jul/2026:15:37:26 +0000] "POST /wp-admin/admin-ajax.php HTTP/1.1" 200 77 "https://salemconcept.shop/wp-admin/post.php?post=23&action=elementor" "Mozilla/5.0 (Windows NT 10.0; Win64; x64) AppleWebKit/537.36 (KHTML, like Gecko) Chrome/150.0.0.0 Safari/537.36"
198.177.124.148 - - [22/Jul/2026:15:37:49 +0000] "POST /wp-cron.php?doing_wp_cron=1784734669.0919930934906005859375 HTTP/1.1" 200 - "-" "WordPress/7.0.2; https://salemconcept.shop"
102.89.76.182 - - [22/Jul/2026:15:37:46 +0000] "GET /wp-json/elementor/v1/checklist/user-progress HTTP/1.1" 200 534 "https://salemconcept.shop/wp-admin/post.php?post=23&action=elementor" "Mozilla/5.0 (Windows NT 10.0; Win64; x64) AppleWebKit/537.36 (KHTML, like Gecko) Chrome/150.0.0.0 Safari/537.36"
102.89.76.182 - - [22/Jul/2026:15:37:46 +0000] "PUT /wp-json/elementor/v1/global-classes?context=preview HTTP/1.1" 204 - "https://salemconcept.shop/wp-admin/post.php?post=23&action=elementor" "Mozilla/5.0 (Windows NT 10.0; Win64; x64) AppleWebKit/537.36 (KHTML, like Gecko) Chrome/150.0.0.0 Safari/537.36"
102.89.76.182 - - [22/Jul/2026:15:37:46 +0000] "POST /wp-admin/admin-ajax.php HTTP/1.1" 200 1519 "https://salemconcept.shop/wp-admin/post.php?post=23&action=elementor" "Mozilla/5.0 (Windows NT 10.0; Win64; x64) AppleWebKit/537.36 (KHTML, like Gecko) Chrome/150.0.0.0 Safari/537.36"
102.89.76.182 - - [22/Jul/2026:15:37:51 +0000] "GET /wp-json/elementor/v1/checklist/user-progress HTTP/1.1" 200 534 "https://salemconcept.shop/wp-admin/post.php?post=23&action=elementor" "Mozilla/5.0 (Windows NT 10.0; Win64; x64) AppleWebKit/537.36 (KHTML, like Gecko) Chrome/150.0.0.0 Safari/537.36"
66.249.77.3 - - [22/Jul/2026:15:38:41 +0000] "GET /robots.txt HTTP/1.1" 200 118 "-" "Mozilla/5.0 (compatible; Googlebot/2.1; +http://www.google.com/bot.html)"
66.249.77.2 - - [22/Jul/2026:15:39:22 +0000] "GET /?j=88487122086 HTTP/1.1" 200 96377 "-" "Mozilla/5.0 (Linux; Android 6.0.1; Nexus 5X Build/MMB29P) AppleWebKit/537.36 (KHTML, like Gecko) Chrome/150.0.7871.128 Mobile Safari/537.36 (compatible; GoogleOther)"
102.89.76.182 - - [22/Jul/2026:15:39:26 +0000] "POST /wp-admin/admin-ajax.php HTTP/1.1" 200 77 "https://salemconcept.shop/wp-admin/post.php?post=23&action=elementor" "Mozilla/5.0 (Windows NT 10.0; Win64; x64) AppleWebKit/537.36 (KHTML, like Gecko) Chrome/150.0.0.0 Safari/537.36"
102.89.76.182 - - [22/Jul/2026:15:39:26 +0000] "POST /wp-admin/admin-ajax.php HTTP/1.1" 200 77 "https://salemconcept.shop/wp-admin/post.php?post=23&action=elementor" "Mozilla/5.0 (Windows NT 10.0; Win64; x64) AppleWebKit/537.36 (KHTML, like Gecko) Chrome/150.0.0.0 Safari/537.36"
198.177.124.148 - - [22/Jul/2026:15:40:09 +0000] "POST /wp-cron.php?doing_wp_cron=1784734809.7255959510803222656250 HTTP/1.1" 200 - "-" "WordPress/7.0.2; https://salemconcept.shop"
102.89.76.182 - - [22/Jul/2026:15:40:09 +0000] "POST /wp-admin/admin-ajax.php HTTP/1.1" 200 77 "https://salemconcept.shop/wp-admin/post.php?post=23&action=elementor" "Mozilla/5.0 (Windows NT 10.0; Win64; x64) AppleWebKit/537.36 (KHTML, like Gecko) Chrome/150.0.0.0 Safari/537.36"
102.89.76.182 - - [22/Jul/2026:15:40:09 +0000] "GET /wp-json/elementor/v1/checklist/user-progress HTTP/1.1" 200 534 "https://salemconcept.shop/wp-admin/post.php?post=23&action=elementor" "Mozilla/5.0 (Windows NT 10.0; Win64; x64) AppleWebKit/537.36 (KHTML, like Gecko) Chrome/150.0.0.0 Safari/537.36"
102.89.76.182 - - [22/Jul/2026:15:40:12 +0000] "GET /wp-json/elementor/v1/checklist/user-progress HTTP/1.1" 200 534 "https://salemconcept.shop/wp-admin/post.php?post=23&action=elementor" "Mozilla/5.0 (Windows NT 10.0; Win64; x64) AppleWebKit/537.36 (KHTML, like Gecko) Chrome/150.0.0.0 Safari/537.36"
102.89.76.182 - - [22/Jul/2026:15:40:12 +0000] "PUT /wp-json/elementor/v1/global-classes?context=frontend HTTP/1.1" 204 - "https://salemconcept.shop/wp-admin/post.php?post=23&action=elementor" "Mozilla/5.0 (Windows NT 10.0; Win64; x64) AppleWebKit/537.36 (KHTML, like Gecko) Chrome/150.0.0.0 Safari/537.36"
102.89.76.182 - - [22/Jul/2026:15:40:12 +0000] "POST /wp-admin/admin-ajax.php HTTP/1.1" 200 1521 "https://salemconcept.shop/wp-admin/post.php?post=23&action=elementor" "Mozilla/5.0 (Windows NT 10.0; Win64; x64) AppleWebKit/537.36 (KHTML, like Gecko) Chrome/150.0.0.0 Safari/537.36"
102.89.76.182 - - [22/Jul/2026:15:40:14 +0000] "POST /wp-json/elementor/v1/design-system-sync/stylesheet HTTP/1.1" 204 - "https://salemconcept.shop/wp-admin/post.php?post=23&action=elementor" "Mozilla/5.0 (Windows NT 10.0; Win64; x64) AppleWebKit/537.36 (KHTML, like Gecko) Chrome/150.0.0.0 Safari/537.36"
102.89.76.182 - - [22/Jul/2026:15:40:14 +0000] "GET /wp-json/elementor/v1/checklist/user-progress HTTP/1.1" 200 534 "https://salemconcept.shop/wp-admin/post.php?post=23&action=elementor" "Mozilla/5.0 (Windows NT 10.0; Win64; x64) AppleWebKit/537.36 (KHTML, like Gecko) Chrome/150.0.0.0 Safari/537.36"
102.89.76.182 - - [22/Jul/2026:15:40:24 +0000] "POST /wp-admin/admin-ajax.php HTTP/1.1" 200 77 "https://salemconcept.shop/wp-admin/post.php?post=23&action=elementor" "Mozilla/5.0 (Windows NT 10.0; Win64; x64) AppleWebKit/537.36 (KHTML, like Gecko) Chrome/150.0.0.0 Safari/537.36"
102.89.76.182 - - [22/Jul/2026:15:40:38 +0000] "POST /wp-admin/admin-ajax.php HTTP/1.1" 200 77 "https://salemconcept.shop/wp-admin/post.php?post=23&action=elementor" "Mozilla/5.0 (Windows NT 10.0; Win64; x64) AppleWebKit/537.36 (KHTML, like Gecko) Chrome/150.0.0.0 Safari/537.36"
198.177.124.148 - - [22/Jul/2026:15:40:55 +0000] "POST /wp-cron.php?doing_wp_cron=1784734855.5255820751190185546875 HTTP/1.1" 200 - "-" "WordPress/7.0.2; https://salemconcept.shop"
102.89.76.182 - - [22/Jul/2026:15:40:54 +0000] "POST /wp-admin/admin-ajax.php HTTP/1.1" 200 77 "https://salemconcept.shop/wp-admin/post.php?post=23&action=elementor" "Mozilla/5.0 (Windows NT 10.0; Win64; x64) AppleWebKit/537.36 (KHTML, like Gecko) Chrome/150.0.0.0 Safari/537.36"
102.89.76.182 - - [22/Jul/2026:15:41:26 +0000] "POST /wp-admin/admin-ajax.php HTTP/1.1" 200 77 "https://salemconcept.shop/wp-admin/post.php?post=23&action=elementor" "Mozilla/5.0 (Windows NT 10.0; Win64; x64) AppleWebKit/537.36 (KHTML, like Gecko) Chrome/150.0.0.0 Safari/537.36"
198.177.124.148 - - [22/Jul/2026:15:42:56 +0000] "POST /wp-cron.php?doing_wp_cron=1784734976.6605010032653808593750 HTTP/1.1" 200 - "-" "WordPress/7.0.2; https://salemconcept.shop"
102.89.76.182 - - [22/Jul/2026:15:42:55 +0000] "POST /wp-admin/admin-ajax.php HTTP/1.1" 200 77 "https://salemconcept.shop/wp-admin/post.php?post=23&action=elementor" "Mozilla/5.0 (Windows NT 10.0; Win64; x64) AppleWebKit/537.36 (KHTML, like Gecko) Chrome/150.0.0.0 Safari/537.36"
102.89.76.182 - - [22/Jul/2026:15:43:27 +0000] "POST /wp-admin/admin-ajax.php HTTP/1.1" 200 77 "https://salemconcept.shop/wp-admin/post.php?post=23&action=elementor" "Mozilla/5.0 (Windows NT 10.0; Win64; x64) AppleWebKit/537.36 (KHTML, like Gecko) Chrome/150.0.0.0 Safari/537.36"
198.177.124.148 - - [22/Jul/2026:15:44:58 +0000] "POST /wp-cron.php?doing_wp_cron=1784735098.2871909141540527343750 HTTP/1.1" 200 - "-" "WordPress/7.0.2; https://salemconcept.shop"
102.89.76.182 - - [22/Jul/2026:15:44:57 +0000] "POST /wp-admin/admin-ajax.php HTTP/1.1" 200 77 "https://salemconcept.shop/wp-admin/post.php?post=23&action=elementor" "Mozilla/5.0 (Windows NT 10.0; Win64; x64) AppleWebKit/537.36 (KHTML, like Gecko) Chrome/150.0.0.0 Safari/537.36"
2.139.14.217 - - [22/Jul/2026:15:45:26 +0000] "GET / HTTP/1.1" 200 96377 "-" "Mozilla/5.0 (Debian; Linux i686) AppleWebKit/537.36 (KHTML, like Gecko) Chrome/138.0.0.0 Safari/537.36"
102.89.76.182 - - [22/Jul/2026:15:45:28 +0000] "POST /wp-admin/admin-ajax.php HTTP/1.1" 200 77 "https://salemconcept.shop/wp-admin/post.php?post=23&action=elementor" "Mozilla/5.0 (Windows NT 10.0; Win64; x64) AppleWebKit/537.36 (KHTML, like Gecko) Chrome/150.0.0.0 Safari/537.36"
198.177.124.148 - - [22/Jul/2026:15:46:58 +0000] "POST /wp-cron.php?doing_wp_cron=1784735218.8761239051818847656250 HTTP/1.1" 200 - "-" "WordPress/7.0.2; https://salemconcept.shop"
102.89.76.182 - - [22/Jul/2026:15:46:57 +0000] "POST /wp-admin/admin-ajax.php HTTP/1.1" 200 77 "https://salemconcept.shop/wp-admin/post.php?post=23&action=elementor" "Mozilla/5.0 (Windows NT 10.0; Win64; x64) AppleWebKit/537.36 (KHTML, like Gecko) Chrome/150.0.0.0 Safari/537.36"
102.89.76.182 - - [22/Jul/2026:15:47:24 +0000] "POST /wp-admin/admin-ajax.php HTTP/1.1" 200 77 "https://salemconcept.shop/wp-admin/post.php?post=23&action=elementor" "Mozilla/5.0 (Windows NT 10.0; Win64; x64) AppleWebKit/537.36 (KHTML, like Gecko) Chrome/150.0.0.0 Safari/537.36"
102.89.76.182 - - [22/Jul/2026:15:47:25 +0000] "GET /wp-json/elementor/v1/checklist/user-progress HTTP/1.1" 200 534 "https://salemconcept.shop/wp-admin/post.php?post=23&action=elementor" "Mozilla/5.0 (Windows NT 10.0; Win64; x64) AppleWebKit/537.36 (KHTML, like Gecko) Chrome/150.0.0.0 Safari/537.36"
102.89.76.182 - - [22/Jul/2026:15:47:29 +0000] "POST /wp-admin/admin-ajax.php HTTP/1.1" 200 77 "https://salemconcept.shop/wp-admin/post.php?post=23&action=elementor" "Mozilla/5.0 (Windows NT 10.0; Win64; x64) AppleWebKit/537.36 (KHTML, like Gecko) Chrome/150.0.0.0 Safari/537.36"
102.89.76.182 - - [22/Jul/2026:15:47:31 +0000] "POST /wp-admin/admin-ajax.php HTTP/1.1" 200 16 "https://salemconcept.shop/wp-admin/post.php?post=23&action=elementor" "Mozilla/5.0 (Windows NT 10.0; Win64; x64) AppleWebKit/537.36 (KHTML, like Gecko) Chrome/150.0.0.0 Safari/537.36"
102.89.76.182 - - [22/Jul/2026:15:47:36 +0000] "POST /wp-admin/admin-ajax.php HTTP/1.1" 200 16 "https://salemconcept.shop/wp-admin/post.php?post=23&action=elementor" "Mozilla/5.0 (Windows NT 10.0; Win64; x64) AppleWebKit/537.36 (KHTML, like Gecko) Chrome/150.0.0.0 Safari/537.36"
102.89.76.182 - - [22/Jul/2026:15:47:39 +0000] "POST /wp-admin/admin-ajax.php HTTP/1.1" 200 16 "https://salemconcept.shop/wp-admin/post.php?post=23&action=elementor" "Mozilla/5.0 (Windows NT 10.0; Win64; x64) AppleWebKit/537.36 (KHTML, like Gecko) Chrome/150.0.0.0 Safari/537.36"
102.89.76.182 - - [22/Jul/2026:15:47:40 +0000] "POST /wp-admin/admin-ajax.php HTTP/1.1" 200 77 "https://salemconcept.shop/wp-admin/post.php?post=23&action=elementor" "Mozilla/5.0 (Windows NT 10.0; Win64; x64) AppleWebKit/537.36 (KHTML, like Gecko) Chrome/150.0.0.0 Safari/537.36"
102.89.76.182 - - [22/Jul/2026:15:47:42 +0000] "POST /wp-admin/admin-ajax.php HTTP/1.1" 200 16 "https://salemconcept.shop/wp-admin/post.php?post=23&action=elementor" "Mozilla/5.0 (Windows NT 10.0; Win64; x64) AppleWebKit/537.36 (KHTML, like Gecko) Chrome/150.0.0.0 Safari/537.36"
198.177.124.148 - - [22/Jul/2026:15:47:56 +0000] "POST /wp-cron.php?doing_wp_cron=1784735276.1840798854827880859375 HTTP/1.1" 200 - "-" "WordPress/7.0.2; https://salemconcept.shop"
102.89.76.182 - - [22/Jul/2026:15:47:55 +0000] "POST /wp-admin/admin-ajax.php HTTP/1.1" 200 77 "https://salemconcept.shop/wp-admin/post.php?post=23&action=elementor" "Mozilla/5.0 (Windows NT 10.0; Win64; x64) AppleWebKit/537.36 (KHTML, like Gecko) Chrome/150.0.0.0 Safari/537.36"
102.89.76.182 - - [22/Jul/2026:15:48:10 +0000] "POST /wp-admin/admin-ajax.php HTTP/1.1" 200 77 "https://salemconcept.shop/wp-admin/post.php?post=23&action=elementor" "Mozilla/5.0 (Windows NT 10.0; Win64; x64) AppleWebKit/537.36 (KHTML, like Gecko) Chrome/150.0.0.0 Safari/537.36"
102.89.76.182 - - [22/Jul/2026:15:48:25 +0000] "POST /wp-admin/admin-ajax.php HTTP/1.1" 200 77 "https://salemconcept.shop/wp-admin/post.php?post=23&action=elementor" "Mozilla/5.0 (Windows NT 10.0; Win64; x64) AppleWebKit/537.36 (KHTML, like Gecko) Chrome/150.0.0.0 Safari/537.36"
102.89.76.182 - - [22/Jul/2026:15:48:39 +0000] "POST /wp-admin/admin-ajax.php HTTP/1.1" 200 77 "https://salemconcept.shop/wp-admin/post.php?post=23&action=elementor" "Mozilla/5.0 (Windows NT 10.0; Win64; x64) AppleWebKit/537.36 (KHTML, like Gecko) Chrome/150.0.0.0 Safari/537.36"
198.177.124.148 - - [22/Jul/2026:15:48:56 +0000] "POST /wp-cron.php?doing_wp_cron=1784735336.0253829956054687500000 HTTP/1.1" 200 - "-" "WordPress/7.0.2; https://salemconcept.shop"
102.89.76.182 - - [22/Jul/2026:15:48:55 +0000] "POST /wp-admin/admin-ajax.php HTTP/1.1" 200 77 "https://salemconcept.shop/wp-admin/post.php?post=23&action=elementor" "Mozilla/5.0 (Windows NT 10.0; Win64; x64) AppleWebKit/537.36 (KHTML, like Gecko) Chrome/150.0.0.0 Safari/537.36"
102.89.76.182 - - [22/Jul/2026:15:49:09 +0000] "POST /wp-admin/admin-ajax.php HTTP/1.1" 200 77 "https://salemconcept.shop/wp-admin/post.php?post=23&action=elementor" "Mozilla/5.0 (Windows NT 10.0; Win64; x64) AppleWebKit/537.36 (KHTML, like Gecko) Chrome/150.0.0.0 Safari/537.36"
102.89.76.182 - - [22/Jul/2026:15:49:25 +0000] "POST /wp-admin/admin-ajax.php HTTP/1.1" 200 77 "https://salemconcept.shop/wp-admin/post.php?post=23&action=elementor" "Mozilla/5.0 (Windows NT 10.0; Win64; x64) AppleWebKit/537.36 (KHTML, like Gecko) Chrome/150.0.0.0 Safari/537.36"
102.89.76.182 - - [22/Jul/2026:15:49:30 +0000] "POST /wp-admin/admin-ajax.php HTTP/1.1" 200 77 "https://salemconcept.shop/wp-admin/post.php?post=23&action=elementor" "Mozilla/5.0 (Windows NT 10.0; Win64; x64) AppleWebKit/537.36 (KHTML, like Gecko) Chrome/150.0.0.0 Safari/537.36"
102.89.76.182 - - [22/Jul/2026:15:49:39 +0000] "POST /wp-admin/admin-ajax.php HTTP/1.1" 200 77 "https://salemconcept.shop/wp-admin/post.php?post=23&action=elementor" "Mozilla/5.0 (Windows NT 10.0; Win64; x64) AppleWebKit/537.36 (KHTML, like Gecko) Chrome/150.0.0.0 Safari/537.36"
198.177.124.148 - - [22/Jul/2026:15:49:56 +0000] "POST /wp-cron.php?doing_wp_cron=1784735396.3478529453277587890625 HTTP/1.1" 200 - "-" "WordPress/7.0.2; https://salemconcept.shop"
102.89.76.182 - - [22/Jul/2026:15:49:55 +0000] "POST /wp-admin/admin-ajax.php HTTP/1.1" 200 77 "https://salemconcept.shop/wp-admin/post.php?post=23&action=elementor" "Mozilla/5.0 (Windows NT 10.0; Win64; x64) AppleWebKit/537.36 (KHTML, like Gecko) Chrome/150.0.0.0 Safari/537.36"
102.89.76.182 - - [22/Jul/2026:15:50:02 +0000] "POST /wp-admin/admin-ajax.php HTTP/1.1" 200 16 "https://salemconcept.shop/wp-admin/post.php?post=23&action=elementor" "Mozilla/5.0 (Windows NT 10.0; Win64; x64) AppleWebKit/537.36 (KHTML, like Gecko) Chrome/150.0.0.0 Safari/537.36"
102.89.76.182 - - [22/Jul/2026:15:50:07 +0000] "POST /wp-admin/admin-ajax.php HTTP/1.1" 200 16 "https://salemconcept.shop/wp-admin/post.php?post=23&action=elementor" "Mozilla/5.0 (Windows NT 10.0; Win64; x64) AppleWebKit/537.36 (KHTML, like Gecko) Chrome/150.0.0.0 Safari/537.36"
102.89.76.182 - - [22/Jul/2026:15:50:09 +0000] "POST /wp-admin/admin-ajax.php HTTP/1.1" 200 77 "https://salemconcept.shop/wp-admin/post.php?post=23&action=elementor" "Mozilla/5.0 (Windows NT 10.0; Win64; x64) AppleWebKit/537.36 (KHTML, like Gecko) Chrome/150.0.0.0 Safari/537.36"
102.89.76.182 - - [22/Jul/2026:15:50:19 +0000] "GET /wp-json/elementor/v1/checklist/user-progress HTTP/1.1" 200 534 "https://salemconcept.shop/wp-admin/post.php?post=23&action=elementor" "Mozilla/5.0 (Windows NT 10.0; Win64; x64) AppleWebKit/537.36 (KHTML, like Gecko) Chrome/150.0.0.0 Safari/537.36"
102.89.76.182 - - [22/Jul/2026:15:50:19 +0000] "POST /wp-admin/admin-ajax.php HTTP/1.1" 200 77 "https://salemconcept.shop/wp-admin/post.php?post=23&action=elementor" "Mozilla/5.0 (Windows NT 10.0; Win64; x64) AppleWebKit/537.36 (KHTML, like Gecko) Chrome/150.0.0.0 Safari/537.36"
102.89.76.182 - - [22/Jul/2026:15:50:21 +0000] "GET /wp-json/elementor/v1/checklist/user-progress HTTP/1.1" 200 534 "https://salemconcept.shop/wp-admin/post.php?post=23&action=elementor" "Mozilla/5.0 (Windows NT 10.0; Win64; x64) AppleWebKit/537.36 (KHTML, like Gecko) Chrome/150.0.0.0 Safari/537.36"
102.89.76.182 - - [22/Jul/2026:15:50:25 +0000] "POST /wp-admin/admin-ajax.php HTTP/1.1" 200 77 "https://salemconcept.shop/wp-admin/post.php?post=23&action=elementor" "Mozilla/5.0 (Windows NT 10.0; Win64; x64) AppleWebKit/537.36 (KHTML, like Gecko) Chrome/150.0.0.0 Safari/537.36"
102.89.76.182 - - [22/Jul/2026:15:50:39 +0000] "POST /wp-admin/admin-ajax.php HTTP/1.1" 200 77 "https://salemconcept.shop/wp-admin/post.php?post=23&action=elementor" "Mozilla/5.0 (Windows NT 10.0; Win64; x64) AppleWebKit/537.36 (KHTML, like Gecko) Chrome/150.0.0.0 Safari/537.36"
198.177.124.148 - - [22/Jul/2026:15:50:56 +0000] "POST /wp-cron.php?doing_wp_cron=1784735456.2481310367584228515625 HTTP/1.1" 200 - "-" "WordPress/7.0.2; https://salemconcept.shop"
102.89.76.182 - - [22/Jul/2026:15:50:55 +0000] "POST /wp-admin/admin-ajax.php HTTP/1.1" 200 77 "https://salemconcept.shop/wp-admin/post.php?post=23&action=elementor" "Mozilla/5.0 (Windows NT 10.0; Win64; x64) AppleWebKit/537.36 (KHTML, like Gecko) Chrome/150.0.0.0 Safari/537.36"
102.89.76.182 - - [22/Jul/2026:15:50:57 +0000] "POST /wp-admin/admin-ajax.php HTTP/1.1" 200 385 "https://salemconcept.shop/wp-admin/post.php?post=23&action=elementor" "Mozilla/5.0 (Windows NT 10.0; Win64; x64) AppleWebKit/537.36 (KHTML, like Gecko) Chrome/150.0.0.0 Safari/537.36"
102.89.76.182 - - [22/Jul/2026:15:50:59 +0000] "GET /wp-json/elementor/v1/checklist/user-progress HTTP/1.1" 200 534 "https://salemconcept.shop/wp-admin/post.php?post=23&action=elementor" "Mozilla/5.0 (Windows NT 10.0; Win64; x64) AppleWebKit/537.36 (KHTML, like Gecko) Chrome/150.0.0.0 Safari/537.36"
102.89.76.182 - - [22/Jul/2026:15:51:10 +0000] "GET /wp-content/plugins/elementor/assets/images/logo-panel.svg HTTP/1.1" 304 - "https://salemconcept.shop/wp-admin/post.php?post=23&action=elementor" "Mozilla/5.0 (Windows NT 10.0; Win64; x64) AppleWebKit/537.36 (KHTML, like Gecko) Chrome/150.0.0.0 Safari/537.36"
102.89.76.182 - - [22/Jul/2026:15:51:10 +0000] "POST /wp-admin/admin-ajax.php HTTP/1.1" 200 77 "https://salemconcept.shop/wp-admin/post.php?post=23&action=elementor" "Mozilla/5.0 (Windows NT 10.0; Win64; x64) AppleWebKit/537.36 (KHTML, like Gecko) Chrome/150.0.0.0 Safari/537.36"
102.89.76.182 - - [22/Jul/2026:15:51:10 +0000] "POST /wp-admin/admin-ajax.php HTTP/1.1" 200 1021 "https://salemconcept.shop/wp-admin/post.php?post=23&action=elementor" "Mozilla/5.0 (Windows NT 10.0; Win64; x64) AppleWebKit/537.36 (KHTML, like Gecko) Chrome/150.0.0.0 Safari/537.36"
102.89.76.182 - - [22/Jul/2026:15:51:25 +0000] "POST /wp-admin/admin-ajax.php HTTP/1.1" 200 77 "https://salemconcept.shop/wp-admin/post.php?post=23&action=elementor" "Mozilla/5.0 (Windows NT 10.0; Win64; x64) AppleWebKit/537.36 (KHTML, like Gecko) Chrome/150.0.0.0 Safari/537.36"
102.89.76.182 - - [22/Jul/2026:15:51:28 +0000] "POST /wp-admin/admin-ajax.php HTTP/1.1" 200 16 "https://salemconcept.shop/wp-admin/post.php?post=23&action=elementor" "Mozilla/5.0 (Windows NT 10.0; Win64; x64) AppleWebKit/537.36 (KHTML, like Gecko) Chrome/150.0.0.0 Safari/537.36"
102.89.76.182 - - [22/Jul/2026:15:51:33 +0000] "POST /wp-admin/admin-ajax.php HTTP/1.1" 200 16 "https://salemconcept.shop/wp-admin/post.php?post=23&action=elementor" "Mozilla/5.0 (Windows NT 10.0; Win64; x64) AppleWebKit/537.36 (KHTML, like Gecko) Chrome/150.0.0.0 Safari/537.36"
102.89.76.182 - - [22/Jul/2026:15:51:36 +0000] "POST /wp-admin/admin-ajax.php HTTP/1.1" 200 16 "https://salemconcept.shop/wp-admin/post.php?post=23&action=elementor" "Mozilla/5.0 (Windows NT 10.0; Win64; x64) AppleWebKit/537.36 (KHTML, like Gecko) Chrome/150.0.0.0 Safari/537.36"
102.89.76.182 - - [22/Jul/2026:15:51:40 +0000] "POST /wp-admin/admin-ajax.php HTTP/1.1" 200 77 "https://salemconcept.shop/wp-admin/post.php?post=23&action=elementor" "Mozilla/5.0 (Windows NT 10.0; Win64; x64) AppleWebKit/537.36 (KHTML, like Gecko) Chrome/150.0.0.0 Safari/537.36"
198.177.124.148 - - [22/Jul/2026:15:51:57 +0000] "POST /wp-cron.php?doing_wp_cron=1784735516.9764111042022705078125 HTTP/1.1" 200 - "-" "WordPress/7.0.2; https://salemconcept.shop"
102.89.76.182 - - [22/Jul/2026:15:51:56 +0000] "POST /wp-admin/admin-ajax.php HTTP/1.1" 200 77 "https://salemconcept.shop/wp-admin/post.php?post=23&action=elementor" "Mozilla/5.0 (Windows NT 10.0; Win64; x64) AppleWebKit/537.36 (KHTML, like Gecko) Chrome/150.0.0.0 Safari/537.36"
102.89.76.182 - - [22/Jul/2026:15:51:59 +0000] "PUT /wp-json/elementor/v1/global-classes?context=preview HTTP/1.1" 204 - "https://salemconcept.shop/wp-admin/post.php?post=23&action=elementor" "Mozilla/5.0 (Windows NT 10.0; Win64; x64) AppleWebKit/537.36 (KHTML, like Gecko) Chrome/150.0.0.0 Safari/537.36"
102.89.76.182 - - [22/Jul/2026:15:51:59 +0000] "GET /wp-json/elementor/v1/checklist/user-progress HTTP/1.1" 200 534 "https://salemconcept.shop/wp-admin/post.php?post=23&action=elementor" "Mozilla/5.0 (Windows NT 10.0; Win64; x64) AppleWebKit/537.36 (KHTML, like Gecko) Chrome/150.0.0.0 Safari/537.36"
102.89.76.182 - - [22/Jul/2026:15:52:00 +0000] "POST /wp-admin/admin-ajax.php HTTP/1.1" 200 1528 "https://salemconcept.shop/wp-admin/post.php?post=23&action=elementor" "Mozilla/5.0 (Windows NT 10.0; Win64; x64) AppleWebKit/537.36 (KHTML, like Gecko) Chrome/150.0.0.0 Safari/537.36"
102.89.76.182 - - [22/Jul/2026:15:52:02 +0000] "GET /wp-json/elementor/v1/checklist/user-progress HTTP/1.1" 200 534 "https://salemconcept.shop/wp-admin/post.php?post=23&action=elementor" "Mozilla/5.0 (Windows NT 10.0; Win64; x64) AppleWebKit/537.36 (KHTML, like Gecko) Chrome/150.0.0.0 Safari/537.36"
102.89.76.182 - - [22/Jul/2026:15:52:11 +0000] "POST /wp-admin/admin-ajax.php HTTP/1.1" 200 77 "https://salemconcept.shop/wp-admin/post.php?post=23&action=elementor" "Mozilla/5.0 (Windows NT 10.0; Win64; x64) AppleWebKit/537.36 (KHTML, like Gecko) Chrome/150.0.0.0 Safari/537.36"
102.89.76.182 - - [22/Jul/2026:15:52:12 +0000] "POST /wp-admin/admin-ajax.php HTTP/1.1" 200 16 "https://salemconcept.shop/wp-admin/post.php?post=23&action=elementor" "Mozilla/5.0 (Windows NT 10.0; Win64; x64) AppleWebKit/537.36 (KHTML, like Gecko) Chrome/150.0.0.0 Safari/537.36"
102.89.76.182 - - [22/Jul/2026:15:52:20 +0000] "POST /wp-admin/admin-ajax.php HTTP/1.1" 200 16 "https://salemconcept.shop/wp-admin/post.php?post=23&action=elementor" "Mozilla/5.0 (Windows NT 10.0; Win64; x64) AppleWebKit/537.36 (KHTML, like Gecko) Chrome/150.0.0.0 Safari/537.36"
102.89.76.182 - - [22/Jul/2026:15:52:25 +0000] "POST /wp-admin/admin-ajax.php HTTP/1.1" 200 77 "https://salemconcept.shop/wp-admin/post.php?post=23&action=elementor" "Mozilla/5.0 (Windows NT 10.0; Win64; x64) AppleWebKit/537.36 (KHTML, like Gecko) Chrome/150.0.0.0 Safari/537.36"
102.89.76.182 - - [22/Jul/2026:15:52:40 +0000] "POST /wp-admin/admin-ajax.php HTTP/1.1" 200 77 "https://salemconcept.shop/wp-admin/post.php?post=23&action=elementor" "Mozilla/5.0 (Windows NT 10.0; Win64; x64) AppleWebKit/537.36 (KHTML, like Gecko) Chrome/150.0.0.0 Safari/537.36"
198.177.124.148 - - [22/Jul/2026:15:52:56 +0000] "POST /wp-cron.php?doing_wp_cron=1784735576.7048521041870117187500 HTTP/1.1" 200 - "-" "WordPress/7.0.2; https://salemconcept.shop"
102.89.76.182 - - [22/Jul/2026:15:52:55 +0000] "POST /wp-admin/admin-ajax.php HTTP/1.1" 200 77 "https://salemconcept.shop/wp-admin/post.php?post=23&action=elementor" "Mozilla/5.0 (Windows NT 10.0; Win64; x64) AppleWebKit/537.36 (KHTML, like Gecko) Chrome/150.0.0.0 Safari/537.36"
102.89.76.182 - - [22/Jul/2026:15:53:10 +0000] "POST /wp-admin/admin-ajax.php HTTP/1.1" 200 77 "https://salemconcept.shop/wp-admin/post.php?post=23&action=elementor" "Mozilla/5.0 (Windows NT 10.0; Win64; x64) AppleWebKit/537.36 (KHTML, like Gecko) Chrome/150.0.0.0 Safari/537.36"
102.89.76.182 - - [22/Jul/2026:15:53:22 +0000] "GET /wp-json/elementor/v1/checklist/user-progress HTTP/1.1" 200 534 "https://salemconcept.shop/wp-admin/post.php?post=23&action=elementor" "Mozilla/5.0 (Windows NT 10.0; Win64; x64) AppleWebKit/537.36 (KHTML, like Gecko) Chrome/150.0.0.0 Safari/537.36"
102.89.76.182 - - [22/Jul/2026:15:53:25 +0000] "POST /wp-admin/admin-ajax.php HTTP/1.1" 200 77 "https://salemconcept.shop/wp-admin/post.php?post=23&action=elementor" "Mozilla/5.0 (Windows NT 10.0; Win64; x64) AppleWebKit/537.36 (KHTML, like Gecko) Chrome/150.0.0.0 Safari/537.36"
102.89.76.182 - - [22/Jul/2026:15:53:40 +0000] "POST /wp-admin/admin-ajax.php HTTP/1.1" 200 77 "https://salemconcept.shop/wp-admin/post.php?post=23&action=elementor" "Mozilla/5.0 (Windows NT 10.0; Win64; x64) AppleWebKit/537.36 (KHTML, like Gecko) Chrome/150.0.0.0 Safari/537.36"
198.177.124.148 - - [22/Jul/2026:15:53:49 +0000] "POST /wp-cron.php?doing_wp_cron=1784735629.7278869152069091796875 HTTP/1.1" 200 - "-" "WordPress/7.0.2; https://salemconcept.shop"
102.89.76.182 - - [22/Jul/2026:15:53:48 +0000] "POST /wp-admin/admin-ajax.php HTTP/1.1" 200 16 "https://salemconcept.shop/wp-admin/post.php?post=23&action=elementor" "Mozilla/5.0 (Windows NT 10.0; Win64; x64) AppleWebKit/537.36 (KHTML, like Gecko) Chrome/150.0.0.0 Safari/537.36"
102.89.76.182 - - [22/Jul/2026:15:53:56 +0000] "POST /wp-admin/admin-ajax.php HTTP/1.1" 200 77 "https://salemconcept.shop/wp-admin/post.php?post=23&action=elementor" "Mozilla/5.0 (Windows NT 10.0; Win64; x64) AppleWebKit/537.36 (KHTML, like Gecko) Chrome/150.0.0.0 Safari/537.36"
102.89.76.182 - - [22/Jul/2026:15:54:10 +0000] "POST /wp-admin/admin-ajax.php HTTP/1.1" 200 77 "https://salemconcept.shop/wp-admin/post.php?post=23&action=elementor" "Mozilla/5.0 (Windows NT 10.0; Win64; x64) AppleWebKit/537.36 (KHTML, like Gecko) Chrome/150.0.0.0 Safari/537.36"
66.249.77.1 - - [22/Jul/2026:15:54:14 +0000] "GET /?l=10697136347 HTTP/1.1" 200 96377 "-" "Mozilla/5.0 (Linux; Android 6.0.1; Nexus 5X Build/MMB29P) AppleWebKit/537.36 (KHTML, like Gecko) Chrome/150.0.7871.128 Mobile Safari/537.36 (compatible; GoogleOther)"
102.89.76.182 - - [22/Jul/2026:15:54:17 +0000] "POST /wp-admin/admin-ajax.php HTTP/1.1" 200 16 "https://salemconcept.shop/wp-admin/post.php?post=23&action=elementor" "Mozilla/5.0 (Windows NT 10.0; Win64; x64) AppleWebKit/537.36 (KHTML, like Gecko) Chrome/150.0.0.0 Safari/537.36"
102.89.76.182 - - [22/Jul/2026:15:54:25 +0000] "POST /wp-admin/admin-ajax.php HTTP/1.1" 200 77 "https://salemconcept.shop/wp-admin/post.php?post=23&action=elementor" "Mozilla/5.0 (Windows NT 10.0; Win64; x64) AppleWebKit/537.36 (KHTML, like Gecko) Chrome/150.0.0.0 Safari/537.36"
102.89.76.182 - - [22/Jul/2026:15:54:42 +0000] "GET /wp-json/elementor/v1/user-data/current-user?context=edit HTTP/1.1" 200 1331 "https://salemconcept.shop/wp-admin/post.php?post=23&action=elementor" "Mozilla/5.0 (Windows NT 10.0; Win64; x64) AppleWebKit/537.36 (KHTML, like Gecko) Chrome/150.0.0.0 Safari/537.36"
102.89.76.182 - - [22/Jul/2026:15:54:42 +0000] "POST /wp-admin/admin-ajax.php HTTP/1.1" 200 77 "https://salemconcept.shop/wp-admin/post.php?post=23&action=elementor" "Mozilla/5.0 (Windows NT 10.0; Win64; x64) AppleWebKit/537.36 (KHTML, like Gecko) Chrome/150.0.0.0 Safari/537.36"
198.177.124.148 - - [22/Jul/2026:15:54:58 +0000] "POST /wp-cron.php?doing_wp_cron=1784735698.7209370136260986328125 HTTP/1.1" 200 - "-" "WordPress/7.0.2; https://salemconcept.shop"
102.89.76.182 - - [22/Jul/2026:15:54:57 +0000] "POST /wp-admin/admin-ajax.php HTTP/1.1" 200 77 "https://salemconcept.shop/wp-admin/post.php?post=23&action=elementor" "Mozilla/5.0 (Windows NT 10.0; Win64; x64) AppleWebKit/537.36 (KHTML, like Gecko) Chrome/150.0.0.0 Safari/537.36"
102.89.76.182 - - [22/Jul/2026:15:55:13 +0000] "POST /wp-admin/admin-ajax.php HTTP/1.1" 200 77 "https://salemconcept.shop/wp-admin/post.php?post=23&action=elementor" "Mozilla/5.0 (Windows NT 10.0; Win64; x64) AppleWebKit/537.36 (KHTML, like Gecko) Chrome/150.0.0.0 Safari/537.36"
102.89.76.182 - - [22/Jul/2026:15:55:20 +0000] "GET /wp-json/elementor/v1/settings/elementor_unfiltered_files_upload HTTP/1.1" 200 39 "https://salemconcept.shop/wp-admin/post.php?post=23&action=elementor" "Mozilla/5.0 (Windows NT 10.0; Win64; x64) AppleWebKit/537.36 (KHTML, like Gecko) Chrome/150.0.0.0 Safari/537.36"
66.249.77.1 - - [22/Jul/2026:15:55:22 +0000] "GET /?x=65569226125 HTTP/1.1" 200 96377 "-" "Mozilla/5.0 (Linux; Android 6.0.1; Nexus 5X Build/MMB29P) AppleWebKit/537.36 (KHTML, like Gecko) Chrome/150.0.7871.128 Mobile Safari/537.36 (compatible; GoogleOther)"
