66.249.77.3 - - [21/Jul/2026:18:09:56 +0000] "GET /?x=65569218322 HTTP/1.1" 200 97035 "-" "Mozilla/5.0 (Linux; Android 6.0.1; Nexus 5X Build/MMB29P) AppleWebKit/537.36 (KHTML, like Gecko) Chrome/150.0.7871.128 Mobile Safari/537.36 (compatible; GoogleOther)"
198.177.124.148 - - [21/Jul/2026:18:12:06 +0000] "POST /wp-cron.php?doing_wp_cron=1784657526.0580780506134033203125 HTTP/1.1" 200 - "-" "WordPress/7.0.2; https://salemconcept.shop"
86.107.21.84 - - [21/Jul/2026:18:12:00 +0000] "GET / HTTP/1.1" 200 97035 "-" "Mozilla/5.0 (Macintosh; Intel Mac OS X 10_15_7) AppleWebKit/537.36 (KHTML, like Gecko) Chrome/90.0.4430.93 Safari/537.36"
86.107.21.84 - - [21/Jul/2026:18:12:07 +0000] "GET /?rest_route=/wp/v2/users HTTP/1.1" 200 772 "-" "Mozilla/5.0 (Windows NT 10.0; Win64; x64; rv:130.0) Gecko/20100101 Firefox/130.0"
86.107.21.84 - - [21/Jul/2026:18:12:12 +0000] "POST /xmlrpc.php HTTP/1.1" 200 403 "https://salemconcept.shop" "Mozilla/5.0 (Macintosh; Intel Mac OS X 10_15_7) AppleWebKit/537.36 (KHTML, like Gecko) Chrome/90.0.4430.93 Safari/537.36"
86.107.21.84 - - [21/Jul/2026:18:12:17 +0000] "GET /wp-login.php HTTP/1.1" 200 4715 "-" "Mozilla/5.0 (Windows NT 10.0; Win64; x64) AppleWebKit/537.36 (KHTML, like Gecko) Chrome/91.0.4472.124 Safari/537.36"
86.107.21.84 - - [21/Jul/2026:18:12:20 +0000] "POST /wp-login.php HTTP/1.1" 200 5145 "-" "Mozilla/5.0 (Windows NT 10.0; Win64; x64) AppleWebKit/537.36 (KHTML, like Gecko) Chrome/91.0.4472.124 Safari/537.36"
86.107.21.84 - - [21/Jul/2026:18:12:24 +0000] "POST /xmlrpc.php HTTP/1.1" 200 403 "https://salemconcept.shop" "Mozilla/5.0 (X11; Linux x86_64) AppleWebKit/537.36 (KHTML, like Gecko) Chrome/92.0.4515.107 Safari/537.36"
86.107.21.84 - - [21/Jul/2026:18:12:28 +0000] "GET /wp-login.php HTTP/1.1" 200 4715 "-" "Mozilla/5.0 (Windows NT 10.0; Win64; x64; rv:130.0) Gecko/20100101 Firefox/130.0"
86.107.21.84 - - [21/Jul/2026:18:12:30 +0000] "POST /wp-login.php HTTP/1.1" 200 5145 "-" "Mozilla/5.0 (Windows NT 10.0; Win64; x64; rv:130.0) Gecko/20100101 Firefox/130.0"
86.107.21.84 - - [21/Jul/2026:18:12:34 +0000] "POST /xmlrpc.php HTTP/1.1" 200 403 "https://salemconcept.shop" "Mozilla/5.0 (Macintosh; Intel Mac OS X 10_15_7) AppleWebKit/537.36 (KHTML, like Gecko) Chrome/90.0.4430.93 Safari/537.36"
86.107.21.84 - - [21/Jul/2026:18:12:38 +0000] "GET /wp-login.php HTTP/1.1" 200 4715 "-" "Mozilla/5.0 (Linux; Android 11; Nokia G50) AppleWebKit/537.36 (KHTML, like Gecko) Chrome/123.0.6312.61 Mobile Safari/537.36"
86.107.21.84 - - [21/Jul/2026:18:12:41 +0000] "POST /wp-login.php HTTP/1.1" 200 5145 "-" "Mozilla/5.0 (Linux; Android 11; Nokia G50) AppleWebKit/537.36 (KHTML, like Gecko) Chrome/123.0.6312.61 Mobile Safari/537.36"
86.107.21.84 - - [21/Jul/2026:18:12:43 +0000] "POST /xmlrpc.php HTTP/1.1" 200 403 "https://salemconcept.shop" "Mozilla/5.0 (Windows NT 10.0; Win64; x64; rv:130.0) Gecko/20100101 Firefox/130.0"
198.177.124.148 - - [21/Jul/2026:18:12:48 +0000] "POST /wp-cron.php?doing_wp_cron=1784657568.6853630542755126953125 HTTP/1.1" 200 - "-" "WordPress/7.0.2; https://salemconcept.shop"
86.107.21.84 - - [21/Jul/2026:18:12:47 +0000] "GET /wp-login.php HTTP/1.1" 200 4715 "-" "Mozilla/5.0 (Linux; Android 11; Nokia G50) AppleWebKit/537.36 (KHTML, like Gecko) Chrome/123.0.6312.61 Mobile Safari/537.36"
86.107.21.84 - - [21/Jul/2026:18:12:49 +0000] "POST /wp-login.php HTTP/1.1" 200 5145 "-" "Mozilla/5.0 (Linux; Android 11; Nokia G50) AppleWebKit/537.36 (KHTML, like Gecko) Chrome/123.0.6312.61 Mobile Safari/537.36"
86.107.21.84 - - [21/Jul/2026:18:12:52 +0000] "POST /xmlrpc.php HTTP/1.1" 200 403 "https://salemconcept.shop" "Mozilla/5.0 (X11; Linux x86_64) AppleWebKit/537.36 (KHTML, like Gecko) Chrome/92.0.4515.107 Safari/537.36"
86.107.21.84 - - [21/Jul/2026:18:12:56 +0000] "GET /wp-login.php HTTP/1.1" 200 4715 "-" "Mozilla/5.0 (Windows NT 10.0; Win64; x64; rv:130.0) Gecko/20100101 Firefox/130.0"
86.107.21.84 - - [21/Jul/2026:18:12:58 +0000] "POST /wp-login.php HTTP/1.1" 200 5145 "-" "Mozilla/5.0 (Windows NT 10.0; Win64; x64; rv:130.0) Gecko/20100101 Firefox/130.0"
86.107.21.84 - - [21/Jul/2026:18:13:00 +0000] "POST /xmlrpc.php HTTP/1.1" 200 403 "https://salemconcept.shop" "Mozilla/5.0 (Windows NT 10.0; Win64; x64; rv:130.0) Gecko/20100101 Firefox/130.0"
86.107.21.84 - - [21/Jul/2026:18:13:04 +0000] "GET /wp-login.php HTTP/1.1" 200 4715 "-" "Mozilla/5.0 (X11; Linux x86_64) AppleWebKit/537.36 (KHTML, like Gecko) Chrome/92.0.4515.107 Safari/537.36"
86.107.21.84 - - [21/Jul/2026:18:13:06 +0000] "POST /wp-login.php HTTP/1.1" 200 5145 "-" "Mozilla/5.0 (X11; Linux x86_64) AppleWebKit/537.36 (KHTML, like Gecko) Chrome/92.0.4515.107 Safari/537.36"
86.107.21.84 - - [21/Jul/2026:18:13:07 +0000] "POST /xmlrpc.php HTTP/1.1" 200 403 "https://salemconcept.shop" "Mozilla/5.0 (Macintosh; Intel Mac OS X 10_15_7) AppleWebKit/537.36 (KHTML, like Gecko) Chrome/90.0.4430.93 Safari/537.36"
86.107.21.84 - - [21/Jul/2026:18:13:10 +0000] "GET /wp-login.php HTTP/1.1" 200 4715 "-" "Mozilla/5.0 (X11; Linux x86_64) AppleWebKit/537.36 (KHTML, like Gecko) Chrome/92.0.4515.107 Safari/537.36"
86.107.21.84 - - [21/Jul/2026:18:13:12 +0000] "POST /wp-login.php HTTP/1.1" 200 5145 "-" "Mozilla/5.0 (X11; Linux x86_64) AppleWebKit/537.36 (KHTML, like Gecko) Chrome/92.0.4515.107 Safari/537.36"
86.107.21.84 - - [21/Jul/2026:18:13:13 +0000] "POST /xmlrpc.php HTTP/1.1" 200 403 "https://salemconcept.shop" "Mozilla/5.0 (Windows NT 10.0; Win64; x64) AppleWebKit/537.36 (KHTML, like Gecko) Chrome/91.0.4472.124 Safari/537.36"
86.107.21.84 - - [21/Jul/2026:18:13:16 +0000] "GET /wp-login.php HTTP/1.1" 200 4715 "-" "Mozilla/5.0 (Windows NT 10.0; Win64; x64) AppleWebKit/537.36 (KHTML, like Gecko) Chrome/91.0.4472.124 Safari/537.36"
86.107.21.84 - - [21/Jul/2026:18:13:17 +0000] "POST /wp-login.php HTTP/1.1" 200 5145 "-" "Mozilla/5.0 (Windows NT 10.0; Win64; x64) AppleWebKit/537.36 (KHTML, like Gecko) Chrome/91.0.4472.124 Safari/537.36"
86.107.21.84 - - [21/Jul/2026:18:13:19 +0000] "POST /xmlrpc.php HTTP/1.1" 200 403 "https://salemconcept.shop" "Mozilla/5.0 (Macintosh; Intel Mac OS X 10_15_7) AppleWebKit/537.36 (KHTML, like Gecko) Chrome/90.0.4430.93 Safari/537.36"
86.107.21.84 - - [21/Jul/2026:18:13:22 +0000] "GET /wp-login.php HTTP/1.1" 200 4715 "-" "Mozilla/5.0 (Macintosh; Intel Mac OS X 10_15_7) AppleWebKit/537.36 (KHTML, like Gecko) Chrome/90.0.4430.93 Safari/537.36"
86.107.21.84 - - [21/Jul/2026:18:13:24 +0000] "POST /wp-login.php HTTP/1.1" 200 5145 "-" "Mozilla/5.0 (Macintosh; Intel Mac OS X 10_15_7) AppleWebKit/537.36 (KHTML, like Gecko) Chrome/90.0.4430.93 Safari/537.36"
86.107.21.84 - - [21/Jul/2026:18:13:25 +0000] "POST /xmlrpc.php HTTP/1.1" 200 403 "https://salemconcept.shop" "Mozilla/5.0 (X11; Linux x86_64) AppleWebKit/537.36 (KHTML, like Gecko) Chrome/92.0.4515.107 Safari/537.36"
86.107.21.84 - - [21/Jul/2026:18:13:28 +0000] "GET /wp-login.php HTTP/1.1" 200 4715 "-" "Mozilla/5.0 (Linux; Android 11; Nokia G50) AppleWebKit/537.36 (KHTML, like Gecko) Chrome/123.0.6312.61 Mobile Safari/537.36"
86.107.21.84 - - [21/Jul/2026:18:13:29 +0000] "POST /wp-login.php HTTP/1.1" 200 5145 "-" "Mozilla/5.0 (Linux; Android 11; Nokia G50) AppleWebKit/537.36 (KHTML, like Gecko) Chrome/123.0.6312.61 Mobile Safari/537.36"
66.249.72.233 - - [21/Jul/2026:18:13:29 +0000] "GET /?j=88487121589 HTTP/1.1" 301 - "-" "Mozilla/5.0 (Linux; Android 6.0.1; Nexus 5X Build/MMB29P) AppleWebKit/537.36 (KHTML, like Gecko) Chrome/150.0.7871.128 Mobile Safari/537.36 (compatible; GoogleOther)"
198.177.124.148 - - [21/Jul/2026:18:14:18 +0000] "POST /wp-cron.php?doing_wp_cron=1784657657.9391930103302001953125 HTTP/1.1" 200 - "-" "WordPress/7.0.2; https://salemconcept.shop"
104.105.81.101 - - [21/Jul/2026:18:14:12 +0000] "GET / HTTP/1.1" 200 97035 "-" "Mozilla/5.0 (Linux; Android 11; Nokia G50) AppleWebKit/537.36 (KHTML, like Gecko) Chrome/123.0.6312.61 Mobile Safari/537.36"
104.105.81.101 - - [21/Jul/2026:18:14:18 +0000] "GET /?rest_route=/wp/v2/users HTTP/1.1" 200 772 "-" "Mozilla/5.0 (Linux; Android 11; Nokia G50) AppleWebKit/537.36 (KHTML, like Gecko) Chrome/123.0.6312.61 Mobile Safari/537.36"
66.249.77.3 - - [21/Jul/2026:18:14:18 +0000] "GET /?j=88487121589 HTTP/1.1" 200 97035 "-" "Mozilla/5.0 (Linux; Android 6.0.1; Nexus 5X Build/MMB29P) AppleWebKit/537.36 (KHTML, like Gecko) Chrome/150.0.7871.128 Mobile Safari/537.36 (compatible; GoogleOther)"
104.105.81.101 - - [21/Jul/2026:18:14:23 +0000] "POST /xmlrpc.php HTTP/1.1" 200 403 "https://salemconcept.shop" "Mozilla/5.0 (Macintosh; Intel Mac OS X 10_15_7) AppleWebKit/537.36 (KHTML, like Gecko) Chrome/90.0.4430.93 Safari/537.36"
104.105.81.101 - - [21/Jul/2026:18:14:28 +0000] "GET /wp-login.php HTTP/1.1" 200 4715 "-" "Mozilla/5.0 (X11; Linux x86_64) AppleWebKit/537.36 (KHTML, like Gecko) Chrome/92.0.4515.107 Safari/537.36"
104.105.81.101 - - [21/Jul/2026:18:14:31 +0000] "POST /wp-login.php HTTP/1.1" 200 5145 "-" "Mozilla/5.0 (X11; Linux x86_64) AppleWebKit/537.36 (KHTML, like Gecko) Chrome/92.0.4515.107 Safari/537.36"
104.105.81.101 - - [21/Jul/2026:18:14:34 +0000] "POST /xmlrpc.php HTTP/1.1" 200 403 "https://salemconcept.shop" "Mozilla/5.0 (X11; Linux x86_64) AppleWebKit/537.36 (KHTML, like Gecko) Chrome/92.0.4515.107 Safari/537.36"
104.105.81.101 - - [21/Jul/2026:18:14:38 +0000] "GET /wp-login.php HTTP/1.1" 200 4715 "-" "Mozilla/5.0 (Linux; Android 11; Nokia G50) AppleWebKit/537.36 (KHTML, like Gecko) Chrome/123.0.6312.61 Mobile Safari/537.36"
104.105.81.101 - - [21/Jul/2026:18:14:40 +0000] "POST /wp-login.php HTTP/1.1" 200 5145 "-" "Mozilla/5.0 (Linux; Android 11; Nokia G50) AppleWebKit/537.36 (KHTML, like Gecko) Chrome/123.0.6312.61 Mobile Safari/537.36"
104.105.81.101 - - [21/Jul/2026:18:14:42 +0000] "POST /xmlrpc.php HTTP/1.1" 200 403 "https://salemconcept.shop" "Mozilla/5.0 (Linux; Android 11; Nokia G50) AppleWebKit/537.36 (KHTML, like Gecko) Chrome/123.0.6312.61 Mobile Safari/537.36"
198.177.124.148 - - [21/Jul/2026:18:14:47 +0000] "POST /wp-cron.php?doing_wp_cron=1784657687.4889509677886962890625 HTTP/1.1" 200 - "-" "WordPress/7.0.2; https://salemconcept.shop"
104.105.81.101 - - [21/Jul/2026:18:14:45 +0000] "GET /wp-login.php HTTP/1.1" 200 4715 "-" "Mozilla/5.0 (Windows NT 10.0; Win64; x64) AppleWebKit/537.36 (KHTML, like Gecko) Chrome/91.0.4472.124 Safari/537.36"
104.105.81.101 - - [21/Jul/2026:18:14:48 +0000] "POST /wp-login.php HTTP/1.1" 200 5145 "-" "Mozilla/5.0 (Windows NT 10.0; Win64; x64) AppleWebKit/537.36 (KHTML, like Gecko) Chrome/91.0.4472.124 Safari/537.36"
104.105.81.101 - - [21/Jul/2026:18:14:51 +0000] "POST /xmlrpc.php HTTP/1.1" 200 403 "https://salemconcept.shop" "Mozilla/5.0 (Macintosh; Intel Mac OS X 10_15_7) AppleWebKit/537.36 (KHTML, like Gecko) Chrome/90.0.4430.93 Safari/537.36"
104.105.81.101 - - [21/Jul/2026:18:14:55 +0000] "GET /wp-login.php HTTP/1.1" 200 4715 "-" "Mozilla/5.0 (X11; Linux x86_64) AppleWebKit/537.36 (KHTML, like Gecko) Chrome/92.0.4515.107 Safari/537.36"
104.105.81.101 - - [21/Jul/2026:18:14:57 +0000] "POST /wp-login.php HTTP/1.1" 200 5145 "-" "Mozilla/5.0 (X11; Linux x86_64) AppleWebKit/537.36 (KHTML, like Gecko) Chrome/92.0.4515.107 Safari/537.36"
104.105.81.101 - - [21/Jul/2026:18:14:59 +0000] "POST /xmlrpc.php HTTP/1.1" 200 403 "https://salemconcept.shop" "Mozilla/5.0 (Linux; Android 11; Nokia G50) AppleWebKit/537.36 (KHTML, like Gecko) Chrome/123.0.6312.61 Mobile Safari/537.36"
104.105.81.101 - - [21/Jul/2026:18:15:02 +0000] "GET /wp-login.php HTTP/1.1" 200 4715 "-" "Mozilla/5.0 (Windows NT 10.0; Win64; x64) AppleWebKit/537.36 (KHTML, like Gecko) Chrome/91.0.4472.124 Safari/537.36"
104.105.81.101 - - [21/Jul/2026:18:15:07 +0000] "POST /wp-login.php HTTP/1.1" 200 5145 "-" "Mozilla/5.0 (Windows NT 10.0; Win64; x64) AppleWebKit/537.36 (KHTML, like Gecko) Chrome/91.0.4472.124 Safari/537.36"
104.105.81.101 - - [21/Jul/2026:18:15:11 +0000] "POST /xmlrpc.php HTTP/1.1" 200 403 "https://salemconcept.shop" "Mozilla/5.0 (Macintosh; Intel Mac OS X 10_15_7) AppleWebKit/537.36 (KHTML, like Gecko) Chrome/90.0.4430.93 Safari/537.36"
104.105.81.101 - - [21/Jul/2026:18:15:15 +0000] "GET /wp-login.php HTTP/1.1" 200 4715 "-" "Mozilla/5.0 (Windows NT 10.0; Win64; x64) AppleWebKit/537.36 (KHTML, like Gecko) Chrome/91.0.4472.124 Safari/537.36"
104.105.81.101 - - [21/Jul/2026:18:15:18 +0000] "POST /wp-login.php HTTP/1.1" 200 5145 "-" "Mozilla/5.0 (Windows NT 10.0; Win64; x64) AppleWebKit/537.36 (KHTML, like Gecko) Chrome/91.0.4472.124 Safari/537.36"
104.105.81.101 - - [21/Jul/2026:18:15:20 +0000] "POST /xmlrpc.php HTTP/1.1" 200 403 "https://salemconcept.shop" "Mozilla/5.0 (Windows NT 10.0; Win64; x64) AppleWebKit/537.36 (KHTML, like Gecko) Chrome/91.0.4472.124 Safari/537.36"
104.105.81.101 - - [21/Jul/2026:18:15:23 +0000] "GET /wp-login.php HTTP/1.1" 200 4715 "-" "Mozilla/5.0 (Linux; Android 11; Nokia G50) AppleWebKit/537.36 (KHTML, like Gecko) Chrome/123.0.6312.61 Mobile Safari/537.36"
104.105.81.101 - - [21/Jul/2026:18:15:24 +0000] "POST /wp-login.php HTTP/1.1" 200 5145 "-" "Mozilla/5.0 (Linux; Android 11; Nokia G50) AppleWebKit/537.36 (KHTML, like Gecko) Chrome/123.0.6312.61 Mobile Safari/537.36"
104.105.81.101 - - [21/Jul/2026:18:15:26 +0000] "POST /xmlrpc.php HTTP/1.1" 200 403 "https://salemconcept.shop" "Mozilla/5.0 (Linux; Android 11; Nokia G50) AppleWebKit/537.36 (KHTML, like Gecko) Chrome/123.0.6312.61 Mobile Safari/537.36"
104.105.81.101 - - [21/Jul/2026:18:15:29 +0000] "GET /wp-login.php HTTP/1.1" 200 4715 "-" "Mozilla/5.0 (Macintosh; Intel Mac OS X 10_15_7) AppleWebKit/537.36 (KHTML, like Gecko) Chrome/90.0.4430.93 Safari/537.36"
104.105.81.101 - - [21/Jul/2026:18:15:30 +0000] "POST /wp-login.php HTTP/1.1" 200 5145 "-" "Mozilla/5.0 (Macintosh; Intel Mac OS X 10_15_7) AppleWebKit/537.36 (KHTML, like Gecko) Chrome/90.0.4430.93 Safari/537.36"
104.105.81.101 - - [21/Jul/2026:18:15:33 +0000] "POST /xmlrpc.php HTTP/1.1" 200 403 "https://salemconcept.shop" "Mozilla/5.0 (Windows NT 10.0; Win64; x64; rv:130.0) Gecko/20100101 Firefox/130.0"
104.105.81.101 - - [21/Jul/2026:18:15:36 +0000] "GET /wp-login.php HTTP/1.1" 200 4715 "-" "Mozilla/5.0 (Macintosh; Intel Mac OS X 10_15_7) AppleWebKit/537.36 (KHTML, like Gecko) Chrome/90.0.4430.93 Safari/537.36"
104.105.81.101 - - [21/Jul/2026:18:15:38 +0000] "POST /wp-login.php HTTP/1.1" 200 5145 "-" "Mozilla/5.0 (Macintosh; Intel Mac OS X 10_15_7) AppleWebKit/537.36 (KHTML, like Gecko) Chrome/90.0.4430.93 Safari/537.36"
104.105.81.101 - - [21/Jul/2026:18:15:40 +0000] "POST /xmlrpc.php HTTP/1.1" 200 403 "https://salemconcept.shop" "Mozilla/5.0 (X11; Linux x86_64) AppleWebKit/537.36 (KHTML, like Gecko) Chrome/92.0.4515.107 Safari/537.36"
104.105.81.101 - - [21/Jul/2026:18:15:42 +0000] "GET /wp-login.php HTTP/1.1" 200 4715 "-" "Mozilla/5.0 (Windows NT 10.0; Win64; x64) AppleWebKit/537.36 (KHTML, like Gecko) Chrome/91.0.4472.124 Safari/537.36"
104.105.81.101 - - [21/Jul/2026:18:15:43 +0000] "POST /wp-login.php HTTP/1.1" 200 5145 "-" "Mozilla/5.0 (Windows NT 10.0; Win64; x64) AppleWebKit/537.36 (KHTML, like Gecko) Chrome/91.0.4472.124 Safari/537.36"
198.177.124.148 - - [21/Jul/2026:18:17:45 +0000] "POST /wp-cron.php?doing_wp_cron=1784657865.8247029781341552734375 HTTP/1.1" 200 - "-" "WordPress/7.0.2; https://salemconcept.shop"
66.249.77.2 - - [21/Jul/2026:18:17:41 +0000] "GET /?j=88487141426 HTTP/1.1" 200 97035 "-" "Mozilla/5.0 (Linux; Android 6.0.1; Nexus 5X Build/MMB29P) AppleWebKit/537.36 (KHTML, like Gecko) Chrome/150.0.7871.128 Mobile Safari/537.36 (compatible; GoogleOther)"
66.249.77.2 - - [21/Jul/2026:18:18:33 +0000] "GET /?j=8848713873 HTTP/1.1" 200 97035 "-" "Mozilla/5.0 (Linux; Android 6.0.1; Nexus 5X Build/MMB29P) AppleWebKit/537.36 (KHTML, like Gecko) Chrome/150.0.7871.128 Mobile Safari/537.36 (compatible; GoogleOther)"
198.177.124.148 - - [21/Jul/2026:18:19:54 +0000] "POST /wp-cron.php?doing_wp_cron=1784657994.7237539291381835937500 HTTP/1.1" 200 - "-" "WordPress/7.0.2; https://salemconcept.shop"
66.249.77.1 - - [21/Jul/2026:18:19:53 +0000] "GET /?x=65569129611 HTTP/1.1" 200 97035 "-" "Mozilla/5.0 (Linux; Android 6.0.1; Nexus 5X Build/MMB29P) AppleWebKit/537.36 (KHTML, like Gecko) Chrome/150.0.7871.128 Mobile Safari/537.36 (compatible; GoogleOther)"
198.177.124.148 - - [21/Jul/2026:18:22:01 +0000] "POST /wp-cron.php?doing_wp_cron=1784658121.8762159347534179687500 HTTP/1.1" 200 - "-" "WordPress/7.0.2; https://salemconcept.shop"
66.249.77.2 - - [21/Jul/2026:18:21:57 +0000] "GET /?j=88487161788 HTTP/1.1" 200 97035 "-" "Mozilla/5.0 (Linux; Android 6.0.1; Nexus 5X Build/MMB29P) AppleWebKit/537.36 (KHTML, like Gecko) Chrome/150.0.7871.128 Mobile Safari/537.36 (compatible; GoogleOther)"
198.177.124.148 - - [21/Jul/2026:18:24:01 +0000] "POST /wp-cron.php?doing_wp_cron=1784658241.6014819145202636718750 HTTP/1.1" 200 - "-" "WordPress/7.0.2; https://salemconcept.shop"
66.249.77.3 - - [21/Jul/2026:18:23:58 +0000] "GET /?l=10697121955 HTTP/1.1" 200 97035 "-" "Mozilla/5.0 (Linux; Android 6.0.1; Nexus 5X Build/MMB29P) AppleWebKit/537.36 (KHTML, like Gecko) Chrome/150.0.7871.128 Mobile Safari/537.36 (compatible; GoogleOther)"
66.249.77.3 - - [21/Jul/2026:18:24:01 +0000] "GET /robots.txt HTTP/1.1" 200 118 "-" "Mozilla/5.0 (compatible; Googlebot/2.1; +http://www.google.com/bot.html)"
66.249.77.1 - - [21/Jul/2026:18:24:43 +0000] "GET /?j=88487126572 HTTP/1.1" 200 97035 "-" "Mozilla/5.0 (Linux; Android 6.0.1; Nexus 5X Build/MMB29P) AppleWebKit/537.36 (KHTML, like Gecko) Chrome/150.0.7871.128 Mobile Safari/537.36 (compatible; GoogleOther)"
198.177.124.148 - - [21/Jul/2026:18:25:06 +0000] "POST /wp-cron.php?doing_wp_cron=1784658306.5624508857727050781250 HTTP/1.1" 200 - "-" "WordPress/7.0.2; https://salemconcept.shop"
66.249.77.3 - - [21/Jul/2026:18:25:03 +0000] "GET /?l=10697115944 HTTP/1.1" 200 97035 "-" "Mozilla/5.0 (Linux; Android 6.0.1; Nexus 5X Build/MMB29P) AppleWebKit/537.36 (KHTML, like Gecko) Chrome/150.0.7871.128 Mobile Safari/537.36 (compatible; GoogleOther)"
66.249.77.1 - - [21/Jul/2026:18:25:34 +0000] "GET /?j=88487196373 HTTP/1.1" 200 97035 "-" "Mozilla/5.0 (Linux; Android 6.0.1; Nexus 5X Build/MMB29P) AppleWebKit/537.36 (KHTML, like Gecko) Chrome/150.0.7871.128 Mobile Safari/537.36 (compatible; GoogleOther)"
198.177.124.148 - - [21/Jul/2026:18:25:55 +0000] "POST /wp-cron.php?doing_wp_cron=1784658355.3845560550689697265625 HTTP/1.1" 200 - "-" "WordPress/7.0.2; https://salemconcept.shop"
66.249.77.1 - - [21/Jul/2026:18:25:54 +0000] "GET /robots.txt HTTP/1.1" 200 118 "-" "Mozilla/5.0 (compatible; Googlebot/2.1; +http://www.google.com/bot.html)"
198.177.124.148 - - [21/Jul/2026:18:26:51 +0000] "POST /wp-cron.php?doing_wp_cron=1784658411.0734190940856933593750 HTTP/1.1" 200 - "-" "WordPress/7.0.2; https://salemconcept.shop"
66.249.77.3 - - [21/Jul/2026:18:26:47 +0000] "GET /?j=88487114868 HTTP/1.1" 200 97035 "-" "Mozilla/5.0 (Linux; Android 6.0.1; Nexus 5X Build/MMB29P) AppleWebKit/537.36 (KHTML, like Gecko) Chrome/150.0.7871.128 Mobile Safari/537.36 (compatible; GoogleOther)"
66.249.77.1 - - [21/Jul/2026:18:27:36 +0000] "GET /?l=10697295210 HTTP/1.1" 200 97035 "-" "Mozilla/5.0 (Linux; Android 6.0.1; Nexus 5X Build/MMB29P) AppleWebKit/537.36 (KHTML, like Gecko) Chrome/150.0.7871.128 Mobile Safari/537.36 (compatible; GoogleOther)"
66.249.77.2 - - [21/Jul/2026:18:27:39 +0000] "GET /robots.txt HTTP/1.1" 200 118 "-" "Mozilla/5.0 (compatible; Googlebot/2.1; +http://www.google.com/bot.html)"
198.177.124.148 - - [21/Jul/2026:18:28:25 +0000] "POST /wp-cron.php?doing_wp_cron=1784658505.1444120407104492187500 HTTP/1.1" 200 - "-" "WordPress/7.0.2; https://salemconcept.shop"
66.249.77.2 - - [21/Jul/2026:18:28:22 +0000] "GET /?j=88487284153 HTTP/1.1" 200 97035 "-" "Mozilla/5.0 (Linux; Android 6.0.1; Nexus 5X Build/MMB29P) AppleWebKit/537.36 (KHTML, like Gecko) Chrome/150.0.7871.128 Mobile Safari/537.36 (compatible; GoogleOther)"
198.177.124.148 - - [21/Jul/2026:18:29:16 +0000] "POST /wp-cron.php?doing_wp_cron=1784658555.9707899093627929687500 HTTP/1.1" 200 - "-" "WordPress/7.0.2; https://salemconcept.shop"
66.249.77.2 - - [21/Jul/2026:18:29:14 +0000] "GET /?o=7104622891 HTTP/1.1" 200 97035 "-" "Mozilla/5.0 (Linux; Android 6.0.1; Nexus 5X Build/MMB29P) AppleWebKit/537.36 (KHTML, like Gecko) Chrome/150.0.7871.128 Mobile Safari/537.36 (compatible; GoogleOther)"
66.249.77.1 - - [21/Jul/2026:18:29:32 +0000] "GET /robots.txt HTTP/1.1" 200 118 "-" "Mozilla/5.0 (compatible; Googlebot/2.1; +http://www.google.com/bot.html)"
198.177.124.148 - - [21/Jul/2026:18:30:25 +0000] "POST /wp-cron.php?doing_wp_cron=1784658624.9847579002380371093750 HTTP/1.1" 200 - "-" "WordPress/7.0.2; https://salemconcept.shop"
66.249.77.2 - - [21/Jul/2026:18:30:22 +0000] "GET /?x=65569212464 HTTP/1.1" 200 97035 "-" "Mozilla/5.0 (Linux; Android 6.0.1; Nexus 5X Build/MMB29P) AppleWebKit/537.36 (KHTML, like Gecko) Chrome/150.0.7871.128 Mobile Safari/537.36 (compatible; GoogleOther)"
198.177.124.148 - - [21/Jul/2026:18:31:37 +0000] "POST /wp-cron.php?doing_wp_cron=1784658697.3975739479064941406250 HTTP/1.1" 200 - "-" "WordPress/7.0.2; https://salemconcept.shop"
66.249.77.2 - - [21/Jul/2026:18:31:35 +0000] "GET /robots.txt HTTP/1.1" 200 118 "-" "Mozilla/5.0 (compatible; Googlebot/2.1; +http://www.google.com/bot.html)"
198.177.124.148 - - [21/Jul/2026:18:32:22 +0000] "POST /wp-cron.php?doing_wp_cron=1784658741.9910991191864013671875 HTTP/1.1" 200 - "-" "WordPress/7.0.2; https://salemconcept.shop"
66.249.77.1 - - [21/Jul/2026:18:32:19 +0000] "GET /?l=10697137925 HTTP/1.1" 200 97035 "-" "Mozilla/5.0 (Linux; Android 6.0.1; Nexus 5X Build/MMB29P) AppleWebKit/537.36 (KHTML, like Gecko) Chrome/150.0.7871.128 Mobile Safari/537.36 (compatible; GoogleOther)"
198.177.124.148 - - [21/Jul/2026:18:33:05 +0000] "POST /wp-cron.php?doing_wp_cron=1784658785.3757250308990478515625 HTTP/1.1" 200 - "-" "WordPress/7.0.2; https://salemconcept.shop"
66.249.77.3 - - [21/Jul/2026:18:33:03 +0000] "GET /robots.txt HTTP/1.1" 200 118 "-" "Mozilla/5.0 (compatible; Googlebot/2.1; +http://www.google.com/bot.html)"
198.177.124.148 - - [21/Jul/2026:18:33:56 +0000] "POST /wp-cron.php?doing_wp_cron=1784658836.3897600173950195312500 HTTP/1.1" 200 - "-" "WordPress/7.0.2; https://salemconcept.shop"
66.249.77.1 - - [21/Jul/2026:18:33:54 +0000] "GET /?h=8783522058 HTTP/1.1" 200 97035 "-" "Mozilla/5.0 (Linux; Android 6.0.1; Nexus 5X Build/MMB29P) AppleWebKit/537.36 (KHTML, like Gecko) Chrome/150.0.7871.128 Mobile Safari/537.36 (compatible; GoogleOther)"
66.249.77.2 - - [21/Jul/2026:18:34:40 +0000] "GET /robots.txt HTTP/1.1" 200 118 "-" "Mozilla/5.0 (compatible; Googlebot/2.1; +http://www.google.com/bot.html)"
198.177.124.148 - - [21/Jul/2026:18:35:28 +0000] "POST /wp-cron.php?doing_wp_cron=1784658928.9680919647216796875000 HTTP/1.1" 200 - "-" "WordPress/7.0.2; https://salemconcept.shop"
66.249.77.2 - - [21/Jul/2026:18:35:26 +0000] "GET /?r=3626179293 HTTP/1.1" 200 97035 "-" "Mozilla/5.0 (Linux; Android 6.0.1; Nexus 5X Build/MMB29P) AppleWebKit/537.36 (KHTML, like Gecko) Chrome/150.0.7871.128 Mobile Safari/537.36 (compatible; GoogleOther)"
198.177.124.148 - - [21/Jul/2026:18:35:56 +0000] "POST /wp-cron.php?doing_wp_cron=1784658956.3861999511718750000000 HTTP/1.1" 200 - "-" "WordPress/7.0.2; https://salemconcept.shop"
66.249.77.1 - - [21/Jul/2026:18:35:55 +0000] "GET /robots.txt HTTP/1.1" 200 118 "-" "Mozilla/5.0 (compatible; Googlebot/2.1; +http://www.google.com/bot.html)"
66.249.77.3 - - [21/Jul/2026:18:36:56 +0000] "GET /?h=878355905 HTTP/1.1" 200 97035 "-" "Mozilla/5.0 (Linux; Android 6.0.1; Nexus 5X Build/MMB29P) AppleWebKit/537.36 (KHTML, like Gecko) Chrome/150.0.7871.128 Mobile Safari/537.36 (compatible; GoogleOther)"
198.177.124.148 - - [21/Jul/2026:18:37:50 +0000] "POST /wp-cron.php?doing_wp_cron=1784659070.9114038944244384765625 HTTP/1.1" 200 - "-" "WordPress/7.0.2; https://salemconcept.shop"
98.98.190.21 - - [21/Jul/2026:18:37:49 +0000] "POST /wp-login.php HTTP/1.1" 200 5127 "-" "Mozilla/5.0"
66.249.77.3 - - [21/Jul/2026:18:38:01 +0000] "GET /?j=88487230571 HTTP/1.1" 200 97035 "-" "Mozilla/5.0 (Linux; Android 6.0.1; Nexus 5X Build/MMB29P) AppleWebKit/537.36 (KHTML, like Gecko) Chrome/150.0.7871.128 Mobile Safari/537.36 (compatible; GoogleOther)"
198.177.124.148 - - [21/Jul/2026:18:40:11 +0000] "POST /wp-cron.php?doing_wp_cron=1784659211.8090529441833496093750 HTTP/1.1" 200 - "-" "WordPress/7.0.2; https://salemconcept.shop"
66.249.77.1 - - [21/Jul/2026:18:40:09 +0000] "GET /?l=1069738503 HTTP/1.1" 200 97035 "-" "Mozilla/5.0 (Linux; Android 6.0.1; Nexus 5X Build/MMB29P) AppleWebKit/537.36 (KHTML, like Gecko) Chrome/150.0.7871.128 Mobile Safari/537.36 (compatible; GoogleOther)"
198.177.124.148 - - [21/Jul/2026:18:40:50 +0000] "POST /wp-cron.php?doing_wp_cron=1784659250.1708040237426757812500 HTTP/1.1" 200 - "-" "WordPress/7.0.2; https://salemconcept.shop"
66.249.77.2 - - [21/Jul/2026:18:40:46 +0000] "GET /?x=6556966908 HTTP/1.1" 200 97035 "-" "Mozilla/5.0 (Linux; Android 6.0.1; Nexus 5X Build/MMB29P) AppleWebKit/537.36 (KHTML, like Gecko) Chrome/150.0.7871.128 Mobile Safari/537.36 (compatible; GoogleOther)"
66.249.72.233 - - [21/Jul/2026:18:40:50 +0000] "GET /robots.txt HTTP/1.1" 301 - "-" "Mozilla/5.0 (compatible; Googlebot/2.1; +http://www.google.com/bot.html)"
98.98.190.21 - - [21/Jul/2026:18:40:54 +0000] "POST /wp-login.php HTTP/1.1" 200 5127 "-" "Mozilla/5.0"
66.249.72.235 - - [21/Jul/2026:18:41:39 +0000] "GET /?h=87835154628 HTTP/1.1" 301 - "-" "Mozilla/5.0 (Linux; Android 6.0.1; Nexus 5X Build/MMB29P) AppleWebKit/537.36 (KHTML, like Gecko) Chrome/150.0.7871.128 Mobile Safari/537.36 (compatible; GoogleOther)"
198.177.124.148 - - [21/Jul/2026:18:42:41 +0000] "POST /wp-cron.php?doing_wp_cron=1784659361.1828079223632812500000 HTTP/1.1" 200 - "-" "WordPress/7.0.2; https://salemconcept.shop"
66.249.77.1 - - [21/Jul/2026:18:42:39 +0000] "GET /?h=87835154628 HTTP/1.1" 200 97035 "-" "Mozilla/5.0 (Linux; Android 6.0.1; Nexus 5X Build/MMB29P) AppleWebKit/537.36 (KHTML, like Gecko) Chrome/150.0.7871.128 Mobile Safari/537.36 (compatible; GoogleOther)"
198.177.124.148 - - [21/Jul/2026:18:43:11 +0000] "POST /wp-cron.php?doing_wp_cron=1784659391.6234729290008544921875 HTTP/1.1" 200 - "-" "WordPress/7.0.2; https://salemconcept.shop"
66.249.77.2 - - [21/Jul/2026:18:43:10 +0000] "GET /?j=88487228163 HTTP/1.1" 200 97035 "-" "Mozilla/5.0 (Linux; Android 6.0.1; Nexus 5X Build/MMB29P) AppleWebKit/537.36 (KHTML, like Gecko) Chrome/150.0.7871.128 Mobile Safari/537.36 (compatible; GoogleOther)"
198.177.124.148 - - [21/Jul/2026:18:44:21 +0000] "POST /wp-cron.php?doing_wp_cron=1784659461.2111599445343017578125 HTTP/1.1" 200 - "-" "WordPress/7.0.2; https://salemconcept.shop"
98.98.190.21 - - [21/Jul/2026:18:44:20 +0000] "POST /wp-login.php HTTP/1.1" 200 5127 "-" "Mozilla/5.0"
66.249.77.3 - - [21/Jul/2026:18:44:32 +0000] "GET /?j=8848750701 HTTP/1.1" 200 97035 "-" "Mozilla/5.0 (Linux; Android 6.0.1; Nexus 5X Build/MMB29P) AppleWebKit/537.36 (KHTML, like Gecko) Chrome/150.0.7871.128 Mobile Safari/537.36 (compatible; GoogleOther)"
198.177.124.148 - - [21/Jul/2026:18:46:20 +0000] "POST /wp-cron.php?doing_wp_cron=1784659580.2561619281768798828125 HTTP/1.1" 200 - "-" "WordPress/7.0.2; https://salemconcept.shop"
66.249.77.1 - - [21/Jul/2026:18:46:18 +0000] "GET /?j=88487116801 HTTP/1.1" 200 97035 "-" "Mozilla/5.0 (Linux; Android 6.0.1; Nexus 5X Build/MMB29P) AppleWebKit/537.36 (KHTML, like Gecko) Chrome/150.0.7871.128 Mobile Safari/537.36 (compatible; GoogleOther)"
198.177.124.148 - - [21/Jul/2026:18:47:55 +0000] "POST /wp-cron.php?doing_wp_cron=1784659675.2979650497436523437500 HTTP/1.1" 200 - "-" "WordPress/7.0.2; https://salemconcept.shop"
98.98.190.21 - - [21/Jul/2026:18:47:53 +0000] "POST /wp-login.php HTTP/1.1" 200 5127 "-" "Mozilla/5.0"
205.185.126.29 - - [21/Jul/2026:18:47:54 +0000] "POST /?rest_route=/batch/v1 HTTP/1.1" 207 478 "-" "wp2shell/1.0"
205.185.126.29 - - [21/Jul/2026:18:47:55 +0000] "POST /?rest_route=/batch/v1 HTTP/1.1" 207 478 "-" "wp2shell/1.0"
205.185.126.29 - - [21/Jul/2026:18:47:56 +0000] "POST /?rest_route=/batch/v1 HTTP/1.1" 207 478 "-" "wp2shell/1.0"
205.185.126.29 - - [21/Jul/2026:18:47:57 +0000] "POST /?rest_route=/batch/v1 HTTP/1.1" 207 478 "-" "wp2shell/1.0"
198.177.124.148 - - [21/Jul/2026:18:49:57 +0000] "POST /wp-cron.php?doing_wp_cron=1784659797.9294290542602539062500 HTTP/1.1" 200 - "-" "WordPress/7.0.2; https://salemconcept.shop"
66.249.77.1 - - [21/Jul/2026:18:49:56 +0000] "GET /?j=8848733358 HTTP/1.1" 200 97035 "-" "Mozilla/5.0 (Linux; Android 6.0.1; Nexus 5X Build/MMB29P) AppleWebKit/537.36 (KHTML, like Gecko) Chrome/150.0.7871.128 Mobile Safari/537.36 (compatible; GoogleOther)"
198.177.124.148 - - [21/Jul/2026:18:51:38 +0000] "POST /wp-cron.php?doing_wp_cron=1784659898.9327600002288818359375 HTTP/1.1" 200 - "-" "WordPress/7.0.2; https://salemconcept.shop"
98.98.190.21 - - [21/Jul/2026:18:51:37 +0000] "POST /wp-login.php HTTP/1.1" 200 5127 "-" "Mozilla/5.0"
198.177.124.148 - - [21/Jul/2026:18:52:07 +0000] "POST /wp-cron.php?doing_wp_cron=1784659927.1507558822631835937500 HTTP/1.1" 200 - "-" "WordPress/7.0.2; https://salemconcept.shop"
66.249.77.3 - - [21/Jul/2026:18:52:06 +0000] "GET /?x=65569218812 HTTP/1.1" 200 97035 "-" "Mozilla/5.0 (Linux; Android 6.0.1; Nexus 5X Build/MMB29P) AppleWebKit/537.36 (KHTML, like Gecko) Chrome/150.0.7871.128 Mobile Safari/537.36 (compatible; GoogleOther)"
66.249.77.1 - - [21/Jul/2026:18:52:30 +0000] "GET /?l=10697249861 HTTP/1.1" 200 97035 "-" "Mozilla/5.0 (Linux; Android 6.0.1; Nexus 5X Build/MMB29P) AppleWebKit/537.36 (KHTML, like Gecko) Chrome/150.0.7871.128 Mobile Safari/537.36 (compatible; GoogleOther)"
198.177.124.148 - - [21/Jul/2026:18:53:31 +0000] "POST /wp-cron.php?doing_wp_cron=1784660011.7298491001129150390625 HTTP/1.1" 200 - "-" "WordPress/7.0.2; https://salemconcept.shop"
66.249.77.2 - - [21/Jul/2026:18:53:30 +0000] "GET /?l=10697288527 HTTP/1.1" 200 97035 "-" "Mozilla/5.0 (Linux; Android 6.0.1; Nexus 5X Build/MMB29P) AppleWebKit/537.36 (KHTML, like Gecko) Chrome/150.0.7871.128 Mobile Safari/537.36 (compatible; GoogleOther)"
198.177.124.148 - - [21/Jul/2026:18:54:04 +0000] "POST /wp-cron.php?doing_wp_cron=1784660044.8347098827362060546875 HTTP/1.1" 200 - "-" "WordPress/7.0.2; https://salemconcept.shop"
66.249.77.1 - - [21/Jul/2026:18:54:03 +0000] "GET /?l=10697240672 HTTP/1.1" 200 97035 "-" "Mozilla/5.0 (Linux; Android 6.0.1; Nexus 5X Build/MMB29P) AppleWebKit/537.36 (KHTML, like Gecko) Chrome/150.0.7871.128 Mobile Safari/537.36 (compatible; Googlebot/2.1; +http://www.google.com/bot.html)"
198.177.124.148 - - [21/Jul/2026:18:55:25 +0000] "POST /wp-cron.php?doing_wp_cron=1784660125.2755699157714843750000 HTTP/1.1" 200 - "-" "WordPress/7.0.2; https://salemconcept.shop"
98.98.190.21 - - [21/Jul/2026:18:55:22 +0000] "POST /wp-login.php HTTP/1.1" 200 5127 "-" "Mozilla/5.0"
198.177.124.148 - - [21/Jul/2026:18:56:26 +0000] "POST /wp-cron.php?doing_wp_cron=1784660186.2883820533752441406250 HTTP/1.1" 200 - "-" "WordPress/7.0.2; https://salemconcept.shop"
66.249.77.2 - - [21/Jul/2026:18:56:24 +0000] "GET /?h=87835104824 HTTP/1.1" 200 97035 "-" "Mozilla/5.0 (Linux; Android 6.0.1; Nexus 5X Build/MMB29P) AppleWebKit/537.36 (KHTML, like Gecko) Chrome/150.0.7871.128 Mobile Safari/537.36 (compatible; GoogleOther)"
66.249.77.2 - - [21/Jul/2026:18:56:28 +0000] "GET /wp-content/plugins/pixelyoursite/dist/scripts/tld.min.js?ver=2.3.1 HTTP/1.1" 200 141079 "https://salemconcept.shop/?h=87835104824" "Mozilla/5.0 (Linux; Android 6.0.1; Nexus 5X Build/MMB29P) AppleWebKit/537.36 (KHTML, like Gecko) Chrome/150.0.7871.128 Mobile Safari/537.36 (compatible; GoogleOther)"
66.249.77.1 - - [21/Jul/2026:18:56:49 +0000] "GET /?h=8783547172 HTTP/1.1" 200 97035 "-" "Mozilla/5.0 (Linux; Android 6.0.1; Nexus 5X Build/MMB29P) AppleWebKit/537.36 (KHTML, like Gecko) Chrome/150.0.7871.128 Mobile Safari/537.36 (compatible; GoogleOther)"
198.177.124.148 - - [21/Jul/2026:18:58:07 +0000] "POST /wp-cron.php?doing_wp_cron=1784660287.3088629245758056640625 HTTP/1.1" 200 - "-" "WordPress/7.0.2; https://salemconcept.shop"
66.249.77.1 - - [21/Jul/2026:18:58:05 +0000] "GET /?x=6556950309 HTTP/1.1" 200 97035 "-" "Mozilla/5.0 (Linux; Android 6.0.1; Nexus 5X Build/MMB29P) AppleWebKit/537.36 (KHTML, like Gecko) Chrome/150.0.7871.128 Mobile Safari/537.36 (compatible; GoogleOther)"
66.249.77.1 - - [21/Jul/2026:18:58:40 +0000] "GET /?x=6556921949 HTTP/1.1" 200 97035 "-" "Mozilla/5.0 (Linux; Android 6.0.1; Nexus 5X Build/MMB29P) AppleWebKit/537.36 (KHTML, like Gecko) Chrome/150.0.7871.128 Mobile Safari/537.36 (compatible; GoogleOther)"
198.177.124.148 - - [21/Jul/2026:18:59:05 +0000] "POST /wp-cron.php?doing_wp_cron=1784660345.7282819747924804687500 HTTP/1.1" 200 - "-" "WordPress/7.0.2; https://salemconcept.shop"
98.98.190.21 - - [21/Jul/2026:18:59:04 +0000] "POST /wp-login.php HTTP/1.1" 200 5127 "-" "Mozilla/5.0"
198.177.124.148 - - [21/Jul/2026:19:00:13 +0000] "POST /wp-cron.php?doing_wp_cron=1784660413.0575749874114990234375 HTTP/1.1" 200 - "-" "WordPress/7.0.2; https://salemconcept.shop"
66.249.77.3 - - [21/Jul/2026:19:00:10 +0000] "GET /?o=71046260424 HTTP/1.1" 200 97035 "-" "Mozilla/5.0 (Linux; Android 6.0.1; Nexus 5X Build/MMB29P) AppleWebKit/537.36 (KHTML, like Gecko) Chrome/150.0.7871.128 Mobile Safari/537.36 (compatible; GoogleOther)"
66.249.77.1 - - [21/Jul/2026:19:00:35 +0000] "GET /?j=88487233120 HTTP/1.1" 200 97035 "-" "Mozilla/5.0 (Linux; Android 6.0.1; Nexus 5X Build/MMB29P) AppleWebKit/537.36 (KHTML, like Gecko) Chrome/150.0.7871.128 Mobile Safari/537.36 (compatible; GoogleOther)"
198.177.124.148 - - [21/Jul/2026:19:00:56 +0000] "POST /wp-cron.php?doing_wp_cron=1784660456.6763389110565185546875 HTTP/1.1" 200 - "-" "WordPress/7.0.2; https://salemconcept.shop"
66.249.77.1 - - [21/Jul/2026:19:00:55 +0000] "GET /?j=88487164915 HTTP/1.1" 200 97035 "-" "Mozilla/5.0 (Linux; Android 6.0.1; Nexus 5X Build/MMB29P) AppleWebKit/537.36 (KHTML, like Gecko) Chrome/150.0.7871.128 Mobile Safari/537.36 (compatible; GoogleOther)"
66.249.77.1 - - [21/Jul/2026:19:01:09 +0000] "GET /?r=3626120708 HTTP/1.1" 200 97035 "-" "Mozilla/5.0 (Linux; Android 6.0.1; Nexus 5X Build/MMB29P) AppleWebKit/537.36 (KHTML, like Gecko) Chrome/150.0.7871.128 Mobile Safari/537.36 (compatible; GoogleOther)"
198.177.124.148 - - [21/Jul/2026:19:02:22 +0000] "POST /wp-cron.php?doing_wp_cron=1784660542.0849020481109619140625 HTTP/1.1" 200 - "-" "WordPress/7.0.2; https://salemconcept.shop"
66.249.77.1 - - [21/Jul/2026:19:02:20 +0000] "GET /?j=88487170961 HTTP/1.1" 200 97035 "-" "Mozilla/5.0 (Linux; Android 6.0.1; Nexus 5X Build/MMB29P) AppleWebKit/537.36 (KHTML, like Gecko) Chrome/150.0.7871.128 Mobile Safari/537.36 (compatible; GoogleOther)"
98.98.190.21 - - [21/Jul/2026:19:02:45 +0000] "POST /wp-login.php HTTP/1.1" 200 5127 "-" "Mozilla/5.0"
198.177.124.148 - - [21/Jul/2026:19:02:49 +0000] "POST /wp-cron.php?doing_wp_cron=1784660569.6709110736846923828125 HTTP/1.1" 200 - "-" "WordPress/7.0.2; https://salemconcept.shop"
66.249.77.1 - - [21/Jul/2026:19:02:48 +0000] "GET /?x=65569159073 HTTP/1.1" 200 97035 "-" "Mozilla/5.0 (Linux; Android 6.0.1; Nexus 5X Build/MMB29P) AppleWebKit/537.36 (KHTML, like Gecko) Chrome/150.0.7871.128 Mobile Safari/537.36 (compatible; GoogleOther)"
198.177.124.148 - - [21/Jul/2026:19:04:19 +0000] "POST /wp-cron.php?doing_wp_cron=1784660659.2566881179809570312500 HTTP/1.1" 200 - "-" "WordPress/7.0.2; https://salemconcept.shop"
66.249.77.2 - - [21/Jul/2026:19:04:17 +0000] "GET /?l=10697275677 HTTP/1.1" 200 97035 "-" "Mozilla/5.0 (Linux; Android 6.0.1; Nexus 5X Build/MMB29P) AppleWebKit/537.36 (KHTML, like Gecko) Chrome/150.0.7871.128 Mobile Safari/537.36 (compatible; GoogleOther)"
198.177.124.148 - - [21/Jul/2026:19:05:11 +0000] "POST /wp-cron.php?doing_wp_cron=1784660711.2273819446563720703125 HTTP/1.1" 200 - "-" "WordPress/7.0.2; https://salemconcept.shop"
66.249.77.3 - - [21/Jul/2026:19:05:09 +0000] "GET /?x=6556913841 HTTP/1.1" 200 97035 "-" "Mozilla/5.0 (Linux; Android 6.0.1; Nexus 5X Build/MMB29P) AppleWebKit/537.36 (KHTML, like Gecko) Chrome/150.0.7871.128 Mobile Safari/537.36 (compatible; GoogleOther)"
66.249.77.1 - - [21/Jul/2026:19:05:19 +0000] "GET /?h=8783573495 HTTP/1.1" 200 97035 "-" "Mozilla/5.0 (Linux; Android 6.0.1; Nexus 5X Build/MMB29P) AppleWebKit/537.36 (KHTML, like Gecko) Chrome/150.0.7871.128 Mobile Safari/537.36 (compatible; GoogleOther)"
198.177.124.148 - - [21/Jul/2026:19:05:53 +0000] "POST /wp-cron.php?doing_wp_cron=1784660753.4455010890960693359375 HTTP/1.1" 200 - "-" "WordPress/7.0.2; https://salemconcept.shop"
66.249.77.3 - - [21/Jul/2026:19:05:52 +0000] "GET /?j=88487219251 HTTP/1.1" 200 97035 "-" "Mozilla/5.0 (Linux; Android 6.0.1; Nexus 5X Build/MMB29P) AppleWebKit/537.36 (KHTML, like Gecko) Chrome/150.0.7871.128 Mobile Safari/537.36 (compatible; GoogleOther)"
66.249.77.2 - - [21/Jul/2026:19:06:12 +0000] "GET /?j=88487129957 HTTP/1.1" 200 97035 "-" "Mozilla/5.0 (Linux; Android 6.0.1; Nexus 5X Build/MMB29P) AppleWebKit/537.36 (KHTML, like Gecko) Chrome/150.0.7871.128 Mobile Safari/537.36 (compatible; GoogleOther)"
66.249.77.1 - - [21/Jul/2026:19:06:25 +0000] "GET /?x=65569217428 HTTP/1.1" 200 97035 "-" "Mozilla/5.0 (Linux; Android 6.0.1; Nexus 5X Build/MMB29P) AppleWebKit/537.36 (KHTML, like Gecko) Chrome/150.0.7871.128 Mobile Safari/537.36 (compatible; GoogleOther)"
98.98.190.21 - - [21/Jul/2026:19:06:33 +0000] "POST /wp-login.php HTTP/1.1" 200 5127 "-" "Mozilla/5.0"
66.249.77.1 - - [21/Jul/2026:19:06:34 +0000] "GET /?j=88487264066 HTTP/1.1" 200 97035 "-" "Mozilla/5.0 (Linux; Android 6.0.1; Nexus 5X Build/MMB29P) AppleWebKit/537.36 (KHTML, like Gecko) Chrome/150.0.7871.128 Mobile Safari/537.36 (compatible; GoogleOther)"
198.177.124.148 - - [21/Jul/2026:19:07:17 +0000] "POST /wp-cron.php?doing_wp_cron=1784660837.9342460632324218750000 HTTP/1.1" 200 - "-" "WordPress/7.0.2; https://salemconcept.shop"
66.249.77.3 - - [21/Jul/2026:19:07:16 +0000] "GET /?j=8848722653 HTTP/1.1" 200 97035 "-" "Mozilla/5.0 (Linux; Android 6.0.1; Nexus 5X Build/MMB29P) AppleWebKit/537.36 (KHTML, like Gecko) Chrome/150.0.7871.128 Mobile Safari/537.36 (compatible; GoogleOther)"
198.177.124.148 - - [21/Jul/2026:19:07:50 +0000] "POST /wp-cron.php?doing_wp_cron=1784660870.6124179363250732421875 HTTP/1.1" 200 - "-" "WordPress/7.0.2; https://salemconcept.shop"
66.249.77.2 - - [21/Jul/2026:19:07:49 +0000] "GET /?j=8848769308 HTTP/1.1" 200 97035 "-" "Mozilla/5.0 (Linux; Android 6.0.1; Nexus 5X Build/MMB29P) AppleWebKit/537.36 (KHTML, like Gecko) Chrome/150.0.7871.128 Mobile Safari/537.36 (compatible; GoogleOther)"
66.249.77.3 - - [21/Jul/2026:19:08:06 +0000] "GET /?x=65569112838 HTTP/1.1" 200 97035 "-" "Mozilla/5.0 (Linux; Android 6.0.1; Nexus 5X Build/MMB29P) AppleWebKit/537.36 (KHTML, like Gecko) Chrome/150.0.7871.128 Mobile Safari/537.36 (compatible; GoogleOther)"
198.177.124.148 - - [21/Jul/2026:19:10:31 +0000] "POST /wp-cron.php?doing_wp_cron=1784661031.1294989585876464843750 HTTP/1.1" 200 - "-" "WordPress/7.0.2; https://salemconcept.shop"
98.98.190.21 - - [21/Jul/2026:19:10:30 +0000] "POST /wp-login.php HTTP/1.1" 200 5127 "-" "Mozilla/5.0"
198.177.124.148 - - [21/Jul/2026:19:11:58 +0000] "POST /wp-cron.php?doing_wp_cron=1784661118.7640450000762939453125 HTTP/1.1" 200 - "-" "WordPress/7.0.2; https://salemconcept.shop"
66.249.77.3 - - [21/Jul/2026:19:11:57 +0000] "GET /?l=10697284150 HTTP/1.1" 200 97035 "-" "Mozilla/5.0 (Linux; Android 6.0.1; Nexus 5X Build/MMB29P) AppleWebKit/537.36 (KHTML, like Gecko) Chrome/150.0.7871.128 Mobile Safari/537.36 (compatible; GoogleOther)"
66.249.77.2 - - [21/Jul/2026:19:12:20 +0000] "GET /?h=87835135191 HTTP/1.1" 200 97035 "-" "Mozilla/5.0 (Linux; Android 6.0.1; Nexus 5X Build/MMB29P) AppleWebKit/537.36 (KHTML, like Gecko) Chrome/150.0.7871.128 Mobile Safari/537.36 (compatible; GoogleOther)"
198.177.124.148 - - [21/Jul/2026:19:13:10 +0000] "POST /wp-cron.php?doing_wp_cron=1784661190.9397659301757812500000 HTTP/1.1" 200 - "-" "WordPress/7.0.2; https://salemconcept.shop"
66.249.77.2 - - [21/Jul/2026:19:13:09 +0000] "GET /?j=88487140615 HTTP/1.1" 200 97035 "-" "Mozilla/5.0 (Linux; Android 6.0.1; Nexus 5X Build/MMB29P) AppleWebKit/537.36 (KHTML, like Gecko) Chrome/150.0.7871.128 Mobile Safari/537.36 (compatible; GoogleOther)"
198.177.124.148 - - [21/Jul/2026:19:14:04 +0000] "POST /wp-cron.php?doing_wp_cron=1784661244.0019829273223876953125 HTTP/1.1" 200 - "-" "WordPress/7.0.2; https://salemconcept.shop"
66.249.77.1 - - [21/Jul/2026:19:14:01 +0000] "GET /?l=1069776423 HTTP/1.1" 200 97035 "-" "Mozilla/5.0 (Linux; Android 6.0.1; Nexus 5X Build/MMB29P) AppleWebKit/537.36 (KHTML, like Gecko) Chrome/150.0.7871.128 Mobile Safari/537.36 (compatible; GoogleOther)"
104.28.156.138 - - [21/Jul/2026:19:14:11 +0000] "GET /wp-login.php HTTP/1.1" 200 4715 "-" "Mozilla/5.0 (Macintosh; Intel Mac OS X 10_15_7) AppleWebKit/605.1.15 Version/17.0 Safari/605.1.15"
104.28.156.138 - - [21/Jul/2026:19:14:13 +0000] "GET /?author=1 HTTP/1.1" 301 - "-" "Mozilla/5.0 (Macintosh; Intel Mac OS X 10_15_7) AppleWebKit/605.1.15 Version/17.0 Safari/605.1.15"
104.28.156.138 - - [21/Jul/2026:19:14:15 +0000] "GET /?rest_route=/wp/v2/users HTTP/1.1" 200 772 "-" "Mozilla/5.0 (Windows NT 10.0; Win64; x64) AppleWebKit/537.36 Chrome/129.0.0.0 Safari/537.36"
98.98.190.21 - - [21/Jul/2026:19:14:23 +0000] "POST /wp-login.php HTTP/1.1" 200 5127 "-" "Mozilla/5.0"
66.249.77.2 - - [21/Jul/2026:19:14:35 +0000] "GET /?e=598563578 HTTP/1.1" 200 97035 "-" "Mozilla/5.0 (Linux; Android 6.0.1; Nexus 5X Build/MMB29P) AppleWebKit/537.36 (KHTML, like Gecko) Chrome/150.0.7871.128 Mobile Safari/537.36 (compatible; GoogleOther)"
198.177.124.148 - - [21/Jul/2026:19:16:17 +0000] "POST /wp-cron.php?doing_wp_cron=1784661377.0519609451293945312500 HTTP/1.1" 200 - "-" "WordPress/7.0.2; https://salemconcept.shop"
66.249.77.2 - - [21/Jul/2026:19:16:14 +0000] "GET /?h=87835154138 HTTP/1.1" 200 97035 "-" "Mozilla/5.0 (Linux; Android 6.0.1; Nexus 5X Build/MMB29P) AppleWebKit/537.36 (KHTML, like Gecko) Chrome/150.0.7871.128 Mobile Safari/537.36 (compatible; GoogleOther)"
198.177.124.148 - - [21/Jul/2026:19:17:08 +0000] "POST /wp-cron.php?doing_wp_cron=1784661428.3926870822906494140625 HTTP/1.1" 200 - "-" "WordPress/7.0.2; https://salemconcept.shop"
66.249.72.234 - - [21/Jul/2026:19:17:06 +0000] "GET /?l=10697126025 HTTP/1.1" 301 - "-" "Mozilla/5.0 (Linux; Android 6.0.1; Nexus 5X Build/MMB29P) AppleWebKit/537.36 (KHTML, like Gecko) Chrome/150.0.7871.128 Mobile Safari/537.36 (compatible; GoogleOther)"
66.249.77.3 - - [21/Jul/2026:19:17:30 +0000] "GET /?j=88487119014 HTTP/1.1" 200 97035 "-" "Mozilla/5.0 (Linux; Android 6.0.1; Nexus 5X Build/MMB29P) AppleWebKit/537.36 (KHTML, like Gecko) Chrome/150.0.7871.128 Mobile Safari/537.36 (compatible; GoogleOther)"
198.177.124.148 - - [21/Jul/2026:19:18:16 +0000] "POST /wp-cron.php?doing_wp_cron=1784661496.9442191123962402343750 HTTP/1.1" 200 - "-" "WordPress/7.0.2; https://salemconcept.shop"
98.98.190.21 - - [21/Jul/2026:19:18:15 +0000] "POST /wp-login.php HTTP/1.1" 200 5127 "-" "Mozilla/5.0"
66.249.77.3 - - [21/Jul/2026:19:18:23 +0000] "GET /?l=10697126025 HTTP/1.1" 200 97035 "-" "Mozilla/5.0 (Linux; Android 6.0.1; Nexus 5X Build/MMB29P) AppleWebKit/537.36 (KHTML, like Gecko) Chrome/150.0.7871.128 Mobile Safari/537.36 (compatible; GoogleOther)"
198.177.124.148 - - [21/Jul/2026:19:19:17 +0000] "POST /wp-cron.php?doing_wp_cron=1784661556.9660561084747314453125 HTTP/1.1" 200 - "-" "WordPress/7.0.2; https://salemconcept.shop"
66.249.77.1 - - [21/Jul/2026:19:19:14 +0000] "GET /?j=88487193704 HTTP/1.1" 200 97035 "-" "Mozilla/5.0 (Linux; Android 6.0.1; Nexus 5X Build/MMB29P) AppleWebKit/537.36 (KHTML, like Gecko) Chrome/150.0.7871.128 Mobile Safari/537.36 (compatible; GoogleOther)"
198.177.124.148 - - [21/Jul/2026:19:20:05 +0000] "POST /wp-cron.php?doing_wp_cron=1784661605.6459369659423828125000 HTTP/1.1" 200 - "-" "WordPress/7.0.2; https://salemconcept.shop"
66.249.77.1 - - [21/Jul/2026:19:20:01 +0000] "GET /?h=8783546028 HTTP/1.1" 200 97035 "-" "Mozilla/5.0 (Linux; Android 6.0.1; Nexus 5X Build/MMB29P) AppleWebKit/537.36 (KHTML, like Gecko) Chrome/150.0.7871.128 Mobile Safari/537.36 (compatible; GoogleOther)"
198.177.124.148 - - [21/Jul/2026:19:21:06 +0000] "POST /wp-cron.php?doing_wp_cron=1784661666.6559689044952392578125 HTTP/1.1" 200 - "-" "WordPress/7.0.2; https://salemconcept.shop"
66.249.77.1 - - [21/Jul/2026:19:21:04 +0000] "GET /?l=10697238760 HTTP/1.1" 200 97035 "-" "Mozilla/5.0 (Linux; Android 6.0.1; Nexus 5X Build/MMB29P) AppleWebKit/537.36 (KHTML, like Gecko) Chrome/150.0.7871.128 Mobile Safari/537.36 (compatible; GoogleOther)"
66.249.77.2 - - [21/Jul/2026:19:21:20 +0000] "GET /?x=65569126771 HTTP/1.1" 200 97035 "-" "Mozilla/5.0 (Linux; Android 6.0.1; Nexus 5X Build/MMB29P) AppleWebKit/537.36 (KHTML, like Gecko) Chrome/150.0.7871.128 Mobile Safari/537.36 (compatible; GoogleOther)"
66.249.77.1 - - [21/Jul/2026:19:21:33 +0000] "GET /?l=1069791846 HTTP/1.1" 200 97035 "-" "Mozilla/5.0 (Linux; Android 6.0.1; Nexus 5X Build/MMB29P) AppleWebKit/537.36 (KHTML, like Gecko) Chrome/150.0.7871.128 Mobile Safari/537.36 (compatible; GoogleOther)"
98.98.190.21 - - [21/Jul/2026:19:22:14 +0000] "POST /wp-login.php HTTP/1.1" 200 5127 "-" "Mozilla/5.0"
198.177.124.148 - - [21/Jul/2026:19:25:35 +0000] "POST /wp-cron.php?doing_wp_cron=1784661935.4062490463256835937500 HTTP/1.1" 200 - "-" "WordPress/7.0.2; https://salemconcept.shop"
66.249.77.1 - - [21/Jul/2026:19:25:31 +0000] "GET /?u=28438131879 HTTP/1.1" 200 97035 "-" "Mozilla/5.0 (Linux; Android 6.0.1; Nexus 5X Build/MMB29P) AppleWebKit/537.36 (KHTML, like Gecko) Chrome/150.0.7871.128 Mobile Safari/537.36 (compatible; Googlebot/2.1; +http://www.google.com/bot.html)"
198.177.124.148 - - [21/Jul/2026:19:26:05 +0000] "POST /wp-cron.php?doing_wp_cron=1784661965.0872979164123535156250 HTTP/1.1" 200 - "-" "WordPress/7.0.2; https://salemconcept.shop"
66.249.77.2 - - [21/Jul/2026:19:26:02 +0000] "GET /?l=10697290870 HTTP/1.1" 200 97035 "-" "Mozilla/5.0 (Linux; Android 6.0.1; Nexus 5X Build/MMB29P) AppleWebKit/537.36 (KHTML, like Gecko) Chrome/150.0.7871.128 Mobile Safari/537.36 (compatible; GoogleOther)"
98.98.190.21 - - [21/Jul/2026:19:26:09 +0000] "POST /wp-login.php HTTP/1.1" 200 5127 "-" "Mozilla/5.0"
66.249.77.1 - - [21/Jul/2026:19:26:37 +0000] "GET /?j=88487231812 HTTP/1.1" 200 97035 "-" "Mozilla/5.0 (Linux; Android 6.0.1; Nexus 5X Build/MMB29P) AppleWebKit/537.36 (KHTML, like Gecko) Chrome/150.0.7871.128 Mobile Safari/537.36 (compatible; GoogleOther)"
66.249.77.1 - - [21/Jul/2026:19:28:12 +0000] "GET /?x=65569224444 HTTP/1.1" 200 97035 "-" "Mozilla/5.0 (Linux; Android 6.0.1; Nexus 5X Build/MMB29P) AppleWebKit/537.36 (KHTML, like Gecko) Chrome/150.0.7871.128 Mobile Safari/537.36 (compatible; GoogleOther)"
104.28.156.138 - - [21/Jul/2026:19:28:39 +0000] "POST /wp-login.php HTTP/1.1" 200 5127 "-" "Mozilla/5.0 (Windows NT 10.0; Win64; rv:143.0) Gecko/20100101 Firefox/143.0"
198.177.124.148 - - [21/Jul/2026:19:30:16 +0000] "POST /wp-cron.php?doing_wp_cron=1784662216.1288979053497314453125 HTTP/1.1" 200 - "-" "WordPress/7.0.2; https://salemconcept.shop"
98.98.190.21 - - [21/Jul/2026:19:30:13 +0000] "POST /wp-login.php HTTP/1.1" 200 5127 "-" "Mozilla/5.0"
104.28.156.138 - - [21/Jul/2026:19:30:13 +0000] "POST /wp-login.php HTTP/1.1" 200 5127 "-" "Mozilla/5.0 (Macintosh; Intel Mac OS X 10_15_7) AppleWebKit/605.1.15 Version/17.0 Safari/605.1.15"
198.177.124.148 - - [21/Jul/2026:19:30:55 +0000] "POST /wp-cron.php?doing_wp_cron=1784662255.5944828987121582031250 HTTP/1.1" 200 - "-" "WordPress/7.0.2; https://salemconcept.shop"
66.249.77.1 - - [21/Jul/2026:19:30:53 +0000] "GET /?o=71046271792 HTTP/1.1" 200 97035 "-" "Mozilla/5.0 (Linux; Android 6.0.1; Nexus 5X Build/MMB29P) AppleWebKit/537.36 (KHTML, like Gecko) Chrome/150.0.7871.128 Mobile Safari/537.36 (compatible; GoogleOther)"
104.28.156.138 - - [21/Jul/2026:19:31:44 +0000] "POST /wp-login.php HTTP/1.1" 200 5127 "-" "Mozilla/5.0 (Macintosh; Intel Mac OS X 10_15_7) AppleWebKit/605.1.15 Version/17.0 Safari/605.1.15"
66.249.77.3 - - [21/Jul/2026:19:31:48 +0000] "GET /wp-content/plugins/pixelyoursite/dist/scripts/tld.min.js?ver=2.3.1 HTTP/1.1" 200 141079 "https://salemconcept.shop/?u=28438131879" "Mozilla/5.0 (Linux; Android 6.0.1; Nexus 5X Build/MMB29P) AppleWebKit/537.36 (KHTML, like Gecko) Chrome/150.0.7871.128 Mobile Safari/537.36 (compatible; Googlebot/2.1; +http://www.google.com/bot.html)"
198.177.124.148 - - [21/Jul/2026:19:32:53 +0000] "POST /wp-cron.php?doing_wp_cron=1784662373.4539558887481689453125 HTTP/1.1" 200 - "-" "WordPress/7.0.2; https://salemconcept.shop"
66.249.77.3 - - [21/Jul/2026:19:32:51 +0000] "GET /?j=88487153731 HTTP/1.1" 200 97035 "-" "Mozilla/5.0 (Linux; Android 6.0.1; Nexus 5X Build/MMB29P) AppleWebKit/537.36 (KHTML, like Gecko) Chrome/150.0.7871.128 Mobile Safari/537.36 (compatible; GoogleOther)"
66.249.77.3 - - [21/Jul/2026:19:33:11 +0000] "GET /?j=88487131211 HTTP/1.1" 200 97035 "-" "Mozilla/5.0 (Linux; Android 6.0.1; Nexus 5X Build/MMB29P) AppleWebKit/537.36 (KHTML, like Gecko) Chrome/150.0.7871.128 Mobile Safari/537.36 (compatible; GoogleOther)"
66.249.77.2 - - [21/Jul/2026:19:33:23 +0000] "GET /?j=8848752175 HTTP/1.1" 200 97035 "-" "Mozilla/5.0 (Linux; Android 6.0.1; Nexus 5X Build/MMB29P) AppleWebKit/537.36 (KHTML, like Gecko) Chrome/150.0.7871.128 Mobile Safari/537.36 (compatible; GoogleOther)"
104.28.156.138 - - [21/Jul/2026:19:33:27 +0000] "POST /wp-login.php HTTP/1.1" 200 5127 "-" "Mozilla/5.0 (Windows NT 10.0; Win64; x64) AppleWebKit/537.36 Chrome/129.0.0.0 Safari/537.36"
198.177.124.148 - - [21/Jul/2026:19:34:02 +0000] "POST /wp-cron.php?doing_wp_cron=1784662442.4391551017761230468750 HTTP/1.1" 200 - "-" "WordPress/7.0.2; https://salemconcept.shop"
66.249.77.1 - - [21/Jul/2026:19:33:59 +0000] "GET /?j=88487123599 HTTP/1.1" 200 97035 "-" "Mozilla/5.0 (Linux; Android 6.0.1; Nexus 5X Build/MMB29P) AppleWebKit/537.36 (KHTML, like Gecko) Chrome/150.0.7871.128 Mobile Safari/537.36 (compatible; GoogleOther)"
98.98.190.21 - - [21/Jul/2026:19:34:18 +0000] "POST /wp-login.php HTTP/1.1" 200 5127 "-" "Mozilla/5.0"
