198.177.124.148 - - [22/Jul/2026:14:23:22 +0000] "POST /wp-cron.php?doing_wp_cron=1784730202.2319769859313964843750 HTTP/1.1" 200 - "-" "WordPress/7.0.2; https://salemconcept.shop"
102.89.45.104 - - [22/Jul/2026:14:23:19 +0000] "POST /wp-admin/admin-ajax.php HTTP/1.1" 200 77 "https://salemconcept.shop/wp-admin/post.php?post=23&action=elementor" "Mozilla/5.0 (Windows NT 10.0; Win64; x64) AppleWebKit/537.36 (KHTML, like Gecko) Chrome/150.0.0.0 Safari/537.36"
102.89.45.104 - - [22/Jul/2026:14:26:22 +0000] "GET /wp-json/elementor/v1/checklist/user-progress HTTP/1.1" 200 534 "https://salemconcept.shop/wp-admin/post.php?post=23&action=elementor" "Mozilla/5.0 (Windows NT 10.0; Win64; x64) AppleWebKit/537.36 (KHTML, like Gecko) Chrome/150.0.0.0 Safari/537.36"
198.177.124.148 - - [22/Jul/2026:14:26:26 +0000] "POST /wp-cron.php?doing_wp_cron=1784730385.9981520175933837890625 HTTP/1.1" 200 - "-" "WordPress/7.0.2; https://salemconcept.shop"
102.89.45.104 - - [22/Jul/2026:14:26:23 +0000] "GET /wp-json/elementor/v1/user-data/current-user?context=edit HTTP/1.1" 200 1309 "https://salemconcept.shop/wp-admin/post.php?post=23&action=elementor" "Mozilla/5.0 (Windows NT 10.0; Win64; x64) AppleWebKit/537.36 (KHTML, like Gecko) Chrome/150.0.0.0 Safari/537.36"
102.89.45.104 - - [22/Jul/2026:14:26:25 +0000] "GET /wp-json/elementor/v1/settings/elementor_unfiltered_files_upload HTTP/1.1" 200 39 "https://salemconcept.shop/wp-admin/post.php?post=23&action=elementor" "Mozilla/5.0 (Windows NT 10.0; Win64; x64) AppleWebKit/537.36 (KHTML, like Gecko) Chrome/150.0.0.0 Safari/537.36"
102.89.45.104 - - [22/Jul/2026:14:26:27 +0000] "PUT /wp-json/elementor/v1/global-classes?context=preview HTTP/1.1" 204 - "https://salemconcept.shop/wp-admin/post.php?post=23&action=elementor" "Mozilla/5.0 (Windows NT 10.0; Win64; x64) AppleWebKit/537.36 (KHTML, like Gecko) Chrome/150.0.0.0 Safari/537.36"
102.89.45.104 - - [22/Jul/2026:14:26:27 +0000] "POST /wp-admin/admin-ajax.php HTTP/1.1" 200 1513 "https://salemconcept.shop/wp-admin/post.php?post=23&action=elementor" "Mozilla/5.0 (Windows NT 10.0; Win64; x64) AppleWebKit/537.36 (KHTML, like Gecko) Chrome/150.0.0.0 Safari/537.36"
102.89.45.104 - - [22/Jul/2026:14:26:31 +0000] "GET /wp-json/elementor/v1/user-data/current-user?context=edit HTTP/1.1" 200 1309 "https://salemconcept.shop/wp-admin/post.php?post=23&action=elementor" "Mozilla/5.0 (Windows NT 10.0; Win64; x64) AppleWebKit/537.36 (KHTML, like Gecko) Chrome/150.0.0.0 Safari/537.36"
102.89.45.104 - - [22/Jul/2026:14:26:33 +0000] "GET /wp-json/elementor/v1/checklist/user-progress HTTP/1.1" 200 534 "https://salemconcept.shop/wp-admin/post.php?post=23&action=elementor" "Mozilla/5.0 (Windows NT 10.0; Win64; x64) AppleWebKit/537.36 (KHTML, like Gecko) Chrome/150.0.0.0 Safari/537.36"
102.89.45.104 - - [22/Jul/2026:14:26:35 +0000] "POST /wp-admin/admin-ajax.php HTTP/1.1" 200 77 "https://salemconcept.shop/wp-admin/post.php?post=23&action=elementor" "Mozilla/5.0 (Windows NT 10.0; Win64; x64) AppleWebKit/537.36 (KHTML, like Gecko) Chrome/150.0.0.0 Safari/537.36"
102.89.45.104 - - [22/Jul/2026:14:26:36 +0000] "GET /wp-json/elementor/v1/checklist/user-progress HTTP/1.1" 200 534 "https://salemconcept.shop/wp-admin/post.php?post=23&action=elementor" "Mozilla/5.0 (Windows NT 10.0; Win64; x64) AppleWebKit/537.36 (KHTML, like Gecko) Chrome/150.0.0.0 Safari/537.36"
198.177.124.148 - - [22/Jul/2026:14:26:53 +0000] "POST /wp-cron.php?doing_wp_cron=1784730413.7111260890960693359375 HTTP/1.1" 200 - "-" "WordPress/7.0.2; https://salemconcept.shop"
102.89.45.104 - - [22/Jul/2026:14:26:51 +0000] "POST /wp-admin/admin-ajax.php HTTP/1.1" 200 77 "https://salemconcept.shop/wp-admin/post.php?post=23&action=elementor" "Mozilla/5.0 (Windows NT 10.0; Win64; x64) AppleWebKit/537.36 (KHTML, like Gecko) Chrome/150.0.0.0 Safari/537.36"
102.89.45.104 - - [22/Jul/2026:14:27:05 +0000] "POST /wp-admin/admin-ajax.php HTTP/1.1" 200 77 "https://salemconcept.shop/wp-admin/post.php?post=23&action=elementor" "Mozilla/5.0 (Windows NT 10.0; Win64; x64) AppleWebKit/537.36 (KHTML, like Gecko) Chrome/150.0.0.0 Safari/537.36"
102.89.45.104 - - [22/Jul/2026:14:27:21 +0000] "POST /wp-admin/admin-ajax.php HTTP/1.1" 200 77 "https://salemconcept.shop/wp-admin/post.php?post=23&action=elementor" "Mozilla/5.0 (Windows NT 10.0; Win64; x64) AppleWebKit/537.36 (KHTML, like Gecko) Chrome/150.0.0.0 Safari/537.36"
102.89.45.104 - - [22/Jul/2026:14:27:24 +0000] "GET /wp-json/elementor/v1/user-data/current-user?context=edit HTTP/1.1" 200 1309 "https://salemconcept.shop/wp-admin/post.php?post=23&action=elementor" "Mozilla/5.0 (Windows NT 10.0; Win64; x64) AppleWebKit/537.36 (KHTML, like Gecko) Chrome/150.0.0.0 Safari/537.36"
102.89.45.104 - - [22/Jul/2026:14:27:36 +0000] "POST /wp-admin/admin-ajax.php HTTP/1.1" 200 77 "https://salemconcept.shop/wp-admin/post.php?post=23&action=elementor" "Mozilla/5.0 (Windows NT 10.0; Win64; x64) AppleWebKit/537.36 (KHTML, like Gecko) Chrome/150.0.0.0 Safari/537.36"
198.177.124.148 - - [22/Jul/2026:14:27:52 +0000] "POST /wp-cron.php?doing_wp_cron=1784730472.1624560356140136718750 HTTP/1.1" 200 - "-" "WordPress/7.0.2; https://salemconcept.shop"
102.89.45.104 - - [22/Jul/2026:14:27:50 +0000] "POST /wp-admin/admin-ajax.php HTTP/1.1" 200 77 "https://salemconcept.shop/wp-admin/post.php?post=23&action=elementor" "Mozilla/5.0 (Windows NT 10.0; Win64; x64) AppleWebKit/537.36 (KHTML, like Gecko) Chrome/150.0.0.0 Safari/537.36"
102.89.45.104 - - [22/Jul/2026:14:27:56 +0000] "GET /wp-includes/js/tinymce/themes/modern/theme.min.js?wp-mce-49110-20250317 HTTP/1.1" 200 130746 "https://salemconcept.shop/wp-admin/post.php?post=23&action=elementor" "Mozilla/5.0 (Windows NT 10.0; Win64; x64) AppleWebKit/537.36 (KHTML, like Gecko) Chrome/150.0.0.0 Safari/537.36"
102.89.45.104 - - [22/Jul/2026:14:27:57 +0000] "GET /wp-content/plugins/elementor/assets/js/text-editor.45609661e409413f1cef.bundle.min.js HTTP/1.1" 200 1348 "https://salemconcept.shop/power-bank/?elementor-preview=23&ver=1784721738" "Mozilla/5.0 (Windows NT 10.0; Win64; x64) AppleWebKit/537.36 (KHTML, like Gecko) Chrome/150.0.0.0 Safari/537.36"
102.89.45.104 - - [22/Jul/2026:14:27:57 +0000] "GET /wp-includes/js/tinymce/plugins/charmap/plugin.min.js?wp-mce-49110-20250317 HTTP/1.1" 200 8601 "https://salemconcept.shop/wp-admin/post.php?post=23&action=elementor" "Mozilla/5.0 (Windows NT 10.0; Win64; x64) AppleWebKit/537.36 (KHTML, like Gecko) Chrome/150.0.0.0 Safari/537.36"
102.89.45.104 - - [22/Jul/2026:14:27:57 +0000] "GET /wp-includes/js/tinymce/plugins/colorpicker/plugin.min.js?wp-mce-49110-20250317 HTTP/1.1" 200 1349 "https://salemconcept.shop/wp-admin/post.php?post=23&action=elementor" "Mozilla/5.0 (Windows NT 10.0; Win64; x64) AppleWebKit/537.36 (KHTML, like Gecko) Chrome/150.0.0.0 Safari/537.36"
102.89.45.104 - - [22/Jul/2026:14:27:58 +0000] "GET /wp-includes/js/tinymce/plugins/hr/plugin.min.js?wp-mce-49110-20250317 HTTP/1.1" 200 428 "https://salemconcept.shop/wp-admin/post.php?post=23&action=elementor" "Mozilla/5.0 (Windows NT 10.0; Win64; x64) AppleWebKit/537.36 (KHTML, like Gecko) Chrome/150.0.0.0 Safari/537.36"
102.89.45.104 - - [22/Jul/2026:14:27:58 +0000] "GET /wp-includes/js/tinymce/plugins/lists/plugin.min.js?wp-mce-49110-20250317 HTTP/1.1" 200 26968 "https://salemconcept.shop/wp-admin/post.php?post=23&action=elementor" "Mozilla/5.0 (Windows NT 10.0; Win64; x64) AppleWebKit/537.36 (KHTML, like Gecko) Chrome/150.0.0.0 Safari/537.36"
102.89.45.104 - - [22/Jul/2026:14:27:58 +0000] "GET /wp-includes/js/tinymce/plugins/paste/plugin.min.js?wp-mce-49110-20250317 HTTP/1.1" 200 30837 "https://salemconcept.shop/wp-admin/post.php?post=23&action=elementor" "Mozilla/5.0 (Windows NT 10.0; Win64; x64) AppleWebKit/537.36 (KHTML, like Gecko) Chrome/150.0.0.0 Safari/537.36"
102.89.45.104 - - [22/Jul/2026:14:27:58 +0000] "GET /wp-includes/js/tinymce/plugins/media/plugin.min.js?wp-mce-49110-20250317 HTTP/1.1" 200 16576 "https://salemconcept.shop/wp-admin/post.php?post=23&action=elementor" "Mozilla/5.0 (Windows NT 10.0; Win64; x64) AppleWebKit/537.36 (KHTML, like Gecko) Chrome/150.0.0.0 Safari/537.36"
102.89.45.104 - - [22/Jul/2026:14:27:58 +0000] "GET /wp-includes/js/tinymce/plugins/tabfocus/plugin.min.js?wp-mce-49110-20250317 HTTP/1.1" 200 1614 "https://salemconcept.shop/wp-admin/post.php?post=23&action=elementor" "Mozilla/5.0 (Windows NT 10.0; Win64; x64) AppleWebKit/537.36 (KHTML, like Gecko) Chrome/150.0.0.0 Safari/537.36"
102.89.45.104 - - [22/Jul/2026:14:27:58 +0000] "GET /wp-includes/js/tinymce/plugins/textcolor/plugin.min.js?wp-mce-49110-20250317 HTTP/1.1" 200 4927 "https://salemconcept.shop/wp-admin/post.php?post=23&action=elementor" "Mozilla/5.0 (Windows NT 10.0; Win64; x64) AppleWebKit/537.36 (KHTML, like Gecko) Chrome/150.0.0.0 Safari/537.36"
102.89.45.104 - - [22/Jul/2026:14:27:58 +0000] "GET /wp-includes/js/tinymce/plugins/fullscreen/plugin.min.js?wp-mce-49110-20250317 HTTP/1.1" 200 2184 "https://salemconcept.shop/wp-admin/post.php?post=23&action=elementor" "Mozilla/5.0 (Windows NT 10.0; Win64; x64) AppleWebKit/537.36 (KHTML, like Gecko) Chrome/150.0.0.0 Safari/537.36"
102.89.45.104 - - [22/Jul/2026:14:27:58 +0000] "GET /wp-includes/js/tinymce/plugins/wordpress/plugin.min.js?wp-mce-49110-20250317 HTTP/1.1" 200 16407 "https://salemconcept.shop/wp-admin/post.php?post=23&action=elementor" "Mozilla/5.0 (Windows NT 10.0; Win64; x64) AppleWebKit/537.36 (KHTML, like Gecko) Chrome/150.0.0.0 Safari/537.36"
102.89.45.104 - - [22/Jul/2026:14:27:58 +0000] "GET /wp-includes/js/tinymce/plugins/wpautoresize/plugin.min.js?wp-mce-49110-20250317 HTTP/1.1" 200 2344 "https://salemconcept.shop/wp-admin/post.php?post=23&action=elementor" "Mozilla/5.0 (Windows NT 10.0; Win64; x64) AppleWebKit/537.36 (KHTML, like Gecko) Chrome/150.0.0.0 Safari/537.36"
102.89.45.104 - - [22/Jul/2026:14:27:58 +0000] "GET /wp-includes/js/tinymce/plugins/wpeditimage/plugin.min.js?wp-mce-49110-20250317 HTTP/1.1" 200 12067 "https://salemconcept.shop/wp-admin/post.php?post=23&action=elementor" "Mozilla/5.0 (Windows NT 10.0; Win64; x64) AppleWebKit/537.36 (KHTML, like Gecko) Chrome/150.0.0.0 Safari/537.36"
102.89.45.104 - - [22/Jul/2026:14:27:58 +0000] "GET /wp-includes/js/tinymce/plugins/wpemoji/plugin.min.js?wp-mce-49110-20250317 HTTP/1.1" 200 1519 "https://salemconcept.shop/wp-admin/post.php?post=23&action=elementor" "Mozilla/5.0 (Windows NT 10.0; Win64; x64) AppleWebKit/537.36 (KHTML, like Gecko) Chrome/150.0.0.0 Safari/537.36"
102.89.45.104 - - [22/Jul/2026:14:27:58 +0000] "GET /wp-includes/js/tinymce/plugins/wpgallery/plugin.min.js?wp-mce-49110-20250317 HTTP/1.1" 200 1623 "https://salemconcept.shop/wp-admin/post.php?post=23&action=elementor" "Mozilla/5.0 (Windows NT 10.0; Win64; x64) AppleWebKit/537.36 (KHTML, like Gecko) Chrome/150.0.0.0 Safari/537.36"
102.89.45.104 - - [22/Jul/2026:14:27:59 +0000] "GET /wp-includes/js/tinymce/plugins/wplink/plugin.min.js?wp-mce-49110-20250317 HTTP/1.1" 200 8988 "https://salemconcept.shop/wp-admin/post.php?post=23&action=elementor" "Mozilla/5.0 (Windows NT 10.0; Win64; x64) AppleWebKit/537.36 (KHTML, like Gecko) Chrome/150.0.0.0 Safari/537.36"
102.89.45.104 - - [22/Jul/2026:14:27:59 +0000] "GET /wp-includes/js/tinymce/plugins/wpdialogs/plugin.min.js?wp-mce-49110-20250317 HTTP/1.1" 200 1322 "https://salemconcept.shop/wp-admin/post.php?post=23&action=elementor" "Mozilla/5.0 (Windows NT 10.0; Win64; x64) AppleWebKit/537.36 (KHTML, like Gecko) Chrome/150.0.0.0 Safari/537.36"
102.89.45.104 - - [22/Jul/2026:14:27:59 +0000] "GET /wp-includes/js/tinymce/plugins/wptextpattern/plugin.min.js?wp-mce-49110-20250317 HTTP/1.1" 200 3121 "https://salemconcept.shop/wp-admin/post.php?post=23&action=elementor" "Mozilla/5.0 (Windows NT 10.0; Win64; x64) AppleWebKit/537.36 (KHTML, like Gecko) Chrome/150.0.0.0 Safari/537.36"
102.89.45.104 - - [22/Jul/2026:14:27:59 +0000] "GET /wp-includes/js/tinymce/plugins/wpview/plugin.min.js?wp-mce-49110-20250317 HTTP/1.1" 200 2902 "https://salemconcept.shop/wp-admin/post.php?post=23&action=elementor" "Mozilla/5.0 (Windows NT 10.0; Win64; x64) AppleWebKit/537.36 (KHTML, like Gecko) Chrome/150.0.0.0 Safari/537.36"
102.89.45.104 - - [22/Jul/2026:14:27:59 +0000] "GET /wp-includes/js/tinymce/skins/lightgray/skin.min.css?wp-mce-49110-20250317 HTTP/1.1" 200 44010 "https://salemconcept.shop/wp-admin/post.php?post=23&action=elementor" "Mozilla/5.0 (Windows NT 10.0; Win64; x64) AppleWebKit/537.36 (KHTML, like Gecko) Chrome/150.0.0.0 Safari/537.36"
102.89.45.104 - - [22/Jul/2026:14:28:00 +0000] "GET /wp-includes/js/tinymce/skins/wordpress/wp-content.css?ver=7.0.2&wp-mce-49110-20250317 HTTP/1.1" 200 8760 "https://salemconcept.shop/wp-admin/post.php?post=23&action=elementor" "Mozilla/5.0 (Windows NT 10.0; Win64; x64) AppleWebKit/537.36 (KHTML, like Gecko) Chrome/150.0.0.0 Safari/537.36"
102.89.45.104 - - [22/Jul/2026:14:28:00 +0000] "GET /wp-includes/js/tinymce/skins/lightgray/content.min.css?wp-mce-49110-20250317 HTTP/1.1" 200 4017 "https://salemconcept.shop/wp-admin/post.php?post=23&action=elementor" "Mozilla/5.0 (Windows NT 10.0; Win64; x64) AppleWebKit/537.36 (KHTML, like Gecko) Chrome/150.0.0.0 Safari/537.36"
102.89.45.104 - - [22/Jul/2026:14:28:00 +0000] "GET /wp-includes/css/dashicons.min.css?ver=7.0.2&wp-mce-49110-20250317 HTTP/1.1" 200 59004 "https://salemconcept.shop/wp-admin/post.php?post=23&action=elementor" "Mozilla/5.0 (Windows NT 10.0; Win64; x64) AppleWebKit/537.36 (KHTML, like Gecko) Chrome/150.0.0.0 Safari/537.36"
102.89.45.104 - - [22/Jul/2026:14:28:00 +0000] "GET /wp-includes/js/tinymce/skins/lightgray/fonts/tinymce.woff HTTP/1.1" 200 18824 "https://salemconcept.shop/wp-includes/js/tinymce/skins/lightgray/skin.min.css?wp-mce-49110-20250317" "Mozilla/5.0 (Windows NT 10.0; Win64; x64) AppleWebKit/537.36 (KHTML, like Gecko) Chrome/150.0.0.0 Safari/537.36"
102.89.45.104 - - [22/Jul/2026:14:28:06 +0000] "POST /wp-admin/admin-ajax.php HTTP/1.1" 200 77 "https://salemconcept.shop/wp-admin/post.php?post=23&action=elementor" "Mozilla/5.0 (Windows NT 10.0; Win64; x64) AppleWebKit/537.36 (KHTML, like Gecko) Chrome/150.0.0.0 Safari/537.36"
102.89.45.104 - - [22/Jul/2026:14:28:24 +0000] "POST /wp-admin/admin-ajax.php HTTP/1.1" 200 77 "https://salemconcept.shop/wp-admin/post.php?post=23&action=elementor" "Mozilla/5.0 (Windows NT 10.0; Win64; x64) AppleWebKit/537.36 (KHTML, like Gecko) Chrome/150.0.0.0 Safari/537.36"
102.89.45.104 - - [22/Jul/2026:14:28:40 +0000] "POST /wp-admin/admin-ajax.php HTTP/1.1" 200 77 "https://salemconcept.shop/wp-admin/post.php?post=23&action=elementor" "Mozilla/5.0 (Windows NT 10.0; Win64; x64) AppleWebKit/537.36 (KHTML, like Gecko) Chrome/150.0.0.0 Safari/537.36"
198.177.124.148 - - [22/Jul/2026:14:28:55 +0000] "POST /wp-cron.php?doing_wp_cron=1784730535.9532120227813720703125 HTTP/1.1" 200 - "-" "WordPress/7.0.2; https://salemconcept.shop"
102.89.45.104 - - [22/Jul/2026:14:28:54 +0000] "POST /wp-admin/admin-ajax.php HTTP/1.1" 200 77 "https://salemconcept.shop/wp-admin/post.php?post=23&action=elementor" "Mozilla/5.0 (Windows NT 10.0; Win64; x64) AppleWebKit/537.36 (KHTML, like Gecko) Chrome/150.0.0.0 Safari/537.36"
102.89.45.104 - - [22/Jul/2026:14:28:57 +0000] "POST /wp-admin/admin-ajax.php HTTP/1.1" 200 97 "https://salemconcept.shop/wp-admin/post.php?post=23&action=elementor" "Mozilla/5.0 (Windows NT 10.0; Win64; x64) AppleWebKit/537.36 (KHTML, like Gecko) Chrome/150.0.0.0 Safari/537.36"
102.89.45.104 - - [22/Jul/2026:14:29:10 +0000] "POST /wp-admin/admin-ajax.php HTTP/1.1" 200 77 "https://salemconcept.shop/wp-admin/post.php?post=23&action=elementor" "Mozilla/5.0 (Windows NT 10.0; Win64; x64) AppleWebKit/537.36 (KHTML, like Gecko) Chrome/150.0.0.0 Safari/537.36"
102.89.45.104 - - [22/Jul/2026:14:29:14 +0000] "GET /wp-json/elementor/v1/user-data/current-user?context=edit HTTP/1.1" 200 1309 "https://salemconcept.shop/wp-admin/post.php?post=23&action=elementor" "Mozilla/5.0 (Windows NT 10.0; Win64; x64) AppleWebKit/537.36 (KHTML, like Gecko) Chrome/150.0.0.0 Safari/537.36"
102.89.45.104 - - [22/Jul/2026:14:29:24 +0000] "POST /wp-admin/admin-ajax.php HTTP/1.1" 200 77 "https://salemconcept.shop/wp-admin/post.php?post=23&action=elementor" "Mozilla/5.0 (Windows NT 10.0; Win64; x64) AppleWebKit/537.36 (KHTML, like Gecko) Chrome/150.0.0.0 Safari/537.36"
102.89.45.104 - - [22/Jul/2026:14:29:27 +0000] "GET /wp-json/elementor/v1/user-data/current-user?context=edit HTTP/1.1" 200 1309 "https://salemconcept.shop/wp-admin/post.php?post=23&action=elementor" "Mozilla/5.0 (Windows NT 10.0; Win64; x64) AppleWebKit/537.36 (KHTML, like Gecko) Chrome/150.0.0.0 Safari/537.36"
102.89.45.104 - - [22/Jul/2026:14:29:39 +0000] "POST /wp-admin/admin-ajax.php HTTP/1.1" 200 77 "https://salemconcept.shop/wp-admin/post.php?post=23&action=elementor" "Mozilla/5.0 (Windows NT 10.0; Win64; x64) AppleWebKit/537.36 (KHTML, like Gecko) Chrome/150.0.0.0 Safari/537.36"
198.177.124.148 - - [22/Jul/2026:14:29:56 +0000] "POST /wp-cron.php?doing_wp_cron=1784730596.4318969249725341796875 HTTP/1.1" 200 - "-" "WordPress/7.0.2; https://salemconcept.shop"
102.89.45.104 - - [22/Jul/2026:14:29:54 +0000] "POST /wp-admin/admin-ajax.php HTTP/1.1" 200 77 "https://salemconcept.shop/wp-admin/post.php?post=23&action=elementor" "Mozilla/5.0 (Windows NT 10.0; Win64; x64) AppleWebKit/537.36 (KHTML, like Gecko) Chrome/150.0.0.0 Safari/537.36"
102.89.45.104 - - [22/Jul/2026:14:30:10 +0000] "POST /wp-admin/admin-ajax.php HTTP/1.1" 200 77 "https://salemconcept.shop/wp-admin/post.php?post=23&action=elementor" "Mozilla/5.0 (Windows NT 10.0; Win64; x64) AppleWebKit/537.36 (KHTML, like Gecko) Chrome/150.0.0.0 Safari/537.36"
198.177.124.148 - - [22/Jul/2026:14:30:47 +0000] "POST /wp-cron.php?doing_wp_cron=1784730647.8733661174774169921875 HTTP/1.1" 200 - "-" "WordPress/7.0.2; https://salemconcept.shop"
102.89.45.104 - - [22/Jul/2026:14:30:44 +0000] "POST /wp-admin/admin-ajax.php HTTP/1.1" 200 77 "https://salemconcept.shop/wp-admin/post.php?post=23&action=elementor" "Mozilla/5.0 (Windows NT 10.0; Win64; x64) AppleWebKit/537.36 (KHTML, like Gecko) Chrome/150.0.0.0 Safari/537.36"
102.89.45.104 - - [22/Jul/2026:14:30:45 +0000] "GET /wp-json/elementor/v1/checklist/user-progress HTTP/1.1" 200 534 "https://salemconcept.shop/wp-admin/post.php?post=23&action=elementor" "Mozilla/5.0 (Windows NT 10.0; Win64; x64) AppleWebKit/537.36 (KHTML, like Gecko) Chrome/150.0.0.0 Safari/537.36"
102.89.45.104 - - [22/Jul/2026:14:31:00 +0000] "POST /wp-admin/admin-ajax.php HTTP/1.1" 200 77 "https://salemconcept.shop/wp-admin/post.php?post=23&action=elementor" "Mozilla/5.0 (Windows NT 10.0; Win64; x64) AppleWebKit/537.36 (KHTML, like Gecko) Chrome/150.0.0.0 Safari/537.36"
102.89.45.104 - - [22/Jul/2026:14:31:15 +0000] "POST /wp-admin/admin-ajax.php HTTP/1.1" 200 77 "https://salemconcept.shop/wp-admin/post.php?post=23&action=elementor" "Mozilla/5.0 (Windows NT 10.0; Win64; x64) AppleWebKit/537.36 (KHTML, like Gecko) Chrome/150.0.0.0 Safari/537.36"
102.89.45.104 - - [22/Jul/2026:14:31:30 +0000] "POST /wp-admin/admin-ajax.php HTTP/1.1" 200 77 "https://salemconcept.shop/wp-admin/post.php?post=23&action=elementor" "Mozilla/5.0 (Windows NT 10.0; Win64; x64) AppleWebKit/537.36 (KHTML, like Gecko) Chrome/150.0.0.0 Safari/537.36"
102.89.45.104 - - [22/Jul/2026:14:31:41 +0000] "POST /wp-admin/admin-ajax.php HTTP/1.1" 200 1021 "https://salemconcept.shop/wp-admin/post.php?post=23&action=elementor" "Mozilla/5.0 (Windows NT 10.0; Win64; x64) AppleWebKit/537.36 (KHTML, like Gecko) Chrome/150.0.0.0 Safari/537.36"
102.89.45.104 - - [22/Jul/2026:14:31:45 +0000] "POST /wp-admin/admin-ajax.php HTTP/1.1" 200 77 "https://salemconcept.shop/wp-admin/post.php?post=23&action=elementor" "Mozilla/5.0 (Windows NT 10.0; Win64; x64) AppleWebKit/537.36 (KHTML, like Gecko) Chrome/150.0.0.0 Safari/537.36"
198.177.124.148 - - [22/Jul/2026:14:32:01 +0000] "POST /wp-cron.php?doing_wp_cron=1784730721.7889230251312255859375 HTTP/1.1" 200 - "-" "WordPress/7.0.2; https://salemconcept.shop"
102.89.45.104 - - [22/Jul/2026:14:32:00 +0000] "POST /wp-admin/admin-ajax.php HTTP/1.1" 200 77 "https://salemconcept.shop/wp-admin/post.php?post=23&action=elementor" "Mozilla/5.0 (Windows NT 10.0; Win64; x64) AppleWebKit/537.36 (KHTML, like Gecko) Chrome/150.0.0.0 Safari/537.36"
102.89.45.104 - - [22/Jul/2026:14:32:06 +0000] "GET /wp-json/elementor/v1/user-data/current-user?context=edit HTTP/1.1" 200 1309 "https://salemconcept.shop/wp-admin/post.php?post=23&action=elementor" "Mozilla/5.0 (Windows NT 10.0; Win64; x64) AppleWebKit/537.36 (KHTML, like Gecko) Chrome/150.0.0.0 Safari/537.36"
102.89.45.104 - - [22/Jul/2026:14:32:15 +0000] "POST /wp-admin/admin-ajax.php HTTP/1.1" 200 77 "https://salemconcept.shop/wp-admin/post.php?post=23&action=elementor" "Mozilla/5.0 (Windows NT 10.0; Win64; x64) AppleWebKit/537.36 (KHTML, like Gecko) Chrome/150.0.0.0 Safari/537.36"
102.89.45.104 - - [22/Jul/2026:14:32:30 +0000] "POST /wp-admin/admin-ajax.php HTTP/1.1" 200 77 "https://salemconcept.shop/wp-admin/post.php?post=23&action=elementor" "Mozilla/5.0 (Windows NT 10.0; Win64; x64) AppleWebKit/537.36 (KHTML, like Gecko) Chrome/150.0.0.0 Safari/537.36"
198.177.124.148 - - [22/Jul/2026:14:32:47 +0000] "POST /wp-cron.php?doing_wp_cron=1784730767.8962769508361816406250 HTTP/1.1" 200 - "-" "WordPress/7.0.2; https://salemconcept.shop"
102.89.45.104 - - [22/Jul/2026:14:32:45 +0000] "POST /wp-admin/admin-ajax.php HTTP/1.1" 200 77 "https://salemconcept.shop/wp-admin/post.php?post=23&action=elementor" "Mozilla/5.0 (Windows NT 10.0; Win64; x64) AppleWebKit/537.36 (KHTML, like Gecko) Chrome/150.0.0.0 Safari/537.36"
102.89.45.104 - - [22/Jul/2026:14:33:00 +0000] "POST /wp-admin/admin-ajax.php HTTP/1.1" 200 77 "https://salemconcept.shop/wp-admin/post.php?post=23&action=elementor" "Mozilla/5.0 (Windows NT 10.0; Win64; x64) AppleWebKit/537.36 (KHTML, like Gecko) Chrome/150.0.0.0 Safari/537.36"
102.89.45.104 - - [22/Jul/2026:14:33:06 +0000] "GET /wp-json/elementor/v1/checklist/user-progress HTTP/1.1" 200 534 "https://salemconcept.shop/wp-admin/post.php?post=23&action=elementor" "Mozilla/5.0 (Windows NT 10.0; Win64; x64) AppleWebKit/537.36 (KHTML, like Gecko) Chrome/150.0.0.0 Safari/537.36"
102.89.45.104 - - [22/Jul/2026:14:33:07 +0000] "PUT /wp-json/elementor/v1/global-classes?context=preview HTTP/1.1" 204 - "https://salemconcept.shop/wp-admin/post.php?post=23&action=elementor" "Mozilla/5.0 (Windows NT 10.0; Win64; x64) AppleWebKit/537.36 (KHTML, like Gecko) Chrome/150.0.0.0 Safari/537.36"
102.89.45.104 - - [22/Jul/2026:14:33:07 +0000] "POST /wp-admin/admin-ajax.php HTTP/1.1" 200 1513 "https://salemconcept.shop/wp-admin/post.php?post=23&action=elementor" "Mozilla/5.0 (Windows NT 10.0; Win64; x64) AppleWebKit/537.36 (KHTML, like Gecko) Chrome/150.0.0.0 Safari/537.36"
102.89.45.104 - - [22/Jul/2026:14:33:11 +0000] "GET /wp-json/elementor/v1/checklist/user-progress HTTP/1.1" 200 534 "https://salemconcept.shop/wp-admin/post.php?post=23&action=elementor" "Mozilla/5.0 (Windows NT 10.0; Win64; x64) AppleWebKit/537.36 (KHTML, like Gecko) Chrome/150.0.0.0 Safari/537.36"
102.89.45.104 - - [22/Jul/2026:14:33:14 +0000] "POST /wp-admin/admin-ajax.php HTTP/1.1" 200 77 "https://salemconcept.shop/wp-admin/post.php?post=23&action=elementor" "Mozilla/5.0 (Windows NT 10.0; Win64; x64) AppleWebKit/537.36 (KHTML, like Gecko) Chrome/150.0.0.0 Safari/537.36"
102.89.45.104 - - [22/Jul/2026:14:33:30 +0000] "POST /wp-admin/admin-ajax.php HTTP/1.1" 200 77 "https://salemconcept.shop/wp-admin/post.php?post=23&action=elementor" "Mozilla/5.0 (Windows NT 10.0; Win64; x64) AppleWebKit/537.36 (KHTML, like Gecko) Chrome/150.0.0.0 Safari/537.36"
198.177.124.148 - - [22/Jul/2026:14:33:47 +0000] "POST /wp-cron.php?doing_wp_cron=1784730827.4151840209960937500000 HTTP/1.1" 200 - "-" "WordPress/7.0.2; https://salemconcept.shop"
102.89.45.104 - - [22/Jul/2026:14:33:45 +0000] "POST /wp-admin/admin-ajax.php HTTP/1.1" 200 77 "https://salemconcept.shop/wp-admin/post.php?post=23&action=elementor" "Mozilla/5.0 (Windows NT 10.0; Win64; x64) AppleWebKit/537.36 (KHTML, like Gecko) Chrome/150.0.0.0 Safari/537.36"
102.89.45.104 - - [22/Jul/2026:14:34:01 +0000] "POST /wp-admin/admin-ajax.php HTTP/1.1" 200 77 "https://salemconcept.shop/wp-admin/post.php?post=23&action=elementor" "Mozilla/5.0 (Windows NT 10.0; Win64; x64) AppleWebKit/537.36 (KHTML, like Gecko) Chrome/150.0.0.0 Safari/537.36"
102.89.45.104 - - [22/Jul/2026:14:34:15 +0000] "POST /wp-admin/admin-ajax.php HTTP/1.1" 200 77 "https://salemconcept.shop/wp-admin/post.php?post=23&action=elementor" "Mozilla/5.0 (Windows NT 10.0; Win64; x64) AppleWebKit/537.36 (KHTML, like Gecko) Chrome/150.0.0.0 Safari/537.36"
66.249.77.2 - - [22/Jul/2026:14:34:19 +0000] "GET /robots.txt HTTP/1.1" 200 118 "-" "Mozilla/5.0 (compatible; Googlebot/2.1; +http://www.google.com/bot.html)"
66.249.77.3 - - [22/Jul/2026:14:34:19 +0000] "GET /?j=8848778324 HTTP/1.1" 200 96377 "-" "Mozilla/5.0 (Linux; Android 6.0.1; Nexus 5X Build/MMB29P) AppleWebKit/537.36 (KHTML, like Gecko) Chrome/150.0.7871.128 Mobile Safari/537.36 (compatible; GoogleOther)"
102.89.45.104 - - [22/Jul/2026:14:34:19 +0000] "POST /wp-admin/admin-ajax.php HTTP/1.1" 200 1021 "https://salemconcept.shop/wp-admin/post.php?post=23&action=elementor" "Mozilla/5.0 (Windows NT 10.0; Win64; x64) AppleWebKit/537.36 (KHTML, like Gecko) Chrome/150.0.0.0 Safari/537.36"
102.89.45.104 - - [22/Jul/2026:14:34:27 +0000] "GET /wp-json/elementor/v1/settings/elementor_unfiltered_files_upload HTTP/1.1" 200 39 "https://salemconcept.shop/wp-admin/post.php?post=23&action=elementor" "Mozilla/5.0 (Windows NT 10.0; Win64; x64) AppleWebKit/537.36 (KHTML, like Gecko) Chrome/150.0.0.0 Safari/537.36"
102.89.45.104 - - [22/Jul/2026:14:34:30 +0000] "POST /wp-admin/admin-ajax.php HTTP/1.1" 200 77 "https://salemconcept.shop/wp-admin/post.php?post=23&action=elementor" "Mozilla/5.0 (Windows NT 10.0; Win64; x64) AppleWebKit/537.36 (KHTML, like Gecko) Chrome/150.0.0.0 Safari/537.36"
102.89.45.104 - - [22/Jul/2026:14:34:35 +0000] "POST /wp-admin/admin-ajax.php HTTP/1.1" 200 6031 "https://salemconcept.shop/wp-admin/post.php?post=23&action=elementor" "Mozilla/5.0 (Windows NT 10.0; Win64; x64) AppleWebKit/537.36 (KHTML, like Gecko) Chrome/150.0.0.0 Safari/537.36"
198.177.124.148 - - [22/Jul/2026:14:34:50 +0000] "POST /wp-cron.php?doing_wp_cron=1784730890.5247879028320312500000 HTTP/1.1" 200 - "-" "WordPress/7.0.2; https://salemconcept.shop"
102.89.45.104 - - [22/Jul/2026:14:34:46 +0000] "POST /wp-admin/admin-ajax.php HTTP/1.1" 200 77 "https://salemconcept.shop/wp-admin/post.php?post=23&action=elementor" "Mozilla/5.0 (Windows NT 10.0; Win64; x64) AppleWebKit/537.36 (KHTML, like Gecko) Chrome/150.0.0.0 Safari/537.36"
102.89.45.104 - - [22/Jul/2026:14:34:53 +0000] "GET /wp-content/uploads/2026/07/Screenshot_20250724-185037-266x300.jpg HTTP/1.1" 404 122844 "https://salemconcept.shop/wp-admin/post.php?post=23&action=elementor" "Mozilla/5.0 (Windows NT 10.0; Win64; x64) AppleWebKit/537.36 (KHTML, like Gecko) Chrome/150.0.0.0 Safari/537.36"
102.89.45.104 - - [22/Jul/2026:14:34:53 +0000] "POST /wp-admin/async-upload.php HTTP/1.1" 200 1596 "https://salemconcept.shop/wp-admin/post.php?post=23&action=elementor" "Mozilla/5.0 (Windows NT 10.0; Win64; x64) AppleWebKit/537.36 (KHTML, like Gecko) Chrome/150.0.0.0 Safari/537.36"
102.89.45.104 - - [22/Jul/2026:14:35:01 +0000] "GET /wp-content/uploads/2026/07/powerbank-2-1-300x240.png HTTP/1.1" 200 107204 "https://salemconcept.shop/wp-admin/post.php?post=23&action=elementor" "Mozilla/5.0 (Windows NT 10.0; Win64; x64) AppleWebKit/537.36 (KHTML, like Gecko) Chrome/150.0.0.0 Safari/537.36"
102.89.45.104 - - [22/Jul/2026:14:35:00 +0000] "POST /wp-admin/admin-ajax.php HTTP/1.1" 200 77 "https://salemconcept.shop/wp-admin/post.php?post=23&action=elementor" "Mozilla/5.0 (Windows NT 10.0; Win64; x64) AppleWebKit/537.36 (KHTML, like Gecko) Chrome/150.0.0.0 Safari/537.36"
102.89.45.104 - - [22/Jul/2026:14:35:01 +0000] "GET /wp-content/uploads/2026/07/Screenshot_20250724-185037-266x300.jpg HTTP/1.1" 404 122844 "https://salemconcept.shop/wp-admin/post.php?post=23&action=elementor" "Mozilla/5.0 (Windows NT 10.0; Win64; x64) AppleWebKit/537.36 (KHTML, like Gecko) Chrome/150.0.0.0 Safari/537.36"
102.89.45.104 - - [22/Jul/2026:14:35:07 +0000] "GET /wp-content/uploads/2026/07/powerbank-2-1.png HTTP/1.1" 304 - "https://salemconcept.shop/wp-admin/post.php?post=23&action=elementor" "Mozilla/5.0 (Windows NT 10.0; Win64; x64) AppleWebKit/537.36 (KHTML, like Gecko) Chrome/150.0.0.0 Safari/537.36"
102.89.45.104 - - [22/Jul/2026:14:35:06 +0000] "GET /wp-content/uploads/2026/07/powerbank-2-1.png HTTP/1.1" 200 1950201 "https://salemconcept.shop/power-bank/?elementor-preview=23&ver=1784721738" "Mozilla/5.0 (Windows NT 10.0; Win64; x64) AppleWebKit/537.36 (KHTML, like Gecko) Chrome/150.0.0.0 Safari/537.36"
102.89.45.104 - - [22/Jul/2026:14:35:15 +0000] "POST /wp-admin/admin-ajax.php HTTP/1.1" 200 77 "https://salemconcept.shop/wp-admin/post.php?post=23&action=elementor" "Mozilla/5.0 (Windows NT 10.0; Win64; x64) AppleWebKit/537.36 (KHTML, like Gecko) Chrome/150.0.0.0 Safari/537.36"
66.249.77.1 - - [22/Jul/2026:14:35:21 +0000] "GET /?l=106978973 HTTP/1.1" 200 96377 "-" "Mozilla/5.0 (Linux; Android 6.0.1; Nexus 5X Build/MMB29P) AppleWebKit/537.36 (KHTML, like Gecko) Chrome/150.0.7871.128 Mobile Safari/537.36 (compatible; GoogleOther)"
102.89.45.104 - - [22/Jul/2026:14:35:31 +0000] "POST /wp-admin/admin-ajax.php HTTP/1.1" 200 77 "https://salemconcept.shop/wp-admin/post.php?post=23&action=elementor" "Mozilla/5.0 (Windows NT 10.0; Win64; x64) AppleWebKit/537.36 (KHTML, like Gecko) Chrome/150.0.0.0 Safari/537.36"
102.89.45.104 - - [22/Jul/2026:14:35:45 +0000] "POST /wp-admin/admin-ajax.php HTTP/1.1" 200 77 "https://salemconcept.shop/wp-admin/post.php?post=23&action=elementor" "Mozilla/5.0 (Windows NT 10.0; Win64; x64) AppleWebKit/537.36 (KHTML, like Gecko) Chrome/150.0.0.0 Safari/537.36"
198.177.124.148 - - [22/Jul/2026:14:36:03 +0000] "POST /wp-cron.php?doing_wp_cron=1784730963.5046570301055908203125 HTTP/1.1" 200 - "-" "WordPress/7.0.2; https://salemconcept.shop"
102.89.45.104 - - [22/Jul/2026:14:36:01 +0000] "POST /wp-admin/admin-ajax.php HTTP/1.1" 200 77 "https://salemconcept.shop/wp-admin/post.php?post=23&action=elementor" "Mozilla/5.0 (Windows NT 10.0; Win64; x64) AppleWebKit/537.36 (KHTML, like Gecko) Chrome/150.0.0.0 Safari/537.36"
102.89.45.104 - - [22/Jul/2026:14:36:06 +0000] "PUT /wp-json/elementor/v1/global-classes?context=preview HTTP/1.1" 204 - "https://salemconcept.shop/wp-admin/post.php?post=23&action=elementor" "Mozilla/5.0 (Windows NT 10.0; Win64; x64) AppleWebKit/537.36 (KHTML, like Gecko) Chrome/150.0.0.0 Safari/537.36"
102.89.45.104 - - [22/Jul/2026:14:36:06 +0000] "GET /wp-json/elementor/v1/checklist/user-progress HTTP/1.1" 200 534 "https://salemconcept.shop/wp-admin/post.php?post=23&action=elementor" "Mozilla/5.0 (Windows NT 10.0; Win64; x64) AppleWebKit/537.36 (KHTML, like Gecko) Chrome/150.0.0.0 Safari/537.36"
102.89.45.104 - - [22/Jul/2026:14:36:07 +0000] "POST /wp-admin/admin-ajax.php HTTP/1.1" 200 1513 "https://salemconcept.shop/wp-admin/post.php?post=23&action=elementor" "Mozilla/5.0 (Windows NT 10.0; Win64; x64) AppleWebKit/537.36 (KHTML, like Gecko) Chrome/150.0.0.0 Safari/537.36"
102.89.45.104 - - [22/Jul/2026:14:36:16 +0000] "POST /wp-admin/admin-ajax.php HTTP/1.1" 200 77 "https://salemconcept.shop/wp-admin/post.php?post=23&action=elementor" "Mozilla/5.0 (Windows NT 10.0; Win64; x64) AppleWebKit/537.36 (KHTML, like Gecko) Chrome/150.0.0.0 Safari/537.36"
102.89.45.104 - - [22/Jul/2026:14:36:16 +0000] "GET /wp-json/elementor/v1/checklist/user-progress HTTP/1.1" 200 534 "https://salemconcept.shop/wp-admin/post.php?post=23&action=elementor" "Mozilla/5.0 (Windows NT 10.0; Win64; x64) AppleWebKit/537.36 (KHTML, like Gecko) Chrome/150.0.0.0 Safari/537.36"
102.89.45.104 - - [22/Jul/2026:14:36:31 +0000] "POST /wp-admin/admin-ajax.php HTTP/1.1" 200 77 "https://salemconcept.shop/wp-admin/post.php?post=23&action=elementor" "Mozilla/5.0 (Windows NT 10.0; Win64; x64) AppleWebKit/537.36 (KHTML, like Gecko) Chrome/150.0.0.0 Safari/537.36"
102.89.45.104 - - [22/Jul/2026:14:36:39 +0000] "POST /wp-admin/admin-ajax.php HTTP/1.1" 200 1021 "https://salemconcept.shop/wp-admin/post.php?post=23&action=elementor" "Mozilla/5.0 (Windows NT 10.0; Win64; x64) AppleWebKit/537.36 (KHTML, like Gecko) Chrome/150.0.0.0 Safari/537.36"
198.177.124.148 - - [22/Jul/2026:14:36:47 +0000] "POST /wp-cron.php?doing_wp_cron=1784731007.6491940021514892578125 HTTP/1.1" 200 - "-" "WordPress/7.0.2; https://salemconcept.shop"
102.89.45.104 - - [22/Jul/2026:14:36:45 +0000] "POST /wp-admin/admin-ajax.php HTTP/1.1" 200 77 "https://salemconcept.shop/wp-admin/post.php?post=23&action=elementor" "Mozilla/5.0 (Windows NT 10.0; Win64; x64) AppleWebKit/537.36 (KHTML, like Gecko) Chrome/150.0.0.0 Safari/537.36"
102.89.45.104 - - [22/Jul/2026:14:37:01 +0000] "POST /wp-admin/admin-ajax.php HTTP/1.1" 200 77 "https://salemconcept.shop/wp-admin/post.php?post=23&action=elementor" "Mozilla/5.0 (Windows NT 10.0; Win64; x64) AppleWebKit/537.36 (KHTML, like Gecko) Chrome/150.0.0.0 Safari/537.36"
102.89.45.104 - - [22/Jul/2026:14:37:16 +0000] "POST /wp-admin/admin-ajax.php HTTP/1.1" 200 77 "https://salemconcept.shop/wp-admin/post.php?post=23&action=elementor" "Mozilla/5.0 (Windows NT 10.0; Win64; x64) AppleWebKit/537.36 (KHTML, like Gecko) Chrome/150.0.0.0 Safari/537.36"
102.89.45.104 - - [22/Jul/2026:14:37:16 +0000] "GET /wp-json/elementor/v1/user-data/current-user?context=edit HTTP/1.1" 200 1309 "https://salemconcept.shop/wp-admin/post.php?post=23&action=elementor" "Mozilla/5.0 (Windows NT 10.0; Win64; x64) AppleWebKit/537.36 (KHTML, like Gecko) Chrome/150.0.0.0 Safari/537.36"
102.89.45.104 - - [22/Jul/2026:14:37:27 +0000] "GET /wp-content/uploads/2026/07/powerbank-2-1.png HTTP/1.1" 304 - "https://salemconcept.shop/power-bank/?elementor-preview=23&ver=1784721738" "Mozilla/5.0 (Windows NT 10.0; Win64; x64) AppleWebKit/537.36 (KHTML, like Gecko) Chrome/150.0.0.0 Safari/537.36"
102.89.45.104 - - [22/Jul/2026:14:37:27 +0000] "GET /wp-content/uploads/2026/07/powerbank-2-1.png HTTP/1.1" 304 - "https://salemconcept.shop/wp-admin/post.php?post=23&action=elementor" "Mozilla/5.0 (Windows NT 10.0; Win64; x64) AppleWebKit/537.36 (KHTML, like Gecko) Chrome/150.0.0.0 Safari/537.36"
102.89.45.104 - - [22/Jul/2026:14:37:31 +0000] "POST /wp-admin/admin-ajax.php HTTP/1.1" 200 77 "https://salemconcept.shop/wp-admin/post.php?post=23&action=elementor" "Mozilla/5.0 (Windows NT 10.0; Win64; x64) AppleWebKit/537.36 (KHTML, like Gecko) Chrome/150.0.0.0 Safari/537.36"
102.89.45.104 - - [22/Jul/2026:14:37:36 +0000] "GET /wp-content/uploads/2026/07/powerbank-2-1.png HTTP/1.1" 304 - "https://salemconcept.shop/power-bank/?elementor-preview=23&ver=1784721738" "Mozilla/5.0 (Windows NT 10.0; Win64; x64) AppleWebKit/537.36 (KHTML, like Gecko) Chrome/150.0.0.0 Safari/537.36"
102.89.45.104 - - [22/Jul/2026:14:37:37 +0000] "GET /wp-content/uploads/2026/07/powerbank-2-1.png HTTP/1.1" 304 - "https://salemconcept.shop/wp-admin/post.php?post=23&action=elementor" "Mozilla/5.0 (Windows NT 10.0; Win64; x64) AppleWebKit/537.36 (KHTML, like Gecko) Chrome/150.0.0.0 Safari/537.36"
102.89.45.104 - - [22/Jul/2026:14:37:38 +0000] "GET /wp-content/uploads/2026/07/powerbank-2-1.png HTTP/1.1" 304 - "https://salemconcept.shop/power-bank/?elementor-preview=23&ver=1784721738" "Mozilla/5.0 (Windows NT 10.0; Win64; x64) AppleWebKit/537.36 (KHTML, like Gecko) Chrome/150.0.0.0 Safari/537.36"
102.89.45.104 - - [22/Jul/2026:14:37:38 +0000] "GET /wp-content/uploads/2026/07/powerbank-2-1.png HTTP/1.1" 304 - "https://salemconcept.shop/wp-admin/post.php?post=23&action=elementor" "Mozilla/5.0 (Windows NT 10.0; Win64; x64) AppleWebKit/537.36 (KHTML, like Gecko) Chrome/150.0.0.0 Safari/537.36"
198.177.124.148 - - [22/Jul/2026:14:37:47 +0000] "POST /wp-cron.php?doing_wp_cron=1784731067.5455551147460937500000 HTTP/1.1" 200 - "-" "WordPress/7.0.2; https://salemconcept.shop"
102.89.45.104 - - [22/Jul/2026:14:37:46 +0000] "POST /wp-admin/admin-ajax.php HTTP/1.1" 200 77 "https://salemconcept.shop/wp-admin/post.php?post=23&action=elementor" "Mozilla/5.0 (Windows NT 10.0; Win64; x64) AppleWebKit/537.36 (KHTML, like Gecko) Chrome/150.0.0.0 Safari/537.36"
102.89.45.104 - - [22/Jul/2026:14:38:02 +0000] "POST /wp-admin/admin-ajax.php HTTP/1.1" 200 77 "https://salemconcept.shop/wp-admin/post.php?post=23&action=elementor" "Mozilla/5.0 (Windows NT 10.0; Win64; x64) AppleWebKit/537.36 (KHTML, like Gecko) Chrome/150.0.0.0 Safari/537.36"
102.89.45.104 - - [22/Jul/2026:14:38:10 +0000] "GET /wp-content/uploads/2026/07/powerbank-2-1.png HTTP/1.1" 304 - "https://salemconcept.shop/power-bank/?elementor-preview=23&ver=1784721738" "Mozilla/5.0 (Windows NT 10.0; Win64; x64) AppleWebKit/537.36 (KHTML, like Gecko) Chrome/150.0.0.0 Safari/537.36"
102.89.45.104 - - [22/Jul/2026:14:38:11 +0000] "GET /wp-content/uploads/2026/07/powerbank-2-1.png HTTP/1.1" 304 - "https://salemconcept.shop/wp-admin/post.php?post=23&action=elementor" "Mozilla/5.0 (Windows NT 10.0; Win64; x64) AppleWebKit/537.36 (KHTML, like Gecko) Chrome/150.0.0.0 Safari/537.36"
102.89.45.104 - - [22/Jul/2026:14:38:11 +0000] "GET /wp-content/uploads/2026/07/powerbank-2-1.png HTTP/1.1" 304 - "https://salemconcept.shop/power-bank/?elementor-preview=23&ver=1784721738" "Mozilla/5.0 (Windows NT 10.0; Win64; x64) AppleWebKit/537.36 (KHTML, like Gecko) Chrome/150.0.0.0 Safari/537.36"
102.89.45.104 - - [22/Jul/2026:14:38:12 +0000] "GET /wp-content/uploads/2026/07/powerbank-2-1.png HTTP/1.1" 304 - "https://salemconcept.shop/wp-admin/post.php?post=23&action=elementor" "Mozilla/5.0 (Windows NT 10.0; Win64; x64) AppleWebKit/537.36 (KHTML, like Gecko) Chrome/150.0.0.0 Safari/537.36"
102.89.45.104 - - [22/Jul/2026:14:38:16 +0000] "POST /wp-admin/admin-ajax.php HTTP/1.1" 200 77 "https://salemconcept.shop/wp-admin/post.php?post=23&action=elementor" "Mozilla/5.0 (Windows NT 10.0; Win64; x64) AppleWebKit/537.36 (KHTML, like Gecko) Chrome/150.0.0.0 Safari/537.36"
102.89.45.104 - - [22/Jul/2026:14:38:32 +0000] "POST /wp-admin/admin-ajax.php HTTP/1.1" 200 77 "https://salemconcept.shop/wp-admin/post.php?post=23&action=elementor" "Mozilla/5.0 (Windows NT 10.0; Win64; x64) AppleWebKit/537.36 (KHTML, like Gecko) Chrome/150.0.0.0 Safari/537.36"
102.89.45.104 - - [22/Jul/2026:14:38:34 +0000] "GET /wp-json/elementor/v1/checklist/user-progress HTTP/1.1" 200 534 "https://salemconcept.shop/wp-admin/post.php?post=23&action=elementor" "Mozilla/5.0 (Windows NT 10.0; Win64; x64) AppleWebKit/537.36 (KHTML, like Gecko) Chrome/150.0.0.0 Safari/537.36"
102.89.45.104 - - [22/Jul/2026:14:38:34 +0000] "PUT /wp-json/elementor/v1/global-classes?context=frontend HTTP/1.1" 204 - "https://salemconcept.shop/wp-admin/post.php?post=23&action=elementor" "Mozilla/5.0 (Windows NT 10.0; Win64; x64) AppleWebKit/537.36 (KHTML, like Gecko) Chrome/150.0.0.0 Safari/537.36"
66.249.77.3 - - [22/Jul/2026:14:38:35 +0000] "GET /robots.txt HTTP/1.1" 200 118 "-" "Mozilla/5.0 (compatible; Googlebot/2.1; +http://www.google.com/bot.html)"
102.89.45.104 - - [22/Jul/2026:14:38:37 +0000] "POST /wp-json/elementor/v1/design-system-sync/stylesheet HTTP/1.1" 204 - "https://salemconcept.shop/wp-admin/post.php?post=23&action=elementor" "Mozilla/5.0 (Windows NT 10.0; Win64; x64) AppleWebKit/537.36 (KHTML, like Gecko) Chrome/150.0.0.0 Safari/537.36"
102.89.45.104 - - [22/Jul/2026:14:38:35 +0000] "POST /wp-admin/admin-ajax.php HTTP/1.1" 200 1512 "https://salemconcept.shop/wp-admin/post.php?post=23&action=elementor" "Mozilla/5.0 (Windows NT 10.0; Win64; x64) AppleWebKit/537.36 (KHTML, like Gecko) Chrome/150.0.0.0 Safari/537.36"
66.249.77.2 - - [22/Jul/2026:14:38:40 +0000] "GET /?j=8848711158 HTTP/1.1" 200 96377 "-" "Mozilla/5.0 (Linux; Android 6.0.1; Nexus 5X Build/MMB29P) AppleWebKit/537.36 (KHTML, like Gecko) Chrome/150.0.7871.128 Mobile Safari/537.36 (compatible; GoogleOther)"
102.89.45.104 - - [22/Jul/2026:14:38:41 +0000] "GET /wp-json/elementor/v1/checklist/user-progress HTTP/1.1" 200 534 "https://salemconcept.shop/wp-admin/post.php?post=23&action=elementor" "Mozilla/5.0 (Windows NT 10.0; Win64; x64) AppleWebKit/537.36 (KHTML, like Gecko) Chrome/150.0.0.0 Safari/537.36"
198.177.124.148 - - [22/Jul/2026:14:38:47 +0000] "POST /wp-cron.php?doing_wp_cron=1784731127.6148951053619384765625 HTTP/1.1" 200 - "-" "WordPress/7.0.2; https://salemconcept.shop"
102.89.45.104 - - [22/Jul/2026:14:38:46 +0000] "POST /wp-admin/admin-ajax.php HTTP/1.1" 200 77 "https://salemconcept.shop/wp-admin/post.php?post=23&action=elementor" "Mozilla/5.0 (Windows NT 10.0; Win64; x64) AppleWebKit/537.36 (KHTML, like Gecko) Chrome/150.0.0.0 Safari/537.36"
102.89.45.104 - - [22/Jul/2026:14:39:02 +0000] "POST /wp-admin/admin-ajax.php HTTP/1.1" 200 77 "https://salemconcept.shop/wp-admin/post.php?post=23&action=elementor" "Mozilla/5.0 (Windows NT 10.0; Win64; x64) AppleWebKit/537.36 (KHTML, like Gecko) Chrome/150.0.0.0 Safari/537.36"
102.89.45.104 - - [22/Jul/2026:14:39:16 +0000] "POST /wp-admin/admin-ajax.php HTTP/1.1" 200 77 "https://salemconcept.shop/wp-admin/post.php?post=23&action=elementor" "Mozilla/5.0 (Windows NT 10.0; Win64; x64) AppleWebKit/537.36 (KHTML, like Gecko) Chrome/150.0.0.0 Safari/537.36"
102.89.45.104 - - [22/Jul/2026:14:39:32 +0000] "POST /wp-admin/admin-ajax.php HTTP/1.1" 200 77 "https://salemconcept.shop/wp-admin/post.php?post=23&action=elementor" "Mozilla/5.0 (Windows NT 10.0; Win64; x64) AppleWebKit/537.36 (KHTML, like Gecko) Chrome/150.0.0.0 Safari/537.36"
198.177.124.148 - - [22/Jul/2026:14:42:12 +0000] "POST /wp-cron.php?doing_wp_cron=1784731332.5774219036102294921875 HTTP/1.1" 200 - "-" "WordPress/7.0.2; https://salemconcept.shop"
66.249.77.1 - - [22/Jul/2026:14:42:08 +0000] "GET /?j=88487266927 HTTP/1.1" 200 96377 "-" "Mozilla/5.0 (Linux; Android 6.0.1; Nexus 5X Build/MMB29P) AppleWebKit/537.36 (KHTML, like Gecko) Chrome/150.0.7871.128 Mobile Safari/537.36 (compatible; GoogleOther)"
66.249.77.1 - - [22/Jul/2026:14:42:16 +0000] "GET /?j=88487255488 HTTP/1.1" 200 96377 "-" "Mozilla/5.0 (Linux; Android 6.0.1; Nexus 5X Build/MMB29P) AppleWebKit/537.36 (KHTML, like Gecko) Chrome/150.0.7871.128 Mobile Safari/537.36 (compatible; Googlebot/2.1; +http://www.google.com/bot.html)"
198.177.124.148 - - [22/Jul/2026:14:45:32 +0000] "POST /wp-cron.php?doing_wp_cron=1784731532.0919039249420166015625 HTTP/1.1" 200 - "-" "WordPress/7.0.2; https://salemconcept.shop"
66.249.77.3 - - [22/Jul/2026:14:45:29 +0000] "GET /?j=8848740939 HTTP/1.1" 200 96377 "-" "Mozilla/5.0 (Linux; Android 6.0.1; Nexus 5X Build/MMB29P) AppleWebKit/537.36 (KHTML, like Gecko) Chrome/150.0.7871.128 Mobile Safari/537.36 (compatible; GoogleOther)"
198.177.124.148 - - [22/Jul/2026:14:47:26 +0000] "POST /wp-cron.php?doing_wp_cron=1784731646.4292659759521484375000 HTTP/1.1" 200 - "-" "WordPress/7.0.2; https://salemconcept.shop"
66.249.77.1 - - [22/Jul/2026:14:47:20 +0000] "GET /?j=88487272564 HTTP/1.1" 200 96377 "-" "Mozilla/5.0 (Linux; Android 6.0.1; Nexus 5X Build/MMB29P) AppleWebKit/537.36 (KHTML, like Gecko) Chrome/150.0.7871.128 Mobile Safari/537.36 (compatible; GoogleOther)"
198.177.124.148 - - [22/Jul/2026:14:58:01 +0000] "POST /wp-cron.php?doing_wp_cron=1784732281.5563290119171142578125 HTTP/1.1" 200 - "-" "WordPress/7.0.2; https://salemconcept.shop"
66.249.77.1 - - [22/Jul/2026:14:57:58 +0000] "GET /?j=88487227920 HTTP/1.1" 200 96377 "-" "Mozilla/5.0 (Linux; Android 6.0.1; Nexus 5X Build/MMB29P) AppleWebKit/537.36 (KHTML, like Gecko) Chrome/150.0.7871.128 Mobile Safari/537.36 (compatible; GoogleOther)"
66.249.77.2 - - [22/Jul/2026:14:58:25 +0000] "GET /?j=88487153583 HTTP/1.1" 200 96377 "-" "Mozilla/5.0 (Linux; Android 6.0.1; Nexus 5X Build/MMB29P) AppleWebKit/537.36 (KHTML, like Gecko) Chrome/150.0.7871.128 Mobile Safari/537.36 (compatible; GoogleOther)"
198.177.124.148 - - [22/Jul/2026:15:00:22 +0000] "POST /wp-cron.php?doing_wp_cron=1784732422.3042418956756591796875 HTTP/1.1" 200 - "-" "WordPress/7.0.2; https://salemconcept.shop"
66.249.77.3 - - [22/Jul/2026:15:00:16 +0000] "GET /?j=88487174937 HTTP/1.1" 200 96377 "-" "Mozilla/5.0 (Linux; Android 6.0.1; Nexus 5X Build/MMB29P) AppleWebKit/537.36 (KHTML, like Gecko) Chrome/150.0.7871.128 Mobile Safari/537.36 (compatible; GoogleOther)"
198.177.124.148 - - [22/Jul/2026:15:01:25 +0000] "POST /wp-cron.php?doing_wp_cron=1784732485.1342320442199707031250 HTTP/1.1" 200 - "-" "WordPress/7.0.2; https://salemconcept.shop"
66.249.77.3 - - [22/Jul/2026:15:01:20 +0000] "GET /?r=36261195418 HTTP/1.1" 200 96377 "-" "Mozilla/5.0 (Linux; Android 6.0.1; Nexus 5X Build/MMB29P) AppleWebKit/537.36 (KHTML, like Gecko) Chrome/150.0.7871.128 Mobile Safari/537.36 (compatible; Googlebot/2.1; +http://www.google.com/bot.html)"
198.177.124.148 - - [22/Jul/2026:15:02:41 +0000] "POST /wp-cron.php?doing_wp_cron=1784732561.4189910888671875000000 HTTP/1.1" 200 - "-" "WordPress/7.0.2; https://salemconcept.shop"
66.249.77.1 - - [22/Jul/2026:15:02:37 +0000] "GET /?j=88487275315 HTTP/1.1" 200 96377 "-" "Mozilla/5.0 (Linux; Android 6.0.1; Nexus 5X Build/MMB29P) AppleWebKit/537.36 (KHTML, like Gecko) Chrome/150.0.7871.128 Mobile Safari/537.36 (compatible; GoogleOther)"
198.177.124.148 - - [22/Jul/2026:15:03:26 +0000] "POST /wp-cron.php?doing_wp_cron=1784732605.9391300678253173828125 HTTP/1.1" 200 - "-" "WordPress/7.0.2; https://salemconcept.shop"
66.249.77.1 - - [22/Jul/2026:15:03:22 +0000] "GET /?j=8848730453 HTTP/1.1" 200 96377 "-" "Mozilla/5.0 (Linux; Android 6.0.1; Nexus 5X Build/MMB29P) AppleWebKit/537.36 (KHTML, like Gecko) Chrome/150.0.7871.128 Mobile Safari/537.36 (compatible; GoogleOther)"
198.177.124.148 - - [22/Jul/2026:15:07:01 +0000] "POST /wp-cron.php?doing_wp_cron=1784732821.8924169540405273437500 HTTP/1.1" 200 - "-" "WordPress/7.0.2; https://salemconcept.shop"
66.249.77.2 - - [22/Jul/2026:15:06:58 +0000] "GET /?j=8848726322 HTTP/1.1" 200 96377 "-" "Mozilla/5.0 (Linux; Android 6.0.1; Nexus 5X Build/MMB29P) AppleWebKit/537.36 (KHTML, like Gecko) Chrome/150.0.7871.128 Mobile Safari/537.36 (compatible; GoogleOther)"
198.177.124.148 - - [22/Jul/2026:15:08:58 +0000] "POST /wp-cron.php?doing_wp_cron=1784732937.9918329715728759765625 HTTP/1.1" 200 - "-" "WordPress/7.0.2; https://salemconcept.shop"
66.249.77.3 - - [22/Jul/2026:15:08:55 +0000] "GET /?l=1069763370 HTTP/1.1" 200 96377 "-" "Mozilla/5.0 (Linux; Android 6.0.1; Nexus 5X Build/MMB29P) AppleWebKit/537.36 (KHTML, like Gecko) Chrome/150.0.7871.128 Mobile Safari/537.36 (compatible; GoogleOther)"
198.177.124.148 - - [22/Jul/2026:15:10:47 +0000] "POST /wp-cron.php?doing_wp_cron=1784733047.3078200817108154296875 HTTP/1.1" 200 - "-" "WordPress/7.0.2; https://salemconcept.shop"
66.249.77.2 - - [22/Jul/2026:15:10:45 +0000] "GET /?j=88487227285 HTTP/1.1" 200 96377 "-" "Mozilla/5.0 (Linux; Android 6.0.1; Nexus 5X Build/MMB29P) AppleWebKit/537.36 (KHTML, like Gecko) Chrome/150.0.7871.128 Mobile Safari/537.36 (compatible; GoogleOther)"
66.249.77.3 - - [22/Jul/2026:15:11:30 +0000] "GET /?j=8848784932 HTTP/1.1" 200 96377 "-" "Mozilla/5.0 (Linux; Android 6.0.1; Nexus 5X Build/MMB29P) AppleWebKit/537.36 (KHTML, like Gecko) Chrome/150.0.7871.128 Mobile Safari/537.36 (compatible; GoogleOther)"
198.177.124.148 - - [22/Jul/2026:15:14:48 +0000] "POST /wp-cron.php?doing_wp_cron=1784733288.9005000591278076171875 HTTP/1.1" 200 - "-" "WordPress/7.0.2; https://salemconcept.shop"
66.249.77.2 - - [22/Jul/2026:15:14:46 +0000] "GET /?j=88487217329 HTTP/1.1" 200 96377 "-" "Mozilla/5.0 (Linux; Android 6.0.1; Nexus 5X Build/MMB29P) AppleWebKit/537.36 (KHTML, like Gecko) Chrome/150.0.7871.128 Mobile Safari/537.36 (compatible; GoogleOther)"
198.177.124.148 - - [22/Jul/2026:15:15:56 +0000] "POST /wp-cron.php?doing_wp_cron=1784733356.1881411075592041015625 HTTP/1.1" 200 - "-" "WordPress/7.0.2; https://salemconcept.shop"
66.249.77.3 - - [22/Jul/2026:15:15:52 +0000] "GET /?j=88487211310 HTTP/1.1" 200 96377 "-" "Mozilla/5.0 (Linux; Android 6.0.1; Nexus 5X Build/MMB29P) AppleWebKit/537.36 (KHTML, like Gecko) Chrome/150.0.7871.128 Mobile Safari/537.36 (compatible; GoogleOther)"
66.249.77.1 - - [22/Jul/2026:15:16:35 +0000] "GET /?j=88487164014 HTTP/1.1" 200 96377 "-" "Mozilla/5.0 (Linux; Android 6.0.1; Nexus 5X Build/MMB29P) AppleWebKit/537.36 (KHTML, like Gecko) Chrome/150.0.7871.128 Mobile Safari/537.36 (compatible; GoogleOther)"
198.177.124.148 - - [22/Jul/2026:15:17:25 +0000] "POST /wp-cron.php?doing_wp_cron=1784733445.7699139118194580078125 HTTP/1.1" 200 - "-" "WordPress/7.0.2; https://salemconcept.shop"
66.249.77.3 - - [22/Jul/2026:15:17:20 +0000] "GET /?l=10697212539 HTTP/1.1" 200 96377 "-" "Mozilla/5.0 (Linux; Android 6.0.1; Nexus 5X Build/MMB29P) AppleWebKit/537.36 (KHTML, like Gecko) Chrome/150.0.7871.128 Mobile Safari/537.36 (compatible; GoogleOther)"
198.177.124.148 - - [22/Jul/2026:15:23:28 +0000] "POST /wp-cron.php?doing_wp_cron=1784733808.1047060489654541015625 HTTP/1.1" 200 - "-" "WordPress/7.0.2; https://salemconcept.shop"
66.249.77.2 - - [22/Jul/2026:15:23:24 +0000] "GET /?h=87835219732 HTTP/1.1" 200 96377 "-" "Mozilla/5.0 (Linux; Android 6.0.1; Nexus 5X Build/MMB29P) AppleWebKit/537.36 (KHTML, like Gecko) Chrome/150.0.7871.128 Mobile Safari/537.36 (compatible; GoogleOther)"
198.177.124.148 - - [22/Jul/2026:15:24:45 +0000] "POST /wp-cron.php?doing_wp_cron=1784733885.1050610542297363281250 HTTP/1.1" 200 - "-" "WordPress/7.0.2; https://salemconcept.shop"
66.249.77.2 - - [22/Jul/2026:15:24:41 +0000] "GET /?x=6556936761 HTTP/1.1" 200 96377 "-" "Mozilla/5.0 (Linux; Android 6.0.1; Nexus 5X Build/MMB29P) AppleWebKit/537.36 (KHTML, like Gecko) Chrome/150.0.7871.128 Mobile Safari/537.36 (compatible; GoogleOther)"
198.177.124.148 - - [22/Jul/2026:15:26:27 +0000] "POST /wp-cron.php?doing_wp_cron=1784733987.6929349899291992187500 HTTP/1.1" 200 - "-" "WordPress/7.0.2; https://salemconcept.shop"
