198.177.124.148 - - [21/Jul/2026:22:29:28 +0000] "POST /wp-cron.php?doing_wp_cron=1784672968.4534380435943603515625 HTTP/1.1" 200 - "-" "WordPress/7.0.2; https://salemconcept.shop"
66.249.77.1 - - [21/Jul/2026:22:29:26 +0000] "GET /?j=88487152393 HTTP/1.1" 200 97035 "-" "Mozilla/5.0 (Linux; Android 6.0.1; Nexus 5X Build/MMB29P) AppleWebKit/537.36 (KHTML, like Gecko) Chrome/150.0.7871.128 Mobile Safari/537.36 (compatible; GoogleOther)"
129.227.55.179 - - [21/Jul/2026:22:29:42 +0000] "POST /wp-login.php HTTP/1.1" 200 5127 "-" "Mozilla/5.0"
198.177.124.148 - - [21/Jul/2026:22:33:18 +0000] "POST /wp-cron.php?doing_wp_cron=1784673198.2226619720458984375000 HTTP/1.1" 200 - "-" "WordPress/7.0.2; https://salemconcept.shop"
66.249.77.1 - - [21/Jul/2026:22:33:15 +0000] "GET /?r=36261260742 HTTP/1.1" 200 97035 "-" "Mozilla/5.0 (Linux; Android 6.0.1; Nexus 5X Build/MMB29P) AppleWebKit/537.36 (KHTML, like Gecko) Chrome/150.0.7871.128 Mobile Safari/537.36 (compatible; GoogleOther)"
198.177.124.148 - - [21/Jul/2026:22:34:14 +0000] "POST /wp-cron.php?doing_wp_cron=1784673254.8940360546112060546875 HTTP/1.1" 200 - "-" "WordPress/7.0.2; https://salemconcept.shop"
62.238.17.239 - - [21/Jul/2026:22:34:12 +0000] "GET /.env HTTP/1.1" 404 81952 "-" "Mozilla/5.0 (CentOS; Linux x86_64) AppleWebKit/537.36 (KHTML, like Gecko) Chrome/134.0.0.0 Safari/537.36"
62.238.17.239 - - [21/Jul/2026:22:34:12 +0000] "GET /config.json HTTP/1.1" 404 81959 "-" "Mozilla/5.0 (ZZ; Linux i686) AppleWebKit/537.36 (KHTML, like Gecko) Chrome/133.0.0.0 Safari/537.36"
62.238.17.239 - - [21/Jul/2026:22:34:11 +0000] "GET / HTTP/1.1" 200 97035 "-" "Mozilla/5.0 (Macintosh; Intel Mac OS X 10_15_7) AppleWebKit/605.1.15 (KHTML, like Gecko) Version/18.1 Mobile/15E148 Safari/604.1"
198.177.124.148 - - [21/Jul/2026:22:35:14 +0000] "POST /wp-cron.php?doing_wp_cron=1784673313.9487569332122802734375 HTTP/1.1" 200 - "-" "WordPress/7.0.2; https://salemconcept.shop"
129.227.55.179 - - [21/Jul/2026:22:35:10 +0000] "POST /wp-login.php HTTP/1.1" 200 5127 "-" "Mozilla/5.0"
198.177.124.148 - - [21/Jul/2026:22:39:42 +0000] "POST /wp-cron.php?doing_wp_cron=1784673582.5812139511108398437500 HTTP/1.1" 200 - "-" "WordPress/7.0.2; https://salemconcept.shop"
66.249.77.3 - - [21/Jul/2026:22:39:38 +0000] "GET /?e=5985639927 HTTP/1.1" 200 97035 "-" "Mozilla/5.0 (Linux; Android 6.0.1; Nexus 5X Build/MMB29P) AppleWebKit/537.36 (KHTML, like Gecko) Chrome/150.0.7871.128 Mobile Safari/537.36 (compatible; GoogleOther)"
198.177.124.148 - - [21/Jul/2026:22:40:42 +0000] "POST /wp-cron.php?doing_wp_cron=1784673642.6010670661926269531250 HTTP/1.1" 200 - "-" "WordPress/7.0.2; https://salemconcept.shop"
129.227.55.179 - - [21/Jul/2026:22:40:38 +0000] "POST /wp-login.php HTTP/1.1" 200 5127 "-" "Mozilla/5.0"
198.177.124.148 - - [21/Jul/2026:22:52:15 +0000] "POST /wp-cron.php?doing_wp_cron=1784674335.3559670448303222656250 HTTP/1.1" 200 - "-" "WordPress/7.0.2; https://salemconcept.shop"
66.249.77.1 - - [21/Jul/2026:22:52:11 +0000] "GET /?j=8848723492 HTTP/1.1" 200 97035 "-" "Mozilla/5.0 (Linux; Android 6.0.1; Nexus 5X Build/MMB29P) AppleWebKit/537.36 (KHTML, like Gecko) Chrome/150.0.7871.128 Mobile Safari/537.36 (compatible; GoogleOther)"
198.177.124.148 - - [21/Jul/2026:22:57:53 +0000] "POST /wp-cron.php?doing_wp_cron=1784674672.9351749420166015625000 HTTP/1.1" 200 - "-" "WordPress/7.0.2; https://salemconcept.shop"
66.249.77.1 - - [21/Jul/2026:22:57:49 +0000] "GET /?j=88487186878 HTTP/1.1" 200 97035 "-" "Mozilla/5.0 (Linux; Android 6.0.1; Nexus 5X Build/MMB29P) AppleWebKit/537.36 (KHTML, like Gecko) Chrome/150.0.7871.128 Mobile Safari/537.36 (compatible; GoogleOther)"
198.177.124.148 - - [21/Jul/2026:22:59:27 +0000] "POST /wp-cron.php?doing_wp_cron=1784674767.3686769008636474609375 HTTP/1.1" 200 - "-" "WordPress/7.0.2; https://salemconcept.shop"
66.249.77.3 - - [21/Jul/2026:22:59:23 +0000] "GET /?j=8848776317 HTTP/1.1" 200 97035 "-" "Mozilla/5.0 (Linux; Android 6.0.1; Nexus 5X Build/MMB29P) AppleWebKit/537.36 (KHTML, like Gecko) Chrome/150.0.7871.128 Mobile Safari/537.36 (compatible; GoogleOther)"
198.177.124.148 - - [21/Jul/2026:23:00:02 +0000] "POST /wp-cron.php?doing_wp_cron=1784674802.7641999721527099609375 HTTP/1.1" 200 - "-" "WordPress/7.0.2; https://salemconcept.shop"
66.249.77.1 - - [21/Jul/2026:22:59:58 +0000] "GET /?f=313096696 HTTP/1.1" 200 97035 "-" "Mozilla/5.0 (Linux; Android 6.0.1; Nexus 5X Build/MMB29P) AppleWebKit/537.36 (KHTML, like Gecko) Chrome/150.0.7871.128 Mobile Safari/537.36 (compatible; Googlebot/2.1; +http://www.google.com/bot.html)"
66.249.77.2 - - [21/Jul/2026:23:04:30 +0000] "GET /?l=10697120256 HTTP/1.1" 200 97035 "-" "Mozilla/5.0 (Linux; Android 6.0.1; Nexus 5X Build/MMB29P) AppleWebKit/537.36 (KHTML, like Gecko) Chrome/150.0.7871.128 Mobile Safari/537.36 (compatible; GoogleOther)"
198.177.124.148 - - [21/Jul/2026:23:05:49 +0000] "POST /wp-cron.php?doing_wp_cron=1784675149.2111270427703857421875 HTTP/1.1" 200 - "-" "WordPress/7.0.2; https://salemconcept.shop"
66.249.77.3 - - [21/Jul/2026:23:05:45 +0000] "GET /?l=1069730096 HTTP/1.1" 200 97035 "-" "Mozilla/5.0 (Linux; Android 6.0.1; Nexus 5X Build/MMB29P) AppleWebKit/537.36 (KHTML, like Gecko) Chrome/150.0.7871.128 Mobile Safari/537.36 (compatible; GoogleOther)"
66.249.77.2 - - [21/Jul/2026:23:05:52 +0000] "GET /wp-admin/admin-ajax.php?action=pys_get_pbid HTTP/1.1" 200 1 "https://salemconcept.shop/?l=1069730096" "Mozilla/5.0 (Linux; Android 6.0.1; Nexus 5X Build/MMB29P) AppleWebKit/537.36 (KHTML, like Gecko) Chrome/150.0.7871.128 Mobile Safari/537.36 (compatible; GoogleOther)"
198.177.124.148 - - [21/Jul/2026:23:07:59 +0000] "POST /wp-cron.php?doing_wp_cron=1784675279.8609459400177001953125 HTTP/1.1" 200 - "-" "WordPress/7.0.2; https://salemconcept.shop"
66.249.77.2 - - [21/Jul/2026:23:07:55 +0000] "GET /?e=5985693221 HTTP/1.1" 200 97035 "-" "Mozilla/5.0 (Linux; Android 6.0.1; Nexus 5X Build/MMB29P) AppleWebKit/537.36 (KHTML, like Gecko) Chrome/150.0.7871.128 Mobile Safari/537.36 (compatible; GoogleOther)"
198.177.124.148 - - [21/Jul/2026:23:10:00 +0000] "POST /wp-cron.php?doing_wp_cron=1784675400.0817298889160156250000 HTTP/1.1" 200 - "-" "WordPress/7.0.2; https://salemconcept.shop"
66.249.77.3 - - [21/Jul/2026:23:09:57 +0000] "GET /robots.txt HTTP/1.1" 200 118 "-" "Mozilla/5.0 (compatible; Googlebot/2.1; +http://www.google.com/bot.html)"
198.177.124.148 - - [21/Jul/2026:23:10:56 +0000] "POST /wp-cron.php?doing_wp_cron=1784675455.9947860240936279296875 HTTP/1.1" 200 - "-" "WordPress/7.0.2; https://salemconcept.shop"
66.249.77.2 - - [21/Jul/2026:23:10:53 +0000] "GET /?j=8848773671 HTTP/1.1" 200 97035 "-" "Mozilla/5.0 (Linux; Android 6.0.1; Nexus 5X Build/MMB29P) AppleWebKit/537.36 (KHTML, like Gecko) Chrome/150.0.7871.128 Mobile Safari/537.36 (compatible; GoogleOther)"
198.177.124.148 - - [21/Jul/2026:23:15:54 +0000] "POST /wp-cron.php?doing_wp_cron=1784675753.7213690280914306640625 HTTP/1.1" 200 - "-" "WordPress/7.0.2; https://salemconcept.shop"
66.249.77.1 - - [21/Jul/2026:23:15:39 +0000] "GET /robots.txt HTTP/1.1" 200 118 "-" "Mozilla/5.0 (compatible; Googlebot/2.1; +http://www.google.com/bot.html)"
74.7.228.22 - - [21/Jul/2026:23:16:29 +0000] "GET /robots.txt HTTP/1.1" 301 - "-" "Mozilla/5.0 (Macintosh; Intel Mac OS X 10_15_7) AppleWebKit/537.36 (KHTML, like Gecko) Chrome/131.0.0.0 Safari/537.36; compatible; OAI-SearchBot/1.4; robots.txt; +https://openai.com/searchbot"
74.7.243.209 - - [21/Jul/2026:23:16:29 +0000] "GET / HTTP/1.1" 301 - "-" "Mozilla/5.0 AppleWebKit/537.36 (KHTML, like Gecko; compatible; GPTBot/1.4; +https://openai.com/gptbot)"
74.7.228.22 - - [21/Jul/2026:23:16:31 +0000] "GET /robots.txt HTTP/1.1" 200 118 "https://www.salemconcept.shop/robots.txt" "Mozilla/5.0 (Macintosh; Intel Mac OS X 10_15_7) AppleWebKit/537.36 (KHTML, like Gecko) Chrome/131.0.0.0 Safari/537.36; compatible; OAI-SearchBot/1.4; robots.txt; +https://openai.com/searchbot"
198.177.124.148 - - [21/Jul/2026:23:17:17 +0000] "POST /wp-cron.php?doing_wp_cron=1784675837.8634169101715087890625 HTTP/1.1" 200 - "-" "WordPress/7.0.2; https://salemconcept.shop"
66.249.77.3 - - [21/Jul/2026:23:17:15 +0000] "GET /?h=87835195308 HTTP/1.1" 200 97035 "-" "Mozilla/5.0 (Linux; Android 6.0.1; Nexus 5X Build/MMB29P) AppleWebKit/537.36 (KHTML, like Gecko) Chrome/150.0.7871.128 Mobile Safari/537.36 (compatible; GoogleOther)"
198.177.124.148 - - [21/Jul/2026:23:25:31 +0000] "POST /wp-cron.php?doing_wp_cron=1784676331.3045248985290527343750 HTTP/1.1" 200 - "-" "WordPress/7.0.2; https://salemconcept.shop"
66.249.77.1 - - [21/Jul/2026:23:25:28 +0000] "GET /?r=3626171820 HTTP/1.1" 200 97035 "-" "Mozilla/5.0 (Linux; Android 6.0.1; Nexus 5X Build/MMB29P) AppleWebKit/537.36 (KHTML, like Gecko) Chrome/150.0.7871.128 Mobile Safari/537.36 (compatible; GoogleOther)"
198.177.124.148 - - [21/Jul/2026:23:27:56 +0000] "POST /wp-cron.php?doing_wp_cron=1784676476.6834731101989746093750 HTTP/1.1" 200 - "-" "WordPress/7.0.2; https://salemconcept.shop"
66.249.77.2 - - [21/Jul/2026:23:27:53 +0000] "GET /?h=878351926 HTTP/1.1" 200 97035 "-" "Mozilla/5.0 (Linux; Android 6.0.1; Nexus 5X Build/MMB29P) AppleWebKit/537.36 (KHTML, like Gecko) Chrome/150.0.7871.128 Mobile Safari/537.36 (compatible; GoogleOther)"
198.177.124.148 - - [21/Jul/2026:23:35:14 +0000] "POST /wp-cron.php?doing_wp_cron=1784676914.2873110771179199218750 HTTP/1.1" 200 - "-" "WordPress/7.0.2; https://salemconcept.shop"
66.249.77.2 - - [21/Jul/2026:23:35:08 +0000] "GET /?e=5985693221 HTTP/1.1" 200 97035 "-" "Mozilla/5.0 (Linux; Android 6.0.1; Nexus 5X Build/MMB29P) AppleWebKit/537.36 (KHTML, like Gecko) Chrome/150.0.7871.128 Mobile Safari/537.36 (compatible; GoogleOther)"
66.249.77.2 - - [21/Jul/2026:23:35:16 +0000] "GET /?x=6556918326 HTTP/1.1" 200 97035 "-" "Mozilla/5.0 (Linux; Android 6.0.1; Nexus 5X Build/MMB29P) AppleWebKit/537.36 (KHTML, like Gecko) Chrome/150.0.7871.128 Mobile Safari/537.36 (compatible; GoogleOther)"
198.177.124.148 - - [22/Jul/2026:00:06:35 +0000] "POST /wp-cron.php?doing_wp_cron=1784678795.5033469200134277343750 HTTP/1.1" 200 - "-" "WordPress/7.0.2; https://salemconcept.shop"
66.249.77.1 - - [22/Jul/2026:00:06:32 +0000] "GET /?e=59856251211 HTTP/1.1" 200 97035 "-" "Mozilla/5.0 (Linux; Android 6.0.1; Nexus 5X Build/MMB29P) AppleWebKit/537.36 (KHTML, like Gecko) Chrome/150.0.7871.128 Mobile Safari/537.36 (compatible; GoogleOther)"
198.177.124.148 - - [22/Jul/2026:00:07:56 +0000] "POST /wp-cron.php?doing_wp_cron=1784678876.1425080299377441406250 HTTP/1.1" 200 - "-" "WordPress/7.0.2; https://salemconcept.shop"
66.249.77.1 - - [22/Jul/2026:00:07:55 +0000] "GET /?e=5985653960 HTTP/1.1" 200 97035 "-" "Mozilla/5.0 (Linux; Android 6.0.1; Nexus 5X Build/MMB29P) AppleWebKit/537.36 (KHTML, like Gecko) Chrome/150.0.7871.128 Mobile Safari/537.36 (compatible; GoogleOther)"
66.249.77.1 - - [22/Jul/2026:00:08:35 +0000] "GET /?u=28438175567 HTTP/1.1" 200 97035 "-" "Mozilla/5.0 (Linux; Android 6.0.1; Nexus 5X Build/MMB29P) AppleWebKit/537.36 (KHTML, like Gecko) Chrome/150.0.7871.128 Mobile Safari/537.36 (compatible; GoogleOther)"
198.177.124.148 - - [22/Jul/2026:00:08:59 +0000] "POST /wp-cron.php?doing_wp_cron=1784678939.7687890529632568359375 HTTP/1.1" 200 - "-" "WordPress/7.0.2; https://salemconcept.shop"
66.249.77.2 - - [22/Jul/2026:00:08:58 +0000] "GET /?r=36261278243 HTTP/1.1" 200 97035 "-" "Mozilla/5.0 (Linux; Android 6.0.1; Nexus 5X Build/MMB29P) AppleWebKit/537.36 (KHTML, like Gecko) Chrome/150.0.7871.128 Mobile Safari/537.36 (compatible; GoogleOther)"
198.177.124.148 - - [22/Jul/2026:00:09:56 +0000] "POST /wp-cron.php?doing_wp_cron=1784678996.2059020996093750000000 HTTP/1.1" 200 - "-" "WordPress/7.0.2; https://salemconcept.shop"
66.249.77.3 - - [22/Jul/2026:00:09:55 +0000] "GET /?u=2843863073 HTTP/1.1" 200 97035 "-" "Mozilla/5.0 (Linux; Android 6.0.1; Nexus 5X Build/MMB29P) AppleWebKit/537.36 (KHTML, like Gecko) Chrome/150.0.7871.128 Mobile Safari/537.36 (compatible; GoogleOther)"
198.177.124.148 - - [22/Jul/2026:00:11:29 +0000] "POST /wp-cron.php?doing_wp_cron=1784679089.4872009754180908203125 HTTP/1.1" 200 - "-" "WordPress/7.0.2; https://salemconcept.shop"
66.249.77.1 - - [22/Jul/2026:00:11:28 +0000] "GET /?u=28438213320 HTTP/1.1" 200 97035 "-" "Mozilla/5.0 (Linux; Android 6.0.1; Nexus 5X Build/MMB29P) AppleWebKit/537.36 (KHTML, like Gecko) Chrome/150.0.7871.128 Mobile Safari/537.36 (compatible; GoogleOther)"
52.90.168.48 - - [22/Jul/2026:00:11:40 +0000] "GET / HTTP/1.1" 200 97035 "-" "Mozilla/5.0 (X11; Linux x86_64) AppleWebKit/537.36 (KHTML, like Gecko) Chrome/145.0.0.0 Safari/537.36"
52.90.168.48 - - [22/Jul/2026:00:11:40 +0000] "GET /wp-includes/blocks/navigation/style.min.css?ver=7.0.2 HTTP/1.1" 200 20709 "https://salemconcept.shop/" "Mozilla/5.0 (X11; Linux x86_64) AppleWebKit/537.36 (KHTML, like Gecko) Chrome/145.0.0.0 Safari/537.36"
52.90.168.48 - - [22/Jul/2026:00:11:40 +0000] "GET /wp-includes/js/jquery/jquery.min.js?ver=3.7.1 HTTP/1.1" 200 87553 "https://salemconcept.shop/" "Mozilla/5.0 (X11; Linux x86_64) AppleWebKit/537.36 (KHTML, like Gecko) Chrome/145.0.0.0 Safari/537.36"
52.90.168.48 - - [22/Jul/2026:00:11:40 +0000] "GET /wp-includes/js/jquery/jquery-migrate.min.js?ver=3.4.1 HTTP/1.1" 200 13577 "https://salemconcept.shop/" "Mozilla/5.0 (X11; Linux x86_64) AppleWebKit/537.36 (KHTML, like Gecko) Chrome/145.0.0.0 Safari/537.36"
52.90.168.48 - - [22/Jul/2026:00:11:41 +0000] "GET /wp-content/themes/twentytwentyfour/assets/images/tourist-and-building.webp HTTP/1.1" 200 66482 "https://salemconcept.shop/" "Mozilla/5.0 (X11; Linux x86_64) AppleWebKit/537.36 (KHTML, like Gecko) Chrome/145.0.0.0 Safari/537.36"
52.90.168.48 - - [22/Jul/2026:00:11:41 +0000] "GET /wp-content/themes/twentytwentyfour/assets/images/windows.webp HTTP/1.1" 200 126244 "https://salemconcept.shop/" "Mozilla/5.0 (X11; Linux x86_64) AppleWebKit/537.36 (KHTML, like Gecko) Chrome/145.0.0.0 Safari/537.36"
52.90.168.48 - - [22/Jul/2026:00:11:41 +0000] "GET /wp-includes/js/dist/script-modules/interactivity/index.min.js?ver=efaa5193bbad9c60ffd1 HTTP/1.1" 200 40106 "https://salemconcept.shop/" "Mozilla/5.0 (X11; Linux x86_64) AppleWebKit/537.36 (KHTML, like Gecko) Chrome/145.0.0.0 Safari/537.36"
52.90.168.48 - - [22/Jul/2026:00:11:41 +0000] "GET /wp-content/themes/twentytwentyfour/assets/images/building-exterior.webp HTTP/1.1" 200 199724 "https://salemconcept.shop/" "Mozilla/5.0 (X11; Linux x86_64) AppleWebKit/537.36 (KHTML, like Gecko) Chrome/145.0.0.0 Safari/537.36"
52.90.168.48 - - [22/Jul/2026:00:11:41 +0000] "GET /wp-content/themes/twentytwentyfour/assets/fonts/cardo/cardo_normal_400.woff2 HTTP/1.1" 200 146060 "https://salemconcept.shop/" "Mozilla/5.0 (X11; Linux x86_64) AppleWebKit/537.36 (KHTML, like Gecko) Chrome/145.0.0.0 Safari/537.36"
52.90.168.48 - - [22/Jul/2026:00:11:41 +0000] "GET /wp-content/themes/twentytwentyfour/assets/fonts/cardo/cardo_italic_400.woff2 HTTP/1.1" 200 105184 "https://salemconcept.shop/" "Mozilla/5.0 (X11; Linux x86_64) AppleWebKit/537.36 (KHTML, like Gecko) Chrome/145.0.0.0 Safari/537.36"
52.90.168.48 - - [22/Jul/2026:00:11:41 +0000] "GET /wp-content/themes/twentytwentyfour/assets/fonts/inter/Inter-VariableFont_slnt,wght.woff2 HTTP/1.1" 200 326628 "https://salemconcept.shop/" "Mozilla/5.0 (X11; Linux x86_64) AppleWebKit/537.36 (KHTML, like Gecko) Chrome/145.0.0.0 Safari/537.36"
52.90.168.48 - - [22/Jul/2026:00:11:41 +0000] "GET /wp-includes/js/dist/script-modules/block-library/navigation/view.min.js?ver=96a846e1d7b789c39ab9 HTTP/1.1" 200 3053 "https://salemconcept.shop/" "Mozilla/5.0 (X11; Linux x86_64) AppleWebKit/537.36 (KHTML, like Gecko) Chrome/145.0.0.0 Safari/537.36"
52.90.168.48 - - [22/Jul/2026:00:11:41 +0000] "GET /wp-content/plugins/pixelyoursite/dist/scripts/jquery.bind-first-0.2.3.min.js?ver=0.2.3 HTTP/1.1" 200 1317 "https://salemconcept.shop/" "Mozilla/5.0 (X11; Linux x86_64) AppleWebKit/537.36 (KHTML, like Gecko) Chrome/145.0.0.0 Safari/537.36"
52.90.168.48 - - [22/Jul/2026:00:11:41 +0000] "GET /wp-content/plugins/pixelyoursite/dist/scripts/js.cookie-2.1.3.min.js?ver=2.1.3 HTTP/1.1" 200 1709 "https://salemconcept.shop/" "Mozilla/5.0 (X11; Linux x86_64) AppleWebKit/537.36 (KHTML, like Gecko) Chrome/145.0.0.0 Safari/537.36"
52.90.168.48 - - [22/Jul/2026:00:11:41 +0000] "GET /wp-content/plugins/pixelyoursite/dist/scripts/tld.min.js?ver=2.3.1 HTTP/1.1" 200 141079 "https://salemconcept.shop/" "Mozilla/5.0 (X11; Linux x86_64) AppleWebKit/537.36 (KHTML, like Gecko) Chrome/145.0.0.0 Safari/537.36"
52.90.168.48 - - [22/Jul/2026:00:11:41 +0000] "GET /wp-content/plugins/pixelyoursite/dist/scripts/public.js?ver=11.2.1 HTTP/1.1" 200 172979 "https://salemconcept.shop/" "Mozilla/5.0 (X11; Linux x86_64) AppleWebKit/537.36 (KHTML, like Gecko) Chrome/145.0.0.0 Safari/537.36"
52.90.168.48 - - [22/Jul/2026:00:11:41 +0000] "GET /wp-includes/js/wp-emoji-release.min.js?ver=7.0.2 HTTP/1.1" 200 22752 "https://salemconcept.shop/" "Mozilla/5.0 (X11; Linux x86_64) AppleWebKit/537.36 (KHTML, like Gecko) Chrome/145.0.0.0 Safari/537.36"
52.90.168.48 - - [22/Jul/2026:00:11:41 +0000] "GET /wp-admin/admin-ajax.php?action=pys_get_pbid HTTP/1.1" 200 1 "https://salemconcept.shop/" "Mozilla/5.0 (X11; Linux x86_64) AppleWebKit/537.36 (KHTML, like Gecko) Chrome/145.0.0.0 Safari/537.36"
52.90.168.48 - - [22/Jul/2026:00:11:41 +0000] "POST /wp-json/pys-facebook/v1/event HTTP/1.1" 200 16 "https://salemconcept.shop/" "Mozilla/5.0 (X11; Linux x86_64) AppleWebKit/537.36 (KHTML, like Gecko) Chrome/145.0.0.0 Safari/537.36"
52.90.168.48 - - [22/Jul/2026:00:11:41 +0000] "GET /favicon.ico HTTP/1.1" 302 - "https://salemconcept.shop/" "Mozilla/5.0 (X11; Linux x86_64) AppleWebKit/537.36 (KHTML, like Gecko) Chrome/145.0.0.0 Safari/537.36"
52.90.168.48 - - [22/Jul/2026:00:11:42 +0000] "GET /wp-includes/images/w-logo-blue-white-bg.png HTTP/1.1" 200 4119 "https://salemconcept.shop/" "Mozilla/5.0 (X11; Linux x86_64) AppleWebKit/537.36 (KHTML, like Gecko) Chrome/145.0.0.0 Safari/537.36"
198.177.124.148 - - [22/Jul/2026:00:11:48 +0000] "POST /wp-cron.php?doing_wp_cron=1784679108.4783799648284912109375 HTTP/1.1" 200 - "-" "WordPress/7.0.2; https://salemconcept.shop"
52.90.168.48 - - [22/Jul/2026:00:11:47 +0000] "GET /favicon.ico HTTP/1.1" 302 - "-" "Mozilla/5.0 (X11; Linux x86_64) AppleWebKit/537.36 (KHTML, like Gecko) Chrome/145.0.0.0 Safari/537.36"
52.90.168.48 - - [22/Jul/2026:00:11:48 +0000] "GET /wp-includes/images/w-logo-blue-white-bg.png HTTP/1.1" 200 4119 "-" "Mozilla/5.0 (X11; Linux x86_64) AppleWebKit/537.36 (KHTML, like Gecko) Chrome/145.0.0.0 Safari/537.36"
66.249.77.1 - - [22/Jul/2026:00:11:54 +0000] "GET /?j=88487191285 HTTP/1.1" 200 97035 "-" "Mozilla/5.0 (Linux; Android 6.0.1; Nexus 5X Build/MMB29P) AppleWebKit/537.36 (KHTML, like Gecko) Chrome/150.0.7871.128 Mobile Safari/537.36 (compatible; GoogleOther)"
66.249.77.2 - - [22/Jul/2026:00:12:30 +0000] "GET /?u=28438200079 HTTP/1.1" 200 97035 "-" "Mozilla/5.0 (Linux; Android 6.0.1; Nexus 5X Build/MMB29P) AppleWebKit/537.36 (KHTML, like Gecko) Chrome/150.0.7871.128 Mobile Safari/537.36 (compatible; GoogleOther)"
198.177.124.148 - - [22/Jul/2026:00:21:21 +0000] "POST /wp-cron.php?doing_wp_cron=1784679681.9124009609222412109375 HTTP/1.1" 200 - "-" "WordPress/7.0.2; https://salemconcept.shop"
66.249.77.2 - - [22/Jul/2026:00:21:20 +0000] "GET /robots.txt HTTP/1.1" 200 118 "-" "Mozilla/5.0 (compatible; Googlebot/2.1; +http://www.google.com/bot.html)"
198.177.124.148 - - [22/Jul/2026:00:22:06 +0000] "POST /wp-cron.php?doing_wp_cron=1784679726.7411179542541503906250 HTTP/1.1" 200 - "-" "WordPress/7.0.2; https://salemconcept.shop"
66.249.77.3 - - [22/Jul/2026:00:22:04 +0000] "GET /?x=65569206129 HTTP/1.1" 200 97035 "-" "Mozilla/5.0 (Linux; Android 6.0.1; Nexus 5X Build/MMB29P) AppleWebKit/537.36 (KHTML, like Gecko) Chrome/150.0.7871.128 Mobile Safari/537.36 (compatible; GoogleOther)"
66.249.77.1 - - [22/Jul/2026:00:22:30 +0000] "GET /?x=65569100909 HTTP/1.1" 200 97035 "-" "Mozilla/5.0 (Linux; Android 6.0.1; Nexus 5X Build/MMB29P) AppleWebKit/537.36 (KHTML, like Gecko) Chrome/150.0.7871.128 Mobile Safari/537.36 (compatible; GoogleOther)"
198.177.124.148 - - [22/Jul/2026:00:22:50 +0000] "POST /wp-cron.php?doing_wp_cron=1784679770.4541180133819580078125 HTTP/1.1" 200 - "-" "WordPress/7.0.2; https://salemconcept.shop"
66.249.77.1 - - [22/Jul/2026:00:22:49 +0000] "GET /robots.txt HTTP/1.1" 200 118 "-" "Mozilla/5.0 (compatible; Googlebot/2.1; +http://www.google.com/bot.html)"
198.177.124.148 - - [22/Jul/2026:00:23:47 +0000] "POST /wp-cron.php?doing_wp_cron=1784679827.8435130119323730468750 HTTP/1.1" 200 - "-" "WordPress/7.0.2; https://salemconcept.shop"
66.249.77.1 - - [22/Jul/2026:00:23:45 +0000] "GET /?u=28438160332 HTTP/1.1" 200 97035 "-" "Mozilla/5.0 (Linux; Android 6.0.1; Nexus 5X Build/MMB29P) AppleWebKit/537.36 (KHTML, like Gecko) Chrome/150.0.7871.128 Mobile Safari/537.36 (compatible; GoogleOther)"
66.249.77.1 - - [22/Jul/2026:00:23:51 +0000] "GET /robots.txt HTTP/1.1" 200 118 "-" "Mozilla/5.0 (compatible; Googlebot/2.1; +http://www.google.com/bot.html)"
66.249.77.1 - - [22/Jul/2026:00:23:51 +0000] "GET /wp-admin/admin-ajax.php?action=pys_get_pbid HTTP/1.1" 200 1 "https://salemconcept.shop/?u=28438160332" "Mozilla/5.0 (Linux; Android 6.0.1; Nexus 5X Build/MMB29P) AppleWebKit/537.36 (KHTML, like Gecko) Chrome/150.0.7871.128 Mobile Safari/537.36 (compatible; GoogleOther)"
66.249.77.3 - - [22/Jul/2026:00:24:26 +0000] "GET /?x=65569259536 HTTP/1.1" 200 97035 "-" "Mozilla/5.0 (Linux; Android 6.0.1; Nexus 5X Build/MMB29P) AppleWebKit/537.36 (KHTML, like Gecko) Chrome/150.0.7871.128 Mobile Safari/537.36 (compatible; GoogleOther)"
198.177.124.148 - - [22/Jul/2026:00:25:32 +0000] "POST /wp-cron.php?doing_wp_cron=1784679932.8884229660034179687500 HTTP/1.1" 200 - "-" "WordPress/7.0.2; https://salemconcept.shop"
66.249.77.3 - - [22/Jul/2026:00:25:28 +0000] "GET /?r=3626180422 HTTP/1.1" 200 97035 "-" "Mozilla/5.0 (Linux; Android 6.0.1; Nexus 5X Build/MMB29P) AppleWebKit/537.36 (KHTML, like Gecko) Chrome/150.0.7871.128 Mobile Safari/537.36 (compatible; GoogleOther)"
198.177.124.148 - - [22/Jul/2026:00:26:48 +0000] "POST /wp-cron.php?doing_wp_cron=1784680008.2965800762176513671875 HTTP/1.1" 200 - "-" "WordPress/7.0.2; https://salemconcept.shop"
157.143.3.35 - - [22/Jul/2026:00:26:45 +0000] "GET / HTTP/1.1" 200 97035 "-" "Mozilla/5.0 (Linux; Android 6.0; Nexus 5 Build/MRA58N) AppleWebKit/537.36 (KHTML, like Gecko) Chrome/130.0.0.0 Mobile Safari/537.36"
66.249.77.3 - - [22/Jul/2026:00:28:31 +0000] "GET /robots.txt HTTP/1.1" 200 118 "-" "Mozilla/5.0 (compatible; Googlebot/2.1; +http://www.google.com/bot.html)"
198.177.124.148 - - [22/Jul/2026:00:29:36 +0000] "POST /wp-cron.php?doing_wp_cron=1784680176.4960129261016845703125 HTTP/1.1" 200 - "-" "WordPress/7.0.2; https://salemconcept.shop"
66.249.77.1 - - [22/Jul/2026:00:29:34 +0000] "GET /robots.txt HTTP/1.1" 200 118 "-" "Mozilla/5.0 (compatible; Googlebot/2.1; +http://www.google.com/bot.html)"
198.177.124.148 - - [22/Jul/2026:00:29:56 +0000] "POST /wp-cron.php?doing_wp_cron=1784680196.0069589614868164062500 HTTP/1.1" 200 - "-" "WordPress/7.0.2; https://salemconcept.shop"
74.7.241.135 - - [22/Jul/2026:00:29:54 +0000] "GET /robots.txt HTTP/1.1" 200 118 "-" "Mozilla/5.0 (Macintosh; Intel Mac OS X 10_15_7) AppleWebKit/537.36 (KHTML, like Gecko) Chrome/131.0.0.0 Safari/537.36; compatible; OAI-SearchBot/1.4; robots.txt; +https://openai.com/searchbot"
74.7.242.40 - - [22/Jul/2026:00:29:54 +0000] "GET /wp-sitemap.xml HTTP/1.1" 200 547 "-" "Mozilla/5.0 AppleWebKit/537.36 (KHTML, like Gecko; compatible; GPTBot/1.4; +https://openai.com/gptbot)"
66.249.77.2 - - [22/Jul/2026:00:30:18 +0000] "GET /?j=88487196784 HTTP/1.1" 200 97035 "-" "Mozilla/5.0 (Linux; Android 6.0.1; Nexus 5X Build/MMB29P) AppleWebKit/537.36 (KHTML, like Gecko) Chrome/150.0.7871.128 Mobile Safari/537.36 (compatible; GoogleOther)"
198.177.124.148 - - [22/Jul/2026:00:31:15 +0000] "POST /wp-cron.php?doing_wp_cron=1784680274.9690539836883544921875 HTTP/1.1" 200 - "-" "WordPress/7.0.2; https://salemconcept.shop"
66.249.77.1 - - [22/Jul/2026:00:31:12 +0000] "GET /robots.txt HTTP/1.1" 200 118 "-" "Mozilla/5.0 (compatible; Googlebot/2.1; +http://www.google.com/bot.html)"
198.177.124.148 - - [22/Jul/2026:00:31:58 +0000] "POST /wp-cron.php?doing_wp_cron=1784680318.0374269485473632812500 HTTP/1.1" 200 - "-" "WordPress/7.0.2; https://salemconcept.shop"
66.249.77.1 - - [22/Jul/2026:00:31:56 +0000] "GET /?j=88487250223 HTTP/1.1" 200 97035 "-" "Mozilla/5.0 (Linux; Android 6.0.1; Nexus 5X Build/MMB29P) AppleWebKit/537.36 (KHTML, like Gecko) Chrome/150.0.7871.128 Mobile Safari/537.36 (compatible; GoogleOther)"
66.249.77.1 - - [22/Jul/2026:00:34:34 +0000] "GET /?h=87835237329 HTTP/1.1" 200 97035 "-" "Mozilla/5.0 (Linux; Android 6.0.1; Nexus 5X Build/MMB29P) AppleWebKit/537.36 (KHTML, like Gecko) Chrome/150.0.7871.128 Mobile Safari/537.36 (compatible; GoogleOther)"
198.177.124.148 - - [22/Jul/2026:00:34:48 +0000] "POST /wp-cron.php?doing_wp_cron=1784680488.4707150459289550781250 HTTP/1.1" 200 - "-" "WordPress/7.0.2; https://salemconcept.shop"
66.249.77.1 - - [22/Jul/2026:00:34:46 +0000] "GET /?j=8848723141 HTTP/1.1" 200 97035 "-" "Mozilla/5.0 (Linux; Android 6.0.1; Nexus 5X Build/MMB29P) AppleWebKit/537.36 (KHTML, like Gecko) Chrome/150.0.7871.128 Mobile Safari/537.36 (compatible; GoogleOther)"
154.205.8.214 - - [22/Jul/2026:00:35:08 +0000] "GET /filefuns.php HTTP/1.1" 200 8 "https://www.google.com" "Mozilla/5.0 (Windows NT 10.0; Win64; x64) AppleWebKit/537.36 (KHTML, like Gecko) Chrome/114.0.0.0 Safari/537.36 Edg/114.0.1823.43"
66.249.77.3 - - [22/Jul/2026:00:35:12 +0000] "GET /?j=88487144937 HTTP/1.1" 200 97035 "-" "Mozilla/5.0 (Linux; Android 6.0.1; Nexus 5X Build/MMB29P) AppleWebKit/537.36 (KHTML, like Gecko) Chrome/150.0.7871.128 Mobile Safari/537.36 (compatible; GoogleOther)"
198.177.124.148 - - [22/Jul/2026:00:35:59 +0000] "POST /wp-cron.php?doing_wp_cron=1784680559.0541079044342041015625 HTTP/1.1" 200 - "-" "WordPress/7.0.2; https://salemconcept.shop"
66.249.77.1 - - [22/Jul/2026:00:35:56 +0000] "GET /?l=1069763278 HTTP/1.1" 200 97035 "-" "Mozilla/5.0 (Linux; Android 6.0.1; Nexus 5X Build/MMB29P) AppleWebKit/537.36 (KHTML, like Gecko) Chrome/150.0.7871.128 Mobile Safari/537.36 (compatible; GoogleOther)"
66.249.77.2 - - [22/Jul/2026:00:37:04 +0000] "GET /wp-content/plugins/pixelyoursite/dist/scripts/tld.min.js?ver=2.3.1 HTTP/1.1" 200 141079 "https://salemconcept.shop/?j=88487144937" "Mozilla/5.0 (Linux; Android 6.0.1; Nexus 5X Build/MMB29P) AppleWebKit/537.36 (KHTML, like Gecko) Chrome/150.0.7871.128 Mobile Safari/537.36 (compatible; GoogleOther)"
66.249.77.1 - - [22/Jul/2026:00:37:05 +0000] "GET /wp-content/plugins/pixelyoursite/dist/scripts/public.js?ver=11.2.1 HTTP/1.1" 200 172979 "https://salemconcept.shop/?j=88487144937" "Mozilla/5.0 (Linux; Android 6.0.1; Nexus 5X Build/MMB29P) AppleWebKit/537.36 (KHTML, like Gecko) Chrome/150.0.7871.128 Mobile Safari/537.36 (compatible; GoogleOther)"
198.177.124.148 - - [22/Jul/2026:00:38:10 +0000] "POST /wp-cron.php?doing_wp_cron=1784680690.0322051048278808593750 HTTP/1.1" 200 - "-" "WordPress/7.0.2; https://salemconcept.shop"
66.249.77.3 - - [22/Jul/2026:00:38:06 +0000] "GET /?h=87835249956 HTTP/1.1" 200 97035 "-" "Mozilla/5.0 (Linux; Android 6.0.1; Nexus 5X Build/MMB29P) AppleWebKit/537.36 (KHTML, like Gecko) Chrome/150.0.7871.128 Mobile Safari/537.36 (compatible; GoogleOther)"
66.249.77.1 - - [22/Jul/2026:00:38:21 +0000] "GET /?j=88487145113 HTTP/1.1" 200 97035 "-" "Mozilla/5.0 (Linux; Android 6.0.1; Nexus 5X Build/MMB29P) AppleWebKit/537.36 (KHTML, like Gecko) Chrome/150.0.7871.128 Mobile Safari/537.36 (compatible; GoogleOther)"
198.177.124.148 - - [22/Jul/2026:00:38:55 +0000] "POST /wp-cron.php?doing_wp_cron=1784680735.2355659008026123046875 HTTP/1.1" 200 - "-" "WordPress/7.0.2; https://salemconcept.shop"
66.249.77.1 - - [22/Jul/2026:00:38:53 +0000] "GET /?l=10697161733 HTTP/1.1" 200 97035 "-" "Mozilla/5.0 (Linux; Android 6.0.1; Nexus 5X Build/MMB29P) AppleWebKit/537.36 (KHTML, like Gecko) Chrome/150.0.7871.128 Mobile Safari/537.36 (compatible; GoogleOther)"
66.249.77.3 - - [22/Jul/2026:00:39:07 +0000] "GET /?l=1069784558 HTTP/1.1" 200 97035 "-" "Mozilla/5.0 (Linux; Android 6.0.1; Nexus 5X Build/MMB29P) AppleWebKit/537.36 (KHTML, like Gecko) Chrome/150.0.7871.128 Mobile Safari/537.36 (compatible; GoogleOther)"
198.177.124.148 - - [22/Jul/2026:00:40:38 +0000] "POST /wp-cron.php?doing_wp_cron=1784680838.4854800701141357421875 HTTP/1.1" 200 - "-" "WordPress/7.0.2; https://salemconcept.shop"
66.249.77.1 - - [22/Jul/2026:00:40:35 +0000] "GET /?x=6556939741 HTTP/1.1" 200 97035 "-" "Mozilla/5.0 (Linux; Android 6.0.1; Nexus 5X Build/MMB29P) AppleWebKit/537.36 (KHTML, like Gecko) Chrome/150.0.7871.128 Mobile Safari/537.36 (compatible; GoogleOther)"
198.177.124.148 - - [22/Jul/2026:00:40:54 +0000] "POST /wp-cron.php?doing_wp_cron=1784680854.0701711177825927734375 HTTP/1.1" 200 - "-" "WordPress/7.0.2; https://salemconcept.shop"
66.249.77.1 - - [22/Jul/2026:00:40:51 +0000] "GET /?x=6556989706 HTTP/1.1" 200 97035 "-" "Mozilla/5.0 (Linux; Android 6.0.1; Nexus 5X Build/MMB29P) AppleWebKit/537.36 (KHTML, like Gecko) Chrome/150.0.7871.128 Mobile Safari/537.36 (compatible; GoogleOther)"
198.177.124.148 - - [22/Jul/2026:00:42:48 +0000] "POST /wp-cron.php?doing_wp_cron=1784680968.2470369338989257812500 HTTP/1.1" 200 - "-" "WordPress/7.0.2; https://salemconcept.shop"
66.249.77.40 - - [22/Jul/2026:00:42:44 +0000] "GET /?l=1069733561 HTTP/1.1" 200 97035 "-" "Mozilla/5.0 (Linux; Android 6.0.1; Nexus 5X Build/MMB29P) AppleWebKit/537.36 (KHTML, like Gecko) Chrome/150.0.7871.128 Mobile Safari/537.36 (compatible; GoogleOther)"
198.177.124.148 - - [22/Jul/2026:00:47:09 +0000] "POST /wp-cron.php?doing_wp_cron=1784681229.8489348888397216796875 HTTP/1.1" 200 - "-" "WordPress/7.0.2; https://salemconcept.shop"
66.249.77.41 - - [22/Jul/2026:00:47:06 +0000] "GET /?l=10697256170 HTTP/1.1" 200 97035 "-" "Mozilla/5.0 (Linux; Android 6.0.1; Nexus 5X Build/MMB29P) AppleWebKit/537.36 (KHTML, like Gecko) Chrome/150.0.7871.128 Mobile Safari/537.36 (compatible; GoogleOther)"
66.249.77.40 - - [22/Jul/2026:00:47:39 +0000] "GET /?h=87835274400 HTTP/1.1" 200 97035 "-" "Mozilla/5.0 (Linux; Android 6.0.1; Nexus 5X Build/MMB29P) AppleWebKit/537.36 (KHTML, like Gecko) Chrome/150.0.7871.128 Mobile Safari/537.36 (compatible; GoogleOther)"
198.177.124.148 - - [22/Jul/2026:00:49:53 +0000] "POST /wp-cron.php?doing_wp_cron=1784681393.3883240222930908203125 HTTP/1.1" 200 - "-" "WordPress/7.0.2; https://salemconcept.shop"
66.249.77.41 - - [22/Jul/2026:00:49:47 +0000] "GET /?h=87835223255 HTTP/1.1" 200 97035 "-" "Mozilla/5.0 (Linux; Android 6.0.1; Nexus 5X Build/MMB29P) AppleWebKit/537.36 (KHTML, like Gecko) Chrome/150.0.7871.128 Mobile Safari/537.36 (compatible; GoogleOther)"
66.249.77.40 - - [22/Jul/2026:00:51:24 +0000] "GET /wp-content/plugins/pixelyoursite/dist/scripts/jquery.bind-first-0.2.3.min.js?ver=0.2.3 HTTP/1.1" 200 1317 "https://salemconcept.shop/?h=87835274400" "Mozilla/5.0 (Linux; Android 6.0.1; Nexus 5X Build/MMB29P) AppleWebKit/537.36 (KHTML, like Gecko) Chrome/150.0.7871.128 Mobile Safari/537.36 (compatible; GoogleOther)"
198.177.124.148 - - [22/Jul/2026:00:51:44 +0000] "POST /wp-cron.php?doing_wp_cron=1784681504.2320439815521240234375 HTTP/1.1" 200 - "-" "WordPress/7.0.2; https://salemconcept.shop"
63.141.250.58 - - [22/Jul/2026:00:51:40 +0000] "GET / HTTP/1.1" 200 97035 "-" "Mozilla/5.0 (Windows NT 10.0; Win64; x64) AppleWebKit/537.36 (KHTML, like Gecko) Chrome/131.0.0.0 Safari/537.36"
63.141.250.58 - - [22/Jul/2026:00:51:44 +0000] "GET / HTTP/1.1" 200 97035 "-" "Mozilla/5.0 (compatible; Googlebot/2.1; +http://www.google.com/bot.html)"
66.249.77.42 - - [22/Jul/2026:00:52:04 +0000] "GET /?o=71046188860 HTTP/1.1" 200 97035 "-" "Mozilla/5.0 (Linux; Android 6.0.1; Nexus 5X Build/MMB29P) AppleWebKit/537.36 (KHTML, like Gecko) Chrome/150.0.7871.128 Mobile Safari/537.36 (compatible; GoogleOther)"
198.177.124.148 - - [22/Jul/2026:00:53:55 +0000] "POST /wp-cron.php?doing_wp_cron=1784681635.1689300537109375000000 HTTP/1.1" 200 - "-" "WordPress/7.0.2; https://salemconcept.shop"
66.249.77.41 - - [22/Jul/2026:00:53:52 +0000] "GET /?h=878355551 HTTP/1.1" 200 97035 "-" "Mozilla/5.0 (Linux; Android 6.0.1; Nexus 5X Build/MMB29P) AppleWebKit/537.36 (KHTML, like Gecko) Chrome/150.0.7871.128 Mobile Safari/537.36 (compatible; GoogleOther)"
104.28.163.27 - - [22/Jul/2026:00:54:26 +0000] "GET / HTTP/1.1" 200 97035 "-" "Mozilla/5.0 (Linux; Android 11; Nokia G50) AppleWebKit/537.36 (KHTML, like Gecko) Chrome/123.0.6312.61 Mobile Safari/537.36"
104.28.163.27 - - [22/Jul/2026:00:54:29 +0000] "GET /?rest_route=/wp/v2/users HTTP/1.1" 200 772 "-" "Mozilla/5.0 (Linux; Android 11; Nokia G50) AppleWebKit/537.36 (KHTML, like Gecko) Chrome/123.0.6312.61 Mobile Safari/537.36"
104.28.163.27 - - [22/Jul/2026:00:54:32 +0000] "POST /xmlrpc.php HTTP/1.1" 200 403 "https://salemconcept.shop" "Mozilla/5.0 (Windows NT 10.0; Win64; x64) AppleWebKit/537.36 (KHTML, like Gecko) Chrome/91.0.4472.124 Safari/537.36"
104.28.163.27 - - [22/Jul/2026:00:54:35 +0000] "GET /wp-login.php HTTP/1.1" 200 4715 "-" "Mozilla/5.0 (X11; Linux x86_64) AppleWebKit/537.36 (KHTML, like Gecko) Chrome/92.0.4515.107 Safari/537.36"
104.28.163.27 - - [22/Jul/2026:00:54:36 +0000] "POST /wp-login.php HTTP/1.1" 200 5145 "-" "Mozilla/5.0 (X11; Linux x86_64) AppleWebKit/537.36 (KHTML, like Gecko) Chrome/92.0.4515.107 Safari/537.36"
104.28.163.27 - - [22/Jul/2026:00:54:38 +0000] "POST /xmlrpc.php HTTP/1.1" 200 403 "https://salemconcept.shop" "Mozilla/5.0 (Linux; Android 11; Nokia G50) AppleWebKit/537.36 (KHTML, like Gecko) Chrome/123.0.6312.61 Mobile Safari/537.36"
104.28.163.27 - - [22/Jul/2026:00:54:40 +0000] "GET /wp-login.php HTTP/1.1" 200 4715 "-" "Mozilla/5.0 (Linux; Android 11; Nokia G50) AppleWebKit/537.36 (KHTML, like Gecko) Chrome/123.0.6312.61 Mobile Safari/537.36"
104.28.163.27 - - [22/Jul/2026:00:54:42 +0000] "POST /wp-login.php HTTP/1.1" 200 5145 "-" "Mozilla/5.0 (Linux; Android 11; Nokia G50) AppleWebKit/537.36 (KHTML, like Gecko) Chrome/123.0.6312.61 Mobile Safari/537.36"
104.28.163.27 - - [22/Jul/2026:00:54:44 +0000] "POST /xmlrpc.php HTTP/1.1" 200 403 "https://salemconcept.shop" "Mozilla/5.0 (Windows NT 10.0; Win64; x64) AppleWebKit/537.36 (KHTML, like Gecko) Chrome/91.0.4472.124 Safari/537.36"
198.177.124.148 - - [22/Jul/2026:00:54:48 +0000] "POST /wp-cron.php?doing_wp_cron=1784681688.1602630615234375000000 HTTP/1.1" 200 - "-" "WordPress/7.0.2; https://salemconcept.shop"
104.28.163.27 - - [22/Jul/2026:00:54:47 +0000] "GET /wp-login.php HTTP/1.1" 200 4715 "-" "Mozilla/5.0 (Linux; Android 11; Nokia G50) AppleWebKit/537.36 (KHTML, like Gecko) Chrome/123.0.6312.61 Mobile Safari/537.36"
104.28.163.27 - - [22/Jul/2026:00:54:48 +0000] "POST /wp-login.php HTTP/1.1" 200 5145 "-" "Mozilla/5.0 (Linux; Android 11; Nokia G50) AppleWebKit/537.36 (KHTML, like Gecko) Chrome/123.0.6312.61 Mobile Safari/537.36"
66.249.77.40 - - [22/Jul/2026:00:54:49 +0000] "GET /?h=87835130869 HTTP/1.1" 200 97035 "-" "Mozilla/5.0 (Linux; Android 6.0.1; Nexus 5X Build/MMB29P) AppleWebKit/537.36 (KHTML, like Gecko) Chrome/150.0.7871.128 Mobile Safari/537.36 (compatible; GoogleOther)"
104.28.163.27 - - [22/Jul/2026:00:54:50 +0000] "POST /xmlrpc.php HTTP/1.1" 200 403 "https://salemconcept.shop" "Mozilla/5.0 (Macintosh; Intel Mac OS X 10_15_7) AppleWebKit/537.36 (KHTML, like Gecko) Chrome/90.0.4430.93 Safari/537.36"
104.28.163.27 - - [22/Jul/2026:00:54:52 +0000] "GET /wp-login.php HTTP/1.1" 200 4715 "-" "Mozilla/5.0 (Windows NT 10.0; Win64; x64; rv:130.0) Gecko/20100101 Firefox/130.0"
104.28.163.27 - - [22/Jul/2026:00:54:54 +0000] "POST /wp-login.php HTTP/1.1" 200 5145 "-" "Mozilla/5.0 (Windows NT 10.0; Win64; x64; rv:130.0) Gecko/20100101 Firefox/130.0"
104.28.163.27 - - [22/Jul/2026:00:54:55 +0000] "POST /xmlrpc.php HTTP/1.1" 200 403 "https://salemconcept.shop" "Mozilla/5.0 (Linux; Android 11; Nokia G50) AppleWebKit/537.36 (KHTML, like Gecko) Chrome/123.0.6312.61 Mobile Safari/537.36"
104.28.163.27 - - [22/Jul/2026:00:54:58 +0000] "GET /wp-login.php HTTP/1.1" 200 4715 "-" "Mozilla/5.0 (Windows NT 10.0; Win64; x64) AppleWebKit/537.36 (KHTML, like Gecko) Chrome/91.0.4472.124 Safari/537.36"
104.28.163.27 - - [22/Jul/2026:00:55:00 +0000] "POST /wp-login.php HTTP/1.1" 200 5145 "-" "Mozilla/5.0 (Windows NT 10.0; Win64; x64) AppleWebKit/537.36 (KHTML, like Gecko) Chrome/91.0.4472.124 Safari/537.36"
104.28.163.27 - - [22/Jul/2026:00:55:01 +0000] "POST /xmlrpc.php HTTP/1.1" 200 403 "https://salemconcept.shop" "Mozilla/5.0 (X11; Linux x86_64) AppleWebKit/537.36 (KHTML, like Gecko) Chrome/92.0.4515.107 Safari/537.36"
104.28.163.27 - - [22/Jul/2026:00:55:06 +0000] "GET /wp-login.php HTTP/1.1" 200 4715 "-" "Mozilla/5.0 (Linux; Android 11; Nokia G50) AppleWebKit/537.36 (KHTML, like Gecko) Chrome/123.0.6312.61 Mobile Safari/537.36"
104.28.163.27 - - [22/Jul/2026:00:55:08 +0000] "POST /wp-login.php HTTP/1.1" 200 5145 "-" "Mozilla/5.0 (Linux; Android 11; Nokia G50) AppleWebKit/537.36 (KHTML, like Gecko) Chrome/123.0.6312.61 Mobile Safari/537.36"
104.28.163.27 - - [22/Jul/2026:00:55:10 +0000] "POST /xmlrpc.php HTTP/1.1" 200 403 "https://salemconcept.shop" "Mozilla/5.0 (X11; Linux x86_64) AppleWebKit/537.36 (KHTML, like Gecko) Chrome/92.0.4515.107 Safari/537.36"
104.28.163.27 - - [22/Jul/2026:00:55:16 +0000] "GET /wp-login.php HTTP/1.1" 200 4715 "-" "Mozilla/5.0 (Macintosh; Intel Mac OS X 10_15_7) AppleWebKit/537.36 (KHTML, like Gecko) Chrome/90.0.4430.93 Safari/537.36"
104.28.163.27 - - [22/Jul/2026:00:55:18 +0000] "POST /wp-login.php HTTP/1.1" 200 5145 "-" "Mozilla/5.0 (Macintosh; Intel Mac OS X 10_15_7) AppleWebKit/537.36 (KHTML, like Gecko) Chrome/90.0.4430.93 Safari/537.36"
104.28.163.27 - - [22/Jul/2026:00:55:20 +0000] "POST /xmlrpc.php HTTP/1.1" 200 403 "https://salemconcept.shop" "Mozilla/5.0 (Windows NT 10.0; Win64; x64) AppleWebKit/537.36 (KHTML, like Gecko) Chrome/91.0.4472.124 Safari/537.36"
104.28.163.27 - - [22/Jul/2026:00:55:27 +0000] "GET /wp-login.php HTTP/1.1" 200 4715 "-" "Mozilla/5.0 (Windows NT 10.0; Win64; x64) AppleWebKit/537.36 (KHTML, like Gecko) Chrome/91.0.4472.124 Safari/537.36"
104.28.163.27 - - [22/Jul/2026:00:55:29 +0000] "POST /wp-login.php HTTP/1.1" 200 5145 "-" "Mozilla/5.0 (Windows NT 10.0; Win64; x64) AppleWebKit/537.36 (KHTML, like Gecko) Chrome/91.0.4472.124 Safari/537.36"
104.28.163.27 - - [22/Jul/2026:00:55:30 +0000] "POST /xmlrpc.php HTTP/1.1" 200 403 "https://salemconcept.shop" "Mozilla/5.0 (Windows NT 10.0; Win64; x64; rv:130.0) Gecko/20100101 Firefox/130.0"
104.28.163.27 - - [22/Jul/2026:00:55:35 +0000] "GET /wp-login.php HTTP/1.1" 200 4715 "-" "Mozilla/5.0 (X11; Linux x86_64) AppleWebKit/537.36 (KHTML, like Gecko) Chrome/92.0.4515.107 Safari/537.36"
104.28.163.27 - - [22/Jul/2026:00:55:36 +0000] "POST /wp-login.php HTTP/1.1" 200 5145 "-" "Mozilla/5.0 (X11; Linux x86_64) AppleWebKit/537.36 (KHTML, like Gecko) Chrome/92.0.4515.107 Safari/537.36"
104.28.163.27 - - [22/Jul/2026:00:55:38 +0000] "POST /xmlrpc.php HTTP/1.1" 200 403 "https://salemconcept.shop" "Mozilla/5.0 (X11; Linux x86_64) AppleWebKit/537.36 (KHTML, like Gecko) Chrome/92.0.4515.107 Safari/537.36"
104.28.163.27 - - [22/Jul/2026:00:55:41 +0000] "GET /wp-login.php HTTP/1.1" 200 4715 "-" "Mozilla/5.0 (Macintosh; Intel Mac OS X 10_15_7) AppleWebKit/537.36 (KHTML, like Gecko) Chrome/90.0.4430.93 Safari/537.36"
104.28.163.27 - - [22/Jul/2026:00:55:42 +0000] "POST /wp-login.php HTTP/1.1" 200 5145 "-" "Mozilla/5.0 (Macintosh; Intel Mac OS X 10_15_7) AppleWebKit/537.36 (KHTML, like Gecko) Chrome/90.0.4430.93 Safari/537.36"
66.249.77.42 - - [22/Jul/2026:00:57:40 +0000] "GET /?l=10697140586 HTTP/1.1" 200 97035 "-" "Mozilla/5.0 (Linux; Android 6.0.1; Nexus 5X Build/MMB29P) AppleWebKit/537.36 (KHTML, like Gecko) Chrome/150.0.7871.128 Mobile Safari/537.36 (compatible; GoogleOther)"
198.177.124.148 - - [22/Jul/2026:00:59:22 +0000] "POST /wp-cron.php?doing_wp_cron=1784681962.6538798809051513671875 HTTP/1.1" 200 - "-" "WordPress/7.0.2; https://salemconcept.shop"
63.141.250.58 - - [22/Jul/2026:00:59:20 +0000] "GET / HTTP/1.1" 200 97035 "-" "Mozilla/5.0 (Windows NT 10.0; Win64; x64) AppleWebKit/537.36 (KHTML, like Gecko) Chrome/131.0.0.0 Safari/537.36"
63.141.250.58 - - [22/Jul/2026:00:59:22 +0000] "GET / HTTP/1.1" 200 97035 "-" "Mozilla/5.0 (compatible; Googlebot/2.1; +http://www.google.com/bot.html)"
198.177.124.148 - - [22/Jul/2026:00:59:54 +0000] "POST /wp-cron.php?doing_wp_cron=1784681994.7776370048522949218750 HTTP/1.1" 200 - "-" "WordPress/7.0.2; https://salemconcept.shop"
66.249.77.42 - - [22/Jul/2026:00:59:52 +0000] "GET /?u=28438258913 HTTP/1.1" 200 97035 "-" "Mozilla/5.0 (Linux; Android 6.0.1; Nexus 5X Build/MMB29P) AppleWebKit/537.36 (KHTML, like Gecko) Chrome/150.0.7871.128 Mobile Safari/537.36 (compatible; Googlebot/2.1; +http://www.google.com/bot.html)"
66.249.77.41 - - [22/Jul/2026:01:00:07 +0000] "GET /?o=71046247393 HTTP/1.1" 200 97035 "-" "Mozilla/5.0 (Linux; Android 6.0.1; Nexus 5X Build/MMB29P) AppleWebKit/537.36 (KHTML, like Gecko) Chrome/150.0.7871.128 Mobile Safari/537.36 (compatible; GoogleOther)"
198.177.124.148 - - [22/Jul/2026:01:01:03 +0000] "POST /wp-cron.php?doing_wp_cron=1784682062.9888980388641357421875 HTTP/1.1" 200 - "-" "WordPress/7.0.2; https://salemconcept.shop"
66.249.77.40 - - [22/Jul/2026:01:01:00 +0000] "GET /?l=10697175261 HTTP/1.1" 200 97035 "-" "Mozilla/5.0 (Linux; Android 6.0.1; Nexus 5X Build/MMB29P) AppleWebKit/537.36 (KHTML, like Gecko) Chrome/150.0.7871.128 Mobile Safari/537.36 (compatible; GoogleOther)"
66.249.77.41 - - [22/Jul/2026:01:01:22 +0000] "GET /?l=10697270196 HTTP/1.1" 200 97035 "-" "Mozilla/5.0 (Linux; Android 6.0.1; Nexus 5X Build/MMB29P) AppleWebKit/537.36 (KHTML, like Gecko) Chrome/150.0.7871.128 Mobile Safari/537.36 (compatible; GoogleOther)"
198.177.124.148 - - [22/Jul/2026:01:03:15 +0000] "POST /wp-cron.php?doing_wp_cron=1784682195.6090788841247558593750 HTTP/1.1" 200 - "-" "WordPress/7.0.2; https://salemconcept.shop"
66.249.77.42 - - [22/Jul/2026:01:03:13 +0000] "GET /?l=1069791647 HTTP/1.1" 200 97035 "-" "Mozilla/5.0 (Linux; Android 6.0.1; Nexus 5X Build/MMB29P) AppleWebKit/537.36 (KHTML, like Gecko) Chrome/150.0.7871.128 Mobile Safari/537.36 (compatible; GoogleOther)"
198.177.124.148 - - [22/Jul/2026:01:03:48 +0000] "POST /wp-cron.php?doing_wp_cron=1784682228.7016589641571044921875 HTTP/1.1" 200 - "-" "WordPress/7.0.2; https://salemconcept.shop"
66.249.77.41 - - [22/Jul/2026:01:03:46 +0000] "GET /?h=87835200926 HTTP/1.1" 200 97035 "-" "Mozilla/5.0 (Linux; Android 6.0.1; Nexus 5X Build/MMB29P) AppleWebKit/537.36 (KHTML, like Gecko) Chrome/150.0.7871.128 Mobile Safari/537.36 (compatible; GoogleOther)"
198.177.124.148 - - [22/Jul/2026:01:05:14 +0000] "POST /wp-cron.php?doing_wp_cron=1784682314.6964190006256103515625 HTTP/1.1" 200 - "-" "WordPress/7.0.2; https://salemconcept.shop"
66.249.77.41 - - [22/Jul/2026:01:05:11 +0000] "GET /?l=10697205858 HTTP/1.1" 200 97035 "-" "Mozilla/5.0 (Linux; Android 6.0.1; Nexus 5X Build/MMB29P) AppleWebKit/537.36 (KHTML, like Gecko) Chrome/150.0.7871.128 Mobile Safari/537.36 (compatible; GoogleOther)"
66.249.77.41 - - [22/Jul/2026:01:05:45 +0000] "GET /?l=1069737751 HTTP/1.1" 200 97035 "-" "Mozilla/5.0 (Linux; Android 6.0.1; Nexus 5X Build/MMB29P) AppleWebKit/537.36 (KHTML, like Gecko) Chrome/150.0.7871.128 Mobile Safari/537.36 (compatible; GoogleOther)"
198.177.124.148 - - [22/Jul/2026:01:06:02 +0000] "POST /wp-cron.php?doing_wp_cron=1784682362.4751911163330078125000 HTTP/1.1" 200 - "-" "WordPress/7.0.2; https://salemconcept.shop"
66.249.77.40 - - [22/Jul/2026:01:06:00 +0000] "GET /?h=87835239771 HTTP/1.1" 200 97035 "-" "Mozilla/5.0 (Linux; Android 6.0.1; Nexus 5X Build/MMB29P) AppleWebKit/537.36 (KHTML, like Gecko) Chrome/150.0.7871.128 Mobile Safari/537.36 (compatible; GoogleOther)"
66.249.77.41 - - [22/Jul/2026:01:06:27 +0000] "GET /?h=87835202965 HTTP/1.1" 200 97035 "-" "Mozilla/5.0 (Linux; Android 6.0.1; Nexus 5X Build/MMB29P) AppleWebKit/537.36 (KHTML, like Gecko) Chrome/150.0.7871.128 Mobile Safari/537.36 (compatible; GoogleOther)"
66.249.77.40 - - [22/Jul/2026:01:06:42 +0000] "GET /?l=10697225522 HTTP/1.1" 200 97035 "-" "Mozilla/5.0 (Linux; Android 6.0.1; Nexus 5X Build/MMB29P) AppleWebKit/537.36 (KHTML, like Gecko) Chrome/150.0.7871.128 Mobile Safari/537.36 (compatible; GoogleOther)"
66.249.77.40 - - [22/Jul/2026:01:06:53 +0000] "GET /wp-includes/js/jquery/jquery-migrate.min.js?ver=3.4.1 HTTP/1.1" 200 13577 "https://salemconcept.shop/?l=10697225522" "Mozilla/5.0 (Linux; Android 6.0.1; Nexus 5X Build/MMB29P) AppleWebKit/537.36 (KHTML, like Gecko) Chrome/150.0.7871.128 Mobile Safari/537.36 (compatible; GoogleOther)"
198.177.124.148 - - [22/Jul/2026:01:07:47 +0000] "POST /wp-cron.php?doing_wp_cron=1784682467.7657909393310546875000 HTTP/1.1" 200 - "-" "WordPress/7.0.2; https://salemconcept.shop"
66.249.77.42 - - [22/Jul/2026:01:07:44 +0000] "GET /?l=10697145853 HTTP/1.1" 200 97035 "-" "Mozilla/5.0 (Linux; Android 6.0.1; Nexus 5X Build/MMB29P) AppleWebKit/537.36 (KHTML, like Gecko) Chrome/150.0.7871.128 Mobile Safari/537.36 (compatible; GoogleOther)"
66.249.77.40 - - [22/Jul/2026:01:07:59 +0000] "GET /?x=6556971428 HTTP/1.1" 200 97035 "-" "Mozilla/5.0 (Linux; Android 6.0.1; Nexus 5X Build/MMB29P) AppleWebKit/537.36 (KHTML, like Gecko) Chrome/150.0.7871.128 Mobile Safari/537.36 (compatible; GoogleOther)"
198.177.124.148 - - [22/Jul/2026:01:09:28 +0000] "POST /wp-cron.php?doing_wp_cron=1784682568.5956809520721435546875 HTTP/1.1" 200 - "-" "WordPress/7.0.2; https://salemconcept.shop"
66.249.77.40 - - [22/Jul/2026:01:09:26 +0000] "GET /?x=65569188025 HTTP/1.1" 200 97035 "-" "Mozilla/5.0 (Linux; Android 6.0.1; Nexus 5X Build/MMB29P) AppleWebKit/537.36 (KHTML, like Gecko) Chrome/150.0.7871.128 Mobile Safari/537.36 (compatible; GoogleOther)"
198.177.124.148 - - [22/Jul/2026:01:10:15 +0000] "POST /wp-cron.php?doing_wp_cron=1784682615.4251170158386230468750 HTTP/1.1" 200 - "-" "WordPress/7.0.2; https://salemconcept.shop"
66.249.77.40 - - [22/Jul/2026:01:10:12 +0000] "GET /?r=36261210925 HTTP/1.1" 200 97035 "-" "Mozilla/5.0 (Linux; Android 6.0.1; Nexus 5X Build/MMB29P) AppleWebKit/537.36 (KHTML, like Gecko) Chrome/150.0.7871.128 Mobile Safari/537.36 (compatible; GoogleOther)"
66.249.77.40 - - [22/Jul/2026:01:16:43 +0000] "GET /?x=65569287191 HTTP/1.1" 200 97035 "-" "Mozilla/5.0 (Linux; Android 6.0.1; Nexus 5X Build/MMB29P) AppleWebKit/537.36 (KHTML, like Gecko) Chrome/150.0.7871.128 Mobile Safari/537.36 (compatible; GoogleOther)"
198.177.124.148 - - [22/Jul/2026:01:18:29 +0000] "POST /wp-cron.php?doing_wp_cron=1784683109.7965550422668457031250 HTTP/1.1" 200 - "-" "WordPress/7.0.2; https://salemconcept.shop"
66.249.77.42 - - [22/Jul/2026:01:18:27 +0000] "GET /?u=284383797 HTTP/1.1" 200 97035 "-" "Mozilla/5.0 (Linux; Android 6.0.1; Nexus 5X Build/MMB29P) AppleWebKit/537.36 (KHTML, like Gecko) Chrome/150.0.7871.128 Mobile Safari/537.36 (compatible; GoogleOther)"
198.177.124.148 - - [22/Jul/2026:01:19:12 +0000] "POST /wp-cron.php?doing_wp_cron=1784683152.3178660869598388671875 HTTP/1.1" 200 - "-" "WordPress/7.0.2; https://salemconcept.shop"
66.249.77.41 - - [22/Jul/2026:01:19:09 +0000] "GET /?l=10697255284 HTTP/1.1" 200 97035 "-" "Mozilla/5.0 (Linux; Android 6.0.1; Nexus 5X Build/MMB29P) AppleWebKit/537.36 (KHTML, like Gecko) Chrome/150.0.7871.128 Mobile Safari/537.36 (compatible; GoogleOther)"
66.249.77.40 - - [22/Jul/2026:01:19:23 +0000] "GET /?h=87835232366 HTTP/1.1" 200 97035 "-" "Mozilla/5.0 (Linux; Android 6.0.1; Nexus 5X Build/MMB29P) AppleWebKit/537.36 (KHTML, like Gecko) Chrome/150.0.7871.128 Mobile Safari/537.36 (compatible; GoogleOther)"
66.249.77.40 - - [22/Jul/2026:01:19:29 +0000] "GET /?r=36261124617 HTTP/1.1" 200 97035 "-" "Mozilla/5.0 (Linux; Android 6.0.1; Nexus 5X Build/MMB29P) AppleWebKit/537.36 (KHTML, like Gecko) Chrome/150.0.7871.128 Mobile Safari/537.36 (compatible; GoogleOther)"
157.97.124.231 - - [22/Jul/2026:01:19:31 +0000] "GET / HTTP/1.1" 200 97035 "-" "Mozilla/5.0 (X11; Linux i686; rv:109.0) Gecko/20100101 Firefox/120.0"
198.177.124.148 - - [22/Jul/2026:01:20:46 +0000] "POST /wp-cron.php?doing_wp_cron=1784683246.3642959594726562500000 HTTP/1.1" 200 - "-" "WordPress/7.0.2; https://salemconcept.shop"
66.249.77.40 - - [22/Jul/2026:01:20:42 +0000] "GET /?u=28438271591 HTTP/1.1" 200 97035 "-" "Mozilla/5.0 (Linux; Android 6.0.1; Nexus 5X Build/MMB29P) AppleWebKit/537.36 (KHTML, like Gecko) Chrome/150.0.7871.128 Mobile Safari/537.36 (compatible; GoogleOther)"
66.249.77.41 - - [22/Jul/2026:01:21:08 +0000] "GET /?u=28438199907 HTTP/1.1" 200 97035 "-" "Mozilla/5.0 (Linux; Android 6.0.1; Nexus 5X Build/MMB29P) AppleWebKit/537.36 (KHTML, like Gecko) Chrome/150.0.7871.128 Mobile Safari/537.36 (compatible; GoogleOther)"
66.249.77.40 - - [22/Jul/2026:01:21:31 +0000] "GET /?x=6556924663 HTTP/1.1" 200 97035 "-" "Mozilla/5.0 (Linux; Android 6.0.1; Nexus 5X Build/MMB29P) AppleWebKit/537.36 (KHTML, like Gecko) Chrome/150.0.7871.128 Mobile Safari/537.36 (compatible; GoogleOther)"
198.177.124.148 - - [22/Jul/2026:01:21:55 +0000] "POST /wp-cron.php?doing_wp_cron=1784683315.4261190891265869140625 HTTP/1.1" 200 - "-" "WordPress/7.0.2; https://salemconcept.shop"
66.249.77.40 - - [22/Jul/2026:01:21:53 +0000] "GET /?u=28438221385 HTTP/1.1" 200 97035 "-" "Mozilla/5.0 (Linux; Android 6.0.1; Nexus 5X Build/MMB29P) AppleWebKit/537.36 (KHTML, like Gecko) Chrome/150.0.7871.128 Mobile Safari/537.36 (compatible; GoogleOther)"
172.234.89.220 - - [22/Jul/2026:01:22:14 +0000] "GET /wp-login.php HTTP/1.1" 200 4715 "-" "Mozilla/5.0"
66.249.77.40 - - [22/Jul/2026:01:22:15 +0000] "GET /?x=65569102425 HTTP/1.1" 200 97035 "-" "Mozilla/5.0 (Linux; Android 6.0.1; Nexus 5X Build/MMB29P) AppleWebKit/537.36 (KHTML, like Gecko) Chrome/150.0.7871.128 Mobile Safari/537.36 (compatible; GoogleOther)"
172.234.89.220 - - [22/Jul/2026:01:22:17 +0000] "GET /?author=1 HTTP/1.1" 301 - "-" "Mozilla/5.0"
