102.89.45.104 - - [22/Jul/2026:12:06:33 +0000] "POST /wp-admin/admin-ajax.php HTTP/1.1" 200 77 "https://salemconcept.shop/wp-admin/post.php?post=23&action=elementor" "Mozilla/5.0 (Windows NT 10.0; Win64; x64) AppleWebKit/537.36 (KHTML, like Gecko) Chrome/150.0.0.0 Safari/537.36"
102.89.45.104 - - [22/Jul/2026:12:06:48 +0000] "POST /wp-admin/admin-ajax.php HTTP/1.1" 200 77 "https://salemconcept.shop/wp-admin/post.php?post=23&action=elementor" "Mozilla/5.0 (Windows NT 10.0; Win64; x64) AppleWebKit/537.36 (KHTML, like Gecko) Chrome/150.0.0.0 Safari/537.36"
122.248.109.172 - - [22/Jul/2026:12:06:54 +0000] "POST /xmlrpc.php HTTP/1.1" 200 403 "-" "Mozilla/5.0 (Linux; Android 10; x64) AppleWebKit/537.36 (KHTML, like Gecko) Edge/85.0.0.0 Safari/537.36"
102.89.45.104 - - [22/Jul/2026:12:07:03 +0000] "POST /wp-admin/admin-ajax.php HTTP/1.1" 200 77 "https://salemconcept.shop/wp-admin/post.php?post=23&action=elementor" "Mozilla/5.0 (Windows NT 10.0; Win64; x64) AppleWebKit/537.36 (KHTML, like Gecko) Chrome/150.0.0.0 Safari/537.36"
102.89.45.104 - - [22/Jul/2026:12:07:18 +0000] "POST /wp-admin/admin-ajax.php HTTP/1.1" 200 77 "https://salemconcept.shop/wp-admin/post.php?post=23&action=elementor" "Mozilla/5.0 (Windows NT 10.0; Win64; x64) AppleWebKit/537.36 (KHTML, like Gecko) Chrome/150.0.0.0 Safari/537.36"
102.89.45.104 - - [22/Jul/2026:12:07:35 +0000] "POST /wp-admin/admin-ajax.php HTTP/1.1" 200 77 "https://salemconcept.shop/wp-admin/post.php?post=23&action=elementor" "Mozilla/5.0 (Windows NT 10.0; Win64; x64) AppleWebKit/537.36 (KHTML, like Gecko) Chrome/150.0.0.0 Safari/537.36"
122.248.109.172 - - [22/Jul/2026:12:07:35 +0000] "POST /xmlrpc.php HTTP/1.1" 200 403 "-" "Mozilla/5.0 (Windows NT 10.0; x86) AppleWebKit/537.36 (KHTML, like Gecko) Edge/96.0.0.0 Safari/537.36"
198.177.124.148 - - [22/Jul/2026:12:07:49 +0000] "POST /wp-cron.php?doing_wp_cron=1784722069.4182679653167724609375 HTTP/1.1" 200 - "-" "WordPress/7.0.2; https://salemconcept.shop"
102.89.45.104 - - [22/Jul/2026:12:07:48 +0000] "POST /wp-admin/admin-ajax.php HTTP/1.1" 200 77 "https://salemconcept.shop/wp-admin/post.php?post=23&action=elementor" "Mozilla/5.0 (Windows NT 10.0; Win64; x64) AppleWebKit/537.36 (KHTML, like Gecko) Chrome/150.0.0.0 Safari/537.36"
102.89.45.104 - - [22/Jul/2026:12:08:04 +0000] "POST /wp-admin/admin-ajax.php HTTP/1.1" 200 77 "https://salemconcept.shop/wp-admin/post.php?post=23&action=elementor" "Mozilla/5.0 (Windows NT 10.0; Win64; x64) AppleWebKit/537.36 (KHTML, like Gecko) Chrome/150.0.0.0 Safari/537.36"
122.248.109.172 - - [22/Jul/2026:12:08:11 +0000] "POST /xmlrpc.php HTTP/1.1" 200 403 "-" "Mozilla/5.0 (Windows NT 10.0; arm64) AppleWebKit/537.36 (KHTML, like Gecko) Chrome/91.0.0.0 Safari/537.36"
102.89.45.104 - - [22/Jul/2026:12:08:18 +0000] "POST /wp-admin/admin-ajax.php HTTP/1.1" 200 77 "https://salemconcept.shop/wp-admin/post.php?post=23&action=elementor" "Mozilla/5.0 (Windows NT 10.0; Win64; x64) AppleWebKit/537.36 (KHTML, like Gecko) Chrome/150.0.0.0 Safari/537.36"
102.89.45.104 - - [22/Jul/2026:12:08:32 +0000] "POST /wp-admin/admin-ajax.php HTTP/1.1" 200 77 "https://salemconcept.shop/wp-admin/post.php?post=23&action=elementor" "Mozilla/5.0 (Windows NT 10.0; Win64; x64) AppleWebKit/537.36 (KHTML, like Gecko) Chrome/150.0.0.0 Safari/537.36"
102.89.45.104 - - [22/Jul/2026:12:08:33 +0000] "POST /wp-admin/admin-ajax.php HTTP/1.1" 200 77 "https://salemconcept.shop/wp-admin/post.php?post=23&action=elementor" "Mozilla/5.0 (Windows NT 10.0; Win64; x64) AppleWebKit/537.36 (KHTML, like Gecko) Chrome/150.0.0.0 Safari/537.36"
198.177.124.148 - - [22/Jul/2026:12:08:50 +0000] "POST /wp-cron.php?doing_wp_cron=1784722130.4396440982818603515625 HTTP/1.1" 200 - "-" "WordPress/7.0.2; https://salemconcept.shop"
102.89.45.104 - - [22/Jul/2026:12:08:49 +0000] "POST /wp-admin/admin-ajax.php HTTP/1.1" 200 77 "https://salemconcept.shop/wp-admin/post.php?post=23&action=elementor" "Mozilla/5.0 (Windows NT 10.0; Win64; x64) AppleWebKit/537.36 (KHTML, like Gecko) Chrome/150.0.0.0 Safari/537.36"
198.177.124.148 - - [22/Jul/2026:12:09:00 +0000] "POST /wp-cron.php?doing_wp_cron=1784722140.0698809623718261718750 HTTP/1.1" 200 - "-" "WordPress/7.0.2; https://salemconcept.shop"
122.248.109.172 - - [22/Jul/2026:12:08:58 +0000] "POST /xmlrpc.php HTTP/1.1" 200 403 "-" "Mozilla/5.0 (X11; Ubuntu; Linux x86_64; arm64) AppleWebKit/537.36 (KHTML, like Gecko) Chrome/104.0.0.0 Safari/537.36"
198.177.124.148 - - [22/Jul/2026:12:09:47 +0000] "POST /wp-cron.php?doing_wp_cron=1784722187.3097898960113525390625 HTTP/1.1" 200 - "-" "WordPress/7.0.2; https://salemconcept.shop"
122.248.109.172 - - [22/Jul/2026:12:09:44 +0000] "POST /xmlrpc.php HTTP/1.1" 200 403 "-" "Mozilla/5.0 (X11; Ubuntu; Linux x86_64; x86) AppleWebKit/537.36 (KHTML, like Gecko) Firefox/92.0.0.0 Safari/537.36"
122.248.109.172 - - [22/Jul/2026:12:10:20 +0000] "POST /xmlrpc.php HTTP/1.1" 200 403 "-" "Mozilla/5.0 (Windows NT 10.0; x86) AppleWebKit/537.36 (KHTML, like Gecko) Firefox/89.0.0.0 Safari/537.36"
198.177.124.148 - - [22/Jul/2026:12:11:14 +0000] "POST /wp-cron.php?doing_wp_cron=1784722274.8548219203948974609375 HTTP/1.1" 200 - "-" "WordPress/7.0.2; https://salemconcept.shop"
122.248.109.172 - - [22/Jul/2026:12:11:12 +0000] "POST /xmlrpc.php HTTP/1.1" 200 403 "-" "Mozilla/5.0 (Windows NT 10.0; arm64) AppleWebKit/537.36 (KHTML, like Gecko) Edge/94.0.0.0 Safari/537.36"
216.73.163.44 - - [22/Jul/2026:12:11:14 +0000] "POST /wp-login.php HTTP/1.1" 200 5127 "-" "Mozilla/5.0 (Windows; U; Windows NT 6.1; nl; rv:1.9.2.10) Gecko/20100914 Firefox/3.6.10 ( .NET CLR 3.5.30729)"
198.177.124.148 - - [22/Jul/2026:12:11:50 +0000] "POST /wp-cron.php?doing_wp_cron=1784722310.1897599697113037109375 HTTP/1.1" 200 - "-" "WordPress/7.0.2; https://salemconcept.shop"
122.248.109.172 - - [22/Jul/2026:12:11:47 +0000] "POST /xmlrpc.php HTTP/1.1" 200 403 "-" "Mozilla/5.0 (Linux; Android 10; x86) AppleWebKit/537.36 (KHTML, like Gecko) Firefox/71.0.0.0 Safari/537.36"
122.248.109.172 - - [22/Jul/2026:12:12:27 +0000] "POST /xmlrpc.php HTTP/1.1" 200 403 "-" "Mozilla/5.0 (X11; Ubuntu; Linux x86_64; x86) AppleWebKit/537.36 (KHTML, like Gecko) Opera/65.0.0.0 Safari/537.36"
198.177.124.148 - - [22/Jul/2026:12:13:09 +0000] "POST /wp-cron.php?doing_wp_cron=1784722389.3944718837738037109375 HTTP/1.1" 200 - "-" "WordPress/7.0.2; https://salemconcept.shop"
122.248.109.172 - - [22/Jul/2026:12:13:06 +0000] "POST /xmlrpc.php HTTP/1.1" 200 403 "-" "Mozilla/5.0 (X11; Ubuntu; Linux x86_64; x86) AppleWebKit/537.36 (KHTML, like Gecko) Chrome/110.0.0.0 Safari/537.36"
122.248.109.172 - - [22/Jul/2026:12:13:40 +0000] "POST /xmlrpc.php HTTP/1.1" 200 403 "-" "Mozilla/5.0 (Macintosh; Intel Mac OS X 10_15_7; x64) AppleWebKit/537.36 (KHTML, like Gecko) Firefox/87.0.0.0 Safari/537.36"
198.177.124.148 - - [22/Jul/2026:12:14:12 +0000] "POST /wp-cron.php?doing_wp_cron=1784722451.8292651176452636718750 HTTP/1.1" 200 - "-" "WordPress/7.0.2; https://salemconcept.shop"
102.89.45.104 - - [22/Jul/2026:12:14:09 +0000] "POST /wp-admin/admin-ajax.php HTTP/1.1" 200 77 "https://salemconcept.shop/wp-admin/post.php?post=23&action=elementor" "Mozilla/5.0 (Windows NT 10.0; Win64; x64) AppleWebKit/537.36 (KHTML, like Gecko) Chrome/150.0.0.0 Safari/537.36"
102.89.45.104 - - [22/Jul/2026:12:14:12 +0000] "GET /wp-json/elementor/v1/checklist/user-progress HTTP/1.1" 200 534 "https://salemconcept.shop/wp-admin/post.php?post=23&action=elementor" "Mozilla/5.0 (Windows NT 10.0; Win64; x64) AppleWebKit/537.36 (KHTML, like Gecko) Chrome/150.0.0.0 Safari/537.36"
102.89.45.104 - - [22/Jul/2026:12:14:12 +0000] "GET /wp-json/elementor/v1/settings/elementor_unfiltered_files_upload HTTP/1.1" 200 39 "https://salemconcept.shop/wp-admin/post.php?post=23&action=elementor" "Mozilla/5.0 (Windows NT 10.0; Win64; x64) AppleWebKit/537.36 (KHTML, like Gecko) Chrome/150.0.0.0 Safari/537.36"
122.248.109.172 - - [22/Jul/2026:12:14:14 +0000] "POST /xmlrpc.php HTTP/1.1" 200 403 "-" "Mozilla/5.0 (Macintosh; Intel Mac OS X 10_15_7; x86) AppleWebKit/537.36 (KHTML, like Gecko) Safari/13.0.0.0 Safari/537.36"
102.89.45.104 - - [22/Jul/2026:12:14:16 +0000] "GET /wp-json/elementor/v1/checklist/user-progress HTTP/1.1" 200 534 "https://salemconcept.shop/wp-admin/post.php?post=23&action=elementor" "Mozilla/5.0 (Windows NT 10.0; Win64; x64) AppleWebKit/537.36 (KHTML, like Gecko) Chrome/150.0.0.0 Safari/537.36"
102.89.45.104 - - [22/Jul/2026:12:14:22 +0000] "POST /wp-admin/admin-ajax.php HTTP/1.1" 200 77 "https://salemconcept.shop/wp-admin/post.php?post=23&action=elementor" "Mozilla/5.0 (Windows NT 10.0; Win64; x64) AppleWebKit/537.36 (KHTML, like Gecko) Chrome/150.0.0.0 Safari/537.36"
102.89.45.104 - - [22/Jul/2026:12:14:34 +0000] "POST /wp-admin/admin-ajax.php HTTP/1.1" 200 77 "https://salemconcept.shop/wp-admin/post.php?post=23&action=elementor" "Mozilla/5.0 (Windows NT 10.0; Win64; x64) AppleWebKit/537.36 (KHTML, like Gecko) Chrome/150.0.0.0 Safari/537.36"
102.89.45.104 - - [22/Jul/2026:12:14:37 +0000] "POST /wp-admin/admin-ajax.php HTTP/1.1" 200 77 "https://salemconcept.shop/wp-admin/post.php?post=23&action=elementor" "Mozilla/5.0 (Windows NT 10.0; Win64; x64) AppleWebKit/537.36 (KHTML, like Gecko) Chrome/150.0.0.0 Safari/537.36"
198.177.124.148 - - [22/Jul/2026:12:14:52 +0000] "POST /wp-cron.php?doing_wp_cron=1784722492.4857680797576904296875 HTTP/1.1" 200 - "-" "WordPress/7.0.2; https://salemconcept.shop"
122.248.109.172 - - [22/Jul/2026:12:14:48 +0000] "POST /xmlrpc.php HTTP/1.1" 200 403 "-" "Mozilla/5.0 (Macintosh; Intel Mac OS X 10_15_7; x64) AppleWebKit/537.36 (KHTML, like Gecko) Safari/13.0.0.0 Safari/537.36"
102.89.45.104 - - [22/Jul/2026:12:14:51 +0000] "POST /wp-admin/admin-ajax.php HTTP/1.1" 200 77 "https://salemconcept.shop/wp-admin/post.php?post=23&action=elementor" "Mozilla/5.0 (Windows NT 10.0; Win64; x64) AppleWebKit/537.36 (KHTML, like Gecko) Chrome/150.0.0.0 Safari/537.36"
102.89.45.104 - - [22/Jul/2026:12:15:08 +0000] "POST /wp-admin/admin-ajax.php HTTP/1.1" 200 77 "https://salemconcept.shop/wp-admin/post.php?post=23&action=elementor" "Mozilla/5.0 (Windows NT 10.0; Win64; x64) AppleWebKit/537.36 (KHTML, like Gecko) Chrome/150.0.0.0 Safari/537.36"
102.89.45.104 - - [22/Jul/2026:12:15:21 +0000] "POST /wp-admin/admin-ajax.php HTTP/1.1" 200 77 "https://salemconcept.shop/wp-admin/post.php?post=23&action=elementor" "Mozilla/5.0 (Windows NT 10.0; Win64; x64) AppleWebKit/537.36 (KHTML, like Gecko) Chrome/150.0.0.0 Safari/537.36"
122.248.109.172 - - [22/Jul/2026:12:15:24 +0000] "POST /xmlrpc.php HTTP/1.1" 200 403 "-" "Mozilla/5.0 (Linux; Android 10; x64) AppleWebKit/537.36 (KHTML, like Gecko) Safari/14.0.0.0 Safari/537.36"
102.89.45.104 - - [22/Jul/2026:12:15:42 +0000] "POST /wp-admin/admin-ajax.php HTTP/1.1" 200 77 "https://salemconcept.shop/wp-admin/post.php?post=23&action=elementor" "Mozilla/5.0 (Windows NT 10.0; Win64; x64) AppleWebKit/537.36 (KHTML, like Gecko) Chrome/150.0.0.0 Safari/537.36"
102.89.45.104 - - [22/Jul/2026:12:15:48 +0000] "POST /wp-admin/admin-ajax.php HTTP/1.1" 200 77 "https://salemconcept.shop/wp-admin/post.php?post=23&action=elementor" "Mozilla/5.0 (Windows NT 10.0; Win64; x64) AppleWebKit/537.36 (KHTML, like Gecko) Chrome/150.0.0.0 Safari/537.36"
102.89.45.104 - - [22/Jul/2026:12:15:50 +0000] "GET /wp-json/elementor/v1/checklist/user-progress HTTP/1.1" 200 534 "https://salemconcept.shop/wp-admin/post.php?post=23&action=elementor" "Mozilla/5.0 (Windows NT 10.0; Win64; x64) AppleWebKit/537.36 (KHTML, like Gecko) Chrome/150.0.0.0 Safari/537.36"
102.89.45.104 - - [22/Jul/2026:12:15:53 +0000] "GET /wp-json/elementor/v1/checklist/user-progress HTTP/1.1" 200 534 "https://salemconcept.shop/wp-admin/post.php?post=23&action=elementor" "Mozilla/5.0 (Windows NT 10.0; Win64; x64) AppleWebKit/537.36 (KHTML, like Gecko) Chrome/150.0.0.0 Safari/537.36"
102.89.45.104 - - [22/Jul/2026:12:15:59 +0000] "POST /wp-admin/admin-ajax.php HTTP/1.1" 200 77 "https://salemconcept.shop/wp-admin/post.php?post=23&action=elementor" "Mozilla/5.0 (Windows NT 10.0; Win64; x64) AppleWebKit/537.36 (KHTML, like Gecko) Chrome/150.0.0.0 Safari/537.36"
102.89.45.104 - - [22/Jul/2026:12:16:05 +0000] "POST /wp-admin/admin-ajax.php HTTP/1.1" 200 77 "https://salemconcept.shop/wp-admin/post.php?post=23&action=elementor" "Mozilla/5.0 (Windows NT 10.0; Win64; x64) AppleWebKit/537.36 (KHTML, like Gecko) Chrome/150.0.0.0 Safari/537.36"
122.248.109.172 - - [22/Jul/2026:12:16:05 +0000] "POST /xmlrpc.php HTTP/1.1" 200 403 "-" "Mozilla/5.0 (Windows NT 6.3; x64) AppleWebKit/537.36 (KHTML, like Gecko) Firefox/79.0.0.0 Safari/537.36"
102.89.45.104 - - [22/Jul/2026:12:16:06 +0000] "GET /wp-json/elementor/v1/checklist/user-progress HTTP/1.1" 200 534 "https://salemconcept.shop/wp-admin/post.php?post=23&action=elementor" "Mozilla/5.0 (Windows NT 10.0; Win64; x64) AppleWebKit/537.36 (KHTML, like Gecko) Chrome/150.0.0.0 Safari/537.36"
102.89.45.104 - - [22/Jul/2026:12:16:14 +0000] "POST /wp-admin/admin-ajax.php HTTP/1.1" 200 77 "https://salemconcept.shop/wp-admin/post.php?post=23&action=elementor" "Mozilla/5.0 (Windows NT 10.0; Win64; x64) AppleWebKit/537.36 (KHTML, like Gecko) Chrome/150.0.0.0 Safari/537.36"
102.89.45.104 - - [22/Jul/2026:12:16:30 +0000] "POST /wp-admin/admin-ajax.php HTTP/1.1" 200 77 "https://salemconcept.shop/wp-admin/post.php?post=23&action=elementor" "Mozilla/5.0 (Windows NT 10.0; Win64; x64) AppleWebKit/537.36 (KHTML, like Gecko) Chrome/150.0.0.0 Safari/537.36"
122.248.109.172 - - [22/Jul/2026:12:16:42 +0000] "POST /xmlrpc.php HTTP/1.1" 200 403 "-" "Mozilla/5.0 (Windows NT 10.0; x86) AppleWebKit/537.36 (KHTML, like Gecko) Opera/72.0.0.0 Safari/537.36"
102.89.45.104 - - [22/Jul/2026:12:16:44 +0000] "POST /wp-admin/admin-ajax.php HTTP/1.1" 200 77 "https://salemconcept.shop/wp-admin/post.php?post=23&action=elementor" "Mozilla/5.0 (Windows NT 10.0; Win64; x64) AppleWebKit/537.36 (KHTML, like Gecko) Chrome/150.0.0.0 Safari/537.36"
198.177.124.148 - - [22/Jul/2026:12:17:01 +0000] "POST /wp-cron.php?doing_wp_cron=1784722621.4016330242156982421875 HTTP/1.1" 200 - "-" "WordPress/7.0.2; https://salemconcept.shop"
102.89.45.104 - - [22/Jul/2026:12:17:00 +0000] "POST /wp-admin/admin-ajax.php HTTP/1.1" 200 77 "https://salemconcept.shop/wp-admin/post.php?post=23&action=elementor" "Mozilla/5.0 (Windows NT 10.0; Win64; x64) AppleWebKit/537.36 (KHTML, like Gecko) Chrome/150.0.0.0 Safari/537.36"
122.248.109.172 - - [22/Jul/2026:12:17:13 +0000] "POST /xmlrpc.php HTTP/1.1" 200 403 "-" "Mozilla/5.0 (Macintosh; Intel Mac OS X 10_15_7; arm64) AppleWebKit/537.36 (KHTML, like Gecko) Opera/66.0.0.0 Safari/537.36"
102.89.45.104 - - [22/Jul/2026:12:17:17 +0000] "POST /wp-admin/admin-ajax.php HTTP/1.1" 200 77 "https://salemconcept.shop/wp-admin/post.php?post=23&action=elementor" "Mozilla/5.0 (Windows NT 10.0; Win64; x64) AppleWebKit/537.36 (KHTML, like Gecko) Chrome/150.0.0.0 Safari/537.36"
122.248.109.172 - - [22/Jul/2026:12:17:42 +0000] "POST /xmlrpc.php HTTP/1.1" 200 403 "-" "Mozilla/5.0 (Windows NT 10.0; x86) AppleWebKit/537.36 (KHTML, like Gecko) Edge/85.0.0.0 Safari/537.36"
198.177.124.148 - - [22/Jul/2026:12:18:05 +0000] "POST /wp-cron.php?doing_wp_cron=1784722685.1658248901367187500000 HTTP/1.1" 200 - "-" "WordPress/7.0.2; https://salemconcept.shop"
102.89.45.104 - - [22/Jul/2026:12:18:04 +0000] "POST /wp-admin/admin-ajax.php HTTP/1.1" 200 77 "https://salemconcept.shop/wp-admin/post.php?post=23&action=elementor" "Mozilla/5.0 (Windows NT 10.0; Win64; x64) AppleWebKit/537.36 (KHTML, like Gecko) Chrome/150.0.0.0 Safari/537.36"
122.248.109.172 - - [22/Jul/2026:12:18:10 +0000] "POST /xmlrpc.php HTTP/1.1" 200 403 "-" "Mozilla/5.0 (Macintosh; Intel Mac OS X 10_15_7; x86) AppleWebKit/537.36 (KHTML, like Gecko) Edge/94.0.0.0 Safari/537.36"
198.177.124.148 - - [22/Jul/2026:12:18:49 +0000] "POST /wp-cron.php?doing_wp_cron=1784722729.6519539356231689453125 HTTP/1.1" 200 - "-" "WordPress/7.0.2; https://salemconcept.shop"
122.248.109.172 - - [22/Jul/2026:12:18:47 +0000] "POST /xmlrpc.php HTTP/1.1" 200 403 "-" "Mozilla/5.0 (Windows NT 6.3; x86) AppleWebKit/537.36 (KHTML, like Gecko) Chrome/107.0.0.0 Safari/537.36"
102.89.45.104 - - [22/Jul/2026:12:19:19 +0000] "POST /wp-admin/admin-ajax.php HTTP/1.1" 200 77 "https://salemconcept.shop/wp-admin/post.php?post=23&action=elementor" "Mozilla/5.0 (Windows NT 10.0; Win64; x64) AppleWebKit/537.36 (KHTML, like Gecko) Chrome/150.0.0.0 Safari/537.36"
122.248.109.172 - - [22/Jul/2026:12:19:24 +0000] "POST /xmlrpc.php HTTP/1.1" 200 403 "-" "Mozilla/5.0 (X11; Ubuntu; Linux x86_64; arm64) AppleWebKit/537.36 (KHTML, like Gecko) Chrome/81.0.0.0 Safari/537.36"
198.177.124.148 - - [22/Jul/2026:12:20:08 +0000] "POST /wp-cron.php?doing_wp_cron=1784722808.5727739334106445312500 HTTP/1.1" 200 - "-" "WordPress/7.0.2; https://salemconcept.shop"
102.89.45.104 - - [22/Jul/2026:12:20:06 +0000] "POST /wp-admin/admin-ajax.php HTTP/1.1" 200 77 "https://salemconcept.shop/wp-admin/post.php?post=23&action=elementor" "Mozilla/5.0 (Windows NT 10.0; Win64; x64) AppleWebKit/537.36 (KHTML, like Gecko) Chrome/150.0.0.0 Safari/537.36"
122.248.109.172 - - [22/Jul/2026:12:20:12 +0000] "POST /xmlrpc.php HTTP/1.1" 200 403 "-" "Mozilla/5.0 (Linux; Android 10; arm64) AppleWebKit/537.36 (KHTML, like Gecko) Chrome/115.0.0.0 Safari/537.36"
198.177.124.148 - - [22/Jul/2026:12:20:50 +0000] "POST /wp-cron.php?doing_wp_cron=1784722850.2542569637298583984375 HTTP/1.1" 200 - "-" "WordPress/7.0.2; https://salemconcept.shop"
122.248.109.172 - - [22/Jul/2026:12:20:47 +0000] "POST /xmlrpc.php HTTP/1.1" 200 403 "-" "Mozilla/5.0 (Windows NT 6.2; x64) AppleWebKit/537.36 (KHTML, like Gecko) Firefox/83.0.0.0 Safari/537.36"
122.248.109.172 - - [22/Jul/2026:12:21:24 +0000] "POST /xmlrpc.php HTTP/1.1" 200 403 "-" "Mozilla/5.0 (Linux; Android 10; arm64) AppleWebKit/537.36 (KHTML, like Gecko) Opera/72.0.0.0 Safari/537.36"
198.177.124.148 - - [22/Jul/2026:12:21:54 +0000] "POST /wp-cron.php?doing_wp_cron=1784722914.6954710483551025390625 HTTP/1.1" 200 - "-" "WordPress/7.0.2; https://salemconcept.shop"
122.248.109.172 - - [22/Jul/2026:12:21:52 +0000] "POST /xmlrpc.php HTTP/1.1" 200 403 "-" "Mozilla/5.0 (Windows NT 6.2; x86) AppleWebKit/537.36 (KHTML, like Gecko) Chrome/100.0.0.0 Safari/537.36"
102.89.45.104 - - [22/Jul/2026:12:21:54 +0000] "POST /wp-admin/admin-ajax.php HTTP/1.1" 200 77 "https://salemconcept.shop/wp-admin/post.php?post=23&action=elementor" "Mozilla/5.0 (Windows NT 10.0; Win64; x64) AppleWebKit/537.36 (KHTML, like Gecko) Chrome/150.0.0.0 Safari/537.36"
102.89.45.104 - - [22/Jul/2026:12:22:06 +0000] "POST /wp-admin/admin-ajax.php HTTP/1.1" 200 77 "https://salemconcept.shop/wp-admin/post.php?post=23&action=elementor" "Mozilla/5.0 (Windows NT 10.0; Win64; x64) AppleWebKit/537.36 (KHTML, like Gecko) Chrome/150.0.0.0 Safari/537.36"
122.248.109.172 - - [22/Jul/2026:12:22:23 +0000] "POST /xmlrpc.php HTTP/1.1" 200 403 "-" "Mozilla/5.0 (Macintosh; Intel Mac OS X 10_15_7; arm64) AppleWebKit/537.36 (KHTML, like Gecko) Firefox/97.0.0.0 Safari/537.36"
198.177.124.148 - - [22/Jul/2026:12:23:05 +0000] "POST /wp-cron.php?doing_wp_cron=1784722985.4738919734954833984375 HTTP/1.1" 200 - "-" "WordPress/7.0.2; https://salemconcept.shop"
122.248.109.172 - - [22/Jul/2026:12:23:01 +0000] "POST /xmlrpc.php HTTP/1.1" 200 403 "-" "Mozilla/5.0 (Linux; Android 10; arm64) AppleWebKit/537.36 (KHTML, like Gecko) Safari/12.0.0.0 Safari/537.36"
122.248.109.172 - - [22/Jul/2026:12:23:34 +0000] "POST /xmlrpc.php HTTP/1.1" 200 403 "-" "Mozilla/5.0 (Windows NT 10.0; x86) AppleWebKit/537.36 (KHTML, like Gecko) Edge/88.0.0.0 Safari/537.36"
198.177.124.148 - - [22/Jul/2026:12:23:56 +0000] "POST /wp-cron.php?doing_wp_cron=1784723036.4585759639739990234375 HTTP/1.1" 200 - "-" "WordPress/7.0.2; https://salemconcept.shop"
102.89.45.104 - - [22/Jul/2026:12:23:54 +0000] "POST /wp-admin/admin-ajax.php HTTP/1.1" 200 77 "https://salemconcept.shop/wp-admin/post.php?post=23&action=elementor" "Mozilla/5.0 (Windows NT 10.0; Win64; x64) AppleWebKit/537.36 (KHTML, like Gecko) Chrome/150.0.0.0 Safari/537.36"
122.248.109.172 - - [22/Jul/2026:12:24:04 +0000] "POST /xmlrpc.php HTTP/1.1" 200 403 "-" "Mozilla/5.0 (Linux; Android 10; x86) AppleWebKit/537.36 (KHTML, like Gecko) Edge/80.0.0.0 Safari/537.36"
102.89.45.104 - - [22/Jul/2026:12:24:07 +0000] "POST /wp-admin/admin-ajax.php HTTP/1.1" 200 77 "https://salemconcept.shop/wp-admin/post.php?post=23&action=elementor" "Mozilla/5.0 (Windows NT 10.0; Win64; x64) AppleWebKit/537.36 (KHTML, like Gecko) Chrome/150.0.0.0 Safari/537.36"
122.248.109.172 - - [22/Jul/2026:12:24:42 +0000] "POST /xmlrpc.php HTTP/1.1" 200 403 "-" "Mozilla/5.0 (Windows NT 10.0; x86) AppleWebKit/537.36 (KHTML, like Gecko) Safari/12.0.0.0 Safari/537.36"
198.177.124.148 - - [22/Jul/2026:12:25:25 +0000] "POST /wp-cron.php?doing_wp_cron=1784723124.8928151130676269531250 HTTP/1.1" 200 - "-" "WordPress/7.0.2; https://salemconcept.shop"
122.248.109.172 - - [22/Jul/2026:12:25:19 +0000] "POST /xmlrpc.php HTTP/1.1" 200 403 "-" "Mozilla/5.0 (Macintosh; Intel Mac OS X 10_15_7; x64) AppleWebKit/537.36 (KHTML, like Gecko) Edge/86.0.0.0 Safari/537.36"
198.177.124.148 - - [22/Jul/2026:12:25:50 +0000] "POST /wp-cron.php?doing_wp_cron=1784723149.8983919620513916015625 HTTP/1.1" 200 - "-" "WordPress/7.0.2; https://salemconcept.shop"
66.249.77.2 - - [22/Jul/2026:12:25:47 +0000] "GET /robots.txt HTTP/1.1" 200 118 "-" "Mozilla/5.0 (compatible; Googlebot/2.1; +http://www.google.com/bot.html)"
102.89.45.104 - - [22/Jul/2026:12:25:55 +0000] "POST /wp-admin/admin-ajax.php HTTP/1.1" 200 77 "https://salemconcept.shop/wp-admin/post.php?post=23&action=elementor" "Mozilla/5.0 (Windows NT 10.0; Win64; x64) AppleWebKit/537.36 (KHTML, like Gecko) Chrome/150.0.0.0 Safari/537.36"
122.248.109.172 - - [22/Jul/2026:12:25:58 +0000] "POST /xmlrpc.php HTTP/1.1" 200 403 "-" "Mozilla/5.0 (Macintosh; Intel Mac OS X 10_15_7; x86) AppleWebKit/537.36 (KHTML, like Gecko) Firefox/91.0.0.0 Safari/537.36"
66.249.77.3 - - [22/Jul/2026:12:26:01 +0000] "GET /?o=71046198138 HTTP/1.1" 200 96377 "-" "Mozilla/5.0 (Linux; Android 6.0.1; Nexus 5X Build/MMB29P) AppleWebKit/537.36 (KHTML, like Gecko) Chrome/150.0.7871.128 Mobile Safari/537.36 (compatible; Googlebot/2.1; +http://www.google.com/bot.html)"
102.89.45.104 - - [22/Jul/2026:12:26:09 +0000] "POST /wp-admin/admin-ajax.php HTTP/1.1" 200 77 "https://salemconcept.shop/wp-admin/post.php?post=23&action=elementor" "Mozilla/5.0 (Windows NT 10.0; Win64; x64) AppleWebKit/537.36 (KHTML, like Gecko) Chrome/150.0.0.0 Safari/537.36"
122.248.109.172 - - [22/Jul/2026:12:26:33 +0000] "POST /xmlrpc.php HTTP/1.1" 200 403 "-" "Mozilla/5.0 (Linux; Android 10; arm64) AppleWebKit/537.36 (KHTML, like Gecko) Safari/14.0.0.0 Safari/537.36"
198.177.124.148 - - [22/Jul/2026:12:27:16 +0000] "POST /wp-cron.php?doing_wp_cron=1784723236.0176830291748046875000 HTTP/1.1" 200 - "-" "WordPress/7.0.2; https://salemconcept.shop"
122.248.109.172 - - [22/Jul/2026:12:27:14 +0000] "POST /xmlrpc.php HTTP/1.1" 200 403 "-" "Mozilla/5.0 (Macintosh; Intel Mac OS X 10_15_7; x86) AppleWebKit/537.36 (KHTML, like Gecko) Firefox/84.0.0.0 Safari/537.36"
198.177.124.148 - - [22/Jul/2026:12:27:51 +0000] "POST /wp-cron.php?doing_wp_cron=1784723271.4516160488128662109375 HTTP/1.1" 200 - "-" "WordPress/7.0.2; https://salemconcept.shop"
122.248.109.172 - - [22/Jul/2026:12:27:50 +0000] "POST /xmlrpc.php HTTP/1.1" 200 403 "-" "Mozilla/5.0 (Windows NT 10.0; x64) AppleWebKit/537.36 (KHTML, like Gecko) Safari/13.0.0.0 Safari/537.36"
102.89.45.104 - - [22/Jul/2026:12:27:56 +0000] "POST /wp-admin/admin-ajax.php HTTP/1.1" 200 77 "https://salemconcept.shop/wp-admin/post.php?post=23&action=elementor" "Mozilla/5.0 (Windows NT 10.0; Win64; x64) AppleWebKit/537.36 (KHTML, like Gecko) Chrome/150.0.0.0 Safari/537.36"
102.89.45.104 - - [22/Jul/2026:12:28:09 +0000] "POST /wp-admin/admin-ajax.php HTTP/1.1" 200 77 "https://salemconcept.shop/wp-admin/post.php?post=23&action=elementor" "Mozilla/5.0 (Windows NT 10.0; Win64; x64) AppleWebKit/537.36 (KHTML, like Gecko) Chrome/150.0.0.0 Safari/537.36"
122.248.109.172 - - [22/Jul/2026:12:28:30 +0000] "POST /xmlrpc.php HTTP/1.1" 200 403 "-" "Mozilla/5.0 (Windows NT 6.2; arm64) AppleWebKit/537.36 (KHTML, like Gecko) Firefox/84.0.0.0 Safari/537.36"
198.177.124.148 - - [22/Jul/2026:12:29:23 +0000] "POST /wp-cron.php?doing_wp_cron=1784723363.3376069068908691406250 HTTP/1.1" 200 - "-" "WordPress/7.0.2; https://salemconcept.shop"
122.248.109.172 - - [22/Jul/2026:12:29:16 +0000] "POST /xmlrpc.php HTTP/1.1" 200 403 "-" "Mozilla/5.0 (X11; Ubuntu; Linux x86_64; arm64) AppleWebKit/537.36 (KHTML, like Gecko) Firefox/93.0.0.0 Safari/537.36"
198.177.124.148 - - [22/Jul/2026:12:29:59 +0000] "POST /wp-cron.php?doing_wp_cron=1784723399.6237330436706542968750 HTTP/1.1" 200 - "-" "WordPress/7.0.2; https://salemconcept.shop"
122.248.109.172 - - [22/Jul/2026:12:29:54 +0000] "POST /xmlrpc.php HTTP/1.1" 200 403 "-" "Mozilla/5.0 (Macintosh; Intel Mac OS X 10_15_7; arm64) AppleWebKit/537.36 (KHTML, like Gecko) Opera/67.0.0.0 Safari/537.36"
102.89.45.104 - - [22/Jul/2026:12:29:57 +0000] "POST /wp-admin/admin-ajax.php HTTP/1.1" 200 77 "https://salemconcept.shop/wp-admin/post.php?post=23&action=elementor" "Mozilla/5.0 (Windows NT 10.0; Win64; x64) AppleWebKit/537.36 (KHTML, like Gecko) Chrome/150.0.0.0 Safari/537.36"
102.89.45.104 - - [22/Jul/2026:12:30:10 +0000] "POST /wp-admin/admin-ajax.php HTTP/1.1" 200 77 "https://salemconcept.shop/wp-admin/post.php?post=23&action=elementor" "Mozilla/5.0 (Windows NT 10.0; Win64; x64) AppleWebKit/537.36 (KHTML, like Gecko) Chrome/150.0.0.0 Safari/537.36"
122.248.109.172 - - [22/Jul/2026:12:30:25 +0000] "POST /xmlrpc.php HTTP/1.1" 200 403 "-" "Mozilla/5.0 (Windows NT 6.2; arm64) AppleWebKit/537.36 (KHTML, like Gecko) Opera/60.0.0.0 Safari/537.36"
198.177.124.148 - - [22/Jul/2026:12:31:13 +0000] "POST /wp-cron.php?doing_wp_cron=1784723473.4938468933105468750000 HTTP/1.1" 200 - "-" "WordPress/7.0.2; https://salemconcept.shop"
122.248.109.172 - - [22/Jul/2026:12:31:08 +0000] "POST /xmlrpc.php HTTP/1.1" 200 403 "-" "Mozilla/5.0 (Windows NT 10.0; arm64) AppleWebKit/537.36 (KHTML, like Gecko) Chrome/111.0.0.0 Safari/537.36"
198.177.124.148 - - [22/Jul/2026:12:31:47 +0000] "POST /wp-cron.php?doing_wp_cron=1784723507.6817920207977294921875 HTTP/1.1" 200 - "-" "WordPress/7.0.2; https://salemconcept.shop"
122.248.109.172 - - [22/Jul/2026:12:31:42 +0000] "POST /xmlrpc.php HTTP/1.1" 200 403 "-" "Mozilla/5.0 (Macintosh; Intel Mac OS X 10_15_7; x64) AppleWebKit/537.36 (KHTML, like Gecko) Firefox/97.0.0.0 Safari/537.36"
102.89.45.104 - - [22/Jul/2026:12:31:58 +0000] "POST /wp-admin/admin-ajax.php HTTP/1.1" 200 77 "https://salemconcept.shop/wp-admin/post.php?post=23&action=elementor" "Mozilla/5.0 (Windows NT 10.0; Win64; x64) AppleWebKit/537.36 (KHTML, like Gecko) Chrome/150.0.0.0 Safari/537.36"
102.89.45.104 - - [22/Jul/2026:12:32:11 +0000] "POST /wp-admin/admin-ajax.php HTTP/1.1" 200 77 "https://salemconcept.shop/wp-admin/post.php?post=23&action=elementor" "Mozilla/5.0 (Windows NT 10.0; Win64; x64) AppleWebKit/537.36 (KHTML, like Gecko) Chrome/150.0.0.0 Safari/537.36"
122.248.109.172 - - [22/Jul/2026:12:32:16 +0000] "POST /xmlrpc.php HTTP/1.1" 200 403 "-" "Mozilla/5.0 (Linux; Android 10; arm64) AppleWebKit/537.36 (KHTML, like Gecko) Chrome/80.0.0.0 Safari/537.36"
122.248.109.172 - - [22/Jul/2026:12:32:42 +0000] "POST /xmlrpc.php HTTP/1.1" 200 403 "-" "Mozilla/5.0 (Macintosh; Intel Mac OS X 10_15_7; x64) AppleWebKit/537.36 (KHTML, like Gecko) Firefox/80.0.0.0 Safari/537.36"
198.177.124.148 - - [22/Jul/2026:12:33:15 +0000] "POST /wp-cron.php?doing_wp_cron=1784723595.4018499851226806640625 HTTP/1.1" 200 - "-" "WordPress/7.0.2; https://salemconcept.shop"
66.249.77.2 - - [22/Jul/2026:12:33:14 +0000] "GET /?x=65569104147 HTTP/1.1" 200 96377 "-" "Mozilla/5.0 (Linux; Android 6.0.1; Nexus 5X Build/MMB29P) AppleWebKit/537.36 (KHTML, like Gecko) Chrome/150.0.7871.128 Mobile Safari/537.36 (compatible; Googlebot/2.1; +http://www.google.com/bot.html)"
122.248.109.172 - - [22/Jul/2026:12:33:30 +0000] "POST /xmlrpc.php HTTP/1.1" 200 403 "-" "Mozilla/5.0 (Windows NT 6.2; x64) AppleWebKit/537.36 (KHTML, like Gecko) Edge/84.0.0.0 Safari/537.36"
198.177.124.148 - - [22/Jul/2026:12:33:59 +0000] "POST /wp-cron.php?doing_wp_cron=1784723638.9940049648284912109375 HTTP/1.1" 200 - "-" "WordPress/7.0.2; https://salemconcept.shop"
122.248.109.172 - - [22/Jul/2026:12:33:57 +0000] "POST /xmlrpc.php HTTP/1.1" 200 403 "-" "Mozilla/5.0 (Windows NT 10.0; arm64) AppleWebKit/537.36 (KHTML, like Gecko) Firefox/87.0.0.0 Safari/537.36"
102.89.45.104 - - [22/Jul/2026:12:33:59 +0000] "POST /wp-admin/admin-ajax.php HTTP/1.1" 200 77 "https://salemconcept.shop/wp-admin/post.php?post=23&action=elementor" "Mozilla/5.0 (Windows NT 10.0; Win64; x64) AppleWebKit/537.36 (KHTML, like Gecko) Chrome/150.0.0.0 Safari/537.36"
102.89.45.104 - - [22/Jul/2026:12:34:12 +0000] "POST /wp-admin/admin-ajax.php HTTP/1.1" 200 77 "https://salemconcept.shop/wp-admin/post.php?post=23&action=elementor" "Mozilla/5.0 (Windows NT 10.0; Win64; x64) AppleWebKit/537.36 (KHTML, like Gecko) Chrome/150.0.0.0 Safari/537.36"
122.248.109.172 - - [22/Jul/2026:12:34:20 +0000] "POST /xmlrpc.php HTTP/1.1" 200 403 "-" "Mozilla/5.0 (Linux; Android 10; x86) AppleWebKit/537.36 (KHTML, like Gecko) Opera/73.0.0.0 Safari/537.36"
198.177.124.148 - - [22/Jul/2026:12:34:50 +0000] "POST /wp-cron.php?doing_wp_cron=1784723690.2764699459075927734375 HTTP/1.1" 200 - "-" "WordPress/7.0.2; https://salemconcept.shop"
122.248.109.172 - - [22/Jul/2026:12:34:49 +0000] "POST /xmlrpc.php HTTP/1.1" 200 403 "-" "Mozilla/5.0 (Windows NT 6.2; x86) AppleWebKit/537.36 (KHTML, like Gecko) Edge/93.0.0.0 Safari/537.36"
122.248.109.172 - - [22/Jul/2026:12:35:13 +0000] "POST /xmlrpc.php HTTP/1.1" 200 403 "-" "Mozilla/5.0 (Macintosh; Intel Mac OS X 10_15_7; x86) AppleWebKit/537.36 (KHTML, like Gecko) Opera/76.0.0.0 Safari/537.36"
216.73.163.50 - - [22/Jul/2026:12:35:17 +0000] "POST /wp-login.php HTTP/1.1" 200 5127 "-" "firefox|Mozilla/5.0 (Windows; U; Windows NT 6.0; x64; en-US) Gecko/20130401 Firefox/61.6"
122.248.109.172 - - [22/Jul/2026:12:35:37 +0000] "POST /xmlrpc.php HTTP/1.1" 200 403 "-" "Mozilla/5.0 (Macintosh; Intel Mac OS X 10_15_7; arm64) AppleWebKit/537.36 (KHTML, like Gecko) Firefox/72.0.0.0 Safari/537.36"
198.177.124.148 - - [22/Jul/2026:12:36:06 +0000] "POST /wp-cron.php?doing_wp_cron=1784723766.0129239559173583984375 HTTP/1.1" 200 - "-" "WordPress/7.0.2; https://salemconcept.shop"
122.248.109.172 - - [22/Jul/2026:12:36:02 +0000] "POST /xmlrpc.php HTTP/1.1" 200 403 "-" "Mozilla/5.0 (X11; Ubuntu; Linux x86_64; arm64) AppleWebKit/537.36 (KHTML, like Gecko) Chrome/85.0.0.0 Safari/537.36"
122.248.109.172 - - [22/Jul/2026:12:36:28 +0000] "POST /xmlrpc.php HTTP/1.1" 200 403 "-" "Mozilla/5.0 (Windows NT 6.3; arm64) AppleWebKit/537.36 (KHTML, like Gecko) Firefox/73.0.0.0 Safari/537.36"
198.177.124.148 - - [22/Jul/2026:12:37:14 +0000] "POST /wp-cron.php?doing_wp_cron=1784723834.8887228965759277343750 HTTP/1.1" 200 - "-" "WordPress/7.0.2; https://salemconcept.shop"
122.248.109.172 - - [22/Jul/2026:12:37:13 +0000] "POST /xmlrpc.php HTTP/1.1" 200 403 "-" "Mozilla/5.0 (Linux; Android 10; x64) AppleWebKit/537.36 (KHTML, like Gecko) Safari/11.0.0.0 Safari/537.36"
198.177.124.148 - - [22/Jul/2026:12:38:08 +0000] "POST /wp-cron.php?doing_wp_cron=1784723888.2878360748291015625000 HTTP/1.1" 200 - "-" "WordPress/7.0.2; https://salemconcept.shop"
122.248.109.172 - - [22/Jul/2026:12:38:06 +0000] "POST /xmlrpc.php HTTP/1.1" 200 403 "-" "Mozilla/5.0 (Windows NT 6.2; arm64) AppleWebKit/537.36 (KHTML, like Gecko) Opera/64.0.0.0 Safari/537.36"
198.177.124.148 - - [22/Jul/2026:12:38:55 +0000] "POST /wp-cron.php?doing_wp_cron=1784723935.0192248821258544921875 HTTP/1.1" 200 - "-" "WordPress/7.0.2; https://salemconcept.shop"
122.248.109.172 - - [22/Jul/2026:12:38:53 +0000] "POST /xmlrpc.php HTTP/1.1" 200 403 "-" "Mozilla/5.0 (X11; Ubuntu; Linux x86_64; x64) AppleWebKit/537.36 (KHTML, like Gecko) Edge/88.0.0.0 Safari/537.36"
122.248.109.172 - - [22/Jul/2026:12:39:35 +0000] "POST /xmlrpc.php HTTP/1.1" 200 403 "-" "Mozilla/5.0 (Linux; Android 10; x64) AppleWebKit/537.36 (KHTML, like Gecko) Opera/79.0.0.0 Safari/537.36"
198.177.124.148 - - [22/Jul/2026:12:40:02 +0000] "POST /wp-cron.php?doing_wp_cron=1784724002.0405619144439697265625 HTTP/1.1" 200 - "-" "WordPress/7.0.2; https://salemconcept.shop"
122.248.109.172 - - [22/Jul/2026:12:40:00 +0000] "POST /xmlrpc.php HTTP/1.1" 200 403 "-" "Mozilla/5.0 (X11; Ubuntu; Linux x86_64; arm64) AppleWebKit/537.36 (KHTML, like Gecko) Edge/93.0.0.0 Safari/537.36"
122.248.109.172 - - [22/Jul/2026:12:40:23 +0000] "POST /xmlrpc.php HTTP/1.1" 200 403 "-" "Mozilla/5.0 (Windows NT 6.3; x86) AppleWebKit/537.36 (KHTML, like Gecko) Safari/13.0.0.0 Safari/537.36"
198.177.124.148 - - [22/Jul/2026:12:40:51 +0000] "POST /wp-cron.php?doing_wp_cron=1784724051.7093260288238525390625 HTTP/1.1" 200 - "-" "WordPress/7.0.2; https://salemconcept.shop"
122.248.109.172 - - [22/Jul/2026:12:40:50 +0000] "POST /xmlrpc.php HTTP/1.1" 200 403 "-" "Mozilla/5.0 (Windows NT 10.0; x86) AppleWebKit/537.36 (KHTML, like Gecko) Opera/74.0.0.0 Safari/537.36"
122.248.109.172 - - [22/Jul/2026:12:41:13 +0000] "POST /xmlrpc.php HTTP/1.1" 200 403 "-" "Mozilla/5.0 (Windows NT 6.3; x64) AppleWebKit/537.36 (KHTML, like Gecko) Safari/10.0.0.0 Safari/537.36"
122.248.109.172 - - [22/Jul/2026:12:41:38 +0000] "POST /xmlrpc.php HTTP/1.1" 200 403 "-" "Mozilla/5.0 (Windows NT 6.3; x64) AppleWebKit/537.36 (KHTML, like Gecko) Chrome/106.0.0.0 Safari/537.36"
198.177.124.148 - - [22/Jul/2026:12:42:02 +0000] "POST /wp-cron.php?doing_wp_cron=1784724122.9566938877105712890625 HTTP/1.1" 200 - "-" "WordPress/7.0.2; https://salemconcept.shop"
122.248.109.172 - - [22/Jul/2026:12:42:02 +0000] "POST /xmlrpc.php HTTP/1.1" 200 403 "-" "Mozilla/5.0 (Windows NT 10.0; x64) AppleWebKit/537.36 (KHTML, like Gecko) Opera/74.0.0.0 Safari/537.36"
122.248.109.172 - - [22/Jul/2026:12:42:28 +0000] "POST /xmlrpc.php HTTP/1.1" 200 403 "-" "Mozilla/5.0 (Windows NT 10.0; x86) AppleWebKit/537.36 (KHTML, like Gecko) Edge/100.0.0.0 Safari/537.36"
198.177.124.148 - - [22/Jul/2026:12:42:58 +0000] "POST /wp-cron.php?doing_wp_cron=1784724178.1244070529937744140625 HTTP/1.1" 200 - "-" "WordPress/7.0.2; https://salemconcept.shop"
122.248.109.172 - - [22/Jul/2026:12:42:56 +0000] "POST /xmlrpc.php HTTP/1.1" 200 403 "-" "Mozilla/5.0 (Macintosh; Intel Mac OS X 10_15_7; x86) AppleWebKit/537.36 (KHTML, like Gecko) Safari/13.0.0.0 Safari/537.36"
122.248.109.172 - - [22/Jul/2026:12:43:25 +0000] "POST /xmlrpc.php HTTP/1.1" 200 403 "-" "Mozilla/5.0 (Windows NT 6.2; arm64) AppleWebKit/537.36 (KHTML, like Gecko) Opera/69.0.0.0 Safari/537.36"
198.177.124.148 - - [22/Jul/2026:12:43:47 +0000] "POST /wp-cron.php?doing_wp_cron=1784724227.8370931148529052734375 HTTP/1.1" 200 - "-" "WordPress/7.0.2; https://salemconcept.shop"
122.248.109.172 - - [22/Jul/2026:12:43:46 +0000] "POST /xmlrpc.php HTTP/1.1" 200 403 "-" "Mozilla/5.0 (Windows NT 10.0; arm64) AppleWebKit/537.36 (KHTML, like Gecko) Edge/94.0.0.0 Safari/537.36"
122.248.109.172 - - [22/Jul/2026:12:44:07 +0000] "POST /xmlrpc.php HTTP/1.1" 200 403 "-" "Mozilla/5.0 (Windows NT 6.3; arm64) AppleWebKit/537.36 (KHTML, like Gecko) Edge/89.0.0.0 Safari/537.36"
122.248.109.172 - - [22/Jul/2026:12:44:31 +0000] "POST /xmlrpc.php HTTP/1.1" 200 403 "-" "Mozilla/5.0 (Windows NT 6.2; arm64) AppleWebKit/537.36 (KHTML, like Gecko) Firefox/84.0.0.0 Safari/537.36"
198.177.124.148 - - [22/Jul/2026:12:44:59 +0000] "POST /wp-cron.php?doing_wp_cron=1784724299.7910459041595458984375 HTTP/1.1" 200 - "-" "WordPress/7.0.2; https://salemconcept.shop"
122.248.109.172 - - [22/Jul/2026:12:44:58 +0000] "POST /xmlrpc.php HTTP/1.1" 200 403 "-" "Mozilla/5.0 (Windows NT 10.0; arm64) AppleWebKit/537.36 (KHTML, like Gecko) Opera/75.0.0.0 Safari/537.36"
122.248.109.172 - - [22/Jul/2026:12:45:22 +0000] "POST /xmlrpc.php HTTP/1.1" 200 403 "-" "Mozilla/5.0 (Windows NT 6.2; arm64) AppleWebKit/537.36 (KHTML, like Gecko) Opera/60.0.0.0 Safari/537.36"
198.177.124.148 - - [22/Jul/2026:12:45:49 +0000] "POST /wp-cron.php?doing_wp_cron=1784724349.8521010875701904296875 HTTP/1.1" 200 - "-" "WordPress/7.0.2; https://salemconcept.shop"
122.248.109.172 - - [22/Jul/2026:12:45:49 +0000] "POST /xmlrpc.php HTTP/1.1" 200 403 "-" "Mozilla/5.0 (Windows NT 10.0; x86) AppleWebKit/537.36 (KHTML, like Gecko) Safari/13.0.0.0 Safari/537.36"
122.248.109.172 - - [22/Jul/2026:12:46:10 +0000] "POST /xmlrpc.php HTTP/1.1" 200 403 "-" "Mozilla/5.0 (Linux; Android 10; x86) AppleWebKit/537.36 (KHTML, like Gecko) Firefox/91.0.0.0 Safari/537.36"
122.248.109.172 - - [22/Jul/2026:12:46:32 +0000] "POST /xmlrpc.php HTTP/1.1" 200 403 "-" "Mozilla/5.0 (Macintosh; Intel Mac OS X 10_15_7; x86) AppleWebKit/537.36 (KHTML, like Gecko) Safari/15.0.0.0 Safari/537.36"
198.177.124.148 - - [22/Jul/2026:12:46:53 +0000] "POST /wp-cron.php?doing_wp_cron=1784724413.9264049530029296875000 HTTP/1.1" 200 - "-" "WordPress/7.0.2; https://salemconcept.shop"
122.248.109.172 - - [22/Jul/2026:12:46:52 +0000] "POST /xmlrpc.php HTTP/1.1" 200 403 "-" "Mozilla/5.0 (Macintosh; Intel Mac OS X 10_15_7; x64) AppleWebKit/537.36 (KHTML, like Gecko) Edge/85.0.0.0 Safari/537.36"
122.248.109.172 - - [22/Jul/2026:12:47:13 +0000] "POST /xmlrpc.php HTTP/1.1" 200 403 "-" "Mozilla/5.0 (Windows NT 10.0; x64) AppleWebKit/537.36 (KHTML, like Gecko) Safari/14.0.0.0 Safari/537.36"
122.248.109.172 - - [22/Jul/2026:12:47:33 +0000] "POST /xmlrpc.php HTTP/1.1" 200 403 "-" "Mozilla/5.0 (Windows NT 6.2; x86) AppleWebKit/537.36 (KHTML, like Gecko) Safari/10.0.0.0 Safari/537.36"
198.177.124.148 - - [22/Jul/2026:12:47:56 +0000] "POST /wp-cron.php?doing_wp_cron=1784724475.9919979572296142578125 HTTP/1.1" 200 - "-" "WordPress/7.0.2; https://salemconcept.shop"
122.248.109.172 - - [22/Jul/2026:12:47:55 +0000] "POST /xmlrpc.php HTTP/1.1" 200 403 "-" "Mozilla/5.0 (Linux; Android 10; arm64) AppleWebKit/537.36 (KHTML, like Gecko) Chrome/104.0.0.0 Safari/537.36"
122.248.109.172 - - [22/Jul/2026:12:48:15 +0000] "POST /xmlrpc.php HTTP/1.1" 200 403 "-" "Mozilla/5.0 (Windows NT 10.0; x64) AppleWebKit/537.36 (KHTML, like Gecko) Edge/90.0.0.0 Safari/537.36"
122.248.109.172 - - [22/Jul/2026:12:48:35 +0000] "POST /xmlrpc.php HTTP/1.1" 200 403 "-" "Mozilla/5.0 (Windows NT 10.0; x86) AppleWebKit/537.36 (KHTML, like Gecko) Chrome/92.0.0.0 Safari/537.36"
66.249.77.3 - - [22/Jul/2026:12:48:45 +0000] "GET /?j=88487146915 HTTP/1.1" 200 96377 "-" "Mozilla/5.0 (Linux; Android 6.0.1; Nexus 5X Build/MMB29P) AppleWebKit/537.36 (KHTML, like Gecko) Chrome/150.0.7871.128 Mobile Safari/537.36 (compatible; GoogleOther)"
198.177.124.148 - - [22/Jul/2026:12:48:57 +0000] "POST /wp-cron.php?doing_wp_cron=1784724537.5488200187683105468750 HTTP/1.1" 200 - "-" "WordPress/7.0.2; https://salemconcept.shop"
122.248.109.172 - - [22/Jul/2026:12:48:56 +0000] "POST /xmlrpc.php HTTP/1.1" 200 403 "-" "Mozilla/5.0 (Windows NT 6.2; x64) AppleWebKit/537.36 (KHTML, like Gecko) Firefox/78.0.0.0 Safari/537.36"
122.248.109.172 - - [22/Jul/2026:12:49:18 +0000] "POST /xmlrpc.php HTTP/1.1" 200 403 "-" "Mozilla/5.0 (Windows NT 10.0; x86) AppleWebKit/537.36 (KHTML, like Gecko) Opera/62.0.0.0 Safari/537.36"
66.249.77.3 - - [22/Jul/2026:12:49:26 +0000] "GET /?j=88487110975 HTTP/1.1" 200 96377 "-" "Mozilla/5.0 (Linux; Android 6.0.1; Nexus 5X Build/MMB29P) AppleWebKit/537.36 (KHTML, like Gecko) Chrome/150.0.7871.128 Mobile Safari/537.36 (compatible; GoogleOther)"
122.248.109.172 - - [22/Jul/2026:12:49:43 +0000] "POST /xmlrpc.php HTTP/1.1" 200 403 "-" "Mozilla/5.0 (Macintosh; Intel Mac OS X 10_15_7; arm64) AppleWebKit/537.36 (KHTML, like Gecko) Firefox/74.0.0.0 Safari/537.36"
122.248.109.172 - - [22/Jul/2026:12:50:08 +0000] "POST /xmlrpc.php HTTP/1.1" 200 403 "-" "Mozilla/5.0 (Macintosh; Intel Mac OS X 10_15_7; arm64) AppleWebKit/537.36 (KHTML, like Gecko) Opera/63.0.0.0 Safari/537.36"
122.248.109.172 - - [22/Jul/2026:12:50:33 +0000] "POST /xmlrpc.php HTTP/1.1" 200 403 "-" "Mozilla/5.0 (Linux; Android 10; x64) AppleWebKit/537.36 (KHTML, like Gecko) Edge/92.0.0.0 Safari/537.36"
198.177.124.148 - - [22/Jul/2026:12:51:01 +0000] "POST /wp-cron.php?doing_wp_cron=1784724661.3720018863677978515625 HTTP/1.1" 200 - "-" "WordPress/7.0.2; https://salemconcept.shop"
122.248.109.172 - - [22/Jul/2026:12:50:59 +0000] "POST /xmlrpc.php HTTP/1.1" 200 403 "-" "Mozilla/5.0 (Windows NT 10.0; x86) AppleWebKit/537.36 (KHTML, like Gecko) Chrome/106.0.0.0 Safari/537.36"
122.248.109.172 - - [22/Jul/2026:12:51:24 +0000] "POST /xmlrpc.php HTTP/1.1" 200 403 "-" "Mozilla/5.0 (Windows NT 6.2; arm64) AppleWebKit/537.36 (KHTML, like Gecko) Firefox/92.0.0.0 Safari/537.36"
122.248.109.172 - - [22/Jul/2026:12:51:44 +0000] "POST /xmlrpc.php HTTP/1.1" 200 403 "-" "Mozilla/5.0 (Linux; Android 10; arm64) AppleWebKit/537.36 (KHTML, like Gecko) Edge/89.0.0.0 Safari/537.36"
198.177.124.148 - - [22/Jul/2026:12:52:05 +0000] "POST /wp-cron.php?doing_wp_cron=1784724725.6155560016632080078125 HTTP/1.1" 200 - "-" "WordPress/7.0.2; https://salemconcept.shop"
122.248.109.172 - - [22/Jul/2026:12:52:04 +0000] "POST /xmlrpc.php HTTP/1.1" 200 403 "-" "Mozilla/5.0 (Windows NT 10.0; x64) AppleWebKit/537.36 (KHTML, like Gecko) Chrome/101.0.0.0 Safari/537.36"
66.249.77.2 - - [22/Jul/2026:12:52:23 +0000] "GET /?j=88487112473 HTTP/1.1" 200 96377 "-" "Mozilla/5.0 (Linux; Android 6.0.1; Nexus 5X Build/MMB29P) AppleWebKit/537.36 (KHTML, like Gecko) Chrome/150.0.7871.128 Mobile Safari/537.36 (compatible; GoogleOther)"
122.248.109.172 - - [22/Jul/2026:12:52:29 +0000] "POST /xmlrpc.php HTTP/1.1" 200 403 "-" "Mozilla/5.0 (Windows NT 10.0; x64) AppleWebKit/537.36 (KHTML, like Gecko) Edge/92.0.0.0 Safari/537.36"
198.177.124.148 - - [22/Jul/2026:12:53:04 +0000] "POST /wp-cron.php?doing_wp_cron=1784724784.2754900455474853515625 HTTP/1.1" 200 - "-" "WordPress/7.0.2; https://salemconcept.shop"
122.248.109.172 - - [22/Jul/2026:12:53:00 +0000] "POST /xmlrpc.php HTTP/1.1" 200 403 "-" "Mozilla/5.0 (Windows NT 10.0; x86) AppleWebKit/537.36 (KHTML, like Gecko) Safari/11.0.0.0 Safari/537.36"
66.249.77.2 - - [22/Jul/2026:12:53:28 +0000] "GET /?j=8848792886 HTTP/1.1" 200 96377 "-" "Mozilla/5.0 (Linux; Android 6.0.1; Nexus 5X Build/MMB29P) AppleWebKit/537.36 (KHTML, like Gecko) Chrome/150.0.7871.128 Mobile Safari/537.36 (compatible; GoogleOther)"
198.177.124.148 - - [22/Jul/2026:12:54:23 +0000] "POST /wp-cron.php?doing_wp_cron=1784724863.7285029888153076171875 HTTP/1.1" 200 - "-" "WordPress/7.0.2; https://salemconcept.shop"
122.248.109.172 - - [22/Jul/2026:12:54:22 +0000] "POST /xmlrpc.php HTTP/1.1" 200 403 "-" "Mozilla/5.0 (Macintosh; Intel Mac OS X 10_15_7; arm64) AppleWebKit/537.36 (KHTML, like Gecko) Chrome/100.0.0.0 Safari/537.36"
198.177.124.148 - - [22/Jul/2026:12:55:12 +0000] "POST /wp-cron.php?doing_wp_cron=1784724912.1970849037170410156250 HTTP/1.1" 200 - "-" "WordPress/7.0.2; https://salemconcept.shop"
122.248.109.172 - - [22/Jul/2026:12:55:10 +0000] "POST /xmlrpc.php HTTP/1.1" 200 403 "-" "Mozilla/5.0 (Windows NT 10.0; arm64) AppleWebKit/537.36 (KHTML, like Gecko) Edge/83.0.0.0 Safari/537.36"
122.248.109.172 - - [22/Jul/2026:12:55:42 +0000] "POST /xmlrpc.php HTTP/1.1" 200 403 "-" "Mozilla/5.0 (Windows NT 10.0; x64) AppleWebKit/537.36 (KHTML, like Gecko) Firefox/78.0.0.0 Safari/537.36"
198.177.124.148 - - [22/Jul/2026:12:56:10 +0000] "POST /wp-cron.php?doing_wp_cron=1784724970.8771429061889648437500 HTTP/1.1" 200 - "-" "WordPress/7.0.2; https://salemconcept.shop"
122.248.109.172 - - [22/Jul/2026:12:56:10 +0000] "POST /xmlrpc.php HTTP/1.1" 200 403 "-" "Mozilla/5.0 (Macintosh; Intel Mac OS X 10_15_7; x86) AppleWebKit/537.36 (KHTML, like Gecko) Firefox/97.0.0.0 Safari/537.36"
122.248.109.172 - - [22/Jul/2026:12:56:33 +0000] "POST /xmlrpc.php HTTP/1.1" 200 403 "-" "Mozilla/5.0 (Linux; Android 10; arm64) AppleWebKit/537.36 (KHTML, like Gecko) Edge/98.0.0.0 Safari/537.36"
198.177.124.148 - - [22/Jul/2026:12:57:03 +0000] "POST /wp-cron.php?doing_wp_cron=1784725023.6183710098266601562500 HTTP/1.1" 200 - "-" "WordPress/7.0.2; https://salemconcept.shop"
122.248.109.172 - - [22/Jul/2026:12:57:01 +0000] "POST /xmlrpc.php HTTP/1.1" 200 403 "-" "Mozilla/5.0 (Macintosh; Intel Mac OS X 10_15_7; x64) AppleWebKit/537.36 (KHTML, like Gecko) Chrome/114.0.0.0 Safari/537.36"
122.248.109.172 - - [22/Jul/2026:12:57:30 +0000] "POST /xmlrpc.php HTTP/1.1" 200 403 "-" "Mozilla/5.0 (Macintosh; Intel Mac OS X 10_15_7; x64) AppleWebKit/537.36 (KHTML, like Gecko) Edge/86.0.0.0 Safari/537.36"
102.89.45.104 - - [22/Jul/2026:12:57:35 +0000] "GET /wp-json/elementor/v1/checklist/user-progress HTTP/1.1" 200 534 "https://salemconcept.shop/wp-admin/post.php?post=23&action=elementor" "Mozilla/5.0 (Windows NT 10.0; Win64; x64) AppleWebKit/537.36 (KHTML, like Gecko) Chrome/150.0.0.0 Safari/537.36"
198.177.124.148 - - [22/Jul/2026:12:57:58 +0000] "POST /wp-cron.php?doing_wp_cron=1784725078.3252530097961425781250 HTTP/1.1" 200 - "-" "WordPress/7.0.2; https://salemconcept.shop"
122.248.109.172 - - [22/Jul/2026:12:57:54 +0000] "POST /xmlrpc.php HTTP/1.1" 200 403 "-" "Mozilla/5.0 (X11; Ubuntu; Linux x86_64; arm64) AppleWebKit/537.36 (KHTML, like Gecko) Firefox/86.0.0.0 Safari/537.36"
102.89.45.104 - - [22/Jul/2026:12:58:16 +0000] "POST /wp-admin/admin-ajax.php HTTP/1.1" 200 77 "https://salemconcept.shop/wp-admin/post.php?post=23&action=elementor" "Mozilla/5.0 (Windows NT 10.0; Win64; x64) AppleWebKit/537.36 (KHTML, like Gecko) Chrome/150.0.0.0 Safari/537.36"
102.89.45.104 - - [22/Jul/2026:12:58:25 +0000] "POST /wp-admin/admin-ajax.php HTTP/1.1" 200 77 "https://salemconcept.shop/wp-admin/post.php?post=23&action=elementor" "Mozilla/5.0 (Windows NT 10.0; Win64; x64) AppleWebKit/537.36 (KHTML, like Gecko) Chrome/150.0.0.0 Safari/537.36"
122.248.109.172 - - [22/Jul/2026:12:58:26 +0000] "POST /xmlrpc.php HTTP/1.1" 200 403 "-" "Mozilla/5.0 (Windows NT 10.0; x64) AppleWebKit/537.36 (KHTML, like Gecko) Edge/86.0.0.0 Safari/537.36"
66.249.77.2 - - [22/Jul/2026:12:58:28 +0000] "GET /?h=87835187948 HTTP/1.1" 200 96377 "-" "Mozilla/5.0 (Linux; Android 6.0.1; Nexus 5X Build/MMB29P) AppleWebKit/537.36 (KHTML, like Gecko) Chrome/150.0.7871.128 Mobile Safari/537.36 (compatible; GoogleOther)"
198.177.124.148 - - [22/Jul/2026:12:58:52 +0000] "POST /wp-cron.php?doing_wp_cron=1784725132.0049331188201904296875 HTTP/1.1" 200 - "-" "WordPress/7.0.2; https://salemconcept.shop"
122.248.109.172 - - [22/Jul/2026:12:58:50 +0000] "POST /xmlrpc.php HTTP/1.1" 200 403 "-" "Mozilla/5.0 (Linux; Android 10; arm64) AppleWebKit/537.36 (KHTML, like Gecko) Chrome/106.0.0.0 Safari/537.36"
122.248.109.172 - - [22/Jul/2026:12:59:11 +0000] "POST /xmlrpc.php HTTP/1.1" 200 403 "-" "Mozilla/5.0 (Macintosh; Intel Mac OS X 10_15_7; arm64) AppleWebKit/537.36 (KHTML, like Gecko) Chrome/108.0.0.0 Safari/537.36"
216.73.163.61 - - [22/Jul/2026:12:59:23 +0000] "POST /wp-login.php HTTP/1.1" 200 5127 "-" "firefox|Mozilla/5.0 (Macintosh; Intel Mac OS X 10_0_3; en-US) Gecko/20100101 Firefox/57.5"
198.177.124.148 - - [22/Jul/2026:12:59:56 +0000] "POST /wp-cron.php?doing_wp_cron=1784725196.2408549785614013671875 HTTP/1.1" 200 - "-" "WordPress/7.0.2; https://salemconcept.shop"
122.248.109.172 - - [22/Jul/2026:12:59:54 +0000] "POST /xmlrpc.php HTTP/1.1" 200 403 "-" "Mozilla/5.0 (Windows NT 6.2; x86) AppleWebKit/537.36 (KHTML, like Gecko) Edge/94.0.0.0 Safari/537.36"
102.89.45.104 - - [22/Jul/2026:13:00:18 +0000] "POST /wp-admin/admin-ajax.php HTTP/1.1" 200 77 "https://salemconcept.shop/wp-admin/post.php?post=23&action=elementor" "Mozilla/5.0 (Windows NT 10.0; Win64; x64) AppleWebKit/537.36 (KHTML, like Gecko) Chrome/150.0.0.0 Safari/537.36"
102.89.45.104 - - [22/Jul/2026:13:00:25 +0000] "POST /wp-admin/admin-ajax.php HTTP/1.1" 200 77 "https://salemconcept.shop/wp-admin/post.php?post=23&action=elementor" "Mozilla/5.0 (Windows NT 10.0; Win64; x64) AppleWebKit/537.36 (KHTML, like Gecko) Chrome/150.0.0.0 Safari/537.36"
122.248.109.172 - - [22/Jul/2026:13:00:34 +0000] "POST /xmlrpc.php HTTP/1.1" 200 403 "-" "Mozilla/5.0 (Windows NT 6.2; x86) AppleWebKit/537.36 (KHTML, like Gecko) Safari/10.0.0.0 Safari/537.36"
54.89.16.93 - - [22/Jul/2026:13:00:47 +0000] "GET / HTTP/1.1" 200 96377 "-" "Mozilla/5.0 (Macintosh; Intel Mac OS X 10.6; rv:2.0.1) Gecko/20100101 Firefox/4.0.1 Camino/2.2.1"
122.248.109.172 - - [22/Jul/2026:13:00:57 +0000] "POST /xmlrpc.php HTTP/1.1" 200 403 "-" "Mozilla/5.0 (Linux; Android 10; x86) AppleWebKit/537.36 (KHTML, like Gecko) Firefox/75.0.0.0 Safari/537.36"
122.248.109.172 - - [22/Jul/2026:13:01:19 +0000] "POST /xmlrpc.php HTTP/1.1" 200 403 "-" "Mozilla/5.0 (Macintosh; Intel Mac OS X 10_15_7; x64) AppleWebKit/537.36 (KHTML, like Gecko) Firefox/80.0.0.0 Safari/537.36"
198.177.124.148 - - [22/Jul/2026:13:02:20 +0000] "POST /wp-cron.php?doing_wp_cron=1784725340.9468369483947753906250 HTTP/1.1" 200 - "-" "WordPress/7.0.2; https://salemconcept.shop"
102.89.45.104 - - [22/Jul/2026:13:02:19 +0000] "POST /wp-admin/admin-ajax.php HTTP/1.1" 200 77 "https://salemconcept.shop/wp-admin/post.php?post=23&action=elementor" "Mozilla/5.0 (Windows NT 10.0; Win64; x64) AppleWebKit/537.36 (KHTML, like Gecko) Chrome/150.0.0.0 Safari/537.36"
102.89.45.104 - - [22/Jul/2026:13:02:23 +0000] "GET /wp-json/elementor/v1/checklist/user-progress HTTP/1.1" 200 534 "https://salemconcept.shop/wp-admin/post.php?post=23&action=elementor" "Mozilla/5.0 (Windows NT 10.0; Win64; x64) AppleWebKit/537.36 (KHTML, like Gecko) Chrome/150.0.0.0 Safari/537.36"
102.89.45.104 - - [22/Jul/2026:13:02:26 +0000] "POST /wp-admin/admin-ajax.php HTTP/1.1" 200 77 "https://salemconcept.shop/wp-admin/post.php?post=23&action=elementor" "Mozilla/5.0 (Windows NT 10.0; Win64; x64) AppleWebKit/537.36 (KHTML, like Gecko) Chrome/150.0.0.0 Safari/537.36"
122.248.109.172 - - [22/Jul/2026:13:02:33 +0000] "POST /xmlrpc.php HTTP/1.1" 200 403 "-" "Mozilla/5.0 (Windows NT 6.2; arm64) AppleWebKit/537.36 (KHTML, like Gecko) Firefox/84.0.0.0 Safari/537.36"
