102.89.76.182 - - [22/Jul/2026:15:55:28 +0000] "POST /wp-admin/admin-ajax.php HTTP/1.1" 200 77 "https://salemconcept.shop/wp-admin/post.php?post=23&action=elementor" "Mozilla/5.0 (Windows NT 10.0; Win64; x64) AppleWebKit/537.36 (KHTML, like Gecko) Chrome/150.0.0.0 Safari/537.36"
102.89.76.182 - - [22/Jul/2026:15:55:42 +0000] "POST /wp-admin/admin-ajax.php HTTP/1.1" 200 77 "https://salemconcept.shop/wp-admin/post.php?post=23&action=elementor" "Mozilla/5.0 (Windows NT 10.0; Win64; x64) AppleWebKit/537.36 (KHTML, like Gecko) Chrome/150.0.0.0 Safari/537.36"
198.177.124.148 - - [22/Jul/2026:15:55:59 +0000] "POST /wp-cron.php?doing_wp_cron=1784735759.1990358829498291015625 HTTP/1.1" 200 - "-" "WordPress/7.0.2; https://salemconcept.shop"
102.89.76.182 - - [22/Jul/2026:15:55:58 +0000] "POST /wp-admin/admin-ajax.php HTTP/1.1" 200 77 "https://salemconcept.shop/wp-admin/post.php?post=23&action=elementor" "Mozilla/5.0 (Windows NT 10.0; Win64; x64) AppleWebKit/537.36 (KHTML, like Gecko) Chrome/150.0.0.0 Safari/537.36"
102.89.76.182 - - [22/Jul/2026:15:56:12 +0000] "POST /wp-admin/admin-ajax.php HTTP/1.1" 200 77 "https://salemconcept.shop/wp-admin/post.php?post=23&action=elementor" "Mozilla/5.0 (Windows NT 10.0; Win64; x64) AppleWebKit/537.36 (KHTML, like Gecko) Chrome/150.0.0.0 Safari/537.36"
102.89.76.182 - - [22/Jul/2026:15:56:28 +0000] "POST /wp-admin/admin-ajax.php HTTP/1.1" 200 77 "https://salemconcept.shop/wp-admin/post.php?post=23&action=elementor" "Mozilla/5.0 (Windows NT 10.0; Win64; x64) AppleWebKit/537.36 (KHTML, like Gecko) Chrome/150.0.0.0 Safari/537.36"
102.89.76.182 - - [22/Jul/2026:15:56:42 +0000] "POST /wp-admin/admin-ajax.php HTTP/1.1" 200 77 "https://salemconcept.shop/wp-admin/post.php?post=23&action=elementor" "Mozilla/5.0 (Windows NT 10.0; Win64; x64) AppleWebKit/537.36 (KHTML, like Gecko) Chrome/150.0.0.0 Safari/537.36"
198.177.124.148 - - [22/Jul/2026:15:56:59 +0000] "POST /wp-cron.php?doing_wp_cron=1784735819.2929489612579345703125 HTTP/1.1" 200 - "-" "WordPress/7.0.2; https://salemconcept.shop"
102.89.76.182 - - [22/Jul/2026:15:56:58 +0000] "POST /wp-admin/admin-ajax.php HTTP/1.1" 200 77 "https://salemconcept.shop/wp-admin/post.php?post=23&action=elementor" "Mozilla/5.0 (Windows NT 10.0; Win64; x64) AppleWebKit/537.36 (KHTML, like Gecko) Chrome/150.0.0.0 Safari/537.36"
102.89.76.182 - - [22/Jul/2026:15:57:02 +0000] "POST /wp-admin/admin-ajax.php HTTP/1.1" 200 16 "https://salemconcept.shop/wp-admin/post.php?post=23&action=elementor" "Mozilla/5.0 (Windows NT 10.0; Win64; x64) AppleWebKit/537.36 (KHTML, like Gecko) Chrome/150.0.0.0 Safari/537.36"
102.89.76.182 - - [22/Jul/2026:15:57:12 +0000] "POST /wp-admin/admin-ajax.php HTTP/1.1" 200 77 "https://salemconcept.shop/wp-admin/post.php?post=23&action=elementor" "Mozilla/5.0 (Windows NT 10.0; Win64; x64) AppleWebKit/537.36 (KHTML, like Gecko) Chrome/150.0.0.0 Safari/537.36"
102.89.76.182 - - [22/Jul/2026:15:57:21 +0000] "POST /wp-admin/admin-ajax.php HTTP/1.1" 200 16 "https://salemconcept.shop/wp-admin/post.php?post=23&action=elementor" "Mozilla/5.0 (Windows NT 10.0; Win64; x64) AppleWebKit/537.36 (KHTML, like Gecko) Chrome/150.0.0.0 Safari/537.36"
66.249.77.1 - - [22/Jul/2026:15:57:22 +0000] "GET /?u=28438290779 HTTP/1.1" 200 96377 "-" "Mozilla/5.0 (Linux; Android 6.0.1; Nexus 5X Build/MMB29P) AppleWebKit/537.36 (KHTML, like Gecko) Chrome/150.0.7871.128 Mobile Safari/537.36 (compatible; GoogleOther)"
102.89.76.182 - - [22/Jul/2026:15:57:27 +0000] "POST /wp-admin/admin-ajax.php HTTP/1.1" 200 77 "https://salemconcept.shop/wp-admin/post.php?post=23&action=elementor" "Mozilla/5.0 (Windows NT 10.0; Win64; x64) AppleWebKit/537.36 (KHTML, like Gecko) Chrome/150.0.0.0 Safari/537.36"
102.89.76.182 - - [22/Jul/2026:15:57:36 +0000] "GET /wp-json/elementor/v1/checklist/user-progress HTTP/1.1" 200 534 "https://salemconcept.shop/wp-admin/post.php?post=23&action=elementor" "Mozilla/5.0 (Windows NT 10.0; Win64; x64) AppleWebKit/537.36 (KHTML, like Gecko) Chrome/150.0.0.0 Safari/537.36"
102.89.76.182 - - [22/Jul/2026:15:57:37 +0000] "PUT /wp-json/elementor/v1/global-classes?context=frontend HTTP/1.1" 204 - "https://salemconcept.shop/wp-admin/post.php?post=23&action=elementor" "Mozilla/5.0 (Windows NT 10.0; Win64; x64) AppleWebKit/537.36 (KHTML, like Gecko) Chrome/150.0.0.0 Safari/537.36"
102.89.76.182 - - [22/Jul/2026:15:57:38 +0000] "POST /wp-admin/admin-ajax.php HTTP/1.1" 200 1530 "https://salemconcept.shop/wp-admin/post.php?post=23&action=elementor" "Mozilla/5.0 (Windows NT 10.0; Win64; x64) AppleWebKit/537.36 (KHTML, like Gecko) Chrome/150.0.0.0 Safari/537.36"
102.89.76.182 - - [22/Jul/2026:15:57:40 +0000] "POST /wp-json/elementor/v1/design-system-sync/stylesheet HTTP/1.1" 204 - "https://salemconcept.shop/wp-admin/post.php?post=23&action=elementor" "Mozilla/5.0 (Windows NT 10.0; Win64; x64) AppleWebKit/537.36 (KHTML, like Gecko) Chrome/150.0.0.0 Safari/537.36"
102.89.76.182 - - [22/Jul/2026:15:57:42 +0000] "POST /wp-admin/admin-ajax.php HTTP/1.1" 200 77 "https://salemconcept.shop/wp-admin/post.php?post=23&action=elementor" "Mozilla/5.0 (Windows NT 10.0; Win64; x64) AppleWebKit/537.36 (KHTML, like Gecko) Chrome/150.0.0.0 Safari/537.36"
102.89.76.182 - - [22/Jul/2026:15:57:42 +0000] "GET /wp-json/elementor/v1/checklist/user-progress HTTP/1.1" 200 534 "https://salemconcept.shop/wp-admin/post.php?post=23&action=elementor" "Mozilla/5.0 (Windows NT 10.0; Win64; x64) AppleWebKit/537.36 (KHTML, like Gecko) Chrome/150.0.0.0 Safari/537.36"
198.177.124.148 - - [22/Jul/2026:15:57:53 +0000] "POST /wp-cron.php?doing_wp_cron=1784735873.6401460170745849609375 HTTP/1.1" 200 - "-" "WordPress/7.0.2; https://salemconcept.shop"
66.249.77.1 - - [22/Jul/2026:15:57:52 +0000] "GET /?o=7104662009 HTTP/1.1" 200 96377 "-" "Mozilla/5.0 (Linux; Android 6.0.1; Nexus 5X Build/MMB29P) AppleWebKit/537.36 (KHTML, like Gecko) Chrome/150.0.7871.128 Mobile Safari/537.36 (compatible; GoogleOther)"
102.89.76.182 - - [22/Jul/2026:15:57:58 +0000] "POST /wp-admin/admin-ajax.php HTTP/1.1" 200 77 "https://salemconcept.shop/wp-admin/post.php?post=23&action=elementor" "Mozilla/5.0 (Windows NT 10.0; Win64; x64) AppleWebKit/537.36 (KHTML, like Gecko) Chrome/150.0.0.0 Safari/537.36"
102.89.76.182 - - [22/Jul/2026:15:58:12 +0000] "POST /wp-admin/admin-ajax.php HTTP/1.1" 200 77 "https://salemconcept.shop/wp-admin/post.php?post=23&action=elementor" "Mozilla/5.0 (Windows NT 10.0; Win64; x64) AppleWebKit/537.36 (KHTML, like Gecko) Chrome/150.0.0.0 Safari/537.36"
102.89.76.182 - - [22/Jul/2026:15:58:29 +0000] "POST /wp-admin/admin-ajax.php HTTP/1.1" 200 77 "https://salemconcept.shop/wp-admin/post.php?post=23&action=elementor" "Mozilla/5.0 (Windows NT 10.0; Win64; x64) AppleWebKit/537.36 (KHTML, like Gecko) Chrome/150.0.0.0 Safari/537.36"
102.89.76.182 - - [22/Jul/2026:15:58:39 +0000] "GET /wp-json/elementor/v1/checklist/user-progress HTTP/1.1" 200 534 "https://salemconcept.shop/wp-admin/post.php?post=23&action=elementor" "Mozilla/5.0 (Windows NT 10.0; Win64; x64) AppleWebKit/537.36 (KHTML, like Gecko) Chrome/150.0.0.0 Safari/537.36"
102.89.76.182 - - [22/Jul/2026:15:58:44 +0000] "POST /wp-admin/admin-ajax.php HTTP/1.1" 200 77 "https://salemconcept.shop/wp-admin/post.php?post=23&action=elementor" "Mozilla/5.0 (Windows NT 10.0; Win64; x64) AppleWebKit/537.36 (KHTML, like Gecko) Chrome/150.0.0.0 Safari/537.36"
198.177.124.148 - - [22/Jul/2026:15:59:02 +0000] "POST /wp-cron.php?doing_wp_cron=1784735942.0501050949096679687500 HTTP/1.1" 200 - "-" "WordPress/7.0.2; https://salemconcept.shop"
102.89.76.182 - - [22/Jul/2026:15:59:00 +0000] "POST /wp-admin/admin-ajax.php HTTP/1.1" 200 77 "https://salemconcept.shop/wp-admin/post.php?post=23&action=elementor" "Mozilla/5.0 (Windows NT 10.0; Win64; x64) AppleWebKit/537.36 (KHTML, like Gecko) Chrome/150.0.0.0 Safari/537.36"
102.89.76.182 - - [22/Jul/2026:15:59:00 +0000] "POST /wp-admin/admin-ajax.php HTTP/1.1" 200 101 "https://salemconcept.shop/wp-admin/post.php?post=23&action=elementor" "Mozilla/5.0 (Windows NT 10.0; Win64; x64) AppleWebKit/537.36 (KHTML, like Gecko) Chrome/150.0.0.0 Safari/537.36"
102.89.76.182 - - [22/Jul/2026:15:59:14 +0000] "POST /wp-admin/admin-ajax.php HTTP/1.1" 200 77 "https://salemconcept.shop/wp-admin/post.php?post=23&action=elementor" "Mozilla/5.0 (Windows NT 10.0; Win64; x64) AppleWebKit/537.36 (KHTML, like Gecko) Chrome/150.0.0.0 Safari/537.36"
102.89.76.182 - - [22/Jul/2026:15:59:30 +0000] "POST /wp-admin/admin-ajax.php HTTP/1.1" 200 77 "https://salemconcept.shop/wp-admin/post.php?post=23&action=elementor" "Mozilla/5.0 (Windows NT 10.0; Win64; x64) AppleWebKit/537.36 (KHTML, like Gecko) Chrome/150.0.0.0 Safari/537.36"
102.89.76.182 - - [22/Jul/2026:15:59:31 +0000] "GET /wp-json/elementor/v1/checklist/user-progress HTTP/1.1" 200 534 "https://salemconcept.shop/wp-admin/post.php?post=23&action=elementor" "Mozilla/5.0 (Windows NT 10.0; Win64; x64) AppleWebKit/537.36 (KHTML, like Gecko) Chrome/150.0.0.0 Safari/537.36"
102.89.76.182 - - [22/Jul/2026:15:59:37 +0000] "GET /wp-content/plugins/elementor/assets/lib/font-awesome/js/regular.js HTTP/1.1" 200 2264 "https://salemconcept.shop/wp-admin/post.php?post=23&action=elementor" "Mozilla/5.0 (Windows NT 10.0; Win64; x64) AppleWebKit/537.36 (KHTML, like Gecko) Chrome/150.0.0.0 Safari/537.36"
102.89.76.182 - - [22/Jul/2026:15:59:38 +0000] "GET /wp-content/plugins/elementor/assets/lib/font-awesome/js/solid.js HTTP/1.1" 200 14604 "https://salemconcept.shop/wp-admin/post.php?post=23&action=elementor" "Mozilla/5.0 (Windows NT 10.0; Win64; x64) AppleWebKit/537.36 (KHTML, like Gecko) Chrome/150.0.0.0 Safari/537.36"
102.89.76.182 - - [22/Jul/2026:15:59:38 +0000] "GET /wp-content/plugins/elementor/assets/lib/font-awesome/js/brands.js HTTP/1.1" 200 6410 "https://salemconcept.shop/wp-admin/post.php?post=23&action=elementor" "Mozilla/5.0 (Windows NT 10.0; Win64; x64) AppleWebKit/537.36 (KHTML, like Gecko) Chrome/150.0.0.0 Safari/537.36"
102.89.76.182 - - [22/Jul/2026:15:59:45 +0000] "POST /wp-admin/admin-ajax.php HTTP/1.1" 200 77 "https://salemconcept.shop/wp-admin/post.php?post=23&action=elementor" "Mozilla/5.0 (Windows NT 10.0; Win64; x64) AppleWebKit/537.36 (KHTML, like Gecko) Chrome/150.0.0.0 Safari/537.36"
102.89.76.182 - - [22/Jul/2026:15:59:47 +0000] "GET /wp-content/plugins/elementor/assets/lib/font-awesome/css/fontawesome.min.css?ver=5.15.3 HTTP/1.1" 200 58071 "https://salemconcept.shop/power-bank/?elementor-preview=23&ver=1784721738" "Mozilla/5.0 (Windows NT 10.0; Win64; x64) AppleWebKit/537.36 (KHTML, like Gecko) Chrome/150.0.0.0 Safari/537.36"
102.89.76.182 - - [22/Jul/2026:15:59:47 +0000] "GET /wp-content/plugins/elementor/assets/lib/font-awesome/css/brands.min.css?ver=5.15.3 HTTP/1.1" 200 675 "https://salemconcept.shop/power-bank/?elementor-preview=23&ver=1784721738" "Mozilla/5.0 (Windows NT 10.0; Win64; x64) AppleWebKit/537.36 (KHTML, like Gecko) Chrome/150.0.0.0 Safari/537.36"
102.89.76.182 - - [22/Jul/2026:15:59:47 +0000] "GET /wp-content/plugins/wpforms-lite/assets/lib/font-awesome/webfonts/fa-brands-400.woff2 HTTP/1.1" 200 101180 "https://salemconcept.shop/wp-content/plugins/wpforms-lite/assets/lib/font-awesome/css/all.min.css?ver=7.0.1" "Mozilla/5.0 (Windows NT 10.0; Win64; x64) AppleWebKit/537.36 (KHTML, like Gecko) Chrome/150.0.0.0 Safari/537.36"
102.89.76.182 - - [22/Jul/2026:15:59:48 +0000] "GET /wp-content/plugins/elementor/assets/lib/font-awesome/webfonts/fa-brands-400.woff2 HTTP/1.1" 200 81612 "https://salemconcept.shop/wp-content/plugins/elementor/assets/lib/font-awesome/css/brands.min.css?ver=5.15.3" "Mozilla/5.0 (Windows NT 10.0; Win64; x64) AppleWebKit/537.36 (KHTML, like Gecko) Chrome/150.0.0.0 Safari/537.36"
198.177.124.148 - - [22/Jul/2026:16:00:01 +0000] "POST /wp-cron.php?doing_wp_cron=1784736001.3396248817443847656250 HTTP/1.1" 200 - "-" "WordPress/7.0.2; https://salemconcept.shop"
102.89.76.182 - - [22/Jul/2026:16:00:00 +0000] "POST /wp-admin/admin-ajax.php HTTP/1.1" 200 77 "https://salemconcept.shop/wp-admin/post.php?post=23&action=elementor" "Mozilla/5.0 (Windows NT 10.0; Win64; x64) AppleWebKit/537.36 (KHTML, like Gecko) Chrome/150.0.0.0 Safari/537.36"
102.89.76.182 - - [22/Jul/2026:16:00:15 +0000] "POST /wp-admin/admin-ajax.php HTTP/1.1" 200 77 "https://salemconcept.shop/wp-admin/post.php?post=23&action=elementor" "Mozilla/5.0 (Windows NT 10.0; Win64; x64) AppleWebKit/537.36 (KHTML, like Gecko) Chrome/150.0.0.0 Safari/537.36"
102.89.76.182 - - [22/Jul/2026:16:00:30 +0000] "POST /wp-admin/admin-ajax.php HTTP/1.1" 200 77 "https://salemconcept.shop/wp-admin/post.php?post=23&action=elementor" "Mozilla/5.0 (Windows NT 10.0; Win64; x64) AppleWebKit/537.36 (KHTML, like Gecko) Chrome/150.0.0.0 Safari/537.36"
102.89.76.182 - - [22/Jul/2026:16:00:45 +0000] "POST /wp-admin/admin-ajax.php HTTP/1.1" 200 77 "https://salemconcept.shop/wp-admin/post.php?post=23&action=elementor" "Mozilla/5.0 (Windows NT 10.0; Win64; x64) AppleWebKit/537.36 (KHTML, like Gecko) Chrome/150.0.0.0 Safari/537.36"
198.177.124.148 - - [22/Jul/2026:16:00:49 +0000] "POST /wp-cron.php?doing_wp_cron=1784736049.0691659450531005859375 HTTP/1.1" 200 - "-" "WordPress/7.0.2; https://salemconcept.shop"
102.89.76.182 - - [22/Jul/2026:16:00:46 +0000] "GET /wp-json/elementor/v1/checklist/user-progress HTTP/1.1" 200 534 "https://salemconcept.shop/wp-admin/post.php?post=23&action=elementor" "Mozilla/5.0 (Windows NT 10.0; Win64; x64) AppleWebKit/537.36 (KHTML, like Gecko) Chrome/150.0.0.0 Safari/537.36"
102.89.76.182 - - [22/Jul/2026:16:00:47 +0000] "PUT /wp-json/elementor/v1/global-classes?context=preview HTTP/1.1" 204 - "https://salemconcept.shop/wp-admin/post.php?post=23&action=elementor" "Mozilla/5.0 (Windows NT 10.0; Win64; x64) AppleWebKit/537.36 (KHTML, like Gecko) Chrome/150.0.0.0 Safari/537.36"
198.177.124.148 - - [22/Jul/2026:16:00:51 +0000] "POST /wp-cron.php?doing_wp_cron=1784736050.9640679359436035156250 HTTP/1.1" 200 - "-" "WordPress/7.0.2; https://salemconcept.shop"
102.89.76.182 - - [22/Jul/2026:16:00:47 +0000] "POST /wp-admin/admin-ajax.php HTTP/1.1" 200 1536 "https://salemconcept.shop/wp-admin/post.php?post=23&action=elementor" "Mozilla/5.0 (Windows NT 10.0; Win64; x64) AppleWebKit/537.36 (KHTML, like Gecko) Chrome/150.0.0.0 Safari/537.36"
102.89.76.182 - - [22/Jul/2026:16:00:52 +0000] "GET /wp-json/elementor/v1/checklist/user-progress HTTP/1.1" 200 534 "https://salemconcept.shop/wp-admin/post.php?post=23&action=elementor" "Mozilla/5.0 (Windows NT 10.0; Win64; x64) AppleWebKit/537.36 (KHTML, like Gecko) Chrome/150.0.0.0 Safari/537.36"
102.89.76.182 - - [22/Jul/2026:16:01:00 +0000] "POST /wp-admin/admin-ajax.php HTTP/1.1" 200 77 "https://salemconcept.shop/wp-admin/post.php?post=23&action=elementor" "Mozilla/5.0 (Windows NT 10.0; Win64; x64) AppleWebKit/537.36 (KHTML, like Gecko) Chrome/150.0.0.0 Safari/537.36"
102.89.76.182 - - [22/Jul/2026:16:01:15 +0000] "POST /wp-admin/admin-ajax.php HTTP/1.1" 200 77 "https://salemconcept.shop/wp-admin/post.php?post=23&action=elementor" "Mozilla/5.0 (Windows NT 10.0; Win64; x64) AppleWebKit/537.36 (KHTML, like Gecko) Chrome/150.0.0.0 Safari/537.36"
102.89.76.182 - - [22/Jul/2026:16:01:30 +0000] "POST /wp-admin/admin-ajax.php HTTP/1.1" 200 77 "https://salemconcept.shop/wp-admin/post.php?post=23&action=elementor" "Mozilla/5.0 (Windows NT 10.0; Win64; x64) AppleWebKit/537.36 (KHTML, like Gecko) Chrome/150.0.0.0 Safari/537.36"
102.89.76.182 - - [22/Jul/2026:16:01:45 +0000] "POST /wp-admin/admin-ajax.php HTTP/1.1" 200 77 "https://salemconcept.shop/wp-admin/post.php?post=23&action=elementor" "Mozilla/5.0 (Windows NT 10.0; Win64; x64) AppleWebKit/537.36 (KHTML, like Gecko) Chrome/150.0.0.0 Safari/537.36"
198.177.124.148 - - [22/Jul/2026:16:02:01 +0000] "POST /wp-cron.php?doing_wp_cron=1784736121.1363759040832519531250 HTTP/1.1" 200 - "-" "WordPress/7.0.2; https://salemconcept.shop"
102.89.76.182 - - [22/Jul/2026:16:02:00 +0000] "POST /wp-admin/admin-ajax.php HTTP/1.1" 200 77 "https://salemconcept.shop/wp-admin/post.php?post=23&action=elementor" "Mozilla/5.0 (Windows NT 10.0; Win64; x64) AppleWebKit/537.36 (KHTML, like Gecko) Chrome/150.0.0.0 Safari/537.36"
102.89.76.182 - - [22/Jul/2026:16:02:15 +0000] "POST /wp-admin/admin-ajax.php HTTP/1.1" 200 77 "https://salemconcept.shop/wp-admin/post.php?post=23&action=elementor" "Mozilla/5.0 (Windows NT 10.0; Win64; x64) AppleWebKit/537.36 (KHTML, like Gecko) Chrome/150.0.0.0 Safari/537.36"
102.89.76.182 - - [22/Jul/2026:16:02:16 +0000] "GET /wp-json/elementor/v1/checklist/user-progress HTTP/1.1" 200 534 "https://salemconcept.shop/wp-admin/post.php?post=23&action=elementor" "Mozilla/5.0 (Windows NT 10.0; Win64; x64) AppleWebKit/537.36 (KHTML, like Gecko) Chrome/150.0.0.0 Safari/537.36"
102.89.76.182 - - [22/Jul/2026:16:02:16 +0000] "PUT /wp-json/elementor/v1/global-classes?context=frontend HTTP/1.1" 204 - "https://salemconcept.shop/wp-admin/post.php?post=23&action=elementor" "Mozilla/5.0 (Windows NT 10.0; Win64; x64) AppleWebKit/537.36 (KHTML, like Gecko) Chrome/150.0.0.0 Safari/537.36"
102.89.76.182 - - [22/Jul/2026:16:02:16 +0000] "POST /wp-admin/admin-ajax.php HTTP/1.1" 200 1539 "https://salemconcept.shop/wp-admin/post.php?post=23&action=elementor" "Mozilla/5.0 (Windows NT 10.0; Win64; x64) AppleWebKit/537.36 (KHTML, like Gecko) Chrome/150.0.0.0 Safari/537.36"
102.89.76.182 - - [22/Jul/2026:16:02:20 +0000] "POST /wp-json/elementor/v1/design-system-sync/stylesheet HTTP/1.1" 204 - "https://salemconcept.shop/wp-admin/post.php?post=23&action=elementor" "Mozilla/5.0 (Windows NT 10.0; Win64; x64) AppleWebKit/537.36 (KHTML, like Gecko) Chrome/150.0.0.0 Safari/537.36"
102.89.76.182 - - [22/Jul/2026:16:02:21 +0000] "GET /wp-json/elementor/v1/checklist/user-progress HTTP/1.1" 200 534 "https://salemconcept.shop/wp-admin/post.php?post=23&action=elementor" "Mozilla/5.0 (Windows NT 10.0; Win64; x64) AppleWebKit/537.36 (KHTML, like Gecko) Chrome/150.0.0.0 Safari/537.36"
102.89.76.182 - - [22/Jul/2026:16:02:30 +0000] "POST /wp-admin/admin-ajax.php HTTP/1.1" 200 77 "https://salemconcept.shop/wp-admin/post.php?post=23&action=elementor" "Mozilla/5.0 (Windows NT 10.0; Win64; x64) AppleWebKit/537.36 (KHTML, like Gecko) Chrome/150.0.0.0 Safari/537.36"
102.89.76.182 - - [22/Jul/2026:16:02:45 +0000] "POST /wp-admin/admin-ajax.php HTTP/1.1" 200 77 "https://salemconcept.shop/wp-admin/post.php?post=23&action=elementor" "Mozilla/5.0 (Windows NT 10.0; Win64; x64) AppleWebKit/537.36 (KHTML, like Gecko) Chrome/150.0.0.0 Safari/537.36"
198.177.124.148 - - [22/Jul/2026:16:03:01 +0000] "POST /wp-cron.php?doing_wp_cron=1784736181.6377730369567871093750 HTTP/1.1" 200 - "-" "WordPress/7.0.2; https://salemconcept.shop"
102.89.76.182 - - [22/Jul/2026:16:03:00 +0000] "POST /wp-admin/admin-ajax.php HTTP/1.1" 200 77 "https://salemconcept.shop/wp-admin/post.php?post=23&action=elementor" "Mozilla/5.0 (Windows NT 10.0; Win64; x64) AppleWebKit/537.36 (KHTML, like Gecko) Chrome/150.0.0.0 Safari/537.36"
102.89.76.182 - - [22/Jul/2026:16:03:15 +0000] "POST /wp-admin/admin-ajax.php HTTP/1.1" 200 77 "https://salemconcept.shop/wp-admin/post.php?post=23&action=elementor" "Mozilla/5.0 (Windows NT 10.0; Win64; x64) AppleWebKit/537.36 (KHTML, like Gecko) Chrome/150.0.0.0 Safari/537.36"
102.89.76.182 - - [22/Jul/2026:16:03:30 +0000] "POST /wp-admin/admin-ajax.php HTTP/1.1" 200 77 "https://salemconcept.shop/wp-admin/post.php?post=23&action=elementor" "Mozilla/5.0 (Windows NT 10.0; Win64; x64) AppleWebKit/537.36 (KHTML, like Gecko) Chrome/150.0.0.0 Safari/537.36"
198.177.124.148 - - [22/Jul/2026:16:03:47 +0000] "POST /wp-cron.php?doing_wp_cron=1784736227.6947200298309326171875 HTTP/1.1" 200 - "-" "WordPress/7.0.2; https://salemconcept.shop"
102.89.76.182 - - [22/Jul/2026:16:03:45 +0000] "POST /wp-admin/admin-ajax.php HTTP/1.1" 200 77 "https://salemconcept.shop/wp-admin/post.php?post=23&action=elementor" "Mozilla/5.0 (Windows NT 10.0; Win64; x64) AppleWebKit/537.36 (KHTML, like Gecko) Chrome/150.0.0.0 Safari/537.36"
102.89.76.182 - - [22/Jul/2026:16:04:00 +0000] "POST /wp-admin/admin-ajax.php HTTP/1.1" 200 77 "https://salemconcept.shop/wp-admin/post.php?post=23&action=elementor" "Mozilla/5.0 (Windows NT 10.0; Win64; x64) AppleWebKit/537.36 (KHTML, like Gecko) Chrome/150.0.0.0 Safari/537.36"
102.89.76.182 - - [22/Jul/2026:16:04:15 +0000] "POST /wp-admin/admin-ajax.php HTTP/1.1" 200 77 "https://salemconcept.shop/wp-admin/post.php?post=23&action=elementor" "Mozilla/5.0 (Windows NT 10.0; Win64; x64) AppleWebKit/537.36 (KHTML, like Gecko) Chrome/150.0.0.0 Safari/537.36"
102.89.76.182 - - [22/Jul/2026:16:04:30 +0000] "POST /wp-admin/admin-ajax.php HTTP/1.1" 200 77 "https://salemconcept.shop/wp-admin/post.php?post=23&action=elementor" "Mozilla/5.0 (Windows NT 10.0; Win64; x64) AppleWebKit/537.36 (KHTML, like Gecko) Chrome/150.0.0.0 Safari/537.36"
198.177.124.148 - - [22/Jul/2026:16:04:48 +0000] "POST /wp-cron.php?doing_wp_cron=1784736288.0905780792236328125000 HTTP/1.1" 200 - "-" "WordPress/7.0.2; https://salemconcept.shop"
102.89.76.182 - - [22/Jul/2026:16:04:45 +0000] "POST /wp-admin/admin-ajax.php HTTP/1.1" 200 77 "https://salemconcept.shop/wp-admin/post.php?post=23&action=elementor" "Mozilla/5.0 (Windows NT 10.0; Win64; x64) AppleWebKit/537.36 (KHTML, like Gecko) Chrome/150.0.0.0 Safari/537.36"
102.89.76.182 - - [22/Jul/2026:16:05:00 +0000] "POST /wp-admin/admin-ajax.php HTTP/1.1" 200 77 "https://salemconcept.shop/wp-admin/post.php?post=23&action=elementor" "Mozilla/5.0 (Windows NT 10.0; Win64; x64) AppleWebKit/537.36 (KHTML, like Gecko) Chrome/150.0.0.0 Safari/537.36"
102.89.76.182 - - [22/Jul/2026:16:05:16 +0000] "POST /wp-admin/admin-ajax.php HTTP/1.1" 200 77 "https://salemconcept.shop/wp-admin/post.php?post=23&action=elementor" "Mozilla/5.0 (Windows NT 10.0; Win64; x64) AppleWebKit/537.36 (KHTML, like Gecko) Chrome/150.0.0.0 Safari/537.36"
198.177.124.148 - - [22/Jul/2026:16:07:19 +0000] "POST /wp-cron.php?doing_wp_cron=1784736439.0341229438781738281250 HTTP/1.1" 200 - "-" "WordPress/7.0.2; https://salemconcept.shop"
102.89.76.182 - - [22/Jul/2026:16:07:17 +0000] "POST /wp-admin/admin-ajax.php HTTP/1.1" 200 77 "https://salemconcept.shop/wp-admin/post.php?post=23&action=elementor" "Mozilla/5.0 (Windows NT 10.0; Win64; x64) AppleWebKit/537.36 (KHTML, like Gecko) Chrome/150.0.0.0 Safari/537.36"
198.177.124.148 - - [22/Jul/2026:16:09:20 +0000] "POST /wp-cron.php?doing_wp_cron=1784736560.6029698848724365234375 HTTP/1.1" 200 - "-" "WordPress/7.0.2; https://salemconcept.shop"
102.89.76.182 - - [22/Jul/2026:16:09:18 +0000] "POST /wp-admin/admin-ajax.php HTTP/1.1" 200 77 "https://salemconcept.shop/wp-admin/post.php?post=23&action=elementor" "Mozilla/5.0 (Windows NT 10.0; Win64; x64) AppleWebKit/537.36 (KHTML, like Gecko) Chrome/150.0.0.0 Safari/537.36"
198.177.124.148 - - [22/Jul/2026:16:11:16 +0000] "POST /wp-cron.php?doing_wp_cron=1784736675.8771109580993652343750 HTTP/1.1" 200 - "-" "WordPress/7.0.2; https://salemconcept.shop"
102.89.76.182 - - [22/Jul/2026:16:11:10 +0000] "POST /wp-admin/admin-ajax.php HTTP/1.1" 200 77 "https://salemconcept.shop/wp-admin/post.php?post=23&action=elementor" "Mozilla/5.0 (Windows NT 10.0; Win64; x64) AppleWebKit/537.36 (KHTML, like Gecko) Chrome/150.0.0.0 Safari/537.36"
102.89.76.182 - - [22/Jul/2026:16:11:10 +0000] "GET /wp-json/elementor/v1/checklist/user-progress HTTP/1.1" 200 534 "https://salemconcept.shop/wp-admin/post.php?post=23&action=elementor" "Mozilla/5.0 (Windows NT 10.0; Win64; x64) AppleWebKit/537.36 (KHTML, like Gecko) Chrome/150.0.0.0 Safari/537.36"
102.89.76.182 - - [22/Jul/2026:16:11:19 +0000] "GET /wp-json/elementor/v1/checklist/user-progress HTTP/1.1" 200 534 "https://salemconcept.shop/wp-admin/post.php?post=23&action=elementor" "Mozilla/5.0 (Windows NT 10.0; Win64; x64) AppleWebKit/537.36 (KHTML, like Gecko) Chrome/150.0.0.0 Safari/537.36"
102.89.76.182 - - [22/Jul/2026:16:11:20 +0000] "GET /wp-json/elementor/v1/user-data/current-user?context=edit HTTP/1.1" 200 1331 "https://salemconcept.shop/wp-admin/post.php?post=23&action=elementor" "Mozilla/5.0 (Windows NT 10.0; Win64; x64) AppleWebKit/537.36 (KHTML, like Gecko) Chrome/150.0.0.0 Safari/537.36"
102.89.76.182 - - [22/Jul/2026:16:11:24 +0000] "POST /wp-admin/admin-ajax.php HTTP/1.1" 200 77 "https://salemconcept.shop/wp-admin/post.php?post=23&action=elementor" "Mozilla/5.0 (Windows NT 10.0; Win64; x64) AppleWebKit/537.36 (KHTML, like Gecko) Chrome/150.0.0.0 Safari/537.36"
102.89.76.182 - - [22/Jul/2026:16:11:40 +0000] "POST /wp-admin/admin-ajax.php HTTP/1.1" 200 77 "https://salemconcept.shop/wp-admin/post.php?post=23&action=elementor" "Mozilla/5.0 (Windows NT 10.0; Win64; x64) AppleWebKit/537.36 (KHTML, like Gecko) Chrome/150.0.0.0 Safari/537.36"
102.89.76.182 - - [22/Jul/2026:16:11:39 +0000] "POST /wp-admin/admin-ajax.php HTTP/1.1" 200 1600 "https://salemconcept.shop/wp-admin/post.php?post=23&action=elementor" "Mozilla/5.0 (Windows NT 10.0; Win64; x64) AppleWebKit/537.36 (KHTML, like Gecko) Chrome/150.0.0.0 Safari/537.36"
198.177.124.148 - - [22/Jul/2026:16:11:57 +0000] "POST /wp-cron.php?doing_wp_cron=1784736717.6361410617828369140625 HTTP/1.1" 200 - "-" "WordPress/7.0.2; https://salemconcept.shop"
102.89.76.182 - - [22/Jul/2026:16:11:55 +0000] "POST /wp-admin/admin-ajax.php HTTP/1.1" 200 77 "https://salemconcept.shop/wp-admin/post.php?post=23&action=elementor" "Mozilla/5.0 (Windows NT 10.0; Win64; x64) AppleWebKit/537.36 (KHTML, like Gecko) Chrome/150.0.0.0 Safari/537.36"
102.89.76.182 - - [22/Jul/2026:16:12:10 +0000] "POST /wp-admin/admin-ajax.php HTTP/1.1" 200 77 "https://salemconcept.shop/wp-admin/post.php?post=23&action=elementor" "Mozilla/5.0 (Windows NT 10.0; Win64; x64) AppleWebKit/537.36 (KHTML, like Gecko) Chrome/150.0.0.0 Safari/537.36"
66.249.77.3 - - [22/Jul/2026:16:12:18 +0000] "GET /?j=88487127536 HTTP/1.1" 200 96377 "-" "Mozilla/5.0 (Linux; Android 6.0.1; Nexus 5X Build/MMB29P) AppleWebKit/537.36 (KHTML, like Gecko) Chrome/150.0.7871.128 Mobile Safari/537.36 (compatible; GoogleOther)"
102.89.76.182 - - [22/Jul/2026:16:12:22 +0000] "GET /wp-json/elementor/v1/checklist/user-progress HTTP/1.1" 200 534 "https://salemconcept.shop/wp-admin/post.php?post=23&action=elementor" "Mozilla/5.0 (Windows NT 10.0; Win64; x64) AppleWebKit/537.36 (KHTML, like Gecko) Chrome/150.0.0.0 Safari/537.36"
102.89.76.182 - - [22/Jul/2026:16:12:25 +0000] "POST /wp-admin/admin-ajax.php HTTP/1.1" 200 77 "https://salemconcept.shop/wp-admin/post.php?post=23&action=elementor" "Mozilla/5.0 (Windows NT 10.0; Win64; x64) AppleWebKit/537.36 (KHTML, like Gecko) Chrome/150.0.0.0 Safari/537.36"
102.89.76.182 - - [22/Jul/2026:16:12:40 +0000] "POST /wp-admin/admin-ajax.php HTTP/1.1" 200 77 "https://salemconcept.shop/wp-admin/post.php?post=23&action=elementor" "Mozilla/5.0 (Windows NT 10.0; Win64; x64) AppleWebKit/537.36 (KHTML, like Gecko) Chrome/150.0.0.0 Safari/537.36"
198.177.124.148 - - [22/Jul/2026:16:12:58 +0000] "POST /wp-cron.php?doing_wp_cron=1784736778.7498259544372558593750 HTTP/1.1" 200 - "-" "WordPress/7.0.2; https://salemconcept.shop"
102.89.76.182 - - [22/Jul/2026:16:12:55 +0000] "POST /wp-admin/admin-ajax.php HTTP/1.1" 200 77 "https://salemconcept.shop/wp-admin/post.php?post=23&action=elementor" "Mozilla/5.0 (Windows NT 10.0; Win64; x64) AppleWebKit/537.36 (KHTML, like Gecko) Chrome/150.0.0.0 Safari/537.36"
102.89.76.182 - - [22/Jul/2026:16:13:10 +0000] "POST /wp-admin/admin-ajax.php HTTP/1.1" 200 77 "https://salemconcept.shop/wp-admin/post.php?post=23&action=elementor" "Mozilla/5.0 (Windows NT 10.0; Win64; x64) AppleWebKit/537.36 (KHTML, like Gecko) Chrome/150.0.0.0 Safari/537.36"
102.89.76.182 - - [22/Jul/2026:16:13:22 +0000] "GET /wp-json/elementor/v1/checklist/user-progress HTTP/1.1" 200 534 "https://salemconcept.shop/wp-admin/post.php?post=23&action=elementor" "Mozilla/5.0 (Windows NT 10.0; Win64; x64) AppleWebKit/537.36 (KHTML, like Gecko) Chrome/150.0.0.0 Safari/537.36"
102.89.76.182 - - [22/Jul/2026:16:13:25 +0000] "POST /wp-admin/admin-ajax.php HTTP/1.1" 200 77 "https://salemconcept.shop/wp-admin/post.php?post=23&action=elementor" "Mozilla/5.0 (Windows NT 10.0; Win64; x64) AppleWebKit/537.36 (KHTML, like Gecko) Chrome/150.0.0.0 Safari/537.36"
102.89.76.182 - - [22/Jul/2026:16:13:40 +0000] "POST /wp-admin/admin-ajax.php HTTP/1.1" 200 77 "https://salemconcept.shop/wp-admin/post.php?post=23&action=elementor" "Mozilla/5.0 (Windows NT 10.0; Win64; x64) AppleWebKit/537.36 (KHTML, like Gecko) Chrome/150.0.0.0 Safari/537.36"
198.177.124.148 - - [22/Jul/2026:16:13:56 +0000] "POST /wp-cron.php?doing_wp_cron=1784736836.7914030551910400390625 HTTP/1.1" 200 - "-" "WordPress/7.0.2; https://salemconcept.shop"
102.89.76.182 - - [22/Jul/2026:16:13:55 +0000] "POST /wp-admin/admin-ajax.php HTTP/1.1" 200 77 "https://salemconcept.shop/wp-admin/post.php?post=23&action=elementor" "Mozilla/5.0 (Windows NT 10.0; Win64; x64) AppleWebKit/537.36 (KHTML, like Gecko) Chrome/150.0.0.0 Safari/537.36"
102.89.76.182 - - [22/Jul/2026:16:14:10 +0000] "POST /wp-admin/admin-ajax.php HTTP/1.1" 200 77 "https://salemconcept.shop/wp-admin/post.php?post=23&action=elementor" "Mozilla/5.0 (Windows NT 10.0; Win64; x64) AppleWebKit/537.36 (KHTML, like Gecko) Chrome/150.0.0.0 Safari/537.36"
102.89.76.182 - - [22/Jul/2026:16:14:25 +0000] "POST /wp-admin/admin-ajax.php HTTP/1.1" 200 77 "https://salemconcept.shop/wp-admin/post.php?post=23&action=elementor" "Mozilla/5.0 (Windows NT 10.0; Win64; x64) AppleWebKit/537.36 (KHTML, like Gecko) Chrome/150.0.0.0 Safari/537.36"
102.89.76.182 - - [22/Jul/2026:16:14:40 +0000] "POST /wp-admin/admin-ajax.php HTTP/1.1" 200 77 "https://salemconcept.shop/wp-admin/post.php?post=23&action=elementor" "Mozilla/5.0 (Windows NT 10.0; Win64; x64) AppleWebKit/537.36 (KHTML, like Gecko) Chrome/150.0.0.0 Safari/537.36"
198.177.124.148 - - [22/Jul/2026:16:14:59 +0000] "POST /wp-cron.php?doing_wp_cron=1784736899.1720008850097656250000 HTTP/1.1" 200 - "-" "WordPress/7.0.2; https://salemconcept.shop"
102.89.76.182 - - [22/Jul/2026:16:14:55 +0000] "POST /wp-admin/admin-ajax.php HTTP/1.1" 200 77 "https://salemconcept.shop/wp-admin/post.php?post=23&action=elementor" "Mozilla/5.0 (Windows NT 10.0; Win64; x64) AppleWebKit/537.36 (KHTML, like Gecko) Chrome/150.0.0.0 Safari/537.36"
102.89.76.182 - - [22/Jul/2026:16:15:11 +0000] "POST /wp-admin/admin-ajax.php HTTP/1.1" 200 77 "https://salemconcept.shop/wp-admin/post.php?post=23&action=elementor" "Mozilla/5.0 (Windows NT 10.0; Win64; x64) AppleWebKit/537.36 (KHTML, like Gecko) Chrome/150.0.0.0 Safari/537.36"
102.89.76.182 - - [22/Jul/2026:16:15:19 +0000] "GET /wp-json/elementor/v1/checklist/user-progress HTTP/1.1" 200 534 "https://salemconcept.shop/wp-admin/post.php?post=23&action=elementor" "Mozilla/5.0 (Windows NT 10.0; Win64; x64) AppleWebKit/537.36 (KHTML, like Gecko) Chrome/150.0.0.0 Safari/537.36"
102.89.76.182 - - [22/Jul/2026:16:15:19 +0000] "PUT /wp-json/elementor/v1/global-classes?context=preview HTTP/1.1" 204 - "https://salemconcept.shop/wp-admin/post.php?post=23&action=elementor" "Mozilla/5.0 (Windows NT 10.0; Win64; x64) AppleWebKit/537.36 (KHTML, like Gecko) Chrome/150.0.0.0 Safari/537.36"
102.89.76.182 - - [22/Jul/2026:16:15:20 +0000] "POST /wp-admin/admin-ajax.php HTTP/1.1" 200 1546 "https://salemconcept.shop/wp-admin/post.php?post=23&action=elementor" "Mozilla/5.0 (Windows NT 10.0; Win64; x64) AppleWebKit/537.36 (KHTML, like Gecko) Chrome/150.0.0.0 Safari/537.36"
102.89.76.182 - - [22/Jul/2026:16:15:25 +0000] "POST /wp-admin/admin-ajax.php HTTP/1.1" 200 77 "https://salemconcept.shop/wp-admin/post.php?post=23&action=elementor" "Mozilla/5.0 (Windows NT 10.0; Win64; x64) AppleWebKit/537.36 (KHTML, like Gecko) Chrome/150.0.0.0 Safari/537.36"
102.89.76.182 - - [22/Jul/2026:16:15:26 +0000] "GET /wp-json/elementor/v1/checklist/user-progress HTTP/1.1" 200 534 "https://salemconcept.shop/wp-admin/post.php?post=23&action=elementor" "Mozilla/5.0 (Windows NT 10.0; Win64; x64) AppleWebKit/537.36 (KHTML, like Gecko) Chrome/150.0.0.0 Safari/537.36"
102.89.76.182 - - [22/Jul/2026:16:15:41 +0000] "POST /wp-admin/admin-ajax.php HTTP/1.1" 200 77 "https://salemconcept.shop/wp-admin/post.php?post=23&action=elementor" "Mozilla/5.0 (Windows NT 10.0; Win64; x64) AppleWebKit/537.36 (KHTML, like Gecko) Chrome/150.0.0.0 Safari/537.36"
198.177.124.148 - - [22/Jul/2026:16:15:58 +0000] "POST /wp-cron.php?doing_wp_cron=1784736958.7059741020202636718750 HTTP/1.1" 200 - "-" "WordPress/7.0.2; https://salemconcept.shop"
102.89.76.182 - - [22/Jul/2026:16:15:55 +0000] "POST /wp-admin/admin-ajax.php HTTP/1.1" 200 77 "https://salemconcept.shop/wp-admin/post.php?post=23&action=elementor" "Mozilla/5.0 (Windows NT 10.0; Win64; x64) AppleWebKit/537.36 (KHTML, like Gecko) Chrome/150.0.0.0 Safari/537.36"
102.89.76.182 - - [22/Jul/2026:16:16:11 +0000] "POST /wp-admin/admin-ajax.php HTTP/1.1" 200 77 "https://salemconcept.shop/wp-admin/post.php?post=23&action=elementor" "Mozilla/5.0 (Windows NT 10.0; Win64; x64) AppleWebKit/537.36 (KHTML, like Gecko) Chrome/150.0.0.0 Safari/537.36"
102.89.76.182 - - [22/Jul/2026:16:16:25 +0000] "POST /wp-admin/admin-ajax.php HTTP/1.1" 200 77 "https://salemconcept.shop/wp-admin/post.php?post=23&action=elementor" "Mozilla/5.0 (Windows NT 10.0; Win64; x64) AppleWebKit/537.36 (KHTML, like Gecko) Chrome/150.0.0.0 Safari/537.36"
102.89.76.182 - - [22/Jul/2026:16:16:41 +0000] "POST /wp-admin/admin-ajax.php HTTP/1.1" 200 77 "https://salemconcept.shop/wp-admin/post.php?post=23&action=elementor" "Mozilla/5.0 (Windows NT 10.0; Win64; x64) AppleWebKit/537.36 (KHTML, like Gecko) Chrome/150.0.0.0 Safari/537.36"
198.177.124.148 - - [22/Jul/2026:16:16:56 +0000] "POST /wp-cron.php?doing_wp_cron=1784737016.5949409008026123046875 HTTP/1.1" 200 - "-" "WordPress/7.0.2; https://salemconcept.shop"
102.89.76.182 - - [22/Jul/2026:16:16:55 +0000] "POST /wp-admin/admin-ajax.php HTTP/1.1" 200 77 "https://salemconcept.shop/wp-admin/post.php?post=23&action=elementor" "Mozilla/5.0 (Windows NT 10.0; Win64; x64) AppleWebKit/537.36 (KHTML, like Gecko) Chrome/150.0.0.0 Safari/537.36"
102.89.76.182 - - [22/Jul/2026:16:17:10 +0000] "POST /wp-admin/admin-ajax.php HTTP/1.1" 200 77 "https://salemconcept.shop/wp-admin/post.php?post=23&action=elementor" "Mozilla/5.0 (Windows NT 10.0; Win64; x64) AppleWebKit/537.36 (KHTML, like Gecko) Chrome/150.0.0.0 Safari/537.36"
102.89.76.182 - - [22/Jul/2026:16:17:16 +0000] "GET /wp-json/elementor/v1/user-data/current-user?context=edit HTTP/1.1" 200 1331 "https://salemconcept.shop/wp-admin/post.php?post=23&action=elementor" "Mozilla/5.0 (Windows NT 10.0; Win64; x64) AppleWebKit/537.36 (KHTML, like Gecko) Chrome/150.0.0.0 Safari/537.36"
102.89.76.182 - - [22/Jul/2026:16:17:26 +0000] "POST /wp-admin/admin-ajax.php HTTP/1.1" 200 77 "https://salemconcept.shop/wp-admin/post.php?post=23&action=elementor" "Mozilla/5.0 (Windows NT 10.0; Win64; x64) AppleWebKit/537.36 (KHTML, like Gecko) Chrome/150.0.0.0 Safari/537.36"
102.89.76.182 - - [22/Jul/2026:16:17:40 +0000] "POST /wp-admin/admin-ajax.php HTTP/1.1" 200 77 "https://salemconcept.shop/wp-admin/post.php?post=23&action=elementor" "Mozilla/5.0 (Windows NT 10.0; Win64; x64) AppleWebKit/537.36 (KHTML, like Gecko) Chrome/150.0.0.0 Safari/537.36"
198.177.124.148 - - [22/Jul/2026:16:17:59 +0000] "POST /wp-cron.php?doing_wp_cron=1784737079.1104040145874023437500 HTTP/1.1" 200 - "-" "WordPress/7.0.2; https://salemconcept.shop"
102.89.76.182 - - [22/Jul/2026:16:17:56 +0000] "POST /wp-admin/admin-ajax.php HTTP/1.1" 200 77 "https://salemconcept.shop/wp-admin/post.php?post=23&action=elementor" "Mozilla/5.0 (Windows NT 10.0; Win64; x64) AppleWebKit/537.36 (KHTML, like Gecko) Chrome/150.0.0.0 Safari/537.36"
102.89.76.182 - - [22/Jul/2026:16:18:10 +0000] "POST /wp-admin/admin-ajax.php HTTP/1.1" 200 77 "https://salemconcept.shop/wp-admin/post.php?post=23&action=elementor" "Mozilla/5.0 (Windows NT 10.0; Win64; x64) AppleWebKit/537.36 (KHTML, like Gecko) Chrome/150.0.0.0 Safari/537.36"
102.89.76.182 - - [22/Jul/2026:16:18:26 +0000] "POST /wp-admin/admin-ajax.php HTTP/1.1" 200 77 "https://salemconcept.shop/wp-admin/post.php?post=23&action=elementor" "Mozilla/5.0 (Windows NT 10.0; Win64; x64) AppleWebKit/537.36 (KHTML, like Gecko) Chrome/150.0.0.0 Safari/537.36"
102.89.76.182 - - [22/Jul/2026:16:18:40 +0000] "POST /wp-admin/admin-ajax.php HTTP/1.1" 200 77 "https://salemconcept.shop/wp-admin/post.php?post=23&action=elementor" "Mozilla/5.0 (Windows NT 10.0; Win64; x64) AppleWebKit/537.36 (KHTML, like Gecko) Chrome/150.0.0.0 Safari/537.36"
198.177.124.148 - - [22/Jul/2026:16:18:56 +0000] "POST /wp-cron.php?doing_wp_cron=1784737136.6748900413513183593750 HTTP/1.1" 200 - "-" "WordPress/7.0.2; https://salemconcept.shop"
102.89.76.182 - - [22/Jul/2026:16:18:55 +0000] "POST /wp-admin/admin-ajax.php HTTP/1.1" 200 77 "https://salemconcept.shop/wp-admin/post.php?post=23&action=elementor" "Mozilla/5.0 (Windows NT 10.0; Win64; x64) AppleWebKit/537.36 (KHTML, like Gecko) Chrome/150.0.0.0 Safari/537.36"
102.89.76.182 - - [22/Jul/2026:16:19:10 +0000] "POST /wp-admin/admin-ajax.php HTTP/1.1" 200 77 "https://salemconcept.shop/wp-admin/post.php?post=23&action=elementor" "Mozilla/5.0 (Windows NT 10.0; Win64; x64) AppleWebKit/537.36 (KHTML, like Gecko) Chrome/150.0.0.0 Safari/537.36"
102.89.76.182 - - [22/Jul/2026:16:19:25 +0000] "POST /wp-admin/admin-ajax.php HTTP/1.1" 200 77 "https://salemconcept.shop/wp-admin/post.php?post=23&action=elementor" "Mozilla/5.0 (Windows NT 10.0; Win64; x64) AppleWebKit/537.36 (KHTML, like Gecko) Chrome/150.0.0.0 Safari/537.36"
102.89.76.182 - - [22/Jul/2026:16:19:40 +0000] "POST /wp-admin/admin-ajax.php HTTP/1.1" 200 77 "https://salemconcept.shop/wp-admin/post.php?post=23&action=elementor" "Mozilla/5.0 (Windows NT 10.0; Win64; x64) AppleWebKit/537.36 (KHTML, like Gecko) Chrome/150.0.0.0 Safari/537.36"
198.177.124.148 - - [22/Jul/2026:16:19:57 +0000] "POST /wp-cron.php?doing_wp_cron=1784737197.1180939674377441406250 HTTP/1.1" 200 - "-" "WordPress/7.0.2; https://salemconcept.shop"
102.89.76.182 - - [22/Jul/2026:16:19:56 +0000] "POST /wp-admin/admin-ajax.php HTTP/1.1" 200 77 "https://salemconcept.shop/wp-admin/post.php?post=23&action=elementor" "Mozilla/5.0 (Windows NT 10.0; Win64; x64) AppleWebKit/537.36 (KHTML, like Gecko) Chrome/150.0.0.0 Safari/537.36"
102.89.76.182 - - [22/Jul/2026:16:20:10 +0000] "POST /wp-admin/admin-ajax.php HTTP/1.1" 200 77 "https://salemconcept.shop/wp-admin/post.php?post=23&action=elementor" "Mozilla/5.0 (Windows NT 10.0; Win64; x64) AppleWebKit/537.36 (KHTML, like Gecko) Chrome/150.0.0.0 Safari/537.36"
66.249.77.3 - - [22/Jul/2026:16:20:14 +0000] "GET /?j=8848778271 HTTP/1.1" 200 96377 "-" "Mozilla/5.0 (Linux; Android 6.0.1; Nexus 5X Build/MMB29P) AppleWebKit/537.36 (KHTML, like Gecko) Chrome/150.0.7871.128 Mobile Safari/537.36 (compatible; GoogleOther)"
102.89.76.182 - - [22/Jul/2026:16:20:25 +0000] "POST /wp-admin/admin-ajax.php HTTP/1.1" 200 77 "https://salemconcept.shop/wp-admin/post.php?post=23&action=elementor" "Mozilla/5.0 (Windows NT 10.0; Win64; x64) AppleWebKit/537.36 (KHTML, like Gecko) Chrome/150.0.0.0 Safari/537.36"
102.89.76.182 - - [22/Jul/2026:16:20:40 +0000] "POST /wp-admin/admin-ajax.php HTTP/1.1" 200 77 "https://salemconcept.shop/wp-admin/post.php?post=23&action=elementor" "Mozilla/5.0 (Windows NT 10.0; Win64; x64) AppleWebKit/537.36 (KHTML, like Gecko) Chrome/150.0.0.0 Safari/537.36"
198.177.124.148 - - [22/Jul/2026:16:20:57 +0000] "POST /wp-cron.php?doing_wp_cron=1784737257.6385610103607177734375 HTTP/1.1" 200 - "-" "WordPress/7.0.2; https://salemconcept.shop"
102.89.76.182 - - [22/Jul/2026:16:20:56 +0000] "POST /wp-admin/admin-ajax.php HTTP/1.1" 200 77 "https://salemconcept.shop/wp-admin/post.php?post=23&action=elementor" "Mozilla/5.0 (Windows NT 10.0; Win64; x64) AppleWebKit/537.36 (KHTML, like Gecko) Chrome/150.0.0.0 Safari/537.36"
102.89.76.182 - - [22/Jul/2026:16:21:10 +0000] "POST /wp-admin/admin-ajax.php HTTP/1.1" 200 77 "https://salemconcept.shop/wp-admin/post.php?post=23&action=elementor" "Mozilla/5.0 (Windows NT 10.0; Win64; x64) AppleWebKit/537.36 (KHTML, like Gecko) Chrome/150.0.0.0 Safari/537.36"
102.89.76.182 - - [22/Jul/2026:16:21:25 +0000] "POST /wp-admin/admin-ajax.php HTTP/1.1" 200 77 "https://salemconcept.shop/wp-admin/post.php?post=23&action=elementor" "Mozilla/5.0 (Windows NT 10.0; Win64; x64) AppleWebKit/537.36 (KHTML, like Gecko) Chrome/150.0.0.0 Safari/537.36"
102.89.76.182 - - [22/Jul/2026:16:21:40 +0000] "POST /wp-admin/admin-ajax.php HTTP/1.1" 200 77 "https://salemconcept.shop/wp-admin/post.php?post=23&action=elementor" "Mozilla/5.0 (Windows NT 10.0; Win64; x64) AppleWebKit/537.36 (KHTML, like Gecko) Chrome/150.0.0.0 Safari/537.36"
198.177.124.148 - - [22/Jul/2026:16:21:58 +0000] "POST /wp-cron.php?doing_wp_cron=1784737318.7349410057067871093750 HTTP/1.1" 200 - "-" "WordPress/7.0.2; https://salemconcept.shop"
102.89.76.182 - - [22/Jul/2026:16:21:56 +0000] "POST /wp-admin/admin-ajax.php HTTP/1.1" 200 77 "https://salemconcept.shop/wp-admin/post.php?post=23&action=elementor" "Mozilla/5.0 (Windows NT 10.0; Win64; x64) AppleWebKit/537.36 (KHTML, like Gecko) Chrome/150.0.0.0 Safari/537.36"
102.89.76.182 - - [22/Jul/2026:16:22:10 +0000] "POST /wp-admin/admin-ajax.php HTTP/1.1" 200 77 "https://salemconcept.shop/wp-admin/post.php?post=23&action=elementor" "Mozilla/5.0 (Windows NT 10.0; Win64; x64) AppleWebKit/537.36 (KHTML, like Gecko) Chrome/150.0.0.0 Safari/537.36"
102.89.76.182 - - [22/Jul/2026:16:22:26 +0000] "POST /wp-admin/admin-ajax.php HTTP/1.1" 200 77 "https://salemconcept.shop/wp-admin/post.php?post=23&action=elementor" "Mozilla/5.0 (Windows NT 10.0; Win64; x64) AppleWebKit/537.36 (KHTML, like Gecko) Chrome/150.0.0.0 Safari/537.36"
102.89.76.182 - - [22/Jul/2026:16:22:40 +0000] "POST /wp-admin/admin-ajax.php HTTP/1.1" 200 77 "https://salemconcept.shop/wp-admin/post.php?post=23&action=elementor" "Mozilla/5.0 (Windows NT 10.0; Win64; x64) AppleWebKit/537.36 (KHTML, like Gecko) Chrome/150.0.0.0 Safari/537.36"
102.89.76.182 - - [22/Jul/2026:16:22:41 +0000] "GET /wp-json/elementor/v1/user-data/current-user?context=edit HTTP/1.1" 200 1331 "https://salemconcept.shop/wp-admin/post.php?post=23&action=elementor" "Mozilla/5.0 (Windows NT 10.0; Win64; x64) AppleWebKit/537.36 (KHTML, like Gecko) Chrome/150.0.0.0 Safari/537.36"
198.177.124.148 - - [22/Jul/2026:16:22:58 +0000] "POST /wp-cron.php?doing_wp_cron=1784737377.9926800727844238281250 HTTP/1.1" 200 - "-" "WordPress/7.0.2; https://salemconcept.shop"
102.89.76.182 - - [22/Jul/2026:16:22:55 +0000] "POST /wp-admin/admin-ajax.php HTTP/1.1" 200 77 "https://salemconcept.shop/wp-admin/post.php?post=23&action=elementor" "Mozilla/5.0 (Windows NT 10.0; Win64; x64) AppleWebKit/537.36 (KHTML, like Gecko) Chrome/150.0.0.0 Safari/537.36"
102.89.76.182 - - [22/Jul/2026:16:23:10 +0000] "POST /wp-admin/admin-ajax.php HTTP/1.1" 200 77 "https://salemconcept.shop/wp-admin/post.php?post=23&action=elementor" "Mozilla/5.0 (Windows NT 10.0; Win64; x64) AppleWebKit/537.36 (KHTML, like Gecko) Chrome/150.0.0.0 Safari/537.36"
102.89.76.182 - - [22/Jul/2026:16:23:26 +0000] "POST /wp-admin/admin-ajax.php HTTP/1.1" 200 77 "https://salemconcept.shop/wp-admin/post.php?post=23&action=elementor" "Mozilla/5.0 (Windows NT 10.0; Win64; x64) AppleWebKit/537.36 (KHTML, like Gecko) Chrome/150.0.0.0 Safari/537.36"
102.89.76.182 - - [22/Jul/2026:16:23:40 +0000] "POST /wp-admin/admin-ajax.php HTTP/1.1" 200 77 "https://salemconcept.shop/wp-admin/post.php?post=23&action=elementor" "Mozilla/5.0 (Windows NT 10.0; Win64; x64) AppleWebKit/537.36 (KHTML, like Gecko) Chrome/150.0.0.0 Safari/537.36"
198.177.124.148 - - [22/Jul/2026:16:24:00 +0000] "POST /wp-cron.php?doing_wp_cron=1784737439.9468948841094970703125 HTTP/1.1" 200 - "-" "WordPress/7.0.2; https://salemconcept.shop"
102.89.76.182 - - [22/Jul/2026:16:23:56 +0000] "POST /wp-admin/admin-ajax.php HTTP/1.1" 200 77 "https://salemconcept.shop/wp-admin/post.php?post=23&action=elementor" "Mozilla/5.0 (Windows NT 10.0; Win64; x64) AppleWebKit/537.36 (KHTML, like Gecko) Chrome/150.0.0.0 Safari/537.36"
102.89.76.182 - - [22/Jul/2026:16:24:00 +0000] "GET /wp-json/elementor/v1/user-data/current-user?context=edit HTTP/1.1" 200 1331 "https://salemconcept.shop/wp-admin/post.php?post=23&action=elementor" "Mozilla/5.0 (Windows NT 10.0; Win64; x64) AppleWebKit/537.36 (KHTML, like Gecko) Chrome/150.0.0.0 Safari/537.36"
102.89.76.182 - - [22/Jul/2026:16:24:10 +0000] "POST /wp-admin/admin-ajax.php HTTP/1.1" 200 77 "https://salemconcept.shop/wp-admin/post.php?post=23&action=elementor" "Mozilla/5.0 (Windows NT 10.0; Win64; x64) AppleWebKit/537.36 (KHTML, like Gecko) Chrome/150.0.0.0 Safari/537.36"
129.227.238.199 - - [22/Jul/2026:16:24:25 +0000] "GET /wp-login.php HTTP/1.1" 200 4715 "-" "Mozilla/5.0"
102.89.76.182 - - [22/Jul/2026:16:24:26 +0000] "POST /wp-admin/admin-ajax.php HTTP/1.1" 200 77 "https://salemconcept.shop/wp-admin/post.php?post=23&action=elementor" "Mozilla/5.0 (Windows NT 10.0; Win64; x64) AppleWebKit/537.36 (KHTML, like Gecko) Chrome/150.0.0.0 Safari/537.36"
102.89.76.182 - - [22/Jul/2026:16:24:26 +0000] "GET /wp-json/elementor/v1/checklist/user-progress HTTP/1.1" 200 534 "https://salemconcept.shop/wp-admin/post.php?post=23&action=elementor" "Mozilla/5.0 (Windows NT 10.0; Win64; x64) AppleWebKit/537.36 (KHTML, like Gecko) Chrome/150.0.0.0 Safari/537.36"
102.89.76.182 - - [22/Jul/2026:16:24:26 +0000] "PUT /wp-json/elementor/v1/global-classes?context=preview HTTP/1.1" 204 - "https://salemconcept.shop/wp-admin/post.php?post=23&action=elementor" "Mozilla/5.0 (Windows NT 10.0; Win64; x64) AppleWebKit/537.36 (KHTML, like Gecko) Chrome/150.0.0.0 Safari/537.36"
102.89.76.182 - - [22/Jul/2026:16:24:27 +0000] "GET /wp-json/elementor/v1/user-data/current-user?context=edit HTTP/1.1" 200 1331 "https://salemconcept.shop/wp-admin/post.php?post=23&action=elementor" "Mozilla/5.0 (Windows NT 10.0; Win64; x64) AppleWebKit/537.36 (KHTML, like Gecko) Chrome/150.0.0.0 Safari/537.36"
129.227.238.199 - - [22/Jul/2026:16:24:30 +0000] "GET /?author=1 HTTP/1.1" 301 - "-" "Mozilla/5.0"
102.89.76.182 - - [22/Jul/2026:16:24:26 +0000] "POST /wp-admin/admin-ajax.php HTTP/1.1" 200 1546 "https://salemconcept.shop/wp-admin/post.php?post=23&action=elementor" "Mozilla/5.0 (Windows NT 10.0; Win64; x64) AppleWebKit/537.36 (KHTML, like Gecko) Chrome/150.0.0.0 Safari/537.36"
129.227.238.199 - - [22/Jul/2026:16:24:37 +0000] "GET /?rest_route=/wp/v2/users HTTP/1.1" 200 799 "-" "Mozilla/5.0"
102.89.76.182 - - [22/Jul/2026:16:24:38 +0000] "GET /wp-json/elementor/v1/checklist/user-progress HTTP/1.1" 200 534 "https://salemconcept.shop/wp-admin/post.php?post=23&action=elementor" "Mozilla/5.0 (Windows NT 10.0; Win64; x64) AppleWebKit/537.36 (KHTML, like Gecko) Chrome/150.0.0.0 Safari/537.36"
102.89.76.182 - - [22/Jul/2026:16:24:41 +0000] "POST /wp-admin/admin-ajax.php HTTP/1.1" 200 77 "https://salemconcept.shop/wp-admin/post.php?post=23&action=elementor" "Mozilla/5.0 (Windows NT 10.0; Win64; x64) AppleWebKit/537.36 (KHTML, like Gecko) Chrome/150.0.0.0 Safari/537.36"
198.177.124.148 - - [22/Jul/2026:16:24:58 +0000] "POST /wp-cron.php?doing_wp_cron=1784737498.1960949897766113281250 HTTP/1.1" 200 - "-" "WordPress/7.0.2; https://salemconcept.shop"
102.89.76.182 - - [22/Jul/2026:16:24:56 +0000] "POST /wp-admin/admin-ajax.php HTTP/1.1" 200 77 "https://salemconcept.shop/wp-admin/post.php?post=23&action=elementor" "Mozilla/5.0 (Windows NT 10.0; Win64; x64) AppleWebKit/537.36 (KHTML, like Gecko) Chrome/150.0.0.0 Safari/537.36"
102.89.76.182 - - [22/Jul/2026:16:25:10 +0000] "POST /wp-admin/admin-ajax.php HTTP/1.1" 200 77 "https://salemconcept.shop/wp-admin/post.php?post=23&action=elementor" "Mozilla/5.0 (Windows NT 10.0; Win64; x64) AppleWebKit/537.36 (KHTML, like Gecko) Chrome/150.0.0.0 Safari/537.36"
102.89.76.182 - - [22/Jul/2026:16:25:26 +0000] "POST /wp-admin/admin-ajax.php HTTP/1.1" 200 77 "https://salemconcept.shop/wp-admin/post.php?post=23&action=elementor" "Mozilla/5.0 (Windows NT 10.0; Win64; x64) AppleWebKit/537.36 (KHTML, like Gecko) Chrome/150.0.0.0 Safari/537.36"
66.249.77.1 - - [22/Jul/2026:16:25:30 +0000] "GET /?o=71046271344 HTTP/1.1" 200 96377 "-" "Mozilla/5.0 (Linux; Android 6.0.1; Nexus 5X Build/MMB29P) AppleWebKit/537.36 (KHTML, like Gecko) Chrome/150.0.7871.128 Mobile Safari/537.36 (compatible; GoogleOther)"
102.89.76.182 - - [22/Jul/2026:16:25:40 +0000] "POST /wp-admin/admin-ajax.php HTTP/1.1" 200 77 "https://salemconcept.shop/wp-admin/post.php?post=23&action=elementor" "Mozilla/5.0 (Windows NT 10.0; Win64; x64) AppleWebKit/537.36 (KHTML, like Gecko) Chrome/150.0.0.0 Safari/537.36"
198.177.124.148 - - [22/Jul/2026:16:25:58 +0000] "POST /wp-cron.php?doing_wp_cron=1784737558.5895109176635742187500 HTTP/1.1" 200 - "-" "WordPress/7.0.2; https://salemconcept.shop"
102.89.76.182 - - [22/Jul/2026:16:25:56 +0000] "POST /wp-admin/admin-ajax.php HTTP/1.1" 200 77 "https://salemconcept.shop/wp-admin/post.php?post=23&action=elementor" "Mozilla/5.0 (Windows NT 10.0; Win64; x64) AppleWebKit/537.36 (KHTML, like Gecko) Chrome/150.0.0.0 Safari/537.36"
102.89.76.182 - - [22/Jul/2026:16:25:57 +0000] "GET /wp-json/elementor/v1/checklist/user-progress HTTP/1.1" 200 534 "https://salemconcept.shop/wp-admin/post.php?post=23&action=elementor" "Mozilla/5.0 (Windows NT 10.0; Win64; x64) AppleWebKit/537.36 (KHTML, like Gecko) Chrome/150.0.0.0 Safari/537.36"
102.89.76.182 - - [22/Jul/2026:16:25:58 +0000] "PUT /wp-json/elementor/v1/global-classes?context=preview HTTP/1.1" 204 - "https://salemconcept.shop/wp-admin/post.php?post=23&action=elementor" "Mozilla/5.0 (Windows NT 10.0; Win64; x64) AppleWebKit/537.36 (KHTML, like Gecko) Chrome/150.0.0.0 Safari/537.36"
102.89.76.182 - - [22/Jul/2026:16:25:58 +0000] "POST /wp-admin/admin-ajax.php HTTP/1.1" 200 1546 "https://salemconcept.shop/wp-admin/post.php?post=23&action=elementor" "Mozilla/5.0 (Windows NT 10.0; Win64; x64) AppleWebKit/537.36 (KHTML, like Gecko) Chrome/150.0.0.0 Safari/537.36"
