66.249.77.3 - - [22/Jul/2026:18:34:55 +0000] "GET /?q=59868124100 HTTP/1.1" 200 96377 "-" "Mozilla/5.0 (Linux; Android 6.0.1; Nexus 5X Build/MMB29P) AppleWebKit/537.36 (KHTML, like Gecko) Chrome/150.0.7871.128 Mobile Safari/537.36 (compatible; GoogleOther)"
66.249.77.1 - - [22/Jul/2026:18:35:08 +0000] "GET /?r=3626111701 HTTP/1.1" 200 96377 "-" "Mozilla/5.0 (Linux; Android 6.0.1; Nexus 5X Build/MMB29P) AppleWebKit/537.36 (KHTML, like Gecko) Chrome/150.0.7871.128 Mobile Safari/537.36 (compatible; GoogleOther)"
198.177.124.148 - - [22/Jul/2026:18:36:23 +0000] "POST /wp-cron.php?doing_wp_cron=1784745383.3737089633941650390625 HTTP/1.1" 200 - "-" "WordPress/7.0.2; https://salemconcept.shop"
66.249.77.2 - - [22/Jul/2026:18:36:21 +0000] "GET /?o=71046161023 HTTP/1.1" 200 96377 "-" "Mozilla/5.0 (Linux; Android 6.0.1; Nexus 5X Build/MMB29P) AppleWebKit/537.36 (KHTML, like Gecko) Chrome/150.0.7871.128 Mobile Safari/537.36 (compatible; Googlebot/2.1; +http://www.google.com/bot.html)"
172.233.88.70 - - [22/Jul/2026:18:36:44 +0000] "POST /wp-login.php HTTP/1.1" 200 5127 "-" "Mozilla/5.0"
198.177.124.148 - - [22/Jul/2026:18:39:10 +0000] "POST /wp-cron.php?doing_wp_cron=1784745550.8322470188140869140625 HTTP/1.1" 200 - "-" "WordPress/7.0.2; https://salemconcept.shop"
66.249.77.1 - - [22/Jul/2026:18:39:09 +0000] "GET /?q=59868230746 HTTP/1.1" 200 96377 "-" "Mozilla/5.0 (Linux; Android 6.0.1; Nexus 5X Build/MMB29P) AppleWebKit/537.36 (KHTML, like Gecko) Chrome/150.0.7871.128 Mobile Safari/537.36 (compatible; GoogleOther)"
198.177.124.148 - - [22/Jul/2026:18:41:18 +0000] "POST /wp-cron.php?doing_wp_cron=1784745678.4537999629974365234375 HTTP/1.1" 200 - "-" "WordPress/7.0.2; https://salemconcept.shop"
172.233.88.70 - - [22/Jul/2026:18:41:16 +0000] "POST /wp-login.php HTTP/1.1" 200 5127 "-" "Mozilla/5.0"
198.177.124.148 - - [22/Jul/2026:18:44:53 +0000] "POST /wp-cron.php?doing_wp_cron=1784745893.0543799400329589843750 HTTP/1.1" 200 - "-" "WordPress/7.0.2; https://salemconcept.shop"
66.249.77.2 - - [22/Jul/2026:18:44:50 +0000] "GET /?l=1069788937 HTTP/1.1" 200 96377 "-" "Mozilla/5.0 (Linux; Android 6.0.1; Nexus 5X Build/MMB29P) AppleWebKit/537.36 (KHTML, like Gecko) Chrome/150.0.7871.128 Mobile Safari/537.36 (compatible; GoogleOther)"
198.177.124.148 - - [22/Jul/2026:18:45:54 +0000] "POST /wp-cron.php?doing_wp_cron=1784745954.1090130805969238281250 HTTP/1.1" 200 - "-" "WordPress/7.0.2; https://salemconcept.shop"
66.249.77.1 - - [22/Jul/2026:18:45:50 +0000] "GET /?j=88487123515 HTTP/1.1" 200 96377 "-" "Mozilla/5.0 (Linux; Android 6.0.1; Nexus 5X Build/MMB29P) AppleWebKit/537.36 (KHTML, like Gecko) Chrome/150.0.7871.128 Mobile Safari/537.36 (compatible; GoogleOther)"
172.233.88.70 - - [22/Jul/2026:18:46:03 +0000] "POST /wp-login.php HTTP/1.1" 200 5127 "-" "Mozilla/5.0"
66.249.77.1 - - [22/Jul/2026:18:46:30 +0000] "GET /?u=2843855357 HTTP/1.1" 200 96377 "-" "Mozilla/5.0 (Linux; Android 6.0.1; Nexus 5X Build/MMB29P) AppleWebKit/537.36 (KHTML, like Gecko) Chrome/150.0.7871.128 Mobile Safari/537.36 (compatible; Googlebot/2.1; +http://www.google.com/bot.html)"
198.177.124.148 - - [22/Jul/2026:18:50:12 +0000] "POST /wp-cron.php?doing_wp_cron=1784746212.6363599300384521484375 HTTP/1.1" 200 - "-" "WordPress/7.0.2; https://salemconcept.shop"
66.249.77.2 - - [22/Jul/2026:18:50:10 +0000] "GET /?q=5986819488 HTTP/1.1" 200 96377 "-" "Mozilla/5.0 (Linux; Android 6.0.1; Nexus 5X Build/MMB29P) AppleWebKit/537.36 (KHTML, like Gecko) Chrome/150.0.7871.128 Mobile Safari/537.36 (compatible; GoogleOther)"
66.249.77.2 - - [22/Jul/2026:18:50:37 +0000] "GET /?q=59868262550 HTTP/1.1" 200 96377 "-" "Mozilla/5.0 (Linux; Android 6.0.1; Nexus 5X Build/MMB29P) AppleWebKit/537.36 (KHTML, like Gecko) Chrome/150.0.7871.128 Mobile Safari/537.36 (compatible; Googlebot/2.1; +http://www.google.com/bot.html)"
198.177.124.148 - - [22/Jul/2026:18:51:13 +0000] "POST /wp-cron.php?doing_wp_cron=1784746273.8494119644165039062500 HTTP/1.1" 200 - "-" "WordPress/7.0.2; https://salemconcept.shop"
172.233.88.70 - - [22/Jul/2026:18:51:12 +0000] "POST /wp-login.php HTTP/1.1" 200 5127 "-" "Mozilla/5.0"
198.177.124.148 - - [22/Jul/2026:18:51:59 +0000] "POST /wp-cron.php?doing_wp_cron=1784746318.9310688972473144531250 HTTP/1.1" 200 - "-" "WordPress/7.0.2; https://salemconcept.shop"
66.249.77.3 - - [22/Jul/2026:18:51:55 +0000] "GET /?q=59868277066 HTTP/1.1" 200 96377 "-" "Mozilla/5.0 (Linux; Android 6.0.1; Nexus 5X Build/MMB29P) AppleWebKit/537.36 (KHTML, like Gecko) Chrome/150.0.7871.128 Mobile Safari/537.36 (compatible; Googlebot/2.1; +http://www.google.com/bot.html)"
198.177.124.148 - - [22/Jul/2026:18:56:19 +0000] "POST /wp-cron.php?doing_wp_cron=1784746579.6496589183807373046875 HTTP/1.1" 200 - "-" "WordPress/7.0.2; https://salemconcept.shop"
172.233.88.70 - - [22/Jul/2026:18:56:18 +0000] "POST /wp-login.php HTTP/1.1" 200 5127 "-" "Mozilla/5.0"
198.177.124.148 - - [22/Jul/2026:18:58:57 +0000] "POST /wp-cron.php?doing_wp_cron=1784746736.9618749618530273437500 HTTP/1.1" 200 - "-" "WordPress/7.0.2; https://salemconcept.shop"
66.249.72.234 - - [22/Jul/2026:18:58:55 +0000] "GET /robots.txt HTTP/1.1" 301 - "-" "Mozilla/5.0 (compatible; Googlebot/2.1; +http://www.google.com/bot.html)"
66.249.72.234 - - [22/Jul/2026:18:58:57 +0000] "GET / HTTP/1.1" 301 - "-" "Mozilla/5.0 (Linux; Android 6.0.1; Nexus 5X Build/MMB29P) AppleWebKit/537.36 (KHTML, like Gecko) Chrome/150.0.7871.128 Mobile Safari/537.36 (compatible; Googlebot/2.1; +http://www.google.com/bot.html)"
66.249.77.1 - - [22/Jul/2026:18:58:58 +0000] "GET / HTTP/1.1" 200 96377 "-" "Mozilla/5.0 (Linux; Android 6.0.1; Nexus 5X Build/MMB29P) AppleWebKit/537.36 (KHTML, like Gecko) Chrome/150.0.7871.128 Mobile Safari/537.36 (compatible; Googlebot/2.1; +http://www.google.com/bot.html)"
66.249.77.1 - - [22/Jul/2026:18:59:16 +0000] "GET /?r=36261277111 HTTP/1.1" 200 96377 "-" "Mozilla/5.0 (Linux; Android 6.0.1; Nexus 5X Build/MMB29P) AppleWebKit/537.36 (KHTML, like Gecko) Chrome/150.0.7871.128 Mobile Safari/537.36 (compatible; Googlebot/2.1; +http://www.google.com/bot.html)"
198.177.124.148 - - [22/Jul/2026:19:00:20 +0000] "POST /wp-cron.php?doing_wp_cron=1784746820.3850529193878173828125 HTTP/1.1" 200 - "-" "WordPress/7.0.2; https://salemconcept.shop"
66.249.77.1 - - [22/Jul/2026:19:00:17 +0000] "GET /?l=1069772047 HTTP/1.1" 200 96377 "-" "Mozilla/5.0 (Linux; Android 6.0.1; Nexus 5X Build/MMB29P) AppleWebKit/537.36 (KHTML, like Gecko) Chrome/150.0.7871.128 Mobile Safari/537.36 (compatible; Googlebot/2.1; +http://www.google.com/bot.html)"
172.233.88.70 - - [22/Jul/2026:19:01:25 +0000] "POST /wp-login.php HTTP/1.1" 200 5127 "-" "Mozilla/5.0"
198.177.124.148 - - [22/Jul/2026:19:05:55 +0000] "POST /wp-cron.php?doing_wp_cron=1784747155.8915719985961914062500 HTTP/1.1" 200 - "-" "WordPress/7.0.2; https://salemconcept.shop"
66.249.77.1 - - [22/Jul/2026:19:05:53 +0000] "GET /robots.txt HTTP/1.1" 200 118 "-" "Mozilla/5.0 (compatible; Googlebot/2.1; +http://www.google.com/bot.html)"
66.249.77.1 - - [22/Jul/2026:19:06:24 +0000] "GET /?h=8783550655 HTTP/1.1" 200 96377 "-" "Mozilla/5.0 (Linux; Android 6.0.1; Nexus 5X Build/MMB29P) AppleWebKit/537.36 (KHTML, like Gecko) Chrome/150.0.7871.128 Mobile Safari/537.36 (compatible; GoogleOther)"
172.233.88.70 - - [22/Jul/2026:19:06:33 +0000] "POST /wp-login.php HTTP/1.1" 200 5127 "-" "Mozilla/5.0"
198.177.124.148 - - [22/Jul/2026:19:08:07 +0000] "POST /wp-cron.php?doing_wp_cron=1784747287.2238640785217285156250 HTTP/1.1" 200 - "-" "WordPress/7.0.2; https://salemconcept.shop"
66.249.77.1 - - [22/Jul/2026:19:08:04 +0000] "GET /robots.txt HTTP/1.1" 200 118 "-" "Mozilla/5.0 (compatible; Googlebot/2.1; +http://www.google.com/bot.html)"
66.249.77.2 - - [22/Jul/2026:19:08:08 +0000] "GET /?x=65569144631 HTTP/1.1" 200 96377 "-" "Mozilla/5.0 (Linux; Android 6.0.1; Nexus 5X Build/MMB29P) AppleWebKit/537.36 (KHTML, like Gecko) Chrome/150.0.7871.128 Mobile Safari/537.36 (compatible; GoogleOther)"
198.177.124.148 - - [22/Jul/2026:19:10:08 +0000] "POST /wp-cron.php?doing_wp_cron=1784747408.4090330600738525390625 HTTP/1.1" 200 - "-" "WordPress/7.0.2; https://salemconcept.shop"
66.249.77.2 - - [22/Jul/2026:19:10:04 +0000] "GET /robots.txt HTTP/1.1" 200 118 "-" "Mozilla/5.0 (compatible; Googlebot/2.1; +http://www.google.com/bot.html)"
66.249.77.2 - - [22/Jul/2026:19:10:04 +0000] "GET /?h=878359670 HTTP/1.1" 200 96377 "-" "Mozilla/5.0 (Linux; Android 6.0.1; Nexus 5X Build/MMB29P) AppleWebKit/537.36 (KHTML, like Gecko) Chrome/150.0.7871.128 Mobile Safari/537.36 (compatible; GoogleOther)"
198.177.124.148 - - [22/Jul/2026:19:11:48 +0000] "POST /wp-cron.php?doing_wp_cron=1784747508.3882529735565185546875 HTTP/1.1" 200 - "-" "WordPress/7.0.2; https://salemconcept.shop"
172.233.88.70 - - [22/Jul/2026:19:11:47 +0000] "POST /wp-login.php HTTP/1.1" 200 5127 "-" "Mozilla/5.0"
66.249.77.1 - - [22/Jul/2026:19:12:05 +0000] "GET /?l=10697163697 HTTP/1.1" 200 96377 "-" "Mozilla/5.0 (Linux; Android 6.0.1; Nexus 5X Build/MMB29P) AppleWebKit/537.36 (KHTML, like Gecko) Chrome/150.0.7871.128 Mobile Safari/537.36 (compatible; GoogleOther)"
66.249.77.2 - - [22/Jul/2026:19:12:05 +0000] "GET /robots.txt HTTP/1.1" 200 118 "-" "Mozilla/5.0 (compatible; Googlebot/2.1; +http://www.google.com/bot.html)"
66.249.77.1 - - [22/Jul/2026:19:14:19 +0000] "GET /robots.txt HTTP/1.1" 200 118 "-" "Mozilla/5.0 (compatible; Googlebot/2.1; +http://www.google.com/bot.html)"
66.249.77.1 - - [22/Jul/2026:19:15:08 +0000] "GET /?l=10697240983 HTTP/1.1" 200 96377 "-" "Mozilla/5.0 (Linux; Android 6.0.1; Nexus 5X Build/MMB29P) AppleWebKit/537.36 (KHTML, like Gecko) Chrome/150.0.7871.128 Mobile Safari/537.36 (compatible; GoogleOther)"
198.177.124.148 - - [22/Jul/2026:19:17:01 +0000] "POST /wp-cron.php?doing_wp_cron=1784747820.7175700664520263671875 HTTP/1.1" 200 - "-" "WordPress/7.0.2; https://salemconcept.shop"
172.233.88.70 - - [22/Jul/2026:19:16:59 +0000] "POST /wp-login.php HTTP/1.1" 200 5127 "-" "Mozilla/5.0"
66.249.77.1 - - [22/Jul/2026:19:17:44 +0000] "GET /robots.txt HTTP/1.1" 200 118 "-" "Mozilla/5.0 (compatible; Googlebot/2.1; +http://www.google.com/bot.html)"
198.177.124.148 - - [22/Jul/2026:19:18:30 +0000] "POST /wp-cron.php?doing_wp_cron=1784747909.9236769676208496093750 HTTP/1.1" 200 - "-" "WordPress/7.0.2; https://salemconcept.shop"
66.249.77.2 - - [22/Jul/2026:19:18:28 +0000] "GET /?r=36261246490 HTTP/1.1" 200 96377 "-" "Mozilla/5.0 (Linux; Android 6.0.1; Nexus 5X Build/MMB29P) AppleWebKit/537.36 (KHTML, like Gecko) Chrome/150.0.7871.128 Mobile Safari/537.36 (compatible; Googlebot/2.1; +http://www.google.com/bot.html)"
66.249.77.3 - - [22/Jul/2026:19:18:32 +0000] "GET /?j=8848727176 HTTP/1.1" 200 96377 "-" "Mozilla/5.0 (Linux; Android 6.0.1; Nexus 5X Build/MMB29P) AppleWebKit/537.36 (KHTML, like Gecko) Chrome/150.0.7871.128 Mobile Safari/537.36 (compatible; GoogleOther)"
172.233.88.70 - - [22/Jul/2026:19:22:20 +0000] "POST /wp-login.php HTTP/1.1" 200 5127 "-" "Mozilla/5.0"
172.233.88.70 - - [22/Jul/2026:19:27:49 +0000] "POST /wp-login.php HTTP/1.1" 200 5127 "-" "Mozilla/5.0"
35.231.101.231 - - [22/Jul/2026:19:29:43 +0000] "GET /wp-login.php HTTP/1.1" 200 4715 "-" "Mozilla/5.0 (Windows NT 10.0; Win64; x64) AppleWebKit/537.36 (KHTML, like Gecko) HeadlessChrome/150.0.0.0 Safari/537.36"
35.231.101.231 - - [22/Jul/2026:19:29:44 +0000] "GET /wp-admin/load-styles.php?c=0&dir=ltr&load%5Bchunk_0%5D=dashicons,buttons,forms,l10n,wp-base-styles,login&ver=7.0.2 HTTP/1.1" 200 111601 "https://salemconcept.shop/wp-login.php" "Mozilla/5.0 (Windows NT 10.0; Win64; x64) AppleWebKit/537.36 (KHTML, like Gecko) HeadlessChrome/150.0.0.0 Safari/537.36"
35.231.101.231 - - [22/Jul/2026:19:29:44 +0000] "GET /wp-admin/load-scripts.php?c=0&load%5Bchunk_0%5D=clipboard,jquery-core,jquery-migrate,zxcvbn-async,wp-hooks&ver=7.0.2 HTTP/1.1" 200 115545 "https://salemconcept.shop/wp-login.php" "Mozilla/5.0 (Windows NT 10.0; Win64; x64) AppleWebKit/537.36 (KHTML, like Gecko) HeadlessChrome/150.0.0.0 Safari/537.36"
35.231.101.231 - - [22/Jul/2026:19:29:45 +0000] "GET /wp-includes/js/dist/i18n.min.js?ver=781d11515ad3d91786ec HTTP/1.1" 200 5732 "https://salemconcept.shop/wp-login.php" "Mozilla/5.0 (Windows NT 10.0; Win64; x64) AppleWebKit/537.36 (KHTML, like Gecko) HeadlessChrome/150.0.0.0 Safari/537.36"
35.231.101.231 - - [22/Jul/2026:19:29:45 +0000] "GET /wp-admin/js/password-strength-meter.min.js?ver=7.0.2 HTTP/1.1" 200 1123 "https://salemconcept.shop/wp-login.php" "Mozilla/5.0 (Windows NT 10.0; Win64; x64) AppleWebKit/537.36 (KHTML, like Gecko) HeadlessChrome/150.0.0.0 Safari/537.36"
35.231.101.231 - - [22/Jul/2026:19:29:45 +0000] "GET /wp-includes/js/underscore.min.js?ver=1.13.8 HTTP/1.1" 200 19012 "https://salemconcept.shop/wp-login.php" "Mozilla/5.0 (Windows NT 10.0; Win64; x64) AppleWebKit/537.36 (KHTML, like Gecko) HeadlessChrome/150.0.0.0 Safari/537.36"
35.231.101.231 - - [22/Jul/2026:19:29:45 +0000] "GET /wp-includes/js/wp-util.min.js?ver=7.0.2 HTTP/1.1" 200 1431 "https://salemconcept.shop/wp-login.php" "Mozilla/5.0 (Windows NT 10.0; Win64; x64) AppleWebKit/537.36 (KHTML, like Gecko) HeadlessChrome/150.0.0.0 Safari/537.36"
66.249.77.3 - - [22/Jul/2026:19:37:41 +0000] "GET /?j=88487103562 HTTP/1.1" 200 96377 "-" "Mozilla/5.0 (Linux; Android 6.0.1; Nexus 5X Build/MMB29P) AppleWebKit/537.36 (KHTML, like Gecko) Chrome/150.0.7871.128 Mobile Safari/537.36 (compatible; GoogleOther)"
66.249.77.3 - - [22/Jul/2026:19:41:26 +0000] "GET /?l=10697216427 HTTP/1.1" 200 96377 "-" "Mozilla/5.0 (Linux; Android 6.0.1; Nexus 5X Build/MMB29P) AppleWebKit/537.36 (KHTML, like Gecko) Chrome/150.0.7871.128 Mobile Safari/537.36 (compatible; Googlebot/2.1; +http://www.google.com/bot.html)"
172.233.88.70 - - [22/Jul/2026:19:43:26 +0000] "POST /wp-login.php HTTP/1.1" 200 5127 "-" "Mozilla/5.0"
129.227.238.163 - - [22/Jul/2026:19:54:32 +0000] "POST /wp-login.php HTTP/1.1" 200 5127 "-" "Mozilla/5.0"
172.233.88.70 - - [22/Jul/2026:19:54:36 +0000] "POST /wp-login.php HTTP/1.1" 200 5127 "-" "Mozilla/5.0"
198.177.124.148 - - [22/Jul/2026:19:59:16 +0000] "POST /wp-cron.php?doing_wp_cron=1784750356.2359509468078613281250 HTTP/1.1" 200 - "-" "WordPress/7.0.2; https://salemconcept.shop"
66.249.77.3 - - [22/Jul/2026:19:59:14 +0000] "GET /?r=36261154348 HTTP/1.1" 200 96377 "-" "Mozilla/5.0 (Linux; Android 6.0.1; Nexus 5X Build/MMB29P) AppleWebKit/537.36 (KHTML, like Gecko) Chrome/150.0.7871.128 Mobile Safari/537.36 (compatible; Googlebot/2.1; +http://www.google.com/bot.html)"
172.233.88.70 - - [22/Jul/2026:19:59:43 +0000] "POST /wp-login.php HTTP/1.1" 200 5127 "-" "Mozilla/5.0"
198.177.124.148 - - [22/Jul/2026:20:00:31 +0000] "POST /wp-cron.php?doing_wp_cron=1784750431.5037109851837158203125 HTTP/1.1" 200 - "-" "WordPress/7.0.2; https://salemconcept.shop"
129.227.238.163 - - [22/Jul/2026:20:00:30 +0000] "POST /wp-login.php HTTP/1.1" 200 5127 "-" "Mozilla/5.0"
198.177.124.148 - - [22/Jul/2026:20:07:30 +0000] "POST /wp-cron.php?doing_wp_cron=1784750850.5422699451446533203125 HTTP/1.1" 200 - "-" "WordPress/7.0.2; https://salemconcept.shop"
129.227.238.163 - - [22/Jul/2026:20:07:29 +0000] "POST /wp-login.php HTTP/1.1" 200 5127 "-" "Mozilla/5.0"
198.177.124.148 - - [22/Jul/2026:20:08:01 +0000] "POST /wp-cron.php?doing_wp_cron=1784750881.4456400871276855468750 HTTP/1.1" 200 - "-" "WordPress/7.0.2; https://salemconcept.shop"
144.172.104.129 - - [22/Jul/2026:20:08:00 +0000] "GET / HTTP/1.1" 200 96377 "https://salemconcept.shop/" "Mozilla/5.0 (Windows NT 10.0; Win64; x64) AppleWebKit/537.36 (KHTML, like Gecko) Chrome/131.0.0.0 Safari/537.36"
144.172.104.129 - - [22/Jul/2026:20:08:01 +0000] "POST /wp-json/batch/v1 HTTP/1.1" 207 16 "https://salemconcept.shop/" "Mozilla/5.0 (Windows NT 10.0; Win64; x64) AppleWebKit/537.36 (KHTML, like Gecko) Chrome/131.0.0.0 Safari/537.36"
144.172.104.129 - - [22/Jul/2026:20:08:02 +0000] "POST /wp-json/batch/v1 HTTP/1.1" 207 634 "https://salemconcept.shop/" "Mozilla/5.0 (Windows NT 10.0; Win64; x64) AppleWebKit/537.36 (KHTML, like Gecko) Chrome/131.0.0.0 Safari/537.36"
144.172.104.129 - - [22/Jul/2026:20:08:03 +0000] "POST /wp-json/batch/v1 HTTP/1.1" 207 478 "https://salemconcept.shop/" "Mozilla/5.0 (Windows NT 10.0; Win64; x64) AppleWebKit/537.36 (KHTML, like Gecko) Chrome/131.0.0.0 Safari/537.36"
144.172.104.129 - - [22/Jul/2026:20:08:04 +0000] "POST /wp-json/batch/v1 HTTP/1.1" 207 478 "https://salemconcept.shop/" "Mozilla/5.0 (Windows NT 10.0; Win64; x64) AppleWebKit/537.36 (KHTML, like Gecko) Chrome/131.0.0.0 Safari/537.36"
144.172.104.129 - - [22/Jul/2026:20:08:05 +0000] "POST /wp-json/batch/v1 HTTP/1.1" 207 478 "https://salemconcept.shop/" "Mozilla/5.0 (Windows NT 10.0; Win64; x64) AppleWebKit/537.36 (KHTML, like Gecko) Chrome/131.0.0.0 Safari/537.36"
144.172.104.129 - - [22/Jul/2026:20:08:56 +0000] "POST /wp-json/batch/v1 HTTP/1.1" 207 16 "https://salemconcept.shop/" "Mozilla/5.0 (Windows NT 10.0; Win64; x64) AppleWebKit/537.36 (KHTML, like Gecko) Chrome/131.0.0.0 Safari/537.36"
144.172.104.129 - - [22/Jul/2026:20:08:57 +0000] "POST /wp-json/batch/v1 HTTP/1.1" 207 634 "https://salemconcept.shop/" "Mozilla/5.0 (Windows NT 10.0; Win64; x64) AppleWebKit/537.36 (KHTML, like Gecko) Chrome/131.0.0.0 Safari/537.36"
144.172.104.129 - - [22/Jul/2026:20:08:58 +0000] "POST /wp-json/batch/v1 HTTP/1.1" 207 478 "https://salemconcept.shop/" "Mozilla/5.0 (Windows NT 10.0; Win64; x64) AppleWebKit/537.36 (KHTML, like Gecko) Chrome/131.0.0.0 Safari/537.36"
198.177.124.148 - - [22/Jul/2026:20:08:59 +0000] "POST /wp-cron.php?doing_wp_cron=1784750939.3963680267333984375000 HTTP/1.1" 200 - "-" "WordPress/7.0.2; https://salemconcept.shop"
144.172.104.129 - - [22/Jul/2026:20:08:58 +0000] "POST /wp-json/batch/v1 HTTP/1.1" 207 478 "https://salemconcept.shop/" "Mozilla/5.0 (Windows NT 10.0; Win64; x64) AppleWebKit/537.36 (KHTML, like Gecko) Chrome/131.0.0.0 Safari/537.36"
144.172.104.129 - - [22/Jul/2026:20:08:59 +0000] "POST /wp-json/batch/v1 HTTP/1.1" 207 478 "https://salemconcept.shop/" "Mozilla/5.0 (Windows NT 10.0; Win64; x64) AppleWebKit/537.36 (KHTML, like Gecko) Chrome/131.0.0.0 Safari/537.36"
198.177.124.148 - - [22/Jul/2026:20:14:46 +0000] "POST /wp-cron.php?doing_wp_cron=1784751286.7017979621887207031250 HTTP/1.1" 200 - "-" "WordPress/7.0.2; https://salemconcept.shop"
129.227.238.163 - - [22/Jul/2026:20:14:44 +0000] "POST /wp-login.php HTTP/1.1" 200 5127 "-" "Mozilla/5.0"
198.177.124.148 - - [22/Jul/2026:20:22:01 +0000] "POST /wp-cron.php?doing_wp_cron=1784751721.3289170265197753906250 HTTP/1.1" 200 - "-" "WordPress/7.0.2; https://salemconcept.shop"
66.249.77.2 - - [22/Jul/2026:20:22:00 +0000] "GET /robots.txt HTTP/1.1" 200 118 "-" "Mozilla/5.0 (compatible; Googlebot/2.1; +http://www.google.com/bot.html)"
66.249.77.3 - - [22/Jul/2026:20:22:02 +0000] "GET /?x=65569264078 HTTP/1.1" 200 96377 "-" "Mozilla/5.0 (Linux; Android 6.0.1; Nexus 5X Build/MMB29P) AppleWebKit/537.36 (KHTML, like Gecko) Chrome/150.0.7871.128 Mobile Safari/537.36 (compatible; GoogleOther)"
129.227.238.163 - - [22/Jul/2026:20:22:30 +0000] "POST /wp-login.php HTTP/1.1" 200 5127 "-" "Mozilla/5.0"
198.177.124.148 - - [22/Jul/2026:20:24:36 +0000] "POST /wp-cron.php?doing_wp_cron=1784751876.1057550907135009765625 HTTP/1.1" 200 - "-" "WordPress/7.0.2; https://salemconcept.shop"
66.249.77.3 - - [22/Jul/2026:20:24:32 +0000] "GET /robots.txt HTTP/1.1" 200 118 "-" "Mozilla/5.0 (compatible; Googlebot/2.1; +http://www.google.com/bot.html)"
66.249.77.3 - - [22/Jul/2026:20:24:32 +0000] "GET /?l=10697227046 HTTP/1.1" 200 96377 "-" "Mozilla/5.0 (Linux; Android 6.0.1; Nexus 5X Build/MMB29P) AppleWebKit/537.36 (KHTML, like Gecko) Chrome/150.0.7871.128 Mobile Safari/537.36 (compatible; Googlebot/2.1; +http://www.google.com/bot.html)"
198.177.124.148 - - [22/Jul/2026:20:26:19 +0000] "POST /wp-cron.php?doing_wp_cron=1784751979.0779049396514892578125 HTTP/1.1" 200 - "-" "WordPress/7.0.2; https://salemconcept.shop"
66.249.77.3 - - [22/Jul/2026:20:26:17 +0000] "GET /robots.txt HTTP/1.1" 200 118 "-" "Mozilla/5.0 (compatible; Googlebot/2.1; +http://www.google.com/bot.html)"
66.249.77.1 - - [22/Jul/2026:20:26:44 +0000] "GET /?j=88487172706 HTTP/1.1" 200 96377 "-" "Mozilla/5.0 (Linux; Android 6.0.1; Nexus 5X Build/MMB29P) AppleWebKit/537.36 (KHTML, like Gecko) Chrome/150.0.7871.128 Mobile Safari/537.36 (compatible; GoogleOther)"
198.177.124.148 - - [22/Jul/2026:20:27:25 +0000] "POST /wp-cron.php?doing_wp_cron=1784752045.4176371097564697265625 HTTP/1.1" 200 - "-" "WordPress/7.0.2; https://salemconcept.shop"
66.249.77.1 - - [22/Jul/2026:20:27:24 +0000] "GET /robots.txt HTTP/1.1" 200 118 "-" "Mozilla/5.0 (compatible; Googlebot/2.1; +http://www.google.com/bot.html)"
198.177.124.148 - - [22/Jul/2026:20:27:51 +0000] "POST /wp-cron.php?doing_wp_cron=1784752071.0935308933258056640625 HTTP/1.1" 200 - "-" "WordPress/7.0.2; https://salemconcept.shop"
66.249.77.2 - - [22/Jul/2026:20:27:50 +0000] "GET /?q=59868139708 HTTP/1.1" 200 96377 "-" "Mozilla/5.0 (Linux; Android 6.0.1; Nexus 5X Build/MMB29P) AppleWebKit/537.36 (KHTML, like Gecko) Chrome/150.0.7871.128 Mobile Safari/537.36 (compatible; GoogleOther)"
66.249.77.1 - - [22/Jul/2026:20:28:37 +0000] "GET /robots.txt HTTP/1.1" 200 118 "-" "Mozilla/5.0 (compatible; Googlebot/2.1; +http://www.google.com/bot.html)"
66.249.77.1 - - [22/Jul/2026:20:28:37 +0000] "GET /?l=10697226827 HTTP/1.1" 200 96377 "-" "Mozilla/5.0 (Linux; Android 6.0.1; Nexus 5X Build/MMB29P) AppleWebKit/537.36 (KHTML, like Gecko) Chrome/150.0.7871.128 Mobile Safari/537.36 (compatible; Googlebot/2.1; +http://www.google.com/bot.html)"
198.177.124.148 - - [22/Jul/2026:20:30:16 +0000] "POST /wp-cron.php?doing_wp_cron=1784752216.5387818813323974609375 HTTP/1.1" 200 - "-" "WordPress/7.0.2; https://salemconcept.shop"
129.227.238.163 - - [22/Jul/2026:20:30:13 +0000] "POST /wp-login.php HTTP/1.1" 200 5127 "-" "Mozilla/5.0"
198.177.124.148 - - [22/Jul/2026:20:32:02 +0000] "POST /wp-cron.php?doing_wp_cron=1784752322.9510109424591064453125 HTTP/1.1" 200 - "-" "WordPress/7.0.2; https://salemconcept.shop"
66.249.77.1 - - [22/Jul/2026:20:32:01 +0000] "GET /robots.txt HTTP/1.1" 200 118 "-" "Mozilla/5.0 (compatible; Googlebot/2.1; +http://www.google.com/bot.html)"
66.249.77.2 - - [22/Jul/2026:20:32:06 +0000] "GET /?x=65569257675 HTTP/1.1" 200 96377 "-" "Mozilla/5.0 (Linux; Android 6.0.1; Nexus 5X Build/MMB29P) AppleWebKit/537.36 (KHTML, like Gecko) Chrome/150.0.7871.128 Mobile Safari/537.36 (compatible; GoogleOther)"
198.177.124.148 - - [22/Jul/2026:20:33:49 +0000] "POST /wp-cron.php?doing_wp_cron=1784752428.9833209514617919921875 HTTP/1.1" 200 - "-" "WordPress/7.0.2; https://salemconcept.shop"
66.249.77.1 - - [22/Jul/2026:20:33:47 +0000] "GET /robots.txt HTTP/1.1" 200 118 "-" "Mozilla/5.0 (compatible; Googlebot/2.1; +http://www.google.com/bot.html)"
198.177.124.148 - - [22/Jul/2026:20:34:51 +0000] "POST /wp-cron.php?doing_wp_cron=1784752491.6698319911956787109375 HTTP/1.1" 200 - "-" "WordPress/7.0.2; https://salemconcept.shop"
66.249.77.2 - - [22/Jul/2026:20:34:49 +0000] "GET /?x=65569167242 HTTP/1.1" 200 96377 "-" "Mozilla/5.0 (Linux; Android 6.0.1; Nexus 5X Build/MMB29P) AppleWebKit/537.36 (KHTML, like Gecko) Chrome/150.0.7871.128 Mobile Safari/537.36 (compatible; GoogleOther)"
66.249.77.2 - - [22/Jul/2026:20:35:13 +0000] "GET /?j=88487171054 HTTP/1.1" 200 96377 "-" "Mozilla/5.0 (Linux; Android 6.0.1; Nexus 5X Build/MMB29P) AppleWebKit/537.36 (KHTML, like Gecko) Chrome/150.0.7871.128 Mobile Safari/537.36 (compatible; GoogleOther)"
198.177.124.148 - - [22/Jul/2026:20:37:57 +0000] "POST /wp-cron.php?doing_wp_cron=1784752677.7551679611206054687500 HTTP/1.1" 200 - "-" "WordPress/7.0.2; https://salemconcept.shop"
129.227.238.163 - - [22/Jul/2026:20:37:55 +0000] "POST /wp-login.php HTTP/1.1" 200 5127 "-" "Mozilla/5.0"
66.249.77.2 - - [22/Jul/2026:20:38:40 +0000] "GET /?x=6556997061 HTTP/1.1" 200 96377 "-" "Mozilla/5.0 (Linux; Android 6.0.1; Nexus 5X Build/MMB29P) AppleWebKit/537.36 (KHTML, like Gecko) Chrome/150.0.7871.128 Mobile Safari/537.36 (compatible; GoogleOther)"
198.177.124.148 - - [22/Jul/2026:20:45:49 +0000] "POST /wp-cron.php?doing_wp_cron=1784753149.2950639724731445312500 HTTP/1.1" 200 - "-" "WordPress/7.0.2; https://salemconcept.shop"
129.227.238.163 - - [22/Jul/2026:20:45:47 +0000] "POST /wp-login.php HTTP/1.1" 200 5127 "-" "Mozilla/5.0"
66.249.77.1 - - [22/Jul/2026:20:46:10 +0000] "GET /?j=8848764891 HTTP/1.1" 200 96377 "-" "Mozilla/5.0 (Linux; Android 6.0.1; Nexus 5X Build/MMB29P) AppleWebKit/537.36 (KHTML, like Gecko) Chrome/150.0.7871.128 Mobile Safari/537.36 (compatible; GoogleOther)"
198.177.124.148 - - [22/Jul/2026:20:48:20 +0000] "POST /wp-cron.php?doing_wp_cron=1784753300.6653149127960205078125 HTTP/1.1" 200 - "-" "WordPress/7.0.2; https://salemconcept.shop"
66.249.77.3 - - [22/Jul/2026:20:48:18 +0000] "GET /?o=71046149804 HTTP/1.1" 200 96377 "-" "Mozilla/5.0 (Linux; Android 6.0.1; Nexus 5X Build/MMB29P) AppleWebKit/537.36 (KHTML, like Gecko) Chrome/150.0.7871.128 Mobile Safari/537.36 (compatible; GoogleOther)"
198.177.124.148 - - [22/Jul/2026:20:52:13 +0000] "POST /wp-cron.php?doing_wp_cron=1784753533.5520100593566894531250 HTTP/1.1" 200 - "-" "WordPress/7.0.2; https://salemconcept.shop"
66.249.77.3 - - [22/Jul/2026:20:52:11 +0000] "GET /?l=10697270361 HTTP/1.1" 200 96377 "-" "Mozilla/5.0 (Linux; Android 6.0.1; Nexus 5X Build/MMB29P) AppleWebKit/537.36 (KHTML, like Gecko) Chrome/150.0.7871.128 Mobile Safari/537.36 (compatible; GoogleOther)"
198.177.124.148 - - [22/Jul/2026:20:53:32 +0000] "POST /wp-cron.php?doing_wp_cron=1784753612.0744268894195556640625 HTTP/1.1" 200 - "-" "WordPress/7.0.2; https://salemconcept.shop"
109.243.146.23 - - [22/Jul/2026:20:53:29 +0000] "GET / HTTP/1.1" 200 96377 "-" "Mozilla/5.0 AppleWebKit/537.36 (KHTML, like Gecko; compatible; Googlebot/2.1; +https://www.google.com/bot.html) Safari/537.36"
129.227.238.163 - - [22/Jul/2026:20:53:40 +0000] "POST /wp-login.php HTTP/1.1" 200 5127 "-" "Mozilla/5.0"
198.177.124.148 - - [22/Jul/2026:20:56:36 +0000] "POST /wp-cron.php?doing_wp_cron=1784753796.1127040386199951171875 HTTP/1.1" 200 - "-" "WordPress/7.0.2; https://salemconcept.shop"
66.249.77.3 - - [22/Jul/2026:20:56:34 +0000] "GET /?j=88487134560 HTTP/1.1" 200 96377 "-" "Mozilla/5.0 (Linux; Android 6.0.1; Nexus 5X Build/MMB29P) AppleWebKit/537.36 (KHTML, like Gecko) Chrome/150.0.7871.128 Mobile Safari/537.36 (compatible; GoogleOther)"
198.177.124.148 - - [22/Jul/2026:21:01:32 +0000] "POST /wp-cron.php?doing_wp_cron=1784754092.1817550659179687500000 HTTP/1.1" 200 - "-" "WordPress/7.0.2; https://salemconcept.shop"
129.227.238.163 - - [22/Jul/2026:21:01:30 +0000] "POST /wp-login.php HTTP/1.1" 200 5127 "-" "Mozilla/5.0"
198.177.124.148 - - [22/Jul/2026:21:09:23 +0000] "POST /wp-cron.php?doing_wp_cron=1784754563.0238571166992187500000 HTTP/1.1" 200 - "-" "WordPress/7.0.2; https://salemconcept.shop"
129.227.238.163 - - [22/Jul/2026:21:09:19 +0000] "POST /wp-login.php HTTP/1.1" 200 5127 "-" "Mozilla/5.0"
198.177.124.148 - - [22/Jul/2026:21:11:03 +0000] "POST /wp-cron.php?doing_wp_cron=1784754663.5667109489440917968750 HTTP/1.1" 200 - "-" "WordPress/7.0.2; https://salemconcept.shop"
66.249.77.1 - - [22/Jul/2026:21:11:00 +0000] "GET /?x=65569182066 HTTP/1.1" 200 96377 "-" "Mozilla/5.0 (Linux; Android 6.0.1; Nexus 5X Build/MMB29P) AppleWebKit/537.36 (KHTML, like Gecko) Chrome/150.0.7871.128 Mobile Safari/537.36 (compatible; Googlebot/2.1; +http://www.google.com/bot.html)"
66.249.77.2 - - [22/Jul/2026:21:11:10 +0000] "GET /?j=8848799362 HTTP/1.1" 200 96377 "-" "Mozilla/5.0 (Linux; Android 6.0.1; Nexus 5X Build/MMB29P) AppleWebKit/537.36 (KHTML, like Gecko) Chrome/150.0.7871.128 Mobile Safari/537.36 (compatible; GoogleOther)"
66.249.77.1 - - [22/Jul/2026:21:11:20 +0000] "GET /?j=88487141905 HTTP/1.1" 200 96377 "-" "Mozilla/5.0 (Linux; Android 6.0.1; Nexus 5X Build/MMB29P) AppleWebKit/537.36 (KHTML, like Gecko) Chrome/150.0.7871.128 Mobile Safari/537.36 (compatible; GoogleOther)"
198.177.124.148 - - [22/Jul/2026:21:11:51 +0000] "POST /wp-cron.php?doing_wp_cron=1784754711.8415009975433349609375 HTTP/1.1" 200 - "-" "WordPress/7.0.2; https://salemconcept.shop"
66.249.77.1 - - [22/Jul/2026:21:11:49 +0000] "GET /?j=884872944 HTTP/1.1" 200 96377 "-" "Mozilla/5.0 (Linux; Android 6.0.1; Nexus 5X Build/MMB29P) AppleWebKit/537.36 (KHTML, like Gecko) Chrome/150.0.7871.128 Mobile Safari/537.36 (compatible; GoogleOther)"
66.249.77.3 - - [22/Jul/2026:21:12:05 +0000] "GET /?x=65569290462 HTTP/1.1" 200 96377 "-" "Mozilla/5.0 (Linux; Android 6.0.1; Nexus 5X Build/MMB29P) AppleWebKit/537.36 (KHTML, like Gecko) Chrome/150.0.7871.128 Mobile Safari/537.36 (compatible; GoogleOther)"
66.249.77.1 - - [22/Jul/2026:21:12:27 +0000] "GET /?j=88487100485 HTTP/1.1" 200 96377 "-" "Mozilla/5.0 (Linux; Android 6.0.1; Nexus 5X Build/MMB29P) AppleWebKit/537.36 (KHTML, like Gecko) Chrome/150.0.7871.128 Mobile Safari/537.36 (compatible; GoogleOther)"
66.249.77.1 - - [22/Jul/2026:21:12:44 +0000] "GET /?j=8848756594 HTTP/1.1" 200 96377 "-" "Mozilla/5.0 (Linux; Android 6.0.1; Nexus 5X Build/MMB29P) AppleWebKit/537.36 (KHTML, like Gecko) Chrome/150.0.7871.128 Mobile Safari/537.36 (compatible; GoogleOther)"
198.177.124.148 - - [22/Jul/2026:21:13:07 +0000] "POST /wp-cron.php?doing_wp_cron=1784754787.6959280967712402343750 HTTP/1.1" 200 - "-" "WordPress/7.0.2; https://salemconcept.shop"
66.249.77.3 - - [22/Jul/2026:21:13:04 +0000] "GET /?j=88487229294 HTTP/1.1" 200 96377 "-" "Mozilla/5.0 (Linux; Android 6.0.1; Nexus 5X Build/MMB29P) AppleWebKit/537.36 (KHTML, like Gecko) Chrome/150.0.7871.128 Mobile Safari/537.36 (compatible; GoogleOther)"
66.249.77.1 - - [22/Jul/2026:21:13:26 +0000] "GET /?j=88487151745 HTTP/1.1" 200 96377 "-" "Mozilla/5.0 (Linux; Android 6.0.1; Nexus 5X Build/MMB29P) AppleWebKit/537.36 (KHTML, like Gecko) Chrome/150.0.7871.128 Mobile Safari/537.36 (compatible; GoogleOther)"
198.177.124.148 - - [22/Jul/2026:21:14:57 +0000] "POST /wp-cron.php?doing_wp_cron=1784754897.7994630336761474609375 HTTP/1.1" 200 - "-" "WordPress/7.0.2; https://salemconcept.shop"
66.249.77.3 - - [22/Jul/2026:21:14:53 +0000] "GET /?j=88487236908 HTTP/1.1" 200 96377 "-" "Mozilla/5.0 (Linux; Android 6.0.1; Nexus 5X Build/MMB29P) AppleWebKit/537.36 (KHTML, like Gecko) Chrome/150.0.7871.128 Mobile Safari/537.36 (compatible; GoogleOther)"
66.249.77.1 - - [22/Jul/2026:21:15:11 +0000] "GET /?j=88487248243 HTTP/1.1" 200 96377 "-" "Mozilla/5.0 (Linux; Android 6.0.1; Nexus 5X Build/MMB29P) AppleWebKit/537.36 (KHTML, like Gecko) Chrome/150.0.7871.128 Mobile Safari/537.36 (compatible; GoogleOther)"
198.177.124.148 - - [22/Jul/2026:21:17:07 +0000] "POST /wp-cron.php?doing_wp_cron=1784755027.1374928951263427734375 HTTP/1.1" 200 - "-" "WordPress/7.0.2; https://salemconcept.shop"
129.227.238.163 - - [22/Jul/2026:21:17:04 +0000] "POST /wp-login.php HTTP/1.1" 200 5127 "-" "Mozilla/5.0"
66.249.77.3 - - [22/Jul/2026:21:17:17 +0000] "GET /?j=8848731238 HTTP/1.1" 200 96377 "-" "Mozilla/5.0 (Linux; Android 6.0.1; Nexus 5X Build/MMB29P) AppleWebKit/537.36 (KHTML, like Gecko) Chrome/150.0.7871.128 Mobile Safari/537.36 (compatible; GoogleOther)"
198.177.124.148 - - [22/Jul/2026:21:19:01 +0000] "POST /wp-cron.php?doing_wp_cron=1784755141.6947009563446044921875 HTTP/1.1" 200 - "-" "WordPress/7.0.2; https://salemconcept.shop"
66.249.77.2 - - [22/Jul/2026:21:18:57 +0000] "GET /?x=65569290166 HTTP/1.1" 200 96377 "-" "Mozilla/5.0 (Linux; Android 6.0.1; Nexus 5X Build/MMB29P) AppleWebKit/537.36 (KHTML, like Gecko) Chrome/150.0.7871.128 Mobile Safari/537.36 (compatible; GoogleOther)"
198.177.124.148 - - [22/Jul/2026:21:22:29 +0000] "POST /wp-cron.php?doing_wp_cron=1784755349.1437029838562011718750 HTTP/1.1" 200 - "-" "WordPress/7.0.2; https://salemconcept.shop"
66.249.77.3 - - [22/Jul/2026:21:22:26 +0000] "GET /?x=6556976378 HTTP/1.1" 200 96377 "-" "Mozilla/5.0 (Linux; Android 6.0.1; Nexus 5X Build/MMB29P) AppleWebKit/537.36 (KHTML, like Gecko) Chrome/150.0.7871.128 Mobile Safari/537.36 (compatible; GoogleOther)"
66.249.77.2 - - [22/Jul/2026:21:22:31 +0000] "GET /wp-includes/js/dist/script-modules/block-library/navigation/view.min.js?ver=96a846e1d7b789c39ab9 HTTP/1.1" 200 3053 "https://salemconcept.shop/?x=6556976378" "Mozilla/5.0 (Linux; Android 6.0.1; Nexus 5X Build/MMB29P) AppleWebKit/537.36 (KHTML, like Gecko) Chrome/150.0.7871.128 Mobile Safari/537.36 (compatible; GoogleOther)"
198.177.124.148 - - [22/Jul/2026:21:24:38 +0000] "POST /wp-cron.php?doing_wp_cron=1784755478.6753439903259277343750 HTTP/1.1" 200 - "-" "WordPress/7.0.2; https://salemconcept.shop"
66.249.77.3 - - [22/Jul/2026:21:24:36 +0000] "GET /?l=1069715907 HTTP/1.1" 200 96377 "-" "Mozilla/5.0 (Linux; Android 6.0.1; Nexus 5X Build/MMB29P) AppleWebKit/537.36 (KHTML, like Gecko) Chrome/150.0.7871.128 Mobile Safari/537.36 (compatible; GoogleOther)"
198.177.124.148 - - [22/Jul/2026:21:25:00 +0000] "POST /wp-cron.php?doing_wp_cron=1784755500.7430880069732666015625 HTTP/1.1" 200 - "-" "WordPress/7.0.2; https://salemconcept.shop"
129.227.238.163 - - [22/Jul/2026:21:24:58 +0000] "POST /wp-login.php HTTP/1.1" 200 5127 "-" "Mozilla/5.0"
66.249.77.1 - - [22/Jul/2026:21:25:12 +0000] "GET /?l=10697112038 HTTP/1.1" 200 96377 "-" "Mozilla/5.0 (Linux; Android 6.0.1; Nexus 5X Build/MMB29P) AppleWebKit/537.36 (KHTML, like Gecko) Chrome/150.0.7871.128 Mobile Safari/537.36 (compatible; GoogleOther)"
198.177.124.148 - - [22/Jul/2026:21:26:16 +0000] "POST /wp-cron.php?doing_wp_cron=1784755576.5464680194854736328125 HTTP/1.1" 200 - "-" "WordPress/7.0.2; https://salemconcept.shop"
66.249.77.3 - - [22/Jul/2026:21:26:14 +0000] "GET /?l=10697228413 HTTP/1.1" 200 96377 "-" "Mozilla/5.0 (Linux; Android 6.0.1; Nexus 5X Build/MMB29P) AppleWebKit/537.36 (KHTML, like Gecko) Chrome/150.0.7871.128 Mobile Safari/537.36 (compatible; GoogleOther)"
198.177.124.148 - - [22/Jul/2026:21:29:40 +0000] "POST /wp-cron.php?doing_wp_cron=1784755780.6472549438476562500000 HTTP/1.1" 200 - "-" "WordPress/7.0.2; https://salemconcept.shop"
66.249.77.1 - - [22/Jul/2026:21:29:37 +0000] "GET /?j=8848746549 HTTP/1.1" 200 96377 "-" "Mozilla/5.0 (Linux; Android 6.0.1; Nexus 5X Build/MMB29P) AppleWebKit/537.36 (KHTML, like Gecko) Chrome/150.0.7871.128 Mobile Safari/537.36 (compatible; Googlebot/2.1; +http://www.google.com/bot.html)"
198.177.124.148 - - [22/Jul/2026:21:32:55 +0000] "POST /wp-cron.php?doing_wp_cron=1784755975.5347480773925781250000 HTTP/1.1" 200 - "-" "WordPress/7.0.2; https://salemconcept.shop"
129.227.238.163 - - [22/Jul/2026:21:32:53 +0000] "POST /wp-login.php HTTP/1.1" 200 5127 "-" "Mozilla/5.0"
198.177.124.148 - - [22/Jul/2026:21:34:45 +0000] "POST /wp-cron.php?doing_wp_cron=1784756085.3040199279785156250000 HTTP/1.1" 200 - "-" "WordPress/7.0.2; https://salemconcept.shop"
66.249.77.1 - - [22/Jul/2026:21:34:43 +0000] "GET /robots.txt HTTP/1.1" 200 118 "-" "Mozilla/5.0 (compatible; Googlebot/2.1; +http://www.google.com/bot.html)"
66.249.77.2 - - [22/Jul/2026:21:34:43 +0000] "GET /?r=36261230969 HTTP/1.1" 200 96377 "-" "Mozilla/5.0 (Linux; Android 6.0.1; Nexus 5X Build/MMB29P) AppleWebKit/537.36 (KHTML, like Gecko) Chrome/150.0.7871.128 Mobile Safari/537.36 (compatible; Googlebot/2.1; +http://www.google.com/bot.html)"
198.177.124.148 - - [22/Jul/2026:21:40:51 +0000] "POST /wp-cron.php?doing_wp_cron=1784756451.8007640838623046875000 HTTP/1.1" 200 - "-" "WordPress/7.0.2; https://salemconcept.shop"
129.227.238.163 - - [22/Jul/2026:21:40:50 +0000] "POST /wp-login.php HTTP/1.1" 200 5127 "-" "Mozilla/5.0"
198.177.124.148 - - [22/Jul/2026:21:48:42 +0000] "POST /wp-cron.php?doing_wp_cron=1784756922.3771319389343261718750 HTTP/1.1" 200 - "-" "WordPress/7.0.2; https://salemconcept.shop"
129.227.238.163 - - [22/Jul/2026:21:48:40 +0000] "POST /wp-login.php HTTP/1.1" 200 5127 "-" "Mozilla/5.0"
198.177.124.148 - - [22/Jul/2026:21:48:59 +0000] "POST /wp-cron.php?doing_wp_cron=1784756939.7005128860473632812500 HTTP/1.1" 200 - "-" "WordPress/7.0.2; https://salemconcept.shop"
66.249.77.1 - - [22/Jul/2026:21:48:58 +0000] "GET /?h=8783528564 HTTP/1.1" 200 96377 "-" "Mozilla/5.0 (Linux; Android 6.0.1; Nexus 5X Build/MMB29P) AppleWebKit/537.36 (KHTML, like Gecko) Chrome/150.0.7871.128 Mobile Safari/537.36 (compatible; GoogleOther)"
198.177.124.148 - - [22/Jul/2026:21:53:55 +0000] "POST /wp-cron.php?doing_wp_cron=1784757235.7717669010162353515625 HTTP/1.1" 200 - "-" "WordPress/7.0.2; https://salemconcept.shop"
66.249.77.3 - - [22/Jul/2026:21:53:54 +0000] "GET /?e=59856164366 HTTP/1.1" 200 96377 "-" "Mozilla/5.0 (Linux; Android 6.0.1; Nexus 5X Build/MMB29P) AppleWebKit/537.36 (KHTML, like Gecko) Chrome/150.0.7871.128 Mobile Safari/537.36 (compatible; GoogleOther)"
198.177.124.148 - - [22/Jul/2026:21:55:26 +0000] "POST /wp-cron.php?doing_wp_cron=1784757326.2016849517822265625000 HTTP/1.1" 200 - "-" "WordPress/7.0.2; https://salemconcept.shop"
202.125.68.151 - - [22/Jul/2026:21:55:24 +0000] "GET /wp-admin/Wp-covid19-cover.php.php HTTP/1.1" 404 81323 "-" "Mozilla/5.0 (Windows NT 10.0; Win64; x64) AppleWebKit/537.36 (KHTML, like Gecko) Chrome/150.0.0.0 Safari/537.36"
202.125.68.151 - - [22/Jul/2026:21:55:27 +0000] "GET /wp-includes/js/jquery/jquery.min.js?ver=3.7.1 HTTP/1.1" 200 87553 "https://salemconcept.shop/wp-admin/Wp-covid19-cover.php.php" "Mozilla/5.0 (Windows NT 10.0; Win64; x64) AppleWebKit/537.36 (KHTML, like Gecko) Chrome/150.0.0.0 Safari/537.36"
202.125.68.151 - - [22/Jul/2026:21:55:27 +0000] "GET /wp-includes/js/jquery/jquery-migrate.min.js?ver=3.4.1 HTTP/1.1" 200 13577 "https://salemconcept.shop/wp-admin/Wp-covid19-cover.php.php" "Mozilla/5.0 (Windows NT 10.0; Win64; x64) AppleWebKit/537.36 (KHTML, like Gecko) Chrome/150.0.0.0 Safari/537.36"
202.125.68.151 - - [22/Jul/2026:21:55:28 +0000] "GET /wp-includes/js/dist/script-modules/interactivity/index.min.js?ver=efaa5193bbad9c60ffd1 HTTP/1.1" 200 40106 "https://salemconcept.shop/wp-admin/Wp-covid19-cover.php.php" "Mozilla/5.0 (Windows NT 10.0; Win64; x64) AppleWebKit/537.36 (KHTML, like Gecko) Chrome/150.0.0.0 Safari/537.36"
202.125.68.151 - - [22/Jul/2026:21:55:28 +0000] "GET /wp-includes/js/dist/script-modules/block-library/navigation/view.min.js?ver=96a846e1d7b789c39ab9 HTTP/1.1" 200 3053 "https://salemconcept.shop/wp-admin/Wp-covid19-cover.php.php" "Mozilla/5.0 (Windows NT 10.0; Win64; x64) AppleWebKit/537.36 (KHTML, like Gecko) Chrome/150.0.0.0 Safari/537.36"
202.125.68.151 - - [22/Jul/2026:21:55:28 +0000] "GET /wp-content/plugins/pixelyoursite/dist/scripts/jquery.bind-first-0.2.3.min.js?ver=0.2.3 HTTP/1.1" 200 1317 "https://salemconcept.shop/wp-admin/Wp-covid19-cover.php.php" "Mozilla/5.0 (Windows NT 10.0; Win64; x64) AppleWebKit/537.36 (KHTML, like Gecko) Chrome/150.0.0.0 Safari/537.36"
202.125.68.151 - - [22/Jul/2026:21:55:28 +0000] "GET /wp-content/plugins/pixelyoursite/dist/scripts/js.cookie-2.1.3.min.js?ver=2.1.3 HTTP/1.1" 200 1709 "https://salemconcept.shop/wp-admin/Wp-covid19-cover.php.php" "Mozilla/5.0 (Windows NT 10.0; Win64; x64) AppleWebKit/537.36 (KHTML, like Gecko) Chrome/150.0.0.0 Safari/537.36"
202.125.68.151 - - [22/Jul/2026:21:55:28 +0000] "GET /wp-content/themes/twentytwentyfour/assets/fonts/cardo/cardo_normal_400.woff2 HTTP/1.1" 200 146060 "https://salemconcept.shop/wp-admin/Wp-covid19-cover.php.php" "Mozilla/5.0 (Windows NT 10.0; Win64; x64) AppleWebKit/537.36 (KHTML, like Gecko) Chrome/150.0.0.0 Safari/537.36"
202.125.68.151 - - [22/Jul/2026:21:55:28 +0000] "GET /wp-content/themes/twentytwentyfour/assets/fonts/inter/Inter-VariableFont_slnt,wght.woff2 HTTP/1.1" 200 326628 "https://salemconcept.shop/wp-admin/Wp-covid19-cover.php.php" "Mozilla/5.0 (Windows NT 10.0; Win64; x64) AppleWebKit/537.36 (KHTML, like Gecko) Chrome/150.0.0.0 Safari/537.36"
202.125.68.151 - - [22/Jul/2026:21:55:29 +0000] "GET /wp-content/plugins/pixelyoursite/dist/scripts/tld.min.js?ver=2.3.1 HTTP/1.1" 200 141079 "https://salemconcept.shop/wp-admin/Wp-covid19-cover.php.php" "Mozilla/5.0 (Windows NT 10.0; Win64; x64) AppleWebKit/537.36 (KHTML, like Gecko) Chrome/150.0.0.0 Safari/537.36"
202.125.68.151 - - [22/Jul/2026:21:55:29 +0000] "GET /wp-content/plugins/pixelyoursite/dist/scripts/public.js?ver=11.2.1 HTTP/1.1" 200 172979 "https://salemconcept.shop/wp-admin/Wp-covid19-cover.php.php" "Mozilla/5.0 (Windows NT 10.0; Win64; x64) AppleWebKit/537.36 (KHTML, like Gecko) Chrome/150.0.0.0 Safari/537.36"
202.125.68.151 - - [22/Jul/2026:21:55:30 +0000] "GET /wp-includes/js/wp-emoji-release.min.js?ver=7.0.2 HTTP/1.1" 200 22752 "https://salemconcept.shop/wp-admin/Wp-covid19-cover.php.php" "Mozilla/5.0 (Windows NT 10.0; Win64; x64) AppleWebKit/537.36 (KHTML, like Gecko) Chrome/150.0.0.0 Safari/537.36"
202.125.68.151 - - [22/Jul/2026:21:55:30 +0000] "GET /favicon.ico HTTP/1.1" 302 - "https://salemconcept.shop/wp-admin/Wp-covid19-cover.php.php" "Mozilla/5.0 (Windows NT 10.0; Win64; x64) AppleWebKit/537.36 (KHTML, like Gecko) Chrome/150.0.0.0 Safari/537.36"
202.125.68.151 - - [22/Jul/2026:21:55:32 +0000] "GET /wp-includes/images/w-logo-blue-white-bg.png HTTP/1.1" 200 4119 "https://salemconcept.shop/wp-admin/Wp-covid19-cover.php.php" "Mozilla/5.0 (Windows NT 10.0; Win64; x64) AppleWebKit/537.36 (KHTML, like Gecko) Chrome/150.0.0.0 Safari/537.36"
202.125.68.151 - - [22/Jul/2026:21:55:30 +0000] "GET /wp-admin/admin-ajax.php?action=pys_get_pbid HTTP/1.1" 200 1 "https://salemconcept.shop/wp-admin/Wp-covid19-cover.php.php" "Mozilla/5.0 (Windows NT 10.0; Win64; x64) AppleWebKit/537.36 (KHTML, like Gecko) Chrome/150.0.0.0 Safari/537.36"
202.125.68.151 - - [22/Jul/2026:21:55:33 +0000] "GET /wp-admin/ HTTP/1.1" 302 - "-" "Mozilla/5.0 (Windows NT 10.0; Win64; x64) AppleWebKit/537.36 (KHTML, like Gecko) Chrome/150.0.0.0 Safari/537.36"
202.125.68.151 - - [22/Jul/2026:21:55:34 +0000] "GET /wp-login.php?redirect_to=https%3A%2F%2Fsalemconcept.shop%2Fwp-admin%2F&reauth=1 HTTP/1.1" 200 4715 "-" "Mozilla/5.0 (Windows NT 10.0; Win64; x64) AppleWebKit/537.36 (KHTML, like Gecko) Chrome/150.0.0.0 Safari/537.36"
202.125.68.151 - - [22/Jul/2026:21:55:36 +0000] "GET /wp-includes/js/dist/i18n.min.js?ver=781d11515ad3d91786ec HTTP/1.1" 200 5732 "https://salemconcept.shop/wp-login.php?redirect_to=https%3A%2F%2Fsalemconcept.shop%2Fwp-admin%2F&reauth=1" "Mozilla/5.0 (Windows NT 10.0; Win64; x64) AppleWebKit/537.36 (KHTML, like Gecko) Chrome/150.0.0.0 Safari/537.36"
202.125.68.151 - - [22/Jul/2026:21:55:36 +0000] "GET /wp-admin/load-scripts.php?c=0&load%5Bchunk_0%5D=clipboard,jquery-core,jquery-migrate,zxcvbn-async,wp-hooks&ver=7.0.2 HTTP/1.1" 200 115545 "https://salemconcept.shop/wp-login.php?redirect_to=https%3A%2F%2Fsalemconcept.shop%2Fwp-admin%2F&reauth=1" "Mozilla/5.0 (Windows NT 10.0; Win64; x64) AppleWebKit/537.36 (KHTML, like Gecko) Chrome/150.0.0.0 Safari/537.36"
202.125.68.151 - - [22/Jul/2026:21:55:36 +0000] "GET /wp-admin/load-styles.php?c=0&dir=ltr&load%5Bchunk_0%5D=dashicons,buttons,forms,l10n,wp-base-styles,login&ver=7.0.2 HTTP/1.1" 200 111601 "https://salemconcept.shop/wp-login.php?redirect_to=https%3A%2F%2Fsalemconcept.shop%2Fwp-admin%2F&reauth=1" "Mozilla/5.0 (Windows NT 10.0; Win64; x64) AppleWebKit/537.36 (KHTML, like Gecko) Chrome/150.0.0.0 Safari/537.36"
202.125.68.151 - - [22/Jul/2026:21:55:36 +0000] "GET /wp-admin/js/password-strength-meter.min.js?ver=7.0.2 HTTP/1.1" 200 1123 "https://salemconcept.shop/wp-login.php?redirect_to=https%3A%2F%2Fsalemconcept.shop%2Fwp-admin%2F&reauth=1" "Mozilla/5.0 (Windows NT 10.0; Win64; x64) AppleWebKit/537.36 (KHTML, like Gecko) Chrome/150.0.0.0 Safari/537.36"
202.125.68.151 - - [22/Jul/2026:21:55:36 +0000] "GET /wp-includes/js/wp-util.min.js?ver=7.0.2 HTTP/1.1" 200 1431 "https://salemconcept.shop/wp-login.php?redirect_to=https%3A%2F%2Fsalemconcept.shop%2Fwp-admin%2F&reauth=1" "Mozilla/5.0 (Windows NT 10.0; Win64; x64) AppleWebKit/537.36 (KHTML, like Gecko) Chrome/150.0.0.0 Safari/537.36"
202.125.68.151 - - [22/Jul/2026:21:55:36 +0000] "GET /wp-includes/js/underscore.min.js?ver=1.13.8 HTTP/1.1" 200 19012 "https://salemconcept.shop/wp-login.php?redirect_to=https%3A%2F%2Fsalemconcept.shop%2Fwp-admin%2F&reauth=1" "Mozilla/5.0 (Windows NT 10.0; Win64; x64) AppleWebKit/537.36 (KHTML, like Gecko) Chrome/150.0.0.0 Safari/537.36"
202.125.68.151 - - [22/Jul/2026:21:55:37 +0000] "GET /wp-includes/js/dist/dom-ready.min.js?ver=a06281ae5cf5500e9317 HTTP/1.1" 200 818 "https://salemconcept.shop/wp-login.php?redirect_to=https%3A%2F%2Fsalemconcept.shop%2Fwp-admin%2F&reauth=1" "Mozilla/5.0 (Windows NT 10.0; Win64; x64) AppleWebKit/537.36 (KHTML, like Gecko) Chrome/150.0.0.0 Safari/537.36"
202.125.68.151 - - [22/Jul/2026:21:55:37 +0000] "GET /wp-includes/js/dist/a11y.min.js?ver=af934e5259bc51b8718e HTTP/1.1" 200 2503 "https://salemconcept.shop/wp-login.php?redirect_to=https%3A%2F%2Fsalemconcept.shop%2Fwp-admin%2F&reauth=1" "Mozilla/5.0 (Windows NT 10.0; Win64; x64) AppleWebKit/537.36 (KHTML, like Gecko) Chrome/150.0.0.0 Safari/537.36"
202.125.68.151 - - [22/Jul/2026:21:55:38 +0000] "GET /wp-admin/js/user-profile.min.js?ver=7.0.2 HTTP/1.1" 200 7997 "https://salemconcept.shop/wp-login.php?redirect_to=https%3A%2F%2Fsalemconcept.shop%2Fwp-admin%2F&reauth=1" "Mozilla/5.0 (Windows NT 10.0; Win64; x64) AppleWebKit/537.36 (KHTML, like Gecko) Chrome/150.0.0.0 Safari/537.36"
202.125.68.151 - - [22/Jul/2026:21:55:39 +0000] "GET /wp-admin/images/wordpress-logo-gray.svg?ver=20260303 HTTP/1.1" 200 1521 "https://salemconcept.shop/wp-admin/load-styles.php?c=0&dir=ltr&load%5Bchunk_0%5D=dashicons,buttons,forms,l10n,wp-base-styles,login&ver=7.0.2" "Mozilla/5.0 (Windows NT 10.0; Win64; x64) AppleWebKit/537.36 (KHTML, like Gecko) Chrome/150.0.0.0 Safari/537.36"
202.125.68.151 - - [22/Jul/2026:21:55:44 +0000] "POST /wp-login.php HTTP/1.1" 200 5145 "https://salemconcept.shop/wp-login.php?redirect_to=https%3A%2F%2Fsalemconcept.shop%2Fwp-admin%2F&reauth=1" "Mozilla/5.0 (Windows NT 10.0; Win64; x64) AppleWebKit/537.36 (KHTML, like Gecko) Chrome/150.0.0.0 Safari/537.36"
202.125.68.151 - - [22/Jul/2026:21:55:39 +0000] "GET /wp-includes/js/zxcvbn.min.js HTTP/1.1" 200 822237 "https://salemconcept.shop/wp-login.php?redirect_to=https%3A%2F%2Fsalemconcept.shop%2Fwp-admin%2F&reauth=1" "Mozilla/5.0 (Windows NT 10.0; Win64; x64) AppleWebKit/537.36 (KHTML, like Gecko) Chrome/150.0.0.0 Safari/537.36"
198.177.124.148 - - [22/Jul/2026:21:55:54 +0000] "POST /wp-cron.php?doing_wp_cron=1784757354.2891659736633300781250 HTTP/1.1" 200 - "-" "WordPress/7.0.2; https://salemconcept.shop"
202.125.68.151 - - [22/Jul/2026:21:55:53 +0000] "POST /wp-login.php HTTP/1.1" 200 5145 "https://salemconcept.shop/wp-login.php" "Mozilla/5.0 (Windows NT 10.0; Win64; x64) AppleWebKit/537.36 (KHTML, like Gecko) Chrome/150.0.0.0 Safari/537.36"
198.177.124.148 - - [22/Jul/2026:21:58:43 +0000] "POST /wp-cron.php?doing_wp_cron=1784757523.8004150390625000000000 HTTP/1.1" 200 - "-" "WordPress/7.0.2; https://salemconcept.shop"
66.249.77.2 - - [22/Jul/2026:21:58:41 +0000] "GET /?x=6556928976 HTTP/1.1" 200 96377 "-" "Mozilla/5.0 (Linux; Android 6.0.1; Nexus 5X Build/MMB29P) AppleWebKit/537.36 (KHTML, like Gecko) Chrome/150.0.7871.128 Mobile Safari/537.36 (compatible; Googlebot/2.1; +http://www.google.com/bot.html)"
198.177.124.148 - - [22/Jul/2026:21:58:49 +0000] "POST /wp-cron.php?doing_wp_cron=1784757529.9034249782562255859375 HTTP/1.1" 200 - "-" "WordPress/7.0.2; https://salemconcept.shop"
66.249.77.1 - - [22/Jul/2026:21:58:48 +0000] "GET /?u=284389762 HTTP/1.1" 200 96377 "-" "Mozilla/5.0 (Linux; Android 6.0.1; Nexus 5X Build/MMB29P) AppleWebKit/537.36 (KHTML, like Gecko) Chrome/150.0.7871.128 Mobile Safari/537.36 (compatible; Googlebot/2.1; +http://www.google.com/bot.html)"
66.249.77.1 - - [22/Jul/2026:21:58:50 +0000] "GET /?u=2843896748 HTTP/1.1" 200 96377 "-" "Mozilla/5.0 (Linux; Android 6.0.1; Nexus 5X Build/MMB29P) AppleWebKit/537.36 (KHTML, like Gecko) Chrome/150.0.7871.128 Mobile Safari/537.36 (compatible; Googlebot/2.1; +http://www.google.com/bot.html)"
66.249.77.1 - - [22/Jul/2026:21:58:54 +0000] "GET /?q=59868187495 HTTP/1.1" 200 96377 "-" "Mozilla/5.0 (Linux; Android 6.0.1; Nexus 5X Build/MMB29P) AppleWebKit/537.36 (KHTML, like Gecko) Chrome/150.0.7871.128 Mobile Safari/537.36 (compatible; Googlebot/2.1; +http://www.google.com/bot.html)"
66.249.77.1 - - [22/Jul/2026:21:58:57 +0000] "GET /?u=28438150423 HTTP/1.1" 200 96377 "-" "Mozilla/5.0 (Linux; Android 6.0.1; Nexus 5X Build/MMB29P) AppleWebKit/537.36 (KHTML, like Gecko) Chrome/150.0.7871.128 Mobile Safari/537.36 (compatible; Googlebot/2.1; +http://www.google.com/bot.html)"
66.249.77.2 - - [22/Jul/2026:21:59:05 +0000] "GET /wp-content/plugins/pixelyoursite/dist/scripts/tld.min.js?ver=2.3.1 HTTP/1.1" 200 141079 "https://salemconcept.shop/?u=28438150423" "Mozilla/5.0 (Linux; Android 6.0.1; Nexus 5X Build/MMB29P) AppleWebKit/537.36 (KHTML, like Gecko) Chrome/150.0.7871.128 Mobile Safari/537.36 (compatible; Googlebot/2.1; +http://www.google.com/bot.html)"
198.177.124.148 - - [22/Jul/2026:22:01:08 +0000] "POST /wp-cron.php?doing_wp_cron=1784757668.1721179485321044921875 HTTP/1.1" 200 - "-" "WordPress/7.0.2; https://salemconcept.shop"
66.249.77.1 - - [22/Jul/2026:22:01:04 +0000] "GET /?x=65569215231 HTTP/1.1" 200 96377 "-" "Mozilla/5.0 (Linux; Android 6.0.1; Nexus 5X Build/MMB29P) AppleWebKit/537.36 (KHTML, like Gecko) Chrome/150.0.7871.128 Mobile Safari/537.36 (compatible; Googlebot/2.1; +http://www.google.com/bot.html)"
66.249.77.1 - - [22/Jul/2026:22:01:18 +0000] "GET /?u=28438295653 HTTP/1.1" 200 96377 "-" "Mozilla/5.0 (Linux; Android 6.0.1; Nexus 5X Build/MMB29P) AppleWebKit/537.36 (KHTML, like Gecko) Chrome/150.0.7871.128 Mobile Safari/537.36 (compatible; Googlebot/2.1; +http://www.google.com/bot.html)"
198.177.124.148 - - [22/Jul/2026:22:02:41 +0000] "POST /wp-cron.php?doing_wp_cron=1784757761.2637889385223388671875 HTTP/1.1" 200 - "-" "WordPress/7.0.2; https://salemconcept.shop"
66.249.77.2 - - [22/Jul/2026:22:02:39 +0000] "GET /?u=28438199634 HTTP/1.1" 200 96377 "-" "Mozilla/5.0 (Linux; Android 6.0.1; Nexus 5X Build/MMB29P) AppleWebKit/537.36 (KHTML, like Gecko) Chrome/150.0.7871.128 Mobile Safari/537.36 (compatible; Googlebot/2.1; +http://www.google.com/bot.html)"
