104.28.159.50 - - [21/Jul/2026:16:42:55 +0000] "POST /wp-login.php HTTP/1.1" 200 5127 "-" "Mozilla/5.0 (Windows NT 10.0; WOW64) AppleWebKit/537.36 (KHTML, like Gecko) Chrome/118.0.0.0 Safari/537.36"
66.249.77.2 - - [21/Jul/2026:16:43:26 +0000] "GET /?j=88487166698 HTTP/1.1" 200 97035 "-" "Mozilla/5.0 (Linux; Android 6.0.1; Nexus 5X Build/MMB29P) AppleWebKit/537.36 (KHTML, like Gecko) Chrome/150.0.7871.128 Mobile Safari/537.36 (compatible; GoogleOther)"
104.28.159.50 - - [21/Jul/2026:16:43:38 +0000] "POST /wp-login.php HTTP/1.1" 200 5127 "-" "Mozilla/5.0 (Windows NT 10.0; Win64; x64) AppleWebKit/537.36 (KHTML, like Gecko) Chrome/124.0.0.0 Safari/537.36 Brave/1.65.0"
198.177.124.148 - - [21/Jul/2026:16:43:52 +0000] "POST /wp-cron.php?doing_wp_cron=1784652232.2319960594177246093750 HTTP/1.1" 200 - "-" "WordPress/7.0.2; https://salemconcept.shop"
223.228.77.76 - - [21/Jul/2026:16:43:50 +0000] "POST /xmlrpc.php HTTP/1.1" 200 403 "-" "Mozilla/5.0 (Linux; Android 10; arm64) AppleWebKit/537.36 (KHTML, like Gecko) Chrome/91.0.0.0 Safari/537.36"
13.60.224.18 - - [21/Jul/2026:16:44:11 +0000] "POST /wp-login.php HTTP/1.1" 200 5127 "-" "Mozilla/5.0 (Windows NT 10.0; Win64; rv:143.0) Gecko/20100101 Firefox/143.0"
66.249.77.3 - - [21/Jul/2026:16:44:21 +0000] "GET /?j=88487224006 HTTP/1.1" 200 97035 "-" "Mozilla/5.0 (Linux; Android 6.0.1; Nexus 5X Build/MMB29P) AppleWebKit/537.36 (KHTML, like Gecko) Chrome/150.0.7871.128 Mobile Safari/537.36 (compatible; GoogleOther)"
104.28.159.50 - - [21/Jul/2026:16:44:25 +0000] "POST /wp-login.php HTTP/1.1" 200 5127 "-" "Mozilla/5.0 (Macintosh; Intel Mac OS X 14_3) AppleWebKit/537.36 (KHTML, like Gecko) Chrome/125.0.0.0 Safari/537.36"
223.228.77.76 - - [21/Jul/2026:16:44:39 +0000] "POST /xmlrpc.php HTTP/1.1" 200 403 "-" "Mozilla/5.0 (Windows NT 6.3; arm64) AppleWebKit/537.36 (KHTML, like Gecko) Safari/14.0.0.0 Safari/537.36"
198.177.124.148 - - [21/Jul/2026:16:45:18 +0000] "POST /wp-cron.php?doing_wp_cron=1784652318.7921659946441650390625 HTTP/1.1" 200 - "-" "WordPress/7.0.2; https://salemconcept.shop"
104.28.159.50 - - [21/Jul/2026:16:45:14 +0000] "POST /wp-login.php HTTP/1.1" 200 5127 "-" "Mozilla/5.0 (Windows NT 11.0; Win64; x64) AppleWebKit/537.36 (KHTML, like Gecko) Chrome/125.0.0.0 Safari/537.36 Edg/125.0.0.0"
198.177.124.148 - - [21/Jul/2026:16:46:00 +0000] "POST /wp-cron.php?doing_wp_cron=1784652360.8023989200592041015625 HTTP/1.1" 200 - "-" "WordPress/7.0.2; https://salemconcept.shop"
104.28.159.50 - - [21/Jul/2026:16:45:57 +0000] "POST /wp-login.php HTTP/1.1" 200 5127 "-" "Mozilla/5.0 (X11; Linux x86_64) AppleWebKit/537.36 (KHTML, like Gecko) Chrome/125.0.0.0 Safari/537.36"
104.28.159.50 - - [21/Jul/2026:16:46:41 +0000] "POST /wp-login.php HTTP/1.1" 200 5127 "-" "Mozilla/5.0 (Windows NT 10.0; Win64; x64) AppleWebKit/537.36 (KHTML, like Gecko) Chrome/124.0.0.0 Safari/537.36"
198.177.124.148 - - [21/Jul/2026:16:47:02 +0000] "POST /wp-cron.php?doing_wp_cron=1784652422.3331580162048339843750 HTTP/1.1" 200 - "-" "WordPress/7.0.2; https://salemconcept.shop"
223.228.77.76 - - [21/Jul/2026:16:47:00 +0000] "POST /xmlrpc.php HTTP/1.1" 200 403 "-" "Mozilla/5.0 (Windows NT 6.3; arm64) AppleWebKit/537.36 (KHTML, like Gecko) Opera/64.0.0.0 Safari/537.36"
104.28.159.50 - - [21/Jul/2026:16:47:30 +0000] "POST /wp-login.php HTTP/1.1" 200 5127 "-" "Mozilla/5.0 (Windows NT 6.1; Win64; x64) AppleWebKit/537.36 (KHTML, like Gecko) Chrome/120.0.0.0 Safari/537.36"
13.60.224.18 - - [21/Jul/2026:16:47:36 +0000] "POST /wp-login.php HTTP/1.1" 200 5127 "-" "Mozilla/5.0 (Windows NT 10.0; Win64; rv:143.0) Gecko/20100101 Firefox/143.0"
66.249.77.3 - - [21/Jul/2026:16:48:02 +0000] "GET /?h=87835183832 HTTP/1.1" 200 97035 "-" "Mozilla/5.0 (Linux; Android 6.0.1; Nexus 5X Build/MMB29P) AppleWebKit/537.36 (KHTML, like Gecko) Chrome/150.0.7871.128 Mobile Safari/537.36 (compatible; GoogleOther)"
223.228.77.76 - - [21/Jul/2026:16:48:09 +0000] "POST /xmlrpc.php HTTP/1.1" 200 403 "-" "Mozilla/5.0 (X11; Ubuntu; Linux x86_64; x64) AppleWebKit/537.36 (KHTML, like Gecko) Chrome/107.0.0.0 Safari/537.36"
104.28.159.50 - - [21/Jul/2026:16:48:17 +0000] "POST /wp-login.php HTTP/1.1" 200 5127 "-" "Mozilla/5.0 (Macintosh; Intel Mac OS X 14_3) AppleWebKit/537.36 (KHTML, like Gecko) Chrome/125.0.0.0 Safari/537.36"
66.249.77.1 - - [21/Jul/2026:16:48:35 +0000] "GET /?l=10697271719 HTTP/1.1" 200 97035 "-" "Mozilla/5.0 (Linux; Android 6.0.1; Nexus 5X Build/MMB29P) AppleWebKit/537.36 (KHTML, like Gecko) Chrome/150.0.7871.128 Mobile Safari/537.36 (compatible; GoogleOther)"
198.177.124.148 - - [21/Jul/2026:16:49:12 +0000] "POST /wp-cron.php?doing_wp_cron=1784652552.7288711071014404296875 HTTP/1.1" 200 - "-" "WordPress/7.0.2; https://salemconcept.shop"
223.228.77.76 - - [21/Jul/2026:16:49:10 +0000] "POST /xmlrpc.php HTTP/1.1" 200 403 "-" "Mozilla/5.0 (Windows NT 10.0; x64) AppleWebKit/537.36 (KHTML, like Gecko) Opera/74.0.0.0 Safari/537.36"
198.177.124.148 - - [21/Jul/2026:16:50:27 +0000] "POST /wp-cron.php?doing_wp_cron=1784652627.5721681118011474609375 HTTP/1.1" 200 - "-" "WordPress/7.0.2; https://salemconcept.shop"
66.249.77.1 - - [21/Jul/2026:16:50:24 +0000] "GET /?j=88487167017 HTTP/1.1" 200 97035 "-" "Mozilla/5.0 (Linux; Android 6.0.1; Nexus 5X Build/MMB29P) AppleWebKit/537.36 (KHTML, like Gecko) Chrome/150.0.7871.128 Mobile Safari/537.36 (compatible; GoogleOther)"
198.177.124.148 - - [21/Jul/2026:16:51:06 +0000] "POST /wp-cron.php?doing_wp_cron=1784652666.6078031063079833984375 HTTP/1.1" 200 - "-" "WordPress/7.0.2; https://salemconcept.shop"
13.60.224.18 - - [21/Jul/2026:16:51:04 +0000] "POST /wp-login.php HTTP/1.1" 200 5127 "-" "Mozilla/5.0 (Windows NT 10.0; Win64; x64) AppleWebKit/537.36 Chrome/129.0.0.0 Safari/537.36"
66.249.77.2 - - [21/Jul/2026:16:51:14 +0000] "GET /?j=88487277485 HTTP/1.1" 200 97035 "-" "Mozilla/5.0 (Linux; Android 6.0.1; Nexus 5X Build/MMB29P) AppleWebKit/537.36 (KHTML, like Gecko) Chrome/150.0.7871.128 Mobile Safari/537.36 (compatible; GoogleOther)"
198.177.124.148 - - [21/Jul/2026:16:52:52 +0000] "POST /wp-cron.php?doing_wp_cron=1784652771.9959681034088134765625 HTTP/1.1" 200 - "-" "WordPress/7.0.2; https://salemconcept.shop"
223.228.77.76 - - [21/Jul/2026:16:52:49 +0000] "POST /xmlrpc.php HTTP/1.1" 200 403 "-" "Mozilla/5.0 (Macintosh; Intel Mac OS X 10_15_7; x86) AppleWebKit/537.36 (KHTML, like Gecko) Opera/63.0.0.0 Safari/537.36"
223.228.77.76 - - [21/Jul/2026:16:53:29 +0000] "POST /xmlrpc.php HTTP/1.1" 200 403 "-" "Mozilla/5.0 (Windows NT 6.3; arm64) AppleWebKit/537.36 (KHTML, like Gecko) Firefox/92.0.0.0 Safari/537.36"
66.249.77.1 - - [21/Jul/2026:16:53:40 +0000] "GET /?j=88487225389 HTTP/1.1" 200 97035 "-" "Mozilla/5.0 (Linux; Android 6.0.1; Nexus 5X Build/MMB29P) AppleWebKit/537.36 (KHTML, like Gecko) Chrome/150.0.7871.128 Mobile Safari/537.36 (compatible; GoogleOther)"
198.177.124.148 - - [21/Jul/2026:16:54:20 +0000] "POST /wp-cron.php?doing_wp_cron=1784652859.9789009094238281250000 HTTP/1.1" 200 - "-" "WordPress/7.0.2; https://salemconcept.shop"
223.228.77.76 - - [21/Jul/2026:16:54:17 +0000] "POST /xmlrpc.php HTTP/1.1" 200 403 "-" "Mozilla/5.0 (Windows NT 10.0; x64) AppleWebKit/537.36 (KHTML, like Gecko) Safari/13.0.0.0 Safari/537.36"
13.60.224.18 - - [21/Jul/2026:16:54:38 +0000] "POST /wp-login.php HTTP/1.1" 200 5127 "-" "Mozilla/5.0 (Windows NT 10.0; Win64; rv:143.0) Gecko/20100101 Firefox/143.0"
198.177.124.148 - - [21/Jul/2026:16:54:53 +0000] "POST /wp-cron.php?doing_wp_cron=1784652893.2836809158325195312500 HTTP/1.1" 200 - "-" "WordPress/7.0.2; https://salemconcept.shop"
223.228.77.76 - - [21/Jul/2026:16:54:51 +0000] "POST /xmlrpc.php HTTP/1.1" 200 403 "-" "Mozilla/5.0 (X11; Ubuntu; Linux x86_64; x86) AppleWebKit/537.36 (KHTML, like Gecko) Opera/78.0.0.0 Safari/537.36"
66.249.77.2 - - [21/Jul/2026:16:55:09 +0000] "GET /?e=59856190550 HTTP/1.1" 200 97035 "-" "Mozilla/5.0 (Linux; Android 6.0.1; Nexus 5X Build/MMB29P) AppleWebKit/537.36 (KHTML, like Gecko) Chrome/150.0.7871.128 Mobile Safari/537.36 (compatible; Googlebot/2.1; +http://www.google.com/bot.html)"
66.249.77.2 - - [21/Jul/2026:16:55:13 +0000] "GET /?h=87835234280 HTTP/1.1" 200 97035 "-" "Mozilla/5.0 (Linux; Android 6.0.1; Nexus 5X Build/MMB29P) AppleWebKit/537.36 (KHTML, like Gecko) Chrome/150.0.7871.128 Mobile Safari/537.36 (compatible; Googlebot/2.1; +http://www.google.com/bot.html)"
66.249.77.1 - - [21/Jul/2026:16:55:19 +0000] "GET /?r=36261169162 HTTP/1.1" 200 97035 "-" "Mozilla/5.0 (Linux; Android 6.0.1; Nexus 5X Build/MMB29P) AppleWebKit/537.36 (KHTML, like Gecko) Chrome/150.0.7871.128 Mobile Safari/537.36 (compatible; Googlebot/2.1; +http://www.google.com/bot.html)"
198.177.124.148 - - [21/Jul/2026:16:55:48 +0000] "POST /wp-cron.php?doing_wp_cron=1784652948.5185708999633789062500 HTTP/1.1" 200 - "-" "WordPress/7.0.2; https://salemconcept.shop"
223.228.77.76 - - [21/Jul/2026:16:55:45 +0000] "POST /xmlrpc.php HTTP/1.1" 200 403 "-" "Mozilla/5.0 (Linux; Android 10; x64) AppleWebKit/537.36 (KHTML, like Gecko) Safari/10.0.0.0 Safari/537.36"
198.177.124.148 - - [21/Jul/2026:16:57:17 +0000] "POST /wp-cron.php?doing_wp_cron=1784653037.1365439891815185546875 HTTP/1.1" 200 - "-" "WordPress/7.0.2; https://salemconcept.shop"
223.228.77.76 - - [21/Jul/2026:16:57:15 +0000] "POST /xmlrpc.php HTTP/1.1" 200 403 "-" "Mozilla/5.0 (Linux; Android 10; arm64) AppleWebKit/537.36 (KHTML, like Gecko) Firefox/81.0.0.0 Safari/537.36"
198.177.124.148 - - [21/Jul/2026:16:58:21 +0000] "POST /wp-cron.php?doing_wp_cron=1784653101.4653100967407226562500 HTTP/1.1" 200 - "-" "WordPress/7.0.2; https://salemconcept.shop"
13.60.224.18 - - [21/Jul/2026:16:58:16 +0000] "POST /wp-login.php HTTP/1.1" 200 5127 "-" "Mozilla/5.0 (Macintosh; Intel Mac OS X 10_15_7) AppleWebKit/605.1.15 Version/17.0 Safari/605.1.15"
223.228.77.76 - - [21/Jul/2026:16:58:32 +0000] "POST /xmlrpc.php HTTP/1.1" 200 403 "-" "Mozilla/5.0 (Windows NT 6.2; x64) AppleWebKit/537.36 (KHTML, like Gecko) Firefox/100.0.0.0 Safari/537.36"
198.177.124.148 - - [21/Jul/2026:16:59:42 +0000] "POST /wp-cron.php?doing_wp_cron=1784653182.7742490768432617187500 HTTP/1.1" 200 - "-" "WordPress/7.0.2; https://salemconcept.shop"
223.228.77.76 - - [21/Jul/2026:16:59:38 +0000] "POST /xmlrpc.php HTTP/1.1" 200 403 "-" "Mozilla/5.0 (X11; Ubuntu; Linux x86_64; arm64) AppleWebKit/537.36 (KHTML, like Gecko) Edge/85.0.0.0 Safari/537.36"
198.177.124.148 - - [21/Jul/2026:17:00:40 +0000] "POST /wp-cron.php?doing_wp_cron=1784653240.1174099445343017578125 HTTP/1.1" 200 - "-" "WordPress/7.0.2; https://salemconcept.shop"
223.228.77.76 - - [21/Jul/2026:17:00:36 +0000] "POST /xmlrpc.php HTTP/1.1" 200 403 "-" "Mozilla/5.0 (Macintosh; Intel Mac OS X 10_15_7; arm64) AppleWebKit/537.36 (KHTML, like Gecko) Safari/13.0.0.0 Safari/537.36"
198.177.124.148 - - [21/Jul/2026:17:01:38 +0000] "POST /wp-cron.php?doing_wp_cron=1784653298.7847890853881835937500 HTTP/1.1" 200 - "-" "WordPress/7.0.2; https://salemconcept.shop"
223.228.77.76 - - [21/Jul/2026:17:01:37 +0000] "POST /xmlrpc.php HTTP/1.1" 200 403 "-" "Mozilla/5.0 (Linux; Android 10; x86) AppleWebKit/537.36 (KHTML, like Gecko) Chrome/82.0.0.0 Safari/537.36"
198.177.124.148 - - [21/Jul/2026:17:01:58 +0000] "POST /wp-cron.php?doing_wp_cron=1784653318.2803800106048583984375 HTTP/1.1" 200 - "-" "WordPress/7.0.2; https://salemconcept.shop"
13.60.224.18 - - [21/Jul/2026:17:01:57 +0000] "POST /wp-login.php HTTP/1.1" 200 5127 "-" "Mozilla/5.0 (Macintosh; Intel Mac OS X 10_15_7) AppleWebKit/605.1.15 Version/17.0 Safari/605.1.15"
198.177.124.148 - - [21/Jul/2026:17:02:56 +0000] "POST /wp-cron.php?doing_wp_cron=1784653376.0917749404907226562500 HTTP/1.1" 200 - "-" "WordPress/7.0.2; https://salemconcept.shop"
223.228.77.76 - - [21/Jul/2026:17:02:54 +0000] "POST /xmlrpc.php HTTP/1.1" 200 403 "-" "Mozilla/5.0 (Windows NT 10.0; arm64) AppleWebKit/537.36 (KHTML, like Gecko) Chrome/92.0.0.0 Safari/537.36"
198.177.124.148 - - [21/Jul/2026:17:03:47 +0000] "POST /wp-cron.php?doing_wp_cron=1784653427.2102410793304443359375 HTTP/1.1" 200 - "-" "WordPress/7.0.2; https://salemconcept.shop"
66.249.77.2 - - [21/Jul/2026:17:03:45 +0000] "GET /?j=88487280276 HTTP/1.1" 200 97035 "-" "Mozilla/5.0 (Linux; Android 6.0.1; Nexus 5X Build/MMB29P) AppleWebKit/537.36 (KHTML, like Gecko) Chrome/150.0.7871.128 Mobile Safari/537.36 (compatible; GoogleOther)"
223.228.77.76 - - [21/Jul/2026:17:03:58 +0000] "POST /xmlrpc.php HTTP/1.1" 200 403 "-" "Mozilla/5.0 (Windows NT 10.0; x64) AppleWebKit/537.36 (KHTML, like Gecko) Opera/71.0.0.0 Safari/537.36"
198.177.124.148 - - [21/Jul/2026:17:04:52 +0000] "POST /wp-cron.php?doing_wp_cron=1784653492.5899729728698730468750 HTTP/1.1" 200 - "-" "WordPress/7.0.2; https://salemconcept.shop"
223.228.77.76 - - [21/Jul/2026:17:04:48 +0000] "POST /xmlrpc.php HTTP/1.1" 200 403 "-" "Mozilla/5.0 (Windows NT 6.3; arm64) AppleWebKit/537.36 (KHTML, like Gecko) Edge/91.0.0.0 Safari/537.36"
223.228.77.76 - - [21/Jul/2026:17:05:40 +0000] "POST /xmlrpc.php HTTP/1.1" 200 403 "-" "Mozilla/5.0 (Linux; Android 10; x86) AppleWebKit/537.36 (KHTML, like Gecko) Opera/68.0.0.0 Safari/537.36"
198.177.124.148 - - [21/Jul/2026:17:06:30 +0000] "POST /wp-cron.php?doing_wp_cron=1784653590.4128909111022949218750 HTTP/1.1" 200 - "-" "WordPress/7.0.2; https://salemconcept.shop"
223.228.77.76 - - [21/Jul/2026:17:06:28 +0000] "POST /xmlrpc.php HTTP/1.1" 200 403 "-" "Mozilla/5.0 (Windows NT 10.0; arm64) AppleWebKit/537.36 (KHTML, like Gecko) Safari/15.0.0.0 Safari/537.36"
198.177.124.148 - - [21/Jul/2026:17:07:15 +0000] "POST /wp-cron.php?doing_wp_cron=1784653635.5307719707489013671875 HTTP/1.1" 200 - "-" "WordPress/7.0.2; https://salemconcept.shop"
223.228.77.76 - - [21/Jul/2026:17:07:12 +0000] "POST /xmlrpc.php HTTP/1.1" 200 403 "-" "Mozilla/5.0 (Linux; Android 10; arm64) AppleWebKit/537.36 (KHTML, like Gecko) Edge/97.0.0.0 Safari/537.36"
198.177.124.148 - - [21/Jul/2026:17:07:56 +0000] "POST /wp-cron.php?doing_wp_cron=1784653676.5839788913726806640625 HTTP/1.1" 200 - "-" "WordPress/7.0.2; https://salemconcept.shop"
223.228.77.76 - - [21/Jul/2026:17:07:52 +0000] "POST /xmlrpc.php HTTP/1.1" 200 403 "-" "Mozilla/5.0 (X11; Ubuntu; Linux x86_64; x86) AppleWebKit/537.36 (KHTML, like Gecko) Chrome/113.0.0.0 Safari/537.36"
223.228.77.76 - - [21/Jul/2026:17:08:32 +0000] "POST /xmlrpc.php HTTP/1.1" 200 403 "-" "Mozilla/5.0 (Windows NT 6.2; arm64) AppleWebKit/537.36 (KHTML, like Gecko) Chrome/108.0.0.0 Safari/537.36"
198.177.124.148 - - [21/Jul/2026:17:09:15 +0000] "POST /wp-cron.php?doing_wp_cron=1784653755.8209350109100341796875 HTTP/1.1" 200 - "-" "WordPress/7.0.2; https://salemconcept.shop"
223.228.77.76 - - [21/Jul/2026:17:09:12 +0000] "POST /xmlrpc.php HTTP/1.1" 200 403 "-" "Mozilla/5.0 (Macintosh; Intel Mac OS X 10_15_7; x64) AppleWebKit/537.36 (KHTML, like Gecko) Edge/82.0.0.0 Safari/537.36"
223.228.77.76 - - [21/Jul/2026:17:09:42 +0000] "POST /xmlrpc.php HTTP/1.1" 200 403 "-" "Mozilla/5.0 (X11; Ubuntu; Linux x86_64; arm64) AppleWebKit/537.36 (KHTML, like Gecko) Firefox/95.0.0.0 Safari/537.36"
198.177.124.148 - - [21/Jul/2026:17:09:54 +0000] "POST /wp-cron.php?doing_wp_cron=1784653794.5164980888366699218750 HTTP/1.1" 200 - "-" "WordPress/7.0.2; https://salemconcept.shop"
13.60.224.18 - - [21/Jul/2026:17:09:53 +0000] "POST /wp-login.php HTTP/1.1" 200 5127 "-" "Mozilla/5.0 (Windows NT 10.0; Win64; x64) AppleWebKit/537.36 Chrome/129.0.0.0 Safari/537.36"
223.228.77.76 - - [21/Jul/2026:17:10:11 +0000] "POST /xmlrpc.php HTTP/1.1" 200 403 "-" "Mozilla/5.0 (Windows NT 6.3; arm64) AppleWebKit/537.36 (KHTML, like Gecko) Opera/77.0.0.0 Safari/537.36"
223.228.77.76 - - [21/Jul/2026:17:10:40 +0000] "POST /xmlrpc.php HTTP/1.1" 200 403 "-" "Mozilla/5.0 (Windows NT 6.2; x86) AppleWebKit/537.36 (KHTML, like Gecko) Firefox/92.0.0.0 Safari/537.36"
198.177.124.148 - - [21/Jul/2026:17:11:09 +0000] "POST /wp-cron.php?doing_wp_cron=1784653869.1417920589447021484375 HTTP/1.1" 200 - "-" "WordPress/7.0.2; https://salemconcept.shop"
223.228.77.76 - - [21/Jul/2026:17:11:07 +0000] "POST /xmlrpc.php HTTP/1.1" 200 403 "-" "Mozilla/5.0 (X11; Ubuntu; Linux x86_64; arm64) AppleWebKit/537.36 (KHTML, like Gecko) Edge/81.0.0.0 Safari/537.36"
223.228.77.76 - - [21/Jul/2026:17:11:36 +0000] "POST /xmlrpc.php HTTP/1.1" 200 403 "-" "Mozilla/5.0 (Windows NT 10.0; x64) AppleWebKit/537.36 (KHTML, like Gecko) Safari/10.0.0.0 Safari/537.36"
198.177.124.148 - - [21/Jul/2026:17:12:07 +0000] "POST /wp-cron.php?doing_wp_cron=1784653927.5698928833007812500000 HTTP/1.1" 200 - "-" "WordPress/7.0.2; https://salemconcept.shop"
223.228.77.76 - - [21/Jul/2026:17:12:04 +0000] "POST /xmlrpc.php HTTP/1.1" 200 403 "-" "Mozilla/5.0 (Macintosh; Intel Mac OS X 10_15_7; x86) AppleWebKit/537.36 (KHTML, like Gecko) Firefox/73.0.0.0 Safari/537.36"
223.228.77.76 - - [21/Jul/2026:17:12:33 +0000] "POST /xmlrpc.php HTTP/1.1" 200 403 "-" "Mozilla/5.0 (Windows NT 10.0; x64) AppleWebKit/537.36 (KHTML, like Gecko) Safari/10.0.0.0 Safari/537.36"
198.177.124.148 - - [21/Jul/2026:17:13:09 +0000] "POST /wp-cron.php?doing_wp_cron=1784653989.3118810653686523437500 HTTP/1.1" 200 - "-" "WordPress/7.0.2; https://salemconcept.shop"
223.228.77.76 - - [21/Jul/2026:17:13:06 +0000] "POST /xmlrpc.php HTTP/1.1" 200 403 "-" "Mozilla/5.0 (X11; Ubuntu; Linux x86_64; arm64) AppleWebKit/537.36 (KHTML, like Gecko) Safari/14.0.0.0 Safari/537.36"
13.60.224.18 - - [21/Jul/2026:17:13:26 +0000] "POST /wp-login.php HTTP/1.1" 200 5127 "-" "Mozilla/5.0 (Windows NT 10.0; Win64; rv:143.0) Gecko/20100101 Firefox/143.0"
223.228.77.76 - - [21/Jul/2026:17:13:30 +0000] "POST /xmlrpc.php HTTP/1.1" 200 403 "-" "Mozilla/5.0 (Windows NT 6.3; x64) AppleWebKit/537.36 (KHTML, like Gecko) Chrome/109.0.0.0 Safari/537.36"
198.177.124.148 - - [21/Jul/2026:17:14:05 +0000] "POST /wp-cron.php?doing_wp_cron=1784654045.8164820671081542968750 HTTP/1.1" 200 - "-" "WordPress/7.0.2; https://salemconcept.shop"
223.228.77.76 - - [21/Jul/2026:17:14:03 +0000] "POST /xmlrpc.php HTTP/1.1" 200 403 "-" "Mozilla/5.0 (Macintosh; Intel Mac OS X 10_15_7; x86) AppleWebKit/537.36 (KHTML, like Gecko) Safari/11.0.0.0 Safari/537.36"
223.228.77.76 - - [21/Jul/2026:17:14:31 +0000] "POST /xmlrpc.php HTTP/1.1" 200 403 "-" "Mozilla/5.0 (Windows NT 6.3; arm64) AppleWebKit/537.36 (KHTML, like Gecko) Opera/71.0.0.0 Safari/537.36"
198.177.124.148 - - [21/Jul/2026:17:14:56 +0000] "POST /wp-cron.php?doing_wp_cron=1784654096.8522729873657226562500 HTTP/1.1" 200 - "-" "WordPress/7.0.2; https://salemconcept.shop"
223.228.77.76 - - [21/Jul/2026:17:14:55 +0000] "POST /xmlrpc.php HTTP/1.1" 200 403 "-" "Mozilla/5.0 (Windows NT 10.0; arm64) AppleWebKit/537.36 (KHTML, like Gecko) Edge/86.0.0.0 Safari/537.36"
223.228.77.76 - - [21/Jul/2026:17:15:28 +0000] "POST /xmlrpc.php HTTP/1.1" 200 403 "-" "Mozilla/5.0 (Linux; Android 10; x86) AppleWebKit/537.36 (KHTML, like Gecko) Edge/96.0.0.0 Safari/537.36"
198.177.124.148 - - [21/Jul/2026:17:16:02 +0000] "POST /wp-cron.php?doing_wp_cron=1784654162.0978889465332031250000 HTTP/1.1" 200 - "-" "WordPress/7.0.2; https://salemconcept.shop"
223.228.77.76 - - [21/Jul/2026:17:16:00 +0000] "POST /xmlrpc.php HTTP/1.1" 200 403 "-" "Mozilla/5.0 (Windows NT 6.3; arm64) AppleWebKit/537.36 (KHTML, like Gecko) Firefox/78.0.0.0 Safari/537.36"
223.228.77.76 - - [21/Jul/2026:17:16:27 +0000] "POST /xmlrpc.php HTTP/1.1" 200 403 "-" "Mozilla/5.0 (Linux; Android 10; x86) AppleWebKit/537.36 (KHTML, like Gecko) Safari/13.0.0.0 Safari/537.36"
198.177.124.148 - - [21/Jul/2026:17:16:58 +0000] "POST /wp-cron.php?doing_wp_cron=1784654218.0341620445251464843750 HTTP/1.1" 200 - "-" "WordPress/7.0.2; https://salemconcept.shop"
13.60.224.18 - - [21/Jul/2026:17:16:55 +0000] "POST /wp-login.php HTTP/1.1" 200 5127 "-" "Mozilla/5.0 (Macintosh; Intel Mac OS X 10_15_7) AppleWebKit/605.1.15 Version/17.0 Safari/605.1.15"
223.228.77.76 - - [21/Jul/2026:17:16:59 +0000] "POST /xmlrpc.php HTTP/1.1" 200 403 "-" "Mozilla/5.0 (Windows NT 6.2; x86) AppleWebKit/537.36 (KHTML, like Gecko) Safari/13.0.0.0 Safari/537.36"
223.228.77.76 - - [21/Jul/2026:17:17:29 +0000] "POST /xmlrpc.php HTTP/1.1" 200 403 "-" "Mozilla/5.0 (X11; Ubuntu; Linux x86_64; arm64) AppleWebKit/537.36 (KHTML, like Gecko) Firefox/75.0.0.0 Safari/537.36"
198.177.124.148 - - [21/Jul/2026:17:18:08 +0000] "POST /wp-cron.php?doing_wp_cron=1784654288.2069249153137207031250 HTTP/1.1" 200 - "-" "WordPress/7.0.2; https://salemconcept.shop"
223.228.77.76 - - [21/Jul/2026:17:18:04 +0000] "POST /xmlrpc.php HTTP/1.1" 200 403 "-" "Mozilla/5.0 (Windows NT 6.3; arm64) AppleWebKit/537.36 (KHTML, like Gecko) Safari/14.0.0.0 Safari/537.36"
223.228.77.76 - - [21/Jul/2026:17:18:35 +0000] "POST /xmlrpc.php HTTP/1.1" 200 403 "-" "Mozilla/5.0 (Macintosh; Intel Mac OS X 10_15_7; arm64) AppleWebKit/537.36 (KHTML, like Gecko) Opera/66.0.0.0 Safari/537.36"
198.177.124.148 - - [21/Jul/2026:17:18:49 +0000] "POST /wp-cron.php?doing_wp_cron=1784654329.8770809173583984375000 HTTP/1.1" 200 - "-" "WordPress/7.0.2; https://salemconcept.shop"
172.235.211.152 - - [21/Jul/2026:17:18:48 +0000] "GET /wp-login.php HTTP/1.1" 200 4715 "-" "Mozilla/5.0"
172.235.211.152 - - [21/Jul/2026:17:18:50 +0000] "GET /?author=1 HTTP/1.1" 301 - "-" "Mozilla/5.0"
172.235.211.152 - - [21/Jul/2026:17:18:52 +0000] "GET /?rest_route=/wp/v2/users HTTP/1.1" 200 772 "-" "Mozilla/5.0"
223.228.77.76 - - [21/Jul/2026:17:19:03 +0000] "POST /xmlrpc.php HTTP/1.1" 200 403 "-" "Mozilla/5.0 (Windows NT 6.3; x64) AppleWebKit/537.36 (KHTML, like Gecko) Firefox/77.0.0.0 Safari/537.36"
223.228.77.76 - - [21/Jul/2026:17:19:32 +0000] "POST /xmlrpc.php HTTP/1.1" 200 403 "-" "Mozilla/5.0 (Macintosh; Intel Mac OS X 10_15_7; x64) AppleWebKit/537.36 (KHTML, like Gecko) Opera/75.0.0.0 Safari/537.36"
198.177.124.148 - - [21/Jul/2026:17:19:58 +0000] "POST /wp-cron.php?doing_wp_cron=1784654398.2162148952484130859375 HTTP/1.1" 200 - "-" "WordPress/7.0.2; https://salemconcept.shop"
223.228.77.76 - - [21/Jul/2026:17:19:57 +0000] "POST /xmlrpc.php HTTP/1.1" 200 403 "-" "Mozilla/5.0 (Windows NT 6.3; x64) AppleWebKit/537.36 (KHTML, like Gecko) Firefox/87.0.0.0 Safari/537.36"
13.60.224.18 - - [21/Jul/2026:17:20:17 +0000] "POST /wp-login.php HTTP/1.1" 200 5127 "-" "Mozilla/5.0 (Macintosh; Intel Mac OS X 10_15_7) AppleWebKit/605.1.15 Version/17.0 Safari/605.1.15"
223.228.77.76 - - [21/Jul/2026:17:20:26 +0000] "POST /xmlrpc.php HTTP/1.1" 200 403 "-" "Mozilla/5.0 (X11; Ubuntu; Linux x86_64; x86) AppleWebKit/537.36 (KHTML, like Gecko) Edge/89.0.0.0 Safari/537.36"
198.177.124.148 - - [21/Jul/2026:17:20:47 +0000] "POST /wp-cron.php?doing_wp_cron=1784654447.5964519977569580078125 HTTP/1.1" 200 - "-" "WordPress/7.0.2; https://salemconcept.shop"
209.38.152.181 - - [21/Jul/2026:17:20:45 +0000] "GET / HTTP/1.1" 200 97035 "-" "Mozilla/5.0 (Windows NT 10.0; Win64; x64) AppleWebKit/537.36 (KHTML, like Gecko) Chrome/131.0.0.0 Safari/537.36"
223.228.77.76 - - [21/Jul/2026:17:20:52 +0000] "POST /xmlrpc.php HTTP/1.1" 200 403 "-" "Mozilla/5.0 (Windows NT 10.0; x86) AppleWebKit/537.36 (KHTML, like Gecko) Chrome/84.0.0.0 Safari/537.36"
223.228.77.76 - - [21/Jul/2026:17:21:20 +0000] "POST /xmlrpc.php HTTP/1.1" 200 403 "-" "Mozilla/5.0 (Windows NT 10.0; arm64) AppleWebKit/537.36 (KHTML, like Gecko) Firefox/71.0.0.0 Safari/537.36"
198.177.124.148 - - [21/Jul/2026:17:21:47 +0000] "POST /wp-cron.php?doing_wp_cron=1784654507.8377079963684082031250 HTTP/1.1" 200 - "-" "WordPress/7.0.2; https://salemconcept.shop"
223.228.77.76 - - [21/Jul/2026:17:21:47 +0000] "POST /xmlrpc.php HTTP/1.1" 200 403 "-" "Mozilla/5.0 (X11; Ubuntu; Linux x86_64; x64) AppleWebKit/537.36 (KHTML, like Gecko) Edge/98.0.0.0 Safari/537.36"
223.228.77.76 - - [21/Jul/2026:17:22:11 +0000] "POST /xmlrpc.php HTTP/1.1" 200 403 "-" "Mozilla/5.0 (Windows NT 6.2; x86) AppleWebKit/537.36 (KHTML, like Gecko) Opera/73.0.0.0 Safari/537.36"
223.228.77.76 - - [21/Jul/2026:17:22:35 +0000] "POST /xmlrpc.php HTTP/1.1" 200 403 "-" "Mozilla/5.0 (X11; Ubuntu; Linux x86_64; x64) AppleWebKit/537.36 (KHTML, like Gecko) Safari/13.0.0.0 Safari/537.36"
198.177.124.148 - - [21/Jul/2026:17:23:03 +0000] "POST /wp-cron.php?doing_wp_cron=1784654583.1695599555969238281250 HTTP/1.1" 200 - "-" "WordPress/7.0.2; https://salemconcept.shop"
223.228.77.76 - - [21/Jul/2026:17:23:02 +0000] "POST /xmlrpc.php HTTP/1.1" 200 403 "-" "Mozilla/5.0 (Windows NT 6.3; x64) AppleWebKit/537.36 (KHTML, like Gecko) Opera/67.0.0.0 Safari/537.36"
223.228.77.76 - - [21/Jul/2026:17:23:25 +0000] "POST /xmlrpc.php HTTP/1.1" 200 403 "-" "Mozilla/5.0 (Windows NT 10.0; x86) AppleWebKit/537.36 (KHTML, like Gecko) Safari/13.0.0.0 Safari/537.36"
198.177.124.148 - - [21/Jul/2026:17:23:51 +0000] "POST /wp-cron.php?doing_wp_cron=1784654631.3492999076843261718750 HTTP/1.1" 200 - "-" "WordPress/7.0.2; https://salemconcept.shop"
223.228.77.76 - - [21/Jul/2026:17:23:50 +0000] "POST /xmlrpc.php HTTP/1.1" 200 403 "-" "Mozilla/5.0 (Windows NT 10.0; x64) AppleWebKit/537.36 (KHTML, like Gecko) Chrome/105.0.0.0 Safari/537.36"
66.249.77.1 - - [21/Jul/2026:17:23:51 +0000] "GET /robots.txt HTTP/1.1" 200 118 "-" "Mozilla/5.0 (compatible; Googlebot/2.1; +http://www.google.com/bot.html)"
223.228.77.76 - - [21/Jul/2026:17:24:14 +0000] "POST /xmlrpc.php HTTP/1.1" 200 403 "-" "Mozilla/5.0 (Macintosh; Intel Mac OS X 10_15_7; x86) AppleWebKit/537.36 (KHTML, like Gecko) Edge/81.0.0.0 Safari/537.36"
223.228.77.76 - - [21/Jul/2026:17:24:37 +0000] "POST /xmlrpc.php HTTP/1.1" 200 403 "-" "Mozilla/5.0 (Windows NT 6.3; x86) AppleWebKit/537.36 (KHTML, like Gecko) Opera/61.0.0.0 Safari/537.36"
198.177.124.148 - - [21/Jul/2026:17:24:59 +0000] "POST /wp-cron.php?doing_wp_cron=1784654699.0412409305572509765625 HTTP/1.1" 200 - "-" "WordPress/7.0.2; https://salemconcept.shop"
98.98.190.21 - - [21/Jul/2026:17:24:57 +0000] "GET /wp-login.php HTTP/1.1" 200 4715 "-" "Mozilla/5.0"
98.98.190.21 - - [21/Jul/2026:17:24:59 +0000] "GET /?author=1 HTTP/1.1" 301 - "-" "Mozilla/5.0"
98.98.190.21 - - [21/Jul/2026:17:25:01 +0000] "GET /?rest_route=/wp/v2/users HTTP/1.1" 200 772 "-" "Mozilla/5.0"
223.228.77.76 - - [21/Jul/2026:17:25:01 +0000] "POST /xmlrpc.php HTTP/1.1" 200 403 "-" "Mozilla/5.0 (Macintosh; Intel Mac OS X 10_15_7; arm64) AppleWebKit/537.36 (KHTML, like Gecko) Opera/78.0.0.0 Safari/537.36"
223.228.77.76 - - [21/Jul/2026:17:25:38 +0000] "POST /xmlrpc.php HTTP/1.1" 200 403 "-" "Mozilla/5.0 (Macintosh; Intel Mac OS X 10_15_7; x64) AppleWebKit/537.36 (KHTML, like Gecko) Edge/85.0.0.0 Safari/537.36"
198.177.124.148 - - [21/Jul/2026:17:26:22 +0000] "POST /wp-cron.php?doing_wp_cron=1784654781.9199120998382568359375 HTTP/1.1" 200 - "-" "WordPress/7.0.2; https://salemconcept.shop"
223.228.77.76 - - [21/Jul/2026:17:26:20 +0000] "POST /xmlrpc.php HTTP/1.1" 200 403 "-" "Mozilla/5.0 (Windows NT 6.2; arm64) AppleWebKit/537.36 (KHTML, like Gecko) Opera/60.0.0.0 Safari/537.36"
198.177.124.148 - - [21/Jul/2026:17:26:58 +0000] "POST /wp-cron.php?doing_wp_cron=1784654818.6819179058074951171875 HTTP/1.1" 200 - "-" "WordPress/7.0.2; https://salemconcept.shop"
13.60.224.18 - - [21/Jul/2026:17:26:57 +0000] "POST /wp-login.php HTTP/1.1" 200 5127 "-" "Mozilla/5.0 (Windows NT 10.0; Win64; rv:143.0) Gecko/20100101 Firefox/143.0"
223.228.77.76 - - [21/Jul/2026:17:26:59 +0000] "POST /xmlrpc.php HTTP/1.1" 200 403 "-" "Mozilla/5.0 (Linux; Android 10; x86) AppleWebKit/537.36 (KHTML, like Gecko) Safari/14.0.0.0 Safari/537.36"
223.228.77.76 - - [21/Jul/2026:17:27:26 +0000] "POST /xmlrpc.php HTTP/1.1" 200 403 "-" "Mozilla/5.0 (Windows NT 6.3; arm64) AppleWebKit/537.36 (KHTML, like Gecko) Opera/66.0.0.0 Safari/537.36"
198.177.124.148 - - [21/Jul/2026:17:27:54 +0000] "POST /wp-cron.php?doing_wp_cron=1784654874.2886829376220703125000 HTTP/1.1" 200 - "-" "WordPress/7.0.2; https://salemconcept.shop"
223.228.77.76 - - [21/Jul/2026:17:27:53 +0000] "POST /xmlrpc.php HTTP/1.1" 200 403 "-" "Mozilla/5.0 (Windows NT 10.0; x64) AppleWebKit/537.36 (KHTML, like Gecko) Firefox/97.0.0.0 Safari/537.36"
223.228.77.76 - - [21/Jul/2026:17:28:17 +0000] "POST /xmlrpc.php HTTP/1.1" 200 403 "-" "Mozilla/5.0 (Windows NT 10.0; x64) AppleWebKit/537.36 (KHTML, like Gecko) Chrome/115.0.0.0 Safari/537.36"
223.228.77.76 - - [21/Jul/2026:17:28:40 +0000] "POST /xmlrpc.php HTTP/1.1" 200 403 "-" "Mozilla/5.0 (Macintosh; Intel Mac OS X 10_15_7; x86) AppleWebKit/537.36 (KHTML, like Gecko) Opera/62.0.0.0 Safari/537.36"
198.177.124.148 - - [21/Jul/2026:17:29:17 +0000] "POST /wp-cron.php?doing_wp_cron=1784654957.5593690872192382812500 HTTP/1.1" 200 - "-" "WordPress/7.0.2; https://salemconcept.shop"
223.228.77.76 - - [21/Jul/2026:17:29:16 +0000] "POST /xmlrpc.php HTTP/1.1" 200 403 "-" "Mozilla/5.0 (Windows NT 10.0; x64) AppleWebKit/537.36 (KHTML, like Gecko) Opera/64.0.0.0 Safari/537.36"
223.228.77.76 - - [21/Jul/2026:17:29:37 +0000] "POST /xmlrpc.php HTTP/1.1" 200 403 "-" "Mozilla/5.0 (Linux; Android 10; x64) AppleWebKit/537.36 (KHTML, like Gecko) Chrome/113.0.0.0 Safari/537.36"
198.177.124.148 - - [21/Jul/2026:17:30:03 +0000] "POST /wp-cron.php?doing_wp_cron=1784655002.8940300941467285156250 HTTP/1.1" 200 - "-" "WordPress/7.0.2; https://salemconcept.shop"
223.228.77.76 - - [21/Jul/2026:17:29:59 +0000] "POST /xmlrpc.php HTTP/1.1" 200 403 "-" "Mozilla/5.0 (Windows NT 6.3; arm64) AppleWebKit/537.36 (KHTML, like Gecko) Opera/69.0.0.0 Safari/537.36"
13.60.224.18 - - [21/Jul/2026:17:30:19 +0000] "POST /wp-login.php HTTP/1.1" 200 5127 "-" "Mozilla/5.0 (Windows NT 10.0; Win64; x64) AppleWebKit/537.36 Chrome/129.0.0.0 Safari/537.36"
223.228.77.76 - - [21/Jul/2026:17:30:22 +0000] "POST /xmlrpc.php HTTP/1.1" 200 403 "-" "Mozilla/5.0 (Windows NT 6.2; x86) AppleWebKit/537.36 (KHTML, like Gecko) Firefox/75.0.0.0 Safari/537.36"
198.177.124.148 - - [21/Jul/2026:17:30:47 +0000] "POST /wp-cron.php?doing_wp_cron=1784655047.3036921024322509765625 HTTP/1.1" 200 - "-" "WordPress/7.0.2; https://salemconcept.shop"
223.228.77.76 - - [21/Jul/2026:17:30:46 +0000] "POST /xmlrpc.php HTTP/1.1" 200 403 "-" "Mozilla/5.0 (Windows NT 10.0; arm64) AppleWebKit/537.36 (KHTML, like Gecko) Edge/88.0.0.0 Safari/537.36"
223.228.77.76 - - [21/Jul/2026:17:31:07 +0000] "POST /xmlrpc.php HTTP/1.1" 200 403 "-" "Mozilla/5.0 (Windows NT 6.3; arm64) AppleWebKit/537.36 (KHTML, like Gecko) Edge/87.0.0.0 Safari/537.36"
223.228.77.76 - - [21/Jul/2026:17:31:29 +0000] "POST /xmlrpc.php HTTP/1.1" 200 403 "-" "Mozilla/5.0 (X11; Ubuntu; Linux x86_64; x64) AppleWebKit/537.36 (KHTML, like Gecko) Safari/12.0.0.0 Safari/537.36"
198.177.124.148 - - [21/Jul/2026:17:31:53 +0000] "POST /wp-cron.php?doing_wp_cron=1784655113.8236050605773925781250 HTTP/1.1" 200 - "-" "WordPress/7.0.2; https://salemconcept.shop"
223.228.77.76 - - [21/Jul/2026:17:31:51 +0000] "POST /xmlrpc.php HTTP/1.1" 200 403 "-" "Mozilla/5.0 (Windows NT 6.2; arm64) AppleWebKit/537.36 (KHTML, like Gecko) Opera/73.0.0.0 Safari/537.36"
223.228.77.76 - - [21/Jul/2026:17:32:11 +0000] "POST /xmlrpc.php HTTP/1.1" 200 403 "-" "Mozilla/5.0 (Windows NT 6.3; x64) AppleWebKit/537.36 (KHTML, like Gecko) Firefox/89.0.0.0 Safari/537.36"
223.228.77.76 - - [21/Jul/2026:17:32:33 +0000] "POST /xmlrpc.php HTTP/1.1" 200 403 "-" "Mozilla/5.0 (Macintosh; Intel Mac OS X 10_15_7; x64) AppleWebKit/537.36 (KHTML, like Gecko) Opera/75.0.0.0 Safari/537.36"
198.177.124.148 - - [21/Jul/2026:17:32:56 +0000] "POST /wp-cron.php?doing_wp_cron=1784655176.0948550701141357421875 HTTP/1.1" 200 - "-" "WordPress/7.0.2; https://salemconcept.shop"
223.228.77.76 - - [21/Jul/2026:17:32:54 +0000] "POST /xmlrpc.php HTTP/1.1" 200 403 "-" "Mozilla/5.0 (Windows NT 10.0; x64) AppleWebKit/537.36 (KHTML, like Gecko) Safari/11.0.0.0 Safari/537.36"
223.228.77.76 - - [21/Jul/2026:17:33:15 +0000] "POST /xmlrpc.php HTTP/1.1" 200 403 "-" "Mozilla/5.0 (X11; Ubuntu; Linux x86_64; x86) AppleWebKit/537.36 (KHTML, like Gecko) Edge/98.0.0.0 Safari/537.36"
223.228.77.76 - - [21/Jul/2026:17:33:37 +0000] "POST /xmlrpc.php HTTP/1.1" 200 403 "-" "Mozilla/5.0 (Windows NT 6.3; x86) AppleWebKit/537.36 (KHTML, like Gecko) Opera/63.0.0.0 Safari/537.36"
13.60.224.18 - - [21/Jul/2026:17:33:44 +0000] "POST /wp-login.php HTTP/1.1" 200 5127 "-" "Mozilla/5.0 (Windows NT 10.0; Win64; x64) AppleWebKit/537.36 Chrome/129.0.0.0 Safari/537.36"
223.228.77.76 - - [21/Jul/2026:17:33:57 +0000] "POST /xmlrpc.php HTTP/1.1" 200 403 "-" "Mozilla/5.0 (Macintosh; Intel Mac OS X 10_15_7; x86) AppleWebKit/537.36 (KHTML, like Gecko) Firefox/76.0.0.0 Safari/537.36"
223.228.77.76 - - [21/Jul/2026:17:34:17 +0000] "POST /xmlrpc.php HTTP/1.1" 200 403 "-" "Mozilla/5.0 (Macintosh; Intel Mac OS X 10_15_7; x86) AppleWebKit/537.36 (KHTML, like Gecko) Edge/82.0.0.0 Safari/537.36"
223.228.77.76 - - [21/Jul/2026:17:34:37 +0000] "POST /xmlrpc.php HTTP/1.1" 200 403 "-" "Mozilla/5.0 (X11; Ubuntu; Linux x86_64; x86) AppleWebKit/537.36 (KHTML, like Gecko) Opera/65.0.0.0 Safari/537.36"
198.177.124.148 - - [21/Jul/2026:17:35:04 +0000] "POST /wp-cron.php?doing_wp_cron=1784655303.9277629852294921875000 HTTP/1.1" 200 - "-" "WordPress/7.0.2; https://salemconcept.shop"
223.228.77.76 - - [21/Jul/2026:17:34:59 +0000] "POST /xmlrpc.php HTTP/1.1" 200 403 "-" "Mozilla/5.0 (Windows NT 6.3; x86) AppleWebKit/537.36 (KHTML, like Gecko) Firefox/84.0.0.0 Safari/537.36"
223.228.77.76 - - [21/Jul/2026:17:35:23 +0000] "POST /xmlrpc.php HTTP/1.1" 200 403 "-" "Mozilla/5.0 (Windows NT 10.0; x86) AppleWebKit/537.36 (KHTML, like Gecko) Firefox/73.0.0.0 Safari/537.36"
223.228.77.76 - - [21/Jul/2026:17:35:43 +0000] "POST /xmlrpc.php HTTP/1.1" 200 403 "-" "Mozilla/5.0 (Windows NT 10.0; x86) AppleWebKit/537.36 (KHTML, like Gecko) Firefox/75.0.0.0 Safari/537.36"
198.177.124.148 - - [21/Jul/2026:17:36:05 +0000] "POST /wp-cron.php?doing_wp_cron=1784655365.7672760486602783203125 HTTP/1.1" 200 - "-" "WordPress/7.0.2; https://salemconcept.shop"
223.228.77.76 - - [21/Jul/2026:17:36:02 +0000] "POST /xmlrpc.php HTTP/1.1" 200 403 "-" "Mozilla/5.0 (Windows NT 10.0; x64) AppleWebKit/537.36 (KHTML, like Gecko) Firefox/87.0.0.0 Safari/537.36"
223.228.77.76 - - [21/Jul/2026:17:36:25 +0000] "POST /xmlrpc.php HTTP/1.1" 200 403 "-" "Mozilla/5.0 (Windows NT 10.0; x86) AppleWebKit/537.36 (KHTML, like Gecko) Safari/11.0.0.0 Safari/537.36"
198.177.124.148 - - [21/Jul/2026:17:36:51 +0000] "POST /wp-cron.php?doing_wp_cron=1784655411.7025198936462402343750 HTTP/1.1" 200 - "-" "WordPress/7.0.2; https://salemconcept.shop"
223.228.77.76 - - [21/Jul/2026:17:36:49 +0000] "POST /xmlrpc.php HTTP/1.1" 200 403 "-" "Mozilla/5.0 (Linux; Android 10; x86) AppleWebKit/537.36 (KHTML, like Gecko) Opera/64.0.0.0 Safari/537.36"
13.60.224.18 - - [21/Jul/2026:17:37:05 +0000] "POST /wp-login.php HTTP/1.1" 200 5127 "-" "Mozilla/5.0 (Windows NT 10.0; Win64; rv:143.0) Gecko/20100101 Firefox/143.0"
223.228.77.76 - - [21/Jul/2026:17:37:11 +0000] "POST /xmlrpc.php HTTP/1.1" 200 403 "-" "Mozilla/5.0 (Windows NT 10.0; x86) AppleWebKit/537.36 (KHTML, like Gecko) Firefox/96.0.0.0 Safari/537.36"
223.228.77.76 - - [21/Jul/2026:17:37:28 +0000] "POST /xmlrpc.php HTTP/1.1" 200 403 "-" "Mozilla/5.0 (Linux; Android 10; x64) AppleWebKit/537.36 (KHTML, like Gecko) Safari/10.0.0.0 Safari/537.36"
198.177.124.148 - - [21/Jul/2026:17:37:54 +0000] "POST /wp-cron.php?doing_wp_cron=1784655474.3045389652252197265625 HTTP/1.1" 200 - "-" "WordPress/7.0.2; https://salemconcept.shop"
223.228.77.76 - - [21/Jul/2026:17:37:52 +0000] "POST /xmlrpc.php HTTP/1.1" 200 403 "-" "Mozilla/5.0 (Windows NT 10.0; arm64) AppleWebKit/537.36 (KHTML, like Gecko) Safari/15.0.0.0 Safari/537.36"
223.228.77.76 - - [21/Jul/2026:17:38:11 +0000] "POST /xmlrpc.php HTTP/1.1" 200 403 "-" "Mozilla/5.0 (Windows NT 6.3; arm64) AppleWebKit/537.36 (KHTML, like Gecko) Safari/12.0.0.0 Safari/537.36"
223.228.77.76 - - [21/Jul/2026:17:38:31 +0000] "POST /xmlrpc.php HTTP/1.1" 200 403 "-" "Mozilla/5.0 (Macintosh; Intel Mac OS X 10_15_7; arm64) AppleWebKit/537.36 (KHTML, like Gecko) Edge/80.0.0.0 Safari/537.36"
198.177.124.148 - - [21/Jul/2026:17:38:58 +0000] "POST /wp-cron.php?doing_wp_cron=1784655538.2558789253234863281250 HTTP/1.1" 200 - "-" "WordPress/7.0.2; https://salemconcept.shop"
223.228.77.76 - - [21/Jul/2026:17:38:57 +0000] "POST /xmlrpc.php HTTP/1.1" 200 403 "-" "Mozilla/5.0 (Linux; Android 10; x64) AppleWebKit/537.36 (KHTML, like Gecko) Opera/71.0.0.0 Safari/537.36"
223.228.77.76 - - [21/Jul/2026:17:39:18 +0000] "POST /xmlrpc.php HTTP/1.1" 200 403 "-" "Mozilla/5.0 (Windows NT 6.3; arm64) AppleWebKit/537.36 (KHTML, like Gecko) Chrome/99.0.0.0 Safari/537.36"
223.228.77.76 - - [21/Jul/2026:17:39:39 +0000] "POST /xmlrpc.php HTTP/1.1" 200 403 "-" "Mozilla/5.0 (Windows NT 6.2; x64) AppleWebKit/537.36 (KHTML, like Gecko) Chrome/107.0.0.0 Safari/537.36"
198.177.124.148 - - [21/Jul/2026:17:40:03 +0000] "POST /wp-cron.php?doing_wp_cron=1784655603.2680790424346923828125 HTTP/1.1" 200 - "-" "WordPress/7.0.2; https://salemconcept.shop"
223.228.77.76 - - [21/Jul/2026:17:40:00 +0000] "POST /xmlrpc.php HTTP/1.1" 200 403 "-" "Mozilla/5.0 (Windows NT 6.3; x64) AppleWebKit/537.36 (KHTML, like Gecko) Opera/71.0.0.0 Safari/537.36"
223.228.77.76 - - [21/Jul/2026:17:40:24 +0000] "POST /xmlrpc.php HTTP/1.1" 200 403 "-" "Mozilla/5.0 (Windows NT 6.2; x86) AppleWebKit/537.36 (KHTML, like Gecko) Opera/76.0.0.0 Safari/537.36"
13.60.224.18 - - [21/Jul/2026:17:40:27 +0000] "POST /wp-login.php HTTP/1.1" 200 5127 "-" "Mozilla/5.0 (Macintosh; Intel Mac OS X 10_15_7) AppleWebKit/605.1.15 Version/17.0 Safari/605.1.15"
198.177.124.148 - - [21/Jul/2026:17:40:47 +0000] "POST /wp-cron.php?doing_wp_cron=1784655647.3808739185333251953125 HTTP/1.1" 200 - "-" "WordPress/7.0.2; https://salemconcept.shop"
223.228.77.76 - - [21/Jul/2026:17:40:45 +0000] "POST /xmlrpc.php HTTP/1.1" 200 403 "-" "Mozilla/5.0 (Windows NT 6.2; x86) AppleWebKit/537.36 (KHTML, like Gecko) Opera/72.0.0.0 Safari/537.36"
223.228.77.76 - - [21/Jul/2026:17:41:10 +0000] "POST /xmlrpc.php HTTP/1.1" 200 403 "-" "Mozilla/5.0 (X11; Ubuntu; Linux x86_64; x64) AppleWebKit/537.36 (KHTML, like Gecko) Firefox/90.0.0.0 Safari/537.36"
223.228.77.76 - - [21/Jul/2026:17:41:33 +0000] "POST /xmlrpc.php HTTP/1.1" 200 403 "-" "Mozilla/5.0 (X11; Ubuntu; Linux x86_64; x64) AppleWebKit/537.36 (KHTML, like Gecko) Chrome/105.0.0.0 Safari/537.36"
198.177.124.148 - - [21/Jul/2026:17:41:58 +0000] "POST /wp-cron.php?doing_wp_cron=1784655718.3028459548950195312500 HTTP/1.1" 200 - "-" "WordPress/7.0.2; https://salemconcept.shop"
223.228.77.76 - - [21/Jul/2026:17:41:55 +0000] "POST /xmlrpc.php HTTP/1.1" 200 403 "-" "Mozilla/5.0 (Macintosh; Intel Mac OS X 10_15_7; x86) AppleWebKit/537.36 (KHTML, like Gecko) Safari/13.0.0.0 Safari/537.36"
223.228.77.76 - - [21/Jul/2026:17:42:17 +0000] "POST /xmlrpc.php HTTP/1.1" 200 403 "-" "Mozilla/5.0 (Windows NT 6.3; x86) AppleWebKit/537.36 (KHTML, like Gecko) Chrome/85.0.0.0 Safari/537.36"
198.177.124.148 - - [21/Jul/2026:17:42:49 +0000] "POST /wp-cron.php?doing_wp_cron=1784655769.0509569644927978515625 HTTP/1.1" 200 - "-" "WordPress/7.0.2; https://salemconcept.shop"
223.228.77.76 - - [21/Jul/2026:17:42:47 +0000] "POST /xmlrpc.php HTTP/1.1" 200 403 "-" "Mozilla/5.0 (Macintosh; Intel Mac OS X 10_15_7; x64) AppleWebKit/537.36 (KHTML, like Gecko) Chrome/100.0.0.0 Safari/537.36"
223.228.77.76 - - [21/Jul/2026:17:43:07 +0000] "POST /xmlrpc.php HTTP/1.1" 200 403 "-" "Mozilla/5.0 (X11; Ubuntu; Linux x86_64; x64) AppleWebKit/537.36 (KHTML, like Gecko) Safari/11.0.0.0 Safari/537.36"
223.228.77.76 - - [21/Jul/2026:17:43:33 +0000] "POST /xmlrpc.php HTTP/1.1" 200 403 "-" "Mozilla/5.0 (Windows NT 6.3; x64) AppleWebKit/537.36 (KHTML, like Gecko) Edge/80.0.0.0 Safari/537.36"
198.177.124.148 - - [21/Jul/2026:17:43:53 +0000] "POST /wp-cron.php?doing_wp_cron=1784655833.0815880298614501953125 HTTP/1.1" 200 - "-" "WordPress/7.0.2; https://salemconcept.shop"
13.60.224.18 - - [21/Jul/2026:17:43:51 +0000] "POST /wp-login.php HTTP/1.1" 200 5127 "-" "Mozilla/5.0 (Windows NT 10.0; Win64; x64) AppleWebKit/537.36 Chrome/129.0.0.0 Safari/537.36"
223.228.77.76 - - [21/Jul/2026:17:43:56 +0000] "POST /xmlrpc.php HTTP/1.1" 200 403 "-" "Mozilla/5.0 (Windows NT 10.0; x64) AppleWebKit/537.36 (KHTML, like Gecko) Edge/91.0.0.0 Safari/537.36"
66.249.77.2 - - [21/Jul/2026:17:44:07 +0000] "GET /?u=28438294474 HTTP/1.1" 200 97035 "-" "Mozilla/5.0 (Linux; Android 6.0.1; Nexus 5X Build/MMB29P) AppleWebKit/537.36 (KHTML, like Gecko) Chrome/150.0.7871.128 Mobile Safari/537.36 (compatible; GoogleOther)"
223.228.77.76 - - [21/Jul/2026:17:44:29 +0000] "POST /xmlrpc.php HTTP/1.1" 200 403 "-" "Mozilla/5.0 (Linux; Android 10; x64) AppleWebKit/537.36 (KHTML, like Gecko) Safari/14.0.0.0 Safari/537.36"
198.177.124.148 - - [21/Jul/2026:17:44:56 +0000] "POST /wp-cron.php?doing_wp_cron=1784655896.5090289115905761718750 HTTP/1.1" 200 - "-" "WordPress/7.0.2; https://salemconcept.shop"
223.228.77.76 - - [21/Jul/2026:17:44:55 +0000] "POST /xmlrpc.php HTTP/1.1" 200 403 "-" "Mozilla/5.0 (Linux; Android 10; x86) AppleWebKit/537.36 (KHTML, like Gecko) Safari/10.0.0.0 Safari/537.36"
223.228.77.76 - - [21/Jul/2026:17:45:18 +0000] "POST /xmlrpc.php HTTP/1.1" 200 403 "-" "Mozilla/5.0 (Windows NT 10.0; x86) AppleWebKit/537.36 (KHTML, like Gecko) Safari/11.0.0.0 Safari/537.36"
223.228.77.76 - - [21/Jul/2026:17:45:41 +0000] "POST /xmlrpc.php HTTP/1.1" 200 403 "-" "Mozilla/5.0 (Linux; Android 10; x86) AppleWebKit/537.36 (KHTML, like Gecko) Firefox/79.0.0.0 Safari/537.36"
198.177.124.148 - - [21/Jul/2026:17:45:51 +0000] "POST /wp-cron.php?doing_wp_cron=1784655951.0806610584259033203125 HTTP/1.1" 200 - "-" "WordPress/7.0.2; https://salemconcept.shop"
144.34.182.81 - - [21/Jul/2026:17:45:50 +0000] "GET / HTTP/1.1" 301 - "-" "Mozilla/5.0 (Windows NT 10.0; Win64; x64) AppleWebKit/537.36 (KHTML, like Gecko) Chrome/120.0.0.0 Safari/537.36"
223.228.77.76 - - [21/Jul/2026:17:46:09 +0000] "POST /xmlrpc.php HTTP/1.1" 200 403 "-" "Mozilla/5.0 (Windows NT 10.0; x86) AppleWebKit/537.36 (KHTML, like Gecko) Edge/84.0.0.0 Safari/537.36"
198.177.124.148 - - [21/Jul/2026:17:46:55 +0000] "POST /wp-cron.php?doing_wp_cron=1784656015.3756968975067138671875 HTTP/1.1" 200 - "-" "WordPress/7.0.2; https://salemconcept.shop"
223.228.77.76 - - [21/Jul/2026:17:46:53 +0000] "POST /xmlrpc.php HTTP/1.1" 200 403 "-" "Mozilla/5.0 (Windows NT 10.0; arm64) AppleWebKit/537.36 (KHTML, like Gecko) Firefox/86.0.0.0 Safari/537.36"
223.228.77.76 - - [21/Jul/2026:17:47:17 +0000] "POST /xmlrpc.php HTTP/1.1" 200 403 "-" "Mozilla/5.0 (Windows NT 6.3; x64) AppleWebKit/537.36 (KHTML, like Gecko) Opera/61.0.0.0 Safari/537.36"
13.60.224.18 - - [21/Jul/2026:17:47:31 +0000] "POST /wp-login.php HTTP/1.1" 200 5127 "-" "Mozilla/5.0 (Windows NT 10.0; Win64; rv:143.0) Gecko/20100101 Firefox/143.0"
223.228.77.76 - - [21/Jul/2026:17:47:37 +0000] "POST /xmlrpc.php HTTP/1.1" 200 403 "-" "Mozilla/5.0 (X11; Ubuntu; Linux x86_64; x64) AppleWebKit/537.36 (KHTML, like Gecko) Chrome/110.0.0.0 Safari/537.36"
198.177.124.148 - - [21/Jul/2026:17:48:04 +0000] "POST /wp-cron.php?doing_wp_cron=1784656084.7092430591583251953125 HTTP/1.1" 200 - "-" "WordPress/7.0.2; https://salemconcept.shop"
223.228.77.76 - - [21/Jul/2026:17:48:03 +0000] "POST /xmlrpc.php HTTP/1.1" 200 403 "-" "Mozilla/5.0 (Windows NT 10.0; x86) AppleWebKit/537.36 (KHTML, like Gecko) Edge/84.0.0.0 Safari/537.36"
223.228.77.76 - - [21/Jul/2026:17:48:23 +0000] "POST /xmlrpc.php HTTP/1.1" 200 403 "-" "Mozilla/5.0 (X11; Ubuntu; Linux x86_64; x64) AppleWebKit/537.36 (KHTML, like Gecko) Chrome/84.0.0.0 Safari/537.36"
66.249.77.3 - - [21/Jul/2026:17:48:41 +0000] "GET /?l=106976444 HTTP/1.1" 200 97035 "-" "Mozilla/5.0 (Linux; Android 6.0.1; Nexus 5X Build/MMB29P) AppleWebKit/537.36 (KHTML, like Gecko) Chrome/150.0.7871.128 Mobile Safari/537.36 (compatible; GoogleOther)"
223.228.77.76 - - [21/Jul/2026:17:48:45 +0000] "POST /xmlrpc.php HTTP/1.1" 200 403 "-" "Mozilla/5.0 (Windows NT 10.0; arm64) AppleWebKit/537.36 (KHTML, like Gecko) Edge/95.0.0.0 Safari/537.36"
198.177.124.148 - - [21/Jul/2026:17:49:04 +0000] "POST /wp-cron.php?doing_wp_cron=1784656144.6255729198455810546875 HTTP/1.1" 200 - "-" "WordPress/7.0.2; https://salemconcept.shop"
223.228.77.76 - - [21/Jul/2026:17:49:03 +0000] "POST /xmlrpc.php HTTP/1.1" 200 403 "-" "Mozilla/5.0 (Macintosh; Intel Mac OS X 10_15_7; arm64) AppleWebKit/537.36 (KHTML, like Gecko) Opera/72.0.0.0 Safari/537.36"
223.228.77.76 - - [21/Jul/2026:17:49:21 +0000] "POST /xmlrpc.php HTTP/1.1" 200 403 "-" "Mozilla/5.0 (Windows NT 6.3; x86) AppleWebKit/537.36 (KHTML, like Gecko) Edge/87.0.0.0 Safari/537.36"
223.228.77.76 - - [21/Jul/2026:17:49:40 +0000] "POST /xmlrpc.php HTTP/1.1" 200 403 "-" "Mozilla/5.0 (Windows NT 10.0; x64) AppleWebKit/537.36 (KHTML, like Gecko) Opera/67.0.0.0 Safari/537.36"
198.177.124.148 - - [21/Jul/2026:18:02:07 +0000] "POST /wp-cron.php?doing_wp_cron=1784656927.4242610931396484375000 HTTP/1.1" 200 - "-" "WordPress/7.0.2; https://salemconcept.shop"
66.249.77.3 - - [21/Jul/2026:18:02:05 +0000] "GET /?j=88487112328 HTTP/1.1" 200 97035 "-" "Mozilla/5.0 (Linux; Android 6.0.1; Nexus 5X Build/MMB29P) AppleWebKit/537.36 (KHTML, like Gecko) Chrome/150.0.7871.128 Mobile Safari/537.36 (compatible; GoogleOther)"
66.249.72.233 - - [21/Jul/2026:18:02:07 +0000] "GET /robots.txt HTTP/1.1" 301 - "-" "Mozilla/5.0 (compatible; Googlebot/2.1; +http://www.google.com/bot.html)"
198.177.124.148 - - [21/Jul/2026:18:03:09 +0000] "POST /wp-cron.php?doing_wp_cron=1784656989.2613260746002197265625 HTTP/1.1" 200 - "-" "WordPress/7.0.2; https://salemconcept.shop"
66.249.72.235 - - [21/Jul/2026:18:03:06 +0000] "GET /?j=88487170672 HTTP/1.1" 301 - "-" "Mozilla/5.0 (Linux; Android 6.0.1; Nexus 5X Build/MMB29P) AppleWebKit/537.36 (KHTML, like Gecko) Chrome/150.0.7871.128 Mobile Safari/537.36 (compatible; GoogleOther)"
198.177.124.148 - - [21/Jul/2026:18:03:50 +0000] "POST /wp-cron.php?doing_wp_cron=1784657030.3570470809936523437500 HTTP/1.1" 200 - "-" "WordPress/7.0.2; https://salemconcept.shop"
66.249.77.2 - - [21/Jul/2026:18:03:48 +0000] "GET /?j=88487234321 HTTP/1.1" 200 97035 "-" "Mozilla/5.0 (Linux; Android 6.0.1; Nexus 5X Build/MMB29P) AppleWebKit/537.36 (KHTML, like Gecko) Chrome/150.0.7871.128 Mobile Safari/537.36 (compatible; GoogleOther)"
66.249.77.1 - - [21/Jul/2026:18:04:13 +0000] "GET /?j=88487170672 HTTP/1.1" 200 97035 "-" "Mozilla/5.0 (Linux; Android 6.0.1; Nexus 5X Build/MMB29P) AppleWebKit/537.36 (KHTML, like Gecko) Chrome/150.0.7871.128 Mobile Safari/537.36 (compatible; GoogleOther)"
198.177.124.148 - - [21/Jul/2026:18:05:06 +0000] "POST /wp-cron.php?doing_wp_cron=1784657106.8159639835357666015625 HTTP/1.1" 200 - "-" "WordPress/7.0.2; https://salemconcept.shop"
66.249.77.3 - - [21/Jul/2026:18:05:04 +0000] "GET /?j=8848777460 HTTP/1.1" 200 97035 "-" "Mozilla/5.0 (Linux; Android 6.0.1; Nexus 5X Build/MMB29P) AppleWebKit/537.36 (KHTML, like Gecko) Chrome/150.0.7871.128 Mobile Safari/537.36 (compatible; GoogleOther)"
84.32.41.136 - - [21/Jul/2026:18:05:52 +0000] "GET /cars/ HTTP/1.1" 200 82402 "http://salemconcept.shop" "Mozilla/5.0 (Macintosh; Intel Mac OS X 10_15_7) AppleWebKit/537.36"
84.32.41.136 - - [21/Jul/2026:18:05:57 +0000] "GET /massager/ HTTP/1.1" 200 81932 "http://salemconcept.shop" "Mozilla/5.0 (Macintosh; Intel Mac OS X 10_15_7) AppleWebKit/537.36"
84.32.41.136 - - [21/Jul/2026:18:06:01 +0000] "GET /power-bank/ HTTP/1.1" 200 81956 "http://salemconcept.shop" "Mozilla/5.0 (Macintosh; Intel Mac OS X 10_15_7) AppleWebKit/537.36"
84.32.41.136 - - [21/Jul/2026:18:06:05 +0000] "GET /sample-page/ HTTP/1.1" 200 84613 "http://salemconcept.shop" "Mozilla/5.0 (Macintosh; Intel Mac OS X 10_15_7) AppleWebKit/537.36"
84.32.41.136 - - [21/Jul/2026:18:06:09 +0000] "GET /hello-world/ HTTP/1.1" 200 104672 "http://salemconcept.shop" "Mozilla/5.0 (Macintosh; Intel Mac OS X 10_15_7) AppleWebKit/537.36"
84.32.41.136 - - [21/Jul/2026:18:06:13 +0000] "GET /author/admin/ HTTP/1.1" 200 87277 "http://salemconcept.shop" "Mozilla/5.0 (Macintosh; Intel Mac OS X 10_15_7) AppleWebKit/537.36"
84.32.41.136 - - [21/Jul/2026:18:06:18 +0000] "GET /category/uncategorized/ HTTP/1.1" 200 87382 "http://salemconcept.shop" "Mozilla/5.0 (Macintosh; Intel Mac OS X 10_15_7) AppleWebKit/537.36"
84.32.41.136 - - [21/Jul/2026:18:06:21 +0000] "GET / HTTP/1.1" 200 97034 "http://salemconcept.shop" "Mozilla/5.0 (Macintosh; Intel Mac OS X 10_15_7) AppleWebKit/537.36"
84.32.41.136 - - [21/Jul/2026:18:06:25 +0000] "GET /comments/feed/ HTTP/1.1" 200 1641 "http://salemconcept.shop" "Mozilla/5.0 (Macintosh; Intel Mac OS X 10_15_7) AppleWebKit/537.36"
84.32.41.136 - - [21/Jul/2026:18:06:27 +0000] "GET /xmlrpc.php?rsd HTTP/1.1" 200 816 "http://salemconcept.shop" "Mozilla/5.0 (Macintosh; Intel Mac OS X 10_15_7) AppleWebKit/537.36"
84.32.41.136 - - [21/Jul/2026:18:06:28 +0000] "GET /feed/ HTTP/1.1" 200 1675 "http://salemconcept.shop" "Mozilla/5.0 (Macintosh; Intel Mac OS X 10_15_7) AppleWebKit/537.36"
84.32.41.136 - - [21/Jul/2026:18:06:30 +0000] "GET /wp-json/pys-facebook/v1/event HTTP/1.1" 404 114 "http://salemconcept.shop" "Mozilla/5.0 (Macintosh; Intel Mac OS X 10_15_7) AppleWebKit/537.36"
84.32.41.136 - - [21/Jul/2026:18:06:32 +0000] "GET /wp-admin/admin-ajax.php HTTP/1.1" 400 1 "http://salemconcept.shop" "Mozilla/5.0 (Macintosh; Intel Mac OS X 10_15_7) AppleWebKit/537.36"
66.249.77.2 - - [21/Jul/2026:18:06:34 +0000] "GET /?l=10697184568 HTTP/1.1" 200 97035 "-" "Mozilla/5.0 (Linux; Android 6.0.1; Nexus 5X Build/MMB29P) AppleWebKit/537.36 (KHTML, like Gecko) Chrome/150.0.7871.128 Mobile Safari/537.36 (compatible; GoogleOther)"
84.32.41.136 - - [21/Jul/2026:18:06:35 +0000] "GET /wp-json/ HTTP/1.1" 200 266801 "http://salemconcept.shop" "Mozilla/5.0 (Macintosh; Intel Mac OS X 10_15_7) AppleWebKit/537.36"
198.177.124.148 - - [21/Jul/2026:18:08:06 +0000] "POST /wp-cron.php?doing_wp_cron=1784657286.0722999572753906250000 HTTP/1.1" 200 - "-" "WordPress/7.0.2; https://salemconcept.shop"
66.249.77.3 - - [21/Jul/2026:18:08:03 +0000] "GET /?j=88487136645 HTTP/1.1" 200 97035 "-" "Mozilla/5.0 (Linux; Android 6.0.1; Nexus 5X Build/MMB29P) AppleWebKit/537.36 (KHTML, like Gecko) Chrome/150.0.7871.128 Mobile Safari/537.36 (compatible; GoogleOther)"
198.177.124.148 - - [21/Jul/2026:18:09:59 +0000] "POST /wp-cron.php?doing_wp_cron=1784657399.1928830146789550781250 HTTP/1.1" 200 - "-" "WordPress/7.0.2; https://salemconcept.shop"
