102.89.43.249 - - [22/Jul/2026:09:58:37 +0000] "GET /wp-content/plugins/elementor/assets/js/dev-tools.min.js?ver=4.1.5 HTTP/1.1" 304 - "https://salemconcept.shop/wp-admin/" "Mozilla/5.0 (Windows NT 10.0; Win64; x64) AppleWebKit/537.36 (KHTML, like Gecko) Chrome/150.0.0.0 Safari/537.36"
102.89.43.249 - - [22/Jul/2026:09:58:37 +0000] "GET /wp-content/plugins/elementor/assets/lib/dialog/dialog.min.js?ver=4.9.0 HTTP/1.1" 304 - "https://salemconcept.shop/wp-admin/" "Mozilla/5.0 (Windows NT 10.0; Win64; x64) AppleWebKit/537.36 (KHTML, like Gecko) Chrome/150.0.0.0 Safari/537.36"
102.89.43.249 - - [22/Jul/2026:09:58:37 +0000] "GET /wp-includes/js/dist/dom.min.js?ver=66a6cf58e0c4cd128af0 HTTP/1.1" 304 - "https://salemconcept.shop/wp-admin/" "Mozilla/5.0 (Windows NT 10.0; Win64; x64) AppleWebKit/537.36 (KHTML, like Gecko) Chrome/150.0.0.0 Safari/537.36"
102.89.43.249 - - [22/Jul/2026:09:58:37 +0000] "GET /wp-includes/js/dist/escape-html.min.js?ver=3f093e5cca67aa0f8b56 HTTP/1.1" 304 - "https://salemconcept.shop/wp-admin/" "Mozilla/5.0 (Windows NT 10.0; Win64; x64) AppleWebKit/537.36 (KHTML, like Gecko) Chrome/150.0.0.0 Safari/537.36"
102.89.43.249 - - [22/Jul/2026:09:58:37 +0000] "GET /wp-content/plugins/elementor/assets/lib/eicons/fonts/eicons.woff2?5.50.0 HTTP/1.1" 304 - "https://salemconcept.shop/wp-content/plugins/elementor/assets/lib/eicons/css/elementor-icons.min.css?ver=5.50.0" "Mozilla/5.0 (Windows NT 10.0; Win64; x64) AppleWebKit/537.36 (KHTML, like Gecko) Chrome/150.0.0.0 Safari/537.36"
102.89.43.249 - - [22/Jul/2026:09:58:37 +0000] "GET /wp-includes/js/dist/element.min.js?ver=15ba804677f72a8db97b HTTP/1.1" 304 - "https://salemconcept.shop/wp-admin/" "Mozilla/5.0 (Windows NT 10.0; Win64; x64) AppleWebKit/537.36 (KHTML, like Gecko) Chrome/150.0.0.0 Safari/537.36"
102.89.43.249 - - [22/Jul/2026:09:58:37 +0000] "GET /wp-content/plugins/elementor/assets/js/app-loader.min.js?ver=4.1.5 HTTP/1.1" 304 - "https://salemconcept.shop/wp-admin/" "Mozilla/5.0 (Windows NT 10.0; Win64; x64) AppleWebKit/537.36 (KHTML, like Gecko) Chrome/150.0.0.0 Safari/537.36"
102.89.43.249 - - [22/Jul/2026:09:58:38 +0000] "GET /wp-includes/js/dist/is-shallow-equal.min.js?ver=5d84b9f3cb50d2ce7d04 HTTP/1.1" 304 - "https://salemconcept.shop/wp-admin/" "Mozilla/5.0 (Windows NT 10.0; Win64; x64) AppleWebKit/537.36 (KHTML, like Gecko) Chrome/150.0.0.0 Safari/537.36"
102.89.43.249 - - [22/Jul/2026:09:58:38 +0000] "GET /wp-includes/js/dist/keycodes.min.js?ver=aa1a141e3468afe7f852 HTTP/1.1" 304 - "https://salemconcept.shop/wp-admin/" "Mozilla/5.0 (Windows NT 10.0; Win64; x64) AppleWebKit/537.36 (KHTML, like Gecko) Chrome/150.0.0.0 Safari/537.36"
102.89.43.249 - - [22/Jul/2026:09:58:38 +0000] "GET /wp-includes/js/dist/priority-queue.min.js?ver=1f0e89e247bc0bd3f9b9 HTTP/1.1" 304 - "https://salemconcept.shop/wp-admin/" "Mozilla/5.0 (Windows NT 10.0; Win64; x64) AppleWebKit/537.36 (KHTML, like Gecko) Chrome/150.0.0.0 Safari/537.36"
102.89.43.249 - - [22/Jul/2026:09:58:38 +0000] "GET /wp-includes/js/dist/primitives.min.js?ver=a5c905ec27bcd76ef287 HTTP/1.1" 304 - "https://salemconcept.shop/wp-admin/" "Mozilla/5.0 (Windows NT 10.0; Win64; x64) AppleWebKit/537.36 (KHTML, like Gecko) Chrome/150.0.0.0 Safari/537.36"
102.89.43.249 - - [22/Jul/2026:09:58:38 +0000] "GET /wp-includes/js/dist/html-entities.min.js?ver=8c6fa5b869dfeadc4af2 HTTP/1.1" 304 - "https://salemconcept.shop/wp-admin/" "Mozilla/5.0 (Windows NT 10.0; Win64; x64) AppleWebKit/537.36 (KHTML, like Gecko) Chrome/150.0.0.0 Safari/537.36"
102.89.43.249 - - [22/Jul/2026:09:58:38 +0000] "GET /wp-includes/js/dist/undo-manager.min.js?ver=27bb0ae036a2c9d4a1b5 HTTP/1.1" 304 - "https://salemconcept.shop/wp-admin/" "Mozilla/5.0 (Windows NT 10.0; Win64; x64) AppleWebKit/537.36 (KHTML, like Gecko) Chrome/150.0.0.0 Safari/537.36"
102.89.43.249 - - [22/Jul/2026:09:58:38 +0000] "GET /wp-includes/js/dist/private-apis.min.js?ver=835912f0086b9e59aed4 HTTP/1.1" 304 - "https://salemconcept.shop/wp-admin/" "Mozilla/5.0 (Windows NT 10.0; Win64; x64) AppleWebKit/537.36 (KHTML, like Gecko) Chrome/150.0.0.0 Safari/537.36"
102.89.43.249 - - [22/Jul/2026:09:58:38 +0000] "GET /wp-includes/js/dist/redux-routine.min.js?ver=64f9f5001aabc046c605 HTTP/1.1" 304 - "https://salemconcept.shop/wp-admin/" "Mozilla/5.0 (Windows NT 10.0; Win64; x64) AppleWebKit/537.36 (KHTML, like Gecko) Chrome/150.0.0.0 Safari/537.36"
102.89.43.249 - - [22/Jul/2026:09:58:38 +0000] "GET /wp-includes/js/dist/compose.min.js?ver=fbe37f6b46750554f947 HTTP/1.1" 304 - "https://salemconcept.shop/wp-admin/" "Mozilla/5.0 (Windows NT 10.0; Win64; x64) AppleWebKit/537.36 (KHTML, like Gecko) Chrome/150.0.0.0 Safari/537.36"
102.89.43.249 - - [22/Jul/2026:09:58:39 +0000] "GET /wp-includes/js/dist/rich-text.min.js?ver=16449e6108f48327f368 HTTP/1.1" 304 - "https://salemconcept.shop/wp-admin/" "Mozilla/5.0 (Windows NT 10.0; Win64; x64) AppleWebKit/537.36 (KHTML, like Gecko) Chrome/150.0.0.0 Safari/537.36"
102.89.43.249 - - [22/Jul/2026:09:58:39 +0000] "GET /wp-includes/js/dist/data.min.js?ver=1756b6a2676c1b3369ab HTTP/1.1" 304 - "https://salemconcept.shop/wp-admin/" "Mozilla/5.0 (Windows NT 10.0; Win64; x64) AppleWebKit/537.36 (KHTML, like Gecko) Chrome/150.0.0.0 Safari/537.36"
102.89.43.249 - - [22/Jul/2026:09:58:39 +0000] "GET /wp-includes/js/dist/warning.min.js?ver=36fdbdc984d93aee8a97 HTTP/1.1" 304 - "https://salemconcept.shop/wp-admin/" "Mozilla/5.0 (Windows NT 10.0; Win64; x64) AppleWebKit/537.36 (KHTML, like Gecko) Chrome/150.0.0.0 Safari/537.36"
102.89.43.249 - - [22/Jul/2026:09:58:39 +0000] "GET /wp-includes/js/dist/components.min.js?ver=5dedfe13f08880193a28 HTTP/1.1" 304 - "https://salemconcept.shop/wp-admin/" "Mozilla/5.0 (Windows NT 10.0; Win64; x64) AppleWebKit/537.36 (KHTML, like Gecko) Chrome/150.0.0.0 Safari/537.36"
102.89.43.249 - - [22/Jul/2026:09:58:39 +0000] "GET /wp-includes/js/dist/keyboard-shortcuts.min.js?ver=2ed78d3b4c23f38804e0 HTTP/1.1" 304 - "https://salemconcept.shop/wp-admin/" "Mozilla/5.0 (Windows NT 10.0; Win64; x64) AppleWebKit/537.36 (KHTML, like Gecko) Chrome/150.0.0.0 Safari/537.36"
102.89.43.249 - - [22/Jul/2026:09:58:39 +0000] "GET /wp-includes/js/dist/commands.min.js?ver=e3d8bba53f4ffea4fcd2 HTTP/1.1" 304 - "https://salemconcept.shop/wp-admin/" "Mozilla/5.0 (Windows NT 10.0; Win64; x64) AppleWebKit/537.36 (KHTML, like Gecko) Chrome/150.0.0.0 Safari/537.36"
102.89.43.249 - - [22/Jul/2026:09:58:39 +0000] "GET /wp-includes/js/dist/autop.min.js?ver=9d0d0901b46f0a9027c9 HTTP/1.1" 304 - "https://salemconcept.shop/wp-admin/" "Mozilla/5.0 (Windows NT 10.0; Win64; x64) AppleWebKit/537.36 (KHTML, like Gecko) Chrome/150.0.0.0 Safari/537.36"
102.89.43.249 - - [22/Jul/2026:09:58:39 +0000] "GET /wp-includes/js/dist/api-fetch.min.js?ver=d7efe4dc1468d36c39b8 HTTP/1.1" 304 - "https://salemconcept.shop/wp-admin/" "Mozilla/5.0 (Windows NT 10.0; Win64; x64) AppleWebKit/537.36 (KHTML, like Gecko) Chrome/150.0.0.0 Safari/537.36"
102.89.43.249 - - [22/Jul/2026:09:58:39 +0000] "GET /wp-includes/js/dist/shortcode.min.js?ver=11742fe18cc215d3d5ab HTTP/1.1" 304 - "https://salemconcept.shop/wp-admin/" "Mozilla/5.0 (Windows NT 10.0; Win64; x64) AppleWebKit/537.36 (KHTML, like Gecko) Chrome/150.0.0.0 Safari/537.36"
102.89.43.249 - - [22/Jul/2026:09:58:39 +0000] "GET /wp-includes/js/dist/blob.min.js?ver=198af75fe06d924090d8 HTTP/1.1" 304 - "https://salemconcept.shop/wp-admin/" "Mozilla/5.0 (Windows NT 10.0; Win64; x64) AppleWebKit/537.36 (KHTML, like Gecko) Chrome/150.0.0.0 Safari/537.36"
102.89.43.249 - - [22/Jul/2026:09:58:39 +0000] "GET /wp-includes/js/dist/block-serialization-default-parser.min.js?ver=bff55bd3f1ce9df0c99c HTTP/1.1" 304 - "https://salemconcept.shop/wp-admin/" "Mozilla/5.0 (Windows NT 10.0; Win64; x64) AppleWebKit/537.36 (KHTML, like Gecko) Chrome/150.0.0.0 Safari/537.36"
102.89.43.249 - - [22/Jul/2026:09:58:39 +0000] "GET /wp-includes/js/dist/blocks.min.js?ver=ef38e42500165bfda301 HTTP/1.1" 304 - "https://salemconcept.shop/wp-admin/" "Mozilla/5.0 (Windows NT 10.0; Win64; x64) AppleWebKit/537.36 (KHTML, like Gecko) Chrome/150.0.0.0 Safari/537.36"
102.89.43.249 - - [22/Jul/2026:09:58:40 +0000] "GET /wp-includes/js/dist/notices.min.js?ver=218d0173a31ae7269246 HTTP/1.1" 304 - "https://salemconcept.shop/wp-admin/" "Mozilla/5.0 (Windows NT 10.0; Win64; x64) AppleWebKit/537.36 (KHTML, like Gecko) Chrome/150.0.0.0 Safari/537.36"
102.89.43.249 - - [22/Jul/2026:09:58:40 +0000] "GET /wp-includes/js/dist/preferences.min.js?ver=035813168e404aa30193 HTTP/1.1" 304 - "https://salemconcept.shop/wp-admin/" "Mozilla/5.0 (Windows NT 10.0; Win64; x64) AppleWebKit/537.36 (KHTML, like Gecko) Chrome/150.0.0.0 Safari/537.36"
102.89.43.249 - - [22/Jul/2026:09:58:40 +0000] "GET /wp-includes/js/dist/preferences-persistence.min.js?ver=e8033be98338d1861bca HTTP/1.1" 304 - "https://salemconcept.shop/wp-admin/" "Mozilla/5.0 (Windows NT 10.0; Win64; x64) AppleWebKit/537.36 (KHTML, like Gecko) Chrome/150.0.0.0 Safari/537.36"
102.89.43.249 - - [22/Jul/2026:09:58:40 +0000] "GET /wp-includes/js/dist/theme.min.js?ver=e22ce547a4420507b323 HTTP/1.1" 304 - "https://salemconcept.shop/wp-admin/" "Mozilla/5.0 (Windows NT 10.0; Win64; x64) AppleWebKit/537.36 (KHTML, like Gecko) Chrome/150.0.0.0 Safari/537.36"
102.89.43.249 - - [22/Jul/2026:09:58:40 +0000] "GET /wp-includes/js/dist/style-engine.min.js?ver=faa37ce61b7ec8394b2a HTTP/1.1" 304 - "https://salemconcept.shop/wp-admin/" "Mozilla/5.0 (Windows NT 10.0; Win64; x64) AppleWebKit/537.36 (KHTML, like Gecko) Chrome/150.0.0.0 Safari/537.36"
102.89.43.249 - - [22/Jul/2026:09:58:40 +0000] "GET /wp-includes/js/dist/token-list.min.js?ver=16f0aebdd39d87c2a84b HTTP/1.1" 304 - "https://salemconcept.shop/wp-admin/" "Mozilla/5.0 (Windows NT 10.0; Win64; x64) AppleWebKit/537.36 (KHTML, like Gecko) Chrome/150.0.0.0 Safari/537.36"
102.89.43.249 - - [22/Jul/2026:09:58:40 +0000] "GET /wp-includes/js/dist/upload-media.min.js?ver=d359c2cccf866d7082d2 HTTP/1.1" 304 - "https://salemconcept.shop/wp-admin/" "Mozilla/5.0 (Windows NT 10.0; Win64; x64) AppleWebKit/537.36 (KHTML, like Gecko) Chrome/150.0.0.0 Safari/537.36"
102.89.43.249 - - [22/Jul/2026:09:58:41 +0000] "GET /wp-includes/js/dist/router.min.js?ver=0249e6724784b1c2583b HTTP/1.1" 304 - "https://salemconcept.shop/wp-admin/" "Mozilla/5.0 (Windows NT 10.0; Win64; x64) AppleWebKit/537.36 (KHTML, like Gecko) Chrome/150.0.0.0 Safari/537.36"
102.89.43.249 - - [22/Jul/2026:09:58:41 +0000] "GET /wp-includes/js/dist/block-editor.min.js?ver=f3d941bcb2e86c269881 HTTP/1.1" 304 - "https://salemconcept.shop/wp-admin/" "Mozilla/5.0 (Windows NT 10.0; Win64; x64) AppleWebKit/537.36 (KHTML, like Gecko) Chrome/150.0.0.0 Safari/537.36"
102.89.43.249 - - [22/Jul/2026:09:58:41 +0000] "GET /wp-includes/js/dist/core-commands.min.js?ver=b209152e7e51279d7c28 HTTP/1.1" 304 - "https://salemconcept.shop/wp-admin/" "Mozilla/5.0 (Windows NT 10.0; Win64; x64) AppleWebKit/537.36 (KHTML, like Gecko) Chrome/150.0.0.0 Safari/537.36"
102.89.43.249 - - [22/Jul/2026:09:58:41 +0000] "GET /wp-content/plugins/elementor/vendor/elementor/wp-one-package/assets/build/common.js?ver=1f031a48279dd8a7d4bd HTTP/1.1" 304 - "https://salemconcept.shop/wp-admin/" "Mozilla/5.0 (Windows NT 10.0; Win64; x64) AppleWebKit/537.36 (KHTML, like Gecko) Chrome/150.0.0.0 Safari/537.36"
102.89.43.249 - - [22/Jul/2026:09:58:41 +0000] "GET /wp-includes/js/dist/core-data.min.js?ver=89931f90e4df5eb5f8a3 HTTP/1.1" 304 - "https://salemconcept.shop/wp-admin/" "Mozilla/5.0 (Windows NT 10.0; Win64; x64) AppleWebKit/537.36 (KHTML, like Gecko) Chrome/150.0.0.0 Safari/537.36"
102.89.43.249 - - [22/Jul/2026:09:58:41 +0000] "GET /wp-content/plugins/elementor/vendor/elementor/wp-one-package/assets/build/manage-dashboard-widget.js?ver=fbf4651d9df10ea54d4b HTTP/1.1" 304 - "https://salemconcept.shop/wp-admin/" "Mozilla/5.0 (Windows NT 10.0; Win64; x64) AppleWebKit/537.36 (KHTML, like Gecko) Chrome/150.0.0.0 Safari/537.36"
102.89.43.249 - - [22/Jul/2026:09:58:41 +0000] "GET /wp-content/plugins/wpforms-lite/assets/lib/jquery.confirm/jquery-confirm.min.js?ver=1.0.0 HTTP/1.1" 304 - "https://salemconcept.shop/wp-admin/" "Mozilla/5.0 (Windows NT 10.0; Win64; x64) AppleWebKit/537.36 (KHTML, like Gecko) Chrome/150.0.0.0 Safari/537.36"
102.89.43.249 - - [22/Jul/2026:09:58:41 +0000] "GET /wp-content/plugins/wpforms-lite/assets/lite/js/admin/education/lite-connect.min.js?ver=2.0.0.2 HTTP/1.1" 304 - "https://salemconcept.shop/wp-admin/" "Mozilla/5.0 (Windows NT 10.0; Win64; x64) AppleWebKit/537.36 (KHTML, like Gecko) Chrome/150.0.0.0 Safari/537.36"
102.89.43.249 - - [22/Jul/2026:09:58:41 +0000] "GET /wp-content/plugins/elementor/assets/js/editor-one-menu.min.js?ver=4.1.5 HTTP/1.1" 304 - "https://salemconcept.shop/wp-admin/" "Mozilla/5.0 (Windows NT 10.0; Win64; x64) AppleWebKit/537.36 (KHTML, like Gecko) Chrome/150.0.0.0 Safari/537.36"
102.89.43.249 - - [22/Jul/2026:09:58:41 +0000] "GET /wp-content/plugins/elementor/assets/js/import-export-admin.min.js?ver=4.1.5 HTTP/1.1" 304 - "https://salemconcept.shop/wp-admin/" "Mozilla/5.0 (Windows NT 10.0; Win64; x64) AppleWebKit/537.36 (KHTML, like Gecko) Chrome/150.0.0.0 Safari/537.36"
102.89.43.249 - - [22/Jul/2026:09:58:42 +0000] "GET /wp-content/plugins/elementor/assets/js/import-export-customization-admin.min.js?ver=4.1.5 HTTP/1.1" 304 - "https://salemconcept.shop/wp-admin/" "Mozilla/5.0 (Windows NT 10.0; Win64; x64) AppleWebKit/537.36 (KHTML, like Gecko) Chrome/150.0.0.0 Safari/537.36"
102.89.43.249 - - [22/Jul/2026:09:58:42 +0000] "GET /wp-content/plugins/elementor/assets/js/admin.min.js?ver=4.1.5 HTTP/1.1" 304 - "https://salemconcept.shop/wp-admin/" "Mozilla/5.0 (Windows NT 10.0; Win64; x64) AppleWebKit/537.36 (KHTML, like Gecko) Chrome/150.0.0.0 Safari/537.36"
102.89.43.249 - - [22/Jul/2026:09:58:42 +0000] "GET /wp-content/plugins/elementor/assets/js/admin-modules.min.js?ver=4.1.5 HTTP/1.1" 304 - "https://salemconcept.shop/wp-admin/" "Mozilla/5.0 (Windows NT 10.0; Win64; x64) AppleWebKit/537.36 (KHTML, like Gecko) Chrome/150.0.0.0 Safari/537.36"
102.89.43.249 - - [22/Jul/2026:09:58:42 +0000] "GET /wp-content/plugins/elementor/assets/js/media-hints.min.js?ver=4.1.5 HTTP/1.1" 304 - "https://salemconcept.shop/wp-admin/" "Mozilla/5.0 (Windows NT 10.0; Win64; x64) AppleWebKit/537.36 (KHTML, like Gecko) Chrome/150.0.0.0 Safari/537.36"
102.89.43.249 - - [22/Jul/2026:09:58:42 +0000] "GET /wp-content/plugins/wpforms-lite/assets/lib/chart.min.js?ver=4.5.1 HTTP/1.1" 304 - "https://salemconcept.shop/wp-admin/" "Mozilla/5.0 (Windows NT 10.0; Win64; x64) AppleWebKit/537.36 (KHTML, like Gecko) Chrome/150.0.0.0 Safari/537.36"
102.89.43.249 - - [22/Jul/2026:09:58:42 +0000] "GET /wp-content/plugins/wpforms-lite/assets/lite/js/admin/dashboard-widget.min.js?ver=2.0.0.2 HTTP/1.1" 304 - "https://salemconcept.shop/wp-admin/" "Mozilla/5.0 (Windows NT 10.0; Win64; x64) AppleWebKit/537.36 (KHTML, like Gecko) Chrome/150.0.0.0 Safari/537.36"
102.89.43.249 - - [22/Jul/2026:09:58:42 +0000] "GET /wp-content/plugins/elementor/assets/js/e-conversion-banner.min.js?ver=4.1.5 HTTP/1.1" 304 - "https://salemconcept.shop/wp-admin/" "Mozilla/5.0 (Windows NT 10.0; Win64; x64) AppleWebKit/537.36 (KHTML, like Gecko) Chrome/150.0.0.0 Safari/537.36"
102.89.43.249 - - [22/Jul/2026:09:58:42 +0000] "GET /wp-content/plugins/elementor/assets/js/packages/schema/schema.min.js?ver=4.1.5 HTTP/1.1" 304 - "https://salemconcept.shop/wp-admin/" "Mozilla/5.0 (Windows NT 10.0; Win64; x64) AppleWebKit/537.36 (KHTML, like Gecko) Chrome/150.0.0.0 Safari/537.36"
102.89.43.249 - - [22/Jul/2026:09:58:42 +0000] "GET /wp-content/plugins/elementor/assets/js/packages/editor-mcp/editor-mcp.min.js?ver=4.1.5 HTTP/1.1" 304 - "https://salemconcept.shop/wp-admin/" "Mozilla/5.0 (Windows NT 10.0; Win64; x64) AppleWebKit/537.36 (KHTML, like Gecko) Chrome/150.0.0.0 Safari/537.36"
102.89.43.249 - - [22/Jul/2026:09:58:43 +0000] "GET /wp-content/plugins/elementor/assets/js/packages/elementor-mcp-common/elementor-mcp-common.min.js?ver=4.1.5 HTTP/1.1" 304 - "https://salemconcept.shop/wp-admin/" "Mozilla/5.0 (Windows NT 10.0; Win64; x64) AppleWebKit/537.36 (KHTML, like Gecko) Chrome/150.0.0.0 Safari/537.36"
102.89.43.249 - - [22/Jul/2026:09:58:43 +0000] "GET /wp-content/plugins/elementor/assets/js/packages/elementor-capabilities-mcp/elementor-capabilities-mcp.min.js?ver=4.1.5 HTTP/1.1" 304 - "https://salemconcept.shop/wp-admin/" "Mozilla/5.0 (Windows NT 10.0; Win64; x64) AppleWebKit/537.36 (KHTML, like Gecko) Chrome/150.0.0.0 Safari/537.36"
102.89.43.249 - - [22/Jul/2026:09:58:43 +0000] "GET /wp-content/plugins/wpforms-lite/assets/js/admin/splash/modal.min.js?ver=2.0.0.2 HTTP/1.1" 304 - "https://salemconcept.shop/wp-admin/" "Mozilla/5.0 (Windows NT 10.0; Win64; x64) AppleWebKit/537.36 (KHTML, like Gecko) Chrome/150.0.0.0 Safari/537.36"
198.177.124.148 - - [22/Jul/2026:09:58:48 +0000] "POST /wp-cron.php?doing_wp_cron=1784714328.3787488937377929687500 HTTP/1.1" 200 - "-" "WordPress/7.0.2; https://salemconcept.shop"
102.89.43.249 - - [22/Jul/2026:09:58:46 +0000] "POST /wp-admin/admin-ajax.php HTTP/1.1" 200 100 "https://salemconcept.shop/wp-admin/" "Mozilla/5.0 (Windows NT 10.0; Win64; x64) AppleWebKit/537.36 (KHTML, like Gecko) Chrome/150.0.0.0 Safari/537.36"
198.177.124.148 - - [22/Jul/2026:09:58:49 +0000] "POST /wp-cron.php?doing_wp_cron=1784714329.8400919437408447265625 HTTP/1.1" 200 - "-" "WordPress/7.0.2; https://salemconcept.shop"
102.89.43.249 - - [22/Jul/2026:09:58:46 +0000] "GET /wp-admin/admin-ajax.php?action=dashboard-widgets&widget=dashboard_primary&pagenow=dashboard HTTP/1.1" 200 909 "https://salemconcept.shop/wp-admin/" "Mozilla/5.0 (Windows NT 10.0; Win64; x64) AppleWebKit/537.36 (KHTML, like Gecko) Chrome/150.0.0.0 Safari/537.36"
102.89.43.249 - - [22/Jul/2026:09:59:47 +0000] "POST /wp-admin/admin-ajax.php HTTP/1.1" 200 47 "https://salemconcept.shop/wp-admin/" "Mozilla/5.0 (Windows NT 10.0; Win64; x64) AppleWebKit/537.36 (KHTML, like Gecko) Chrome/150.0.0.0 Safari/537.36"
198.177.124.148 - - [22/Jul/2026:10:00:08 +0000] "POST /wp-cron.php?doing_wp_cron=1784714408.0668609142303466796875 HTTP/1.1" 200 - "-" "WordPress/7.0.2; https://salemconcept.shop"
102.89.43.249 - - [22/Jul/2026:10:00:03 +0000] "GET /wp-admin/admin.php?page=elementor-home HTTP/1.1" 200 112817 "https://salemconcept.shop/wp-admin/" "Mozilla/5.0 (Windows NT 10.0; Win64; x64) AppleWebKit/537.36 (KHTML, like Gecko) Chrome/150.0.0.0 Safari/537.36"
102.89.43.249 - - [22/Jul/2026:10:00:11 +0000] "GET /wp-content/plugins/elementor/vendor/elementor/wp-one-package/assets/elementor-home/client.js?ver=1.0.66 HTTP/1.1" 200 539 "https://salemconcept.shop/wp-admin/admin.php?page=elementor-home" "Mozilla/5.0 (Windows NT 10.0; Win64; x64) AppleWebKit/537.36 (KHTML, like Gecko) Chrome/150.0.0.0 Safari/537.36"
102.89.43.249 - - [22/Jul/2026:10:00:12 +0000] "GET /wp-content/plugins/elementor/vendor/elementor/wp-one-package/assets/elementor-home/main.493781c8f3dc4ad5.js HTTP/1.1" 200 206 "https://salemconcept.shop/wp-admin/admin.php?page=elementor-home" "Mozilla/5.0 (Windows NT 10.0; Win64; x64) AppleWebKit/537.36 (KHTML, like Gecko) Chrome/150.0.0.0 Safari/537.36"
102.89.43.249 - - [22/Jul/2026:10:00:12 +0000] "GET /wp-content/plugins/elementor/vendor/elementor/wp-one-package/assets/elementor-home/runtime.f16ba7595f3a7d2e.js HTTP/1.1" 200 8999 "https://salemconcept.shop/wp-admin/admin.php?page=elementor-home" "Mozilla/5.0 (Windows NT 10.0; Win64; x64) AppleWebKit/537.36 (KHTML, like Gecko) Chrome/150.0.0.0 Safari/537.36"
102.89.43.249 - - [22/Jul/2026:10:00:13 +0000] "GET /wp-content/plugins/elementor/vendor/elementor/wp-one-package/assets/elementor-home/3992.f8c7d07998a4d477.js HTTP/1.1" 200 319408 "https://salemconcept.shop/wp-admin/admin.php?page=elementor-home" "Mozilla/5.0 (Windows NT 10.0; Win64; x64) AppleWebKit/537.36 (KHTML, like Gecko) Chrome/150.0.0.0 Safari/537.36"
102.89.43.249 - - [22/Jul/2026:10:00:14 +0000] "GET /wp-content/plugins/elementor/vendor/elementor/wp-one-package/assets/elementor-home/3992.45c73d39cc660287.css HTTP/1.1" 200 15793 "https://salemconcept.shop/wp-admin/admin.php?page=elementor-home" "Mozilla/5.0 (Windows NT 10.0; Win64; x64) AppleWebKit/537.36 (KHTML, like Gecko) Chrome/150.0.0.0 Safari/537.36"
102.89.43.249 - - [22/Jul/2026:10:00:13 +0000] "GET /wp-content/plugins/elementor/vendor/elementor/wp-one-package/assets/elementor-home/7158.f8b7f2b23bced13d.js HTTP/1.1" 200 2840763 "https://salemconcept.shop/wp-admin/admin.php?page=elementor-home" "Mozilla/5.0 (Windows NT 10.0; Win64; x64) AppleWebKit/537.36 (KHTML, like Gecko) Chrome/150.0.0.0 Safari/537.36"
102.89.43.249 - - [22/Jul/2026:10:00:21 +0000] "GET /wp-content/plugins/elementor/vendor/elementor/wp-one-package/assets/elementor-home/1228.a051b3ad5f4fd8e0.js HTTP/1.1" 200 456 "https://salemconcept.shop/wp-admin/admin.php?page=elementor-home" "Mozilla/5.0 (Windows NT 10.0; Win64; x64) AppleWebKit/537.36 (KHTML, like Gecko) Chrome/150.0.0.0 Safari/537.36"
102.89.43.249 - - [22/Jul/2026:10:00:22 +0000] "GET /wp-content/plugins/elementor/vendor/elementor/wp-one-package/assets/elementor-home/9199.3b0c99d031f59db5.js HTTP/1.1" 200 816 "https://salemconcept.shop/wp-admin/admin.php?page=elementor-home" "Mozilla/5.0 (Windows NT 10.0; Win64; x64) AppleWebKit/537.36 (KHTML, like Gecko) Chrome/150.0.0.0 Safari/537.36"
102.89.43.249 - - [22/Jul/2026:10:00:22 +0000] "GET /wp-content/plugins/elementor/vendor/elementor/wp-one-package/assets/elementor-home/120.49d77a0995e1394f.js HTTP/1.1" 200 773 "https://salemconcept.shop/wp-admin/admin.php?page=elementor-home" "Mozilla/5.0 (Windows NT 10.0; Win64; x64) AppleWebKit/537.36 (KHTML, like Gecko) Chrome/150.0.0.0 Safari/537.36"
102.89.43.249 - - [22/Jul/2026:10:00:22 +0000] "GET /wp-content/plugins/elementor/vendor/elementor/wp-one-package/assets/elementor-home/1081.329826ee40987d9c.js HTTP/1.1" 200 561 "https://salemconcept.shop/wp-admin/admin.php?page=elementor-home" "Mozilla/5.0 (Windows NT 10.0; Win64; x64) AppleWebKit/537.36 (KHTML, like Gecko) Chrome/150.0.0.0 Safari/537.36"
102.89.43.249 - - [22/Jul/2026:10:00:22 +0000] "GET /wp-json/elementor-one/v1/settings?sb_time=1784714632659&_locale=user HTTP/1.1" 200 254 "https://salemconcept.shop/wp-admin/admin.php?page=elementor-home" "Mozilla/5.0 (Windows NT 10.0; Win64; x64) AppleWebKit/537.36 (KHTML, like Gecko) Chrome/150.0.0.0 Safari/537.36"
102.89.43.249 - - [22/Jul/2026:10:00:25 +0000] "GET /wp-content/plugins/elementor/vendor/elementor/wp-one-package/assets/elementor-home/8718.22b1a129105aaacd.js HTTP/1.1" 200 1290 "https://salemconcept.shop/wp-admin/admin.php?page=elementor-home" "Mozilla/5.0 (Windows NT 10.0; Win64; x64) AppleWebKit/537.36 (KHTML, like Gecko) Chrome/150.0.0.0 Safari/537.36"
102.89.43.249 - - [22/Jul/2026:10:00:25 +0000] "GET /wp-content/plugins/elementor/vendor/elementor/wp-one-package/assets/elementor-home/1745.f1918ecc373484ea.js HTTP/1.1" 200 6828 "https://salemconcept.shop/wp-admin/admin.php?page=elementor-home" "Mozilla/5.0 (Windows NT 10.0; Win64; x64) AppleWebKit/537.36 (KHTML, like Gecko) Chrome/150.0.0.0 Safari/537.36"
102.89.43.249 - - [22/Jul/2026:10:00:25 +0000] "GET /wp-content/plugins/elementor/vendor/elementor/wp-one-package/assets/elementor-home/9886.4ff5f77e1cf36831.js HTTP/1.1" 200 3057 "https://salemconcept.shop/wp-admin/admin.php?page=elementor-home" "Mozilla/5.0 (Windows NT 10.0; Win64; x64) AppleWebKit/537.36 (KHTML, like Gecko) Chrome/150.0.0.0 Safari/537.36"
102.89.43.249 - - [22/Jul/2026:10:00:25 +0000] "GET /wp-content/plugins/elementor/vendor/elementor/wp-one-package/assets/elementor-home/6579.d5ab53f90a420f42.js HTTP/1.1" 200 463 "https://salemconcept.shop/wp-admin/admin.php?page=elementor-home" "Mozilla/5.0 (Windows NT 10.0; Win64; x64) AppleWebKit/537.36 (KHTML, like Gecko) Chrome/150.0.0.0 Safari/537.36"
102.89.43.249 - - [22/Jul/2026:10:00:27 +0000] "GET /wp-content/plugins/elementor/vendor/elementor/wp-one-package/assets/elementor-home/roboto-latin-500-normal.f25d774ecfe0996f.woff2 HTTP/1.1" 200 15920 "https://salemconcept.shop/wp-content/plugins/elementor/vendor/elementor/wp-one-package/assets/elementor-home/3992.45c73d39cc660287.css" "Mozilla/5.0 (Windows NT 10.0; Win64; x64) AppleWebKit/537.36 (KHTML, like Gecko) Chrome/150.0.0.0 Safari/537.36"
102.89.43.249 - - [22/Jul/2026:10:00:27 +0000] "GET /wp-content/plugins/elementor/vendor/elementor/wp-one-package/assets/elementor-home/roboto-latin-400-normal.b009a76ad6afe4eb.woff2 HTTP/1.1" 200 15744 "https://salemconcept.shop/wp-content/plugins/elementor/vendor/elementor/wp-one-package/assets/elementor-home/3992.45c73d39cc660287.css" "Mozilla/5.0 (Windows NT 10.0; Win64; x64) AppleWebKit/537.36 (KHTML, like Gecko) Chrome/150.0.0.0 Safari/537.36"
102.89.43.249 - - [22/Jul/2026:10:00:28 +0000] "GET /wp-content/plugins/elementor/vendor/elementor/wp-one-package/assets/elementor-home/6050.3114af77d8776ed7.js HTTP/1.1" 200 3765 "https://salemconcept.shop/wp-admin/admin.php?page=elementor-home" "Mozilla/5.0 (Windows NT 10.0; Win64; x64) AppleWebKit/537.36 (KHTML, like Gecko) Chrome/150.0.0.0 Safari/537.36"
102.89.43.249 - - [22/Jul/2026:10:00:26 +0000] "GET /wp-json/elementor-one/v1/settings?sb_time=1784714637507&_locale=user HTTP/1.1" 200 254 "https://salemconcept.shop/wp-admin/admin.php?page=elementor-home" "Mozilla/5.0 (Windows NT 10.0; Win64; x64) AppleWebKit/537.36 (KHTML, like Gecko) Chrome/150.0.0.0 Safari/537.36"
102.89.43.249 - - [22/Jul/2026:10:00:27 +0000] "GET /wp-json/elementor-one/v1/plugins?sb_time=1784714637809&_locale=user HTTP/1.1" 200 141 "https://salemconcept.shop/wp-admin/admin.php?page=elementor-home" "Mozilla/5.0 (Windows NT 10.0; Win64; x64) AppleWebKit/537.36 (KHTML, like Gecko) Chrome/150.0.0.0 Safari/537.36"
102.89.43.249 - - [22/Jul/2026:10:00:29 +0000] "GET /wp-content/plugins/elementor/vendor/elementor/wp-one-package/assets/elementor-home/roboto-latin-700-normal.227c93190fe7f82d.woff2 HTTP/1.1" 200 15860 "https://salemconcept.shop/wp-content/plugins/elementor/vendor/elementor/wp-one-package/assets/elementor-home/3992.45c73d39cc660287.css" "Mozilla/5.0 (Windows NT 10.0; Win64; x64) AppleWebKit/537.36 (KHTML, like Gecko) Chrome/150.0.0.0 Safari/537.36"
198.177.124.148 - - [22/Jul/2026:10:01:15 +0000] "POST /wp-cron.php?doing_wp_cron=1784714475.3078429698944091796875 HTTP/1.1" 200 - "-" "WordPress/7.0.2; https://salemconcept.shop"
102.89.43.249 - - [22/Jul/2026:10:01:12 +0000] "POST /wp-admin/admin-ajax.php HTTP/1.1" 200 47 "https://salemconcept.shop/wp-admin/admin.php?page=elementor-home" "Mozilla/5.0 (Windows NT 10.0; Win64; x64) AppleWebKit/537.36 (KHTML, like Gecko) Chrome/150.0.0.0 Safari/537.36"
102.89.43.249 - - [22/Jul/2026:10:02:06 +0000] "GET /wp-admin/plugins.php HTTP/1.1" 200 167724 "https://salemconcept.shop/wp-admin/admin.php?page=elementor-home" "Mozilla/5.0 (Windows NT 10.0; Win64; x64) AppleWebKit/537.36 (KHTML, like Gecko) Chrome/150.0.0.0 Safari/537.36"
102.89.43.249 - - [22/Jul/2026:10:02:14 +0000] "GET /wp-content/plugins/elementor/assets/js/admin-feedback.min.js?ver=4.1.5 HTTP/1.1" 304 - "https://salemconcept.shop/wp-admin/plugins.php" "Mozilla/5.0 (Windows NT 10.0; Win64; x64) AppleWebKit/537.36 (KHTML, like Gecko) Chrome/150.0.0.0 Safari/537.36"
102.89.43.249 - - [22/Jul/2026:10:02:18 +0000] "GET /wp-admin/index.php HTTP/1.1" 200 219209 "https://salemconcept.shop/wp-admin/plugins.php" "Mozilla/5.0 (Windows NT 10.0; Win64; x64) AppleWebKit/537.36 (KHTML, like Gecko) Chrome/150.0.0.0 Safari/537.36"
102.89.43.249 - - [22/Jul/2026:10:02:22 +0000] "GET /wp-admin/index.php HTTP/1.1" 200 219209 "https://salemconcept.shop/wp-admin/plugins.php" "Mozilla/5.0 (Windows NT 10.0; Win64; x64) AppleWebKit/537.36 (KHTML, like Gecko) Chrome/150.0.0.0 Safari/537.36"
198.177.124.148 - - [22/Jul/2026:10:03:32 +0000] "POST /wp-cron.php?doing_wp_cron=1784714611.9777450561523437500000 HTTP/1.1" 200 - "-" "WordPress/7.0.2; https://salemconcept.shop"
102.89.43.249 - - [22/Jul/2026:10:03:30 +0000] "POST /wp-admin/admin-ajax.php HTTP/1.1" 200 47 "https://salemconcept.shop/wp-admin/index.php" "Mozilla/5.0 (Windows NT 10.0; Win64; x64) AppleWebKit/537.36 (KHTML, like Gecko) Chrome/150.0.0.0 Safari/537.36"
102.89.43.249 - - [22/Jul/2026:10:03:37 +0000] "GET /wp-admin/plugin-install.php HTTP/1.1" 404 122518 "https://salemconcept.shop/wp-admin/index.php" "Mozilla/5.0 (Windows NT 10.0; Win64; x64) AppleWebKit/537.36 (KHTML, like Gecko) Chrome/150.0.0.0 Safari/537.36"
102.89.43.249 - - [22/Jul/2026:10:03:40 +0000] "GET /wp-includes/css/dashicons.min.css?ver=7.0.2 HTTP/1.1" 200 59004 "https://salemconcept.shop/wp-admin/plugin-install.php" "Mozilla/5.0 (Windows NT 10.0; Win64; x64) AppleWebKit/537.36 (KHTML, like Gecko) Chrome/150.0.0.0 Safari/537.36"
102.89.43.249 - - [22/Jul/2026:10:03:40 +0000] "GET /wp-includes/css/admin-bar.min.css?ver=7.0.2 HTTP/1.1" 200 20781 "https://salemconcept.shop/wp-admin/plugin-install.php" "Mozilla/5.0 (Windows NT 10.0; Win64; x64) AppleWebKit/537.36 (KHTML, like Gecko) Chrome/150.0.0.0 Safari/537.36"
102.89.43.249 - - [22/Jul/2026:10:03:40 +0000] "GET /wp-content/plugins/elementor/assets/lib/dialog/dialog.min.js?ver=4.9.4 HTTP/1.1" 200 11622 "https://salemconcept.shop/wp-admin/plugin-install.php" "Mozilla/5.0 (Windows NT 10.0; Win64; x64) AppleWebKit/537.36 (KHTML, like Gecko) Chrome/150.0.0.0 Safari/537.36"
102.89.43.249 - - [22/Jul/2026:10:03:40 +0000] "GET /wp-includes/js/dist/hooks.min.js?ver=7496969728ca0f95732d HTTP/1.1" 304 - "https://salemconcept.shop/wp-admin/plugin-install.php" "Mozilla/5.0 (Windows NT 10.0; Win64; x64) AppleWebKit/537.36 (KHTML, like Gecko) Chrome/150.0.0.0 Safari/537.36"
102.89.43.249 - - [22/Jul/2026:10:03:41 +0000] "GET /wp-includes/js/dist/script-modules/interactivity/index.min.js?ver=efaa5193bbad9c60ffd1 HTTP/1.1" 304 - "https://salemconcept.shop/wp-admin/plugin-install.php" "Mozilla/5.0 (Windows NT 10.0; Win64; x64) AppleWebKit/537.36 (KHTML, like Gecko) Chrome/150.0.0.0 Safari/537.36"
102.89.43.249 - - [22/Jul/2026:10:03:41 +0000] "GET /wp-content/plugins/pixelyoursite/dist/scripts/js.cookie-2.1.3.min.js?ver=2.1.3 HTTP/1.1" 200 1709 "https://salemconcept.shop/wp-admin/plugin-install.php" "Mozilla/5.0 (Windows NT 10.0; Win64; x64) AppleWebKit/537.36 (KHTML, like Gecko) Chrome/150.0.0.0 Safari/537.36"
102.89.43.249 - - [22/Jul/2026:10:03:41 +0000] "GET /wp-content/plugins/pixelyoursite/dist/scripts/jquery.bind-first-0.2.3.min.js?ver=0.2.3 HTTP/1.1" 200 1317 "https://salemconcept.shop/wp-admin/plugin-install.php" "Mozilla/5.0 (Windows NT 10.0; Win64; x64) AppleWebKit/537.36 (KHTML, like Gecko) Chrome/150.0.0.0 Safari/537.36"
102.89.43.249 - - [22/Jul/2026:10:03:41 +0000] "GET /wp-content/plugins/pixelyoursite/dist/scripts/public.js?ver=11.2.1 HTTP/1.1" 200 172979 "https://salemconcept.shop/wp-admin/plugin-install.php" "Mozilla/5.0 (Windows NT 10.0; Win64; x64) AppleWebKit/537.36 (KHTML, like Gecko) Chrome/150.0.0.0 Safari/537.36"
102.89.43.249 - - [22/Jul/2026:10:03:41 +0000] "GET /wp-content/plugins/pixelyoursite/dist/scripts/tld.min.js?ver=2.3.1 HTTP/1.1" 200 141079 "https://salemconcept.shop/wp-admin/plugin-install.php" "Mozilla/5.0 (Windows NT 10.0; Win64; x64) AppleWebKit/537.36 (KHTML, like Gecko) Chrome/150.0.0.0 Safari/537.36"
102.89.43.249 - - [22/Jul/2026:10:03:43 +0000] "GET /wp-admin/admin-ajax.php?action=pys_get_pbid HTTP/1.1" 200 1 "https://salemconcept.shop/wp-admin/plugin-install.php" "Mozilla/5.0 (Windows NT 10.0; Win64; x64) AppleWebKit/537.36 (KHTML, like Gecko) Chrome/150.0.0.0 Safari/537.36"
198.177.124.148 - - [22/Jul/2026:10:10:32 +0000] "POST /wp-cron.php?doing_wp_cron=1784715032.4265298843383789062500 HTTP/1.1" 200 - "-" "WordPress/7.0.2; https://salemconcept.shop"
216.73.163.56 - - [22/Jul/2026:10:10:30 +0000] "POST /wp-login.php HTTP/1.1" 200 5127 "-" "Mozilla/5.0 (X11; U; Linux AMD64; en-US; rv:1.9.2.3) Gecko/20100403 Ubuntu/10.10 (maverick) Firefox/3.6.3"
198.177.124.148 - - [22/Jul/2026:10:11:03 +0000] "POST /wp-cron.php?doing_wp_cron=1784715063.0578560829162597656250 HTTP/1.1" 200 - "-" "WordPress/7.0.2; https://salemconcept.shop"
102.89.43.249 - - [22/Jul/2026:10:11:00 +0000] "GET /wp-admin/index.php HTTP/1.1" 200 219209 "https://salemconcept.shop/wp-admin/plugins.php" "Mozilla/5.0 (Windows NT 10.0; Win64; x64) AppleWebKit/537.36 (KHTML, like Gecko) Chrome/150.0.0.0 Safari/537.36"
102.89.43.249 - - [22/Jul/2026:10:11:38 +0000] "GET /wp-admin/plugin-install.php HTTP/1.1" 404 122518 "https://salemconcept.shop/wp-admin/index.php" "Mozilla/5.0 (Windows NT 10.0; Win64; x64) AppleWebKit/537.36 (KHTML, like Gecko) Chrome/150.0.0.0 Safari/537.36"
102.89.43.249 - - [22/Jul/2026:10:11:42 +0000] "GET /wp-admin/admin-ajax.php?action=pys_get_pbid HTTP/1.1" 200 1 "https://salemconcept.shop/wp-admin/plugin-install.php" "Mozilla/5.0 (Windows NT 10.0; Win64; x64) AppleWebKit/537.36 (KHTML, like Gecko) Chrome/150.0.0.0 Safari/537.36"
198.177.124.148 - - [22/Jul/2026:10:11:49 +0000] "POST /wp-cron.php?doing_wp_cron=1784715109.7430670261383056640625 HTTP/1.1" 200 - "-" "WordPress/7.0.2; https://salemconcept.shop"
102.89.43.249 - - [22/Jul/2026:10:11:48 +0000] "GET /wp-admin/index.php HTTP/1.1" 200 219209 "https://salemconcept.shop/wp-admin/plugins.php" "Mozilla/5.0 (Windows NT 10.0; Win64; x64) AppleWebKit/537.36 (KHTML, like Gecko) Chrome/150.0.0.0 Safari/537.36"
102.89.43.249 - - [22/Jul/2026:10:12:04 +0000] "GET /wp-admin/post-new.php?post_type=page HTTP/1.1" 200 671501 "https://salemconcept.shop/wp-admin/index.php" "Mozilla/5.0 (Windows NT 10.0; Win64; x64) AppleWebKit/537.36 (KHTML, like Gecko) Chrome/150.0.0.0 Safari/537.36"
102.89.43.249 - - [22/Jul/2026:10:12:07 +0000] "GET /wp-content/plugins/wpforms-lite/assets/css/admin-integrations.min.css?ver=2.0.0.2 HTTP/1.1" 200 122675 "https://salemconcept.shop/wp-admin/post-new.php?post_type=page" "Mozilla/5.0 (Windows NT 10.0; Win64; x64) AppleWebKit/537.36 (KHTML, like Gecko) Chrome/150.0.0.0 Safari/537.36"
102.89.43.249 - - [22/Jul/2026:10:12:07 +0000] "GET /wp-content/plugins/wpforms-lite/assets/css/frontend/modern/wpforms-full.min.css?ver=2.0.0.2 HTTP/1.1" 200 169487 "https://salemconcept.shop/wp-admin/post-new.php?post_type=page" "Mozilla/5.0 (Windows NT 10.0; Win64; x64) AppleWebKit/537.36 (KHTML, like Gecko) Chrome/150.0.0.0 Safari/537.36"
102.89.43.249 - - [22/Jul/2026:10:12:08 +0000] "GET /wp-content/plugins/wpforms-lite/assets/css/integrations/stripe/wpforms-stripe.min.css?ver=2.0.0.2 HTTP/1.1" 200 10088 "https://salemconcept.shop/wp-admin/post-new.php?post_type=page" "Mozilla/5.0 (Windows NT 10.0; Win64; x64) AppleWebKit/537.36 (KHTML, like Gecko) Chrome/150.0.0.0 Safari/537.36"
102.89.43.249 - - [22/Jul/2026:10:12:08 +0000] "GET /wp-content/plugins/wpforms-lite/assets/css/integrations/square/wpforms-square-card-placeholder.min.css?ver=2.0.0.2 HTTP/1.1" 200 13146 "https://salemconcept.shop/wp-admin/post-new.php?post_type=page" "Mozilla/5.0 (Windows NT 10.0; Win64; x64) AppleWebKit/537.36 (KHTML, like Gecko) Chrome/150.0.0.0 Safari/537.36"
102.89.43.249 - - [22/Jul/2026:10:12:08 +0000] "GET /wp-content/plugins/wpforms-lite/assets/css/integrations/paypal-commerce/integrations/integrations-paypal-commerce.min.css?ver=2.0.0.2 HTTP/1.1" 200 6802 "https://salemconcept.shop/wp-admin/post-new.php?post_type=page" "Mozilla/5.0 (Windows NT 10.0; Win64; x64) AppleWebKit/537.36 (KHTML, like Gecko) Chrome/150.0.0.0 Safari/537.36"
102.89.43.249 - - [22/Jul/2026:10:12:08 +0000] "GET /wp-content/plugins/wpforms-lite/assets/css/integrations/square/wpforms-square.min.css?ver=2.0.0.2 HTTP/1.1" 200 4090 "https://salemconcept.shop/wp-admin/post-new.php?post_type=page" "Mozilla/5.0 (Windows NT 10.0; Win64; x64) AppleWebKit/537.36 (KHTML, like Gecko) Chrome/150.0.0.0 Safari/537.36"
102.89.43.249 - - [22/Jul/2026:10:12:09 +0000] "GET /wp-content/plugins/insert-headers-and-footers/build/admin-global-lite.css?ver=981c2c1b0bc4dc9f90f3 HTTP/1.1" 200 26229 "https://salemconcept.shop/wp-admin/post-new.php?post_type=page" "Mozilla/5.0 (Windows NT 10.0; Win64; x64) AppleWebKit/537.36 (KHTML, like Gecko) Chrome/150.0.0.0 Safari/537.36"
102.89.43.249 - - [22/Jul/2026:10:12:09 +0000] "GET /wp-content/plugins/wpforms-lite/assets/css/admin/edit-post-education.min.css?ver=2.0.0.2 HTTP/1.1" 200 1942 "https://salemconcept.shop/wp-admin/post-new.php?post_type=page" "Mozilla/5.0 (Windows NT 10.0; Win64; x64) AppleWebKit/537.36 (KHTML, like Gecko) Chrome/150.0.0.0 Safari/537.36"
102.89.43.249 - - [22/Jul/2026:10:12:09 +0000] "GET /wp-content/plugins/wpforms-lite/assets/js/admin/form-embed-wizard.min.js?ver=2.0.0.2 HTTP/1.1" 200 7694 "https://salemconcept.shop/wp-admin/post-new.php?post_type=page" "Mozilla/5.0 (Windows NT 10.0; Win64; x64) AppleWebKit/537.36 (KHTML, like Gecko) Chrome/150.0.0.0 Safari/537.36"
102.89.43.249 - - [22/Jul/2026:10:12:09 +0000] "GET /wp-content/plugins/wpforms-lite/assets/css/choices.min.css?ver=10.2.0 HTTP/1.1" 200 12157 "https://salemconcept.shop/wp-admin/post-new.php?post_type=page" "Mozilla/5.0 (Windows NT 10.0; Win64; x64) AppleWebKit/537.36 (KHTML, like Gecko) Chrome/150.0.0.0 Safari/537.36"
102.89.43.249 - - [22/Jul/2026:10:12:09 +0000] "GET /wp-admin/load-scripts.php?c=0&load%5Bchunk_0%5D=jquery-core,jquery-migrate,utils,underscore,moxiejs,plupload&ver=7.0.2 HTTP/1.1" 200 225011 "https://salemconcept.shop/wp-admin/post-new.php?post_type=page" "Mozilla/5.0 (Windows NT 10.0; Win64; x64) AppleWebKit/537.36 (KHTML, like Gecko) Chrome/150.0.0.0 Safari/537.36"
102.89.43.249 - - [22/Jul/2026:10:12:09 +0000] "GET /wp-admin/load-styles.php?c=0&dir=ltr&load%5Bchunk_0%5D=code-editor&ver=7.0.2 HTTP/1.1" 200 1436 "https://salemconcept.shop/wp-admin/post-new.php?post_type=page" "Mozilla/5.0 (Windows NT 10.0; Win64; x64) AppleWebKit/537.36 (KHTML, like Gecko) Chrome/150.0.0.0 Safari/537.36"
102.89.43.249 - - [22/Jul/2026:10:12:12 +0000] "GET /wp-includes/js/dist/block-library.min.js?ver=998f328cb929aeb1d5a8 HTTP/1.1" 304 - "https://salemconcept.shop/wp-admin/post-new.php?post_type=page" "Mozilla/5.0 (Windows NT 10.0; Win64; x64) AppleWebKit/537.36 (KHTML, like Gecko) Chrome/150.0.0.0 Safari/537.36"
102.89.43.249 - - [22/Jul/2026:10:12:12 +0000] "GET /wp-includes/js/media-grid.min.js?ver=7.0.2 HTTP/1.1" 200 13300 "https://salemconcept.shop/wp-admin/post-new.php?post_type=page" "Mozilla/5.0 (Windows NT 10.0; Win64; x64) AppleWebKit/537.36 (KHTML, like Gecko) Chrome/150.0.0.0 Safari/537.36"
102.89.43.249 - - [22/Jul/2026:10:12:12 +0000] "GET /wp-includes/js/dist/editor.min.js?ver=425fffc30511d9d52e5f HTTP/1.1" 304 - "https://salemconcept.shop/wp-admin/post-new.php?post_type=page" "Mozilla/5.0 (Windows NT 10.0; Win64; x64) AppleWebKit/537.36 (KHTML, like Gecko) Chrome/150.0.0.0 Safari/537.36"
102.89.43.249 - - [22/Jul/2026:10:12:12 +0000] "GET /wp-content/plugins/elementor/assets/js/packages/ui/ui.min.js?ver=4.1.5 HTTP/1.1" 304 - "https://salemconcept.shop/wp-admin/post-new.php?post_type=page" "Mozilla/5.0 (Windows NT 10.0; Win64; x64) AppleWebKit/537.36 (KHTML, like Gecko) Chrome/150.0.0.0 Safari/537.36"
102.89.43.249 - - [22/Jul/2026:10:12:13 +0000] "GET /wp-content/plugins/elementor/assets/js/packages/icons/icons.min.js?ver=4.1.5 HTTP/1.1" 304 - "https://salemconcept.shop/wp-admin/post-new.php?post_type=page" "Mozilla/5.0 (Windows NT 10.0; Win64; x64) AppleWebKit/537.36 (KHTML, like Gecko) Chrome/150.0.0.0 Safari/537.36"
102.89.43.249 - - [22/Jul/2026:10:12:13 +0000] "GET /wp-content/plugins/wpforms-lite/assets/js/admin/education/core.min.js?ver=2.0.0.2 HTTP/1.1" 200 7769 "https://salemconcept.shop/wp-admin/post-new.php?post_type=page" "Mozilla/5.0 (Windows NT 10.0; Win64; x64) AppleWebKit/537.36 (KHTML, like Gecko) Chrome/150.0.0.0 Safari/537.36"
102.89.43.249 - - [22/Jul/2026:10:12:14 +0000] "GET /wp-content/plugins/wpforms-lite/assets/js/share/utils.min.js?ver=2.0.0.2 HTTP/1.1" 200 1490 "https://salemconcept.shop/wp-admin/post-new.php?post_type=page" "Mozilla/5.0 (Windows NT 10.0; Win64; x64) AppleWebKit/537.36 (KHTML, like Gecko) Chrome/150.0.0.0 Safari/537.36"
102.89.43.249 - - [22/Jul/2026:10:12:14 +0000] "GET /wp-content/plugins/wpforms-lite/assets/js/frontend/wpforms-modern.min.js?ver=2.0.0.2 HTTP/1.1" 200 6005 "https://salemconcept.shop/wp-admin/post-new.php?post_type=page" "Mozilla/5.0 (Windows NT 10.0; Win64; x64) AppleWebKit/537.36 (KHTML, like Gecko) Chrome/150.0.0.0 Safari/537.36"
102.89.43.249 - - [22/Jul/2026:10:12:14 +0000] "GET /wp-content/plugins/insert-headers-and-footers/build/admin-global-lite.js?ver=981c2c1b0bc4dc9f90f3 HTTP/1.1" 200 866 "https://salemconcept.shop/wp-admin/post-new.php?post_type=page" "Mozilla/5.0 (Windows NT 10.0; Win64; x64) AppleWebKit/537.36 (KHTML, like Gecko) Chrome/150.0.0.0 Safari/537.36"
102.89.43.249 - - [22/Jul/2026:10:12:14 +0000] "GET /wp-content/plugins/elementor/assets/js/gutenberg.min.js?ver=4.1.5 HTTP/1.1" 200 4046 "https://salemconcept.shop/wp-admin/post-new.php?post_type=page" "Mozilla/5.0 (Windows NT 10.0; Win64; x64) AppleWebKit/537.36 (KHTML, like Gecko) Chrome/150.0.0.0 Safari/537.36"
102.89.43.249 - - [22/Jul/2026:10:12:14 +0000] "GET /wp-content/plugins/wpforms-lite/assets/lib/choices.min.js?ver=10.2.0 HTTP/1.1" 200 89476 "https://salemconcept.shop/wp-admin/post-new.php?post_type=page" "Mozilla/5.0 (Windows NT 10.0; Win64; x64) AppleWebKit/537.36 (KHTML, like Gecko) Chrome/150.0.0.0 Safari/537.36"
102.89.43.249 - - [22/Jul/2026:10:12:14 +0000] "GET /wp-content/plugins/wpforms-lite/assets/lite/js/integrations/gutenberg/formselector.es5.min.js?ver=2.0.0.2 HTTP/1.1" 200 84930 "https://salemconcept.shop/wp-admin/post-new.php?post_type=page" "Mozilla/5.0 (Windows NT 10.0; Win64; x64) AppleWebKit/537.36 (KHTML, like Gecko) Chrome/150.0.0.0 Safari/537.36"
102.89.43.249 - - [22/Jul/2026:10:12:15 +0000] "GET /wp-content/plugins/wpforms-lite/assets/js/admin/education/edit-post.es5.min.js?ver=2.0.0.2 HTTP/1.1" 200 5918 "https://salemconcept.shop/wp-admin/post-new.php?post_type=page" "Mozilla/5.0 (Windows NT 10.0; Win64; x64) AppleWebKit/537.36 (KHTML, like Gecko) Chrome/150.0.0.0 Safari/537.36"
102.89.43.249 - - [22/Jul/2026:10:12:15 +0000] "GET /wp-content/plugins/insert-headers-and-footers/admin/images/default-user-icon.png HTTP/1.1" 304 - "https://salemconcept.shop/wp-admin/post-new.php?post_type=page" "Mozilla/5.0 (Windows NT 10.0; Win64; x64) AppleWebKit/537.36 (KHTML, like Gecko) Chrome/150.0.0.0 Safari/537.36"
102.89.43.249 - - [22/Jul/2026:10:12:13 +0000] "GET /wp-content/plugins/elementor/assets/js/ai-media-library.min.js?ver=4.1.5 HTTP/1.1" 200 633675 "https://salemconcept.shop/wp-admin/post-new.php?post_type=page" "Mozilla/5.0 (Windows NT 10.0; Win64; x64) AppleWebKit/537.36 (KHTML, like Gecko) Chrome/150.0.0.0 Safari/537.36"
102.89.43.249 - - [22/Jul/2026:10:12:18 +0000] "GET /wp-json/wpforms/v1/themes/?_locale=user HTTP/1.1" 200 9111 "https://salemconcept.shop/wp-admin/post-new.php?post_type=page" "Mozilla/5.0 (Windows NT 10.0; Win64; x64) AppleWebKit/537.36 (KHTML, like Gecko) Chrome/150.0.0.0 Safari/537.36"
102.89.43.249 - - [22/Jul/2026:10:12:15 +0000] "GET /wp-content/plugins/elementor/assets/js/ai-gutenberg.min.js?ver=4.1.5 HTTP/1.1" 200 639037 "https://salemconcept.shop/wp-admin/post-new.php?post_type=page" "Mozilla/5.0 (Windows NT 10.0; Win64; x64) AppleWebKit/537.36 (KHTML, like Gecko) Chrome/150.0.0.0 Safari/537.36"
102.89.43.249 - - [22/Jul/2026:10:12:24 +0000] "OPTIONS /wp-json/wp/v2/settings?_locale=user HTTP/1.1" 200 5753 "https://salemconcept.shop/wp-admin/post-new.php?post_type=page" "Mozilla/5.0 (Windows NT 10.0; Win64; x64) AppleWebKit/537.36 (KHTML, like Gecko) Chrome/150.0.0.0 Safari/537.36"
102.89.43.249 - - [22/Jul/2026:10:12:24 +0000] "GET /wp-json/wp/v2/templates/lookup?slug=front-page&_locale=user HTTP/1.1" 200 28304 "https://salemconcept.shop/wp-admin/post-new.php?post_type=page" "Mozilla/5.0 (Windows NT 10.0; Win64; x64) AppleWebKit/537.36 (KHTML, like Gecko) Chrome/150.0.0.0 Safari/537.36"
102.89.43.249 - - [22/Jul/2026:10:12:25 +0000] "GET /wp-json/wp/v2/blocks?context=edit&per_page=100&page=1&_locale=user HTTP/1.1" 200 2 "https://salemconcept.shop/wp-admin/post-new.php?post_type=page" "Mozilla/5.0 (Windows NT 10.0; Win64; x64) AppleWebKit/537.36 (KHTML, like Gecko) Chrome/150.0.0.0 Safari/537.36"
102.89.43.249 - - [22/Jul/2026:10:12:25 +0000] "GET /wp-json/wp/v2/comments?context=edit&post=38&type=note&status=all&per_page=100&_locale=user HTTP/1.1" 200 2 "https://salemconcept.shop/wp-admin/post-new.php?post_type=page" "Mozilla/5.0 (Windows NT 10.0; Win64; x64) AppleWebKit/537.36 (KHTML, like Gecko) Chrome/150.0.0.0 Safari/537.36"
102.89.43.249 - - [22/Jul/2026:10:12:25 +0000] "GET /wp-json/wp/v2/taxonomies?context=edit&per_page=100&_locale=user HTTP/1.1" 200 8280 "https://salemconcept.shop/wp-admin/post-new.php?post_type=page" "Mozilla/5.0 (Windows NT 10.0; Win64; x64) AppleWebKit/537.36 (KHTML, like Gecko) Chrome/150.0.0.0 Safari/537.36"
102.89.43.249 - - [22/Jul/2026:10:12:26 +0000] "GET /wp-json/wp/v2/users/1?context=view&_fields=id%2Cname&_locale=user HTTP/1.1" 200 23 "https://salemconcept.shop/wp-admin/post-new.php?post_type=page" "Mozilla/5.0 (Windows NT 10.0; Win64; x64) AppleWebKit/537.36 (KHTML, like Gecko) Chrome/150.0.0.0 Safari/537.36"
102.89.43.249 - - [22/Jul/2026:10:12:29 +0000] "GET /wp-json/wp/v2/wp_pattern_category?context=view&per_page=100&_fields=id%2Cname%2Cdescription%2Cslug&_locale=user HTTP/1.1" 200 2 "https://salemconcept.shop/wp-admin/post-new.php?post_type=page" "Mozilla/5.0 (Windows NT 10.0; Win64; x64) AppleWebKit/537.36 (KHTML, like Gecko) Chrome/150.0.0.0 Safari/537.36"
102.89.43.249 - - [22/Jul/2026:10:12:32 +0000] "POST /wp-admin/admin-ajax.php HTTP/1.1" 200 98 "https://salemconcept.shop/wp-admin/post-new.php?post_type=page" "Mozilla/5.0 (Windows NT 10.0; Win64; x64) AppleWebKit/537.36 (KHTML, like Gecko) Chrome/150.0.0.0 Safari/537.36"
102.89.43.249 - - [22/Jul/2026:10:12:43 +0000] "POST /wp-admin/admin-ajax.php HTTP/1.1" 200 98 "https://salemconcept.shop/wp-admin/post-new.php?post_type=page" "Mozilla/5.0 (Windows NT 10.0; Win64; x64) AppleWebKit/537.36 (KHTML, like Gecko) Chrome/150.0.0.0 Safari/537.36"
102.89.43.249 - - [22/Jul/2026:10:12:25 +0000] "GET /wp-json/wp/v2/block-patterns/patterns?_locale=user HTTP/1.1" 200 484802 "https://salemconcept.shop/wp-admin/post-new.php?post_type=page" "Mozilla/5.0 (Windows NT 10.0; Win64; x64) AppleWebKit/537.36 (KHTML, like Gecko) Chrome/150.0.0.0 Safari/537.36"
198.177.124.148 - - [22/Jul/2026:10:12:52 +0000] "POST /wp-cron.php?doing_wp_cron=1784715172.1595580577850341796875 HTTP/1.1" 200 - "-" "WordPress/7.0.2; https://salemconcept.shop"
102.89.43.249 - - [22/Jul/2026:10:12:50 +0000] "POST /wp-admin/admin-ajax.php HTTP/1.1" 200 1 "https://salemconcept.shop/wp-admin/post-new.php?post_type=page" "Mozilla/5.0 (Windows NT 10.0; Win64; x64) AppleWebKit/537.36 (KHTML, like Gecko) Chrome/150.0.0.0 Safari/537.36"
102.89.43.249 - - [22/Jul/2026:10:12:50 +0000] "GET /wp-admin/index.php HTTP/1.1" 200 219209 "https://salemconcept.shop/wp-admin/plugins.php" "Mozilla/5.0 (Windows NT 10.0; Win64; x64) AppleWebKit/537.36 (KHTML, like Gecko) Chrome/150.0.0.0 Safari/537.36"
102.89.43.249 - - [22/Jul/2026:10:12:53 +0000] "GET /wp-content/themes/twentytwentyfour/assets/images/museum.webp HTTP/1.1" 200 123690 "-" "Mozilla/5.0 (Windows NT 10.0; Win64; x64) AppleWebKit/537.36 (KHTML, like Gecko) Chrome/150.0.0.0 Safari/537.36"
102.89.43.249 - - [22/Jul/2026:10:13:01 +0000] "GET /wp-admin/update-core.php HTTP/1.1" 404 122518 "https://salemconcept.shop/wp-admin/index.php" "Mozilla/5.0 (Windows NT 10.0; Win64; x64) AppleWebKit/537.36 (KHTML, like Gecko) Chrome/150.0.0.0 Safari/537.36"
102.89.43.249 - - [22/Jul/2026:10:13:08 +0000] "GET /wp-admin/admin-ajax.php?action=pys_get_pbid HTTP/1.1" 200 1 "https://salemconcept.shop/wp-admin/update-core.php" "Mozilla/5.0 (Windows NT 10.0; Win64; x64) AppleWebKit/537.36 (KHTML, like Gecko) Chrome/150.0.0.0 Safari/537.36"
102.89.43.249 - - [22/Jul/2026:10:13:10 +0000] "GET /wp-admin/index.php HTTP/1.1" 200 219209 "https://salemconcept.shop/wp-admin/plugins.php" "Mozilla/5.0 (Windows NT 10.0; Win64; x64) AppleWebKit/537.36 (KHTML, like Gecko) Chrome/150.0.0.0 Safari/537.36"
102.89.43.249 - - [22/Jul/2026:10:13:22 +0000] "GET /wp-admin/edit.php?post_type=page HTTP/1.1" 200 185222 "https://salemconcept.shop/wp-admin/index.php" "Mozilla/5.0 (Windows NT 10.0; Win64; x64) AppleWebKit/537.36 (KHTML, like Gecko) Chrome/150.0.0.0 Safari/537.36"
102.89.43.249 - - [22/Jul/2026:10:13:34 +0000] "POST /wp-admin/admin-ajax.php HTTP/1.1" 200 47 "https://salemconcept.shop/wp-admin/edit.php?post_type=page" "Mozilla/5.0 (Windows NT 10.0; Win64; x64) AppleWebKit/537.36 (KHTML, like Gecko) Chrome/150.0.0.0 Safari/537.36"
102.89.43.249 - - [22/Jul/2026:10:13:45 +0000] "POST /wp-admin/admin-ajax.php HTTP/1.1" 200 47 "https://salemconcept.shop/wp-admin/edit.php?post_type=page" "Mozilla/5.0 (Windows NT 10.0; Win64; x64) AppleWebKit/537.36 (KHTML, like Gecko) Chrome/150.0.0.0 Safari/537.36"
198.177.124.148 - - [22/Jul/2026:10:13:56 +0000] "POST /wp-cron.php?doing_wp_cron=1784715236.0903449058532714843750 HTTP/1.1" 200 - "-" "WordPress/7.0.2; https://salemconcept.shop"
102.89.43.249 - - [22/Jul/2026:10:13:54 +0000] "POST /wp-admin/admin-ajax.php HTTP/1.1" 200 47 "https://salemconcept.shop/wp-admin/edit.php?post_type=page" "Mozilla/5.0 (Windows NT 10.0; Win64; x64) AppleWebKit/537.36 (KHTML, like Gecko) Chrome/150.0.0.0 Safari/537.36"
102.89.43.249 - - [22/Jul/2026:10:14:05 +0000] "POST /wp-admin/admin-ajax.php HTTP/1.1" 200 47 "https://salemconcept.shop/wp-admin/edit.php?post_type=page" "Mozilla/5.0 (Windows NT 10.0; Win64; x64) AppleWebKit/537.36 (KHTML, like Gecko) Chrome/150.0.0.0 Safari/537.36"
102.89.43.249 - - [22/Jul/2026:10:14:14 +0000] "POST /wp-admin/admin-ajax.php HTTP/1.1" 200 47 "https://salemconcept.shop/wp-admin/edit.php?post_type=page" "Mozilla/5.0 (Windows NT 10.0; Win64; x64) AppleWebKit/537.36 (KHTML, like Gecko) Chrome/150.0.0.0 Safari/537.36"
