HEX
Server: Apache
System: Linux server1.yalehafricanfoods.shop 5.14.0-687.15.1.el9_8.x86_64 #1 SMP PREEMPT_DYNAMIC Thu Jun 11 08:51:45 EDT 2026 x86_64
User: yalenocb (1002)
PHP: 8.1.34
Disabled: NONE
Upload Files
File: /home/yalenocb/access-logs/obinnacoaching.yalehafricanfoods.shop
172.64.192.209 - - [21/Jul/2026:08:12:03 +0000] "GET /wp-admin/install.php?step=1 HTTP/1.1" 200 1404 "-" "http://obinnacoaching.shop/wp-admin/install.php?step=1"
43.156.37.91 - - [21/Jul/2026:08:19:38 +0000] "GET / HTTP/1.1" 200 90721 "-" "Mozilla/5.0 (iPhone; CPU iPhone OS 13_2_3 like Mac OS X) AppleWebKit/605.1.15 (KHTML, like Gecko) Version/13.0.3 Mobile/15E148 Safari/604.1"
198.177.124.148 - - [21/Jul/2026:09:14:28 +0000] "POST /wp-cron.php?doing_wp_cron=1784625268.6074409484863281250000 HTTP/1.1" 200 - "-" "WordPress/7.0.2; https://obinnacoaching.shop"
192.36.109.132 - - [21/Jul/2026:09:14:26 +0000] "GET / HTTP/1.1" 200 90721 "-" "Mozilla/5.0 (iPhone; CPU iPhone OS 16_3 like Mac OS X) AppleWebKit/605.1.15 (KHTML, like Gecko) CriOS/122.0.6261.89 Mobile/15E148 Safari/604"
198.177.124.148 - - [21/Jul/2026:09:51:20 +0000] "POST /wp-cron.php?doing_wp_cron=1784627480.4003450870513916015625 HTTP/1.1" 200 - "-" "WordPress/7.0.2; https://obinnacoaching.shop"
162.158.216.209 - - [21/Jul/2026:09:51:19 +0000] "GET /wp-admin/install.php?step=1 HTTP/1.1" 200 1404 "-" "http://obinnacoaching.shop/wp-admin/install.php?step=1"
198.177.124.148 - - [21/Jul/2026:11:36:04 +0000] "POST /wp-cron.php?doing_wp_cron=1784633764.4200110435485839843750 HTTP/1.1" 200 - "-" "WordPress/7.0.2; https://obinnacoaching.shop"
172.70.240.105 - - [21/Jul/2026:11:36:03 +0000] "GET /wp-admin/install.php?step=1 HTTP/1.1" 404 76369 "-" "http://obinnacoaching.shop/wp-admin/install.php?step=1"
43.157.180.116 - - [21/Jul/2026:11:58:28 +0000] "GET / HTTP/1.1" 200 90721 "-" "Mozilla/5.0 (iPhone; CPU iPhone OS 13_2_3 like Mac OS X) AppleWebKit/605.1.15 (KHTML, like Gecko) Version/13.0.3 Mobile/15E148 Safari/604.1"
198.177.124.148 - - [21/Jul/2026:13:02:29 +0000] "GET /.well-known/acme-challenge/5MY3E-LVEQ9BBCAY0DL0AX4OM979ERGK HTTP/1.1" 200 64 "-" "Cpanel-HTTP-Client/1.0"
198.177.124.148 - - [21/Jul/2026:13:19:24 +0000] "POST /wp-cron.php?doing_wp_cron=1784639964.0315608978271484375000 HTTP/1.1" 200 - "-" "WordPress/7.0.2; https://obinnacoaching.shop"
162.158.182.42 - - [21/Jul/2026:13:19:22 +0000] "GET /wp-admin/install.php?step=1 HTTP/1.1" 404 76369 "-" "http://obinnacoaching.shop/wp-admin/install.php?step=1"
198.177.124.148 - - [21/Jul/2026:13:50:05 +0000] "POST /wp-cron.php?doing_wp_cron=1784641805.6396169662475585937500 HTTP/1.1" 200 - "-" "WordPress/7.0.2; https://obinnacoaching.shop"
100.25.119.8 - - [21/Jul/2026:13:50:02 +0000] "GET / HTTP/1.1" 200 90721 "-" "Mozilla/5.0 (X11; U; Linux; en-US) AppleWebKit/527  (KHTML, like Gecko, Safari/419.3) Arora/0.10.1"
104.23.221.9 - - [21/Jul/2026:15:08:33 +0000] "GET /wp-admin/install.php?step=1 HTTP/1.1" 404 76369 "-" "http://obinnacoaching.shop/wp-admin/install.php?step=1"
43.155.129.131 - - [21/Jul/2026:15:32:11 +0000] "GET / HTTP/1.1" 200 90721 "-" "Mozilla/5.0 (iPhone; CPU iPhone OS 13_2_3 like Mac OS X) AppleWebKit/605.1.15 (KHTML, like Gecko) Version/13.0.3 Mobile/15E148 Safari/604.1"
198.177.124.148 - - [21/Jul/2026:16:02:27 +0000] "GET /.well-known/acme-challenge/V1AYFO-TDHWJPIT75IV_JIW0JO92KIF6 HTTP/1.1" 200 64 "-" "Cpanel-HTTP-Client/1.0"
198.177.124.148 - - [21/Jul/2026:16:36:36 +0000] "POST /wp-cron.php?doing_wp_cron=1784651796.7462410926818847656250 HTTP/1.1" 200 - "-" "WordPress/7.0.2; https://obinnacoaching.shop"
66.249.79.36 - - [21/Jul/2026:16:36:34 +0000] "GET /robots.txt HTTP/1.1" 200 120 "-" "Mozilla/5.0 (compatible; Googlebot/2.1; +http://www.google.com/bot.html)"
104.23.223.12 - - [21/Jul/2026:16:52:29 +0000] "GET /wp-admin/install.php?step=1 HTTP/1.1" 404 76369 "-" "http://obinnacoaching.shop/wp-admin/install.php?step=1"
135.148.195.15 - - [21/Jul/2026:17:17:33 +0000] "GET / HTTP/1.1" 200 90721 "-" "Mozilla/5.0 (Windows NT 10.0; Win64; x64; rv:109.0) Gecko/20100101 Firefox/114.0"
135.148.195.1 - - [21/Jul/2026:17:18:03 +0000] "GET /favicon.ico HTTP/1.1" 302 - "-" "Mozilla/5.0 (Windows NT 10.0; Win64; x64) AppleWebKit/537.36 (KHTML, like Gecko) Chrome/113.0.0.0 Safari/537.36 OPR/99.0.0.0"
135.148.195.1 - - [21/Jul/2026:17:18:05 +0000] "GET /wp-includes/images/w-logo-blue-white-bg.png HTTP/1.1" 200 4119 "-" "Mozilla/5.0 (Windows NT 10.0; Win64; x64) AppleWebKit/537.36 (KHTML, like Gecko) Chrome/113.0.0.0 Safari/537.36 OPR/99.0.0.0"
198.177.124.148 - - [21/Jul/2026:18:33:29 +0000] "POST /wp-cron.php?doing_wp_cron=1784658809.2778320312500000000000 HTTP/1.1" 200 - "-" "WordPress/7.0.2; https://obinnacoaching.shop"
172.71.148.145 - - [21/Jul/2026:18:33:27 +0000] "GET /wp-admin/install.php?step=1 HTTP/1.1" 404 76369 "-" "http://obinnacoaching.shop/wp-admin/install.php?step=1"
162.14.114.97 - - [21/Jul/2026:18:45:21 +0000] "GET / HTTP/1.1" 200 90721 "-" "Mozilla/5.0 (iPhone; CPU iPhone OS 13_2_3 like Mac OS X) AppleWebKit/605.1.15 (KHTML, like Gecko) Version/13.0.3 Mobile/15E148 Safari/604.1"
198.177.124.148 - - [21/Jul/2026:19:02:27 +0000] "GET /.well-known/acme-challenge/Z11--LEYD4UNFZML6OTZZD1Q22MY6M6O HTTP/1.1" 200 64 "-" "Cpanel-HTTP-Client/1.0"
43.166.134.47 - - [21/Jul/2026:19:02:36 +0000] "GET / HTTP/1.1" 200 90721 "-" "Mozilla/5.0 (iPhone; CPU iPhone OS 13_2_3 like Mac OS X) AppleWebKit/605.1.15 (KHTML, like Gecko) Version/13.0.3 Mobile/15E148 Safari/604.1"
198.177.124.148 - - [21/Jul/2026:20:18:21 +0000] "POST /wp-cron.php?doing_wp_cron=1784665101.9762330055236816406250 HTTP/1.1" 200 - "-" "WordPress/7.0.2; https://obinnacoaching.shop"
104.23.223.12 - - [21/Jul/2026:20:18:20 +0000] "GET /wp-admin/install.php?step=1 HTTP/1.1" 404 76369 "-" "http://obinnacoaching.shop/wp-admin/install.php?step=1"
198.177.124.148 - - [21/Jul/2026:21:57:13 +0000] "POST /wp-cron.php?doing_wp_cron=1784671033.9364700317382812500000 HTTP/1.1" 200 - "-" "WordPress/7.0.2; https://obinnacoaching.shop"
172.70.240.105 - - [21/Jul/2026:21:57:12 +0000] "GET /wp-admin/install.php?step=1 HTTP/1.1" 404 76369 "-" "http://obinnacoaching.shop/wp-admin/install.php?step=1"
198.177.124.148 - - [21/Jul/2026:22:02:23 +0000] "GET /.well-known/acme-challenge/YBJS3F5LLXZ9JNQ694FSOC6071TG4881 HTTP/1.1" 200 64 "-" "Cpanel-HTTP-Client/1.0"
198.177.124.148 - - [21/Jul/2026:22:39:53 +0000] "POST /wp-cron.php?doing_wp_cron=1784673593.5730640888214111328125 HTTP/1.1" 200 - "-" "WordPress/7.0.2; https://obinnacoaching.shop"
43.130.141.193 - - [21/Jul/2026:22:39:51 +0000] "GET / HTTP/1.1" 200 90721 "-" "Mozilla/5.0 (iPhone; CPU iPhone OS 13_2_3 like Mac OS X) AppleWebKit/605.1.15 (KHTML, like Gecko) Version/13.0.3 Mobile/15E148 Safari/604.1"
34.123.170.104 - - [21/Jul/2026:22:45:16 +0000] "GET / HTTP/1.1" 200 90721 "-" "Mozilla/5.0 (Windows NT 10.0; Win64; x64) AppleWebKit/537.36 (KHTML, like Gecko) Chrome/125.0.6422.60 Safari/537.36 Edge/12.246"
34.123.170.104 - - [21/Jul/2026:22:45:19 +0000] "GET /wp-includes/blocks/navigation/style.min.css?ver=7.0.2 HTTP/1.1" 200 20709 "http://obinnacoaching.shop/" "Mozilla/5.0 (Windows NT 10.0; Win64; x64) AppleWebKit/537.36 (KHTML, like Gecko) Chrome/125.0.6422.60 Safari/537.36 Edge/12.246"
34.123.170.104 - - [21/Jul/2026:22:45:19 +0000] "GET /wp-content/themes/twentytwentyfour/assets/images/tourist-and-building.webp HTTP/1.1" 200 66482 "http://obinnacoaching.shop/" "Mozilla/5.0 (Windows NT 10.0; Win64; x64) AppleWebKit/537.36 (KHTML, like Gecko) Chrome/125.0.6422.60 Safari/537.36 Edge/12.246"
34.123.170.104 - - [21/Jul/2026:22:45:19 +0000] "GET /wp-includes/js/dist/script-modules/block-library/navigation/view.min.js?ver=96a846e1d7b789c39ab9 HTTP/1.1" 200 3053 "http://obinnacoaching.shop/" "Mozilla/5.0 (Windows NT 10.0; Win64; x64) AppleWebKit/537.36 (KHTML, like Gecko) Chrome/125.0.6422.60 Safari/537.36 Edge/12.246"
34.72.176.129 - - [21/Jul/2026:22:45:19 +0000] "GET /wp-includes/js/dist/script-modules/interactivity/index.min.js?ver=efaa5193bbad9c60ffd1 HTTP/1.1" 200 40106 "http://obinnacoaching.shop/" "Mozilla/5.0 (Windows NT 10.0; Win64; x64) AppleWebKit/537.36 (KHTML, like Gecko) Chrome/125.0.6422.60 Safari/537.36 Edge/12.246"
34.123.170.104 - - [21/Jul/2026:22:45:20 +0000] "GET /wp-content/themes/twentytwentyfour/assets/fonts/cardo/cardo_italic_400.woff2 HTTP/1.1" 200 105184 "http://obinnacoaching.shop/" "Mozilla/5.0 (Windows NT 10.0; Win64; x64) AppleWebKit/537.36 (KHTML, like Gecko) Chrome/125.0.6422.60 Safari/537.36 Edge/12.246"
34.123.170.104 - - [21/Jul/2026:22:45:19 +0000] "GET /wp-content/themes/twentytwentyfour/assets/fonts/inter/Inter-VariableFont_slnt,wght.woff2 HTTP/1.1" 200 326628 "http://obinnacoaching.shop/" "Mozilla/5.0 (Windows NT 10.0; Win64; x64) AppleWebKit/537.36 (KHTML, like Gecko) Chrome/125.0.6422.60 Safari/537.36 Edge/12.246"
34.123.170.104 - - [21/Jul/2026:22:45:19 +0000] "GET /wp-content/themes/twentytwentyfour/assets/fonts/cardo/cardo_normal_400.woff2 HTTP/1.1" 200 146060 "http://obinnacoaching.shop/" "Mozilla/5.0 (Windows NT 10.0; Win64; x64) AppleWebKit/537.36 (KHTML, like Gecko) Chrome/125.0.6422.60 Safari/537.36 Edge/12.246"
34.72.176.129 - - [21/Jul/2026:22:45:24 +0000] "GET /wp-includes/js/wp-emoji-release.min.js?ver=7.0.2 HTTP/1.1" 200 22752 "http://obinnacoaching.shop/" "Mozilla/5.0 (Windows NT 10.0; Win64; x64) AppleWebKit/537.36 (KHTML, like Gecko) Chrome/125.0.6422.60 Safari/537.36 Edge/12.246"
34.72.176.129 - - [21/Jul/2026:22:45:19 +0000] "GET /wp-content/themes/twentytwentyfour/assets/images/windows.webp HTTP/1.1" 200 126244 "http://obinnacoaching.shop/" "Mozilla/5.0 (Windows NT 10.0; Win64; x64) AppleWebKit/537.36 (KHTML, like Gecko) Chrome/125.0.6422.60 Safari/537.36 Edge/12.246"
34.122.147.229 - - [21/Jul/2026:22:45:19 +0000] "GET /wp-content/themes/twentytwentyfour/assets/images/building-exterior.webp HTTP/1.1" 200 199724 "http://obinnacoaching.shop/" "Mozilla/5.0 (Windows NT 10.0; Win64; x64) AppleWebKit/537.36 (KHTML, like Gecko) Chrome/125.0.6422.60 Safari/537.36 Edge/12.246"
195.178.110.223 - - [21/Jul/2026:23:12:04 +0000] "GET /.git/config HTTP/1.1" 404 76369 "-" "Mozilla/5.0 (Linux; Android 5.0; ASUS_Z00AD) AppleWebKit/537.36 (KHTML, like Gecko) Chrome/76.0.3809.111 Mobile Safari/537.36"
136.67.60.28 - - [21/Jul/2026:23:15:52 +0000] "GET /system/bootstrap.php HTTP/1.1" 404 76369 "-" "Mozilla/5.0 (Windows NT 10.0; Win64; x64) AppleWebKit/537.36 (KHTML, like Gecko) Chrome/91.0.4472.124 Safari/537.36"
136.67.60.28 - - [21/Jul/2026:23:16:04 +0000] "GET /bootstrap.php HTTP/1.1" 404 76369 "-" "Mozilla/5.0 (Windows NT 10.0; Win64; x64) AppleWebKit/537.36 (KHTML, like Gecko) Chrome/91.0.4472.124 Safari/537.36"
63.141.250.58 - - [22/Jul/2026:00:50:15 +0000] "GET /index.php?params=1 HTTP/1.1" 301 - "-" "Mozilla/5.0 (Windows NT 10.0; Win64; x64) AppleWebKit/537.36 (KHTML, like Gecko) Chrome/131.0.0.0 Safari/537.36"
63.141.250.58 - - [22/Jul/2026:00:50:18 +0000] "GET /?params=1 HTTP/1.1" 200 90721 "-" "Mozilla/5.0 (Windows NT 10.0; Win64; x64) AppleWebKit/537.36 (KHTML, like Gecko) Chrome/131.0.0.0 Safari/537.36"
63.141.250.58 - - [22/Jul/2026:00:51:32 +0000] "GET /index.php?params=1 HTTP/1.1" 301 - "-" "Mozilla/5.0 (Windows NT 10.0; Win64; x64) AppleWebKit/537.36 (KHTML, like Gecko) Chrome/131.0.0.0 Safari/537.36"
63.141.250.58 - - [22/Jul/2026:00:51:33 +0000] "GET /?params=1 HTTP/1.1" 200 90721 "-" "Mozilla/5.0 (Windows NT 10.0; Win64; x64) AppleWebKit/537.36 (KHTML, like Gecko) Chrome/131.0.0.0 Safari/537.36"
198.177.124.148 - - [22/Jul/2026:01:01:22 +0000] "GET /.well-known/acme-challenge/5NHY_8TQR61X65MBMBVI-90T4_-TZIKJ HTTP/1.1" 200 64 "-" "Cpanel-HTTP-Client/1.0"
43.153.74.75 - - [22/Jul/2026:01:09:29 +0000] "GET / HTTP/1.1" 200 90721 "-" "Mozilla/5.0 (iPhone; CPU iPhone OS 13_2_3 like Mac OS X) AppleWebKit/605.1.15 (KHTML, like Gecko) Version/13.0.3 Mobile/15E148 Safari/604.1"
172.71.172.220 - - [22/Jul/2026:01:21:23 +0000] "GET /wp-admin/install.php?step=1 HTTP/1.1" 404 76369 "-" "http://obinnacoaching.shop/wp-admin/install.php?step=1"
198.177.124.148 - - [22/Jul/2026:02:27:48 +0000] "POST /wp-cron.php?doing_wp_cron=1784687268.7889139652252197265625 HTTP/1.1" 200 - "-" "WordPress/7.0.2; https://obinnacoaching.shop"
43.130.105.21 - - [22/Jul/2026:02:27:46 +0000] "GET / HTTP/1.1" 200 90721 "-" "Mozilla/5.0 (iPhone; CPU iPhone OS 13_2_3 like Mac OS X) AppleWebKit/605.1.15 (KHTML, like Gecko) Version/13.0.3 Mobile/15E148 Safari/604.1"
198.177.124.148 - - [22/Jul/2026:02:27:51 +0000] "POST /wp-cron.php HTTP/1.1" 200 - "-" "WordPress/7.0.2; https://obinnacoaching.shop"
198.177.124.148 - - [22/Jul/2026:03:03:15 +0000] "POST /wp-cron.php?doing_wp_cron=1784689395.0357880592346191406250 HTTP/1.1" 200 - "-" "WordPress/7.0.2; https://obinnacoaching.shop"
104.23.217.103 - - [22/Jul/2026:03:03:13 +0000] "GET /wp-admin/install.php?step=1 HTTP/1.1" 404 76369 "-" "http://obinnacoaching.shop/wp-admin/install.php?step=1"
198.177.124.148 - - [22/Jul/2026:04:02:27 +0000] "GET /.well-known/acme-challenge/2WSRNCSWJ01RG394FPZPED9UP8MWDNYG HTTP/1.1" 200 64 "-" "Cpanel-HTTP-Client/1.0"
198.177.124.148 - - [22/Jul/2026:04:41:47 +0000] "POST /wp-cron.php?doing_wp_cron=1784695307.9493429660797119140625 HTTP/1.1" 200 - "-" "WordPress/7.0.2; https://obinnacoaching.shop"
162.158.182.43 - - [22/Jul/2026:04:41:46 +0000] "GET /wp-admin/install.php?step=1 HTTP/1.1" 404 76369 "-" "http://obinnacoaching.shop/wp-admin/install.php?step=1"
43.157.168.43 - - [22/Jul/2026:06:14:14 +0000] "GET / HTTP/1.1" 200 90721 "-" "Mozilla/5.0 (iPhone; CPU iPhone OS 13_2_3 like Mac OS X) AppleWebKit/605.1.15 (KHTML, like Gecko) Version/13.0.3 Mobile/15E148 Safari/604.1"
172.69.150.251 - - [22/Jul/2026:06:25:36 +0000] "GET /wp-admin/install.php?step=1 HTTP/1.1" 404 76369 "-" "http://obinnacoaching.shop/wp-admin/install.php?step=1"
198.177.124.148 - - [22/Jul/2026:07:02:34 +0000] "GET /.well-known/acme-challenge/GU1AEDI5M1Q2Q3STR0VUNR58HXUOP1J_ HTTP/1.1" 200 64 "-" "Cpanel-HTTP-Client/1.0"
43.140.37.167 - - [22/Jul/2026:07:27:31 +0000] "GET / HTTP/1.1" 200 90721 "-" "Mozilla/5.0 (iPhone; CPU iPhone OS 13_2_3 like Mac OS X) AppleWebKit/605.1.15 (KHTML, like Gecko) Version/13.0.3 Mobile/15E148 Safari/604.1"
198.177.124.148 - - [22/Jul/2026:08:06:34 +0000] "POST /wp-cron.php?doing_wp_cron=1784707594.8290739059448242187500 HTTP/1.1" 200 - "-" "WordPress/7.0.2; https://obinnacoaching.shop"
104.23.223.12 - - [22/Jul/2026:08:06:33 +0000] "GET /wp-admin/install.php?step=1 HTTP/1.1" 404 76369 "-" "http://obinnacoaching.shop/wp-admin/install.php?step=1"
172.71.164.45 - - [22/Jul/2026:09:04:23 +0000] "GET /wp-admin/install.php?step=1 HTTP/1.1" 404 76369 "-" "http://obinnacoaching.shop/wp-admin/install.php?step=1"
170.106.15.3 - - [22/Jul/2026:09:53:14 +0000] "GET / HTTP/1.1" 200 90721 "-" "Mozilla/5.0 (iPhone; CPU iPhone OS 13_2_3 like Mac OS X) AppleWebKit/605.1.15 (KHTML, like Gecko) Version/13.0.3 Mobile/15E148 Safari/604.1"
198.177.124.148 - - [22/Jul/2026:10:02:35 +0000] "GET /.well-known/acme-challenge/2QFL3CTXHV3ARRJX71JT8_0AS-FW5ODW HTTP/1.1" 200 64 "-" "Cpanel-HTTP-Client/1.0"
162.158.111.137 - - [22/Jul/2026:10:47:17 +0000] "GET /wp-admin/install.php?step=1 HTTP/1.1" 404 76369 "-" "http://obinnacoaching.shop/wp-admin/install.php?step=1"
162.158.182.42 - - [22/Jul/2026:12:32:52 +0000] "GET /wp-admin/install.php?step=1 HTTP/1.1" 404 76369 "-" "http://obinnacoaching.shop/wp-admin/install.php?step=1"
198.177.124.148 - - [22/Jul/2026:13:02:23 +0000] "GET /.well-known/acme-challenge/J4_BXNTL7ZO92GNNXFAA3MVFXCFUD56J HTTP/1.1" 200 64 "-" "Cpanel-HTTP-Client/1.0"
198.177.124.148 - - [22/Jul/2026:13:12:55 +0000] "POST /wp-cron.php?doing_wp_cron=1784725975.7872309684753417968750 HTTP/1.1" 200 - "-" "WordPress/7.0.2; https://obinnacoaching.shop"
146.190.60.254 - - [22/Jul/2026:13:12:53 +0000] "GET / HTTP/1.1" 200 90721 "-" "Mozilla/5.0 (X11; Linux x86_64; rv:142.0) Gecko/20100101 Firefox/142.0"
146.190.60.254 - - [22/Jul/2026:13:12:55 +0000] "GET /favicon.ico HTTP/1.1" 302 - "http://obinnacoaching.shop/" "Mozilla/5.0 (X11; Linux x86_64; rv:142.0) Gecko/20100101 Firefox/142.0"
43.157.67.70 - - [22/Jul/2026:13:20:05 +0000] "GET / HTTP/1.1" 200 90721 "-" "Mozilla/5.0 (iPhone; CPU iPhone OS 13_2_3 like Mac OS X) AppleWebKit/605.1.15 (KHTML, like Gecko) Version/13.0.3 Mobile/15E148 Safari/604.1"
198.177.124.148 - - [22/Jul/2026:13:42:04 +0000] "POST /wp-cron.php?doing_wp_cron=1784727724.6614279747009277343750 HTTP/1.1" 200 - "-" "WordPress/7.0.2; https://obinnacoaching.shop"
100.56.231.35 - - [22/Jul/2026:13:42:01 +0000] "GET / HTTP/1.1" 200 90721 "-" "Mozilla/5.0 (Linux; Android 12; Pixel 6) AppleWebKit/537.36 (KHTML, like Gecko) Chrome/101.0.4951.41 Mobile Safari/537.36"
172.69.150.250 - - [22/Jul/2026:14:15:08 +0000] "GET /wp-admin/install.php?step=1 HTTP/1.1" 404 76369 "-" "http://obinnacoaching.shop/wp-admin/install.php?step=1"
172.70.240.104 - - [22/Jul/2026:14:18:14 +0000] "GET /wp-admin/install.php?step=1 HTTP/1.1" 404 76369 "-" "http://obinnacoaching.shop/wp-admin/install.php?step=1"
104.23.223.12 - - [22/Jul/2026:15:57:36 +0000] "GET /wp-admin/install.php?step=1 HTTP/1.1" 404 76369 "-" "http://obinnacoaching.shop/wp-admin/install.php?step=1"
198.177.124.148 - - [22/Jul/2026:16:02:27 +0000] "GET /.well-known/acme-challenge/GL40FA326E1YWX1PMX0FUN9JEOW2ST1H HTTP/1.1" 200 64 "-" "Cpanel-HTTP-Client/1.0"
198.177.124.148 - - [22/Jul/2026:16:56:58 +0000] "POST /wp-cron.php?doing_wp_cron=1784739418.0410220623016357421875 HTTP/1.1" 200 - "-" "WordPress/7.0.2; https://obinnacoaching.shop"
43.130.105.21 - - [22/Jul/2026:16:56:54 +0000] "GET / HTTP/1.1" 200 90721 "-" "Mozilla/5.0 (iPhone; CPU iPhone OS 13_2_3 like Mac OS X) AppleWebKit/605.1.15 (KHTML, like Gecko) Version/13.0.3 Mobile/15E148 Safari/604.1"
198.177.124.148 - - [22/Jul/2026:17:47:40 +0000] "POST /wp-cron.php?doing_wp_cron=1784742460.2374620437622070312500 HTTP/1.1" 200 - "-" "WordPress/7.0.2; https://obinnacoaching.shop"
172.70.240.104 - - [22/Jul/2026:17:47:38 +0000] "GET /wp-admin/install.php?step=1 HTTP/1.1" 404 76369 "-" "http://obinnacoaching.shop/wp-admin/install.php?step=1"
198.177.124.148 - - [22/Jul/2026:18:04:15 +0000] "POST /wp-cron.php?doing_wp_cron=1784743455.6074988842010498046875 HTTP/1.1" 200 - "-" "WordPress/7.0.2; https://obinnacoaching.shop"
185.177.72.53 - - [22/Jul/2026:18:04:13 +0000] "GET /wp-json/gravitysmtp/v1/tests/mock-data?page=gravitysmtp-settings HTTP/1.1" 404 114 "-" "curl/8.7.1"
185.177.72.53 - - [22/Jul/2026:18:04:15 +0000] "GET / HTTP/1.1" 200 90721 "-" "curl/8.7.1"
185.177.72.53 - - [22/Jul/2026:18:04:18 +0000] "GET /admin HTTP/1.1" 302 - "-" "curl/8.7.1"
185.177.72.69 - - [22/Jul/2026:18:34:38 +0000] "GET /wp-includes/js/dist/script-modules/block-library/navigation/view.min.js HTTP/1.1" 200 3053 "-" "curl/8.7.1"
185.177.72.69 - - [22/Jul/2026:18:34:39 +0000] "POST / HTTP/1.1" 200 90721 "-" "Mozilla/5.0 (Windows NT 10.0; Win64; x64) AppleWebKit/537.36"
185.177.72.69 - - [22/Jul/2026:18:34:40 +0000] "POST / HTTP/1.1" 200 90721 "-" "Mozilla/5.0 (Windows NT 10.0; Win64; x64) AppleWebKit/537.36"
185.177.72.69 - - [22/Jul/2026:18:34:41 +0000] "POST /_next HTTP/1.1" 404 76369 "-" "Mozilla/5.0 (Windows NT 10.0; Win64; x64) AppleWebKit/537.36"
185.177.72.69 - - [22/Jul/2026:18:34:42 +0000] "POST /api HTTP/1.1" 404 76369 "-" "Mozilla/5.0 (Windows NT 10.0; Win64; x64) AppleWebKit/537.36"
185.177.72.69 - - [22/Jul/2026:18:34:43 +0000] "POST /api/auth HTTP/1.1" 404 76369 "-" "Mozilla/5.0 (Windows NT 10.0; Win64; x64) AppleWebKit/537.36"
185.177.72.69 - - [22/Jul/2026:18:34:44 +0000] "POST /api/auth/callback HTTP/1.1" 404 76369 "-" "Mozilla/5.0 (Windows NT 10.0; Win64; x64) AppleWebKit/537.36"
185.177.72.69 - - [22/Jul/2026:18:34:45 +0000] "POST /api/auth/session HTTP/1.1" 404 76369 "-" "Mozilla/5.0 (Windows NT 10.0; Win64; x64) AppleWebKit/537.36"
185.177.72.69 - - [22/Jul/2026:18:34:47 +0000] "POST /_rsc HTTP/1.1" 404 76369 "-" "Mozilla/5.0 (Windows NT 10.0; Win64; x64) AppleWebKit/537.36"
185.177.72.69 - - [22/Jul/2026:18:34:48 +0000] "POST /__rsc HTTP/1.1" 404 76369 "-" "Mozilla/5.0 (Windows NT 10.0; Win64; x64) AppleWebKit/537.36"
185.177.72.69 - - [22/Jul/2026:18:34:49 +0000] "POST /.action HTTP/1.1" 404 76369 "-" "Mozilla/5.0 (Windows NT 10.0; Win64; x64) AppleWebKit/537.36"
185.177.72.69 - - [22/Jul/2026:18:34:50 +0000] "POST /__nextjs_action HTTP/1.1" 404 76369 "-" "Mozilla/5.0 (Windows NT 10.0; Win64; x64) AppleWebKit/537.36"
185.177.72.69 - - [22/Jul/2026:18:34:51 +0000] "POST /_middleware HTTP/1.1" 404 76369 "-" "Mozilla/5.0 (Windows NT 10.0; Win64; x64) AppleWebKit/537.36"
185.177.72.69 - - [22/Jul/2026:18:34:52 +0000] "POST /_next/image HTTP/1.1" 404 76369 "-" "Mozilla/5.0 (Windows NT 10.0; Win64; x64) AppleWebKit/537.36"
185.177.72.69 - - [22/Jul/2026:18:34:53 +0000] "POST /RSC/6hc46vd0tb4dmff.txt HTTP/1.1" 404 76369 "-" "Mozilla/5.0 (Windows NT 10.0; Win64; x64) AppleWebKit/537.36"
185.177.72.69 - - [22/Jul/2026:18:34:54 +0000] "POST /RSC/R/aywr97m9kk16ugu.txt HTTP/1.1" 404 76369 "-" "Mozilla/5.0 (Windows NT 10.0; Win64; x64) AppleWebKit/537.36"
185.177.72.69 - - [22/Jul/2026:18:34:55 +0000] "POST /vendor/phpunit/phpunit/src/Util/PHP/eval-stdin.php HTTP/1.1" 404 76369 "-" "curl/8.7.1"
185.177.72.69 - - [22/Jul/2026:18:34:56 +0000] "POST /vendor/phpunit/phpunit/Util/PHP/eval-stdin.php HTTP/1.1" 404 76369 "-" "curl/8.7.1"
185.177.72.69 - - [22/Jul/2026:18:34:57 +0000] "POST /laravel/vendor/phpunit/phpunit/src/Util/PHP/eval-stdin.php HTTP/1.1" 404 76369 "-" "curl/8.7.1"
185.177.72.69 - - [22/Jul/2026:18:34:59 +0000] "POST /yii/vendor/phpunit/phpunit/src/Util/PHP/eval-stdin.php HTTP/1.1" 404 76369 "-" "curl/8.7.1"
185.177.72.69 - - [22/Jul/2026:18:35:00 +0000] "POST /zend/vendor/phpunit/phpunit/src/Util/PHP/eval-stdin.php HTTP/1.1" 404 76369 "-" "curl/8.7.1"
185.177.72.69 - - [22/Jul/2026:18:35:02 +0000] "POST /lib/vendor/phpunit/phpunit/src/Util/PHP/eval-stdin.php HTTP/1.1" 404 76369 "-" "curl/8.7.1"
185.177.72.53 - - [22/Jul/2026:18:56:48 +0000] "POST / HTTP/1.1" 200 90721 "-" "Mozilla/5.0 (Windows NT 10.0; Win64; x64) AppleWebKit/537.36"
185.177.72.53 - - [22/Jul/2026:18:56:50 +0000] "POST / HTTP/1.1" 200 90721 "-" "Mozilla/5.0 (Windows NT 10.0; Win64; x64) AppleWebKit/537.36"
185.177.72.53 - - [22/Jul/2026:18:56:52 +0000] "POST /_next HTTP/1.1" 404 76369 "-" "Mozilla/5.0 (Windows NT 10.0; Win64; x64) AppleWebKit/537.36"
185.177.72.53 - - [22/Jul/2026:18:56:53 +0000] "POST /api HTTP/1.1" 404 76369 "-" "Mozilla/5.0 (Windows NT 10.0; Win64; x64) AppleWebKit/537.36"
185.177.72.53 - - [22/Jul/2026:18:56:54 +0000] "POST /api/auth HTTP/1.1" 404 76369 "-" "Mozilla/5.0 (Windows NT 10.0; Win64; x64) AppleWebKit/537.36"
185.177.72.53 - - [22/Jul/2026:18:56:56 +0000] "POST /api/auth/callback HTTP/1.1" 404 76369 "-" "Mozilla/5.0 (Windows NT 10.0; Win64; x64) AppleWebKit/537.36"
185.177.72.53 - - [22/Jul/2026:18:56:57 +0000] "POST /api/auth/session HTTP/1.1" 404 76369 "-" "Mozilla/5.0 (Windows NT 10.0; Win64; x64) AppleWebKit/537.36"
185.177.72.53 - - [22/Jul/2026:18:56:59 +0000] "POST /_rsc HTTP/1.1" 404 76369 "-" "Mozilla/5.0 (Windows NT 10.0; Win64; x64) AppleWebKit/537.36"
185.177.72.53 - - [22/Jul/2026:18:57:00 +0000] "POST /__rsc HTTP/1.1" 404 76369 "-" "Mozilla/5.0 (Windows NT 10.0; Win64; x64) AppleWebKit/537.36"
185.177.72.53 - - [22/Jul/2026:18:57:02 +0000] "POST /.action HTTP/1.1" 404 76369 "-" "Mozilla/5.0 (Windows NT 10.0; Win64; x64) AppleWebKit/537.36"
185.177.72.53 - - [22/Jul/2026:18:57:04 +0000] "POST /__nextjs_action HTTP/1.1" 404 76369 "-" "Mozilla/5.0 (Windows NT 10.0; Win64; x64) AppleWebKit/537.36"
185.177.72.53 - - [22/Jul/2026:18:57:05 +0000] "POST /_middleware HTTP/1.1" 404 76369 "-" "Mozilla/5.0 (Windows NT 10.0; Win64; x64) AppleWebKit/537.36"
185.177.72.53 - - [22/Jul/2026:18:57:07 +0000] "POST /_next/image HTTP/1.1" 404 76369 "-" "Mozilla/5.0 (Windows NT 10.0; Win64; x64) AppleWebKit/537.36"
185.177.72.53 - - [22/Jul/2026:18:57:09 +0000] "POST /RSC/w73bfdltreby8bd.txt HTTP/1.1" 404 76369 "-" "Mozilla/5.0 (Windows NT 10.0; Win64; x64) AppleWebKit/537.36"
185.177.72.53 - - [22/Jul/2026:18:57:11 +0000] "POST /RSC/R/pf8hju6hcqef9xy.txt HTTP/1.1" 404 76369 "-" "Mozilla/5.0 (Windows NT 10.0; Win64; x64) AppleWebKit/537.36"
185.177.72.53 - - [22/Jul/2026:18:57:13 +0000] "POST /vendor/phpunit/phpunit/src/Util/PHP/eval-stdin.php HTTP/1.1" 404 76369 "-" "curl/8.7.1"
185.177.72.53 - - [22/Jul/2026:18:57:14 +0000] "POST /vendor/phpunit/phpunit/Util/PHP/eval-stdin.php HTTP/1.1" 404 76369 "-" "curl/8.7.1"
185.177.72.53 - - [22/Jul/2026:18:57:15 +0000] "POST /laravel/vendor/phpunit/phpunit/src/Util/PHP/eval-stdin.php HTTP/1.1" 404 76369 "-" "curl/8.7.1"
185.177.72.53 - - [22/Jul/2026:18:57:17 +0000] "POST /yii/vendor/phpunit/phpunit/src/Util/PHP/eval-stdin.php HTTP/1.1" 404 76369 "-" "curl/8.7.1"
185.177.72.53 - - [22/Jul/2026:18:57:18 +0000] "POST /zend/vendor/phpunit/phpunit/src/Util/PHP/eval-stdin.php HTTP/1.1" 404 76369 "-" "curl/8.7.1"
185.177.72.53 - - [22/Jul/2026:18:57:19 +0000] "POST /lib/vendor/phpunit/phpunit/src/Util/PHP/eval-stdin.php HTTP/1.1" 404 76369 "-" "curl/8.7.1"
198.177.124.148 - - [22/Jul/2026:19:02:20 +0000] "GET /.well-known/acme-challenge/YA9GN7XUXYVPS1HA75YXMIAEVNFRXK14 HTTP/1.1" 200 64 "-" "Cpanel-HTTP-Client/1.0"
185.177.72.53 - - [22/Jul/2026:19:22:26 +0000] "GET /wp-includes/js/dist/script-modules/block-library/navigation/view.min.js HTTP/1.1" 200 3053 "-" "curl/8.7.1"
185.177.72.53 - - [22/Jul/2026:19:22:43 +0000] "POST / HTTP/1.1" 200 90721 "-" "Mozilla/5.0 (Windows NT 10.0; Win64; x64) AppleWebKit/537.36"
185.177.72.53 - - [22/Jul/2026:19:22:45 +0000] "POST / HTTP/1.1" 200 90721 "-" "Mozilla/5.0 (Windows NT 10.0; Win64; x64) AppleWebKit/537.36"
185.177.72.53 - - [22/Jul/2026:19:22:47 +0000] "POST /_next HTTP/1.1" 404 76369 "-" "Mozilla/5.0 (Windows NT 10.0; Win64; x64) AppleWebKit/537.36"
185.177.72.53 - - [22/Jul/2026:19:22:49 +0000] "POST /api HTTP/1.1" 404 76369 "-" "Mozilla/5.0 (Windows NT 10.0; Win64; x64) AppleWebKit/537.36"
185.177.72.53 - - [22/Jul/2026:19:22:52 +0000] "POST /api/auth HTTP/1.1" 404 76369 "-" "Mozilla/5.0 (Windows NT 10.0; Win64; x64) AppleWebKit/537.36"
185.177.72.53 - - [22/Jul/2026:19:23:04 +0000] "POST /api/auth/callback HTTP/1.1" 404 76369 "-" "Mozilla/5.0 (Windows NT 10.0; Win64; x64) AppleWebKit/537.36"
185.177.72.53 - - [22/Jul/2026:19:23:06 +0000] "POST /vendor/phpunit/phpunit/src/Util/PHP/eval-stdin.php HTTP/1.1" 404 76369 "-" "curl/8.7.1"
185.177.72.53 - - [22/Jul/2026:19:23:22 +0000] "POST /vendor/phpunit/phpunit/Util/PHP/eval-stdin.php HTTP/1.1" 404 76369 "-" "curl/8.7.1"
185.177.72.53 - - [22/Jul/2026:19:24:06 +0000] "POST /laravel/vendor/phpunit/phpunit/src/Util/PHP/eval-stdin.php HTTP/1.1" 404 76369 "-" "curl/8.7.1"
104.23.239.9 - - [22/Jul/2026:19:39:42 +0000] "GET /wp-admin/install.php?step=1 HTTP/1.1" 404 76369 "-" "http://obinnacoaching.shop/wp-admin/install.php?step=1"
198.177.124.148 - - [22/Jul/2026:19:42:29 +0000] "POST /wp-cron.php?doing_wp_cron=1784749183.7477190494537353515625 HTTP/1.1" 200 - "-" "WordPress/7.0.2; https://obinnacoaching.shop"
66.249.79.36 - - [22/Jul/2026:20:04:18 +0000] "GET /robots.txt HTTP/1.1" 200 120 "-" "Mozilla/5.0 (compatible; Googlebot/2.1; +http://www.google.com/bot.html)"
129.226.195.146 - - [22/Jul/2026:20:32:33 +0000] "GET / HTTP/1.1" 200 90721 "-" "Mozilla/5.0 (iPhone; CPU iPhone OS 13_2_3 like Mac OS X) AppleWebKit/605.1.15 (KHTML, like Gecko) Version/13.0.3 Mobile/15E148 Safari/604.1"
198.177.124.148 - - [22/Jul/2026:21:23:55 +0000] "POST /wp-cron.php?doing_wp_cron=1784755435.7902948856353759765625 HTTP/1.1" 200 - "-" "WordPress/7.0.2; https://obinnacoaching.shop"
146.56.229.214 - - [22/Jul/2026:21:23:53 +0000] "GET / HTTP/1.1" 200 90721 "-" "Mozilla/5.0 (iPhone; CPU iPhone OS 13_2_3 like Mac OS X) AppleWebKit/605.1.15 (KHTML, like Gecko) Version/13.0.3 Mobile/15E148 Safari/604.1"
104.23.223.13 - - [22/Jul/2026:21:26:52 +0000] "GET /wp-admin/install.php?step=1 HTTP/1.1" 404 76369 "-" "http://obinnacoaching.shop/wp-admin/install.php?step=1"
198.177.124.148 - - [22/Jul/2026:22:02:14 +0000] "GET /.well-known/acme-challenge/RIEFBEJE589APXD2H1568WB9CF7TJ9R- HTTP/1.1" 200 64 "-" "Cpanel-HTTP-Client/1.0"
198.177.124.148 - - [22/Jul/2026:23:10:29 +0000] "POST /wp-cron.php?doing_wp_cron=1784761829.2682631015777587890625 HTTP/1.1" 200 - "-" "WordPress/7.0.2; https://obinnacoaching.shop"
172.70.240.105 - - [22/Jul/2026:23:10:27 +0000] "GET /wp-admin/install.php?step=1 HTTP/1.1" 404 76369 "-" "http://obinnacoaching.shop/wp-admin/install.php?step=1"
178.105.183.10 - - [22/Jul/2026:23:24:27 +0000] "GET / HTTP/1.1" 200 90721 "-" "2ip bot/1.1 (+https://2ip.io/bot/)"
198.177.124.148 - - [23/Jul/2026:00:10:26 +0000] "POST /wp-cron.php?doing_wp_cron=1784765426.6274619102478027343750 HTTP/1.1" 200 - "-" "WordPress/7.0.2; https://obinnacoaching.shop"
43.134.54.246 - - [23/Jul/2026:00:10:25 +0000] "GET / HTTP/1.1" 200 90721 "-" "Mozilla/5.0 (iPhone; CPU iPhone OS 13_2_3 like Mac OS X) AppleWebKit/605.1.15 (KHTML, like Gecko) Version/13.0.3 Mobile/15E148 Safari/604.1"
165.154.182.53 - - [23/Jul/2026:00:29:53 +0000] "GET / HTTP/1.1" 200 90721 "-" "Mozilla/5.0 (Macintosh; Intel Mac OS X 9_1_2) AppleWebKit/600.47 (KHTML, like Gecko) Chrome/53.0.497 Safari/537.36"
165.154.182.53 - - [23/Jul/2026:00:29:57 +0000] "GET /favicon.ico HTTP/1.1" 302 - "-" "Go-http-client/1.1"
165.154.182.53 - - [23/Jul/2026:00:29:57 +0000] "GET /wp-includes/images/w-logo-blue-white-bg.png HTTP/1.1" 200 4119 "http://obinnacoaching.shop/favicon.ico" "Go-http-client/1.1"
165.154.182.53 - - [23/Jul/2026:00:29:57 +0000] "GET /sitemap.xml HTTP/1.1" 301 - "-" "Go-http-client/1.1"
165.154.182.53 - - [23/Jul/2026:00:29:57 +0000] "GET /robots.txt HTTP/1.1" 200 120 "-" "Go-http-client/1.1"
198.177.124.148 - - [23/Jul/2026:01:02:26 +0000] "GET /.well-known/acme-challenge/9XGZGBCQ4XHUYUBLSB__-1DQCPN_YWAB HTTP/1.1" 200 64 "-" "Cpanel-HTTP-Client/1.0"
198.177.124.148 - - [23/Jul/2026:01:07:14 +0000] "POST /wp-cron.php?doing_wp_cron=1784768834.4485809803009033203125 HTTP/1.1" 200 - "-" "WordPress/7.0.2; https://obinnacoaching.shop"
124.156.226.179 - - [23/Jul/2026:01:07:13 +0000] "GET / HTTP/1.1" 200 90721 "-" "Mozilla/5.0 (iPhone; CPU iPhone OS 13_2_3 like Mac OS X) AppleWebKit/605.1.15 (KHTML, like Gecko) Version/13.0.3 Mobile/15E148 Safari/604.1"
49.12.147.139 - - [23/Jul/2026:01:16:43 +0000] "GET / HTTP/1.1" 200 90721 "-" "Mozilla/5.0 (Macintosh; Intel Mac OS X 10_15_7) AppleWebKit/537.36 (KHTML, like Gecko) Chrome/122.0.0.0 Safari/537.36"
104.23.217.103 - - [23/Jul/2026:02:03:52 +0000] "GET /wp-admin/install.php?step=1 HTTP/1.1" 404 76369 "-" "http://obinnacoaching.shop/wp-admin/install.php?step=1"
198.177.124.148 - - [23/Jul/2026:03:38:27 +0000] "POST /wp-cron.php?doing_wp_cron=1784777907.6804020404815673828125 HTTP/1.1" 200 - "-" "WordPress/7.0.2; https://obinnacoaching.shop"
46.138.250.165 - - [23/Jul/2026:03:38:26 +0000] "GET / HTTP/1.1" 200 90721 "https://dataindex.pro" "Mozilla/5.0 (Windows NT 10.0; Win64; x64) AppleWebKit/537.36 (KHTML, like Gecko) Chrome/123.0.0.0 Safari/537.36 Edg/123.0.2420.81"
46.138.250.165 - - [23/Jul/2026:03:38:29 +0000] "GET / HTTP/1.1" 200 90721 "-" "-"
172.71.98.81 - - [23/Jul/2026:03:51:05 +0000] "GET /wp-admin/install.php?step=1 HTTP/1.1" 404 76369 "-" "http://obinnacoaching.shop/wp-admin/install.php?step=1"
198.177.124.148 - - [23/Jul/2026:04:02:30 +0000] "GET /.well-known/acme-challenge/TCHNK4FI8SMV8Z40HE-XTBR3N7CSYVNN HTTP/1.1" 200 64 "-" "Cpanel-HTTP-Client/1.0"
43.135.145.77 - - [23/Jul/2026:04:03:23 +0000] "GET / HTTP/1.1" 200 90721 "-" "Mozilla/5.0 (iPhone; CPU iPhone OS 13_2_3 like Mac OS X) AppleWebKit/605.1.15 (KHTML, like Gecko) Version/13.0.3 Mobile/15E148 Safari/604.1"