197.211.59.196 - - [21/Jul/2026:22:48:45 +0000] "GET /favicon.ico HTTP/1.1" 200 2 "https://mppglobalconcept.shop/health-products-2/?preview_id=47&preview_nonce=ee11e2c18b&preview=true" "Mozilla/5.0 (Windows NT 10.0; Win64; x64) AppleWebKit/537.36 (KHTML, like Gecko) Chrome/150.0.0.0 Safari/537.36"
197.211.59.196 - - [21/Jul/2026:22:48:48 +0000] "POST /wp-admin/admin-ajax.php HTTP/1.1" 200 77 "https://mppglobalconcept.shop/wp-admin/post.php?post=47&action=elementor" "Mozilla/5.0 (Windows NT 10.0; Win64; x64) AppleWebKit/537.36 (KHTML, like Gecko) Chrome/150.0.0.0 Safari/537.36"
198.177.124.148 - - [21/Jul/2026:22:49:04 +0000] "POST /wp-cron.php?doing_wp_cron=1784674144.8242940902709960937500 HTTP/1.1" 200 - "-" "WordPress/7.0.2; https://mppglobalconcept.shop"
197.211.59.196 - - [21/Jul/2026:22:49:03 +0000] "POST /wp-admin/admin-ajax.php HTTP/1.1" 200 77 "https://mppglobalconcept.shop/wp-admin/post.php?post=47&action=elementor" "Mozilla/5.0 (Windows NT 10.0; Win64; x64) AppleWebKit/537.36 (KHTML, like Gecko) Chrome/150.0.0.0 Safari/537.36"
197.211.59.196 - - [21/Jul/2026:22:49:18 +0000] "POST /wp-admin/admin-ajax.php HTTP/1.1" 200 77 "https://mppglobalconcept.shop/wp-admin/post.php?post=47&action=elementor" "Mozilla/5.0 (Windows NT 10.0; Win64; x64) AppleWebKit/537.36 (KHTML, like Gecko) Chrome/150.0.0.0 Safari/537.36"
197.211.59.196 - - [21/Jul/2026:22:49:33 +0000] "POST /wp-admin/admin-ajax.php HTTP/1.1" 200 77 "https://mppglobalconcept.shop/wp-admin/post.php?post=47&action=elementor" "Mozilla/5.0 (Windows NT 10.0; Win64; x64) AppleWebKit/537.36 (KHTML, like Gecko) Chrome/150.0.0.0 Safari/537.36"
197.211.59.196 - - [21/Jul/2026:22:49:48 +0000] "POST /wp-admin/admin-ajax.php HTTP/1.1" 200 77 "https://mppglobalconcept.shop/wp-admin/post.php?post=47&action=elementor" "Mozilla/5.0 (Windows NT 10.0; Win64; x64) AppleWebKit/537.36 (KHTML, like Gecko) Chrome/150.0.0.0 Safari/537.36"
198.177.124.148 - - [21/Jul/2026:22:50:05 +0000] "POST /wp-cron.php?doing_wp_cron=1784674205.7511100769042968750000 HTTP/1.1" 200 - "-" "WordPress/7.0.2; https://mppglobalconcept.shop"
197.211.59.196 - - [21/Jul/2026:22:50:03 +0000] "POST /wp-admin/admin-ajax.php HTTP/1.1" 200 77 "https://mppglobalconcept.shop/wp-admin/post.php?post=47&action=elementor" "Mozilla/5.0 (Windows NT 10.0; Win64; x64) AppleWebKit/537.36 (KHTML, like Gecko) Chrome/150.0.0.0 Safari/537.36"
197.211.59.196 - - [21/Jul/2026:22:50:18 +0000] "POST /wp-admin/admin-ajax.php HTTP/1.1" 200 77 "https://mppglobalconcept.shop/wp-admin/post.php?post=47&action=elementor" "Mozilla/5.0 (Windows NT 10.0; Win64; x64) AppleWebKit/537.36 (KHTML, like Gecko) Chrome/150.0.0.0 Safari/537.36"
197.211.59.196 - - [21/Jul/2026:22:50:33 +0000] "POST /wp-admin/admin-ajax.php HTTP/1.1" 200 77 "https://mppglobalconcept.shop/wp-admin/post.php?post=47&action=elementor" "Mozilla/5.0 (Windows NT 10.0; Win64; x64) AppleWebKit/537.36 (KHTML, like Gecko) Chrome/150.0.0.0 Safari/537.36"
197.211.59.196 - - [21/Jul/2026:22:50:48 +0000] "POST /wp-admin/admin-ajax.php HTTP/1.1" 200 77 "https://mppglobalconcept.shop/wp-admin/post.php?post=47&action=elementor" "Mozilla/5.0 (Windows NT 10.0; Win64; x64) AppleWebKit/537.36 (KHTML, like Gecko) Chrome/150.0.0.0 Safari/537.36"
198.177.124.148 - - [21/Jul/2026:22:51:04 +0000] "POST /wp-cron.php?doing_wp_cron=1784674264.5666129589080810546875 HTTP/1.1" 200 - "-" "WordPress/7.0.2; https://mppglobalconcept.shop"
197.211.59.196 - - [21/Jul/2026:22:50:59 +0000] "GET /health-products-2/?preview_id=47&preview_nonce=ee11e2c18b&preview=true HTTP/1.1" 200 272230 "https://mppglobalconcept.shop/wp-admin/post.php?post=47&action=elementor" "Mozilla/5.0 (Windows NT 10.0; Win64; x64) AppleWebKit/537.36 (KHTML, like Gecko) Chrome/150.0.0.0 Safari/537.36"
197.211.59.196 - - [21/Jul/2026:22:51:06 +0000] "GET /wp-content/uploads/elementor/css/post-47.css?ver=1784674122 HTTP/1.1" 304 - "https://mppglobalconcept.shop/health-products-2/?preview_id=47&preview_nonce=ee11e2c18b&preview=true" "Mozilla/5.0 (Windows NT 10.0; Win64; x64) AppleWebKit/537.36 (KHTML, like Gecko) Chrome/150.0.0.0 Safari/537.36"
197.211.59.196 - - [21/Jul/2026:22:51:06 +0000] "GET /wp-content/uploads/elementor/css/local-47-preview-desktop.css?ver=6a5ff74b7f647 HTTP/1.1" 304 - "https://mppglobalconcept.shop/health-products-2/?preview_id=47&preview_nonce=ee11e2c18b&preview=true" "Mozilla/5.0 (Windows NT 10.0; Win64; x64) AppleWebKit/537.36 (KHTML, like Gecko) Chrome/150.0.0.0 Safari/537.36"
197.211.59.196 - - [21/Jul/2026:22:51:06 +0000] "GET /wp-content/uploads/elementor/css/local-47-preview-mobile.css?ver=6a5ff74b7f647 HTTP/1.1" 304 - "https://mppglobalconcept.shop/health-products-2/?preview_id=47&preview_nonce=ee11e2c18b&preview=true" "Mozilla/5.0 (Windows NT 10.0; Win64; x64) AppleWebKit/537.36 (KHTML, like Gecko) Chrome/150.0.0.0 Safari/537.36"
197.211.59.196 - - [21/Jul/2026:22:51:04 +0000] "POST /wp-admin/admin-ajax.php HTTP/1.1" 200 77 "https://mppglobalconcept.shop/wp-admin/post.php?post=47&action=elementor" "Mozilla/5.0 (Windows NT 10.0; Win64; x64) AppleWebKit/537.36 (KHTML, like Gecko) Chrome/150.0.0.0 Safari/537.36"
197.211.59.196 - - [21/Jul/2026:22:51:06 +0000] "GET /favicon.ico HTTP/1.1" 200 2 "https://mppglobalconcept.shop/health-products-2/?preview_id=47&preview_nonce=ee11e2c18b&preview=true" "Mozilla/5.0 (Windows NT 10.0; Win64; x64) AppleWebKit/537.36 (KHTML, like Gecko) Chrome/150.0.0.0 Safari/537.36"
198.177.124.148 - - [21/Jul/2026:22:53:08 +0000] "POST /wp-cron.php?doing_wp_cron=1784674388.4087951183319091796875 HTTP/1.1" 200 - "-" "WordPress/7.0.2; https://mppglobalconcept.shop"
197.211.59.196 - - [21/Jul/2026:22:53:05 +0000] "POST /wp-admin/admin-ajax.php HTTP/1.1" 200 77 "https://mppglobalconcept.shop/wp-admin/post.php?post=47&action=elementor" "Mozilla/5.0 (Windows NT 10.0; Win64; x64) AppleWebKit/537.36 (KHTML, like Gecko) Chrome/150.0.0.0 Safari/537.36"
198.177.124.148 - - [21/Jul/2026:22:55:10 +0000] "POST /wp-cron.php?doing_wp_cron=1784674510.0233769416809082031250 HTTP/1.1" 200 - "-" "WordPress/7.0.2; https://mppglobalconcept.shop"
197.211.59.196 - - [21/Jul/2026:22:55:06 +0000] "POST /wp-admin/admin-ajax.php HTTP/1.1" 200 77 "https://mppglobalconcept.shop/wp-admin/post.php?post=47&action=elementor" "Mozilla/5.0 (Windows NT 10.0; Win64; x64) AppleWebKit/537.36 (KHTML, like Gecko) Chrome/150.0.0.0 Safari/537.36"
198.177.124.148 - - [21/Jul/2026:22:57:09 +0000] "POST /wp-cron.php?doing_wp_cron=1784674629.9223608970642089843750 HTTP/1.1" 200 - "-" "WordPress/7.0.2; https://mppglobalconcept.shop"
197.211.59.196 - - [21/Jul/2026:22:57:07 +0000] "POST /wp-admin/admin-ajax.php HTTP/1.1" 200 77 "https://mppglobalconcept.shop/wp-admin/post.php?post=47&action=elementor" "Mozilla/5.0 (Windows NT 10.0; Win64; x64) AppleWebKit/537.36 (KHTML, like Gecko) Chrome/150.0.0.0 Safari/537.36"
198.177.124.148 - - [21/Jul/2026:22:59:11 +0000] "POST /wp-cron.php?doing_wp_cron=1784674751.4932770729064941406250 HTTP/1.1" 200 - "-" "WordPress/7.0.2; https://mppglobalconcept.shop"
197.211.59.196 - - [21/Jul/2026:22:59:08 +0000] "POST /wp-admin/admin-ajax.php HTTP/1.1" 200 77 "https://mppglobalconcept.shop/wp-admin/post.php?post=47&action=elementor" "Mozilla/5.0 (Windows NT 10.0; Win64; x64) AppleWebKit/537.36 (KHTML, like Gecko) Chrome/150.0.0.0 Safari/537.36"
198.177.124.148 - - [21/Jul/2026:23:01:15 +0000] "POST /wp-cron.php?doing_wp_cron=1784674875.1437010765075683593750 HTTP/1.1" 200 - "-" "WordPress/7.0.2; https://mppglobalconcept.shop"
197.211.59.196 - - [21/Jul/2026:23:01:09 +0000] "POST /wp-admin/admin-ajax.php HTTP/1.1" 200 77 "https://mppglobalconcept.shop/wp-admin/post.php?post=47&action=elementor" "Mozilla/5.0 (Windows NT 10.0; Win64; x64) AppleWebKit/537.36 (KHTML, like Gecko) Chrome/150.0.0.0 Safari/537.36"
198.177.124.148 - - [21/Jul/2026:23:03:13 +0000] "POST /wp-cron.php?doing_wp_cron=1784674993.8615620136260986328125 HTTP/1.1" 200 - "-" "WordPress/7.0.2; https://mppglobalconcept.shop"
197.211.59.196 - - [21/Jul/2026:23:03:10 +0000] "POST /wp-admin/admin-ajax.php HTTP/1.1" 200 77 "https://mppglobalconcept.shop/wp-admin/post.php?post=47&action=elementor" "Mozilla/5.0 (Windows NT 10.0; Win64; x64) AppleWebKit/537.36 (KHTML, like Gecko) Chrome/150.0.0.0 Safari/537.36"
198.177.124.148 - - [21/Jul/2026:23:05:16 +0000] "POST /wp-cron.php?doing_wp_cron=1784675116.3096570968627929687500 HTTP/1.1" 200 - "-" "WordPress/7.0.2; https://mppglobalconcept.shop"
197.211.59.196 - - [21/Jul/2026:23:05:12 +0000] "POST /wp-admin/admin-ajax.php HTTP/1.1" 200 77 "https://mppglobalconcept.shop/wp-admin/post.php?post=47&action=elementor" "Mozilla/5.0 (Windows NT 10.0; Win64; x64) AppleWebKit/537.36 (KHTML, like Gecko) Chrome/150.0.0.0 Safari/537.36"
198.177.124.148 - - [21/Jul/2026:23:07:15 +0000] "POST /wp-cron.php?doing_wp_cron=1784675235.8511939048767089843750 HTTP/1.1" 200 - "-" "WordPress/7.0.2; https://mppglobalconcept.shop"
197.211.59.196 - - [21/Jul/2026:23:07:12 +0000] "POST /wp-admin/admin-ajax.php HTTP/1.1" 200 77 "https://mppglobalconcept.shop/wp-admin/post.php?post=47&action=elementor" "Mozilla/5.0 (Windows NT 10.0; Win64; x64) AppleWebKit/537.36 (KHTML, like Gecko) Chrome/150.0.0.0 Safari/537.36"
198.177.124.148 - - [21/Jul/2026:23:09:16 +0000] "POST /wp-cron.php?doing_wp_cron=1784675356.8161389827728271484375 HTTP/1.1" 200 - "-" "WordPress/7.0.2; https://mppglobalconcept.shop"
197.211.59.196 - - [21/Jul/2026:23:09:13 +0000] "POST /wp-admin/admin-ajax.php HTTP/1.1" 200 77 "https://mppglobalconcept.shop/wp-admin/post.php?post=47&action=elementor" "Mozilla/5.0 (Windows NT 10.0; Win64; x64) AppleWebKit/537.36 (KHTML, like Gecko) Chrome/150.0.0.0 Safari/537.36"
198.177.124.148 - - [21/Jul/2026:23:11:18 +0000] "POST /wp-cron.php?doing_wp_cron=1784675478.0061259269714355468750 HTTP/1.1" 200 - "-" "WordPress/7.0.2; https://mppglobalconcept.shop"
197.211.59.196 - - [21/Jul/2026:23:11:14 +0000] "POST /wp-admin/admin-ajax.php HTTP/1.1" 200 77 "https://mppglobalconcept.shop/wp-admin/post.php?post=47&action=elementor" "Mozilla/5.0 (Windows NT 10.0; Win64; x64) AppleWebKit/537.36 (KHTML, like Gecko) Chrome/150.0.0.0 Safari/537.36"
74.7.175.144 - - [21/Jul/2026:23:32:41 +0000] "GET /robots.txt HTTP/1.1" 200 75 "-" "Mozilla/5.0 (Macintosh; Intel Mac OS X 10_15_7) AppleWebKit/537.36 (KHTML, like Gecko) Chrome/131.0.0.0 Safari/537.36; compatible; OAI-SearchBot/1.4; robots.txt; +https://openai.com/searchbot"
198.177.124.148 - - [22/Jul/2026:00:12:04 +0000] "POST /wp-cron.php?doing_wp_cron=1784679124.0716741085052490234375 HTTP/1.1" 200 - "-" "WordPress/7.0.2; https://mppglobalconcept.shop"
32.195.64.104 - - [22/Jul/2026:00:12:01 +0000] "GET / HTTP/1.1" 200 97571 "-" "Mozilla/5.0 (X11; Linux x86_64) AppleWebKit/537.36 (KHTML, like Gecko) Chrome/145.0.0.0 Safari/537.36"
32.195.64.104 - - [22/Jul/2026:00:12:04 +0000] "GET /wp-includes/blocks/navigation/style.min.css?ver=7.0.2 HTTP/1.1" 200 20709 "https://mppglobalconcept.shop/" "Mozilla/5.0 (X11; Linux x86_64) AppleWebKit/537.36 (KHTML, like Gecko) Chrome/145.0.0.0 Safari/537.36"
32.195.64.104 - - [22/Jul/2026:00:12:04 +0000] "GET /wp-includes/js/jquery/jquery.min.js?ver=3.7.1 HTTP/1.1" 200 87553 "https://mppglobalconcept.shop/" "Mozilla/5.0 (X11; Linux x86_64) AppleWebKit/537.36 (KHTML, like Gecko) Chrome/145.0.0.0 Safari/537.36"
32.195.64.104 - - [22/Jul/2026:00:12:04 +0000] "GET /wp-includes/js/jquery/jquery-migrate.min.js?ver=3.4.1 HTTP/1.1" 200 13577 "https://mppglobalconcept.shop/" "Mozilla/5.0 (X11; Linux x86_64) AppleWebKit/537.36 (KHTML, like Gecko) Chrome/145.0.0.0 Safari/537.36"
32.195.64.104 - - [22/Jul/2026:00:12:04 +0000] "GET /wp-content/themes/twentytwentyfour/assets/images/tourist-and-building.webp HTTP/1.1" 200 66482 "https://mppglobalconcept.shop/" "Mozilla/5.0 (X11; Linux x86_64) AppleWebKit/537.36 (KHTML, like Gecko) Chrome/145.0.0.0 Safari/537.36"
32.195.64.104 - - [22/Jul/2026:00:12:04 +0000] "GET /wp-content/plugins/pixelyoursite/dist/scripts/jquery.bind-first-0.2.3.min.js?ver=0.2.3 HTTP/1.1" 200 1317 "https://mppglobalconcept.shop/" "Mozilla/5.0 (X11; Linux x86_64) AppleWebKit/537.36 (KHTML, like Gecko) Chrome/145.0.0.0 Safari/537.36"
32.195.64.104 - - [22/Jul/2026:00:12:04 +0000] "GET /wp-content/themes/twentytwentyfour/assets/images/windows.webp HTTP/1.1" 200 126244 "https://mppglobalconcept.shop/" "Mozilla/5.0 (X11; Linux x86_64) AppleWebKit/537.36 (KHTML, like Gecko) Chrome/145.0.0.0 Safari/537.36"
32.195.64.104 - - [22/Jul/2026:00:12:04 +0000] "GET /wp-includes/js/dist/script-modules/block-library/navigation/view.min.js?ver=96a846e1d7b789c39ab9 HTTP/1.1" 200 3053 "https://mppglobalconcept.shop/" "Mozilla/5.0 (X11; Linux x86_64) AppleWebKit/537.36 (KHTML, like Gecko) Chrome/145.0.0.0 Safari/537.36"
32.195.64.104 - - [22/Jul/2026:00:12:04 +0000] "GET /wp-includes/js/dist/script-modules/interactivity/index.min.js?ver=efaa5193bbad9c60ffd1 HTTP/1.1" 200 40106 "https://mppglobalconcept.shop/" "Mozilla/5.0 (X11; Linux x86_64) AppleWebKit/537.36 (KHTML, like Gecko) Chrome/145.0.0.0 Safari/537.36"
32.195.64.104 - - [22/Jul/2026:00:12:04 +0000] "GET /wp-content/themes/twentytwentyfour/assets/images/building-exterior.webp HTTP/1.1" 200 199724 "https://mppglobalconcept.shop/" "Mozilla/5.0 (X11; Linux x86_64) AppleWebKit/537.36 (KHTML, like Gecko) Chrome/145.0.0.0 Safari/537.36"
32.195.64.104 - - [22/Jul/2026:00:12:04 +0000] "GET /wp-content/themes/twentytwentyfour/assets/fonts/cardo/cardo_italic_400.woff2 HTTP/1.1" 200 105184 "https://mppglobalconcept.shop/" "Mozilla/5.0 (X11; Linux x86_64) AppleWebKit/537.36 (KHTML, like Gecko) Chrome/145.0.0.0 Safari/537.36"
32.195.64.104 - - [22/Jul/2026:00:12:04 +0000] "GET /wp-content/plugins/pixelyoursite/dist/scripts/js.cookie-2.1.3.min.js?ver=2.1.3 HTTP/1.1" 200 1709 "https://mppglobalconcept.shop/" "Mozilla/5.0 (X11; Linux x86_64) AppleWebKit/537.36 (KHTML, like Gecko) Chrome/145.0.0.0 Safari/537.36"
32.195.64.104 - - [22/Jul/2026:00:12:04 +0000] "GET /wp-content/plugins/pixelyoursite/dist/scripts/tld.min.js?ver=2.3.1 HTTP/1.1" 200 141079 "https://mppglobalconcept.shop/" "Mozilla/5.0 (X11; Linux x86_64) AppleWebKit/537.36 (KHTML, like Gecko) Chrome/145.0.0.0 Safari/537.36"
32.195.64.104 - - [22/Jul/2026:00:12:04 +0000] "GET /wp-content/themes/twentytwentyfour/assets/fonts/cardo/cardo_normal_400.woff2 HTTP/1.1" 200 146060 "https://mppglobalconcept.shop/" "Mozilla/5.0 (X11; Linux x86_64) AppleWebKit/537.36 (KHTML, like Gecko) Chrome/145.0.0.0 Safari/537.36"
32.195.64.104 - - [22/Jul/2026:00:12:04 +0000] "GET /wp-content/plugins/pixelyoursite/dist/scripts/public.js?ver=11.2.1 HTTP/1.1" 200 172979 "https://mppglobalconcept.shop/" "Mozilla/5.0 (X11; Linux x86_64) AppleWebKit/537.36 (KHTML, like Gecko) Chrome/145.0.0.0 Safari/537.36"
32.195.64.104 - - [22/Jul/2026:00:12:04 +0000] "GET /wp-content/themes/twentytwentyfour/assets/fonts/inter/Inter-VariableFont_slnt,wght.woff2 HTTP/1.1" 200 326628 "https://mppglobalconcept.shop/" "Mozilla/5.0 (X11; Linux x86_64) AppleWebKit/537.36 (KHTML, like Gecko) Chrome/145.0.0.0 Safari/537.36"
32.195.64.104 - - [22/Jul/2026:00:12:04 +0000] "GET /wp-includes/js/wp-emoji-release.min.js?ver=7.0.2 HTTP/1.1" 200 22752 "https://mppglobalconcept.shop/" "Mozilla/5.0 (X11; Linux x86_64) AppleWebKit/537.36 (KHTML, like Gecko) Chrome/145.0.0.0 Safari/537.36"
32.195.64.104 - - [22/Jul/2026:00:12:04 +0000] "GET /wp-admin/admin-ajax.php?action=pys_get_pbid HTTP/1.1" 200 1 "https://mppglobalconcept.shop/" "Mozilla/5.0 (X11; Linux x86_64) AppleWebKit/537.36 (KHTML, like Gecko) Chrome/145.0.0.0 Safari/537.36"
32.195.64.104 - - [22/Jul/2026:00:12:05 +0000] "GET /favicon.ico HTTP/1.1" 200 2 "https://mppglobalconcept.shop/" "Mozilla/5.0 (X11; Linux x86_64) AppleWebKit/537.36 (KHTML, like Gecko) Chrome/145.0.0.0 Safari/537.36"
32.195.64.104 - - [22/Jul/2026:00:12:04 +0000] "POST /wp-json/pys-facebook/v1/event HTTP/1.1" 200 18 "https://mppglobalconcept.shop/" "Mozilla/5.0 (X11; Linux x86_64) AppleWebKit/537.36 (KHTML, like Gecko) Chrome/145.0.0.0 Safari/537.36"
32.195.64.104 - - [22/Jul/2026:00:12:09 +0000] "GET /favicon.ico HTTP/1.1" 200 2 "-" "Mozilla/5.0 (X11; Linux x86_64) AppleWebKit/537.36 (KHTML, like Gecko) Chrome/145.0.0.0 Safari/537.36"
161.123.181.105 - - [22/Jul/2026:00:16:16 +0000] "GET / HTTP/1.1" 200 97571 "-" "Mozilla/5.0 (iPhone; CPU iPhone OS 26_3 like Mac OS X) AppleWebKit/605.1.15 (KHTML, like Gecko) CriOS/144.0.7559.95 Mobile/15E148 Safari/604.1"
206.204.62.169 - - [22/Jul/2026:00:16:17 +0000] "GET /wp-includes/blocks/navigation/style.min.css?ver=7.0.2 HTTP/1.1" 200 20709 "https://mppglobalconcept.shop/" "Mozilla/5.0 (iPhone; CPU iPhone OS 26_3 like Mac OS X) AppleWebKit/605.1.15 (KHTML, like Gecko) CriOS/144.0.7559.95 Mobile/15E148 Safari/604.1"
161.123.181.105 - - [22/Jul/2026:00:16:17 +0000] "GET /wp-includes/js/jquery/jquery.min.js?ver=3.7.1 HTTP/1.1" 200 87553 "https://mppglobalconcept.shop/" "Mozilla/5.0 (iPhone; CPU iPhone OS 26_3 like Mac OS X) AppleWebKit/605.1.15 (KHTML, like Gecko) CriOS/144.0.7559.95 Mobile/15E148 Safari/604.1"
206.204.62.169 - - [22/Jul/2026:00:16:17 +0000] "GET /wp-includes/js/jquery/jquery-migrate.min.js?ver=3.4.1 HTTP/1.1" 200 13577 "https://mppglobalconcept.shop/" "Mozilla/5.0 (iPhone; CPU iPhone OS 26_3 like Mac OS X) AppleWebKit/605.1.15 (KHTML, like Gecko) CriOS/144.0.7559.95 Mobile/15E148 Safari/604.1"
161.123.181.105 - - [22/Jul/2026:00:16:17 +0000] "GET /wp-content/themes/twentytwentyfour/assets/images/tourist-and-building.webp HTTP/1.1" 200 66482 "https://mppglobalconcept.shop/" "Mozilla/5.0 (iPhone; CPU iPhone OS 26_3 like Mac OS X) AppleWebKit/605.1.15 (KHTML, like Gecko) CriOS/144.0.7559.95 Mobile/15E148 Safari/604.1"
206.204.62.169 - - [22/Jul/2026:00:16:17 +0000] "GET /wp-content/themes/twentytwentyfour/assets/images/building-exterior.webp HTTP/1.1" 200 199724 "https://mppglobalconcept.shop/" "Mozilla/5.0 (iPhone; CPU iPhone OS 26_3 like Mac OS X) AppleWebKit/605.1.15 (KHTML, like Gecko) CriOS/144.0.7559.95 Mobile/15E148 Safari/604.1"
161.123.181.105 - - [22/Jul/2026:00:16:18 +0000] "GET /wp-content/themes/twentytwentyfour/assets/fonts/cardo/cardo_italic_400.woff2 HTTP/1.1" 200 105184 "https://mppglobalconcept.shop/" "Mozilla/5.0 (iPhone; CPU iPhone OS 26_3 like Mac OS X) AppleWebKit/605.1.15 (KHTML, like Gecko) CriOS/144.0.7559.95 Mobile/15E148 Safari/604.1"
152.39.205.13 - - [22/Jul/2026:00:16:18 +0000] "GET /wp-content/themes/twentytwentyfour/assets/fonts/inter/Inter-VariableFont_slnt,wght.woff2 HTTP/1.1" 200 326628 "https://mppglobalconcept.shop/" "Mozilla/5.0 (iPhone; CPU iPhone OS 26_3 like Mac OS X) AppleWebKit/605.1.15 (KHTML, like Gecko) CriOS/144.0.7559.95 Mobile/15E148 Safari/604.1"
103.30.14.176 - - [22/Jul/2026:00:16:18 +0000] "GET /wp-includes/js/dist/script-modules/interactivity/index.min.js?ver=efaa5193bbad9c60ffd1 HTTP/1.1" 200 40106 "https://mppglobalconcept.shop/" "Mozilla/5.0 (iPhone; CPU iPhone OS 26_3 like Mac OS X) AppleWebKit/605.1.15 (KHTML, like Gecko) CriOS/144.0.7559.95 Mobile/15E148 Safari/604.1"
161.123.181.105 - - [22/Jul/2026:00:16:18 +0000] "GET /wp-includes/js/dist/script-modules/block-library/navigation/view.min.js?ver=96a846e1d7b789c39ab9 HTTP/1.1" 200 3053 "https://mppglobalconcept.shop/" "Mozilla/5.0 (iPhone; CPU iPhone OS 26_3 like Mac OS X) AppleWebKit/605.1.15 (KHTML, like Gecko) CriOS/144.0.7559.95 Mobile/15E148 Safari/604.1"
188.212.143.51 - - [22/Jul/2026:00:16:18 +0000] "GET /wp-content/themes/twentytwentyfour/assets/images/windows.webp HTTP/1.1" 200 126244 "https://mppglobalconcept.shop/" "Mozilla/5.0 (iPhone; CPU iPhone OS 26_3 like Mac OS X) AppleWebKit/605.1.15 (KHTML, like Gecko) CriOS/144.0.7559.95 Mobile/15E148 Safari/604.1"
91.92.20.54 - - [22/Jul/2026:00:16:18 +0000] "GET /wp-content/themes/twentytwentyfour/assets/fonts/cardo/cardo_normal_400.woff2 HTTP/1.1" 200 146060 "https://mppglobalconcept.shop/" "Mozilla/5.0 (iPhone; CPU iPhone OS 26_3 like Mac OS X) AppleWebKit/605.1.15 (KHTML, like Gecko) CriOS/144.0.7559.95 Mobile/15E148 Safari/604.1"
206.204.62.169 - - [22/Jul/2026:00:16:18 +0000] "GET /wp-content/plugins/pixelyoursite/dist/scripts/jquery.bind-first-0.2.3.min.js?ver=0.2.3 HTTP/1.1" 200 1317 "https://mppglobalconcept.shop/" "Mozilla/5.0 (iPhone; CPU iPhone OS 26_3 like Mac OS X) AppleWebKit/605.1.15 (KHTML, like Gecko) CriOS/144.0.7559.95 Mobile/15E148 Safari/604.1"
161.123.181.105 - - [22/Jul/2026:00:16:18 +0000] "GET /wp-content/plugins/pixelyoursite/dist/scripts/js.cookie-2.1.3.min.js?ver=2.1.3 HTTP/1.1" 200 1709 "https://mppglobalconcept.shop/" "Mozilla/5.0 (iPhone; CPU iPhone OS 26_3 like Mac OS X) AppleWebKit/605.1.15 (KHTML, like Gecko) CriOS/144.0.7559.95 Mobile/15E148 Safari/604.1"
152.39.205.13 - - [22/Jul/2026:00:16:18 +0000] "GET /wp-content/plugins/pixelyoursite/dist/scripts/tld.min.js?ver=2.3.1 HTTP/1.1" 200 141079 "https://mppglobalconcept.shop/" "Mozilla/5.0 (iPhone; CPU iPhone OS 26_3 like Mac OS X) AppleWebKit/605.1.15 (KHTML, like Gecko) CriOS/144.0.7559.95 Mobile/15E148 Safari/604.1"
206.204.62.169 - - [22/Jul/2026:00:16:18 +0000] "GET /wp-content/plugins/pixelyoursite/dist/scripts/public.js?ver=11.2.1 HTTP/1.1" 200 172979 "https://mppglobalconcept.shop/" "Mozilla/5.0 (iPhone; CPU iPhone OS 26_3 like Mac OS X) AppleWebKit/605.1.15 (KHTML, like Gecko) CriOS/144.0.7559.95 Mobile/15E148 Safari/604.1"
206.204.62.169 - - [22/Jul/2026:00:16:18 +0000] "GET /wp-admin/admin-ajax.php?action=pys_get_pbid HTTP/1.1" 200 1 "https://mppglobalconcept.shop/" "Mozilla/5.0 (iPhone; CPU iPhone OS 26_3 like Mac OS X) AppleWebKit/605.1.15 (KHTML, like Gecko) CriOS/144.0.7559.95 Mobile/15E148 Safari/604.1"
152.39.205.13 - - [22/Jul/2026:00:16:18 +0000] "GET /favicon.ico HTTP/1.1" 200 2 "https://mppglobalconcept.shop/" "Mozilla/5.0 (iPhone; CPU iPhone OS 26_3 like Mac OS X) AppleWebKit/605.1.15 (KHTML, like Gecko) CriOS/144.0.7559.95 Mobile/15E148 Safari/604.1"
188.212.143.51 - - [22/Jul/2026:00:16:18 +0000] "POST /wp-json/pys-facebook/v1/event HTTP/1.1" 200 18 "https://mppglobalconcept.shop/" "Mozilla/5.0 (iPhone; CPU iPhone OS 26_3 like Mac OS X) AppleWebKit/605.1.15 (KHTML, like Gecko) CriOS/144.0.7559.95 Mobile/15E148 Safari/604.1"
103.196.9.131 - - [22/Jul/2026:00:16:40 +0000] "GET /wp-admin/admin-ajax.php?action=pys_get_pbid HTTP/1.1" 200 1 "http://mppglobalconcept.shop/" "Mozilla/5.0 (iPhone; CPU iPhone OS 26_3 like Mac OS X) AppleWebKit/605.1.15 (KHTML, like Gecko) CriOS/144.0.7559.95 Mobile/15E148 Safari/604.1"
103.196.9.131 - - [22/Jul/2026:00:16:40 +0000] "POST /wp-json/pys-facebook/v1/event HTTP/1.1" 200 18 "http://mppglobalconcept.shop/" "Mozilla/5.0 (iPhone; CPU iPhone OS 26_3 like Mac OS X) AppleWebKit/605.1.15 (KHTML, like Gecko) CriOS/144.0.7559.95 Mobile/15E148 Safari/604.1"
198.177.124.148 - - [22/Jul/2026:00:25:05 +0000] "POST /wp-cron.php?doing_wp_cron=1784679905.9367771148681640625000 HTTP/1.1" 200 - "-" "WordPress/7.0.2; https://mppglobalconcept.shop"
157.143.3.35 - - [22/Jul/2026:00:25:03 +0000] "GET / HTTP/1.1" 200 97571 "-" "Mozilla/5.0 (Linux; Android 6.0; Nexus 5 Build/MRA58N) AppleWebKit/537.36 (KHTML, like Gecko) Chrome/130.0.0.0 Mobile Safari/537.36"
74.7.243.236 - - [22/Jul/2026:00:28:26 +0000] "GET /wp-sitemap.xml HTTP/1.1" 200 59384 "-" "Mozilla/5.0 AppleWebKit/537.36 (KHTML, like Gecko; compatible; GPTBot/1.4; +https://openai.com/gptbot)"
198.177.124.148 - - [22/Jul/2026:00:28:32 +0000] "POST /wp-cron.php?doing_wp_cron=1784680112.1930389404296875000000 HTTP/1.1" 200 - "-" "WordPress/7.0.2; https://mppglobalconcept.shop"
74.7.243.236 - - [22/Jul/2026:00:28:29 +0000] "GET /?h=22151265281100 HTTP/1.1" 200 97571 "https://mppglobalconcept.shop/wp-sitemap.xml" "Mozilla/5.0 AppleWebKit/537.36 (KHTML, like Gecko; compatible; GPTBot/1.4; +https://openai.com/gptbot)"
74.7.243.236 - - [22/Jul/2026:00:28:32 +0000] "GET /?h=943819081100 HTTP/1.1" 200 97571 "https://mppglobalconcept.shop/wp-sitemap.xml" "Mozilla/5.0 AppleWebKit/537.36 (KHTML, like Gecko; compatible; GPTBot/1.4; +https://openai.com/gptbot)"
74.7.243.236 - - [22/Jul/2026:00:28:35 +0000] "GET /?h=16375859681100 HTTP/1.1" 200 97571 "https://mppglobalconcept.shop/wp-sitemap.xml" "Mozilla/5.0 AppleWebKit/537.36 (KHTML, like Gecko; compatible; GPTBot/1.4; +https://openai.com/gptbot)"
74.7.243.236 - - [22/Jul/2026:00:28:38 +0000] "GET /?h=8754783081100 HTTP/1.1" 200 97571 "https://mppglobalconcept.shop/wp-sitemap.xml" "Mozilla/5.0 AppleWebKit/537.36 (KHTML, like Gecko; compatible; GPTBot/1.4; +https://openai.com/gptbot)"
74.7.243.236 - - [22/Jul/2026:00:28:40 +0000] "GET /?h=5338303881100 HTTP/1.1" 200 97571 "https://mppglobalconcept.shop/wp-sitemap.xml" "Mozilla/5.0 AppleWebKit/537.36 (KHTML, like Gecko; compatible; GPTBot/1.4; +https://openai.com/gptbot)"
74.7.243.236 - - [22/Jul/2026:00:28:43 +0000] "GET /?h=311649581100 HTTP/1.1" 200 97571 "https://mppglobalconcept.shop/wp-sitemap.xml" "Mozilla/5.0 AppleWebKit/537.36 (KHTML, like Gecko; compatible; GPTBot/1.4; +https://openai.com/gptbot)"
74.7.243.236 - - [22/Jul/2026:00:28:45 +0000] "GET /?h=16783563981100 HTTP/1.1" 200 97571 "https://mppglobalconcept.shop/wp-sitemap.xml" "Mozilla/5.0 AppleWebKit/537.36 (KHTML, like Gecko; compatible; GPTBot/1.4; +https://openai.com/gptbot)"
74.7.243.236 - - [22/Jul/2026:00:28:48 +0000] "GET /?h=15668359381100 HTTP/1.1" 200 97571 "https://mppglobalconcept.shop/wp-sitemap.xml" "Mozilla/5.0 AppleWebKit/537.36 (KHTML, like Gecko; compatible; GPTBot/1.4; +https://openai.com/gptbot)"
74.7.243.236 - - [22/Jul/2026:00:28:50 +0000] "GET /?h=19053066181100 HTTP/1.1" 200 97571 "https://mppglobalconcept.shop/wp-sitemap.xml" "Mozilla/5.0 AppleWebKit/537.36 (KHTML, like Gecko; compatible; GPTBot/1.4; +https://openai.com/gptbot)"
74.7.243.236 - - [22/Jul/2026:00:28:52 +0000] "GET /?h=22936129881100 HTTP/1.1" 200 97571 "https://mppglobalconcept.shop/wp-sitemap.xml" "Mozilla/5.0 AppleWebKit/537.36 (KHTML, like Gecko; compatible; GPTBot/1.4; +https://openai.com/gptbot)"
74.7.243.236 - - [22/Jul/2026:00:28:55 +0000] "GET /?h=10011676981100 HTTP/1.1" 200 97571 "https://mppglobalconcept.shop/wp-sitemap.xml" "Mozilla/5.0 AppleWebKit/537.36 (KHTML, like Gecko; compatible; GPTBot/1.4; +https://openai.com/gptbot)"
74.7.243.236 - - [22/Jul/2026:00:28:57 +0000] "GET /?h=10102163581100 HTTP/1.1" 200 97571 "https://mppglobalconcept.shop/wp-sitemap.xml" "Mozilla/5.0 AppleWebKit/537.36 (KHTML, like Gecko; compatible; GPTBot/1.4; +https://openai.com/gptbot)"
74.7.243.236 - - [22/Jul/2026:00:28:59 +0000] "GET /?h=16127009081100 HTTP/1.1" 200 97571 "https://mppglobalconcept.shop/wp-sitemap.xml" "Mozilla/5.0 AppleWebKit/537.36 (KHTML, like Gecko; compatible; GPTBot/1.4; +https://openai.com/gptbot)"
198.177.124.148 - - [22/Jul/2026:00:29:04 +0000] "POST /wp-cron.php?doing_wp_cron=1784680144.8117899894714355468750 HTTP/1.1" 200 - "-" "WordPress/7.0.2; https://mppglobalconcept.shop"
74.7.243.236 - - [22/Jul/2026:00:29:02 +0000] "GET /?h=808338181100 HTTP/1.1" 200 97571 "https://mppglobalconcept.shop/wp-sitemap.xml" "Mozilla/5.0 AppleWebKit/537.36 (KHTML, like Gecko; compatible; GPTBot/1.4; +https://openai.com/gptbot)"
74.7.243.236 - - [22/Jul/2026:00:29:05 +0000] "GET /?h=542198681100 HTTP/1.1" 200 97571 "https://mppglobalconcept.shop/wp-sitemap.xml" "Mozilla/5.0 AppleWebKit/537.36 (KHTML, like Gecko; compatible; GPTBot/1.4; +https://openai.com/gptbot)"
74.7.243.236 - - [22/Jul/2026:00:29:08 +0000] "GET /?h=134286881100 HTTP/1.1" 200 97571 "https://mppglobalconcept.shop/wp-sitemap.xml" "Mozilla/5.0 AppleWebKit/537.36 (KHTML, like Gecko; compatible; GPTBot/1.4; +https://openai.com/gptbot)"
74.7.243.236 - - [22/Jul/2026:00:29:10 +0000] "GET /?h=132527281100 HTTP/1.1" 200 97571 "https://mppglobalconcept.shop/wp-sitemap.xml" "Mozilla/5.0 AppleWebKit/537.36 (KHTML, like Gecko; compatible; GPTBot/1.4; +https://openai.com/gptbot)"
74.7.243.236 - - [22/Jul/2026:00:29:13 +0000] "GET /?h=716108581100 HTTP/1.1" 200 97571 "https://mppglobalconcept.shop/wp-sitemap.xml" "Mozilla/5.0 AppleWebKit/537.36 (KHTML, like Gecko; compatible; GPTBot/1.4; +https://openai.com/gptbot)"
74.7.243.236 - - [22/Jul/2026:00:29:16 +0000] "GET /?h=939079781100 HTTP/1.1" 200 97571 "https://mppglobalconcept.shop/wp-sitemap.xml" "Mozilla/5.0 AppleWebKit/537.36 (KHTML, like Gecko; compatible; GPTBot/1.4; +https://openai.com/gptbot)"
74.7.243.236 - - [22/Jul/2026:00:29:18 +0000] "GET /?h=904916981100 HTTP/1.1" 200 97571 "https://mppglobalconcept.shop/wp-sitemap.xml" "Mozilla/5.0 AppleWebKit/537.36 (KHTML, like Gecko; compatible; GPTBot/1.4; +https://openai.com/gptbot)"
74.7.243.236 - - [22/Jul/2026:00:29:21 +0000] "GET /?h=808944081100 HTTP/1.1" 200 97571 "https://mppglobalconcept.shop/wp-sitemap.xml" "Mozilla/5.0 AppleWebKit/537.36 (KHTML, like Gecko; compatible; GPTBot/1.4; +https://openai.com/gptbot)"
74.7.243.236 - - [22/Jul/2026:00:29:23 +0000] "GET /?h=793555881100 HTTP/1.1" 200 97571 "https://mppglobalconcept.shop/wp-sitemap.xml" "Mozilla/5.0 AppleWebKit/537.36 (KHTML, like Gecko; compatible; GPTBot/1.4; +https://openai.com/gptbot)"
74.7.243.236 - - [22/Jul/2026:00:29:25 +0000] "GET /?h=5780810081100 HTTP/1.1" 200 97571 "https://mppglobalconcept.shop/wp-sitemap.xml" "Mozilla/5.0 AppleWebKit/537.36 (KHTML, like Gecko; compatible; GPTBot/1.4; +https://openai.com/gptbot)"
74.7.243.236 - - [22/Jul/2026:00:29:27 +0000] "GET /?h=4718800181100 HTTP/1.1" 200 97571 "https://mppglobalconcept.shop/wp-sitemap.xml" "Mozilla/5.0 AppleWebKit/537.36 (KHTML, like Gecko; compatible; GPTBot/1.4; +https://openai.com/gptbot)"
74.7.243.236 - - [22/Jul/2026:00:29:29 +0000] "GET /?h=8811272881100 HTTP/1.1" 200 97571 "https://mppglobalconcept.shop/wp-sitemap.xml" "Mozilla/5.0 AppleWebKit/537.36 (KHTML, like Gecko; compatible; GPTBot/1.4; +https://openai.com/gptbot)"
74.7.243.236 - - [22/Jul/2026:00:29:32 +0000] "GET /?h=8187087981100 HTTP/1.1" 200 97571 "https://mppglobalconcept.shop/wp-sitemap.xml" "Mozilla/5.0 AppleWebKit/537.36 (KHTML, like Gecko; compatible; GPTBot/1.4; +https://openai.com/gptbot)"
74.7.243.236 - - [22/Jul/2026:00:29:33 +0000] "GET /?h=2579881881100 HTTP/1.1" 200 97571 "https://mppglobalconcept.shop/wp-sitemap.xml" "Mozilla/5.0 AppleWebKit/537.36 (KHTML, like Gecko; compatible; GPTBot/1.4; +https://openai.com/gptbot)"
74.7.243.236 - - [22/Jul/2026:00:29:35 +0000] "GET /?h=2963939481100 HTTP/1.1" 200 97571 "https://mppglobalconcept.shop/wp-sitemap.xml" "Mozilla/5.0 AppleWebKit/537.36 (KHTML, like Gecko; compatible; GPTBot/1.4; +https://openai.com/gptbot)"
74.7.243.236 - - [22/Jul/2026:00:29:38 +0000] "GET /?h=4795168481100 HTTP/1.1" 200 97571 "https://mppglobalconcept.shop/wp-sitemap.xml" "Mozilla/5.0 AppleWebKit/537.36 (KHTML, like Gecko; compatible; GPTBot/1.4; +https://openai.com/gptbot)"
74.7.243.236 - - [22/Jul/2026:00:29:40 +0000] "GET /?h=5910945781100 HTTP/1.1" 200 97571 "https://mppglobalconcept.shop/wp-sitemap.xml" "Mozilla/5.0 AppleWebKit/537.36 (KHTML, like Gecko; compatible; GPTBot/1.4; +https://openai.com/gptbot)"
74.7.243.236 - - [22/Jul/2026:00:29:43 +0000] "GET /?h=3969509381100 HTTP/1.1" 200 97571 "https://mppglobalconcept.shop/wp-sitemap.xml" "Mozilla/5.0 AppleWebKit/537.36 (KHTML, like Gecko; compatible; GPTBot/1.4; +https://openai.com/gptbot)"
74.7.243.236 - - [22/Jul/2026:00:29:45 +0000] "GET /?h=3486557281100 HTTP/1.1" 200 97571 "https://mppglobalconcept.shop/wp-sitemap.xml" "Mozilla/5.0 AppleWebKit/537.36 (KHTML, like Gecko; compatible; GPTBot/1.4; +https://openai.com/gptbot)"
74.7.243.236 - - [22/Jul/2026:00:29:47 +0000] "GET /?h=8372891781100 HTTP/1.1" 200 97571 "https://mppglobalconcept.shop/wp-sitemap.xml" "Mozilla/5.0 AppleWebKit/537.36 (KHTML, like Gecko; compatible; GPTBot/1.4; +https://openai.com/gptbot)"
74.7.243.236 - - [22/Jul/2026:00:29:49 +0000] "GET /?h=7876360881100 HTTP/1.1" 200 97571 "https://mppglobalconcept.shop/wp-sitemap.xml" "Mozilla/5.0 AppleWebKit/537.36 (KHTML, like Gecko; compatible; GPTBot/1.4; +https://openai.com/gptbot)"
74.7.243.236 - - [22/Jul/2026:00:29:52 +0000] "GET /?h=9828246981100 HTTP/1.1" 200 97571 "https://mppglobalconcept.shop/wp-sitemap.xml" "Mozilla/5.0 AppleWebKit/537.36 (KHTML, like Gecko; compatible; GPTBot/1.4; +https://openai.com/gptbot)"
74.7.243.236 - - [22/Jul/2026:00:29:54 +0000] "GET /?h=7544335981100 HTTP/1.1" 200 97571 "https://mppglobalconcept.shop/wp-sitemap.xml" "Mozilla/5.0 AppleWebKit/537.36 (KHTML, like Gecko; compatible; GPTBot/1.4; +https://openai.com/gptbot)"
74.7.243.236 - - [22/Jul/2026:00:29:57 +0000] "GET /?h=2591543381100 HTTP/1.1" 200 97571 "https://mppglobalconcept.shop/wp-sitemap.xml" "Mozilla/5.0 AppleWebKit/537.36 (KHTML, like Gecko; compatible; GPTBot/1.4; +https://openai.com/gptbot)"
198.177.124.148 - - [22/Jul/2026:00:30:04 +0000] "POST /wp-cron.php?doing_wp_cron=1784680204.7161290645599365234375 HTTP/1.1" 200 - "-" "WordPress/7.0.2; https://mppglobalconcept.shop"
74.7.243.236 - - [22/Jul/2026:00:30:00 +0000] "GET /?h=3849234081100 HTTP/1.1" 200 97571 "https://mppglobalconcept.shop/wp-sitemap.xml" "Mozilla/5.0 AppleWebKit/537.36 (KHTML, like Gecko; compatible; GPTBot/1.4; +https://openai.com/gptbot)"
157.143.3.35 - - [22/Jul/2026:00:30:02 +0000] "GET / HTTP/1.1" 200 2 "-" "Mozilla/5.0 (Linux; Android 6.0; Nexus 5 Build/MRA58N) AppleWebKit/537.36 (KHTML, like Gecko) Chrome/130.0.0.0 Mobile Safari/537.36"
74.7.243.236 - - [22/Jul/2026:00:30:04 +0000] "GET /?h=5486832381100 HTTP/1.1" 200 97571 "https://mppglobalconcept.shop/wp-sitemap.xml" "Mozilla/5.0 AppleWebKit/537.36 (KHTML, like Gecko; compatible; GPTBot/1.4; +https://openai.com/gptbot)"
74.7.243.236 - - [22/Jul/2026:00:30:08 +0000] "GET /?h=3528032381100 HTTP/1.1" 200 97571 "https://mppglobalconcept.shop/wp-sitemap.xml" "Mozilla/5.0 AppleWebKit/537.36 (KHTML, like Gecko; compatible; GPTBot/1.4; +https://openai.com/gptbot)"
74.7.243.236 - - [22/Jul/2026:00:30:12 +0000] "GET /?h=8416898381100 HTTP/1.1" 200 97571 "https://mppglobalconcept.shop/wp-sitemap.xml" "Mozilla/5.0 AppleWebKit/537.36 (KHTML, like Gecko; compatible; GPTBot/1.4; +https://openai.com/gptbot)"
74.7.243.236 - - [22/Jul/2026:00:30:16 +0000] "GET /?h=5033245681100 HTTP/1.1" 200 97571 "https://mppglobalconcept.shop/wp-sitemap.xml" "Mozilla/5.0 AppleWebKit/537.36 (KHTML, like Gecko; compatible; GPTBot/1.4; +https://openai.com/gptbot)"
74.7.243.236 - - [22/Jul/2026:00:30:18 +0000] "GET /?h=3265021981100 HTTP/1.1" 200 97571 "https://mppglobalconcept.shop/wp-sitemap.xml" "Mozilla/5.0 AppleWebKit/537.36 (KHTML, like Gecko; compatible; GPTBot/1.4; +https://openai.com/gptbot)"
74.7.243.236 - - [22/Jul/2026:00:30:21 +0000] "GET /?h=2177572581100 HTTP/1.1" 200 97571 "https://mppglobalconcept.shop/wp-sitemap.xml" "Mozilla/5.0 AppleWebKit/537.36 (KHTML, like Gecko; compatible; GPTBot/1.4; +https://openai.com/gptbot)"
74.7.243.236 - - [22/Jul/2026:00:30:24 +0000] "GET /?h=4255975581100 HTTP/1.1" 200 97571 "https://mppglobalconcept.shop/wp-sitemap.xml" "Mozilla/5.0 AppleWebKit/537.36 (KHTML, like Gecko; compatible; GPTBot/1.4; +https://openai.com/gptbot)"
74.7.243.236 - - [22/Jul/2026:00:30:27 +0000] "GET /?h=2509522781100 HTTP/1.1" 200 97571 "https://mppglobalconcept.shop/wp-sitemap.xml" "Mozilla/5.0 AppleWebKit/537.36 (KHTML, like Gecko; compatible; GPTBot/1.4; +https://openai.com/gptbot)"
74.7.243.236 - - [22/Jul/2026:00:30:29 +0000] "GET /?h=1287173481100 HTTP/1.1" 200 97571 "https://mppglobalconcept.shop/wp-sitemap.xml" "Mozilla/5.0 AppleWebKit/537.36 (KHTML, like Gecko; compatible; GPTBot/1.4; +https://openai.com/gptbot)"
74.7.243.236 - - [22/Jul/2026:00:30:32 +0000] "GET /?h=1324415581100 HTTP/1.1" 200 97571 "https://mppglobalconcept.shop/wp-sitemap.xml" "Mozilla/5.0 AppleWebKit/537.36 (KHTML, like Gecko; compatible; GPTBot/1.4; +https://openai.com/gptbot)"
74.7.243.236 - - [22/Jul/2026:00:30:34 +0000] "GET /?h=3384375981100 HTTP/1.1" 200 97571 "https://mppglobalconcept.shop/wp-sitemap.xml" "Mozilla/5.0 AppleWebKit/537.36 (KHTML, like Gecko; compatible; GPTBot/1.4; +https://openai.com/gptbot)"
74.7.243.236 - - [22/Jul/2026:00:30:36 +0000] "GET /?h=9706170581100 HTTP/1.1" 200 97571 "https://mppglobalconcept.shop/wp-sitemap.xml" "Mozilla/5.0 AppleWebKit/537.36 (KHTML, like Gecko; compatible; GPTBot/1.4; +https://openai.com/gptbot)"
74.7.243.236 - - [22/Jul/2026:00:30:38 +0000] "GET /?h=2416471481100 HTTP/1.1" 200 97571 "https://mppglobalconcept.shop/wp-sitemap.xml" "Mozilla/5.0 AppleWebKit/537.36 (KHTML, like Gecko; compatible; GPTBot/1.4; +https://openai.com/gptbot)"
74.7.243.236 - - [22/Jul/2026:00:30:41 +0000] "GET /?h=4760499381100 HTTP/1.1" 200 97571 "https://mppglobalconcept.shop/wp-sitemap.xml" "Mozilla/5.0 AppleWebKit/537.36 (KHTML, like Gecko; compatible; GPTBot/1.4; +https://openai.com/gptbot)"
74.7.243.236 - - [22/Jul/2026:00:30:44 +0000] "GET /?h=9700675981100 HTTP/1.1" 200 97571 "https://mppglobalconcept.shop/wp-sitemap.xml" "Mozilla/5.0 AppleWebKit/537.36 (KHTML, like Gecko; compatible; GPTBot/1.4; +https://openai.com/gptbot)"
74.7.243.236 - - [22/Jul/2026:00:30:47 +0000] "GET /?h=4839274681100 HTTP/1.1" 200 97571 "https://mppglobalconcept.shop/wp-sitemap.xml" "Mozilla/5.0 AppleWebKit/537.36 (KHTML, like Gecko; compatible; GPTBot/1.4; +https://openai.com/gptbot)"
74.7.243.236 - - [22/Jul/2026:00:30:49 +0000] "GET /?h=6149271981100 HTTP/1.1" 200 97571 "https://mppglobalconcept.shop/wp-sitemap.xml" "Mozilla/5.0 AppleWebKit/537.36 (KHTML, like Gecko; compatible; GPTBot/1.4; +https://openai.com/gptbot)"
74.7.243.236 - - [22/Jul/2026:00:30:51 +0000] "GET /?h=8645779181100 HTTP/1.1" 200 97571 "https://mppglobalconcept.shop/wp-sitemap.xml" "Mozilla/5.0 AppleWebKit/537.36 (KHTML, like Gecko; compatible; GPTBot/1.4; +https://openai.com/gptbot)"
74.7.243.236 - - [22/Jul/2026:00:30:53 +0000] "GET /?h=1928398281100 HTTP/1.1" 200 97571 "https://mppglobalconcept.shop/wp-sitemap.xml" "Mozilla/5.0 AppleWebKit/537.36 (KHTML, like Gecko; compatible; GPTBot/1.4; +https://openai.com/gptbot)"
74.7.243.236 - - [22/Jul/2026:00:30:57 +0000] "GET /?h=2264614681100 HTTP/1.1" 200 97571 "https://mppglobalconcept.shop/wp-sitemap.xml" "Mozilla/5.0 AppleWebKit/537.36 (KHTML, like Gecko; compatible; GPTBot/1.4; +https://openai.com/gptbot)"
74.7.243.236 - - [22/Jul/2026:00:30:59 +0000] "GET /?h=2657030381100 HTTP/1.1" 200 97571 "https://mppglobalconcept.shop/wp-sitemap.xml" "Mozilla/5.0 AppleWebKit/537.36 (KHTML, like Gecko; compatible; GPTBot/1.4; +https://openai.com/gptbot)"
198.177.124.148 - - [22/Jul/2026:00:31:04 +0000] "POST /wp-cron.php?doing_wp_cron=1784680264.5614309310913085937500 HTTP/1.1" 200 - "-" "WordPress/7.0.2; https://mppglobalconcept.shop"
74.7.243.236 - - [22/Jul/2026:00:31:02 +0000] "GET /?h=1854652781100 HTTP/1.1" 200 97571 "https://mppglobalconcept.shop/wp-sitemap.xml" "Mozilla/5.0 AppleWebKit/537.36 (KHTML, like Gecko; compatible; GPTBot/1.4; +https://openai.com/gptbot)"
74.7.243.236 - - [22/Jul/2026:00:31:04 +0000] "GET /?h=6334893181100 HTTP/1.1" 200 97571 "https://mppglobalconcept.shop/wp-sitemap.xml" "Mozilla/5.0 AppleWebKit/537.36 (KHTML, like Gecko; compatible; GPTBot/1.4; +https://openai.com/gptbot)"
74.7.243.236 - - [22/Jul/2026:00:31:07 +0000] "GET /?h=8650642981100 HTTP/1.1" 200 97571 "https://mppglobalconcept.shop/wp-sitemap.xml" "Mozilla/5.0 AppleWebKit/537.36 (KHTML, like Gecko; compatible; GPTBot/1.4; +https://openai.com/gptbot)"
74.7.243.236 - - [22/Jul/2026:00:31:09 +0000] "GET /?h=9987474181100 HTTP/1.1" 200 97571 "https://mppglobalconcept.shop/wp-sitemap.xml" "Mozilla/5.0 AppleWebKit/537.36 (KHTML, like Gecko; compatible; GPTBot/1.4; +https://openai.com/gptbot)"
74.7.243.236 - - [22/Jul/2026:00:31:12 +0000] "GET /?h=8764917381100 HTTP/1.1" 200 97571 "https://mppglobalconcept.shop/wp-sitemap.xml" "Mozilla/5.0 AppleWebKit/537.36 (KHTML, like Gecko; compatible; GPTBot/1.4; +https://openai.com/gptbot)"
74.7.243.236 - - [22/Jul/2026:00:31:14 +0000] "GET /?h=2884433781100 HTTP/1.1" 200 97571 "https://mppglobalconcept.shop/wp-sitemap.xml" "Mozilla/5.0 AppleWebKit/537.36 (KHTML, like Gecko; compatible; GPTBot/1.4; +https://openai.com/gptbot)"
74.7.243.236 - - [22/Jul/2026:00:31:17 +0000] "GET /?h=3652374681100 HTTP/1.1" 200 97571 "https://mppglobalconcept.shop/wp-sitemap.xml" "Mozilla/5.0 AppleWebKit/537.36 (KHTML, like Gecko; compatible; GPTBot/1.4; +https://openai.com/gptbot)"
74.7.243.236 - - [22/Jul/2026:00:31:19 +0000] "GET /?h=3531169781100 HTTP/1.1" 200 97571 "https://mppglobalconcept.shop/wp-sitemap.xml" "Mozilla/5.0 AppleWebKit/537.36 (KHTML, like Gecko; compatible; GPTBot/1.4; +https://openai.com/gptbot)"
74.7.243.236 - - [22/Jul/2026:00:31:21 +0000] "GET /?h=6042940681100 HTTP/1.1" 200 97571 "https://mppglobalconcept.shop/wp-sitemap.xml" "Mozilla/5.0 AppleWebKit/537.36 (KHTML, like Gecko; compatible; GPTBot/1.4; +https://openai.com/gptbot)"
74.7.243.236 - - [22/Jul/2026:00:31:23 +0000] "GET /?h=2719288681100 HTTP/1.1" 200 97571 "https://mppglobalconcept.shop/wp-sitemap.xml" "Mozilla/5.0 AppleWebKit/537.36 (KHTML, like Gecko; compatible; GPTBot/1.4; +https://openai.com/gptbot)"
74.7.243.236 - - [22/Jul/2026:00:31:26 +0000] "GET /?h=3914662981100 HTTP/1.1" 200 97571 "https://mppglobalconcept.shop/wp-sitemap.xml" "Mozilla/5.0 AppleWebKit/537.36 (KHTML, like Gecko; compatible; GPTBot/1.4; +https://openai.com/gptbot)"
74.7.243.236 - - [22/Jul/2026:00:31:28 +0000] "GET /?h=5257503381100 HTTP/1.1" 200 97571 "https://mppglobalconcept.shop/wp-sitemap.xml" "Mozilla/5.0 AppleWebKit/537.36 (KHTML, like Gecko; compatible; GPTBot/1.4; +https://openai.com/gptbot)"
74.7.243.236 - - [22/Jul/2026:00:31:29 +0000] "GET /?h=4092930381100 HTTP/1.1" 200 97571 "https://mppglobalconcept.shop/wp-sitemap.xml" "Mozilla/5.0 AppleWebKit/537.36 (KHTML, like Gecko; compatible; GPTBot/1.4; +https://openai.com/gptbot)"
74.7.243.236 - - [22/Jul/2026:00:31:31 +0000] "GET /?h=4109721281100 HTTP/1.1" 200 97571 "https://mppglobalconcept.shop/wp-sitemap.xml" "Mozilla/5.0 AppleWebKit/537.36 (KHTML, like Gecko; compatible; GPTBot/1.4; +https://openai.com/gptbot)"
74.7.243.236 - - [22/Jul/2026:00:31:34 +0000] "GET /?h=6855726481100 HTTP/1.1" 200 97571 "https://mppglobalconcept.shop/wp-sitemap.xml" "Mozilla/5.0 AppleWebKit/537.36 (KHTML, like Gecko; compatible; GPTBot/1.4; +https://openai.com/gptbot)"
74.7.243.236 - - [22/Jul/2026:00:31:35 +0000] "GET /?h=6597787381100 HTTP/1.1" 200 97571 "https://mppglobalconcept.shop/wp-sitemap.xml" "Mozilla/5.0 AppleWebKit/537.36 (KHTML, like Gecko; compatible; GPTBot/1.4; +https://openai.com/gptbot)"
74.7.243.236 - - [22/Jul/2026:00:31:37 +0000] "GET /?h=2519914381100 HTTP/1.1" 200 97571 "https://mppglobalconcept.shop/wp-sitemap.xml" "Mozilla/5.0 AppleWebKit/537.36 (KHTML, like Gecko; compatible; GPTBot/1.4; +https://openai.com/gptbot)"
74.7.243.236 - - [22/Jul/2026:00:31:39 +0000] "GET /?h=5326501281100 HTTP/1.1" 200 97571 "https://mppglobalconcept.shop/wp-sitemap.xml" "Mozilla/5.0 AppleWebKit/537.36 (KHTML, like Gecko; compatible; GPTBot/1.4; +https://openai.com/gptbot)"
74.7.243.236 - - [22/Jul/2026:00:31:41 +0000] "GET /?h=7733783481100 HTTP/1.1" 200 97571 "https://mppglobalconcept.shop/wp-sitemap.xml" "Mozilla/5.0 AppleWebKit/537.36 (KHTML, like Gecko; compatible; GPTBot/1.4; +https://openai.com/gptbot)"
74.7.243.236 - - [22/Jul/2026:00:31:43 +0000] "GET /?h=3903283681100 HTTP/1.1" 200 97571 "https://mppglobalconcept.shop/wp-sitemap.xml" "Mozilla/5.0 AppleWebKit/537.36 (KHTML, like Gecko; compatible; GPTBot/1.4; +https://openai.com/gptbot)"
74.7.243.236 - - [22/Jul/2026:00:31:45 +0000] "GET /?h=9024740581100 HTTP/1.1" 200 97571 "https://mppglobalconcept.shop/wp-sitemap.xml" "Mozilla/5.0 AppleWebKit/537.36 (KHTML, like Gecko; compatible; GPTBot/1.4; +https://openai.com/gptbot)"
74.7.243.236 - - [22/Jul/2026:00:31:47 +0000] "GET /?h=5453565981100 HTTP/1.1" 200 97571 "https://mppglobalconcept.shop/wp-sitemap.xml" "Mozilla/5.0 AppleWebKit/537.36 (KHTML, like Gecko; compatible; GPTBot/1.4; +https://openai.com/gptbot)"
74.7.243.236 - - [22/Jul/2026:00:31:50 +0000] "GET /?h=7368276381100 HTTP/1.1" 200 97571 "https://mppglobalconcept.shop/wp-sitemap.xml" "Mozilla/5.0 AppleWebKit/537.36 (KHTML, like Gecko; compatible; GPTBot/1.4; +https://openai.com/gptbot)"
74.7.243.236 - - [22/Jul/2026:00:31:52 +0000] "GET /?h=4538150681100 HTTP/1.1" 200 97571 "https://mppglobalconcept.shop/wp-sitemap.xml" "Mozilla/5.0 AppleWebKit/537.36 (KHTML, like Gecko; compatible; GPTBot/1.4; +https://openai.com/gptbot)"
74.7.243.236 - - [22/Jul/2026:00:31:54 +0000] "GET /?h=5469551781100 HTTP/1.1" 200 97571 "https://mppglobalconcept.shop/wp-sitemap.xml" "Mozilla/5.0 AppleWebKit/537.36 (KHTML, like Gecko; compatible; GPTBot/1.4; +https://openai.com/gptbot)"
74.7.243.236 - - [22/Jul/2026:00:31:55 +0000] "GET /?h=1273237781100 HTTP/1.1" 200 97571 "https://mppglobalconcept.shop/wp-sitemap.xml" "Mozilla/5.0 AppleWebKit/537.36 (KHTML, like Gecko; compatible; GPTBot/1.4; +https://openai.com/gptbot)"
74.7.243.236 - - [22/Jul/2026:00:31:57 +0000] "GET /?h=7739933781100 HTTP/1.1" 200 97571 "https://mppglobalconcept.shop/wp-sitemap.xml" "Mozilla/5.0 AppleWebKit/537.36 (KHTML, like Gecko; compatible; GPTBot/1.4; +https://openai.com/gptbot)"
74.7.243.236 - - [22/Jul/2026:00:31:59 +0000] "GET /?h=7135303681100 HTTP/1.1" 200 97571 "https://mppglobalconcept.shop/wp-sitemap.xml" "Mozilla/5.0 AppleWebKit/537.36 (KHTML, like Gecko; compatible; GPTBot/1.4; +https://openai.com/gptbot)"
198.177.124.148 - - [22/Jul/2026:00:32:03 +0000] "POST /wp-cron.php?doing_wp_cron=1784680323.6951160430908203125000 HTTP/1.1" 200 - "-" "WordPress/7.0.2; https://mppglobalconcept.shop"
74.7.243.236 - - [22/Jul/2026:00:32:01 +0000] "GET /?h=6976781981100 HTTP/1.1" 200 97571 "https://mppglobalconcept.shop/wp-sitemap.xml" "Mozilla/5.0 AppleWebKit/537.36 (KHTML, like Gecko; compatible; GPTBot/1.4; +https://openai.com/gptbot)"
74.7.243.236 - - [22/Jul/2026:00:32:03 +0000] "GET /?h=2683872581100 HTTP/1.1" 200 97571 "https://mppglobalconcept.shop/wp-sitemap.xml" "Mozilla/5.0 AppleWebKit/537.36 (KHTML, like Gecko; compatible; GPTBot/1.4; +https://openai.com/gptbot)"
74.7.243.236 - - [22/Jul/2026:00:32:05 +0000] "GET /?h=1612359181100 HTTP/1.1" 200 97571 "https://mppglobalconcept.shop/wp-sitemap.xml" "Mozilla/5.0 AppleWebKit/537.36 (KHTML, like Gecko; compatible; GPTBot/1.4; +https://openai.com/gptbot)"
74.7.243.236 - - [22/Jul/2026:00:32:07 +0000] "GET /?h=4177025981100 HTTP/1.1" 200 97571 "https://mppglobalconcept.shop/wp-sitemap.xml" "Mozilla/5.0 AppleWebKit/537.36 (KHTML, like Gecko; compatible; GPTBot/1.4; +https://openai.com/gptbot)"
74.7.243.236 - - [22/Jul/2026:00:32:10 +0000] "GET /?h=9656304181100 HTTP/1.1" 200 97571 "https://mppglobalconcept.shop/wp-sitemap.xml" "Mozilla/5.0 AppleWebKit/537.36 (KHTML, like Gecko; compatible; GPTBot/1.4; +https://openai.com/gptbot)"
74.7.243.236 - - [22/Jul/2026:00:32:11 +0000] "GET /?h=8612263781100 HTTP/1.1" 200 97571 "https://mppglobalconcept.shop/wp-sitemap.xml" "Mozilla/5.0 AppleWebKit/537.36 (KHTML, like Gecko; compatible; GPTBot/1.4; +https://openai.com/gptbot)"
74.7.243.236 - - [22/Jul/2026:00:32:14 +0000] "GET /?h=5826360481100 HTTP/1.1" 200 97571 "https://mppglobalconcept.shop/wp-sitemap.xml" "Mozilla/5.0 AppleWebKit/537.36 (KHTML, like Gecko; compatible; GPTBot/1.4; +https://openai.com/gptbot)"
74.7.243.236 - - [22/Jul/2026:00:32:17 +0000] "GET /?h=9928378181100 HTTP/1.1" 200 97571 "https://mppglobalconcept.shop/wp-sitemap.xml" "Mozilla/5.0 AppleWebKit/537.36 (KHTML, like Gecko; compatible; GPTBot/1.4; +https://openai.com/gptbot)"
74.7.243.236 - - [22/Jul/2026:00:32:19 +0000] "GET /?h=1057869381100 HTTP/1.1" 200 97571 "https://mppglobalconcept.shop/wp-sitemap.xml" "Mozilla/5.0 AppleWebKit/537.36 (KHTML, like Gecko; compatible; GPTBot/1.4; +https://openai.com/gptbot)"
74.7.243.236 - - [22/Jul/2026:00:32:21 +0000] "GET /?h=7765630581100 HTTP/1.1" 200 97571 "https://mppglobalconcept.shop/wp-sitemap.xml" "Mozilla/5.0 AppleWebKit/537.36 (KHTML, like Gecko; compatible; GPTBot/1.4; +https://openai.com/gptbot)"
74.7.243.236 - - [22/Jul/2026:00:32:23 +0000] "GET /?h=5749286681100 HTTP/1.1" 200 97571 "https://mppglobalconcept.shop/wp-sitemap.xml" "Mozilla/5.0 AppleWebKit/537.36 (KHTML, like Gecko; compatible; GPTBot/1.4; +https://openai.com/gptbot)"
74.7.243.236 - - [22/Jul/2026:00:32:25 +0000] "GET /?h=9546038681100 HTTP/1.1" 200 97571 "https://mppglobalconcept.shop/wp-sitemap.xml" "Mozilla/5.0 AppleWebKit/537.36 (KHTML, like Gecko; compatible; GPTBot/1.4; +https://openai.com/gptbot)"
74.7.243.236 - - [22/Jul/2026:00:32:27 +0000] "GET /?h=2989926781100 HTTP/1.1" 200 97571 "https://mppglobalconcept.shop/wp-sitemap.xml" "Mozilla/5.0 AppleWebKit/537.36 (KHTML, like Gecko; compatible; GPTBot/1.4; +https://openai.com/gptbot)"
74.7.243.236 - - [22/Jul/2026:00:32:29 +0000] "GET /?h=3750397681100 HTTP/1.1" 200 97571 "https://mppglobalconcept.shop/wp-sitemap.xml" "Mozilla/5.0 AppleWebKit/537.36 (KHTML, like Gecko; compatible; GPTBot/1.4; +https://openai.com/gptbot)"
74.7.243.236 - - [22/Jul/2026:00:32:32 +0000] "GET /?h=3763802181100 HTTP/1.1" 200 97571 "https://mppglobalconcept.shop/wp-sitemap.xml" "Mozilla/5.0 AppleWebKit/537.36 (KHTML, like Gecko; compatible; GPTBot/1.4; +https://openai.com/gptbot)"
74.7.243.236 - - [22/Jul/2026:00:32:34 +0000] "GET /?h=3282684381100 HTTP/1.1" 200 97571 "https://mppglobalconcept.shop/wp-sitemap.xml" "Mozilla/5.0 AppleWebKit/537.36 (KHTML, like Gecko; compatible; GPTBot/1.4; +https://openai.com/gptbot)"
74.7.243.236 - - [22/Jul/2026:00:32:37 +0000] "GET /?h=3616734481100 HTTP/1.1" 200 97571 "https://mppglobalconcept.shop/wp-sitemap.xml" "Mozilla/5.0 AppleWebKit/537.36 (KHTML, like Gecko; compatible; GPTBot/1.4; +https://openai.com/gptbot)"
74.7.243.236 - - [22/Jul/2026:00:32:40 +0000] "GET /?h=7358855881100 HTTP/1.1" 200 97571 "https://mppglobalconcept.shop/wp-sitemap.xml" "Mozilla/5.0 AppleWebKit/537.36 (KHTML, like Gecko; compatible; GPTBot/1.4; +https://openai.com/gptbot)"
74.7.243.236 - - [22/Jul/2026:00:32:42 +0000] "GET /?h=6292920081100 HTTP/1.1" 200 97571 "https://mppglobalconcept.shop/wp-sitemap.xml" "Mozilla/5.0 AppleWebKit/537.36 (KHTML, like Gecko; compatible; GPTBot/1.4; +https://openai.com/gptbot)"
