197.211.59.196 - - [21/Jul/2026:12:19:22 +0000] "GET /wp-content/uploads/2026/07/1783607613518-2-280x300.jpg HTTP/1.1" 200 241767 "https://mppglobalconcept.shop/wp-admin/post.php?post=47&action=elementor" "Mozilla/5.0 (Windows NT 10.0; Win64; x64) AppleWebKit/537.36 (KHTML, like Gecko) Chrome/150.0.0.0 Safari/537.36"
197.211.59.196 - - [21/Jul/2026:12:19:22 +0000] "GET /wp-content/uploads/2026/07/1783607613501-200x300.jpg HTTP/1.1" 200 241767 "https://mppglobalconcept.shop/wp-admin/post.php?post=47&action=elementor" "Mozilla/5.0 (Windows NT 10.0; Win64; x64) AppleWebKit/537.36 (KHTML, like Gecko) Chrome/150.0.0.0 Safari/537.36"
197.211.59.196 - - [21/Jul/2026:12:19:25 +0000] "POST /wp-admin/admin-ajax.php HTTP/1.1" 200 77 "https://mppglobalconcept.shop/wp-admin/post.php?post=47&action=elementor" "Mozilla/5.0 (Windows NT 10.0; Win64; x64) AppleWebKit/537.36 (KHTML, like Gecko) Chrome/150.0.0.0 Safari/537.36"
74.7.243.236 - - [21/Jul/2026:12:19:23 +0000] "GET /?h=13471357681100 HTTP/1.1" 200 97571 "https://mppglobalconcept.shop/sitemap.xml" "Mozilla/5.0 AppleWebKit/537.36 (KHTML, like Gecko; compatible; GPTBot/1.4; +https://openai.com/gptbot)"
197.211.59.196 - - [21/Jul/2026:12:19:23 +0000] "GET /wp-content/uploads/2026/07/1783607613518-280x300.jpg HTTP/1.1" 200 241767 "https://mppglobalconcept.shop/wp-admin/post.php?post=47&action=elementor" "Mozilla/5.0 (Windows NT 10.0; Win64; x64) AppleWebKit/537.36 (KHTML, like Gecko) Chrome/150.0.0.0 Safari/537.36"
197.211.59.196 - - [21/Jul/2026:12:19:26 +0000] "GET /wp-content/uploads/2026/07/pef-300x171.jpeg HTTP/1.1" 200 241767 "https://mppglobalconcept.shop/wp-admin/post.php?post=47&action=elementor" "Mozilla/5.0 (Windows NT 10.0; Win64; x64) AppleWebKit/537.36 (KHTML, like Gecko) Chrome/150.0.0.0 Safari/537.36"
74.7.243.236 - - [21/Jul/2026:12:19:27 +0000] "GET /?h=16373992181100 HTTP/1.1" 200 97571 "https://mppglobalconcept.shop/sitemap.xml" "Mozilla/5.0 AppleWebKit/537.36 (KHTML, like Gecko; compatible; GPTBot/1.4; +https://openai.com/gptbot)"
197.211.59.196 - - [21/Jul/2026:12:19:26 +0000] "GET /wp-content/uploads/2026/07/images-5-168x300.jpg HTTP/1.1" 200 241767 "https://mppglobalconcept.shop/wp-admin/post.php?post=47&action=elementor" "Mozilla/5.0 (Windows NT 10.0; Win64; x64) AppleWebKit/537.36 (KHTML, like Gecko) Chrome/150.0.0.0 Safari/537.36"
197.211.59.196 - - [21/Jul/2026:12:19:27 +0000] "GET /wp-content/uploads/2026/07/1-300x300.jpg HTTP/1.1" 200 241767 "https://mppglobalconcept.shop/wp-admin/post.php?post=47&action=elementor" "Mozilla/5.0 (Windows NT 10.0; Win64; x64) AppleWebKit/537.36 (KHTML, like Gecko) Chrome/150.0.0.0 Safari/537.36"
197.211.59.196 - - [21/Jul/2026:12:19:26 +0000] "GET /wp-content/uploads/2026/07/images-4-210x300.jpg HTTP/1.1" 200 241767 "https://mppglobalconcept.shop/wp-admin/post.php?post=47&action=elementor" "Mozilla/5.0 (Windows NT 10.0; Win64; x64) AppleWebKit/537.36 (KHTML, like Gecko) Chrome/150.0.0.0 Safari/537.36"
74.7.243.236 - - [21/Jul/2026:12:19:29 +0000] "GET /?h=23656544981100 HTTP/1.1" 200 97571 "https://mppglobalconcept.shop/sitemap.xml" "Mozilla/5.0 AppleWebKit/537.36 (KHTML, like Gecko; compatible; GPTBot/1.4; +https://openai.com/gptbot)"
74.7.243.236 - - [21/Jul/2026:12:19:32 +0000] "GET /?h=23465221681100 HTTP/1.1" 200 97571 "https://mppglobalconcept.shop/sitemap.xml" "Mozilla/5.0 AppleWebKit/537.36 (KHTML, like Gecko; compatible; GPTBot/1.4; +https://openai.com/gptbot)"
74.7.243.236 - - [21/Jul/2026:12:19:34 +0000] "GET /?h=24353910981100 HTTP/1.1" 200 97571 "https://mppglobalconcept.shop/sitemap.xml" "Mozilla/5.0 AppleWebKit/537.36 (KHTML, like Gecko; compatible; GPTBot/1.4; +https://openai.com/gptbot)"
197.211.59.196 - - [21/Jul/2026:12:19:35 +0000] "POST /wp-admin/admin-ajax.php HTTP/1.1" 200 77 "https://mppglobalconcept.shop/wp-admin/post.php?post=47&action=elementor" "Mozilla/5.0 (Windows NT 10.0; Win64; x64) AppleWebKit/537.36 (KHTML, like Gecko) Chrome/150.0.0.0 Safari/537.36"
74.7.243.236 - - [21/Jul/2026:12:19:36 +0000] "GET /?h=11632376481100 HTTP/1.1" 200 97571 "https://mppglobalconcept.shop/sitemap.xml" "Mozilla/5.0 AppleWebKit/537.36 (KHTML, like Gecko; compatible; GPTBot/1.4; +https://openai.com/gptbot)"
74.7.243.236 - - [21/Jul/2026:12:19:38 +0000] "GET /?h=16775529581100 HTTP/1.1" 200 97571 "https://mppglobalconcept.shop/sitemap.xml" "Mozilla/5.0 AppleWebKit/537.36 (KHTML, like Gecko; compatible; GPTBot/1.4; +https://openai.com/gptbot)"
74.7.243.236 - - [21/Jul/2026:12:19:40 +0000] "GET /?h=23686159381100 HTTP/1.1" 200 97571 "https://mppglobalconcept.shop/sitemap.xml" "Mozilla/5.0 AppleWebKit/537.36 (KHTML, like Gecko; compatible; GPTBot/1.4; +https://openai.com/gptbot)"
74.7.243.236 - - [21/Jul/2026:12:19:42 +0000] "GET /?h=21570464481100 HTTP/1.1" 200 97571 "https://mppglobalconcept.shop/sitemap.xml" "Mozilla/5.0 AppleWebKit/537.36 (KHTML, like Gecko; compatible; GPTBot/1.4; +https://openai.com/gptbot)"
74.7.243.236 - - [21/Jul/2026:12:19:44 +0000] "GET /?h=14795946381100 HTTP/1.1" 200 97571 "https://mppglobalconcept.shop/sitemap.xml" "Mozilla/5.0 AppleWebKit/537.36 (KHTML, like Gecko; compatible; GPTBot/1.4; +https://openai.com/gptbot)"
74.7.243.236 - - [21/Jul/2026:12:19:47 +0000] "GET /?h=22793569081100 HTTP/1.1" 200 97571 "https://mppglobalconcept.shop/sitemap.xml" "Mozilla/5.0 AppleWebKit/537.36 (KHTML, like Gecko; compatible; GPTBot/1.4; +https://openai.com/gptbot)"
197.211.59.196 - - [21/Jul/2026:12:19:49 +0000] "POST /wp-admin/admin-ajax.php HTTP/1.1" 200 77 "https://mppglobalconcept.shop/wp-admin/post.php?post=47&action=elementor" "Mozilla/5.0 (Windows NT 10.0; Win64; x64) AppleWebKit/537.36 (KHTML, like Gecko) Chrome/150.0.0.0 Safari/537.36"
74.7.243.236 - - [21/Jul/2026:12:19:49 +0000] "GET /?h=20329672581100 HTTP/1.1" 200 97571 "https://mppglobalconcept.shop/sitemap.xml" "Mozilla/5.0 AppleWebKit/537.36 (KHTML, like Gecko; compatible; GPTBot/1.4; +https://openai.com/gptbot)"
74.7.243.236 - - [21/Jul/2026:12:19:51 +0000] "GET /?h=20931978681100 HTTP/1.1" 200 97571 "https://mppglobalconcept.shop/sitemap.xml" "Mozilla/5.0 AppleWebKit/537.36 (KHTML, like Gecko; compatible; GPTBot/1.4; +https://openai.com/gptbot)"
74.7.243.236 - - [21/Jul/2026:12:19:53 +0000] "GET /?h=18075649881100 HTTP/1.1" 200 97571 "https://mppglobalconcept.shop/sitemap.xml" "Mozilla/5.0 AppleWebKit/537.36 (KHTML, like Gecko; compatible; GPTBot/1.4; +https://openai.com/gptbot)"
74.7.243.236 - - [21/Jul/2026:12:19:56 +0000] "GET /?h=14361964281100 HTTP/1.1" 200 97571 "https://mppglobalconcept.shop/sitemap.xml" "Mozilla/5.0 AppleWebKit/537.36 (KHTML, like Gecko; compatible; GPTBot/1.4; +https://openai.com/gptbot)"
74.7.243.236 - - [21/Jul/2026:12:19:58 +0000] "GET /?h=15742826981100 HTTP/1.1" 200 97571 "https://mppglobalconcept.shop/sitemap.xml" "Mozilla/5.0 AppleWebKit/537.36 (KHTML, like Gecko; compatible; GPTBot/1.4; +https://openai.com/gptbot)"
198.177.124.148 - - [21/Jul/2026:12:20:06 +0000] "POST /wp-cron.php?doing_wp_cron=1784636405.9480409622192382812500 HTTP/1.1" 200 - "-" "WordPress/7.0.2; https://mppglobalconcept.shop"
74.7.243.236 - - [21/Jul/2026:12:20:01 +0000] "GET /?h=13094147581100 HTTP/1.1" 200 97571 "https://mppglobalconcept.shop/sitemap.xml" "Mozilla/5.0 AppleWebKit/537.36 (KHTML, like Gecko; compatible; GPTBot/1.4; +https://openai.com/gptbot)"
197.211.59.196 - - [21/Jul/2026:12:20:05 +0000] "POST /wp-admin/admin-ajax.php HTTP/1.1" 200 77 "https://mppglobalconcept.shop/wp-admin/post.php?post=47&action=elementor" "Mozilla/5.0 (Windows NT 10.0; Win64; x64) AppleWebKit/537.36 (KHTML, like Gecko) Chrome/150.0.0.0 Safari/537.36"
74.7.243.236 - - [21/Jul/2026:12:20:06 +0000] "GET /?h=21677484681100 HTTP/1.1" 200 97571 "https://mppglobalconcept.shop/sitemap.xml" "Mozilla/5.0 AppleWebKit/537.36 (KHTML, like Gecko; compatible; GPTBot/1.4; +https://openai.com/gptbot)"
74.7.243.236 - - [21/Jul/2026:12:20:11 +0000] "GET /?h=24093855381100 HTTP/1.1" 200 97571 "https://mppglobalconcept.shop/sitemap.xml" "Mozilla/5.0 AppleWebKit/537.36 (KHTML, like Gecko; compatible; GPTBot/1.4; +https://openai.com/gptbot)"
74.7.243.236 - - [21/Jul/2026:12:20:14 +0000] "GET /?h=24154603081100 HTTP/1.1" 200 97571 "https://mppglobalconcept.shop/sitemap.xml" "Mozilla/5.0 AppleWebKit/537.36 (KHTML, like Gecko; compatible; GPTBot/1.4; +https://openai.com/gptbot)"
74.7.243.236 - - [21/Jul/2026:12:20:17 +0000] "GET /?h=17256995981100 HTTP/1.1" 200 97571 "https://mppglobalconcept.shop/sitemap.xml" "Mozilla/5.0 AppleWebKit/537.36 (KHTML, like Gecko; compatible; GPTBot/1.4; +https://openai.com/gptbot)"
197.211.59.196 - - [21/Jul/2026:12:20:19 +0000] "POST /wp-admin/admin-ajax.php HTTP/1.1" 200 77 "https://mppglobalconcept.shop/wp-admin/post.php?post=47&action=elementor" "Mozilla/5.0 (Windows NT 10.0; Win64; x64) AppleWebKit/537.36 (KHTML, like Gecko) Chrome/150.0.0.0 Safari/537.36"
74.7.243.236 - - [21/Jul/2026:12:20:21 +0000] "GET /?h=24570607381100 HTTP/1.1" 200 97571 "https://mppglobalconcept.shop/sitemap.xml" "Mozilla/5.0 AppleWebKit/537.36 (KHTML, like Gecko; compatible; GPTBot/1.4; +https://openai.com/gptbot)"
74.7.243.236 - - [21/Jul/2026:12:20:23 +0000] "GET /?h=20647977581100 HTTP/1.1" 200 97571 "https://mppglobalconcept.shop/sitemap.xml" "Mozilla/5.0 AppleWebKit/537.36 (KHTML, like Gecko; compatible; GPTBot/1.4; +https://openai.com/gptbot)"
74.7.243.236 - - [21/Jul/2026:12:20:24 +0000] "GET /?h=23474069481100 HTTP/1.1" 200 97571 "https://mppglobalconcept.shop/sitemap.xml" "Mozilla/5.0 AppleWebKit/537.36 (KHTML, like Gecko; compatible; GPTBot/1.4; +https://openai.com/gptbot)"
74.7.243.236 - - [21/Jul/2026:12:20:26 +0000] "GET /?h=20549763681100 HTTP/1.1" 200 97571 "https://mppglobalconcept.shop/sitemap.xml" "Mozilla/5.0 AppleWebKit/537.36 (KHTML, like Gecko; compatible; GPTBot/1.4; +https://openai.com/gptbot)"
74.7.243.236 - - [21/Jul/2026:12:20:28 +0000] "GET /?h=17315452881100 HTTP/1.1" 200 97571 "https://mppglobalconcept.shop/sitemap.xml" "Mozilla/5.0 AppleWebKit/537.36 (KHTML, like Gecko; compatible; GPTBot/1.4; +https://openai.com/gptbot)"
74.7.243.236 - - [21/Jul/2026:12:20:31 +0000] "GET /?h=16755692581100 HTTP/1.1" 200 97571 "https://mppglobalconcept.shop/sitemap.xml" "Mozilla/5.0 AppleWebKit/537.36 (KHTML, like Gecko; compatible; GPTBot/1.4; +https://openai.com/gptbot)"
74.7.243.236 - - [21/Jul/2026:12:20:33 +0000] "GET /?h=13521630781100 HTTP/1.1" 200 97571 "https://mppglobalconcept.shop/sitemap.xml" "Mozilla/5.0 AppleWebKit/537.36 (KHTML, like Gecko; compatible; GPTBot/1.4; +https://openai.com/gptbot)"
197.211.59.196 - - [21/Jul/2026:12:20:35 +0000] "POST /wp-admin/admin-ajax.php HTTP/1.1" 200 77 "https://mppglobalconcept.shop/wp-admin/post.php?post=47&action=elementor" "Mozilla/5.0 (Windows NT 10.0; Win64; x64) AppleWebKit/537.36 (KHTML, like Gecko) Chrome/150.0.0.0 Safari/537.36"
74.7.243.236 - - [21/Jul/2026:12:20:35 +0000] "GET /?h=15366587981100 HTTP/1.1" 200 97571 "https://mppglobalconcept.shop/sitemap.xml" "Mozilla/5.0 AppleWebKit/537.36 (KHTML, like Gecko; compatible; GPTBot/1.4; +https://openai.com/gptbot)"
74.7.243.236 - - [21/Jul/2026:12:20:37 +0000] "GET /?h=15453123781100 HTTP/1.1" 200 97571 "https://mppglobalconcept.shop/sitemap.xml" "Mozilla/5.0 AppleWebKit/537.36 (KHTML, like Gecko; compatible; GPTBot/1.4; +https://openai.com/gptbot)"
74.7.243.236 - - [21/Jul/2026:12:20:40 +0000] "GET /?h=19847683281100 HTTP/1.1" 200 97571 "https://mppglobalconcept.shop/sitemap.xml" "Mozilla/5.0 AppleWebKit/537.36 (KHTML, like Gecko; compatible; GPTBot/1.4; +https://openai.com/gptbot)"
74.7.243.236 - - [21/Jul/2026:12:20:43 +0000] "GET /?h=16451970681100 HTTP/1.1" 200 97571 "https://mppglobalconcept.shop/sitemap.xml" "Mozilla/5.0 AppleWebKit/537.36 (KHTML, like Gecko; compatible; GPTBot/1.4; +https://openai.com/gptbot)"
74.7.243.236 - - [21/Jul/2026:12:20:46 +0000] "GET /?h=24728373781100 HTTP/1.1" 200 97571 "https://mppglobalconcept.shop/sitemap.xml" "Mozilla/5.0 AppleWebKit/537.36 (KHTML, like Gecko; compatible; GPTBot/1.4; +https://openai.com/gptbot)"
74.7.243.236 - - [21/Jul/2026:12:20:48 +0000] "GET /?h=13916254281100 HTTP/1.1" 200 97571 "https://mppglobalconcept.shop/sitemap.xml" "Mozilla/5.0 AppleWebKit/537.36 (KHTML, like Gecko; compatible; GPTBot/1.4; +https://openai.com/gptbot)"
197.211.59.196 - - [21/Jul/2026:12:20:49 +0000] "POST /wp-admin/admin-ajax.php HTTP/1.1" 200 77 "https://mppglobalconcept.shop/wp-admin/post.php?post=47&action=elementor" "Mozilla/5.0 (Windows NT 10.0; Win64; x64) AppleWebKit/537.36 (KHTML, like Gecko) Chrome/150.0.0.0 Safari/537.36"
74.7.243.236 - - [21/Jul/2026:12:20:52 +0000] "GET /?h=17451796981100 HTTP/1.1" 200 97571 "https://mppglobalconcept.shop/sitemap.xml" "Mozilla/5.0 AppleWebKit/537.36 (KHTML, like Gecko; compatible; GPTBot/1.4; +https://openai.com/gptbot)"
74.7.243.236 - - [21/Jul/2026:12:20:55 +0000] "GET /?h=20650741481100 HTTP/1.1" 200 97571 "https://mppglobalconcept.shop/sitemap.xml" "Mozilla/5.0 AppleWebKit/537.36 (KHTML, like Gecko; compatible; GPTBot/1.4; +https://openai.com/gptbot)"
74.7.243.236 - - [21/Jul/2026:12:20:58 +0000] "GET /?h=16576653281100 HTTP/1.1" 200 97571 "https://mppglobalconcept.shop/sitemap.xml" "Mozilla/5.0 AppleWebKit/537.36 (KHTML, like Gecko; compatible; GPTBot/1.4; +https://openai.com/gptbot)"
198.177.124.148 - - [21/Jul/2026:12:21:05 +0000] "POST /wp-cron.php?doing_wp_cron=1784636465.8179860115051269531250 HTTP/1.1" 200 - "-" "WordPress/7.0.2; https://mppglobalconcept.shop"
74.7.243.236 - - [21/Jul/2026:12:21:03 +0000] "GET /?h=16568934281100 HTTP/1.1" 200 97571 "https://mppglobalconcept.shop/sitemap.xml" "Mozilla/5.0 AppleWebKit/537.36 (KHTML, like Gecko; compatible; GPTBot/1.4; +https://openai.com/gptbot)"
197.211.59.196 - - [21/Jul/2026:12:21:05 +0000] "POST /wp-admin/admin-ajax.php HTTP/1.1" 200 77 "https://mppglobalconcept.shop/wp-admin/post.php?post=47&action=elementor" "Mozilla/5.0 (Windows NT 10.0; Win64; x64) AppleWebKit/537.36 (KHTML, like Gecko) Chrome/150.0.0.0 Safari/537.36"
74.7.243.236 - - [21/Jul/2026:12:21:06 +0000] "GET /?h=21517369381100 HTTP/1.1" 200 97571 "https://mppglobalconcept.shop/sitemap.xml" "Mozilla/5.0 AppleWebKit/537.36 (KHTML, like Gecko; compatible; GPTBot/1.4; +https://openai.com/gptbot)"
74.7.243.236 - - [21/Jul/2026:12:21:08 +0000] "GET /?h=19526813581100 HTTP/1.1" 200 97571 "https://mppglobalconcept.shop/sitemap.xml" "Mozilla/5.0 AppleWebKit/537.36 (KHTML, like Gecko; compatible; GPTBot/1.4; +https://openai.com/gptbot)"
74.7.243.236 - - [21/Jul/2026:12:21:11 +0000] "GET /?h=13580427981100 HTTP/1.1" 200 97571 "https://mppglobalconcept.shop/sitemap.xml" "Mozilla/5.0 AppleWebKit/537.36 (KHTML, like Gecko; compatible; GPTBot/1.4; +https://openai.com/gptbot)"
74.7.243.236 - - [21/Jul/2026:12:21:14 +0000] "GET /?h=19724295481100 HTTP/1.1" 200 97571 "https://mppglobalconcept.shop/sitemap.xml" "Mozilla/5.0 AppleWebKit/537.36 (KHTML, like Gecko; compatible; GPTBot/1.4; +https://openai.com/gptbot)"
74.7.243.236 - - [21/Jul/2026:12:21:17 +0000] "GET /?h=12476909781100 HTTP/1.1" 200 97571 "https://mppglobalconcept.shop/sitemap.xml" "Mozilla/5.0 AppleWebKit/537.36 (KHTML, like Gecko; compatible; GPTBot/1.4; +https://openai.com/gptbot)"
197.211.59.196 - - [21/Jul/2026:12:21:19 +0000] "POST /wp-admin/admin-ajax.php HTTP/1.1" 200 77 "https://mppglobalconcept.shop/wp-admin/post.php?post=47&action=elementor" "Mozilla/5.0 (Windows NT 10.0; Win64; x64) AppleWebKit/537.36 (KHTML, like Gecko) Chrome/150.0.0.0 Safari/537.36"
74.7.243.236 - - [21/Jul/2026:12:21:20 +0000] "GET /?h=22311496781100 HTTP/1.1" 200 97571 "https://mppglobalconcept.shop/sitemap.xml" "Mozilla/5.0 AppleWebKit/537.36 (KHTML, like Gecko; compatible; GPTBot/1.4; +https://openai.com/gptbot)"
74.7.243.236 - - [21/Jul/2026:12:21:23 +0000] "GET /?h=24925033981100 HTTP/1.1" 200 97571 "https://mppglobalconcept.shop/sitemap.xml" "Mozilla/5.0 AppleWebKit/537.36 (KHTML, like Gecko; compatible; GPTBot/1.4; +https://openai.com/gptbot)"
74.7.243.236 - - [21/Jul/2026:12:21:26 +0000] "GET /?h=21543174081100 HTTP/1.1" 200 97571 "https://mppglobalconcept.shop/sitemap.xml" "Mozilla/5.0 AppleWebKit/537.36 (KHTML, like Gecko; compatible; GPTBot/1.4; +https://openai.com/gptbot)"
74.7.243.236 - - [21/Jul/2026:12:21:29 +0000] "GET /?h=12095723981100 HTTP/1.1" 200 97571 "https://mppglobalconcept.shop/sitemap.xml" "Mozilla/5.0 AppleWebKit/537.36 (KHTML, like Gecko; compatible; GPTBot/1.4; +https://openai.com/gptbot)"
74.7.243.236 - - [21/Jul/2026:12:21:33 +0000] "GET /?h=19913452481100 HTTP/1.1" 200 97571 "https://mppglobalconcept.shop/sitemap.xml" "Mozilla/5.0 AppleWebKit/537.36 (KHTML, like Gecko; compatible; GPTBot/1.4; +https://openai.com/gptbot)"
197.211.59.196 - - [21/Jul/2026:12:21:35 +0000] "POST /wp-admin/admin-ajax.php HTTP/1.1" 200 77 "https://mppglobalconcept.shop/wp-admin/post.php?post=47&action=elementor" "Mozilla/5.0 (Windows NT 10.0; Win64; x64) AppleWebKit/537.36 (KHTML, like Gecko) Chrome/150.0.0.0 Safari/537.36"
74.7.243.236 - - [21/Jul/2026:12:21:37 +0000] "GET /?h=23342555981100 HTTP/1.1" 200 97571 "https://mppglobalconcept.shop/sitemap.xml" "Mozilla/5.0 AppleWebKit/537.36 (KHTML, like Gecko; compatible; GPTBot/1.4; +https://openai.com/gptbot)"
74.7.243.236 - - [21/Jul/2026:12:21:40 +0000] "GET /?h=24222654781100 HTTP/1.1" 200 97571 "https://mppglobalconcept.shop/sitemap.xml" "Mozilla/5.0 AppleWebKit/537.36 (KHTML, like Gecko; compatible; GPTBot/1.4; +https://openai.com/gptbot)"
74.7.243.236 - - [21/Jul/2026:12:21:42 +0000] "GET /?h=15793332481100 HTTP/1.1" 200 97571 "https://mppglobalconcept.shop/sitemap.xml" "Mozilla/5.0 AppleWebKit/537.36 (KHTML, like Gecko; compatible; GPTBot/1.4; +https://openai.com/gptbot)"
74.7.243.236 - - [21/Jul/2026:12:21:45 +0000] "GET /healthy-herbal/ HTTP/1.1" 200 82449 "https://mppglobalconcept.shop/?h=2569506881100" "Mozilla/5.0 AppleWebKit/537.36 (KHTML, like Gecko; compatible; GPTBot/1.4; +https://openai.com/gptbot)"
74.7.243.236 - - [21/Jul/2026:12:21:47 +0000] "GET /wp-json/wp/v2/pages/47 HTTP/1.1" 200 1570 "https://mppglobalconcept.shop/health-products-2/" "Mozilla/5.0 AppleWebKit/537.36 (KHTML, like Gecko; compatible; GPTBot/1.4; +https://openai.com/gptbot)"
74.7.243.236 - - [21/Jul/2026:12:21:49 +0000] "GET /wp-json/oembed/1.0/embed?url=https%3A%2F%2Fmppglobalconcept.shop%2Fhealth-products-2%2F HTTP/1.1" 200 2129 "https://mppglobalconcept.shop/health-products-2/" "Mozilla/5.0 AppleWebKit/537.36 (KHTML, like Gecko; compatible; GPTBot/1.4; +https://openai.com/gptbot)"
197.211.59.196 - - [21/Jul/2026:12:21:49 +0000] "POST /wp-admin/admin-ajax.php HTTP/1.1" 200 77 "https://mppglobalconcept.shop/wp-admin/post.php?post=47&action=elementor" "Mozilla/5.0 (Windows NT 10.0; Win64; x64) AppleWebKit/537.36 (KHTML, like Gecko) Chrome/150.0.0.0 Safari/537.36"
74.7.243.236 - - [21/Jul/2026:12:21:51 +0000] "GET /wp-includes/js/jquery/jquery.min.js?ver=3.7.1 HTTP/1.1" 200 87553 "https://mppglobalconcept.shop/?h=2569506881100" "Mozilla/5.0 AppleWebKit/537.36 (KHTML, like Gecko; compatible; GPTBot/1.4; +https://openai.com/gptbot)"
74.7.243.236 - - [21/Jul/2026:12:21:52 +0000] "GET /wp-includes/js/jquery/jquery-migrate.min.js?ver=3.4.1 HTTP/1.1" 200 13577 "https://mppglobalconcept.shop/?h=2569506881100" "Mozilla/5.0 AppleWebKit/537.36 (KHTML, like Gecko; compatible; GPTBot/1.4; +https://openai.com/gptbot)"
74.7.243.236 - - [21/Jul/2026:12:21:52 +0000] "GET /wp-content/plugins/pixelyoursite/dist/scripts/public.js?ver=11.2.1 HTTP/1.1" 200 172979 "https://mppglobalconcept.shop/?h=2569506881100" "Mozilla/5.0 AppleWebKit/537.36 (KHTML, like Gecko; compatible; GPTBot/1.4; +https://openai.com/gptbot)"
74.7.243.236 - - [21/Jul/2026:12:21:53 +0000] "GET /wp-content/plugins/pixelyoursite/dist/scripts/tld.min.js?ver=2.3.1 HTTP/1.1" 200 141079 "https://mppglobalconcept.shop/?h=2569506881100" "Mozilla/5.0 AppleWebKit/537.36 (KHTML, like Gecko; compatible; GPTBot/1.4; +https://openai.com/gptbot)"
74.7.243.236 - - [21/Jul/2026:12:21:53 +0000] "GET /wp-content/plugins/pixelyoursite/dist/scripts/jquery.bind-first-0.2.3.min.js?ver=0.2.3 HTTP/1.1" 200 1317 "https://mppglobalconcept.shop/?h=2569506881100" "Mozilla/5.0 AppleWebKit/537.36 (KHTML, like Gecko; compatible; GPTBot/1.4; +https://openai.com/gptbot)"
74.7.243.236 - - [21/Jul/2026:12:21:54 +0000] "GET /wp-content/plugins/pixelyoursite/dist/scripts/js.cookie-2.1.3.min.js?ver=2.1.3 HTTP/1.1" 200 1709 "https://mppglobalconcept.shop/?h=2569506881100" "Mozilla/5.0 AppleWebKit/537.36 (KHTML, like Gecko; compatible; GPTBot/1.4; +https://openai.com/gptbot)"
74.7.243.236 - - [21/Jul/2026:12:21:54 +0000] "GET /wp-json/oembed/1.0/embed?format=xml&url=https%3A%2F%2Fmppglobalconcept.shop%2Fhealth-products-2%2F HTTP/1.1" 200 2267 "https://mppglobalconcept.shop/health-products-2/" "Mozilla/5.0 AppleWebKit/537.36 (KHTML, like Gecko; compatible; GPTBot/1.4; +https://openai.com/gptbot)"
74.7.243.236 - - [21/Jul/2026:12:21:57 +0000] "GET /wp-content/uploads/elementor/css/base-desktop.css?ver=6a5e1422ba9d1 HTTP/1.1" 200 1774 "https://mppglobalconcept.shop/health-products-2/" "Mozilla/5.0 AppleWebKit/537.36 (KHTML, like Gecko; compatible; GPTBot/1.4; +https://openai.com/gptbot)"
74.7.243.236 - - [21/Jul/2026:12:21:58 +0000] "GET /?p=49 HTTP/1.1" 200 2 "https://mppglobalconcept.shop/healthy-herbal/" "Mozilla/5.0 AppleWebKit/537.36 (KHTML, like Gecko; compatible; GPTBot/1.4; +https://openai.com/gptbot)"
74.7.243.236 - - [21/Jul/2026:12:21:59 +0000] "GET /wp-json/oembed/1.0/embed?url=https%3A%2F%2Fmppglobalconcept.shop%2Fhealthy-herbal%2F HTTP/1.1" 200 2120 "https://mppglobalconcept.shop/healthy-herbal/" "Mozilla/5.0 AppleWebKit/537.36 (KHTML, like Gecko; compatible; GPTBot/1.4; +https://openai.com/gptbot)"
198.177.124.148 - - [21/Jul/2026:12:22:04 +0000] "POST /wp-cron.php?doing_wp_cron=1784636524.3812360763549804687500 HTTP/1.1" 200 - "-" "WordPress/7.0.2; https://mppglobalconcept.shop"
74.7.243.236 - - [21/Jul/2026:12:22:02 +0000] "GET /%22https:/mppglobalconcept.shop/health-products-2/%22 HTTP/1.1" 200 2 "https://mppglobalconcept.shop/wp-json/oembed/1.0/embed?url=https%3A%2F%2Fmppglobalconcept.shop%2Fhealth-products-2%2F" "Mozilla/5.0 AppleWebKit/537.36 (KHTML, like Gecko; compatible; GPTBot/1.4; +https://openai.com/gptbot)"
74.7.243.236 - - [21/Jul/2026:12:22:04 +0000] "GET /%22https:/mppglobalconcept.shop/health-products-2/embed/ HTTP/1.1" 200 2 "https://mppglobalconcept.shop/wp-json/oembed/1.0/embed?url=https%3A%2F%2Fmppglobalconcept.shop%2Fhealth-products-2%2F" "Mozilla/5.0 AppleWebKit/537.36 (KHTML, like Gecko; compatible; GPTBot/1.4; +https://openai.com/gptbot)"
197.211.59.196 - - [21/Jul/2026:12:22:05 +0000] "POST /wp-admin/admin-ajax.php HTTP/1.1" 200 77 "https://mppglobalconcept.shop/wp-admin/post.php?post=47&action=elementor" "Mozilla/5.0 (Windows NT 10.0; Win64; x64) AppleWebKit/537.36 (KHTML, like Gecko) Chrome/150.0.0.0 Safari/537.36"
74.7.243.236 - - [21/Jul/2026:12:22:08 +0000] "GET /wp-json/wp/v2/pages/49 HTTP/1.1" 200 1563 "https://mppglobalconcept.shop/healthy-herbal/" "Mozilla/5.0 AppleWebKit/537.36 (KHTML, like Gecko; compatible; GPTBot/1.4; +https://openai.com/gptbot)"
74.7.243.236 - - [21/Jul/2026:12:22:11 +0000] "GET /wp-json/oembed/1.0/embed?format=xml&url=https%3A%2F%2Fmppglobalconcept.shop%2Fhealthy-herbal%2F HTTP/1.1" 200 2258 "https://mppglobalconcept.shop/healthy-herbal/" "Mozilla/5.0 AppleWebKit/537.36 (KHTML, like Gecko; compatible; GPTBot/1.4; +https://openai.com/gptbot)"
74.7.243.236 - - [21/Jul/2026:12:22:13 +0000] "GET /wp-content/plugins/elementor/assets/css/frontend.min.css?ver=4.1.5 HTTP/1.1" 200 54666 "https://mppglobalconcept.shop/health-products-2/" "Mozilla/5.0 AppleWebKit/537.36 (KHTML, like Gecko; compatible; GPTBot/1.4; +https://openai.com/gptbot)"
74.7.243.236 - - [21/Jul/2026:12:22:13 +0000] "GET /wp-content/uploads/elementor/css/post-7.css?ver=1784550434 HTTP/1.1" 200 1168 "https://mppglobalconcept.shop/health-products-2/" "Mozilla/5.0 AppleWebKit/537.36 (KHTML, like Gecko; compatible; GPTBot/1.4; +https://openai.com/gptbot)"
74.7.243.236 - - [21/Jul/2026:12:22:14 +0000] "GET /%22https:/mppglobalconcept.shop/healthy-herbal/%22 HTTP/1.1" 200 2 "https://mppglobalconcept.shop/wp-json/oembed/1.0/embed?url=https%3A%2F%2Fmppglobalconcept.shop%2Fhealthy-herbal%2F" "Mozilla/5.0 AppleWebKit/537.36 (KHTML, like Gecko; compatible; GPTBot/1.4; +https://openai.com/gptbot)"
74.7.243.236 - - [21/Jul/2026:12:22:16 +0000] "GET /%22https:/mppglobalconcept.shop/healthy-herbal/embed/ HTTP/1.1" 200 2 "https://mppglobalconcept.shop/wp-json/oembed/1.0/embed?url=https%3A%2F%2Fmppglobalconcept.shop%2Fhealthy-herbal%2F" "Mozilla/5.0 AppleWebKit/537.36 (KHTML, like Gecko; compatible; GPTBot/1.4; +https://openai.com/gptbot)"
197.211.59.196 - - [21/Jul/2026:12:22:19 +0000] "POST /wp-admin/admin-ajax.php HTTP/1.1" 200 77 "https://mppglobalconcept.shop/wp-admin/post.php?post=47&action=elementor" "Mozilla/5.0 (Windows NT 10.0; Win64; x64) AppleWebKit/537.36 (KHTML, like Gecko) Chrome/150.0.0.0 Safari/537.36"
197.211.59.196 - - [21/Jul/2026:12:22:35 +0000] "POST /wp-admin/admin-ajax.php HTTP/1.1" 200 77 "https://mppglobalconcept.shop/wp-admin/post.php?post=47&action=elementor" "Mozilla/5.0 (Windows NT 10.0; Win64; x64) AppleWebKit/537.36 (KHTML, like Gecko) Chrome/150.0.0.0 Safari/537.36"
197.211.59.196 - - [21/Jul/2026:12:22:49 +0000] "POST /wp-admin/admin-ajax.php HTTP/1.1" 200 77 "https://mppglobalconcept.shop/wp-admin/post.php?post=47&action=elementor" "Mozilla/5.0 (Windows NT 10.0; Win64; x64) AppleWebKit/537.36 (KHTML, like Gecko) Chrome/150.0.0.0 Safari/537.36"
198.177.124.148 - - [21/Jul/2026:12:23:06 +0000] "POST /wp-cron.php?doing_wp_cron=1784636586.9173460006713867187500 HTTP/1.1" 200 - "-" "WordPress/7.0.2; https://mppglobalconcept.shop"
197.211.59.196 - - [21/Jul/2026:12:23:05 +0000] "POST /wp-admin/admin-ajax.php HTTP/1.1" 200 77 "https://mppglobalconcept.shop/wp-admin/post.php?post=47&action=elementor" "Mozilla/5.0 (Windows NT 10.0; Win64; x64) AppleWebKit/537.36 (KHTML, like Gecko) Chrome/150.0.0.0 Safari/537.36"
197.211.59.196 - - [21/Jul/2026:12:23:19 +0000] "GET /wp-content/uploads/2026/07/images-4-1-210x300.jpg HTTP/1.1" 200 241767 "https://mppglobalconcept.shop/wp-admin/post.php?post=47&action=elementor" "Mozilla/5.0 (Windows NT 10.0; Win64; x64) AppleWebKit/537.36 (KHTML, like Gecko) Chrome/150.0.0.0 Safari/537.36"
197.211.59.196 - - [21/Jul/2026:12:23:20 +0000] "GET /wp-content/uploads/2026/07/1783607613518-280x300.jpg HTTP/1.1" 200 241767 "https://mppglobalconcept.shop/wp-admin/post.php?post=47&action=elementor" "Mozilla/5.0 (Windows NT 10.0; Win64; x64) AppleWebKit/537.36 (KHTML, like Gecko) Chrome/150.0.0.0 Safari/537.36"
197.211.59.196 - - [21/Jul/2026:12:23:20 +0000] "GET /wp-content/uploads/2026/07/1783607613501-200x300.jpg HTTP/1.1" 200 241767 "https://mppglobalconcept.shop/wp-admin/post.php?post=47&action=elementor" "Mozilla/5.0 (Windows NT 10.0; Win64; x64) AppleWebKit/537.36 (KHTML, like Gecko) Chrome/150.0.0.0 Safari/537.36"
197.211.59.196 - - [21/Jul/2026:12:23:20 +0000] "GET /wp-content/uploads/2026/07/1783607613518-4-280x300.jpg HTTP/1.1" 200 241767 "https://mppglobalconcept.shop/wp-admin/post.php?post=47&action=elementor" "Mozilla/5.0 (Windows NT 10.0; Win64; x64) AppleWebKit/537.36 (KHTML, like Gecko) Chrome/150.0.0.0 Safari/537.36"
197.211.59.196 - - [21/Jul/2026:12:23:20 +0000] "GET /wp-content/uploads/2026/07/images-225x300.jpg HTTP/1.1" 200 241767 "https://mppglobalconcept.shop/wp-admin/post.php?post=47&action=elementor" "Mozilla/5.0 (Windows NT 10.0; Win64; x64) AppleWebKit/537.36 (KHTML, like Gecko) Chrome/150.0.0.0 Safari/537.36"
197.211.59.196 - - [21/Jul/2026:12:23:20 +0000] "GET /wp-content/uploads/2026/07/images-2-300x300.jpg HTTP/1.1" 200 241767 "https://mppglobalconcept.shop/wp-admin/post.php?post=47&action=elementor" "Mozilla/5.0 (Windows NT 10.0; Win64; x64) AppleWebKit/537.36 (KHTML, like Gecko) Chrome/150.0.0.0 Safari/537.36"
197.211.59.196 - - [21/Jul/2026:12:23:24 +0000] "GET /wp-content/uploads/2026/07/images-3-150x150.jpg HTTP/1.1" 200 241767 "https://mppglobalconcept.shop/wp-admin/post.php?post=47&action=elementor" "Mozilla/5.0 (Windows NT 10.0; Win64; x64) AppleWebKit/537.36 (KHTML, like Gecko) Chrome/150.0.0.0 Safari/537.36"
197.211.59.196 - - [21/Jul/2026:12:23:25 +0000] "POST /wp-admin/admin-ajax.php HTTP/1.1" 200 77 "https://mppglobalconcept.shop/wp-admin/post.php?post=47&action=elementor" "Mozilla/5.0 (Windows NT 10.0; Win64; x64) AppleWebKit/537.36 (KHTML, like Gecko) Chrome/150.0.0.0 Safari/537.36"
197.211.59.196 - - [21/Jul/2026:12:23:25 +0000] "GET /wp-content/uploads/2026/07/1783607613518-3-280x300.jpg HTTP/1.1" 200 241767 "https://mppglobalconcept.shop/wp-admin/post.php?post=47&action=elementor" "Mozilla/5.0 (Windows NT 10.0; Win64; x64) AppleWebKit/537.36 (KHTML, like Gecko) Chrome/150.0.0.0 Safari/537.36"
197.211.59.196 - - [21/Jul/2026:12:23:25 +0000] "GET /wp-content/uploads/2026/07/1783607613518-2-280x300.jpg HTTP/1.1" 200 241767 "https://mppglobalconcept.shop/wp-admin/post.php?post=47&action=elementor" "Mozilla/5.0 (Windows NT 10.0; Win64; x64) AppleWebKit/537.36 (KHTML, like Gecko) Chrome/150.0.0.0 Safari/537.36"
197.211.59.196 - - [21/Jul/2026:12:23:25 +0000] "GET /wp-content/uploads/2026/07/1783607613518-1-280x300.jpg HTTP/1.1" 200 241767 "https://mppglobalconcept.shop/wp-admin/post.php?post=47&action=elementor" "Mozilla/5.0 (Windows NT 10.0; Win64; x64) AppleWebKit/537.36 (KHTML, like Gecko) Chrome/150.0.0.0 Safari/537.36"
197.211.59.196 - - [21/Jul/2026:12:23:25 +0000] "GET /wp-content/uploads/2026/07/images-1-225x300.jpg HTTP/1.1" 200 241767 "https://mppglobalconcept.shop/wp-admin/post.php?post=47&action=elementor" "Mozilla/5.0 (Windows NT 10.0; Win64; x64) AppleWebKit/537.36 (KHTML, like Gecko) Chrome/150.0.0.0 Safari/537.36"
197.211.59.196 - - [21/Jul/2026:12:23:26 +0000] "GET /wp-content/uploads/2026/07/images-2-1-300x300.jpg HTTP/1.1" 200 241767 "https://mppglobalconcept.shop/wp-admin/post.php?post=47&action=elementor" "Mozilla/5.0 (Windows NT 10.0; Win64; x64) AppleWebKit/537.36 (KHTML, like Gecko) Chrome/150.0.0.0 Safari/537.36"
197.211.59.196 - - [21/Jul/2026:12:23:27 +0000] "GET /wp-content/uploads/2026/07/pef-300x171.jpeg HTTP/1.1" 200 241767 "https://mppglobalconcept.shop/wp-admin/post.php?post=47&action=elementor" "Mozilla/5.0 (Windows NT 10.0; Win64; x64) AppleWebKit/537.36 (KHTML, like Gecko) Chrome/150.0.0.0 Safari/537.36"
197.211.59.196 - - [21/Jul/2026:12:23:29 +0000] "GET /wp-content/uploads/2026/07/images-4-210x300.jpg HTTP/1.1" 200 241767 "https://mppglobalconcept.shop/wp-admin/post.php?post=47&action=elementor" "Mozilla/5.0 (Windows NT 10.0; Win64; x64) AppleWebKit/537.36 (KHTML, like Gecko) Chrome/150.0.0.0 Safari/537.36"
197.211.59.196 - - [21/Jul/2026:12:23:29 +0000] "GET /wp-content/uploads/2026/07/images-5-168x300.jpg HTTP/1.1" 200 241767 "https://mppglobalconcept.shop/wp-admin/post.php?post=47&action=elementor" "Mozilla/5.0 (Windows NT 10.0; Win64; x64) AppleWebKit/537.36 (KHTML, like Gecko) Chrome/150.0.0.0 Safari/537.36"
197.211.59.196 - - [21/Jul/2026:12:23:30 +0000] "GET /wp-content/uploads/2026/07/1-300x300.jpg HTTP/1.1" 200 241767 "https://mppglobalconcept.shop/wp-admin/post.php?post=47&action=elementor" "Mozilla/5.0 (Windows NT 10.0; Win64; x64) AppleWebKit/537.36 (KHTML, like Gecko) Chrome/150.0.0.0 Safari/537.36"
197.211.59.196 - - [21/Jul/2026:12:23:35 +0000] "GET /wp-content/uploads/2026/07/images-2-1-300x300.jpg HTTP/1.1" 200 241767 "https://mppglobalconcept.shop/wp-admin/post.php?post=47&action=elementor" "Mozilla/5.0 (Windows NT 10.0; Win64; x64) AppleWebKit/537.36 (KHTML, like Gecko) Chrome/150.0.0.0 Safari/537.36"
197.211.59.196 - - [21/Jul/2026:12:23:37 +0000] "GET /wp-content/uploads/2026/07/1783607613518-2-280x300.jpg HTTP/1.1" 200 241767 "https://mppglobalconcept.shop/wp-admin/post.php?post=47&action=elementor" "Mozilla/5.0 (Windows NT 10.0; Win64; x64) AppleWebKit/537.36 (KHTML, like Gecko) Chrome/150.0.0.0 Safari/537.36"
197.211.59.196 - - [21/Jul/2026:12:23:37 +0000] "GET /wp-content/uploads/2026/07/1783607613518-1-280x300.jpg HTTP/1.1" 200 241767 "https://mppglobalconcept.shop/wp-admin/post.php?post=47&action=elementor" "Mozilla/5.0 (Windows NT 10.0; Win64; x64) AppleWebKit/537.36 (KHTML, like Gecko) Chrome/150.0.0.0 Safari/537.36"
197.211.59.196 - - [21/Jul/2026:12:23:37 +0000] "GET /wp-content/uploads/2026/07/images-225x300.jpg HTTP/1.1" 200 241767 "https://mppglobalconcept.shop/wp-admin/post.php?post=47&action=elementor" "Mozilla/5.0 (Windows NT 10.0; Win64; x64) AppleWebKit/537.36 (KHTML, like Gecko) Chrome/150.0.0.0 Safari/537.36"
197.211.59.196 - - [21/Jul/2026:12:23:35 +0000] "GET /wp-content/uploads/2026/07/pef-300x171.jpeg HTTP/1.1" 200 241767 "https://mppglobalconcept.shop/wp-admin/post.php?post=47&action=elementor" "Mozilla/5.0 (Windows NT 10.0; Win64; x64) AppleWebKit/537.36 (KHTML, like Gecko) Chrome/150.0.0.0 Safari/537.36"
197.211.59.196 - - [21/Jul/2026:12:23:42 +0000] "GET /wp-content/uploads/2026/07/1783607613518-280x300.jpg HTTP/1.1" 200 241767 "https://mppglobalconcept.shop/wp-admin/post.php?post=47&action=elementor" "Mozilla/5.0 (Windows NT 10.0; Win64; x64) AppleWebKit/537.36 (KHTML, like Gecko) Chrome/150.0.0.0 Safari/537.36"
197.211.59.196 - - [21/Jul/2026:12:23:48 +0000] "GET /wp-content/uploads/2026/07/images-3-150x150.jpg HTTP/1.1" 200 241767 "https://mppglobalconcept.shop/wp-admin/post.php?post=47&action=elementor" "Mozilla/5.0 (Windows NT 10.0; Win64; x64) AppleWebKit/537.36 (KHTML, like Gecko) Chrome/150.0.0.0 Safari/537.36"
197.211.59.196 - - [21/Jul/2026:12:23:49 +0000] "GET /wp-content/uploads/2026/07/images-2-300x300.jpg HTTP/1.1" 200 241767 "https://mppglobalconcept.shop/wp-admin/post.php?post=47&action=elementor" "Mozilla/5.0 (Windows NT 10.0; Win64; x64) AppleWebKit/537.36 (KHTML, like Gecko) Chrome/150.0.0.0 Safari/537.36"
197.211.59.196 - - [21/Jul/2026:12:23:48 +0000] "GET /wp-content/uploads/2026/07/images-4-210x300.jpg HTTP/1.1" 200 241767 "https://mppglobalconcept.shop/wp-admin/post.php?post=47&action=elementor" "Mozilla/5.0 (Windows NT 10.0; Win64; x64) AppleWebKit/537.36 (KHTML, like Gecko) Chrome/150.0.0.0 Safari/537.36"
197.211.59.196 - - [21/Jul/2026:12:23:49 +0000] "GET /wp-content/uploads/2026/07/1783607613518-3-280x300.jpg HTTP/1.1" 200 241767 "https://mppglobalconcept.shop/wp-admin/post.php?post=47&action=elementor" "Mozilla/5.0 (Windows NT 10.0; Win64; x64) AppleWebKit/537.36 (KHTML, like Gecko) Chrome/150.0.0.0 Safari/537.36"
197.211.59.196 - - [21/Jul/2026:12:23:55 +0000] "POST /wp-admin/admin-ajax.php HTTP/1.1" 200 77 "https://mppglobalconcept.shop/wp-admin/post.php?post=47&action=elementor" "Mozilla/5.0 (Windows NT 10.0; Win64; x64) AppleWebKit/537.36 (KHTML, like Gecko) Chrome/150.0.0.0 Safari/537.36"
197.211.59.196 - - [21/Jul/2026:12:23:55 +0000] "GET /wp-content/uploads/2026/07/1783607613501-200x300.jpg HTTP/1.1" 200 241767 "https://mppglobalconcept.shop/wp-admin/post.php?post=47&action=elementor" "Mozilla/5.0 (Windows NT 10.0; Win64; x64) AppleWebKit/537.36 (KHTML, like Gecko) Chrome/150.0.0.0 Safari/537.36"
197.211.59.196 - - [21/Jul/2026:12:23:34 +0000] "POST /wp-admin/async-upload.php HTTP/1.1" 403 2 "https://mppglobalconcept.shop/wp-admin/post.php?post=47&action=elementor" "Mozilla/5.0 (Windows NT 10.0; Win64; x64) AppleWebKit/537.36 (KHTML, like Gecko) Chrome/150.0.0.0 Safari/537.36"
197.211.59.196 - - [21/Jul/2026:12:23:55 +0000] "GET /wp-content/uploads/2026/07/images-1-225x300.jpg HTTP/1.1" 200 241767 "https://mppglobalconcept.shop/wp-admin/post.php?post=47&action=elementor" "Mozilla/5.0 (Windows NT 10.0; Win64; x64) AppleWebKit/537.36 (KHTML, like Gecko) Chrome/150.0.0.0 Safari/537.36"
197.211.59.196 - - [21/Jul/2026:12:23:55 +0000] "GET /wp-content/uploads/2026/07/1783607613518-4-280x300.jpg HTTP/1.1" 200 241767 "https://mppglobalconcept.shop/wp-admin/post.php?post=47&action=elementor" "Mozilla/5.0 (Windows NT 10.0; Win64; x64) AppleWebKit/537.36 (KHTML, like Gecko) Chrome/150.0.0.0 Safari/537.36"
197.211.59.196 - - [21/Jul/2026:12:23:55 +0000] "GET /wp-content/uploads/2026/07/images-4-1-210x300.jpg HTTP/1.1" 200 241767 "https://mppglobalconcept.shop/wp-admin/post.php?post=47&action=elementor" "Mozilla/5.0 (Windows NT 10.0; Win64; x64) AppleWebKit/537.36 (KHTML, like Gecko) Chrome/150.0.0.0 Safari/537.36"
197.211.59.196 - - [21/Jul/2026:12:23:59 +0000] "POST /wp-admin/admin-ajax.php HTTP/1.1" 200 77 "https://mppglobalconcept.shop/wp-admin/post.php?post=47&action=elementor" "Mozilla/5.0 (Windows NT 10.0; Win64; x64) AppleWebKit/537.36 (KHTML, like Gecko) Chrome/150.0.0.0 Safari/537.36"
198.177.124.148 - - [21/Jul/2026:12:24:16 +0000] "POST /wp-cron.php?doing_wp_cron=1784636656.0107269287109375000000 HTTP/1.1" 200 - "-" "WordPress/7.0.2; https://mppglobalconcept.shop"
197.211.59.196 - - [21/Jul/2026:12:24:15 +0000] "POST /wp-admin/admin-ajax.php HTTP/1.1" 200 77 "https://mppglobalconcept.shop/wp-admin/post.php?post=47&action=elementor" "Mozilla/5.0 (Windows NT 10.0; Win64; x64) AppleWebKit/537.36 (KHTML, like Gecko) Chrome/150.0.0.0 Safari/537.36"
197.211.59.196 - - [21/Jul/2026:12:24:29 +0000] "POST /wp-admin/admin-ajax.php HTTP/1.1" 200 77 "https://mppglobalconcept.shop/wp-admin/post.php?post=47&action=elementor" "Mozilla/5.0 (Windows NT 10.0; Win64; x64) AppleWebKit/537.36 (KHTML, like Gecko) Chrome/150.0.0.0 Safari/537.36"
197.211.59.196 - - [21/Jul/2026:12:24:44 +0000] "POST /wp-admin/admin-ajax.php HTTP/1.1" 200 77 "https://mppglobalconcept.shop/wp-admin/post.php?post=47&action=elementor" "Mozilla/5.0 (Windows NT 10.0; Win64; x64) AppleWebKit/537.36 (KHTML, like Gecko) Chrome/150.0.0.0 Safari/537.36"
197.211.59.196 - - [21/Jul/2026:12:24:45 +0000] "GET /wp-content/uploads/2026/07/images-4-1-210x300.jpg HTTP/1.1" 200 241767 "https://mppglobalconcept.shop/wp-admin/post.php?post=47&action=elementor" "Mozilla/5.0 (Windows NT 10.0; Win64; x64) AppleWebKit/537.36 (KHTML, like Gecko) Chrome/150.0.0.0 Safari/537.36"
198.177.124.148 - - [21/Jul/2026:12:24:57 +0000] "POST /wp-cron.php?doing_wp_cron=1784636697.0116939544677734375000 HTTP/1.1" 200 - "-" "WordPress/7.0.2; https://mppglobalconcept.shop"
197.211.59.196 - - [21/Jul/2026:12:24:51 +0000] "POST /wp-admin/admin-ajax.php HTTP/1.1" 200 26622 "https://mppglobalconcept.shop/wp-admin/post.php?post=47&action=elementor" "Mozilla/5.0 (Windows NT 10.0; Win64; x64) AppleWebKit/537.36 (KHTML, like Gecko) Chrome/150.0.0.0 Safari/537.36"
197.211.59.196 - - [21/Jul/2026:12:24:57 +0000] "GET /wp-content/uploads/2026/07/images-4-1-210x300.jpg HTTP/1.1" 200 241767 "https://mppglobalconcept.shop/wp-admin/post.php?post=47&action=elementor" "Mozilla/5.0 (Windows NT 10.0; Win64; x64) AppleWebKit/537.36 (KHTML, like Gecko) Chrome/150.0.0.0 Safari/537.36"
197.211.59.196 - - [21/Jul/2026:12:24:57 +0000] "GET /wp-content/uploads/2026/07/images-2-1-300x300.jpg HTTP/1.1" 200 241767 "https://mppglobalconcept.shop/wp-admin/post.php?post=47&action=elementor" "Mozilla/5.0 (Windows NT 10.0; Win64; x64) AppleWebKit/537.36 (KHTML, like Gecko) Chrome/150.0.0.0 Safari/537.36"
197.211.59.196 - - [21/Jul/2026:12:24:58 +0000] "GET /wp-content/uploads/2026/07/1783607613518-4-280x300.jpg HTTP/1.1" 200 241767 "https://mppglobalconcept.shop/wp-admin/post.php?post=47&action=elementor" "Mozilla/5.0 (Windows NT 10.0; Win64; x64) AppleWebKit/537.36 (KHTML, like Gecko) Chrome/150.0.0.0 Safari/537.36"
197.211.59.196 - - [21/Jul/2026:12:24:58 +0000] "GET /wp-content/uploads/2026/07/1783607613501-200x300.jpg HTTP/1.1" 200 241767 "https://mppglobalconcept.shop/wp-admin/post.php?post=47&action=elementor" "Mozilla/5.0 (Windows NT 10.0; Win64; x64) AppleWebKit/537.36 (KHTML, like Gecko) Chrome/150.0.0.0 Safari/537.36"
197.211.59.196 - - [21/Jul/2026:12:24:58 +0000] "GET /wp-content/uploads/2026/07/1783607613518-1-280x300.jpg HTTP/1.1" 200 241767 "https://mppglobalconcept.shop/wp-admin/post.php?post=47&action=elementor" "Mozilla/5.0 (Windows NT 10.0; Win64; x64) AppleWebKit/537.36 (KHTML, like Gecko) Chrome/150.0.0.0 Safari/537.36"
197.211.59.196 - - [21/Jul/2026:12:24:58 +0000] "GET /wp-content/uploads/2026/07/images-3-150x150.jpg HTTP/1.1" 200 241767 "https://mppglobalconcept.shop/wp-admin/post.php?post=47&action=elementor" "Mozilla/5.0 (Windows NT 10.0; Win64; x64) AppleWebKit/537.36 (KHTML, like Gecko) Chrome/150.0.0.0 Safari/537.36"
198.177.124.148 - - [21/Jul/2026:12:25:09 +0000] "POST /wp-cron.php?doing_wp_cron=1784636709.2001059055328369140625 HTTP/1.1" 200 - "-" "WordPress/7.0.2; https://mppglobalconcept.shop"
197.211.59.196 - - [21/Jul/2026:12:25:02 +0000] "GET /wp-content/uploads/2026/07/1783607613518-3-280x300.jpg HTTP/1.1" 200 241767 "https://mppglobalconcept.shop/wp-admin/post.php?post=47&action=elementor" "Mozilla/5.0 (Windows NT 10.0; Win64; x64) AppleWebKit/537.36 (KHTML, like Gecko) Chrome/150.0.0.0 Safari/537.36"
197.211.59.196 - - [21/Jul/2026:12:25:02 +0000] "GET /wp-content/uploads/2026/07/1783607613518-2-280x300.jpg HTTP/1.1" 200 241767 "https://mppglobalconcept.shop/wp-admin/post.php?post=47&action=elementor" "Mozilla/5.0 (Windows NT 10.0; Win64; x64) AppleWebKit/537.36 (KHTML, like Gecko) Chrome/150.0.0.0 Safari/537.36"
197.211.59.196 - - [21/Jul/2026:12:25:03 +0000] "GET /wp-content/uploads/2026/07/images-2-300x300.jpg HTTP/1.1" 200 241767 "https://mppglobalconcept.shop/wp-admin/post.php?post=47&action=elementor" "Mozilla/5.0 (Windows NT 10.0; Win64; x64) AppleWebKit/537.36 (KHTML, like Gecko) Chrome/150.0.0.0 Safari/537.36"
197.211.59.196 - - [21/Jul/2026:12:25:03 +0000] "GET /wp-content/uploads/2026/07/images-225x300.jpg HTTP/1.1" 200 241767 "https://mppglobalconcept.shop/wp-admin/post.php?post=47&action=elementor" "Mozilla/5.0 (Windows NT 10.0; Win64; x64) AppleWebKit/537.36 (KHTML, like Gecko) Chrome/150.0.0.0 Safari/537.36"
197.211.59.196 - - [21/Jul/2026:12:25:03 +0000] "GET /wp-content/uploads/2026/07/images-1-225x300.jpg HTTP/1.1" 200 241767 "https://mppglobalconcept.shop/wp-admin/post.php?post=47&action=elementor" "Mozilla/5.0 (Windows NT 10.0; Win64; x64) AppleWebKit/537.36 (KHTML, like Gecko) Chrome/150.0.0.0 Safari/537.36"
197.211.59.196 - - [21/Jul/2026:12:25:03 +0000] "GET /wp-content/uploads/2026/07/1783607613518-280x300.jpg HTTP/1.1" 200 241767 "https://mppglobalconcept.shop/wp-admin/post.php?post=47&action=elementor" "Mozilla/5.0 (Windows NT 10.0; Win64; x64) AppleWebKit/537.36 (KHTML, like Gecko) Chrome/150.0.0.0 Safari/537.36"
197.211.59.196 - - [21/Jul/2026:12:25:10 +0000] "POST /wp-admin/admin-ajax.php HTTP/1.1" 200 77 "https://mppglobalconcept.shop/wp-admin/post.php?post=47&action=elementor" "Mozilla/5.0 (Windows NT 10.0; Win64; x64) AppleWebKit/537.36 (KHTML, like Gecko) Chrome/150.0.0.0 Safari/537.36"
197.211.59.196 - - [21/Jul/2026:12:25:10 +0000] "GET /wp-content/uploads/2026/07/pef-300x171.jpeg HTTP/1.1" 200 241767 "https://mppglobalconcept.shop/wp-admin/post.php?post=47&action=elementor" "Mozilla/5.0 (Windows NT 10.0; Win64; x64) AppleWebKit/537.36 (KHTML, like Gecko) Chrome/150.0.0.0 Safari/537.36"
197.211.59.196 - - [21/Jul/2026:12:25:11 +0000] "GET /wp-content/uploads/2026/07/images-5-168x300.jpg HTTP/1.1" 200 241767 "https://mppglobalconcept.shop/wp-admin/post.php?post=47&action=elementor" "Mozilla/5.0 (Windows NT 10.0; Win64; x64) AppleWebKit/537.36 (KHTML, like Gecko) Chrome/150.0.0.0 Safari/537.36"
197.211.59.196 - - [21/Jul/2026:12:25:10 +0000] "GET /wp-content/uploads/2026/07/images-4-210x300.jpg HTTP/1.1" 200 241767 "https://mppglobalconcept.shop/wp-admin/post.php?post=47&action=elementor" "Mozilla/5.0 (Windows NT 10.0; Win64; x64) AppleWebKit/537.36 (KHTML, like Gecko) Chrome/150.0.0.0 Safari/537.36"
197.211.59.196 - - [21/Jul/2026:12:25:15 +0000] "POST /wp-admin/admin-ajax.php HTTP/1.1" 200 77 "https://mppglobalconcept.shop/wp-admin/post.php?post=47&action=elementor" "Mozilla/5.0 (Windows NT 10.0; Win64; x64) AppleWebKit/537.36 (KHTML, like Gecko) Chrome/150.0.0.0 Safari/537.36"
197.211.59.196 - - [21/Jul/2026:12:25:11 +0000] "GET /wp-content/uploads/2026/07/1-300x300.jpg HTTP/1.1" 200 241767 "https://mppglobalconcept.shop/wp-admin/post.php?post=47&action=elementor" "Mozilla/5.0 (Windows NT 10.0; Win64; x64) AppleWebKit/537.36 (KHTML, like Gecko) Chrome/150.0.0.0 Safari/537.36"
197.211.59.196 - - [21/Jul/2026:12:25:14 +0000] "POST /wp-admin/admin-ajax.php HTTP/1.1" 200 26622 "https://mppglobalconcept.shop/wp-admin/post.php?post=47&action=elementor" "Mozilla/5.0 (Windows NT 10.0; Win64; x64) AppleWebKit/537.36 (KHTML, like Gecko) Chrome/150.0.0.0 Safari/537.36"
197.211.59.196 - - [21/Jul/2026:12:25:20 +0000] "GET /wp-content/uploads/2026/07/images-4-1-210x300.jpg HTTP/1.1" 200 241767 "https://mppglobalconcept.shop/wp-admin/post.php?post=47&action=elementor" "Mozilla/5.0 (Windows NT 10.0; Win64; x64) AppleWebKit/537.36 (KHTML, like Gecko) Chrome/150.0.0.0 Safari/537.36"
197.211.59.196 - - [21/Jul/2026:12:25:20 +0000] "GET /wp-content/uploads/2026/07/images-2-1-300x300.jpg HTTP/1.1" 200 241767 "https://mppglobalconcept.shop/wp-admin/post.php?post=47&action=elementor" "Mozilla/5.0 (Windows NT 10.0; Win64; x64) AppleWebKit/537.36 (KHTML, like Gecko) Chrome/150.0.0.0 Safari/537.36"
197.211.59.196 - - [21/Jul/2026:12:25:21 +0000] "GET /wp-content/uploads/2026/07/images-2-300x300.jpg HTTP/1.1" 200 241767 "https://mppglobalconcept.shop/wp-admin/post.php?post=47&action=elementor" "Mozilla/5.0 (Windows NT 10.0; Win64; x64) AppleWebKit/537.36 (KHTML, like Gecko) Chrome/150.0.0.0 Safari/537.36"
197.211.59.196 - - [21/Jul/2026:12:25:20 +0000] "GET /wp-content/uploads/2026/07/images-1-225x300.jpg HTTP/1.1" 200 241767 "https://mppglobalconcept.shop/wp-admin/post.php?post=47&action=elementor" "Mozilla/5.0 (Windows NT 10.0; Win64; x64) AppleWebKit/537.36 (KHTML, like Gecko) Chrome/150.0.0.0 Safari/537.36"
197.211.59.196 - - [21/Jul/2026:12:25:21 +0000] "GET /wp-content/uploads/2026/07/1783607613518-2-280x300.jpg HTTP/1.1" 200 241767 "https://mppglobalconcept.shop/wp-admin/post.php?post=47&action=elementor" "Mozilla/5.0 (Windows NT 10.0; Win64; x64) AppleWebKit/537.36 (KHTML, like Gecko) Chrome/150.0.0.0 Safari/537.36"
197.211.59.196 - - [21/Jul/2026:12:25:20 +0000] "GET /wp-content/uploads/2026/07/1783607613518-280x300.jpg HTTP/1.1" 200 241767 "https://mppglobalconcept.shop/wp-admin/post.php?post=47&action=elementor" "Mozilla/5.0 (Windows NT 10.0; Win64; x64) AppleWebKit/537.36 (KHTML, like Gecko) Chrome/150.0.0.0 Safari/537.36"
197.211.59.196 - - [21/Jul/2026:12:25:24 +0000] "GET /wp-content/uploads/2026/07/images-3-150x150.jpg HTTP/1.1" 200 241767 "https://mppglobalconcept.shop/wp-admin/post.php?post=47&action=elementor" "Mozilla/5.0 (Windows NT 10.0; Win64; x64) AppleWebKit/537.36 (KHTML, like Gecko) Chrome/150.0.0.0 Safari/537.36"
197.211.59.196 - - [21/Jul/2026:12:25:25 +0000] "GET /wp-content/uploads/2026/07/1783607613501-200x300.jpg HTTP/1.1" 200 241767 "https://mppglobalconcept.shop/wp-admin/post.php?post=47&action=elementor" "Mozilla/5.0 (Windows NT 10.0; Win64; x64) AppleWebKit/537.36 (KHTML, like Gecko) Chrome/150.0.0.0 Safari/537.36"
197.211.59.196 - - [21/Jul/2026:12:25:26 +0000] "GET /wp-content/uploads/2026/07/1783607613518-4-280x300.jpg HTTP/1.1" 200 241767 "https://mppglobalconcept.shop/wp-admin/post.php?post=47&action=elementor" "Mozilla/5.0 (Windows NT 10.0; Win64; x64) AppleWebKit/537.36 (KHTML, like Gecko) Chrome/150.0.0.0 Safari/537.36"
197.211.59.196 - - [21/Jul/2026:12:25:26 +0000] "GET /wp-content/uploads/2026/07/images-225x300.jpg HTTP/1.1" 200 241767 "https://mppglobalconcept.shop/wp-admin/post.php?post=47&action=elementor" "Mozilla/5.0 (Windows NT 10.0; Win64; x64) AppleWebKit/537.36 (KHTML, like Gecko) Chrome/150.0.0.0 Safari/537.36"
197.211.59.196 - - [21/Jul/2026:12:25:27 +0000] "GET /wp-content/uploads/2026/07/1783607613518-3-280x300.jpg HTTP/1.1" 200 241767 "https://mppglobalconcept.shop/wp-admin/post.php?post=47&action=elementor" "Mozilla/5.0 (Windows NT 10.0; Win64; x64) AppleWebKit/537.36 (KHTML, like Gecko) Chrome/150.0.0.0 Safari/537.36"
197.211.59.196 - - [21/Jul/2026:12:25:26 +0000] "GET /wp-content/uploads/2026/07/1783607613518-1-280x300.jpg HTTP/1.1" 200 241767 "https://mppglobalconcept.shop/wp-admin/post.php?post=47&action=elementor" "Mozilla/5.0 (Windows NT 10.0; Win64; x64) AppleWebKit/537.36 (KHTML, like Gecko) Chrome/150.0.0.0 Safari/537.36"
197.211.59.196 - - [21/Jul/2026:12:25:28 +0000] "GET /wp-content/uploads/2026/07/pef-300x171.jpeg HTTP/1.1" 200 241767 "https://mppglobalconcept.shop/wp-admin/post.php?post=47&action=elementor" "Mozilla/5.0 (Windows NT 10.0; Win64; x64) AppleWebKit/537.36 (KHTML, like Gecko) Chrome/150.0.0.0 Safari/537.36"
197.211.59.196 - - [21/Jul/2026:12:25:30 +0000] "POST /wp-admin/admin-ajax.php HTTP/1.1" 200 77 "https://mppglobalconcept.shop/wp-admin/post.php?post=47&action=elementor" "Mozilla/5.0 (Windows NT 10.0; Win64; x64) AppleWebKit/537.36 (KHTML, like Gecko) Chrome/150.0.0.0 Safari/537.36"
197.211.59.196 - - [21/Jul/2026:12:25:29 +0000] "GET /wp-content/uploads/2026/07/images-4-210x300.jpg HTTP/1.1" 200 241767 "https://mppglobalconcept.shop/wp-admin/post.php?post=47&action=elementor" "Mozilla/5.0 (Windows NT 10.0; Win64; x64) AppleWebKit/537.36 (KHTML, like Gecko) Chrome/150.0.0.0 Safari/537.36"
197.211.59.196 - - [21/Jul/2026:12:25:31 +0000] "GET /wp-content/uploads/2026/07/1-300x300.jpg HTTP/1.1" 200 241767 "https://mppglobalconcept.shop/wp-admin/post.php?post=47&action=elementor" "Mozilla/5.0 (Windows NT 10.0; Win64; x64) AppleWebKit/537.36 (KHTML, like Gecko) Chrome/150.0.0.0 Safari/537.36"
197.211.59.196 - - [21/Jul/2026:12:25:30 +0000] "GET /wp-content/uploads/2026/07/images-5-168x300.jpg HTTP/1.1" 200 241767 "https://mppglobalconcept.shop/wp-admin/post.php?post=47&action=elementor" "Mozilla/5.0 (Windows NT 10.0; Win64; x64) AppleWebKit/537.36 (KHTML, like Gecko) Chrome/150.0.0.0 Safari/537.36"
197.211.59.196 - - [21/Jul/2026:12:25:32 +0000] "POST /wp-admin/admin-ajax.php HTTP/1.1" 200 11047 "https://mppglobalconcept.shop/wp-admin/post.php?post=47&action=elementor" "Mozilla/5.0 (Windows NT 10.0; Win64; x64) AppleWebKit/537.36 (KHTML, like Gecko) Chrome/150.0.0.0 Safari/537.36"
