74.7.243.236 - - [22/Jul/2026:00:55:59 +0000] "GET / HTTP/1.1" 200 97571 "https://mppglobalconcept.shop/?h=16783563981100" "Mozilla/5.0 AppleWebKit/537.36 (KHTML, like Gecko; compatible; GPTBot/1.4; +https://openai.com/gptbot)"
198.177.124.148 - - [22/Jul/2026:01:16:51 +0000] "POST /wp-cron.php?doing_wp_cron=1784683011.7811119556427001953125 HTTP/1.1" 200 - "-" "WordPress/7.0.2; https://mppglobalconcept.shop"
195.178.110.223 - - [22/Jul/2026:01:16:48 +0000] "GET /.git/config HTTP/1.1" 200 82356 "-" "Mozilla/5.0 (Linux; Android 7.0; i1) AppleWebKit/537.36 (KHTML, like Gecko) Chrome/74.0.3729.157 Mobile Safari/537.36"
198.177.124.148 - - [22/Jul/2026:01:20:12 +0000] "POST /wp-cron.php?doing_wp_cron=1784683212.6865439414978027343750 HTTP/1.1" 200 - "-" "WordPress/7.0.2; https://mppglobalconcept.shop"
45.41.130.244 - - [22/Jul/2026:01:20:08 +0000] "GET / HTTP/1.1" 200 97571 "-" "Mozilla/5.0 (X11; Linux i686; rv:109.0) Gecko/20100101 Firefox/120.0"
172.233.67.228 - - [22/Jul/2026:01:27:10 +0000] "GET /wp-login.php HTTP/1.1" 200 4793 "-" "Mozilla/5.0"
172.233.67.228 - - [22/Jul/2026:01:27:12 +0000] "GET /?author=1 HTTP/1.1" 200 78356 "-" "Mozilla/5.0"
172.233.67.228 - - [22/Jul/2026:01:27:17 +0000] "GET /?rest_route=/wp/v2/users HTTP/1.1" 200 110 "-" "Mozilla/5.0"
172.233.67.228 - - [22/Jul/2026:01:27:19 +0000] "GET /feed HTTP/1.1" 200 2 "-" "Mozilla/5.0"
84.32.41.136 - - [22/Jul/2026:01:31:48 +0000] "GET /health-products/ HTTP/1.1" 200 81012 "http://mppglobalconcept.shop" "Mozilla/5.0 (Windows NT 10.0; Win64; x64) AppleWebKit/537.36 (KHTML, like Gecko) Chrome/109.0.0.0 Safari/537.36"
84.32.41.136 - - [22/Jul/2026:01:31:53 +0000] "GET /health-products-2/ HTTP/1.1" 200 115329 "http://mppglobalconcept.shop" "Mozilla/5.0 (Windows NT 10.0; Win64; x64) AppleWebKit/537.36 (KHTML, like Gecko) Chrome/109.0.0.0 Safari/537.36"
198.177.124.148 - - [22/Jul/2026:01:32:04 +0000] "POST /wp-cron.php?doing_wp_cron=1784683924.9172949790954589843750 HTTP/1.1" 200 - "-" "WordPress/7.0.2; https://mppglobalconcept.shop"
84.32.41.136 - - [22/Jul/2026:01:32:00 +0000] "GET /healthproducts/ HTTP/1.1" 200 54706 "http://mppglobalconcept.shop" "Mozilla/5.0 (Windows NT 10.0; Win64; x64) AppleWebKit/537.36 (KHTML, like Gecko) Chrome/109.0.0.0 Safari/537.36"
84.32.41.136 - - [22/Jul/2026:01:32:06 +0000] "GET /healthy-herbal/ HTTP/1.1" 200 82449 "http://mppglobalconcept.shop" "Mozilla/5.0 (Windows NT 10.0; Win64; x64) AppleWebKit/537.36 (KHTML, like Gecko) Chrome/109.0.0.0 Safari/537.36"
84.32.41.136 - - [22/Jul/2026:01:32:14 +0000] "GET /sample-page/ HTTP/1.1" 200 85085 "http://mppglobalconcept.shop" "Mozilla/5.0 (Windows NT 10.0; Win64; x64) AppleWebKit/537.36 (KHTML, like Gecko) Chrome/109.0.0.0 Safari/537.36"
84.32.41.136 - - [22/Jul/2026:01:32:18 +0000] "GET /author/admin/ HTTP/1.1" 200 87771 "http://mppglobalconcept.shop" "Mozilla/5.0 (Windows NT 10.0; Win64; x64) AppleWebKit/537.36 (KHTML, like Gecko) Chrome/109.0.0.0 Safari/537.36"
84.32.41.136 - - [22/Jul/2026:01:32:22 +0000] "GET /category/uncategorized/ HTTP/1.1" 200 87876 "http://mppglobalconcept.shop" "Mozilla/5.0 (Windows NT 10.0; Win64; x64) AppleWebKit/537.36 (KHTML, like Gecko) Chrome/109.0.0.0 Safari/537.36"
84.32.41.136 - - [22/Jul/2026:01:32:28 +0000] "GET / HTTP/1.1" 200 97571 "http://mppglobalconcept.shop" "Mozilla/5.0 (Windows NT 10.0; Win64; x64) AppleWebKit/537.36 (KHTML, like Gecko) Chrome/109.0.0.0 Safari/537.36"
84.32.41.136 - - [22/Jul/2026:01:32:31 +0000] "GET /comments/feed/ HTTP/1.1" 200 1697 "http://mppglobalconcept.shop" "Mozilla/5.0 (Windows NT 10.0; Win64; x64) AppleWebKit/537.36 (KHTML, like Gecko) Chrome/109.0.0.0 Safari/537.36"
84.32.41.136 - - [22/Jul/2026:01:32:36 +0000] "GET /feed/ HTTP/1.1" 200 1761 "http://mppglobalconcept.shop" "Mozilla/5.0 (Windows NT 10.0; Win64; x64) AppleWebKit/537.36 (KHTML, like Gecko) Chrome/109.0.0.0 Safari/537.36"
84.32.41.136 - - [22/Jul/2026:01:32:38 +0000] "GET /xmlrpc.php?rsd HTTP/1.1" 200 840 "http://mppglobalconcept.shop" "Mozilla/5.0 (Windows NT 10.0; Win64; x64) AppleWebKit/537.36 (KHTML, like Gecko) Chrome/109.0.0.0 Safari/537.36"
84.32.41.136 - - [22/Jul/2026:01:32:40 +0000] "GET /wp-admin/admin-ajax.php HTTP/1.1" 400 1 "http://mppglobalconcept.shop" "Mozilla/5.0 (Windows NT 10.0; Win64; x64) AppleWebKit/537.36 (KHTML, like Gecko) Chrome/109.0.0.0 Safari/537.36"
84.32.41.136 - - [22/Jul/2026:01:32:42 +0000] "GET /wp-json/pys-facebook/v1/event HTTP/1.1" 200 116 "http://mppglobalconcept.shop" "Mozilla/5.0 (Windows NT 10.0; Win64; x64) AppleWebKit/537.36 (KHTML, like Gecko) Chrome/109.0.0.0 Safari/537.36"
84.32.41.136 - - [22/Jul/2026:01:32:45 +0000] "GET /wp-json/ HTTP/1.1" 200 269091 "http://mppglobalconcept.shop" "Mozilla/5.0 (Windows NT 10.0; Win64; x64) AppleWebKit/537.36 (KHTML, like Gecko) Chrome/109.0.0.0 Safari/537.36"
198.177.124.148 - - [22/Jul/2026:02:03:23 +0000] "POST /wp-cron.php?doing_wp_cron=1784685803.5320429801940917968750 HTTP/1.1" 200 - "-" "WordPress/7.0.2; https://mppglobalconcept.shop"
45.153.159.0 - - [22/Jul/2026:02:03:19 +0000] "GET / HTTP/1.1" 200 97571 "-" "Mozilla/5.0 (X11; Linux i686; rv:109.0) Gecko/20100101 Firefox/120.0"
198.177.124.148 - - [22/Jul/2026:02:27:33 +0000] "POST /wp-cron.php?doing_wp_cron=1784687253.2527298927307128906250 HTTP/1.1" 200 - "-" "WordPress/7.0.2; https://mppglobalconcept.shop"
103.132.183.192 - - [22/Jul/2026:02:27:29 +0000] "GET /wp-login.php HTTP/1.1" 200 4793 "-" "Mozilla/5.0 (Windows NT 10.0; Win64; x64) AppleWebKit/537.36 (KHTML, like Gecko) Chrome/92.0.4515.159 Safari/537.36"
103.132.183.192 - - [22/Jul/2026:02:27:33 +0000] "POST /wp-login.php HTTP/1.1" 503 18952 "https://mppglobalconcept.shop/wp-login.php" "Mozilla/5.0 (Windows NT 10.0; Win64; x64) AppleWebKit/537.36 (KHTML, like Gecko) Chrome/92.0.4515.159 Safari/537.36"
103.132.183.192 - - [22/Jul/2026:02:27:38 +0000] "POST /wp-login.php HTTP/1.1" 503 18039 "https://mppglobalconcept.shop/wp-login.php" "Mozilla/5.0 (Windows NT 10.0; Win64; x64) AppleWebKit/537.36 (KHTML, like Gecko) Chrome/92.0.4515.159 Safari/537.36"
198.177.124.148 - - [22/Jul/2026:02:31:42 +0000] "POST /?wordfence_syncAttackData=1784687501.9907 HTTP/1.1" 200 2 "-" "WordPress/7.0.2; https://mppglobalconcept.shop"
198.177.124.148 - - [22/Jul/2026:02:40:00 +0000] "POST /wp-cron.php?doing_wp_cron=1784688000.7711360454559326171875 HTTP/1.1" 200 - "-" "WordPress/7.0.2; https://mppglobalconcept.shop"
54.162.239.199 - - [22/Jul/2026:02:39:56 +0000] "GET / HTTP/1.1" 200 97571 "-" "Mozilla/5.0 (X11; Linux x86_64) AppleWebKit/537.36 (KHTML, like Gecko) Chrome/145.0.0.0 Safari/537.36"
54.162.239.199 - - [22/Jul/2026:02:40:05 +0000] "GET /wp-admin/admin-ajax.php?action=pys_get_pbid HTTP/1.1" 200 1 "http://mppglobalconcept.shop/" "Mozilla/5.0 (X11; Linux x86_64) AppleWebKit/537.36 (KHTML, like Gecko) Chrome/145.0.0.0 Safari/537.36"
54.162.239.199 - - [22/Jul/2026:02:40:05 +0000] "POST /wp-json/pys-facebook/v1/event HTTP/1.1" 200 18 "http://mppglobalconcept.shop/" "Mozilla/5.0 (X11; Linux x86_64) AppleWebKit/537.36 (KHTML, like Gecko) Chrome/145.0.0.0 Safari/537.36"
198.177.124.148 - - [22/Jul/2026:03:18:53 +0000] "POST /wp-cron.php?doing_wp_cron=1784690333.8953979015350341796875 HTTP/1.1" 200 - "-" "WordPress/7.0.2; https://mppglobalconcept.shop"
81.196.20.142 - - [22/Jul/2026:03:18:49 +0000] "GET / HTTP/1.1" 200 97571 "-" "Mozilla/5.0 (Windows NT 10.0; Win64; x64) AppleWebKit/537.36 (KHTML, like Gecko) Chrome/124.0.0.0 Safari/537.36"
198.177.124.148 - - [22/Jul/2026:03:36:07 +0000] "POST /wp-cron.php?doing_wp_cron=1784691367.0778179168701171875000 HTTP/1.1" 200 - "-" "WordPress/7.0.2; https://mppglobalconcept.shop"
34.123.170.104 - - [22/Jul/2026:03:36:04 +0000] "POST /wp-json/pys-facebook/v1/event HTTP/1.1" 200 18 "http://mppglobalconcept.shop/" "Mozilla/5.0 (Windows NT 10.0; Win64; x64) AppleWebKit/537.36 (KHTML, like Gecko) Chrome/125.0.6422.60 Safari/537.36 Edge/12.246"
34.123.170.104 - - [22/Jul/2026:03:36:05 +0000] "GET /wp-admin/admin-ajax.php?action=pys_get_pbid HTTP/1.1" 200 1 "http://mppglobalconcept.shop/" "Mozilla/5.0 (Windows NT 10.0; Win64; x64) AppleWebKit/537.36 (KHTML, like Gecko) Chrome/125.0.6422.60 Safari/537.36 Edge/12.246"
205.169.39.57 - - [22/Jul/2026:03:36:07 +0000] "GET /wp-content/themes/twentytwentyfour/assets/images/windows.webp HTTP/1.1" 200 126244 "-" "Mozilla/5.0 (Windows NT 10.0) AppleWebKit/537.36 (KHTML, like Gecko) Chrome/106.0.0.0 Safari/537.36"
205.169.39.5 - - [22/Jul/2026:03:36:12 +0000] "GET /wp-includes/js/wp-emoji-release.min.js?ver=7.0.2 HTTP/1.1" 200 22752 "-" "Mozilla/5.0 (Windows NT 10.0) AppleWebKit/537.36 (KHTML, like Gecko) Chrome/106.0.0.0 Safari/537.36"
205.169.39.122 - - [22/Jul/2026:03:36:20 +0000] "POST /wp-json/pys-facebook/v1/event HTTP/1.1" 200 18 "http://mppglobalconcept.shop/" "Mozilla/5.0 (Windows NT 10.0; Win64; x64) AppleWebKit/537.36 (KHTML, like Gecko) Chrome/79.0.3945.79 Safari/537.36"
205.169.39.122 - - [22/Jul/2026:03:36:20 +0000] "GET /wp-admin/admin-ajax.php?action=pys_get_pbid HTTP/1.1" 200 1 "http://mppglobalconcept.shop/" "Mozilla/5.0 (Windows NT 10.0; Win64; x64) AppleWebKit/537.36 (KHTML, like Gecko) Chrome/79.0.3945.79 Safari/537.36"
198.177.124.148 - - [22/Jul/2026:04:09:14 +0000] "POST /wp-cron.php?doing_wp_cron=1784693354.7511498928070068359375 HTTP/1.1" 200 - "-" "WordPress/7.0.2; https://mppglobalconcept.shop"
129.227.55.200 - - [22/Jul/2026:04:09:12 +0000] "GET /wp-login.php HTTP/1.1" 200 4793 "-" "Mozilla/5.0"
129.227.55.200 - - [22/Jul/2026:04:09:15 +0000] "GET /?author=1 HTTP/1.1" 200 78356 "-" "Mozilla/5.0"
129.227.55.200 - - [22/Jul/2026:04:09:19 +0000] "GET /?rest_route=/wp/v2/users HTTP/1.1" 200 110 "-" "Mozilla/5.0"
129.227.55.200 - - [22/Jul/2026:04:09:22 +0000] "GET /feed HTTP/1.1" 200 2 "-" "Mozilla/5.0"
31.57.90.221 - - [22/Jul/2026:04:18:27 +0000] "GET /3150-rank213 HTTP/1.1" 200 160831 "-" "Mozilla/5.0 (compatible; Yahoo! Slurp; http://help.yahoo.com/help/us/ysearch/slurp)"
66.249.77.137 - - [22/Jul/2026:06:35:12 +0000] "GET /?h=19217032681100 HTTP/1.1" 200 150137 "-" "Mozilla/5.0 (Linux; Android 6.0.1; Nexus 5X Build/MMB29P) AppleWebKit/537.36 (KHTML, like Gecko) Chrome/150.0.7871.128 Mobile Safari/537.36 (compatible; Googlebot/2.1; +http://www.google.com/bot.html)"
198.177.124.148 - - [22/Jul/2026:07:42:02 +0000] "POST /wp-cron.php?doing_wp_cron=1784706122.1262080669403076171875 HTTP/1.1" 200 - "-" "WordPress/7.0.2; https://mppglobalconcept.shop"
169.58.45.73 - - [22/Jul/2026:07:41:57 +0000] "GET / HTTP/1.1" 200 97571 "-" "Mozilla/5.0 (Macintosh; Intel Mac OS X 10_18) AppleWebKit/605.1.18 (KHTML, like Gecko) Version/18 Safari/605.1.18"
198.177.124.148 - - [22/Jul/2026:07:45:24 +0000] "POST /wp-cron.php?doing_wp_cron=1784706324.1698760986328125000000 HTTP/1.1" 200 - "-" "WordPress/7.0.2; https://mppglobalconcept.shop"
62.238.17.239 - - [22/Jul/2026:07:45:19 +0000] "GET / HTTP/1.1" 200 97571 "-" "Mozilla/5.0 (SS; Linux x86_64) AppleWebKit/537.36 (KHTML, like Gecko) Chrome/130.0.0.0 Safari/537.36"
198.177.124.148 - - [22/Jul/2026:07:48:47 +0000] "POST /wp-cron.php?doing_wp_cron=1784706527.1968669891357421875000 HTTP/1.1" 200 - "-" "WordPress/7.0.2; https://mppglobalconcept.shop"
44.248.145.128 - - [22/Jul/2026:07:48:40 +0000] "HEAD / HTTP/1.1" 200 - "-" "python-requests/2.33.0"
198.177.124.148 - - [22/Jul/2026:08:37:40 +0000] "POST /wp-cron.php?doing_wp_cron=1784709460.7237710952758789062500 HTTP/1.1" 200 - "-" "WordPress/7.0.2; https://mppglobalconcept.shop"
129.227.55.150 - - [22/Jul/2026:08:37:34 +0000] "GET /wp-login.php HTTP/1.1" 200 4793 "-" "Mozilla/5.0"
129.227.55.150 - - [22/Jul/2026:08:37:41 +0000] "GET /?author=1 HTTP/1.1" 200 78356 "-" "Mozilla/5.0"
129.227.55.150 - - [22/Jul/2026:08:37:49 +0000] "GET /?rest_route=/wp/v2/users HTTP/1.1" 200 110 "-" "Mozilla/5.0"
129.227.55.150 - - [22/Jul/2026:08:37:54 +0000] "GET /feed HTTP/1.1" 200 2 "-" "Mozilla/5.0"
198.177.124.148 - - [22/Jul/2026:08:42:04 +0000] "POST /wp-cron.php?doing_wp_cron=1784709724.3522970676422119140625 HTTP/1.1" 200 - "-" "WordPress/7.0.2; https://mppglobalconcept.shop"
125.161.159.189 - - [22/Jul/2026:08:42:01 +0000] "POST /xmlrpc.php HTTP/1.1" 503 18952 "-" "Mozilla/5.0 (Windows NT 6.3; x64) AppleWebKit/537.36 (KHTML, like Gecko) Safari/13.0.0.0 Safari/537.36"
206.237.119.235 - - [22/Jul/2026:08:57:20 +0000] "GET /wp-links-opmI.php HTTP/1.1" 403 82356 "-" "Mozilla/5.0 (Windows NT 10.0; Win64; x64) AppleWebKit/537.36 (KHTML, like Gecko) Chrome/150.0.0.0 Safari/537.36"
206.237.119.235 - - [22/Jul/2026:08:57:29 +0000] "GET /wp-includes/js/jquery/jquery.min.js?ver=3.7.1 HTTP/1.1" 200 87553 "https://mppglobalconcept.shop/wp-links-opmI.php" "Mozilla/5.0 (Windows NT 10.0; Win64; x64) AppleWebKit/537.36 (KHTML, like Gecko) Chrome/150.0.0.0 Safari/537.36"
206.237.119.235 - - [22/Jul/2026:08:57:30 +0000] "GET /wp-includes/js/jquery/jquery-migrate.min.js?ver=3.4.1 HTTP/1.1" 200 13577 "https://mppglobalconcept.shop/wp-links-opmI.php" "Mozilla/5.0 (Windows NT 10.0; Win64; x64) AppleWebKit/537.36 (KHTML, like Gecko) Chrome/150.0.0.0 Safari/537.36"
206.237.119.235 - - [22/Jul/2026:08:57:35 +0000] "GET /wp-includes/js/dist/script-modules/block-library/navigation/view.min.js?ver=96a846e1d7b789c39ab9 HTTP/1.1" 200 3053 "https://mppglobalconcept.shop/wp-links-opmI.php" "Mozilla/5.0 (Windows NT 10.0; Win64; x64) AppleWebKit/537.36 (KHTML, like Gecko) Chrome/150.0.0.0 Safari/537.36"
206.237.119.235 - - [22/Jul/2026:08:57:36 +0000] "GET /wp-content/plugins/pixelyoursite/dist/scripts/jquery.bind-first-0.2.3.min.js?ver=0.2.3 HTTP/1.1" 200 1317 "https://mppglobalconcept.shop/wp-links-opmI.php" "Mozilla/5.0 (Windows NT 10.0; Win64; x64) AppleWebKit/537.36 (KHTML, like Gecko) Chrome/150.0.0.0 Safari/537.36"
206.237.119.235 - - [22/Jul/2026:08:57:37 +0000] "GET /wp-content/plugins/pixelyoursite/dist/scripts/js.cookie-2.1.3.min.js?ver=2.1.3 HTTP/1.1" 200 1709 "https://mppglobalconcept.shop/wp-links-opmI.php" "Mozilla/5.0 (Windows NT 10.0; Win64; x64) AppleWebKit/537.36 (KHTML, like Gecko) Chrome/150.0.0.0 Safari/537.36"
206.237.119.235 - - [22/Jul/2026:08:57:35 +0000] "GET /wp-includes/js/dist/script-modules/interactivity/index.min.js?ver=efaa5193bbad9c60ffd1 HTTP/1.1" 200 40106 "https://mppglobalconcept.shop/wp-links-opmI.php" "Mozilla/5.0 (Windows NT 10.0; Win64; x64) AppleWebKit/537.36 (KHTML, like Gecko) Chrome/150.0.0.0 Safari/537.36"
206.237.119.235 - - [22/Jul/2026:08:57:38 +0000] "GET /wp-content/plugins/pixelyoursite/dist/scripts/public.js?ver=11.2.1 HTTP/1.1" 200 172979 "https://mppglobalconcept.shop/wp-links-opmI.php" "Mozilla/5.0 (Windows NT 10.0; Win64; x64) AppleWebKit/537.36 (KHTML, like Gecko) Chrome/150.0.0.0 Safari/537.36"
206.237.119.235 - - [22/Jul/2026:08:57:42 +0000] "GET /wp-content/plugins/pixelyoursite/dist/scripts/tld.min.js?ver=2.3.1 HTTP/1.1" 200 141079 "https://mppglobalconcept.shop/wp-links-opmI.php" "Mozilla/5.0 (Windows NT 10.0; Win64; x64) AppleWebKit/537.36 (KHTML, like Gecko) Chrome/150.0.0.0 Safari/537.36"
206.237.119.235 - - [22/Jul/2026:08:58:20 +0000] "GET /wp-admin/admin-ajax.php?action=pys_get_pbid HTTP/1.1" 200 1 "https://mppglobalconcept.shop/wp-links-opmI.php" "Mozilla/5.0 (Windows NT 10.0; Win64; x64) AppleWebKit/537.36 (KHTML, like Gecko) Chrome/150.0.0.0 Safari/537.36"
206.237.119.235 - - [22/Jul/2026:08:58:26 +0000] "GET /wp-content/themes/twentytwentyfour/assets/fonts/inter/Inter-VariableFont_slnt,wght.woff2 HTTP/1.1" 200 326628 "https://mppglobalconcept.shop/wp-links-opmI.php" "Mozilla/5.0 (Windows NT 10.0; Win64; x64) AppleWebKit/537.36 (KHTML, like Gecko) Chrome/150.0.0.0 Safari/537.36"
206.237.119.235 - - [22/Jul/2026:08:58:27 +0000] "GET /wp-content/themes/twentytwentyfour/assets/fonts/cardo/cardo_normal_400.woff2 HTTP/1.1" 200 146060 "https://mppglobalconcept.shop/wp-links-opmI.php" "Mozilla/5.0 (Windows NT 10.0; Win64; x64) AppleWebKit/537.36 (KHTML, like Gecko) Chrome/150.0.0.0 Safari/537.36"
206.237.119.235 - - [22/Jul/2026:08:58:30 +0000] "GET /wp-includes/js/wp-emoji-release.min.js?ver=7.0.2 HTTP/1.1" 200 22752 "https://mppglobalconcept.shop/wp-links-opmI.php" "Mozilla/5.0 (Windows NT 10.0; Win64; x64) AppleWebKit/537.36 (KHTML, like Gecko) Chrome/150.0.0.0 Safari/537.36"
198.177.124.148 - - [22/Jul/2026:08:58:36 +0000] "POST /wp-cron.php?doing_wp_cron=1784710716.4481320381164550781250 HTTP/1.1" 200 - "-" "WordPress/7.0.2; https://mppglobalconcept.shop"
206.237.119.235 - - [22/Jul/2026:08:58:32 +0000] "GET /favicon.ico HTTP/1.1" 200 2 "https://mppglobalconcept.shop/wp-links-opmI.php" "Mozilla/5.0 (Windows NT 10.0; Win64; x64) AppleWebKit/537.36 (KHTML, like Gecko) Chrome/150.0.0.0 Safari/537.36"
198.177.124.148 - - [22/Jul/2026:09:31:21 +0000] "POST /wp-cron.php?doing_wp_cron=1784712681.3893380165100097656250 HTTP/1.1" 200 - "-" "WordPress/7.0.2; https://mppglobalconcept.shop"
197.211.59.196 - - [22/Jul/2026:09:31:22 +0000] "GET /wp-content/plugins/pixelyoursite/dist/styles/notice.min.css?ver=11.2.1 HTTP/1.1" 304 - "https://mppglobalconcept.shop/health-products-2/?preview_id=47&preview_nonce=ee11e2c18b&preview=true" "Mozilla/5.0 (Windows NT 10.0; Win64; x64) AppleWebKit/537.36 (KHTML, like Gecko) Chrome/150.0.0.0 Safari/537.36"
197.211.59.196 - - [22/Jul/2026:09:31:23 +0000] "GET /wp-content/uploads/elementor/css/post-47.css?ver=1784674122 HTTP/1.1" 304 - "https://mppglobalconcept.shop/health-products-2/?preview_id=47&preview_nonce=ee11e2c18b&preview=true" "Mozilla/5.0 (Windows NT 10.0; Win64; x64) AppleWebKit/537.36 (KHTML, like Gecko) Chrome/150.0.0.0 Safari/537.36"
197.211.59.196 - - [22/Jul/2026:09:31:23 +0000] "GET /wp-content/plugins/elementor/assets/lib/animations/styles/fadeInDown.min.css?ver=4.1.5 HTTP/1.1" 304 - "https://mppglobalconcept.shop/health-products-2/?preview_id=47&preview_nonce=ee11e2c18b&preview=true" "Mozilla/5.0 (Windows NT 10.0; Win64; x64) AppleWebKit/537.36 (KHTML, like Gecko) Chrome/150.0.0.0 Safari/537.36"
197.211.59.196 - - [22/Jul/2026:09:31:24 +0000] "GET /wp-content/plugins/elementor/assets/css/frontend.min.css?ver=4.1.5 HTTP/1.1" 304 - "https://mppglobalconcept.shop/health-products-2/?preview_id=47&preview_nonce=ee11e2c18b&preview=true" "Mozilla/5.0 (Windows NT 10.0; Win64; x64) AppleWebKit/537.36 (KHTML, like Gecko) Chrome/150.0.0.0 Safari/537.36"
197.211.59.196 - - [22/Jul/2026:09:31:24 +0000] "GET /wp-content/plugins/elementor/assets/lib/animations/styles/fadeInRight.min.css?ver=4.1.5 HTTP/1.1" 304 - "https://mppglobalconcept.shop/health-products-2/?preview_id=47&preview_nonce=ee11e2c18b&preview=true" "Mozilla/5.0 (Windows NT 10.0; Win64; x64) AppleWebKit/537.36 (KHTML, like Gecko) Chrome/150.0.0.0 Safari/537.36"
197.211.59.196 - - [22/Jul/2026:09:31:24 +0000] "GET /wp-content/plugins/elementor/assets/lib/animations/styles/rollIn.min.css?ver=4.1.5 HTTP/1.1" 304 - "https://mppglobalconcept.shop/health-products-2/?preview_id=47&preview_nonce=ee11e2c18b&preview=true" "Mozilla/5.0 (Windows NT 10.0; Win64; x64) AppleWebKit/537.36 (KHTML, like Gecko) Chrome/150.0.0.0 Safari/537.36"
197.211.59.196 - - [22/Jul/2026:09:31:24 +0000] "GET /wp-content/plugins/elementor/assets/lib/swiper/v8/css/swiper.min.css?ver=8.4.5 HTTP/1.1" 304 - "https://mppglobalconcept.shop/health-products-2/?preview_id=47&preview_nonce=ee11e2c18b&preview=true" "Mozilla/5.0 (Windows NT 10.0; Win64; x64) AppleWebKit/537.36 (KHTML, like Gecko) Chrome/150.0.0.0 Safari/537.36"
197.211.59.196 - - [22/Jul/2026:09:31:24 +0000] "GET /wp-content/plugins/elementor/assets/css/conditionals/e-swiper.min.css?ver=4.1.5 HTTP/1.1" 304 - "https://mppglobalconcept.shop/health-products-2/?preview_id=47&preview_nonce=ee11e2c18b&preview=true" "Mozilla/5.0 (Windows NT 10.0; Win64; x64) AppleWebKit/537.36 (KHTML, like Gecko) Chrome/150.0.0.0 Safari/537.36"
197.211.59.196 - - [22/Jul/2026:09:31:24 +0000] "GET /wp-content/plugins/elementor/assets/lib/animations/styles/wobble.min.css?ver=4.1.5 HTTP/1.1" 304 - "https://mppglobalconcept.shop/health-products-2/?preview_id=47&preview_nonce=ee11e2c18b&preview=true" "Mozilla/5.0 (Windows NT 10.0; Win64; x64) AppleWebKit/537.36 (KHTML, like Gecko) Chrome/150.0.0.0 Safari/537.36"
197.211.59.196 - - [22/Jul/2026:09:31:24 +0000] "GET /wp-content/plugins/elementor/assets/lib/animations/styles/zoomInRight.min.css?ver=4.1.5 HTTP/1.1" 304 - "https://mppglobalconcept.shop/health-products-2/?preview_id=47&preview_nonce=ee11e2c18b&preview=true" "Mozilla/5.0 (Windows NT 10.0; Win64; x64) AppleWebKit/537.36 (KHTML, like Gecko) Chrome/150.0.0.0 Safari/537.36"
197.211.59.196 - - [22/Jul/2026:09:31:25 +0000] "GET /wp-content/plugins/elementor/assets/css/widget-image-carousel.min.css?ver=4.1.5 HTTP/1.1" 304 - "https://mppglobalconcept.shop/health-products-2/?preview_id=47&preview_nonce=ee11e2c18b&preview=true" "Mozilla/5.0 (Windows NT 10.0; Win64; x64) AppleWebKit/537.36 (KHTML, like Gecko) Chrome/150.0.0.0 Safari/537.36"
197.211.59.196 - - [22/Jul/2026:09:31:25 +0000] "GET /wp-content/plugins/elementor/assets/css/theme-light.min.css?ver=4.1.5 HTTP/1.1" 304 - "https://mppglobalconcept.shop/health-products-2/?preview_id=47&preview_nonce=ee11e2c18b&preview=true" "Mozilla/5.0 (Windows NT 10.0; Win64; x64) AppleWebKit/537.36 (KHTML, like Gecko) Chrome/150.0.0.0 Safari/537.36"
197.211.59.196 - - [22/Jul/2026:09:31:25 +0000] "GET /wp-content/plugins/elementor/assets/lib/eicons/css/elementor-icons.min.css?ver=5.50.0 HTTP/1.1" 304 - "https://mppglobalconcept.shop/health-products-2/?preview_id=47&preview_nonce=ee11e2c18b&preview=true" "Mozilla/5.0 (Windows NT 10.0; Win64; x64) AppleWebKit/537.36 (KHTML, like Gecko) Chrome/150.0.0.0 Safari/537.36"
197.211.59.196 - - [22/Jul/2026:09:31:25 +0000] "GET /wp-content/plugins/elementor/assets/css/common.min.css?ver=4.1.5 HTTP/1.1" 304 - "https://mppglobalconcept.shop/health-products-2/?preview_id=47&preview_nonce=ee11e2c18b&preview=true" "Mozilla/5.0 (Windows NT 10.0; Win64; x64) AppleWebKit/537.36 (KHTML, like Gecko) Chrome/150.0.0.0 Safari/537.36"
197.211.59.196 - - [22/Jul/2026:09:31:25 +0000] "GET /wp-content/plugins/elementor/assets/css/admin-bar.min.css?ver=4.1.5 HTTP/1.1" 304 - "https://mppglobalconcept.shop/health-products-2/?preview_id=47&preview_nonce=ee11e2c18b&preview=true" "Mozilla/5.0 (Windows NT 10.0; Win64; x64) AppleWebKit/537.36 (KHTML, like Gecko) Chrome/150.0.0.0 Safari/537.36"
197.211.59.196 - - [22/Jul/2026:09:31:25 +0000] "GET /wp-content/plugins/wp-mail-smtp/assets/css/admin-bar.min.css?ver=4.9.0 HTTP/1.1" 304 - "https://mppglobalconcept.shop/health-products-2/?preview_id=47&preview_nonce=ee11e2c18b&preview=true" "Mozilla/5.0 (Windows NT 10.0; Win64; x64) AppleWebKit/537.36 (KHTML, like Gecko) Chrome/150.0.0.0 Safari/537.36"
197.211.59.196 - - [22/Jul/2026:09:31:25 +0000] "GET /wp-content/plugins/wordfence/css/wordfenceBox.1778685035.css?ver=8.2.2 HTTP/1.1" 304 - "https://mppglobalconcept.shop/health-products-2/?preview_id=47&preview_nonce=ee11e2c18b&preview=true" "Mozilla/5.0 (Windows NT 10.0; Win64; x64) AppleWebKit/537.36 (KHTML, like Gecko) Chrome/150.0.0.0 Safari/537.36"
197.211.59.196 - - [22/Jul/2026:09:31:26 +0000] "GET /wp-content/plugins/wpforms-lite/assets/css/admin-bar.min.css?ver=2.0.0.2 HTTP/1.1" 304 - "https://mppglobalconcept.shop/health-products-2/?preview_id=47&preview_nonce=ee11e2c18b&preview=true" "Mozilla/5.0 (Windows NT 10.0; Win64; x64) AppleWebKit/537.36 (KHTML, like Gecko) Chrome/150.0.0.0 Safari/537.36"
197.211.59.196 - - [22/Jul/2026:09:31:26 +0000] "GET /wp-content/uploads/elementor/css/post-7.css?ver=1784550434 HTTP/1.1" 304 - "https://mppglobalconcept.shop/health-products-2/?preview_id=47&preview_nonce=ee11e2c18b&preview=true" "Mozilla/5.0 (Windows NT 10.0; Win64; x64) AppleWebKit/537.36 (KHTML, like Gecko) Chrome/150.0.0.0 Safari/537.36"
197.211.59.196 - - [22/Jul/2026:09:31:26 +0000] "GET /wp-content/plugins/elementor/assets/css/widget-text-editor.min.css?ver=4.1.5 HTTP/1.1" 304 - "https://mppglobalconcept.shop/health-products-2/?preview_id=47&preview_nonce=ee11e2c18b&preview=true" "Mozilla/5.0 (Windows NT 10.0; Win64; x64) AppleWebKit/537.36 (KHTML, like Gecko) Chrome/150.0.0.0 Safari/537.36"
197.211.59.196 - - [22/Jul/2026:09:31:26 +0000] "GET /wp-content/uploads/elementor/css/base-desktop.css?ver=6a5e1422ba9d1 HTTP/1.1" 304 - "https://mppglobalconcept.shop/health-products-2/?preview_id=47&preview_nonce=ee11e2c18b&preview=true" "Mozilla/5.0 (Windows NT 10.0; Win64; x64) AppleWebKit/537.36 (KHTML, like Gecko) Chrome/150.0.0.0 Safari/537.36"
197.211.59.196 - - [22/Jul/2026:09:31:26 +0000] "GET /wp-content/uploads/elementor/css/local-47-preview-desktop.css?ver=6a5ff74b7f647 HTTP/1.1" 304 - "https://mppglobalconcept.shop/health-products-2/?preview_id=47&preview_nonce=ee11e2c18b&preview=true" "Mozilla/5.0 (Windows NT 10.0; Win64; x64) AppleWebKit/537.36 (KHTML, like Gecko) Chrome/150.0.0.0 Safari/537.36"
197.211.59.196 - - [22/Jul/2026:09:31:26 +0000] "GET /wp-content/uploads/elementor/css/local-47-preview-mobile.css?ver=6a5ff74b7f647 HTTP/1.1" 304 - "https://mppglobalconcept.shop/health-products-2/?preview_id=47&preview_nonce=ee11e2c18b&preview=true" "Mozilla/5.0 (Windows NT 10.0; Win64; x64) AppleWebKit/537.36 (KHTML, like Gecko) Chrome/150.0.0.0 Safari/537.36"
197.211.59.196 - - [22/Jul/2026:09:31:28 +0000] "GET /wp-content/plugins/wordfence/js/wfi18n.1778685035.js?ver=8.2.2 HTTP/1.1" 304 - "https://mppglobalconcept.shop/health-products-2/?preview_id=47&preview_nonce=ee11e2c18b&preview=true" "Mozilla/5.0 (Windows NT 10.0; Win64; x64) AppleWebKit/537.36 (KHTML, like Gecko) Chrome/150.0.0.0 Safari/537.36"
197.211.59.196 - - [22/Jul/2026:09:31:28 +0000] "GET /wp-content/plugins/wordfence/js/admin.ajaxWatcher.1778685035.js?ver=8.2.2 HTTP/1.1" 304 - "https://mppglobalconcept.shop/health-products-2/?preview_id=47&preview_nonce=ee11e2c18b&preview=true" "Mozilla/5.0 (Windows NT 10.0; Win64; x64) AppleWebKit/537.36 (KHTML, like Gecko) Chrome/150.0.0.0 Safari/537.36"
197.211.59.196 - - [22/Jul/2026:09:31:17 +0000] "GET /health-products-2/?preview_id=47&preview_nonce=ee11e2c18b&preview=true HTTP/1.1" 200 272230 "https://mppglobalconcept.shop/wp-admin/post.php?post=47&action=elementor" "Mozilla/5.0 (Windows NT 10.0; Win64; x64) AppleWebKit/537.36 (KHTML, like Gecko) Chrome/150.0.0.0 Safari/537.36"
197.211.59.196 - - [22/Jul/2026:09:31:29 +0000] "GET /wp-content/uploads/2026/07/ChatGPT-Image-Jul-21-2026-12_03_46-PM-e1784636173428.png HTTP/1.1" 304 - "https://mppglobalconcept.shop/health-products-2/?preview_id=47&preview_nonce=ee11e2c18b&preview=true" "Mozilla/5.0 (Windows NT 10.0; Win64; x64) AppleWebKit/537.36 (KHTML, like Gecko) Chrome/150.0.0.0 Safari/537.36"
197.211.59.196 - - [22/Jul/2026:09:31:29 +0000] "GET /wp-content/uploads/2026/07/ChatGPT-Image-Jul-21-2026-12_12_21-PM-e1784636815544.png HTTP/1.1" 304 - "https://mppglobalconcept.shop/health-products-2/?preview_id=47&preview_nonce=ee11e2c18b&preview=true" "Mozilla/5.0 (Windows NT 10.0; Win64; x64) AppleWebKit/537.36 (KHTML, like Gecko) Chrome/150.0.0.0 Safari/537.36"
197.211.59.196 - - [22/Jul/2026:09:31:29 +0000] "GET /wp-content/uploads/2026/07/3.png HTTP/1.1" 304 - "https://mppglobalconcept.shop/health-products-2/?preview_id=47&preview_nonce=ee11e2c18b&preview=true" "Mozilla/5.0 (Windows NT 10.0; Win64; x64) AppleWebKit/537.36 (KHTML, like Gecko) Chrome/150.0.0.0 Safari/537.36"
197.211.59.196 - - [22/Jul/2026:09:31:29 +0000] "GET /wp-content/uploads/2026/07/4.png HTTP/1.1" 304 - "https://mppglobalconcept.shop/health-products-2/?preview_id=47&preview_nonce=ee11e2c18b&preview=true" "Mozilla/5.0 (Windows NT 10.0; Win64; x64) AppleWebKit/537.36 (KHTML, like Gecko) Chrome/150.0.0.0 Safari/537.36"
197.211.59.196 - - [22/Jul/2026:09:31:29 +0000] "GET /wp-content/uploads/2026/07/images-9.jpg HTTP/1.1" 304 - "https://mppglobalconcept.shop/health-products-2/?preview_id=47&preview_nonce=ee11e2c18b&preview=true" "Mozilla/5.0 (Windows NT 10.0; Win64; x64) AppleWebKit/537.36 (KHTML, like Gecko) Chrome/150.0.0.0 Safari/537.36"
197.211.59.196 - - [22/Jul/2026:09:31:29 +0000] "GET /wp-content/uploads/2026/07/2.png HTTP/1.1" 304 - "https://mppglobalconcept.shop/health-products-2/?preview_id=47&preview_nonce=ee11e2c18b&preview=true" "Mozilla/5.0 (Windows NT 10.0; Win64; x64) AppleWebKit/537.36 (KHTML, like Gecko) Chrome/150.0.0.0 Safari/537.36"
197.211.59.196 - - [22/Jul/2026:09:31:29 +0000] "GET /wp-content/uploads/2026/07/8.png HTTP/1.1" 304 - "https://mppglobalconcept.shop/health-products-2/?preview_id=47&preview_nonce=ee11e2c18b&preview=true" "Mozilla/5.0 (Windows NT 10.0; Win64; x64) AppleWebKit/537.36 (KHTML, like Gecko) Chrome/150.0.0.0 Safari/537.36"
197.211.59.196 - - [22/Jul/2026:09:31:30 +0000] "GET /wp-content/plugins/elementor/assets/lib/swiper/v8/swiper.min.js?ver=8.4.5 HTTP/1.1" 304 - "https://mppglobalconcept.shop/health-products-2/?preview_id=47&preview_nonce=ee11e2c18b&preview=true" "Mozilla/5.0 (Windows NT 10.0; Win64; x64) AppleWebKit/537.36 (KHTML, like Gecko) Chrome/150.0.0.0 Safari/537.36"
197.211.59.196 - - [22/Jul/2026:09:31:30 +0000] "GET /wp-content/uploads/2026/07/images-8-e1784666517608.jpg HTTP/1.1" 304 - "https://mppglobalconcept.shop/health-products-2/?preview_id=47&preview_nonce=ee11e2c18b&preview=true" "Mozilla/5.0 (Windows NT 10.0; Win64; x64) AppleWebKit/537.36 (KHTML, like Gecko) Chrome/150.0.0.0 Safari/537.36"
197.211.59.196 - - [22/Jul/2026:09:31:30 +0000] "GET /wp-content/uploads/2026/07/18-200x300.png HTTP/1.1" 304 - "https://mppglobalconcept.shop/health-products-2/?preview_id=47&preview_nonce=ee11e2c18b&preview=true" "Mozilla/5.0 (Windows NT 10.0; Win64; x64) AppleWebKit/537.36 (KHTML, like Gecko) Chrome/150.0.0.0 Safari/537.36"
197.211.59.196 - - [22/Jul/2026:09:31:30 +0000] "GET /wp-content/plugins/elementor/assets/js/frontend.min.js?ver=4.1.5 HTTP/1.1" 304 - "https://mppglobalconcept.shop/health-products-2/?preview_id=47&preview_nonce=ee11e2c18b&preview=true" "Mozilla/5.0 (Windows NT 10.0; Win64; x64) AppleWebKit/537.36 (KHTML, like Gecko) Chrome/150.0.0.0 Safari/537.36"
197.211.59.196 - - [22/Jul/2026:09:31:30 +0000] "GET /wp-content/plugins/elementor/assets/js/webpack.runtime.min.js?ver=4.1.5 HTTP/1.1" 304 - "https://mppglobalconcept.shop/health-products-2/?preview_id=47&preview_nonce=ee11e2c18b&preview=true" "Mozilla/5.0 (Windows NT 10.0; Win64; x64) AppleWebKit/537.36 (KHTML, like Gecko) Chrome/150.0.0.0 Safari/537.36"
197.211.59.196 - - [22/Jul/2026:09:31:30 +0000] "GET /wp-content/plugins/elementor/assets/js/frontend-modules.min.js?ver=4.1.5 HTTP/1.1" 304 - "https://mppglobalconcept.shop/health-products-2/?preview_id=47&preview_nonce=ee11e2c18b&preview=true" "Mozilla/5.0 (Windows NT 10.0; Win64; x64) AppleWebKit/537.36 (KHTML, like Gecko) Chrome/150.0.0.0 Safari/537.36"
197.211.59.196 - - [22/Jul/2026:09:31:30 +0000] "GET /wp-content/plugins/elementor/assets/lib/backbone/backbone.marionette.min.js?ver=2.4.5.e1 HTTP/1.1" 304 - "https://mppglobalconcept.shop/health-products-2/?preview_id=47&preview_nonce=ee11e2c18b&preview=true" "Mozilla/5.0 (Windows NT 10.0; Win64; x64) AppleWebKit/537.36 (KHTML, like Gecko) Chrome/150.0.0.0 Safari/537.36"
197.211.59.196 - - [22/Jul/2026:09:31:31 +0000] "GET /wp-content/plugins/elementor/assets/lib/backbone/backbone.radio.min.js?ver=1.0.4 HTTP/1.1" 304 - "https://mppglobalconcept.shop/health-products-2/?preview_id=47&preview_nonce=ee11e2c18b&preview=true" "Mozilla/5.0 (Windows NT 10.0; Win64; x64) AppleWebKit/537.36 (KHTML, like Gecko) Chrome/150.0.0.0 Safari/537.36"
197.211.59.196 - - [22/Jul/2026:09:31:31 +0000] "GET /wp-content/plugins/elementor/assets/js/common-modules.min.js?ver=4.1.5 HTTP/1.1" 304 - "https://mppglobalconcept.shop/health-products-2/?preview_id=47&preview_nonce=ee11e2c18b&preview=true" "Mozilla/5.0 (Windows NT 10.0; Win64; x64) AppleWebKit/537.36 (KHTML, like Gecko) Chrome/150.0.0.0 Safari/537.36"
197.211.59.196 - - [22/Jul/2026:09:31:31 +0000] "GET /wp-content/plugins/elementor/assets/js/web-cli.min.js?ver=4.1.5 HTTP/1.1" 304 - "https://mppglobalconcept.shop/health-products-2/?preview_id=47&preview_nonce=ee11e2c18b&preview=true" "Mozilla/5.0 (Windows NT 10.0; Win64; x64) AppleWebKit/537.36 (KHTML, like Gecko) Chrome/150.0.0.0 Safari/537.36"
197.211.59.196 - - [22/Jul/2026:09:31:31 +0000] "GET /wp-content/plugins/elementor/assets/lib/dialog/dialog.min.js?ver=4.9.4 HTTP/1.1" 304 - "https://mppglobalconcept.shop/health-products-2/?preview_id=47&preview_nonce=ee11e2c18b&preview=true" "Mozilla/5.0 (Windows NT 10.0; Win64; x64) AppleWebKit/537.36 (KHTML, like Gecko) Chrome/150.0.0.0 Safari/537.36"
197.211.59.196 - - [22/Jul/2026:09:31:31 +0000] "GET /wp-content/plugins/elementor/assets/js/dev-tools.min.js?ver=4.1.5 HTTP/1.1" 304 - "https://mppglobalconcept.shop/health-products-2/?preview_id=47&preview_nonce=ee11e2c18b&preview=true" "Mozilla/5.0 (Windows NT 10.0; Win64; x64) AppleWebKit/537.36 (KHTML, like Gecko) Chrome/150.0.0.0 Safari/537.36"
197.211.59.196 - - [22/Jul/2026:09:31:31 +0000] "GET /wp-content/plugins/elementor/assets/js/common.min.js?ver=4.1.5 HTTP/1.1" 304 - "https://mppglobalconcept.shop/health-products-2/?preview_id=47&preview_nonce=ee11e2c18b&preview=true" "Mozilla/5.0 (Windows NT 10.0; Win64; x64) AppleWebKit/537.36 (KHTML, like Gecko) Chrome/150.0.0.0 Safari/537.36"
197.211.59.196 - - [22/Jul/2026:09:31:31 +0000] "GET /wp-content/plugins/elementor/assets/js/app-loader.min.js?ver=4.1.5 HTTP/1.1" 304 - "https://mppglobalconcept.shop/health-products-2/?preview_id=47&preview_nonce=ee11e2c18b&preview=true" "Mozilla/5.0 (Windows NT 10.0; Win64; x64) AppleWebKit/537.36 (KHTML, like Gecko) Chrome/150.0.0.0 Safari/537.36"
197.211.59.196 - - [22/Jul/2026:09:31:31 +0000] "GET /wp-content/plugins/elementor/assets/js/elementor-admin-bar.min.js?ver=4.1.5 HTTP/1.1" 304 - "https://mppglobalconcept.shop/health-products-2/?preview_id=47&preview_nonce=ee11e2c18b&preview=true" "Mozilla/5.0 (Windows NT 10.0; Win64; x64) AppleWebKit/537.36 (KHTML, like Gecko) Chrome/150.0.0.0 Safari/537.36"
197.211.59.196 - - [22/Jul/2026:09:31:31 +0000] "GET /wp-content/uploads/2026/07/17-194x300.png HTTP/1.1" 304 - "https://mppglobalconcept.shop/health-products-2/?preview_id=47&preview_nonce=ee11e2c18b&preview=true" "Mozilla/5.0 (Windows NT 10.0; Win64; x64) AppleWebKit/537.36 (KHTML, like Gecko) Chrome/150.0.0.0 Safari/537.36"
197.211.59.196 - - [22/Jul/2026:09:31:31 +0000] "GET /wp-content/uploads/2026/07/15-202x300.png HTTP/1.1" 304 - "https://mppglobalconcept.shop/health-products-2/?preview_id=47&preview_nonce=ee11e2c18b&preview=true" "Mozilla/5.0 (Windows NT 10.0; Win64; x64) AppleWebKit/537.36 (KHTML, like Gecko) Chrome/150.0.0.0 Safari/537.36"
197.211.59.196 - - [22/Jul/2026:09:31:31 +0000] "GET /wp-content/uploads/2026/07/16-205x300.png HTTP/1.1" 304 - "https://mppglobalconcept.shop/health-products-2/?preview_id=47&preview_nonce=ee11e2c18b&preview=true" "Mozilla/5.0 (Windows NT 10.0; Win64; x64) AppleWebKit/537.36 (KHTML, like Gecko) Chrome/150.0.0.0 Safari/537.36"
197.211.59.196 - - [22/Jul/2026:09:31:31 +0000] "GET /wp-content/uploads/2026/07/14-198x300.png HTTP/1.1" 304 - "https://mppglobalconcept.shop/health-products-2/?preview_id=47&preview_nonce=ee11e2c18b&preview=true" "Mozilla/5.0 (Windows NT 10.0; Win64; x64) AppleWebKit/537.36 (KHTML, like Gecko) Chrome/150.0.0.0 Safari/537.36"
197.211.59.196 - - [22/Jul/2026:09:31:32 +0000] "GET /wp-content/uploads/2026/07/13-217x300.png HTTP/1.1" 304 - "https://mppglobalconcept.shop/health-products-2/?preview_id=47&preview_nonce=ee11e2c18b&preview=true" "Mozilla/5.0 (Windows NT 10.0; Win64; x64) AppleWebKit/537.36 (KHTML, like Gecko) Chrome/150.0.0.0 Safari/537.36"
197.211.59.196 - - [22/Jul/2026:09:31:32 +0000] "GET /wp-content/uploads/2026/07/12-190x300.png HTTP/1.1" 304 - "https://mppglobalconcept.shop/health-products-2/?preview_id=47&preview_nonce=ee11e2c18b&preview=true" "Mozilla/5.0 (Windows NT 10.0; Win64; x64) AppleWebKit/537.36 (KHTML, like Gecko) Chrome/150.0.0.0 Safari/537.36"
197.211.59.196 - - [22/Jul/2026:09:31:32 +0000] "GET /wp-content/uploads/2026/07/11-196x300.png HTTP/1.1" 304 - "https://mppglobalconcept.shop/health-products-2/?preview_id=47&preview_nonce=ee11e2c18b&preview=true" "Mozilla/5.0 (Windows NT 10.0; Win64; x64) AppleWebKit/537.36 (KHTML, like Gecko) Chrome/150.0.0.0 Safari/537.36"
197.211.59.196 - - [22/Jul/2026:09:31:32 +0000] "GET /wp-content/uploads/2026/07/ChatGPT-Image-Jul-21-2026-12_12_21-PM-e1784636815544-217x300.png HTTP/1.1" 304 - "https://mppglobalconcept.shop/health-products-2/?preview_id=47&preview_nonce=ee11e2c18b&preview=true" "Mozilla/5.0 (Windows NT 10.0; Win64; x64) AppleWebKit/537.36 (KHTML, like Gecko) Chrome/150.0.0.0 Safari/537.36"
197.211.59.196 - - [22/Jul/2026:09:31:32 +0000] "GET /wp-content/uploads/2026/07/ChatGPT-Image-Jul-21-2026-12_03_46-PM-e1784636173428-226x300.png HTTP/1.1" 304 - "https://mppglobalconcept.shop/health-products-2/?preview_id=47&preview_nonce=ee11e2c18b&preview=true" "Mozilla/5.0 (Windows NT 10.0; Win64; x64) AppleWebKit/537.36 (KHTML, like Gecko) Chrome/150.0.0.0 Safari/537.36"
197.211.59.196 - - [22/Jul/2026:09:31:32 +0000] "GET /wp-content/uploads/2026/07/2-183x300.png HTTP/1.1" 304 - "https://mppglobalconcept.shop/health-products-2/?preview_id=47&preview_nonce=ee11e2c18b&preview=true" "Mozilla/5.0 (Windows NT 10.0; Win64; x64) AppleWebKit/537.36 (KHTML, like Gecko) Chrome/150.0.0.0 Safari/537.36"
197.211.59.196 - - [22/Jul/2026:09:31:32 +0000] "GET /wp-content/uploads/2026/07/7-217x300.png HTTP/1.1" 304 - "https://mppglobalconcept.shop/health-products-2/?preview_id=47&preview_nonce=ee11e2c18b&preview=true" "Mozilla/5.0 (Windows NT 10.0; Win64; x64) AppleWebKit/537.36 (KHTML, like Gecko) Chrome/150.0.0.0 Safari/537.36"
197.211.59.196 - - [22/Jul/2026:09:31:32 +0000] "GET /wp-content/uploads/2026/07/9-218x300.png HTTP/1.1" 304 - "https://mppglobalconcept.shop/health-products-2/?preview_id=47&preview_nonce=ee11e2c18b&preview=true" "Mozilla/5.0 (Windows NT 10.0; Win64; x64) AppleWebKit/537.36 (KHTML, like Gecko) Chrome/150.0.0.0 Safari/537.36"
197.211.59.196 - - [22/Jul/2026:09:31:32 +0000] "GET /wp-content/uploads/2026/07/8-200x300.png HTTP/1.1" 304 - "https://mppglobalconcept.shop/health-products-2/?preview_id=47&preview_nonce=ee11e2c18b&preview=true" "Mozilla/5.0 (Windows NT 10.0; Win64; x64) AppleWebKit/537.36 (KHTML, like Gecko) Chrome/150.0.0.0 Safari/537.36"
197.211.59.196 - - [22/Jul/2026:09:31:32 +0000] "GET /wp-content/uploads/2026/07/6-202x300.png HTTP/1.1" 304 - "https://mppglobalconcept.shop/health-products-2/?preview_id=47&preview_nonce=ee11e2c18b&preview=true" "Mozilla/5.0 (Windows NT 10.0; Win64; x64) AppleWebKit/537.36 (KHTML, like Gecko) Chrome/150.0.0.0 Safari/537.36"
197.211.59.196 - - [22/Jul/2026:09:31:32 +0000] "GET /wp-content/uploads/2026/07/4-189x300.png HTTP/1.1" 304 - "https://mppglobalconcept.shop/health-products-2/?preview_id=47&preview_nonce=ee11e2c18b&preview=true" "Mozilla/5.0 (Windows NT 10.0; Win64; x64) AppleWebKit/537.36 (KHTML, like Gecko) Chrome/150.0.0.0 Safari/537.36"
197.211.59.196 - - [22/Jul/2026:09:31:32 +0000] "GET /wp-content/uploads/2026/07/3-180x300.png HTTP/1.1" 304 - "https://mppglobalconcept.shop/health-products-2/?preview_id=47&preview_nonce=ee11e2c18b&preview=true" "Mozilla/5.0 (Windows NT 10.0; Win64; x64) AppleWebKit/537.36 (KHTML, like Gecko) Chrome/150.0.0.0 Safari/537.36"
197.211.59.196 - - [22/Jul/2026:09:31:32 +0000] "GET /wp-content/uploads/2026/07/5-230x300.png HTTP/1.1" 304 - "https://mppglobalconcept.shop/health-products-2/?preview_id=47&preview_nonce=ee11e2c18b&preview=true" "Mozilla/5.0 (Windows NT 10.0; Win64; x64) AppleWebKit/537.36 (KHTML, like Gecko) Chrome/150.0.0.0 Safari/537.36"
197.211.59.196 - - [22/Jul/2026:09:31:33 +0000] "GET /wp-content/plugins/elementor/assets/js/text-editor.45609661e409413f1cef.bundle.min.js HTTP/1.1" 304 - "https://mppglobalconcept.shop/health-products-2/?preview_id=47&preview_nonce=ee11e2c18b&preview=true" "Mozilla/5.0 (Windows NT 10.0; Win64; x64) AppleWebKit/537.36 (KHTML, like Gecko) Chrome/150.0.0.0 Safari/537.36"
197.211.59.196 - - [22/Jul/2026:09:31:33 +0000] "GET /wp-content/plugins/elementor/assets/js/image-carousel.6167d20b95b33386757b.bundle.min.js HTTP/1.1" 304 - "https://mppglobalconcept.shop/health-products-2/?preview_id=47&preview_nonce=ee11e2c18b&preview=true" "Mozilla/5.0 (Windows NT 10.0; Win64; x64) AppleWebKit/537.36 (KHTML, like Gecko) Chrome/150.0.0.0 Safari/537.36"
197.211.59.196 - - [22/Jul/2026:09:31:33 +0000] "GET /favicon.ico HTTP/1.1" 200 2 "https://mppglobalconcept.shop/health-products-2/?preview_id=47&preview_nonce=ee11e2c18b&preview=true" "Mozilla/5.0 (Windows NT 10.0; Win64; x64) AppleWebKit/537.36 (KHTML, like Gecko) Chrome/150.0.0.0 Safari/537.36"
198.177.124.148 - - [22/Jul/2026:09:32:18 +0000] "POST /wp-cron.php?doing_wp_cron=1784712738.5094249248504638671875 HTTP/1.1" 200 - "-" "WordPress/7.0.2; https://mppglobalconcept.shop"
197.211.59.196 - - [22/Jul/2026:09:32:14 +0000] "POST /wp-admin/admin-ajax.php HTTP/1.1" 200 223 "https://mppglobalconcept.shop/wp-admin/post.php?post=47&action=elementor" "Mozilla/5.0 (Windows NT 10.0; Win64; x64) AppleWebKit/537.36 (KHTML, like Gecko) Chrome/150.0.0.0 Safari/537.36"
197.211.59.196 - - [22/Jul/2026:09:32:14 +0000] "GET /wp-json/elementor/v1/checklist/user-progress HTTP/1.1" 200 535 "https://mppglobalconcept.shop/wp-admin/post.php?post=47&action=elementor" "Mozilla/5.0 (Windows NT 10.0; Win64; x64) AppleWebKit/537.36 (KHTML, like Gecko) Chrome/150.0.0.0 Safari/537.36"
197.211.59.196 - - [22/Jul/2026:09:32:30 +0000] "GET /wp-content/plugins/elementor/assets/lib/font-awesome/webfonts/fa-regular-400.woff2 HTTP/1.1" 200 13276 "https://mppglobalconcept.shop/wp-content/plugins/elementor/assets/lib/font-awesome/css/regular.min.css?ver=5.15.3" "Mozilla/5.0 (Windows NT 10.0; Win64; x64) AppleWebKit/537.36 (KHTML, like Gecko) Chrome/150.0.0.0 Safari/537.36"
197.211.59.196 - - [22/Jul/2026:09:32:30 +0000] "GET /wp-content/plugins/elementor/assets/lib/font-awesome/webfonts/fa-brands-400.woff2 HTTP/1.1" 200 81612 "https://mppglobalconcept.shop/wp-content/plugins/elementor/assets/lib/font-awesome/css/brands.min.css?ver=5.15.3" "Mozilla/5.0 (Windows NT 10.0; Win64; x64) AppleWebKit/537.36 (KHTML, like Gecko) Chrome/150.0.0.0 Safari/537.36"
197.211.59.196 - - [22/Jul/2026:09:32:28 +0000] "POST /wp-admin/admin-ajax.php HTTP/1.1" 200 77 "https://mppglobalconcept.shop/wp-admin/post.php?post=47&action=elementor" "Mozilla/5.0 (Windows NT 10.0; Win64; x64) AppleWebKit/537.36 (KHTML, like Gecko) Chrome/150.0.0.0 Safari/537.36"
197.211.59.196 - - [22/Jul/2026:09:32:37 +0000] "GET /wp-content/plugins/elementor/assets/lib/font-awesome/webfonts/fa-solid-900.woff2 HTTP/1.1" 200 78196 "https://mppglobalconcept.shop/wp-content/plugins/elementor/assets/lib/font-awesome/css/solid.min.css?ver=5.15.3" "Mozilla/5.0 (Windows NT 10.0; Win64; x64) AppleWebKit/537.36 (KHTML, like Gecko) Chrome/150.0.0.0 Safari/537.36"
197.211.59.196 - - [22/Jul/2026:09:32:43 +0000] "POST /wp-admin/admin-ajax.php HTTP/1.1" 200 77 "https://mppglobalconcept.shop/wp-admin/post.php?post=47&action=elementor" "Mozilla/5.0 (Windows NT 10.0; Win64; x64) AppleWebKit/537.36 (KHTML, like Gecko) Chrome/150.0.0.0 Safari/537.36"
197.211.59.196 - - [22/Jul/2026:09:33:00 +0000] "GET /wp-content/plugins/elementor/assets/lib/font-awesome/css/fontawesome.min.css?ver=5.15.3 HTTP/1.1" 304 - "https://mppglobalconcept.shop/health-products-2/?elementor-preview=47&ver=1784665297" "Mozilla/5.0 (Windows NT 10.0; Win64; x64) AppleWebKit/537.36 (KHTML, like Gecko) Chrome/150.0.0.0 Safari/537.36"
197.211.59.196 - - [22/Jul/2026:09:33:01 +0000] "GET /wp-content/plugins/elementor/assets/lib/font-awesome/css/brands.min.css?ver=5.15.3 HTTP/1.1" 304 - "https://mppglobalconcept.shop/health-products-2/?elementor-preview=47&ver=1784665297" "Mozilla/5.0 (Windows NT 10.0; Win64; x64) AppleWebKit/537.36 (KHTML, like Gecko) Chrome/150.0.0.0 Safari/537.36"
197.211.59.196 - - [22/Jul/2026:09:32:59 +0000] "POST /wp-admin/admin-ajax.php HTTP/1.1" 200 77 "https://mppglobalconcept.shop/wp-admin/post.php?post=47&action=elementor" "Mozilla/5.0 (Windows NT 10.0; Win64; x64) AppleWebKit/537.36 (KHTML, like Gecko) Chrome/150.0.0.0 Safari/537.36"
197.211.59.196 - - [22/Jul/2026:09:33:01 +0000] "GET /wp-content/plugins/wpforms-lite/assets/lib/font-awesome/webfonts/fa-brands-400.woff2 HTTP/1.1" 200 101180 "https://mppglobalconcept.shop/wp-content/plugins/wpforms-lite/assets/lib/font-awesome/css/all.min.css?ver=7.0.1" "Mozilla/5.0 (Windows NT 10.0; Win64; x64) AppleWebKit/537.36 (KHTML, like Gecko) Chrome/150.0.0.0 Safari/537.36"
198.177.124.148 - - [22/Jul/2026:09:33:15 +0000] "POST /wp-cron.php?doing_wp_cron=1784712794.9276010990142822265625 HTTP/1.1" 200 - "-" "WordPress/7.0.2; https://mppglobalconcept.shop"
197.211.59.196 - - [22/Jul/2026:09:33:13 +0000] "POST /wp-admin/admin-ajax.php HTTP/1.1" 200 77 "https://mppglobalconcept.shop/wp-admin/post.php?post=47&action=elementor" "Mozilla/5.0 (Windows NT 10.0; Win64; x64) AppleWebKit/537.36 (KHTML, like Gecko) Chrome/150.0.0.0 Safari/537.36"
197.211.59.196 - - [22/Jul/2026:09:33:29 +0000] "POST /wp-admin/admin-ajax.php HTTP/1.1" 200 77 "https://mppglobalconcept.shop/wp-admin/post.php?post=47&action=elementor" "Mozilla/5.0 (Windows NT 10.0; Win64; x64) AppleWebKit/537.36 (KHTML, like Gecko) Chrome/150.0.0.0 Safari/537.36"
197.211.59.196 - - [22/Jul/2026:09:33:43 +0000] "POST /wp-admin/admin-ajax.php HTTP/1.1" 200 77 "https://mppglobalconcept.shop/wp-admin/post.php?post=47&action=elementor" "Mozilla/5.0 (Windows NT 10.0; Win64; x64) AppleWebKit/537.36 (KHTML, like Gecko) Chrome/150.0.0.0 Safari/537.36"
197.211.59.196 - - [22/Jul/2026:09:33:56 +0000] "GET /wp-content/plugins/elementor/assets/images/logo-panel.svg HTTP/1.1" 304 - "https://mppglobalconcept.shop/wp-admin/post.php?post=47&action=elementor" "Mozilla/5.0 (Windows NT 10.0; Win64; x64) AppleWebKit/537.36 (KHTML, like Gecko) Chrome/150.0.0.0 Safari/537.36"
197.211.59.196 - - [22/Jul/2026:09:33:56 +0000] "POST /wp-admin/admin-ajax.php HTTP/1.1" 200 1530 "https://mppglobalconcept.shop/wp-admin/post.php?post=47&action=elementor" "Mozilla/5.0 (Windows NT 10.0; Win64; x64) AppleWebKit/537.36 (KHTML, like Gecko) Chrome/150.0.0.0 Safari/537.36"
197.211.59.196 - - [22/Jul/2026:09:33:58 +0000] "POST /wp-admin/admin-ajax.php HTTP/1.1" 200 77 "https://mppglobalconcept.shop/wp-admin/post.php?post=47&action=elementor" "Mozilla/5.0 (Windows NT 10.0; Win64; x64) AppleWebKit/537.36 (KHTML, like Gecko) Chrome/150.0.0.0 Safari/537.36"
198.177.124.148 - - [22/Jul/2026:09:34:16 +0000] "POST /wp-cron.php?doing_wp_cron=1784712856.8788850307464599609375 HTTP/1.1" 200 - "-" "WordPress/7.0.2; https://mppglobalconcept.shop"
197.211.59.196 - - [22/Jul/2026:09:34:13 +0000] "POST /wp-admin/admin-ajax.php HTTP/1.1" 200 77 "https://mppglobalconcept.shop/wp-admin/post.php?post=47&action=elementor" "Mozilla/5.0 (Windows NT 10.0; Win64; x64) AppleWebKit/537.36 (KHTML, like Gecko) Chrome/150.0.0.0 Safari/537.36"
197.211.59.196 - - [22/Jul/2026:09:34:29 +0000] "POST /wp-admin/admin-ajax.php HTTP/1.1" 200 77 "https://mppglobalconcept.shop/wp-admin/post.php?post=47&action=elementor" "Mozilla/5.0 (Windows NT 10.0; Win64; x64) AppleWebKit/537.36 (KHTML, like Gecko) Chrome/150.0.0.0 Safari/537.36"
197.211.59.196 - - [22/Jul/2026:09:34:43 +0000] "POST /wp-admin/admin-ajax.php HTTP/1.1" 200 77 "https://mppglobalconcept.shop/wp-admin/post.php?post=47&action=elementor" "Mozilla/5.0 (Windows NT 10.0; Win64; x64) AppleWebKit/537.36 (KHTML, like Gecko) Chrome/150.0.0.0 Safari/537.36"
198.177.124.148 - - [22/Jul/2026:09:35:03 +0000] "POST /wp-cron.php?doing_wp_cron=1784712903.6821649074554443359375 HTTP/1.1" 200 - "-" "WordPress/7.0.2; https://mppglobalconcept.shop"
197.211.59.196 - - [22/Jul/2026:09:34:59 +0000] "POST /wp-admin/admin-ajax.php HTTP/1.1" 200 77 "https://mppglobalconcept.shop/wp-admin/post.php?post=47&action=elementor" "Mozilla/5.0 (Windows NT 10.0; Win64; x64) AppleWebKit/537.36 (KHTML, like Gecko) Chrome/150.0.0.0 Safari/537.36"
197.211.59.196 - - [22/Jul/2026:09:35:13 +0000] "POST /wp-admin/admin-ajax.php HTTP/1.1" 200 77 "https://mppglobalconcept.shop/wp-admin/post.php?post=47&action=elementor" "Mozilla/5.0 (Windows NT 10.0; Win64; x64) AppleWebKit/537.36 (KHTML, like Gecko) Chrome/150.0.0.0 Safari/537.36"
197.211.59.196 - - [22/Jul/2026:09:35:29 +0000] "POST /wp-admin/admin-ajax.php HTTP/1.1" 200 77 "https://mppglobalconcept.shop/wp-admin/post.php?post=47&action=elementor" "Mozilla/5.0 (Windows NT 10.0; Win64; x64) AppleWebKit/537.36 (KHTML, like Gecko) Chrome/150.0.0.0 Safari/537.36"
197.211.59.196 - - [22/Jul/2026:09:35:43 +0000] "POST /wp-admin/admin-ajax.php HTTP/1.1" 200 77 "https://mppglobalconcept.shop/wp-admin/post.php?post=47&action=elementor" "Mozilla/5.0 (Windows NT 10.0; Win64; x64) AppleWebKit/537.36 (KHTML, like Gecko) Chrome/150.0.0.0 Safari/537.36"
197.211.59.196 - - [22/Jul/2026:09:36:00 +0000] "POST /wp-admin/admin-ajax.php HTTP/1.1" 200 77 "https://mppglobalconcept.shop/wp-admin/post.php?post=47&action=elementor" "Mozilla/5.0 (Windows NT 10.0; Win64; x64) AppleWebKit/537.36 (KHTML, like Gecko) Chrome/150.0.0.0 Safari/537.36"
198.177.124.148 - - [22/Jul/2026:09:36:17 +0000] "POST /wp-cron.php?doing_wp_cron=1784712977.8416130542755126953125 HTTP/1.1" 200 - "-" "WordPress/7.0.2; https://mppglobalconcept.shop"
197.211.59.196 - - [22/Jul/2026:09:36:14 +0000] "POST /wp-admin/admin-ajax.php HTTP/1.1" 200 77 "https://mppglobalconcept.shop/wp-admin/post.php?post=47&action=elementor" "Mozilla/5.0 (Windows NT 10.0; Win64; x64) AppleWebKit/537.36 (KHTML, like Gecko) Chrome/150.0.0.0 Safari/537.36"
197.211.59.196 - - [22/Jul/2026:09:36:30 +0000] "POST /wp-admin/admin-ajax.php HTTP/1.1" 200 77 "https://mppglobalconcept.shop/wp-admin/post.php?post=47&action=elementor" "Mozilla/5.0 (Windows NT 10.0; Win64; x64) AppleWebKit/537.36 (KHTML, like Gecko) Chrome/150.0.0.0 Safari/537.36"
