197.211.59.196 - - [22/Jul/2026:10:01:20 +0000] "POST /wp-admin/admin-ajax.php HTTP/1.1" 200 77 "https://mppglobalconcept.shop/wp-admin/post.php?post=47&action=elementor" "Mozilla/5.0 (Windows NT 10.0; Win64; x64) AppleWebKit/537.36 (KHTML, like Gecko) Chrome/150.0.0.0 Safari/537.36"
197.211.59.196 - - [22/Jul/2026:10:01:34 +0000] "POST /wp-admin/admin-ajax.php HTTP/1.1" 200 77 "https://mppglobalconcept.shop/wp-admin/post.php?post=47&action=elementor" "Mozilla/5.0 (Windows NT 10.0; Win64; x64) AppleWebKit/537.36 (KHTML, like Gecko) Chrome/150.0.0.0 Safari/537.36"
197.211.59.196 - - [22/Jul/2026:10:01:54 +0000] "POST /wp-admin/admin-ajax.php HTTP/1.1" 200 77 "https://mppglobalconcept.shop/wp-admin/post.php?post=47&action=elementor" "Mozilla/5.0 (Windows NT 10.0; Win64; x64) AppleWebKit/537.36 (KHTML, like Gecko) Chrome/150.0.0.0 Safari/537.36"
197.211.59.196 - - [22/Jul/2026:10:02:05 +0000] "POST /wp-admin/admin-ajax.php HTTP/1.1" 200 77 "https://mppglobalconcept.shop/wp-admin/post.php?post=47&action=elementor" "Mozilla/5.0 (Windows NT 10.0; Win64; x64) AppleWebKit/537.36 (KHTML, like Gecko) Chrome/150.0.0.0 Safari/537.36"
197.211.59.196 - - [22/Jul/2026:10:02:19 +0000] "POST /wp-admin/admin-ajax.php HTTP/1.1" 200 77 "https://mppglobalconcept.shop/wp-admin/post.php?post=47&action=elementor" "Mozilla/5.0 (Windows NT 10.0; Win64; x64) AppleWebKit/537.36 (KHTML, like Gecko) Chrome/150.0.0.0 Safari/537.36"
197.211.59.196 - - [22/Jul/2026:10:02:35 +0000] "POST /wp-admin/admin-ajax.php HTTP/1.1" 200 77 "https://mppglobalconcept.shop/wp-admin/post.php?post=47&action=elementor" "Mozilla/5.0 (Windows NT 10.0; Win64; x64) AppleWebKit/537.36 (KHTML, like Gecko) Chrome/150.0.0.0 Safari/537.36"
197.211.59.196 - - [22/Jul/2026:10:02:49 +0000] "POST /wp-admin/admin-ajax.php HTTP/1.1" 200 77 "https://mppglobalconcept.shop/wp-admin/post.php?post=47&action=elementor" "Mozilla/5.0 (Windows NT 10.0; Win64; x64) AppleWebKit/537.36 (KHTML, like Gecko) Chrome/150.0.0.0 Safari/537.36"
197.211.59.196 - - [22/Jul/2026:10:03:05 +0000] "POST /wp-admin/admin-ajax.php HTTP/1.1" 200 77 "https://mppglobalconcept.shop/wp-admin/post.php?post=47&action=elementor" "Mozilla/5.0 (Windows NT 10.0; Win64; x64) AppleWebKit/537.36 (KHTML, like Gecko) Chrome/150.0.0.0 Safari/537.36"
198.177.124.148 - - [22/Jul/2026:10:03:20 +0000] "POST /wp-cron.php?doing_wp_cron=1784714600.6356780529022216796875 HTTP/1.1" 200 - "-" "WordPress/7.0.2; https://mppglobalconcept.shop"
197.211.59.196 - - [22/Jul/2026:10:03:19 +0000] "POST /wp-admin/admin-ajax.php HTTP/1.1" 200 77 "https://mppglobalconcept.shop/wp-admin/post.php?post=47&action=elementor" "Mozilla/5.0 (Windows NT 10.0; Win64; x64) AppleWebKit/537.36 (KHTML, like Gecko) Chrome/150.0.0.0 Safari/537.36"
197.211.59.196 - - [22/Jul/2026:10:03:35 +0000] "POST /wp-admin/admin-ajax.php HTTP/1.1" 200 77 "https://mppglobalconcept.shop/wp-admin/post.php?post=47&action=elementor" "Mozilla/5.0 (Windows NT 10.0; Win64; x64) AppleWebKit/537.36 (KHTML, like Gecko) Chrome/150.0.0.0 Safari/537.36"
197.211.59.196 - - [22/Jul/2026:10:03:49 +0000] "POST /wp-admin/admin-ajax.php HTTP/1.1" 200 77 "https://mppglobalconcept.shop/wp-admin/post.php?post=47&action=elementor" "Mozilla/5.0 (Windows NT 10.0; Win64; x64) AppleWebKit/537.36 (KHTML, like Gecko) Chrome/150.0.0.0 Safari/537.36"
198.177.124.148 - - [22/Jul/2026:10:04:06 +0000] "POST /wp-cron.php?doing_wp_cron=1784714645.9799909591674804687500 HTTP/1.1" 200 - "-" "WordPress/7.0.2; https://mppglobalconcept.shop"
197.211.59.196 - - [22/Jul/2026:10:04:05 +0000] "POST /wp-admin/admin-ajax.php HTTP/1.1" 200 77 "https://mppglobalconcept.shop/wp-admin/post.php?post=47&action=elementor" "Mozilla/5.0 (Windows NT 10.0; Win64; x64) AppleWebKit/537.36 (KHTML, like Gecko) Chrome/150.0.0.0 Safari/537.36"
197.211.59.196 - - [22/Jul/2026:10:04:19 +0000] "POST /wp-admin/admin-ajax.php HTTP/1.1" 200 77 "https://mppglobalconcept.shop/wp-admin/post.php?post=47&action=elementor" "Mozilla/5.0 (Windows NT 10.0; Win64; x64) AppleWebKit/537.36 (KHTML, like Gecko) Chrome/150.0.0.0 Safari/537.36"
197.211.59.196 - - [22/Jul/2026:10:04:35 +0000] "POST /wp-admin/admin-ajax.php HTTP/1.1" 200 77 "https://mppglobalconcept.shop/wp-admin/post.php?post=47&action=elementor" "Mozilla/5.0 (Windows NT 10.0; Win64; x64) AppleWebKit/537.36 (KHTML, like Gecko) Chrome/150.0.0.0 Safari/537.36"
197.211.59.196 - - [22/Jul/2026:10:04:49 +0000] "POST /wp-admin/admin-ajax.php HTTP/1.1" 200 77 "https://mppglobalconcept.shop/wp-admin/post.php?post=47&action=elementor" "Mozilla/5.0 (Windows NT 10.0; Win64; x64) AppleWebKit/537.36 (KHTML, like Gecko) Chrome/150.0.0.0 Safari/537.36"
198.177.124.148 - - [22/Jul/2026:10:05:06 +0000] "POST /wp-cron.php?doing_wp_cron=1784714706.2028450965881347656250 HTTP/1.1" 200 - "-" "WordPress/7.0.2; https://mppglobalconcept.shop"
197.211.59.196 - - [22/Jul/2026:10:05:05 +0000] "POST /wp-admin/admin-ajax.php HTTP/1.1" 200 77 "https://mppglobalconcept.shop/wp-admin/post.php?post=47&action=elementor" "Mozilla/5.0 (Windows NT 10.0; Win64; x64) AppleWebKit/537.36 (KHTML, like Gecko) Chrome/150.0.0.0 Safari/537.36"
197.211.59.196 - - [22/Jul/2026:10:05:19 +0000] "POST /wp-admin/admin-ajax.php HTTP/1.1" 200 77 "https://mppglobalconcept.shop/wp-admin/post.php?post=47&action=elementor" "Mozilla/5.0 (Windows NT 10.0; Win64; x64) AppleWebKit/537.36 (KHTML, like Gecko) Chrome/150.0.0.0 Safari/537.36"
197.211.59.196 - - [22/Jul/2026:10:05:35 +0000] "POST /wp-admin/admin-ajax.php HTTP/1.1" 200 77 "https://mppglobalconcept.shop/wp-admin/post.php?post=47&action=elementor" "Mozilla/5.0 (Windows NT 10.0; Win64; x64) AppleWebKit/537.36 (KHTML, like Gecko) Chrome/150.0.0.0 Safari/537.36"
197.211.59.196 - - [22/Jul/2026:10:05:49 +0000] "POST /wp-admin/admin-ajax.php HTTP/1.1" 200 77 "https://mppglobalconcept.shop/wp-admin/post.php?post=47&action=elementor" "Mozilla/5.0 (Windows NT 10.0; Win64; x64) AppleWebKit/537.36 (KHTML, like Gecko) Chrome/150.0.0.0 Safari/537.36"
198.177.124.148 - - [22/Jul/2026:10:06:06 +0000] "POST /wp-cron.php?doing_wp_cron=1784714766.4993150234222412109375 HTTP/1.1" 200 - "-" "WordPress/7.0.2; https://mppglobalconcept.shop"
197.211.59.196 - - [22/Jul/2026:10:06:05 +0000] "POST /wp-admin/admin-ajax.php HTTP/1.1" 200 77 "https://mppglobalconcept.shop/wp-admin/post.php?post=47&action=elementor" "Mozilla/5.0 (Windows NT 10.0; Win64; x64) AppleWebKit/537.36 (KHTML, like Gecko) Chrome/150.0.0.0 Safari/537.36"
197.211.59.196 - - [22/Jul/2026:10:06:19 +0000] "POST /wp-admin/admin-ajax.php HTTP/1.1" 200 77 "https://mppglobalconcept.shop/wp-admin/post.php?post=47&action=elementor" "Mozilla/5.0 (Windows NT 10.0; Win64; x64) AppleWebKit/537.36 (KHTML, like Gecko) Chrome/150.0.0.0 Safari/537.36"
197.211.59.196 - - [22/Jul/2026:10:06:35 +0000] "POST /wp-admin/admin-ajax.php HTTP/1.1" 200 77 "https://mppglobalconcept.shop/wp-admin/post.php?post=47&action=elementor" "Mozilla/5.0 (Windows NT 10.0; Win64; x64) AppleWebKit/537.36 (KHTML, like Gecko) Chrome/150.0.0.0 Safari/537.36"
197.211.59.196 - - [22/Jul/2026:10:06:49 +0000] "POST /wp-admin/admin-ajax.php HTTP/1.1" 200 77 "https://mppglobalconcept.shop/wp-admin/post.php?post=47&action=elementor" "Mozilla/5.0 (Windows NT 10.0; Win64; x64) AppleWebKit/537.36 (KHTML, like Gecko) Chrome/150.0.0.0 Safari/537.36"
197.211.59.196 - - [22/Jul/2026:10:06:51 +0000] "POST /wp-admin/admin-ajax.php HTTP/1.1" 200 3705 "https://mppglobalconcept.shop/wp-admin/post.php?post=47&action=elementor" "Mozilla/5.0 (Windows NT 10.0; Win64; x64) AppleWebKit/537.36 (KHTML, like Gecko) Chrome/150.0.0.0 Safari/537.36"
198.177.124.148 - - [22/Jul/2026:10:08:53 +0000] "POST /wp-cron.php?doing_wp_cron=1784714933.5051510334014892578125 HTTP/1.1" 200 - "-" "WordPress/7.0.2; https://mppglobalconcept.shop"
197.211.59.196 - - [22/Jul/2026:10:08:51 +0000] "POST /wp-admin/admin-ajax.php HTTP/1.1" 200 77 "https://mppglobalconcept.shop/wp-admin/post.php?post=47&action=elementor" "Mozilla/5.0 (Windows NT 10.0; Win64; x64) AppleWebKit/537.36 (KHTML, like Gecko) Chrome/150.0.0.0 Safari/537.36"
198.177.124.148 - - [22/Jul/2026:10:11:07 +0000] "POST /wp-cron.php?doing_wp_cron=1784715067.8818099498748779296875 HTTP/1.1" 200 - "-" "WordPress/7.0.2; https://mppglobalconcept.shop"
197.211.59.196 - - [22/Jul/2026:10:11:06 +0000] "POST /wp-admin/admin-ajax.php HTTP/1.1" 200 77 "https://mppglobalconcept.shop/wp-admin/post.php?post=47&action=elementor" "Mozilla/5.0 (Windows NT 10.0; Win64; x64) AppleWebKit/537.36 (KHTML, like Gecko) Chrome/150.0.0.0 Safari/537.36"
198.177.124.148 - - [22/Jul/2026:10:12:55 +0000] "POST /wp-cron.php?doing_wp_cron=1784715175.1413090229034423828125 HTTP/1.1" 200 - "-" "WordPress/7.0.2; https://mppglobalconcept.shop"
197.211.59.196 - - [22/Jul/2026:10:12:53 +0000] "POST /wp-admin/admin-ajax.php HTTP/1.1" 200 77 "https://mppglobalconcept.shop/wp-admin/post.php?post=47&action=elementor" "Mozilla/5.0 (Windows NT 10.0; Win64; x64) AppleWebKit/537.36 (KHTML, like Gecko) Chrome/150.0.0.0 Safari/537.36"
74.7.175.152 - - [22/Jul/2026:10:13:54 +0000] "GET /robots.txt HTTP/1.1" 200 75 "-" "Mozilla/5.0 (Macintosh; Intel Mac OS X 10_15_7) AppleWebKit/537.36 (KHTML, like Gecko) Chrome/131.0.0.0 Safari/537.36; compatible; OAI-SearchBot/1.4; robots.txt; +https://openai.com/searchbot"
198.177.124.148 - - [22/Jul/2026:10:14:13 +0000] "POST /wp-cron.php?doing_wp_cron=1784715253.1789250373840332031250 HTTP/1.1" 200 - "-" "WordPress/7.0.2; https://mppglobalconcept.shop"
197.211.59.196 - - [22/Jul/2026:10:14:10 +0000] "GET /favicon.ico HTTP/1.1" 200 2 "https://mppglobalconcept.shop/health-products-2/?preview_id=47&preview_nonce=fce5be5aab&preview=true" "Mozilla/5.0 (Windows NT 10.0; Win64; x64) AppleWebKit/537.36 (KHTML, like Gecko) Chrome/150.0.0.0 Safari/537.36"
197.211.59.196 - - [22/Jul/2026:10:14:53 +0000] "POST /wp-admin/admin-ajax.php HTTP/1.1" 200 77 "https://mppglobalconcept.shop/wp-admin/post.php?post=47&action=elementor" "Mozilla/5.0 (Windows NT 10.0; Win64; x64) AppleWebKit/537.36 (KHTML, like Gecko) Chrome/150.0.0.0 Safari/537.36"
197.211.59.196 - - [22/Jul/2026:10:17:14 +0000] "POST /wp-admin/admin-ajax.php HTTP/1.1" 200 77 "https://mppglobalconcept.shop/wp-admin/post.php?post=47&action=elementor" "Mozilla/5.0 (Windows NT 10.0; Win64; x64) AppleWebKit/537.36 (KHTML, like Gecko) Chrome/150.0.0.0 Safari/537.36"
197.211.59.196 - - [22/Jul/2026:10:19:03 +0000] "POST /wp-admin/admin-ajax.php HTTP/1.1" 200 77 "https://mppglobalconcept.shop/wp-admin/post.php?post=47&action=elementor" "Mozilla/5.0 (Windows NT 10.0; Win64; x64) AppleWebKit/537.36 (KHTML, like Gecko) Chrome/150.0.0.0 Safari/537.36"
198.177.124.148 - - [22/Jul/2026:10:20:58 +0000] "POST /wp-cron.php?doing_wp_cron=1784715658.9083530902862548828125 HTTP/1.1" 200 - "-" "WordPress/7.0.2; https://mppglobalconcept.shop"
197.211.59.196 - - [22/Jul/2026:10:20:57 +0000] "POST /wp-admin/admin-ajax.php HTTP/1.1" 200 77 "https://mppglobalconcept.shop/wp-admin/post.php?post=47&action=elementor" "Mozilla/5.0 (Windows NT 10.0; Win64; x64) AppleWebKit/537.36 (KHTML, like Gecko) Chrome/150.0.0.0 Safari/537.36"
197.211.59.196 - - [22/Jul/2026:10:22:58 +0000] "POST /wp-admin/admin-ajax.php HTTP/1.1" 200 77 "https://mppglobalconcept.shop/wp-admin/post.php?post=47&action=elementor" "Mozilla/5.0 (Windows NT 10.0; Win64; x64) AppleWebKit/537.36 (KHTML, like Gecko) Chrome/150.0.0.0 Safari/537.36"
198.177.124.148 - - [22/Jul/2026:10:23:10 +0000] "POST /wp-cron.php?doing_wp_cron=1784715790.7306230068206787109375 HTTP/1.1" 200 - "-" "WordPress/7.0.2; https://mppglobalconcept.shop"
197.211.59.196 - - [22/Jul/2026:10:23:09 +0000] "GET /wp-json/elementor/v1/checklist/user-progress HTTP/1.1" 200 535 "https://mppglobalconcept.shop/wp-admin/post.php?post=47&action=elementor" "Mozilla/5.0 (Windows NT 10.0; Win64; x64) AppleWebKit/537.36 (KHTML, like Gecko) Chrome/150.0.0.0 Safari/537.36"
197.211.59.196 - - [22/Jul/2026:10:23:12 +0000] "POST /wp-admin/admin-ajax.php HTTP/1.1" 200 77 "https://mppglobalconcept.shop/wp-admin/post.php?post=47&action=elementor" "Mozilla/5.0 (Windows NT 10.0; Win64; x64) AppleWebKit/537.36 (KHTML, like Gecko) Chrome/150.0.0.0 Safari/537.36"
197.211.59.196 - - [22/Jul/2026:10:23:29 +0000] "POST /wp-admin/admin-ajax.php HTTP/1.1" 200 77 "https://mppglobalconcept.shop/wp-admin/post.php?post=47&action=elementor" "Mozilla/5.0 (Windows NT 10.0; Win64; x64) AppleWebKit/537.36 (KHTML, like Gecko) Chrome/150.0.0.0 Safari/537.36"
197.211.59.196 - - [22/Jul/2026:10:23:42 +0000] "POST /wp-admin/admin-ajax.php HTTP/1.1" 200 77 "https://mppglobalconcept.shop/wp-admin/post.php?post=47&action=elementor" "Mozilla/5.0 (Windows NT 10.0; Win64; x64) AppleWebKit/537.36 (KHTML, like Gecko) Chrome/150.0.0.0 Safari/537.36"
197.211.59.196 - - [22/Jul/2026:10:23:48 +0000] "GET /favicon.ico HTTP/1.1" 200 2 "https://mppglobalconcept.shop/health-products-2/?preview_id=47&preview_nonce=fce5be5aab&preview=true" "Mozilla/5.0 (Windows NT 10.0; Win64; x64) AppleWebKit/537.36 (KHTML, like Gecko) Chrome/150.0.0.0 Safari/537.36"
197.211.59.196 - - [22/Jul/2026:10:23:53 +0000] "GET /wp-json/elementor/v1/checklist/user-progress HTTP/1.1" 200 535 "https://mppglobalconcept.shop/wp-admin/post.php?post=47&action=elementor" "Mozilla/5.0 (Windows NT 10.0; Win64; x64) AppleWebKit/537.36 (KHTML, like Gecko) Chrome/150.0.0.0 Safari/537.36"
197.211.59.196 - - [22/Jul/2026:10:23:57 +0000] "POST /wp-admin/admin-ajax.php HTTP/1.1" 200 77 "https://mppglobalconcept.shop/wp-admin/post.php?post=47&action=elementor" "Mozilla/5.0 (Windows NT 10.0; Win64; x64) AppleWebKit/537.36 (KHTML, like Gecko) Chrome/150.0.0.0 Safari/537.36"
198.177.124.148 - - [22/Jul/2026:10:24:12 +0000] "POST /wp-cron.php?doing_wp_cron=1784715852.7389359474182128906250 HTTP/1.1" 200 - "-" "WordPress/7.0.2; https://mppglobalconcept.shop"
197.211.59.196 - - [22/Jul/2026:10:24:11 +0000] "GET /wp-json/elementor/v1/user-data/current-user?context=edit HTTP/1.1" 200 1388 "https://mppglobalconcept.shop/wp-admin/post.php?post=47&action=elementor" "Mozilla/5.0 (Windows NT 10.0; Win64; x64) AppleWebKit/537.36 (KHTML, like Gecko) Chrome/150.0.0.0 Safari/537.36"
197.211.59.196 - - [22/Jul/2026:10:24:13 +0000] "POST /wp-admin/admin-ajax.php HTTP/1.1" 200 77 "https://mppglobalconcept.shop/wp-admin/post.php?post=47&action=elementor" "Mozilla/5.0 (Windows NT 10.0; Win64; x64) AppleWebKit/537.36 (KHTML, like Gecko) Chrome/150.0.0.0 Safari/537.36"
197.211.59.196 - - [22/Jul/2026:10:24:27 +0000] "POST /wp-admin/admin-ajax.php HTTP/1.1" 200 77 "https://mppglobalconcept.shop/wp-admin/post.php?post=47&action=elementor" "Mozilla/5.0 (Windows NT 10.0; Win64; x64) AppleWebKit/537.36 (KHTML, like Gecko) Chrome/150.0.0.0 Safari/537.36"
197.211.59.196 - - [22/Jul/2026:10:24:42 +0000] "POST /wp-admin/admin-ajax.php HTTP/1.1" 200 77 "https://mppglobalconcept.shop/wp-admin/post.php?post=47&action=elementor" "Mozilla/5.0 (Windows NT 10.0; Win64; x64) AppleWebKit/537.36 (KHTML, like Gecko) Chrome/150.0.0.0 Safari/537.36"
198.177.124.148 - - [22/Jul/2026:10:25:01 +0000] "POST /wp-cron.php?doing_wp_cron=1784715901.3255829811096191406250 HTTP/1.1" 200 - "-" "WordPress/7.0.2; https://mppglobalconcept.shop"
197.211.59.196 - - [22/Jul/2026:10:25:00 +0000] "POST /wp-admin/admin-ajax.php HTTP/1.1" 200 77 "https://mppglobalconcept.shop/wp-admin/post.php?post=47&action=elementor" "Mozilla/5.0 (Windows NT 10.0; Win64; x64) AppleWebKit/537.36 (KHTML, like Gecko) Chrome/150.0.0.0 Safari/537.36"
197.211.59.196 - - [22/Jul/2026:10:25:15 +0000] "POST /wp-admin/admin-ajax.php HTTP/1.1" 200 77 "https://mppglobalconcept.shop/wp-admin/post.php?post=47&action=elementor" "Mozilla/5.0 (Windows NT 10.0; Win64; x64) AppleWebKit/537.36 (KHTML, like Gecko) Chrome/150.0.0.0 Safari/537.36"
197.211.59.196 - - [22/Jul/2026:10:25:31 +0000] "POST /wp-admin/admin-ajax.php HTTP/1.1" 200 77 "https://mppglobalconcept.shop/wp-admin/post.php?post=47&action=elementor" "Mozilla/5.0 (Windows NT 10.0; Win64; x64) AppleWebKit/537.36 (KHTML, like Gecko) Chrome/150.0.0.0 Safari/537.36"
197.211.59.196 - - [22/Jul/2026:10:25:45 +0000] "POST /wp-admin/admin-ajax.php HTTP/1.1" 200 77 "https://mppglobalconcept.shop/wp-admin/post.php?post=47&action=elementor" "Mozilla/5.0 (Windows NT 10.0; Win64; x64) AppleWebKit/537.36 (KHTML, like Gecko) Chrome/150.0.0.0 Safari/537.36"
197.211.59.196 - - [22/Jul/2026:10:26:01 +0000] "POST /wp-admin/admin-ajax.php HTTP/1.1" 200 77 "https://mppglobalconcept.shop/wp-admin/post.php?post=47&action=elementor" "Mozilla/5.0 (Windows NT 10.0; Win64; x64) AppleWebKit/537.36 (KHTML, like Gecko) Chrome/150.0.0.0 Safari/537.36"
198.177.124.148 - - [22/Jul/2026:10:26:09 +0000] "POST /wp-cron.php?doing_wp_cron=1784715969.7387149333953857421875 HTTP/1.1" 200 - "-" "WordPress/7.0.2; https://mppglobalconcept.shop"
107.172.124.32 - - [22/Jul/2026:10:26:08 +0000] "GET / HTTP/1.1" 200 97571 "-" "Mozilla/5.0 (Windows NT 10.0; Win64; x64) AppleWebKit/537.36 (KHTML, like Gecko) Chrome/121.0.0.0 Safari/537.36 Edg/121.0.0.0 Unique/97.7.7239.70"
107.172.124.32 - - [22/Jul/2026:10:26:10 +0000] "GET /wp-includes/blocks/navigation/style.min.css?ver=7.0.2 HTTP/1.1" 200 20709 "https://mppglobalconcept.shop/" "Mozilla/5.0 (Windows NT 10.0; Win64; x64) AppleWebKit/537.36 (KHTML, like Gecko) Chrome/121.0.0.0 Safari/537.36 Edg/121.0.0.0 Unique/97.7.7239.70"
107.172.124.32 - - [22/Jul/2026:10:26:10 +0000] "GET /wp-content/themes/twentytwentyfour/assets/images/tourist-and-building.webp HTTP/1.1" 200 66482 "https://mppglobalconcept.shop/" "Mozilla/5.0 (Windows NT 10.0; Win64; x64) AppleWebKit/537.36 (KHTML, like Gecko) Chrome/121.0.0.0 Safari/537.36 Edg/121.0.0.0 Unique/97.7.7239.70"
107.172.124.32 - - [22/Jul/2026:10:26:10 +0000] "GET /wp-content/themes/twentytwentyfour/assets/images/building-exterior.webp HTTP/1.1" 200 199724 "https://mppglobalconcept.shop/" "Mozilla/5.0 (Windows NT 10.0; Win64; x64) AppleWebKit/537.36 (KHTML, like Gecko) Chrome/121.0.0.0 Safari/537.36 Edg/121.0.0.0 Unique/97.7.7239.70"
107.172.124.32 - - [22/Jul/2026:10:26:10 +0000] "GET /wp-content/themes/twentytwentyfour/assets/fonts/inter/Inter-VariableFont_slnt,wght.woff2 HTTP/1.1" 200 326628 "https://mppglobalconcept.shop/" "Mozilla/5.0 (Windows NT 10.0; Win64; x64) AppleWebKit/537.36 (KHTML, like Gecko) Chrome/121.0.0.0 Safari/537.36 Edg/121.0.0.0 Unique/97.7.7239.70"
107.172.124.32 - - [22/Jul/2026:10:26:10 +0000] "GET /wp-content/themes/twentytwentyfour/assets/fonts/cardo/cardo_italic_400.woff2 HTTP/1.1" 200 105184 "https://mppglobalconcept.shop/" "Mozilla/5.0 (Windows NT 10.0; Win64; x64) AppleWebKit/537.36 (KHTML, like Gecko) Chrome/121.0.0.0 Safari/537.36 Edg/121.0.0.0 Unique/97.7.7239.70"
107.172.124.32 - - [22/Jul/2026:10:26:10 +0000] "GET /wp-content/themes/twentytwentyfour/assets/images/windows.webp HTTP/1.1" 200 126244 "https://mppglobalconcept.shop/" "Mozilla/5.0 (Windows NT 10.0; Win64; x64) AppleWebKit/537.36 (KHTML, like Gecko) Chrome/121.0.0.0 Safari/537.36 Edg/121.0.0.0 Unique/97.7.7239.70"
107.172.124.32 - - [22/Jul/2026:10:26:10 +0000] "GET /wp-content/themes/twentytwentyfour/assets/fonts/cardo/cardo_normal_400.woff2 HTTP/1.1" 200 146060 "https://mppglobalconcept.shop/" "Mozilla/5.0 (Windows NT 10.0; Win64; x64) AppleWebKit/537.36 (KHTML, like Gecko) Chrome/121.0.0.0 Safari/537.36 Edg/121.0.0.0 Unique/97.7.7239.70"
152.163.187.239 - - [22/Jul/2026:10:26:13 +0000] "GET / HTTP/1.1" 200 97571 "-" "Mozilla/5.0 (Macintosh; Intel Mac OS X 10_15_7) AppleWebKit/537.36 (KHTML, like Gecko) Chrome/124.0.0.0 Safari/537.36"
104.37.46.223 - - [22/Jul/2026:10:26:15 +0000] "GET /favicon.ico HTTP/1.1" 200 2 "-" "Mozilla/5.0 (Macintosh; Intel Mac OS X 10_15_7) AppleWebKit/537.36 (KHTML, like Gecko) Chrome/124.0.0.0 Safari/537.36"
197.211.59.196 - - [22/Jul/2026:10:26:15 +0000] "POST /wp-admin/admin-ajax.php HTTP/1.1" 200 77 "https://mppglobalconcept.shop/wp-admin/post.php?post=47&action=elementor" "Mozilla/5.0 (Windows NT 10.0; Win64; x64) AppleWebKit/537.36 (KHTML, like Gecko) Chrome/150.0.0.0 Safari/537.36"
52.73.213.40 - - [22/Jul/2026:10:26:28 +0000] "GET / HTTP/1.1" 200 97571 "-" "python-httpx/0.28.1"
52.73.213.40 - - [22/Jul/2026:10:26:29 +0000] "GET / HTTP/1.1" 200 97571 "-" "python-httpx/0.28.1"
197.211.59.196 - - [22/Jul/2026:10:26:31 +0000] "POST /wp-admin/admin-ajax.php HTTP/1.1" 200 77 "https://mppglobalconcept.shop/wp-admin/post.php?post=47&action=elementor" "Mozilla/5.0 (Windows NT 10.0; Win64; x64) AppleWebKit/537.36 (KHTML, like Gecko) Chrome/150.0.0.0 Safari/537.36"
197.211.59.196 - - [22/Jul/2026:10:26:46 +0000] "POST /wp-admin/admin-ajax.php HTTP/1.1" 200 77 "https://mppglobalconcept.shop/wp-admin/post.php?post=47&action=elementor" "Mozilla/5.0 (Windows NT 10.0; Win64; x64) AppleWebKit/537.36 (KHTML, like Gecko) Chrome/150.0.0.0 Safari/537.36"
197.211.59.196 - - [22/Jul/2026:10:27:01 +0000] "POST /wp-admin/admin-ajax.php HTTP/1.1" 200 77 "https://mppglobalconcept.shop/wp-admin/post.php?post=47&action=elementor" "Mozilla/5.0 (Windows NT 10.0; Win64; x64) AppleWebKit/537.36 (KHTML, like Gecko) Chrome/150.0.0.0 Safari/537.36"
198.177.124.148 - - [22/Jul/2026:10:27:17 +0000] "POST /wp-cron.php?doing_wp_cron=1784716037.2579898834228515625000 HTTP/1.1" 200 - "-" "WordPress/7.0.2; https://mppglobalconcept.shop"
197.211.59.196 - - [22/Jul/2026:10:27:16 +0000] "POST /wp-admin/admin-ajax.php HTTP/1.1" 200 77 "https://mppglobalconcept.shop/wp-admin/post.php?post=47&action=elementor" "Mozilla/5.0 (Windows NT 10.0; Win64; x64) AppleWebKit/537.36 (KHTML, like Gecko) Chrome/150.0.0.0 Safari/537.36"
197.211.59.196 - - [22/Jul/2026:10:27:31 +0000] "POST /wp-admin/admin-ajax.php HTTP/1.1" 200 77 "https://mppglobalconcept.shop/wp-admin/post.php?post=47&action=elementor" "Mozilla/5.0 (Windows NT 10.0; Win64; x64) AppleWebKit/537.36 (KHTML, like Gecko) Chrome/150.0.0.0 Safari/537.36"
197.211.59.196 - - [22/Jul/2026:10:27:35 +0000] "GET /wp-json/elementor/v1/user-data/current-user?context=edit HTTP/1.1" 200 1388 "https://mppglobalconcept.shop/wp-admin/post.php?post=47&action=elementor" "Mozilla/5.0 (Windows NT 10.0; Win64; x64) AppleWebKit/537.36 (KHTML, like Gecko) Chrome/150.0.0.0 Safari/537.36"
197.211.59.196 - - [22/Jul/2026:10:27:46 +0000] "POST /wp-admin/admin-ajax.php HTTP/1.1" 200 77 "https://mppglobalconcept.shop/wp-admin/post.php?post=47&action=elementor" "Mozilla/5.0 (Windows NT 10.0; Win64; x64) AppleWebKit/537.36 (KHTML, like Gecko) Chrome/150.0.0.0 Safari/537.36"
198.177.124.148 - - [22/Jul/2026:10:28:03 +0000] "POST /wp-cron.php?doing_wp_cron=1784716083.3377799987792968750000 HTTP/1.1" 200 - "-" "WordPress/7.0.2; https://mppglobalconcept.shop"
197.211.59.196 - - [22/Jul/2026:10:28:01 +0000] "POST /wp-admin/admin-ajax.php HTTP/1.1" 200 77 "https://mppglobalconcept.shop/wp-admin/post.php?post=47&action=elementor" "Mozilla/5.0 (Windows NT 10.0; Win64; x64) AppleWebKit/537.36 (KHTML, like Gecko) Chrome/150.0.0.0 Safari/537.36"
197.211.59.196 - - [22/Jul/2026:10:28:16 +0000] "POST /wp-admin/admin-ajax.php HTTP/1.1" 200 77 "https://mppglobalconcept.shop/wp-admin/post.php?post=47&action=elementor" "Mozilla/5.0 (Windows NT 10.0; Win64; x64) AppleWebKit/537.36 (KHTML, like Gecko) Chrome/150.0.0.0 Safari/537.36"
197.211.59.196 - - [22/Jul/2026:10:28:31 +0000] "POST /wp-admin/admin-ajax.php HTTP/1.1" 200 77 "https://mppglobalconcept.shop/wp-admin/post.php?post=47&action=elementor" "Mozilla/5.0 (Windows NT 10.0; Win64; x64) AppleWebKit/537.36 (KHTML, like Gecko) Chrome/150.0.0.0 Safari/537.36"
197.211.59.196 - - [22/Jul/2026:10:28:46 +0000] "POST /wp-admin/admin-ajax.php HTTP/1.1" 200 77 "https://mppglobalconcept.shop/wp-admin/post.php?post=47&action=elementor" "Mozilla/5.0 (Windows NT 10.0; Win64; x64) AppleWebKit/537.36 (KHTML, like Gecko) Chrome/150.0.0.0 Safari/537.36"
198.177.124.148 - - [22/Jul/2026:10:29:03 +0000] "POST /wp-cron.php?doing_wp_cron=1784716143.6183478832244873046875 HTTP/1.1" 200 - "-" "WordPress/7.0.2; https://mppglobalconcept.shop"
197.211.59.196 - - [22/Jul/2026:10:29:02 +0000] "POST /wp-admin/admin-ajax.php HTTP/1.1" 200 77 "https://mppglobalconcept.shop/wp-admin/post.php?post=47&action=elementor" "Mozilla/5.0 (Windows NT 10.0; Win64; x64) AppleWebKit/537.36 (KHTML, like Gecko) Chrome/150.0.0.0 Safari/537.36"
197.211.59.196 - - [22/Jul/2026:10:29:38 +0000] "GET /wp-json/elementor/v1/checklist/user-progress HTTP/1.1" 200 535 "https://mppglobalconcept.shop/wp-admin/post.php?post=47&action=elementor" "Mozilla/5.0 (Windows NT 10.0; Win64; x64) AppleWebKit/537.36 (KHTML, like Gecko) Chrome/150.0.0.0 Safari/537.36"
197.211.59.196 - - [22/Jul/2026:10:29:39 +0000] "PUT /wp-json/elementor/v1/global-classes?context=preview HTTP/1.1" 200 2 "https://mppglobalconcept.shop/wp-admin/post.php?post=47&action=elementor" "Mozilla/5.0 (Windows NT 10.0; Win64; x64) AppleWebKit/537.36 (KHTML, like Gecko) Chrome/150.0.0.0 Safari/537.36"
197.211.59.196 - - [22/Jul/2026:10:29:39 +0000] "POST /wp-admin/admin-ajax.php HTTP/1.1" 200 1575 "https://mppglobalconcept.shop/wp-admin/post.php?post=47&action=elementor" "Mozilla/5.0 (Windows NT 10.0; Win64; x64) AppleWebKit/537.36 (KHTML, like Gecko) Chrome/150.0.0.0 Safari/537.36"
197.211.59.196 - - [22/Jul/2026:10:29:43 +0000] "POST /wp-json/wpforms/v1/elementor/themes/custom/?_locale=user HTTP/1.1" 200 17 "https://mppglobalconcept.shop/health-products-2/?elementor-preview=47&ver=1784665297" "Mozilla/5.0 (Windows NT 10.0; Win64; x64) AppleWebKit/537.36 (KHTML, like Gecko) Chrome/150.0.0.0 Safari/537.36"
197.211.59.196 - - [22/Jul/2026:10:29:43 +0000] "GET /wp-json/elementor/v1/checklist/user-progress HTTP/1.1" 200 535 "https://mppglobalconcept.shop/wp-admin/post.php?post=47&action=elementor" "Mozilla/5.0 (Windows NT 10.0; Win64; x64) AppleWebKit/537.36 (KHTML, like Gecko) Chrome/150.0.0.0 Safari/537.36"
198.177.124.148 - - [22/Jul/2026:10:31:06 +0000] "POST /wp-cron.php?doing_wp_cron=1784716265.9464030265808105468750 HTTP/1.1" 200 - "-" "WordPress/7.0.2; https://mppglobalconcept.shop"
197.211.59.196 - - [22/Jul/2026:10:31:03 +0000] "POST /wp-admin/admin-ajax.php HTTP/1.1" 200 77 "https://mppglobalconcept.shop/wp-admin/post.php?post=47&action=elementor" "Mozilla/5.0 (Windows NT 10.0; Win64; x64) AppleWebKit/537.36 (KHTML, like Gecko) Chrome/150.0.0.0 Safari/537.36"
198.177.124.148 - - [22/Jul/2026:10:33:06 +0000] "POST /wp-cron.php?doing_wp_cron=1784716386.4790399074554443359375 HTTP/1.1" 200 - "-" "WordPress/7.0.2; https://mppglobalconcept.shop"
197.211.59.196 - - [22/Jul/2026:10:33:04 +0000] "POST /wp-admin/admin-ajax.php HTTP/1.1" 200 77 "https://mppglobalconcept.shop/wp-admin/post.php?post=47&action=elementor" "Mozilla/5.0 (Windows NT 10.0; Win64; x64) AppleWebKit/537.36 (KHTML, like Gecko) Chrome/150.0.0.0 Safari/537.36"
198.177.124.148 - - [22/Jul/2026:10:35:07 +0000] "POST /wp-cron.php?doing_wp_cron=1784716507.4298169612884521484375 HTTP/1.1" 200 - "-" "WordPress/7.0.2; https://mppglobalconcept.shop"
197.211.59.196 - - [22/Jul/2026:10:35:05 +0000] "POST /wp-admin/admin-ajax.php HTTP/1.1" 200 77 "https://mppglobalconcept.shop/wp-admin/post.php?post=47&action=elementor" "Mozilla/5.0 (Windows NT 10.0; Win64; x64) AppleWebKit/537.36 (KHTML, like Gecko) Chrome/150.0.0.0 Safari/537.36"
198.177.124.148 - - [22/Jul/2026:10:37:08 +0000] "POST /wp-cron.php?doing_wp_cron=1784716628.3779010772705078125000 HTTP/1.1" 200 - "-" "WordPress/7.0.2; https://mppglobalconcept.shop"
197.211.59.196 - - [22/Jul/2026:10:37:06 +0000] "POST /wp-admin/admin-ajax.php HTTP/1.1" 200 77 "https://mppglobalconcept.shop/wp-admin/post.php?post=47&action=elementor" "Mozilla/5.0 (Windows NT 10.0; Win64; x64) AppleWebKit/537.36 (KHTML, like Gecko) Chrome/150.0.0.0 Safari/537.36"
198.177.124.148 - - [22/Jul/2026:10:38:13 +0000] "POST /wp-cron.php?doing_wp_cron=1784716693.1336350440979003906250 HTTP/1.1" 200 - "-" "WordPress/7.0.2; https://mppglobalconcept.shop"
197.211.59.196 - - [22/Jul/2026:10:38:11 +0000] "GET /wp-json/elementor/v1/checklist/user-progress HTTP/1.1" 200 535 "https://mppglobalconcept.shop/wp-admin/post.php?post=47&action=elementor" "Mozilla/5.0 (Windows NT 10.0; Win64; x64) AppleWebKit/537.36 (KHTML, like Gecko) Chrome/150.0.0.0 Safari/537.36"
197.211.59.196 - - [22/Jul/2026:10:38:11 +0000] "POST /wp-admin/admin-ajax.php HTTP/1.1" 200 77 "https://mppglobalconcept.shop/wp-admin/post.php?post=47&action=elementor" "Mozilla/5.0 (Windows NT 10.0; Win64; x64) AppleWebKit/537.36 (KHTML, like Gecko) Chrome/150.0.0.0 Safari/537.36"
197.211.59.196 - - [22/Jul/2026:10:38:26 +0000] "POST /wp-admin/admin-ajax.php HTTP/1.1" 200 77 "https://mppglobalconcept.shop/wp-admin/post.php?post=47&action=elementor" "Mozilla/5.0 (Windows NT 10.0; Win64; x64) AppleWebKit/537.36 (KHTML, like Gecko) Chrome/150.0.0.0 Safari/537.36"
197.211.59.196 - - [22/Jul/2026:10:38:41 +0000] "POST /wp-admin/admin-ajax.php HTTP/1.1" 200 77 "https://mppglobalconcept.shop/wp-admin/post.php?post=47&action=elementor" "Mozilla/5.0 (Windows NT 10.0; Win64; x64) AppleWebKit/537.36 (KHTML, like Gecko) Chrome/150.0.0.0 Safari/537.36"
197.211.59.196 - - [22/Jul/2026:10:38:56 +0000] "POST /wp-admin/admin-ajax.php HTTP/1.1" 200 77 "https://mppglobalconcept.shop/wp-admin/post.php?post=47&action=elementor" "Mozilla/5.0 (Windows NT 10.0; Win64; x64) AppleWebKit/537.36 (KHTML, like Gecko) Chrome/150.0.0.0 Safari/537.36"
197.211.59.196 - - [22/Jul/2026:10:39:00 +0000] "GET /wp-json/elementor/v1/user-data/current-user?context=edit HTTP/1.1" 200 1388 "https://mppglobalconcept.shop/wp-admin/post.php?post=47&action=elementor" "Mozilla/5.0 (Windows NT 10.0; Win64; x64) AppleWebKit/537.36 (KHTML, like Gecko) Chrome/150.0.0.0 Safari/537.36"
197.211.59.196 - - [22/Jul/2026:10:39:12 +0000] "POST /wp-admin/admin-ajax.php HTTP/1.1" 200 77 "https://mppglobalconcept.shop/wp-admin/post.php?post=47&action=elementor" "Mozilla/5.0 (Windows NT 10.0; Win64; x64) AppleWebKit/537.36 (KHTML, like Gecko) Chrome/150.0.0.0 Safari/537.36"
197.211.59.196 - - [22/Jul/2026:10:39:26 +0000] "POST /wp-admin/admin-ajax.php HTTP/1.1" 200 77 "https://mppglobalconcept.shop/wp-admin/post.php?post=47&action=elementor" "Mozilla/5.0 (Windows NT 10.0; Win64; x64) AppleWebKit/537.36 (KHTML, like Gecko) Chrome/150.0.0.0 Safari/537.36"
197.211.59.196 - - [22/Jul/2026:10:39:42 +0000] "POST /wp-admin/admin-ajax.php HTTP/1.1" 200 77 "https://mppglobalconcept.shop/wp-admin/post.php?post=47&action=elementor" "Mozilla/5.0 (Windows NT 10.0; Win64; x64) AppleWebKit/537.36 (KHTML, like Gecko) Chrome/150.0.0.0 Safari/537.36"
197.211.59.196 - - [22/Jul/2026:10:39:56 +0000] "POST /wp-admin/admin-ajax.php HTTP/1.1" 200 77 "https://mppglobalconcept.shop/wp-admin/post.php?post=47&action=elementor" "Mozilla/5.0 (Windows NT 10.0; Win64; x64) AppleWebKit/537.36 (KHTML, like Gecko) Chrome/150.0.0.0 Safari/537.36"
197.211.59.196 - - [22/Jul/2026:10:40:17 +0000] "POST /wp-admin/admin-ajax.php HTTP/1.1" 200 77 "https://mppglobalconcept.shop/wp-admin/post.php?post=47&action=elementor" "Mozilla/5.0 (Windows NT 10.0; Win64; x64) AppleWebKit/537.36 (KHTML, like Gecko) Chrome/150.0.0.0 Safari/537.36"
197.211.59.196 - - [22/Jul/2026:10:40:26 +0000] "POST /wp-admin/admin-ajax.php HTTP/1.1" 200 77 "https://mppglobalconcept.shop/wp-admin/post.php?post=47&action=elementor" "Mozilla/5.0 (Windows NT 10.0; Win64; x64) AppleWebKit/537.36 (KHTML, like Gecko) Chrome/150.0.0.0 Safari/537.36"
197.211.59.196 - - [22/Jul/2026:10:40:42 +0000] "POST /wp-admin/admin-ajax.php HTTP/1.1" 200 77 "https://mppglobalconcept.shop/wp-admin/post.php?post=47&action=elementor" "Mozilla/5.0 (Windows NT 10.0; Win64; x64) AppleWebKit/537.36 (KHTML, like Gecko) Chrome/150.0.0.0 Safari/537.36"
197.211.59.196 - - [22/Jul/2026:10:41:03 +0000] "POST /wp-admin/admin-ajax.php HTTP/1.1" 200 77 "https://mppglobalconcept.shop/wp-admin/post.php?post=47&action=elementor" "Mozilla/5.0 (Windows NT 10.0; Win64; x64) AppleWebKit/537.36 (KHTML, like Gecko) Chrome/150.0.0.0 Safari/537.36"
197.211.59.196 - - [22/Jul/2026:10:41:24 +0000] "POST /wp-admin/admin-ajax.php HTTP/1.1" 200 77 "https://mppglobalconcept.shop/wp-admin/post.php?post=47&action=elementor" "Mozilla/5.0 (Windows NT 10.0; Win64; x64) AppleWebKit/537.36 (KHTML, like Gecko) Chrome/150.0.0.0 Safari/537.36"
197.211.59.196 - - [22/Jul/2026:10:41:49 +0000] "POST /wp-admin/admin-ajax.php HTTP/1.1" 200 77 "https://mppglobalconcept.shop/wp-admin/post.php?post=47&action=elementor" "Mozilla/5.0 (Windows NT 10.0; Win64; x64) AppleWebKit/537.36 (KHTML, like Gecko) Chrome/150.0.0.0 Safari/537.36"
197.211.59.196 - - [22/Jul/2026:10:42:10 +0000] "POST /wp-admin/admin-ajax.php HTTP/1.1" 200 77 "https://mppglobalconcept.shop/wp-admin/post.php?post=47&action=elementor" "Mozilla/5.0 (Windows NT 10.0; Win64; x64) AppleWebKit/537.36 (KHTML, like Gecko) Chrome/150.0.0.0 Safari/537.36"
198.177.124.148 - - [22/Jul/2026:10:42:35 +0000] "POST /wp-cron.php?doing_wp_cron=1784716955.8986439704895019531250 HTTP/1.1" 200 - "-" "WordPress/7.0.2; https://mppglobalconcept.shop"
197.211.59.196 - - [22/Jul/2026:10:42:34 +0000] "POST /wp-admin/admin-ajax.php HTTP/1.1" 200 77 "https://mppglobalconcept.shop/wp-admin/post.php?post=47&action=elementor" "Mozilla/5.0 (Windows NT 10.0; Win64; x64) AppleWebKit/537.36 (KHTML, like Gecko) Chrome/150.0.0.0 Safari/537.36"
197.211.59.196 - - [22/Jul/2026:10:42:51 +0000] "POST /wp-admin/admin-ajax.php HTTP/1.1" 200 77 "https://mppglobalconcept.shop/wp-admin/post.php?post=47&action=elementor" "Mozilla/5.0 (Windows NT 10.0; Win64; x64) AppleWebKit/537.36 (KHTML, like Gecko) Chrome/150.0.0.0 Safari/537.36"
197.211.59.196 - - [22/Jul/2026:10:43:05 +0000] "POST /wp-admin/admin-ajax.php HTTP/1.1" 200 77 "https://mppglobalconcept.shop/wp-admin/post.php?post=47&action=elementor" "Mozilla/5.0 (Windows NT 10.0; Win64; x64) AppleWebKit/537.36 (KHTML, like Gecko) Chrome/150.0.0.0 Safari/537.36"
197.211.59.196 - - [22/Jul/2026:10:43:24 +0000] "POST /wp-admin/admin-ajax.php HTTP/1.1" 200 77 "https://mppglobalconcept.shop/wp-admin/post.php?post=47&action=elementor" "Mozilla/5.0 (Windows NT 10.0; Win64; x64) AppleWebKit/537.36 (KHTML, like Gecko) Chrome/150.0.0.0 Safari/537.36"
197.211.59.196 - - [22/Jul/2026:10:43:39 +0000] "POST /wp-admin/admin-ajax.php HTTP/1.1" 200 77 "https://mppglobalconcept.shop/wp-admin/post.php?post=47&action=elementor" "Mozilla/5.0 (Windows NT 10.0; Win64; x64) AppleWebKit/537.36 (KHTML, like Gecko) Chrome/150.0.0.0 Safari/537.36"
197.211.59.196 - - [22/Jul/2026:10:43:58 +0000] "POST /wp-admin/admin-ajax.php HTTP/1.1" 200 77 "https://mppglobalconcept.shop/wp-admin/post.php?post=47&action=elementor" "Mozilla/5.0 (Windows NT 10.0; Win64; x64) AppleWebKit/537.36 (KHTML, like Gecko) Chrome/150.0.0.0 Safari/537.36"
198.177.124.148 - - [22/Jul/2026:10:44:48 +0000] "POST /wp-cron.php?doing_wp_cron=1784717088.5447070598602294921875 HTTP/1.1" 200 - "-" "WordPress/7.0.2; https://mppglobalconcept.shop"
197.211.59.196 - - [22/Jul/2026:10:44:45 +0000] "PUT /wp-json/elementor/v1/global-classes?context=preview HTTP/1.1" 200 2 "https://mppglobalconcept.shop/wp-admin/post.php?post=47&action=elementor" "Mozilla/5.0 (Windows NT 10.0; Win64; x64) AppleWebKit/537.36 (KHTML, like Gecko) Chrome/150.0.0.0 Safari/537.36"
198.177.124.148 - - [22/Jul/2026:10:44:48 +0000] "POST /wp-cron.php?doing_wp_cron=1784717088.7541260719299316406250 HTTP/1.1" 200 - "-" "WordPress/7.0.2; https://mppglobalconcept.shop"
197.211.59.196 - - [22/Jul/2026:10:44:44 +0000] "GET /wp-json/elementor/v1/checklist/user-progress HTTP/1.1" 200 535 "https://mppglobalconcept.shop/wp-admin/post.php?post=47&action=elementor" "Mozilla/5.0 (Windows NT 10.0; Win64; x64) AppleWebKit/537.36 (KHTML, like Gecko) Chrome/150.0.0.0 Safari/537.36"
198.177.124.148 - - [22/Jul/2026:10:44:50 +0000] "POST /wp-cron.php?doing_wp_cron=1784717090.9263620376586914062500 HTTP/1.1" 200 - "-" "WordPress/7.0.2; https://mppglobalconcept.shop"
197.211.59.196 - - [22/Jul/2026:10:44:46 +0000] "POST /wp-admin/admin-ajax.php HTTP/1.1" 200 1575 "https://mppglobalconcept.shop/wp-admin/post.php?post=47&action=elementor" "Mozilla/5.0 (Windows NT 10.0; Win64; x64) AppleWebKit/537.36 (KHTML, like Gecko) Chrome/150.0.0.0 Safari/537.36"
197.211.59.196 - - [22/Jul/2026:10:44:51 +0000] "POST /wp-json/wpforms/v1/elementor/themes/custom/?_locale=user HTTP/1.1" 200 17 "https://mppglobalconcept.shop/health-products-2/?elementor-preview=47&ver=1784665297" "Mozilla/5.0 (Windows NT 10.0; Win64; x64) AppleWebKit/537.36 (KHTML, like Gecko) Chrome/150.0.0.0 Safari/537.36"
197.211.59.196 - - [22/Jul/2026:10:44:51 +0000] "GET /wp-json/elementor/v1/checklist/user-progress HTTP/1.1" 200 535 "https://mppglobalconcept.shop/wp-admin/post.php?post=47&action=elementor" "Mozilla/5.0 (Windows NT 10.0; Win64; x64) AppleWebKit/537.36 (KHTML, like Gecko) Chrome/150.0.0.0 Safari/537.36"
198.177.124.148 - - [22/Jul/2026:10:45:57 +0000] "POST /wp-cron.php?doing_wp_cron=1784717157.5236320495605468750000 HTTP/1.1" 200 - "-" "WordPress/7.0.2; https://mppglobalconcept.shop"
197.211.59.196 - - [22/Jul/2026:10:45:56 +0000] "POST /wp-admin/admin-ajax.php HTTP/1.1" 200 77 "https://mppglobalconcept.shop/wp-admin/post.php?post=47&action=elementor" "Mozilla/5.0 (Windows NT 10.0; Win64; x64) AppleWebKit/537.36 (KHTML, like Gecko) Chrome/150.0.0.0 Safari/537.36"
198.177.124.148 - - [22/Jul/2026:10:47:58 +0000] "POST /wp-cron.php?doing_wp_cron=1784717278.8305869102478027343750 HTTP/1.1" 200 - "-" "WordPress/7.0.2; https://mppglobalconcept.shop"
197.211.59.196 - - [22/Jul/2026:10:47:57 +0000] "POST /wp-admin/admin-ajax.php HTTP/1.1" 200 77 "https://mppglobalconcept.shop/wp-admin/post.php?post=47&action=elementor" "Mozilla/5.0 (Windows NT 10.0; Win64; x64) AppleWebKit/537.36 (KHTML, like Gecko) Chrome/150.0.0.0 Safari/537.36"
198.177.124.148 - - [22/Jul/2026:10:49:59 +0000] "POST /wp-cron.php?doing_wp_cron=1784717399.5746231079101562500000 HTTP/1.1" 200 - "-" "WordPress/7.0.2; https://mppglobalconcept.shop"
197.211.59.196 - - [22/Jul/2026:10:49:58 +0000] "POST /wp-admin/admin-ajax.php HTTP/1.1" 200 77 "https://mppglobalconcept.shop/wp-admin/post.php?post=47&action=elementor" "Mozilla/5.0 (Windows NT 10.0; Win64; x64) AppleWebKit/537.36 (KHTML, like Gecko) Chrome/150.0.0.0 Safari/537.36"
198.177.124.148 - - [22/Jul/2026:10:52:01 +0000] "POST /wp-cron.php?doing_wp_cron=1784717521.4599690437316894531250 HTTP/1.1" 200 - "-" "WordPress/7.0.2; https://mppglobalconcept.shop"
197.211.59.196 - - [22/Jul/2026:10:51:58 +0000] "POST /wp-admin/admin-ajax.php HTTP/1.1" 200 77 "https://mppglobalconcept.shop/wp-admin/post.php?post=47&action=elementor" "Mozilla/5.0 (Windows NT 10.0; Win64; x64) AppleWebKit/537.36 (KHTML, like Gecko) Chrome/150.0.0.0 Safari/537.36"
198.177.124.148 - - [22/Jul/2026:10:54:03 +0000] "POST /wp-cron.php?doing_wp_cron=1784717643.6043629646301269531250 HTTP/1.1" 200 - "-" "WordPress/7.0.2; https://mppglobalconcept.shop"
197.211.59.196 - - [22/Jul/2026:10:54:00 +0000] "POST /wp-admin/admin-ajax.php HTTP/1.1" 200 77 "https://mppglobalconcept.shop/wp-admin/post.php?post=47&action=elementor" "Mozilla/5.0 (Windows NT 10.0; Win64; x64) AppleWebKit/537.36 (KHTML, like Gecko) Chrome/150.0.0.0 Safari/537.36"
198.177.124.148 - - [22/Jul/2026:10:56:04 +0000] "POST /wp-cron.php?doing_wp_cron=1784717764.3121860027313232421875 HTTP/1.1" 200 - "-" "WordPress/7.0.2; https://mppglobalconcept.shop"
197.211.59.196 - - [22/Jul/2026:10:56:01 +0000] "POST /wp-admin/admin-ajax.php HTTP/1.1" 200 77 "https://mppglobalconcept.shop/wp-admin/post.php?post=47&action=elementor" "Mozilla/5.0 (Windows NT 10.0; Win64; x64) AppleWebKit/537.36 (KHTML, like Gecko) Chrome/150.0.0.0 Safari/537.36"
198.177.124.148 - - [22/Jul/2026:10:58:03 +0000] "POST /wp-cron.php?doing_wp_cron=1784717883.6792790889739990234375 HTTP/1.1" 200 - "-" "WordPress/7.0.2; https://mppglobalconcept.shop"
197.211.59.196 - - [22/Jul/2026:10:58:02 +0000] "POST /wp-admin/admin-ajax.php HTTP/1.1" 200 77 "https://mppglobalconcept.shop/wp-admin/post.php?post=47&action=elementor" "Mozilla/5.0 (Windows NT 10.0; Win64; x64) AppleWebKit/537.36 (KHTML, like Gecko) Chrome/150.0.0.0 Safari/537.36"
198.177.124.148 - - [22/Jul/2026:11:00:08 +0000] "POST /wp-cron.php?doing_wp_cron=1784718007.9701440334320068359375 HTTP/1.1" 200 - "-" "WordPress/7.0.2; https://mppglobalconcept.shop"
197.211.59.196 - - [22/Jul/2026:11:00:03 +0000] "POST /wp-admin/admin-ajax.php HTTP/1.1" 200 77 "https://mppglobalconcept.shop/wp-admin/post.php?post=47&action=elementor" "Mozilla/5.0 (Windows NT 10.0; Win64; x64) AppleWebKit/537.36 (KHTML, like Gecko) Chrome/150.0.0.0 Safari/537.36"
198.177.124.148 - - [22/Jul/2026:11:02:06 +0000] "POST /wp-cron.php?doing_wp_cron=1784718125.9746909141540527343750 HTTP/1.1" 200 - "-" "WordPress/7.0.2; https://mppglobalconcept.shop"
197.211.59.196 - - [22/Jul/2026:11:02:04 +0000] "POST /wp-admin/admin-ajax.php HTTP/1.1" 200 77 "https://mppglobalconcept.shop/wp-admin/post.php?post=47&action=elementor" "Mozilla/5.0 (Windows NT 10.0; Win64; x64) AppleWebKit/537.36 (KHTML, like Gecko) Chrome/150.0.0.0 Safari/537.36"
161.123.209.140 - - [22/Jul/2026:11:03:27 +0000] "GET /3150-rank213 HTTP/1.1" 200 160831 "-" "Mozilla/5.0+(compatible;+Googlebot/2.1;++http://www.google.com/bot.html)"
198.177.124.148 - - [22/Jul/2026:11:04:07 +0000] "POST /wp-cron.php?doing_wp_cron=1784718247.1841180324554443359375 HTTP/1.1" 200 - "-" "WordPress/7.0.2; https://mppglobalconcept.shop"
197.211.59.196 - - [22/Jul/2026:11:04:05 +0000] "POST /wp-admin/admin-ajax.php HTTP/1.1" 200 77 "https://mppglobalconcept.shop/wp-admin/post.php?post=47&action=elementor" "Mozilla/5.0 (Windows NT 10.0; Win64; x64) AppleWebKit/537.36 (KHTML, like Gecko) Chrome/150.0.0.0 Safari/537.36"
198.177.124.148 - - [22/Jul/2026:11:06:09 +0000] "POST /wp-cron.php?doing_wp_cron=1784718369.4956009387969970703125 HTTP/1.1" 200 - "-" "WordPress/7.0.2; https://mppglobalconcept.shop"
197.211.59.196 - - [22/Jul/2026:11:06:06 +0000] "POST /wp-admin/admin-ajax.php HTTP/1.1" 200 77 "https://mppglobalconcept.shop/wp-admin/post.php?post=47&action=elementor" "Mozilla/5.0 (Windows NT 10.0; Win64; x64) AppleWebKit/537.36 (KHTML, like Gecko) Chrome/150.0.0.0 Safari/537.36"
198.177.124.148 - - [22/Jul/2026:11:07:06 +0000] "POST /wp-cron.php?doing_wp_cron=1784718426.5285561084747314453125 HTTP/1.1" 200 - "-" "WordPress/7.0.2; https://mppglobalconcept.shop"
197.211.59.196 - - [22/Jul/2026:11:07:03 +0000] "POST /wp-admin/admin-ajax.php HTTP/1.1" 200 77 "https://mppglobalconcept.shop/wp-admin/post.php?post=47&action=elementor" "Mozilla/5.0 (Windows NT 10.0; Win64; x64) AppleWebKit/537.36 (KHTML, like Gecko) Chrome/150.0.0.0 Safari/537.36"
197.211.59.196 - - [22/Jul/2026:11:07:03 +0000] "GET /wp-json/elementor/v1/checklist/user-progress HTTP/1.1" 200 535 "https://mppglobalconcept.shop/wp-admin/post.php?post=47&action=elementor" "Mozilla/5.0 (Windows NT 10.0; Win64; x64) AppleWebKit/537.36 (KHTML, like Gecko) Chrome/150.0.0.0 Safari/537.36"
197.211.59.196 - - [22/Jul/2026:11:07:06 +0000] "GET /favicon.ico HTTP/1.1" 200 2 "https://mppglobalconcept.shop/health-products-2/?preview_id=47&preview_nonce=fce5be5aab&preview=true" "Mozilla/5.0 (Windows NT 10.0; Win64; x64) AppleWebKit/537.36 (KHTML, like Gecko) Chrome/150.0.0.0 Safari/537.36"
197.211.59.196 - - [22/Jul/2026:11:07:13 +0000] "GET /wp-json/elementor/v1/checklist/user-progress HTTP/1.1" 200 535 "https://mppglobalconcept.shop/wp-admin/post.php?post=47&action=elementor" "Mozilla/5.0 (Windows NT 10.0; Win64; x64) AppleWebKit/537.36 (KHTML, like Gecko) Chrome/150.0.0.0 Safari/537.36"
197.211.59.196 - - [22/Jul/2026:11:07:21 +0000] "POST /wp-admin/admin-ajax.php HTTP/1.1" 200 77 "https://mppglobalconcept.shop/wp-admin/post.php?post=47&action=elementor" "Mozilla/5.0 (Windows NT 10.0; Win64; x64) AppleWebKit/537.36 (KHTML, like Gecko) Chrome/150.0.0.0 Safari/537.36"
197.211.59.196 - - [22/Jul/2026:11:07:33 +0000] "POST /wp-admin/admin-ajax.php HTTP/1.1" 200 77 "https://mppglobalconcept.shop/wp-admin/post.php?post=47&action=elementor" "Mozilla/5.0 (Windows NT 10.0; Win64; x64) AppleWebKit/537.36 (KHTML, like Gecko) Chrome/150.0.0.0 Safari/537.36"
198.177.124.148 - - [22/Jul/2026:11:08:44 +0000] "POST /wp-cron.php?doing_wp_cron=1784718524.8703958988189697265625 HTTP/1.1" 200 - "-" "WordPress/7.0.2; https://mppglobalconcept.shop"
197.211.59.196 - - [22/Jul/2026:11:08:42 +0000] "POST /wp-admin/admin-ajax.php HTTP/1.1" 200 77 "https://mppglobalconcept.shop/wp-admin/post.php?post=47&action=elementor" "Mozilla/5.0 (Windows NT 10.0; Win64; x64) AppleWebKit/537.36 (KHTML, like Gecko) Chrome/150.0.0.0 Safari/537.36"
198.177.124.148 - - [22/Jul/2026:11:08:48 +0000] "POST /wp-cron.php?doing_wp_cron=1784718528.2856299877166748046875 HTTP/1.1" 200 - "-" "WordPress/7.0.2; https://mppglobalconcept.shop"
197.211.59.196 - - [22/Jul/2026:11:08:42 +0000] "GET /wp-admin/post.php?post=47&action=edit HTTP/1.1" 200 909231 "https://mppglobalconcept.shop/wp-admin/plugin-install.php?s=WORDFENCE&tab=search&type=term" "Mozilla/5.0 (Windows NT 10.0; Win64; x64) AppleWebKit/537.36 (KHTML, like Gecko) Chrome/150.0.0.0 Safari/537.36"
104.193.9.189 - - [22/Jul/2026:11:08:49 +0000] "POST /?rest_route=/batch/v1 HTTP/1.1" 200 18 "-" "Mozilla/5.0 (Windows NT 10.0; Win64; x64) AppleWebKit/537.36 (KHTML, like Gecko) Chrome/124.0.0.0 Safari/537.36"
197.211.59.196 - - [22/Jul/2026:11:08:54 +0000] "GET /wp-content/plugins/wpforms-lite/assets/lib/font-awesome/css/all.min.css?ver=7.0.1 HTTP/1.1" 304 - "https://mppglobalconcept.shop/wp-admin/post.php?post=47&action=edit" "Mozilla/5.0 (Windows NT 10.0; Win64; x64) AppleWebKit/537.36 (KHTML, like Gecko) Chrome/150.0.0.0 Safari/537.36"
197.211.59.196 - - [22/Jul/2026:11:08:54 +0000] "GET /wp-content/plugins/wpforms-lite/assets/lib/font-awesome/css/v4-shims.min.css?ver=4.7.0 HTTP/1.1" 304 - "https://mppglobalconcept.shop/wp-admin/post.php?post=47&action=edit" "Mozilla/5.0 (Windows NT 10.0; Win64; x64) AppleWebKit/537.36 (KHTML, like Gecko) Chrome/150.0.0.0 Safari/537.36"
197.211.59.196 - - [22/Jul/2026:11:08:54 +0000] "GET /wp-content/plugins/wordfence/css/wf-font-awesome.1778685035.css?ver=8.2.2 HTTP/1.1" 304 - "https://mppglobalconcept.shop/wp-admin/post.php?post=47&action=edit" "Mozilla/5.0 (Windows NT 10.0; Win64; x64) AppleWebKit/537.36 (KHTML, like Gecko) Chrome/150.0.0.0 Safari/537.36"
197.211.59.196 - - [22/Jul/2026:11:08:54 +0000] "GET /wp-content/plugins/wpforms-lite/assets/css/admin-integrations.min.css?ver=2.0.0.2 HTTP/1.1" 304 - "https://mppglobalconcept.shop/wp-admin/post.php?post=47&action=edit" "Mozilla/5.0 (Windows NT 10.0; Win64; x64) AppleWebKit/537.36 (KHTML, like Gecko) Chrome/150.0.0.0 Safari/537.36"
197.211.59.196 - - [22/Jul/2026:11:08:54 +0000] "GET /wp-content/plugins/wpforms-lite/assets/css/frontend/modern/wpforms-full.min.css?ver=2.0.0.2 HTTP/1.1" 304 - "https://mppglobalconcept.shop/wp-admin/post.php?post=47&action=edit" "Mozilla/5.0 (Windows NT 10.0; Win64; x64) AppleWebKit/537.36 (KHTML, like Gecko) Chrome/150.0.0.0 Safari/537.36"
197.211.59.196 - - [22/Jul/2026:11:08:56 +0000] "GET /wp-content/plugins/wpforms-lite/assets/css/integrations/paypal-commerce/integrations/integrations-paypal-commerce.min.css?ver=2.0.0.2 HTTP/1.1" 304 - "https://mppglobalconcept.shop/wp-admin/post.php?post=47&action=edit" "Mozilla/5.0 (Windows NT 10.0; Win64; x64) AppleWebKit/537.36 (KHTML, like Gecko) Chrome/150.0.0.0 Safari/537.36"
197.211.59.196 - - [22/Jul/2026:11:08:47 +0000] "GET /wp-admin/post.php?post=47&action=edit HTTP/1.1" 200 908982 "https://mppglobalconcept.shop/wp-admin/post.php?post=47&action=edit" "Mozilla/5.0 (Windows NT 10.0; Win64; x64) AppleWebKit/537.36 (KHTML, like Gecko) Chrome/150.0.0.0 Safari/537.36"
197.211.59.196 - - [22/Jul/2026:11:08:56 +0000] "GET /wp-content/plugins/wpforms-lite/assets/lib/jquery.confirm/jquery-confirm.min.css?ver=1.0.0 HTTP/1.1" 304 - "https://mppglobalconcept.shop/wp-admin/post.php?post=47&action=edit" "Mozilla/5.0 (Windows NT 10.0; Win64; x64) AppleWebKit/537.36 (KHTML, like Gecko) Chrome/150.0.0.0 Safari/537.36"
197.211.59.196 - - [22/Jul/2026:11:08:56 +0000] "GET /wp-content/plugins/wpforms-lite/assets/css/choices.min.css?ver=10.2.0 HTTP/1.1" 304 - "https://mppglobalconcept.shop/wp-admin/post.php?post=47&action=edit" "Mozilla/5.0 (Windows NT 10.0; Win64; x64) AppleWebKit/537.36 (KHTML, like Gecko) Chrome/150.0.0.0 Safari/537.36"
197.211.59.196 - - [22/Jul/2026:11:08:56 +0000] "GET /wp-content/plugins/wordfence/modules/login-security/css/admin-global.1778685035.css?ver=1.1.16 HTTP/1.1" 304 - "https://mppglobalconcept.shop/wp-admin/post.php?post=47&action=edit" "Mozilla/5.0 (Windows NT 10.0; Win64; x64) AppleWebKit/537.36 (KHTML, like Gecko) Chrome/150.0.0.0 Safari/537.36"
197.211.59.196 - - [22/Jul/2026:11:08:56 +0000] "GET /wp-content/plugins/wordfence/css/wf-adminbar.1778685035.css?ver=8.2.2 HTTP/1.1" 304 - "https://mppglobalconcept.shop/wp-admin/post.php?post=47&action=edit" "Mozilla/5.0 (Windows NT 10.0; Win64; x64) AppleWebKit/537.36 (KHTML, like Gecko) Chrome/150.0.0.0 Safari/537.36"
197.211.59.196 - - [22/Jul/2026:11:08:57 +0000] "GET /wp-content/plugins/elementor/assets/css/modules/editor-one/admin-menu.min.css?ver=4.1.5 HTTP/1.1" 304 - "https://mppglobalconcept.shop/wp-admin/post.php?post=47&action=edit" "Mozilla/5.0 (Windows NT 10.0; Win64; x64) AppleWebKit/537.36 (KHTML, like Gecko) Chrome/150.0.0.0 Safari/537.36"
197.211.59.196 - - [22/Jul/2026:11:08:57 +0000] "GET /wp-content/plugins/elementor/assets/css/admin.min.css?ver=4.1.5 HTTP/1.1" 304 - "https://mppglobalconcept.shop/wp-admin/post.php?post=47&action=edit" "Mozilla/5.0 (Windows NT 10.0; Win64; x64) AppleWebKit/537.36 (KHTML, like Gecko) Chrome/150.0.0.0 Safari/537.36"
197.211.59.196 - - [22/Jul/2026:11:08:57 +0000] "GET /wp-content/plugins/wordfence/css/wf-global.1778685035.css?ver=8.2.2 HTTP/1.1" 304 - "https://mppglobalconcept.shop/wp-admin/post.php?post=47&action=edit" "Mozilla/5.0 (Windows NT 10.0; Win64; x64) AppleWebKit/537.36 (KHTML, like Gecko) Chrome/150.0.0.0 Safari/537.36"
