197.211.59.196 - - [21/Jul/2026:12:10:13 +0000] "GET /wp-content/uploads/2026/07/images-3-150x150.jpg HTTP/1.1" 200 241767 "https://mppglobalconcept.shop/wp-admin/post.php?post=47&action=elementor" "Mozilla/5.0 (Windows NT 10.0; Win64; x64) AppleWebKit/537.36 (KHTML, like Gecko) Chrome/150.0.0.0 Safari/537.36"
197.211.59.196 - - [21/Jul/2026:12:10:13 +0000] "GET /wp-content/uploads/2026/07/images-5-168x300.jpg HTTP/1.1" 200 241767 "https://mppglobalconcept.shop/wp-admin/post.php?post=47&action=elementor" "Mozilla/5.0 (Windows NT 10.0; Win64; x64) AppleWebKit/537.36 (KHTML, like Gecko) Chrome/150.0.0.0 Safari/537.36"
74.7.243.236 - - [21/Jul/2026:12:10:14 +0000] "GET /?h=9371962781100 HTTP/1.1" 200 97571 "https://mppglobalconcept.shop/sitemap.xml" "Mozilla/5.0 AppleWebKit/537.36 (KHTML, like Gecko; compatible; GPTBot/1.4; +https://openai.com/gptbot)"
197.211.59.196 - - [21/Jul/2026:12:10:13 +0000] "GET /wp-content/uploads/2026/07/1783607613518-2-280x300.jpg HTTP/1.1" 200 241767 "https://mppglobalconcept.shop/wp-admin/post.php?post=47&action=elementor" "Mozilla/5.0 (Windows NT 10.0; Win64; x64) AppleWebKit/537.36 (KHTML, like Gecko) Chrome/150.0.0.0 Safari/537.36"
197.211.59.196 - - [21/Jul/2026:12:10:16 +0000] "GET /wp-content/uploads/2026/07/1783607613518-4-280x300.jpg HTTP/1.1" 200 241767 "https://mppglobalconcept.shop/wp-admin/post.php?post=47&action=elementor" "Mozilla/5.0 (Windows NT 10.0; Win64; x64) AppleWebKit/537.36 (KHTML, like Gecko) Chrome/150.0.0.0 Safari/537.36"
74.7.243.236 - - [21/Jul/2026:12:10:19 +0000] "GET /?h=8435432281100 HTTP/1.1" 200 97571 "https://mppglobalconcept.shop/sitemap.xml" "Mozilla/5.0 AppleWebKit/537.36 (KHTML, like Gecko; compatible; GPTBot/1.4; +https://openai.com/gptbot)"
197.211.59.196 - - [21/Jul/2026:12:10:18 +0000] "GET /wp-content/uploads/2026/07/images-2-300x300.jpg HTTP/1.1" 200 241767 "https://mppglobalconcept.shop/wp-admin/post.php?post=47&action=elementor" "Mozilla/5.0 (Windows NT 10.0; Win64; x64) AppleWebKit/537.36 (KHTML, like Gecko) Chrome/150.0.0.0 Safari/537.36"
197.211.59.196 - - [21/Jul/2026:12:10:19 +0000] "GET /wp-content/uploads/2026/07/1783607613501-200x300.jpg HTTP/1.1" 200 241767 "https://mppglobalconcept.shop/wp-admin/post.php?post=47&action=elementor" "Mozilla/5.0 (Windows NT 10.0; Win64; x64) AppleWebKit/537.36 (KHTML, like Gecko) Chrome/150.0.0.0 Safari/537.36"
197.211.59.196 - - [21/Jul/2026:12:10:19 +0000] "GET /wp-content/uploads/2026/07/1-300x300.jpg HTTP/1.1" 200 241767 "https://mppglobalconcept.shop/wp-admin/post.php?post=47&action=elementor" "Mozilla/5.0 (Windows NT 10.0; Win64; x64) AppleWebKit/537.36 (KHTML, like Gecko) Chrome/150.0.0.0 Safari/537.36"
197.211.59.196 - - [21/Jul/2026:12:10:19 +0000] "GET /wp-content/uploads/2026/07/1783607613518-1-280x300.jpg HTTP/1.1" 200 241767 "https://mppglobalconcept.shop/wp-admin/post.php?post=47&action=elementor" "Mozilla/5.0 (Windows NT 10.0; Win64; x64) AppleWebKit/537.36 (KHTML, like Gecko) Chrome/150.0.0.0 Safari/537.36"
197.211.59.196 - - [21/Jul/2026:12:10:19 +0000] "GET /wp-content/uploads/2026/07/1783607613518-280x300.jpg HTTP/1.1" 200 241767 "https://mppglobalconcept.shop/wp-admin/post.php?post=47&action=elementor" "Mozilla/5.0 (Windows NT 10.0; Win64; x64) AppleWebKit/537.36 (KHTML, like Gecko) Chrome/150.0.0.0 Safari/537.36"
74.7.243.236 - - [21/Jul/2026:12:10:23 +0000] "GET /?h=2659379281100 HTTP/1.1" 200 97571 "https://mppglobalconcept.shop/sitemap.xml" "Mozilla/5.0 AppleWebKit/537.36 (KHTML, like Gecko; compatible; GPTBot/1.4; +https://openai.com/gptbot)"
197.211.59.196 - - [21/Jul/2026:12:10:24 +0000] "GET /wp-content/uploads/2026/07/images-225x300.jpg HTTP/1.1" 200 241767 "https://mppglobalconcept.shop/wp-admin/post.php?post=47&action=elementor" "Mozilla/5.0 (Windows NT 10.0; Win64; x64) AppleWebKit/537.36 (KHTML, like Gecko) Chrome/150.0.0.0 Safari/537.36"
74.7.243.236 - - [21/Jul/2026:12:10:29 +0000] "GET /?h=9775973581100 HTTP/1.1" 200 97571 "https://mppglobalconcept.shop/sitemap.xml" "Mozilla/5.0 AppleWebKit/537.36 (KHTML, like Gecko; compatible; GPTBot/1.4; +https://openai.com/gptbot)"
74.7.243.236 - - [21/Jul/2026:12:10:32 +0000] "GET /?h=7884901581100 HTTP/1.1" 200 97571 "https://mppglobalconcept.shop/sitemap.xml" "Mozilla/5.0 AppleWebKit/537.36 (KHTML, like Gecko; compatible; GPTBot/1.4; +https://openai.com/gptbot)"
74.7.243.236 - - [21/Jul/2026:12:10:33 +0000] "GET /?h=3649527781100 HTTP/1.1" 200 97571 "https://mppglobalconcept.shop/sitemap.xml" "Mozilla/5.0 AppleWebKit/537.36 (KHTML, like Gecko; compatible; GPTBot/1.4; +https://openai.com/gptbot)"
74.7.243.236 - - [21/Jul/2026:12:10:35 +0000] "GET /?h=7556321181100 HTTP/1.1" 200 97571 "https://mppglobalconcept.shop/sitemap.xml" "Mozilla/5.0 AppleWebKit/537.36 (KHTML, like Gecko; compatible; GPTBot/1.4; +https://openai.com/gptbot)"
74.7.243.236 - - [21/Jul/2026:12:10:36 +0000] "GET /?h=1864479981100 HTTP/1.1" 200 97571 "https://mppglobalconcept.shop/sitemap.xml" "Mozilla/5.0 AppleWebKit/537.36 (KHTML, like Gecko; compatible; GPTBot/1.4; +https://openai.com/gptbot)"
74.7.243.236 - - [21/Jul/2026:12:10:37 +0000] "GET /?h=9947542881100 HTTP/1.1" 200 97571 "https://mppglobalconcept.shop/sitemap.xml" "Mozilla/5.0 AppleWebKit/537.36 (KHTML, like Gecko; compatible; GPTBot/1.4; +https://openai.com/gptbot)"
74.7.243.236 - - [21/Jul/2026:12:10:39 +0000] "GET /?h=8579055481100 HTTP/1.1" 200 97571 "https://mppglobalconcept.shop/sitemap.xml" "Mozilla/5.0 AppleWebKit/537.36 (KHTML, like Gecko; compatible; GPTBot/1.4; +https://openai.com/gptbot)"
74.7.243.236 - - [21/Jul/2026:12:10:40 +0000] "GET /?h=2693052381100 HTTP/1.1" 200 97571 "https://mppglobalconcept.shop/sitemap.xml" "Mozilla/5.0 AppleWebKit/537.36 (KHTML, like Gecko; compatible; GPTBot/1.4; +https://openai.com/gptbot)"
74.7.243.236 - - [21/Jul/2026:12:10:42 +0000] "GET /?h=2856230381100 HTTP/1.1" 200 97571 "https://mppglobalconcept.shop/sitemap.xml" "Mozilla/5.0 AppleWebKit/537.36 (KHTML, like Gecko; compatible; GPTBot/1.4; +https://openai.com/gptbot)"
74.7.243.236 - - [21/Jul/2026:12:10:43 +0000] "GET /?h=5942477481100 HTTP/1.1" 200 97571 "https://mppglobalconcept.shop/sitemap.xml" "Mozilla/5.0 AppleWebKit/537.36 (KHTML, like Gecko; compatible; GPTBot/1.4; +https://openai.com/gptbot)"
74.7.243.236 - - [21/Jul/2026:12:10:44 +0000] "GET /?h=9227625781100 HTTP/1.1" 200 97571 "https://mppglobalconcept.shop/sitemap.xml" "Mozilla/5.0 AppleWebKit/537.36 (KHTML, like Gecko; compatible; GPTBot/1.4; +https://openai.com/gptbot)"
74.7.243.236 - - [21/Jul/2026:12:10:46 +0000] "GET /?h=2848677381100 HTTP/1.1" 200 97571 "https://mppglobalconcept.shop/sitemap.xml" "Mozilla/5.0 AppleWebKit/537.36 (KHTML, like Gecko; compatible; GPTBot/1.4; +https://openai.com/gptbot)"
74.7.243.236 - - [21/Jul/2026:12:10:48 +0000] "GET /?h=7307835781100 HTTP/1.1" 200 97571 "https://mppglobalconcept.shop/sitemap.xml" "Mozilla/5.0 AppleWebKit/537.36 (KHTML, like Gecko; compatible; GPTBot/1.4; +https://openai.com/gptbot)"
74.7.243.236 - - [21/Jul/2026:12:10:49 +0000] "GET /?h=7922840881100 HTTP/1.1" 200 97571 "https://mppglobalconcept.shop/sitemap.xml" "Mozilla/5.0 AppleWebKit/537.36 (KHTML, like Gecko; compatible; GPTBot/1.4; +https://openai.com/gptbot)"
74.7.243.236 - - [21/Jul/2026:12:10:50 +0000] "GET /?h=9499160281100 HTTP/1.1" 200 97571 "https://mppglobalconcept.shop/sitemap.xml" "Mozilla/5.0 AppleWebKit/537.36 (KHTML, like Gecko; compatible; GPTBot/1.4; +https://openai.com/gptbot)"
74.7.243.236 - - [21/Jul/2026:12:10:52 +0000] "GET /?h=2910512381100 HTTP/1.1" 200 97571 "https://mppglobalconcept.shop/sitemap.xml" "Mozilla/5.0 AppleWebKit/537.36 (KHTML, like Gecko; compatible; GPTBot/1.4; +https://openai.com/gptbot)"
74.7.243.236 - - [21/Jul/2026:12:10:53 +0000] "GET /?h=7602278281100 HTTP/1.1" 200 97571 "https://mppglobalconcept.shop/sitemap.xml" "Mozilla/5.0 AppleWebKit/537.36 (KHTML, like Gecko; compatible; GPTBot/1.4; +https://openai.com/gptbot)"
74.7.243.236 - - [21/Jul/2026:12:10:55 +0000] "GET /?h=9936288081100 HTTP/1.1" 200 97571 "https://mppglobalconcept.shop/sitemap.xml" "Mozilla/5.0 AppleWebKit/537.36 (KHTML, like Gecko; compatible; GPTBot/1.4; +https://openai.com/gptbot)"
74.7.243.236 - - [21/Jul/2026:12:10:56 +0000] "GET /?h=9397385681100 HTTP/1.1" 200 97571 "https://mppglobalconcept.shop/sitemap.xml" "Mozilla/5.0 AppleWebKit/537.36 (KHTML, like Gecko; compatible; GPTBot/1.4; +https://openai.com/gptbot)"
74.7.243.236 - - [21/Jul/2026:12:10:59 +0000] "GET /?h=9603756881100 HTTP/1.1" 200 97571 "https://mppglobalconcept.shop/sitemap.xml" "Mozilla/5.0 AppleWebKit/537.36 (KHTML, like Gecko; compatible; GPTBot/1.4; +https://openai.com/gptbot)"
74.7.243.236 - - [21/Jul/2026:12:11:00 +0000] "GET /?h=9483821881100 HTTP/1.1" 200 97571 "https://mppglobalconcept.shop/sitemap.xml" "Mozilla/5.0 AppleWebKit/537.36 (KHTML, like Gecko; compatible; GPTBot/1.4; +https://openai.com/gptbot)"
198.177.124.148 - - [21/Jul/2026:12:11:04 +0000] "POST /wp-cron.php?doing_wp_cron=1784635864.6782259941101074218750 HTTP/1.1" 200 - "-" "WordPress/7.0.2; https://mppglobalconcept.shop"
74.7.243.236 - - [21/Jul/2026:12:11:02 +0000] "GET /?h=4732395581100 HTTP/1.1" 200 97571 "https://mppglobalconcept.shop/sitemap.xml" "Mozilla/5.0 AppleWebKit/537.36 (KHTML, like Gecko; compatible; GPTBot/1.4; +https://openai.com/gptbot)"
74.7.243.236 - - [21/Jul/2026:12:11:04 +0000] "GET /?h=4959325881100 HTTP/1.1" 200 97571 "https://mppglobalconcept.shop/sitemap.xml" "Mozilla/5.0 AppleWebKit/537.36 (KHTML, like Gecko; compatible; GPTBot/1.4; +https://openai.com/gptbot)"
74.7.243.236 - - [21/Jul/2026:12:11:06 +0000] "GET /?h=3983694081100 HTTP/1.1" 200 97571 "https://mppglobalconcept.shop/sitemap.xml" "Mozilla/5.0 AppleWebKit/537.36 (KHTML, like Gecko; compatible; GPTBot/1.4; +https://openai.com/gptbot)"
74.7.243.236 - - [21/Jul/2026:12:11:09 +0000] "GET /?h=2401863481100 HTTP/1.1" 200 97571 "https://mppglobalconcept.shop/sitemap.xml" "Mozilla/5.0 AppleWebKit/537.36 (KHTML, like Gecko; compatible; GPTBot/1.4; +https://openai.com/gptbot)"
74.7.243.236 - - [21/Jul/2026:12:11:11 +0000] "GET /?h=1579657181100 HTTP/1.1" 200 97571 "https://mppglobalconcept.shop/sitemap.xml" "Mozilla/5.0 AppleWebKit/537.36 (KHTML, like Gecko; compatible; GPTBot/1.4; +https://openai.com/gptbot)"
74.7.243.236 - - [21/Jul/2026:12:11:14 +0000] "GET /?h=4256930081100 HTTP/1.1" 200 97571 "https://mppglobalconcept.shop/sitemap.xml" "Mozilla/5.0 AppleWebKit/537.36 (KHTML, like Gecko; compatible; GPTBot/1.4; +https://openai.com/gptbot)"
74.7.243.236 - - [21/Jul/2026:12:11:17 +0000] "GET /?h=5566719881100 HTTP/1.1" 200 97571 "https://mppglobalconcept.shop/sitemap.xml" "Mozilla/5.0 AppleWebKit/537.36 (KHTML, like Gecko; compatible; GPTBot/1.4; +https://openai.com/gptbot)"
74.7.243.236 - - [21/Jul/2026:12:11:19 +0000] "GET /?h=4320682381100 HTTP/1.1" 200 97571 "https://mppglobalconcept.shop/sitemap.xml" "Mozilla/5.0 AppleWebKit/537.36 (KHTML, like Gecko; compatible; GPTBot/1.4; +https://openai.com/gptbot)"
74.7.243.236 - - [21/Jul/2026:12:11:22 +0000] "GET /?h=2155718681100 HTTP/1.1" 200 97571 "https://mppglobalconcept.shop/sitemap.xml" "Mozilla/5.0 AppleWebKit/537.36 (KHTML, like Gecko; compatible; GPTBot/1.4; +https://openai.com/gptbot)"
74.7.243.236 - - [21/Jul/2026:12:11:25 +0000] "GET /?h=7897592281100 HTTP/1.1" 200 97571 "https://mppglobalconcept.shop/sitemap.xml" "Mozilla/5.0 AppleWebKit/537.36 (KHTML, like Gecko; compatible; GPTBot/1.4; +https://openai.com/gptbot)"
74.7.243.236 - - [21/Jul/2026:12:11:27 +0000] "GET /?h=2189823381100 HTTP/1.1" 200 97571 "https://mppglobalconcept.shop/sitemap.xml" "Mozilla/5.0 AppleWebKit/537.36 (KHTML, like Gecko; compatible; GPTBot/1.4; +https://openai.com/gptbot)"
197.211.59.196 - - [21/Jul/2026:12:11:30 +0000] "POST /wp-admin/admin-ajax.php HTTP/1.1" 200 77 "https://mppglobalconcept.shop/wp-admin/post.php?post=47&action=elementor" "Mozilla/5.0 (Windows NT 10.0; Win64; x64) AppleWebKit/537.36 (KHTML, like Gecko) Chrome/150.0.0.0 Safari/537.36"
74.7.243.236 - - [21/Jul/2026:12:11:30 +0000] "GET /?h=9295046681100 HTTP/1.1" 200 97571 "https://mppglobalconcept.shop/sitemap.xml" "Mozilla/5.0 AppleWebKit/537.36 (KHTML, like Gecko; compatible; GPTBot/1.4; +https://openai.com/gptbot)"
74.7.243.236 - - [21/Jul/2026:12:11:33 +0000] "GET /?h=4749327581100 HTTP/1.1" 200 97571 "https://mppglobalconcept.shop/sitemap.xml" "Mozilla/5.0 AppleWebKit/537.36 (KHTML, like Gecko; compatible; GPTBot/1.4; +https://openai.com/gptbot)"
197.211.59.196 - - [21/Jul/2026:12:10:20 +0000] "GET /wp-content/uploads/2026/07/images-1-225x300.jpg HTTP/1.1" 200 241767 "https://mppglobalconcept.shop/wp-admin/post.php?post=47&action=elementor" "Mozilla/5.0 (Windows NT 10.0; Win64; x64) AppleWebKit/537.36 (KHTML, like Gecko) Chrome/150.0.0.0 Safari/537.36"
74.7.243.236 - - [21/Jul/2026:12:11:36 +0000] "GET /?h=2653975981100 HTTP/1.1" 200 97571 "https://mppglobalconcept.shop/sitemap.xml" "Mozilla/5.0 AppleWebKit/537.36 (KHTML, like Gecko; compatible; GPTBot/1.4; +https://openai.com/gptbot)"
197.211.59.196 - - [21/Jul/2026:12:11:38 +0000] "POST /wp-admin/admin-ajax.php HTTP/1.1" 200 77 "https://mppglobalconcept.shop/wp-admin/post.php?post=47&action=elementor" "Mozilla/5.0 (Windows NT 10.0; Win64; x64) AppleWebKit/537.36 (KHTML, like Gecko) Chrome/150.0.0.0 Safari/537.36"
197.211.59.196 - - [21/Jul/2026:12:11:38 +0000] "GET /wp-json/elementor/v1/checklist/user-progress HTTP/1.1" 200 92 "https://mppglobalconcept.shop/wp-admin/post.php?post=47&action=elementor" "Mozilla/5.0 (Windows NT 10.0; Win64; x64) AppleWebKit/537.36 (KHTML, like Gecko) Chrome/150.0.0.0 Safari/537.36"
74.7.243.236 - - [21/Jul/2026:12:11:39 +0000] "GET /?h=7652460081100 HTTP/1.1" 200 97571 "https://mppglobalconcept.shop/sitemap.xml" "Mozilla/5.0 AppleWebKit/537.36 (KHTML, like Gecko; compatible; GPTBot/1.4; +https://openai.com/gptbot)"
74.7.243.236 - - [21/Jul/2026:12:11:43 +0000] "GET /?h=6034565981100 HTTP/1.1" 200 97571 "https://mppglobalconcept.shop/sitemap.xml" "Mozilla/5.0 AppleWebKit/537.36 (KHTML, like Gecko; compatible; GPTBot/1.4; +https://openai.com/gptbot)"
74.7.243.236 - - [21/Jul/2026:12:11:45 +0000] "GET /?h=5312681781100 HTTP/1.1" 200 97571 "https://mppglobalconcept.shop/sitemap.xml" "Mozilla/5.0 AppleWebKit/537.36 (KHTML, like Gecko; compatible; GPTBot/1.4; +https://openai.com/gptbot)"
74.7.243.236 - - [21/Jul/2026:12:11:48 +0000] "GET /?h=3835746581100 HTTP/1.1" 200 97571 "https://mppglobalconcept.shop/sitemap.xml" "Mozilla/5.0 AppleWebKit/537.36 (KHTML, like Gecko; compatible; GPTBot/1.4; +https://openai.com/gptbot)"
74.7.243.236 - - [21/Jul/2026:12:11:50 +0000] "GET /?h=6156982681100 HTTP/1.1" 200 97571 "https://mppglobalconcept.shop/sitemap.xml" "Mozilla/5.0 AppleWebKit/537.36 (KHTML, like Gecko; compatible; GPTBot/1.4; +https://openai.com/gptbot)"
74.7.243.236 - - [21/Jul/2026:12:11:54 +0000] "GET /?h=6759031481100 HTTP/1.1" 200 97571 "https://mppglobalconcept.shop/sitemap.xml" "Mozilla/5.0 AppleWebKit/537.36 (KHTML, like Gecko; compatible; GPTBot/1.4; +https://openai.com/gptbot)"
74.7.243.236 - - [21/Jul/2026:12:11:58 +0000] "GET /?h=7167947581100 HTTP/1.1" 200 97571 "https://mppglobalconcept.shop/sitemap.xml" "Mozilla/5.0 AppleWebKit/537.36 (KHTML, like Gecko; compatible; GPTBot/1.4; +https://openai.com/gptbot)"
198.177.124.148 - - [21/Jul/2026:12:12:05 +0000] "POST /wp-cron.php?doing_wp_cron=1784635925.7928810119628906250000 HTTP/1.1" 200 - "-" "WordPress/7.0.2; https://mppglobalconcept.shop"
74.7.243.236 - - [21/Jul/2026:12:12:01 +0000] "GET /?h=7012629681100 HTTP/1.1" 200 97571 "https://mppglobalconcept.shop/sitemap.xml" "Mozilla/5.0 AppleWebKit/537.36 (KHTML, like Gecko; compatible; GPTBot/1.4; +https://openai.com/gptbot)"
197.211.59.196 - - [21/Jul/2026:12:12:03 +0000] "POST /wp-admin/admin-ajax.php HTTP/1.1" 200 77 "https://mppglobalconcept.shop/wp-admin/post.php?post=47&action=elementor" "Mozilla/5.0 (Windows NT 10.0; Win64; x64) AppleWebKit/537.36 (KHTML, like Gecko) Chrome/150.0.0.0 Safari/537.36"
74.7.243.236 - - [21/Jul/2026:12:12:06 +0000] "GET /?h=5305419281100 HTTP/1.1" 200 97571 "https://mppglobalconcept.shop/sitemap.xml" "Mozilla/5.0 AppleWebKit/537.36 (KHTML, like Gecko; compatible; GPTBot/1.4; +https://openai.com/gptbot)"
74.7.243.236 - - [21/Jul/2026:12:12:10 +0000] "GET /?h=6303029481100 HTTP/1.1" 200 97571 "https://mppglobalconcept.shop/sitemap.xml" "Mozilla/5.0 AppleWebKit/537.36 (KHTML, like Gecko; compatible; GPTBot/1.4; +https://openai.com/gptbot)"
74.7.243.236 - - [21/Jul/2026:12:12:13 +0000] "GET /?h=6263073281100 HTTP/1.1" 200 97571 "https://mppglobalconcept.shop/sitemap.xml" "Mozilla/5.0 AppleWebKit/537.36 (KHTML, like Gecko; compatible; GPTBot/1.4; +https://openai.com/gptbot)"
74.7.243.236 - - [21/Jul/2026:12:12:15 +0000] "GET /?h=2387197381100 HTTP/1.1" 200 97571 "https://mppglobalconcept.shop/sitemap.xml" "Mozilla/5.0 AppleWebKit/537.36 (KHTML, like Gecko; compatible; GPTBot/1.4; +https://openai.com/gptbot)"
74.7.243.236 - - [21/Jul/2026:12:12:18 +0000] "GET /?h=3804231481100 HTTP/1.1" 200 97571 "https://mppglobalconcept.shop/sitemap.xml" "Mozilla/5.0 AppleWebKit/537.36 (KHTML, like Gecko; compatible; GPTBot/1.4; +https://openai.com/gptbot)"
197.211.59.196 - - [21/Jul/2026:12:12:21 +0000] "POST /wp-admin/admin-ajax.php HTTP/1.1" 200 77 "https://mppglobalconcept.shop/wp-admin/post.php?post=47&action=elementor" "Mozilla/5.0 (Windows NT 10.0; Win64; x64) AppleWebKit/537.36 (KHTML, like Gecko) Chrome/150.0.0.0 Safari/537.36"
197.211.59.196 - - [21/Jul/2026:12:12:21 +0000] "POST /wp-admin/admin-ajax.php HTTP/1.1" 200 11047 "https://mppglobalconcept.shop/wp-admin/post.php?post=47&action=elementor" "Mozilla/5.0 (Windows NT 10.0; Win64; x64) AppleWebKit/537.36 (KHTML, like Gecko) Chrome/150.0.0.0 Safari/537.36"
74.7.243.236 - - [21/Jul/2026:12:12:21 +0000] "GET /?h=7578075481100 HTTP/1.1" 200 97571 "https://mppglobalconcept.shop/sitemap.xml" "Mozilla/5.0 AppleWebKit/537.36 (KHTML, like Gecko; compatible; GPTBot/1.4; +https://openai.com/gptbot)"
197.211.59.196 - - [21/Jul/2026:12:11:30 +0000] "POST /wp-admin/async-upload.php HTTP/1.1" 403 2 "https://mppglobalconcept.shop/wp-admin/post.php?post=47&action=elementor" "Mozilla/5.0 (Windows NT 10.0; Win64; x64) AppleWebKit/537.36 (KHTML, like Gecko) Chrome/150.0.0.0 Safari/537.36"
197.211.59.196 - - [21/Jul/2026:12:12:23 +0000] "POST /wp-admin/admin-ajax.php HTTP/1.1" 200 11045 "https://mppglobalconcept.shop/wp-admin/post.php?post=47&action=elementor" "Mozilla/5.0 (Windows NT 10.0; Win64; x64) AppleWebKit/537.36 (KHTML, like Gecko) Chrome/150.0.0.0 Safari/537.36"
197.211.59.196 - - [21/Jul/2026:12:12:24 +0000] "GET /wp-content/uploads/2026/07/1783607613518-4-280x300.jpg HTTP/1.1" 200 241767 "https://mppglobalconcept.shop/wp-admin/post.php?post=47&action=elementor" "Mozilla/5.0 (Windows NT 10.0; Win64; x64) AppleWebKit/537.36 (KHTML, like Gecko) Chrome/150.0.0.0 Safari/537.36"
197.211.59.196 - - [21/Jul/2026:12:12:24 +0000] "GET /wp-content/uploads/2026/07/1783607613518-1-280x300.jpg HTTP/1.1" 200 241767 "https://mppglobalconcept.shop/wp-admin/post.php?post=47&action=elementor" "Mozilla/5.0 (Windows NT 10.0; Win64; x64) AppleWebKit/537.36 (KHTML, like Gecko) Chrome/150.0.0.0 Safari/537.36"
197.211.59.196 - - [21/Jul/2026:12:12:24 +0000] "GET /wp-content/uploads/2026/07/images-5-168x300.jpg HTTP/1.1" 200 241767 "https://mppglobalconcept.shop/wp-admin/post.php?post=47&action=elementor" "Mozilla/5.0 (Windows NT 10.0; Win64; x64) AppleWebKit/537.36 (KHTML, like Gecko) Chrome/150.0.0.0 Safari/537.36"
74.7.243.236 - - [21/Jul/2026:12:12:24 +0000] "GET /?h=6377015681100 HTTP/1.1" 200 97571 "https://mppglobalconcept.shop/sitemap.xml" "Mozilla/5.0 AppleWebKit/537.36 (KHTML, like Gecko; compatible; GPTBot/1.4; +https://openai.com/gptbot)"
197.211.59.196 - - [21/Jul/2026:12:12:26 +0000] "GET /wp-content/uploads/2026/07/1783607613518-280x300.jpg HTTP/1.1" 200 241767 "https://mppglobalconcept.shop/wp-admin/post.php?post=47&action=elementor" "Mozilla/5.0 (Windows NT 10.0; Win64; x64) AppleWebKit/537.36 (KHTML, like Gecko) Chrome/150.0.0.0 Safari/537.36"
197.211.59.196 - - [21/Jul/2026:12:12:27 +0000] "GET /wp-content/uploads/2026/07/images-4-210x300.jpg HTTP/1.1" 200 241767 "https://mppglobalconcept.shop/wp-admin/post.php?post=47&action=elementor" "Mozilla/5.0 (Windows NT 10.0; Win64; x64) AppleWebKit/537.36 (KHTML, like Gecko) Chrome/150.0.0.0 Safari/537.36"
197.211.59.196 - - [21/Jul/2026:12:12:29 +0000] "GET /wp-content/uploads/2026/07/images-2-1-300x300.jpg HTTP/1.1" 200 241767 "https://mppglobalconcept.shop/wp-admin/post.php?post=47&action=elementor" "Mozilla/5.0 (Windows NT 10.0; Win64; x64) AppleWebKit/537.36 (KHTML, like Gecko) Chrome/150.0.0.0 Safari/537.36"
74.7.243.236 - - [21/Jul/2026:12:12:29 +0000] "GET /?h=6393275381100 HTTP/1.1" 200 97571 "https://mppglobalconcept.shop/sitemap.xml" "Mozilla/5.0 AppleWebKit/537.36 (KHTML, like Gecko; compatible; GPTBot/1.4; +https://openai.com/gptbot)"
197.211.59.196 - - [21/Jul/2026:12:12:29 +0000] "GET /wp-content/uploads/2026/07/pef-300x171.jpeg HTTP/1.1" 200 241767 "https://mppglobalconcept.shop/wp-admin/post.php?post=47&action=elementor" "Mozilla/5.0 (Windows NT 10.0; Win64; x64) AppleWebKit/537.36 (KHTML, like Gecko) Chrome/150.0.0.0 Safari/537.36"
197.211.59.196 - - [21/Jul/2026:12:12:29 +0000] "GET /wp-content/uploads/2026/07/1783607613501-200x300.jpg HTTP/1.1" 200 241767 "https://mppglobalconcept.shop/wp-admin/post.php?post=47&action=elementor" "Mozilla/5.0 (Windows NT 10.0; Win64; x64) AppleWebKit/537.36 (KHTML, like Gecko) Chrome/150.0.0.0 Safari/537.36"
197.211.59.196 - - [21/Jul/2026:12:12:31 +0000] "GET /wp-content/uploads/2026/07/images-3-150x150.jpg HTTP/1.1" 200 241767 "https://mppglobalconcept.shop/wp-admin/post.php?post=47&action=elementor" "Mozilla/5.0 (Windows NT 10.0; Win64; x64) AppleWebKit/537.36 (KHTML, like Gecko) Chrome/150.0.0.0 Safari/537.36"
197.211.59.196 - - [21/Jul/2026:12:12:32 +0000] "GET /wp-content/uploads/2026/07/1783607613518-3-280x300.jpg HTTP/1.1" 200 241767 "https://mppglobalconcept.shop/wp-admin/post.php?post=47&action=elementor" "Mozilla/5.0 (Windows NT 10.0; Win64; x64) AppleWebKit/537.36 (KHTML, like Gecko) Chrome/150.0.0.0 Safari/537.36"
74.7.243.236 - - [21/Jul/2026:12:12:33 +0000] "GET /?h=4476498281100 HTTP/1.1" 200 97571 "https://mppglobalconcept.shop/sitemap.xml" "Mozilla/5.0 AppleWebKit/537.36 (KHTML, like Gecko; compatible; GPTBot/1.4; +https://openai.com/gptbot)"
197.211.59.196 - - [21/Jul/2026:12:12:34 +0000] "GET /wp-content/uploads/2026/07/1-300x300.jpg HTTP/1.1" 200 241767 "https://mppglobalconcept.shop/wp-admin/post.php?post=47&action=elementor" "Mozilla/5.0 (Windows NT 10.0; Win64; x64) AppleWebKit/537.36 (KHTML, like Gecko) Chrome/150.0.0.0 Safari/537.36"
197.211.59.196 - - [21/Jul/2026:12:12:34 +0000] "GET /wp-content/uploads/2026/07/images-4-1-210x300.jpg HTTP/1.1" 200 241767 "https://mppglobalconcept.shop/wp-admin/post.php?post=47&action=elementor" "Mozilla/5.0 (Windows NT 10.0; Win64; x64) AppleWebKit/537.36 (KHTML, like Gecko) Chrome/150.0.0.0 Safari/537.36"
197.211.59.196 - - [21/Jul/2026:12:12:34 +0000] "GET /wp-content/uploads/2026/07/1783607613518-2-280x300.jpg HTTP/1.1" 200 241767 "https://mppglobalconcept.shop/wp-admin/post.php?post=47&action=elementor" "Mozilla/5.0 (Windows NT 10.0; Win64; x64) AppleWebKit/537.36 (KHTML, like Gecko) Chrome/150.0.0.0 Safari/537.36"
197.211.59.196 - - [21/Jul/2026:12:12:36 +0000] "GET /wp-content/uploads/2026/07/images-1-225x300.jpg HTTP/1.1" 200 241767 "https://mppglobalconcept.shop/wp-admin/post.php?post=47&action=elementor" "Mozilla/5.0 (Windows NT 10.0; Win64; x64) AppleWebKit/537.36 (KHTML, like Gecko) Chrome/150.0.0.0 Safari/537.36"
197.211.59.196 - - [21/Jul/2026:12:12:39 +0000] "POST /wp-admin/admin-ajax.php HTTP/1.1" 200 77 "https://mppglobalconcept.shop/wp-admin/post.php?post=47&action=elementor" "Mozilla/5.0 (Windows NT 10.0; Win64; x64) AppleWebKit/537.36 (KHTML, like Gecko) Chrome/150.0.0.0 Safari/537.36"
74.7.243.236 - - [21/Jul/2026:12:12:37 +0000] "GET /?h=6285574581100 HTTP/1.1" 200 97571 "https://mppglobalconcept.shop/sitemap.xml" "Mozilla/5.0 AppleWebKit/537.36 (KHTML, like Gecko; compatible; GPTBot/1.4; +https://openai.com/gptbot)"
197.211.59.196 - - [21/Jul/2026:12:12:39 +0000] "POST /wp-admin/admin-ajax.php HTTP/1.1" 200 11047 "https://mppglobalconcept.shop/wp-admin/post.php?post=47&action=elementor" "Mozilla/5.0 (Windows NT 10.0; Win64; x64) AppleWebKit/537.36 (KHTML, like Gecko) Chrome/150.0.0.0 Safari/537.36"
197.211.59.196 - - [21/Jul/2026:12:12:36 +0000] "GET /wp-content/uploads/2026/07/images-2-300x300.jpg HTTP/1.1" 200 241767 "https://mppglobalconcept.shop/wp-admin/post.php?post=47&action=elementor" "Mozilla/5.0 (Windows NT 10.0; Win64; x64) AppleWebKit/537.36 (KHTML, like Gecko) Chrome/150.0.0.0 Safari/537.36"
197.211.59.196 - - [21/Jul/2026:12:12:39 +0000] "POST /wp-admin/admin-ajax.php HTTP/1.1" 200 11047 "https://mppglobalconcept.shop/wp-admin/post.php?post=47&action=elementor" "Mozilla/5.0 (Windows NT 10.0; Win64; x64) AppleWebKit/537.36 (KHTML, like Gecko) Chrome/150.0.0.0 Safari/537.36"
197.211.59.196 - - [21/Jul/2026:12:12:42 +0000] "POST /wp-admin/admin-ajax.php HTTP/1.1" 200 77 "https://mppglobalconcept.shop/wp-admin/post.php?post=47&action=elementor" "Mozilla/5.0 (Windows NT 10.0; Win64; x64) AppleWebKit/537.36 (KHTML, like Gecko) Chrome/150.0.0.0 Safari/537.36"
74.7.243.236 - - [21/Jul/2026:12:12:42 +0000] "GET /?h=6632705481100 HTTP/1.1" 200 97571 "https://mppglobalconcept.shop/sitemap.xml" "Mozilla/5.0 AppleWebKit/537.36 (KHTML, like Gecko; compatible; GPTBot/1.4; +https://openai.com/gptbot)"
197.211.59.196 - - [21/Jul/2026:12:12:43 +0000] "GET /wp-admin/admin-ajax.php?action=imgedit-preview&_ajax_nonce=429fc76849&postid=53&rand=20150 HTTP/1.1" 200 401118 "https://mppglobalconcept.shop/wp-admin/post.php?post=47&action=elementor" "Mozilla/5.0 (Windows NT 10.0; Win64; x64) AppleWebKit/537.36 (KHTML, like Gecko) Chrome/150.0.0.0 Safari/537.36"
197.211.59.196 - - [21/Jul/2026:12:12:43 +0000] "GET /wp-admin/admin-ajax.php?action=imgedit-preview&_ajax_nonce=429fc76849&postid=53&rand=278 HTTP/1.1" 200 401118 "https://mppglobalconcept.shop/wp-admin/post.php?post=47&action=elementor" "Mozilla/5.0 (Windows NT 10.0; Win64; x64) AppleWebKit/537.36 (KHTML, like Gecko) Chrome/150.0.0.0 Safari/537.36"
197.211.59.196 - - [21/Jul/2026:12:12:44 +0000] "GET /wp-admin/admin-ajax.php?action=imgedit-preview&_ajax_nonce=429fc76849&postid=53&rand=31601 HTTP/1.1" 200 401118 "https://mppglobalconcept.shop/wp-admin/post.php?post=47&action=elementor" "Mozilla/5.0 (Windows NT 10.0; Win64; x64) AppleWebKit/537.36 (KHTML, like Gecko) Chrome/150.0.0.0 Safari/537.36"
74.7.243.236 - - [21/Jul/2026:12:12:45 +0000] "GET /?h=8270585981100 HTTP/1.1" 200 97571 "https://mppglobalconcept.shop/sitemap.xml" "Mozilla/5.0 AppleWebKit/537.36 (KHTML, like Gecko; compatible; GPTBot/1.4; +https://openai.com/gptbot)"
197.211.59.196 - - [21/Jul/2026:12:12:49 +0000] "GET /wp-includes/js/imgareaselect/border-anim-v.gif HTTP/1.1" 200 178 "https://mppglobalconcept.shop/wp-includes/js/imgareaselect/imgareaselect.css?ver=0.9.8" "Mozilla/5.0 (Windows NT 10.0; Win64; x64) AppleWebKit/537.36 (KHTML, like Gecko) Chrome/150.0.0.0 Safari/537.36"
197.211.59.196 - - [21/Jul/2026:12:12:49 +0000] "GET /wp-includes/js/imgareaselect/border-anim-h.gif HTTP/1.1" 200 178 "https://mppglobalconcept.shop/wp-includes/js/imgareaselect/imgareaselect.css?ver=0.9.8" "Mozilla/5.0 (Windows NT 10.0; Win64; x64) AppleWebKit/537.36 (KHTML, like Gecko) Chrome/150.0.0.0 Safari/537.36"
197.211.59.196 - - [21/Jul/2026:12:12:47 +0000] "GET /wp-admin/admin-ajax.php?action=imgedit-preview&_ajax_nonce=429fc76849&postid=53&rand=28758 HTTP/1.1" 200 401118 "https://mppglobalconcept.shop/wp-admin/post.php?post=47&action=elementor" "Mozilla/5.0 (Windows NT 10.0; Win64; x64) AppleWebKit/537.36 (KHTML, like Gecko) Chrome/150.0.0.0 Safari/537.36"
74.7.243.236 - - [21/Jul/2026:12:12:49 +0000] "GET /?h=3998559381100 HTTP/1.1" 200 97571 "https://mppglobalconcept.shop/sitemap.xml" "Mozilla/5.0 AppleWebKit/537.36 (KHTML, like Gecko; compatible; GPTBot/1.4; +https://openai.com/gptbot)"
74.7.243.236 - - [21/Jul/2026:12:12:53 +0000] "GET /?h=6192913381100 HTTP/1.1" 200 97571 "https://mppglobalconcept.shop/sitemap.xml" "Mozilla/5.0 AppleWebKit/537.36 (KHTML, like Gecko; compatible; GPTBot/1.4; +https://openai.com/gptbot)"
74.7.243.236 - - [21/Jul/2026:12:12:55 +0000] "GET /?h=4387489081100 HTTP/1.1" 200 97571 "https://mppglobalconcept.shop/sitemap.xml" "Mozilla/5.0 AppleWebKit/537.36 (KHTML, like Gecko; compatible; GPTBot/1.4; +https://openai.com/gptbot)"
197.211.59.196 - - [21/Jul/2026:12:12:57 +0000] "POST /wp-admin/admin-ajax.php HTTP/1.1" 200 77 "https://mppglobalconcept.shop/wp-admin/post.php?post=47&action=elementor" "Mozilla/5.0 (Windows NT 10.0; Win64; x64) AppleWebKit/537.36 (KHTML, like Gecko) Chrome/150.0.0.0 Safari/537.36"
74.7.243.236 - - [21/Jul/2026:12:12:58 +0000] "GET /?h=4638223781100 HTTP/1.1" 200 97571 "https://mppglobalconcept.shop/sitemap.xml" "Mozilla/5.0 AppleWebKit/537.36 (KHTML, like Gecko; compatible; GPTBot/1.4; +https://openai.com/gptbot)"
198.177.124.148 - - [21/Jul/2026:12:13:04 +0000] "POST /wp-cron.php?doing_wp_cron=1784635984.1958758831024169921875 HTTP/1.1" 200 - "-" "WordPress/7.0.2; https://mppglobalconcept.shop"
74.7.243.236 - - [21/Jul/2026:12:13:01 +0000] "GET /?h=7208559481100 HTTP/1.1" 200 97571 "https://mppglobalconcept.shop/sitemap.xml" "Mozilla/5.0 AppleWebKit/537.36 (KHTML, like Gecko; compatible; GPTBot/1.4; +https://openai.com/gptbot)"
74.7.243.236 - - [21/Jul/2026:12:13:04 +0000] "GET /?h=4822691281100 HTTP/1.1" 200 97571 "https://mppglobalconcept.shop/sitemap.xml" "Mozilla/5.0 AppleWebKit/537.36 (KHTML, like Gecko; compatible; GPTBot/1.4; +https://openai.com/gptbot)"
74.7.243.236 - - [21/Jul/2026:12:13:06 +0000] "GET /?h=1397712881100 HTTP/1.1" 200 97571 "https://mppglobalconcept.shop/sitemap.xml" "Mozilla/5.0 AppleWebKit/537.36 (KHTML, like Gecko; compatible; GPTBot/1.4; +https://openai.com/gptbot)"
74.7.243.236 - - [21/Jul/2026:12:13:08 +0000] "GET /?h=5246240281100 HTTP/1.1" 200 97571 "https://mppglobalconcept.shop/sitemap.xml" "Mozilla/5.0 AppleWebKit/537.36 (KHTML, like Gecko; compatible; GPTBot/1.4; +https://openai.com/gptbot)"
74.7.243.236 - - [21/Jul/2026:12:13:09 +0000] "GET /?h=5390402981100 HTTP/1.1" 200 97571 "https://mppglobalconcept.shop/sitemap.xml" "Mozilla/5.0 AppleWebKit/537.36 (KHTML, like Gecko; compatible; GPTBot/1.4; +https://openai.com/gptbot)"
74.7.243.236 - - [21/Jul/2026:12:13:11 +0000] "GET /?h=3437371481100 HTTP/1.1" 200 97571 "https://mppglobalconcept.shop/sitemap.xml" "Mozilla/5.0 AppleWebKit/537.36 (KHTML, like Gecko; compatible; GPTBot/1.4; +https://openai.com/gptbot)"
197.211.59.196 - - [21/Jul/2026:12:13:13 +0000] "POST /wp-admin/admin-ajax.php HTTP/1.1" 200 77 "https://mppglobalconcept.shop/wp-admin/post.php?post=47&action=elementor" "Mozilla/5.0 (Windows NT 10.0; Win64; x64) AppleWebKit/537.36 (KHTML, like Gecko) Chrome/150.0.0.0 Safari/537.36"
74.7.243.236 - - [21/Jul/2026:12:13:12 +0000] "GET /?h=9405519681100 HTTP/1.1" 200 97571 "https://mppglobalconcept.shop/sitemap.xml" "Mozilla/5.0 AppleWebKit/537.36 (KHTML, like Gecko; compatible; GPTBot/1.4; +https://openai.com/gptbot)"
74.7.243.236 - - [21/Jul/2026:12:13:14 +0000] "GET /?h=3169638381100 HTTP/1.1" 200 97571 "https://mppglobalconcept.shop/sitemap.xml" "Mozilla/5.0 AppleWebKit/537.36 (KHTML, like Gecko; compatible; GPTBot/1.4; +https://openai.com/gptbot)"
197.211.59.196 - - [21/Jul/2026:12:13:15 +0000] "GET /wp-admin/admin-ajax.php?action=imgedit-preview&_ajax_nonce=429fc76849&postid=53&history=%5B%7B%22c%22%3A%7B%22x%22%3A456%2C%22y%22%3A404%2C%22w%22%3A%2213%22%2C%22h%22%3A%2233%22%2C%22r%22%3A1%7D%7D%5D&rand=425883 HTTP/1.1" 200 954 "https://mppglobalconcept.shop/wp-admin/post.php?post=47&action=elementor" "Mozilla/5.0 (Windows NT 10.0; Win64; x64) AppleWebKit/537.36 (KHTML, like Gecko) Chrome/150.0.0.0 Safari/537.36"
74.7.243.236 - - [21/Jul/2026:12:13:16 +0000] "GET /?h=1007363881100 HTTP/1.1" 200 97571 "https://mppglobalconcept.shop/sitemap.xml" "Mozilla/5.0 AppleWebKit/537.36 (KHTML, like Gecko; compatible; GPTBot/1.4; +https://openai.com/gptbot)"
74.7.243.236 - - [21/Jul/2026:12:13:18 +0000] "GET /?h=9100403381100 HTTP/1.1" 200 97571 "https://mppglobalconcept.shop/sitemap.xml" "Mozilla/5.0 AppleWebKit/537.36 (KHTML, like Gecko; compatible; GPTBot/1.4; +https://openai.com/gptbot)"
74.7.243.236 - - [21/Jul/2026:12:13:19 +0000] "GET /?h=8110462381100 HTTP/1.1" 200 97571 "https://mppglobalconcept.shop/sitemap.xml" "Mozilla/5.0 AppleWebKit/537.36 (KHTML, like Gecko; compatible; GPTBot/1.4; +https://openai.com/gptbot)"
74.7.243.236 - - [21/Jul/2026:12:13:20 +0000] "GET /?h=9140060781100 HTTP/1.1" 200 97571 "https://mppglobalconcept.shop/sitemap.xml" "Mozilla/5.0 AppleWebKit/537.36 (KHTML, like Gecko; compatible; GPTBot/1.4; +https://openai.com/gptbot)"
74.7.243.236 - - [21/Jul/2026:12:13:22 +0000] "GET /?h=1609396081100 HTTP/1.1" 200 97571 "https://mppglobalconcept.shop/sitemap.xml" "Mozilla/5.0 AppleWebKit/537.36 (KHTML, like Gecko; compatible; GPTBot/1.4; +https://openai.com/gptbot)"
74.7.243.236 - - [21/Jul/2026:12:13:23 +0000] "GET /?h=4696099681100 HTTP/1.1" 200 97571 "https://mppglobalconcept.shop/sitemap.xml" "Mozilla/5.0 AppleWebKit/537.36 (KHTML, like Gecko; compatible; GPTBot/1.4; +https://openai.com/gptbot)"
198.177.124.148 - - [21/Jul/2026:12:13:26 +0000] "POST /wp-cron.php?doing_wp_cron=1784636006.4416019916534423828125 HTTP/1.1" 200 - "-" "WordPress/7.0.2; https://mppglobalconcept.shop"
74.7.243.236 - - [21/Jul/2026:12:13:24 +0000] "GET /?h=7902871081100 HTTP/1.1" 200 97571 "https://mppglobalconcept.shop/sitemap.xml" "Mozilla/5.0 AppleWebKit/537.36 (KHTML, like Gecko; compatible; GPTBot/1.4; +https://openai.com/gptbot)"
74.7.243.236 - - [21/Jul/2026:12:13:26 +0000] "GET /?h=1875045881100 HTTP/1.1" 200 97571 "https://mppglobalconcept.shop/sitemap.xml" "Mozilla/5.0 AppleWebKit/537.36 (KHTML, like Gecko; compatible; GPTBot/1.4; +https://openai.com/gptbot)"
197.211.59.196 - - [21/Jul/2026:12:13:27 +0000] "POST /wp-admin/admin-ajax.php HTTP/1.1" 200 77 "https://mppglobalconcept.shop/wp-admin/post.php?post=47&action=elementor" "Mozilla/5.0 (Windows NT 10.0; Win64; x64) AppleWebKit/537.36 (KHTML, like Gecko) Chrome/150.0.0.0 Safari/537.36"
74.7.243.236 - - [21/Jul/2026:12:13:28 +0000] "GET /?h=9005517781100 HTTP/1.1" 200 97571 "https://mppglobalconcept.shop/sitemap.xml" "Mozilla/5.0 AppleWebKit/537.36 (KHTML, like Gecko; compatible; GPTBot/1.4; +https://openai.com/gptbot)"
74.7.243.236 - - [21/Jul/2026:12:13:30 +0000] "GET /?h=6031885081100 HTTP/1.1" 200 97571 "https://mppglobalconcept.shop/sitemap.xml" "Mozilla/5.0 AppleWebKit/537.36 (KHTML, like Gecko; compatible; GPTBot/1.4; +https://openai.com/gptbot)"
74.7.243.236 - - [21/Jul/2026:12:13:33 +0000] "GET /?h=6986069681100 HTTP/1.1" 200 97571 "https://mppglobalconcept.shop/sitemap.xml" "Mozilla/5.0 AppleWebKit/537.36 (KHTML, like Gecko; compatible; GPTBot/1.4; +https://openai.com/gptbot)"
197.211.59.196 - - [21/Jul/2026:12:13:33 +0000] "GET /wp-content/uploads/2026/07/images-4-1-210x300.jpg HTTP/1.1" 200 241767 "https://mppglobalconcept.shop/wp-admin/post.php?post=47&action=elementor" "Mozilla/5.0 (Windows NT 10.0; Win64; x64) AppleWebKit/537.36 (KHTML, like Gecko) Chrome/150.0.0.0 Safari/537.36"
197.211.59.196 - - [21/Jul/2026:12:13:34 +0000] "GET /wp-content/uploads/2026/07/images-2-300x300.jpg HTTP/1.1" 200 241767 "https://mppglobalconcept.shop/wp-admin/post.php?post=47&action=elementor" "Mozilla/5.0 (Windows NT 10.0; Win64; x64) AppleWebKit/537.36 (KHTML, like Gecko) Chrome/150.0.0.0 Safari/537.36"
197.211.59.196 - - [21/Jul/2026:12:13:34 +0000] "GET /wp-content/uploads/2026/07/images-3-150x150.jpg HTTP/1.1" 200 241767 "https://mppglobalconcept.shop/wp-admin/post.php?post=47&action=elementor" "Mozilla/5.0 (Windows NT 10.0; Win64; x64) AppleWebKit/537.36 (KHTML, like Gecko) Chrome/150.0.0.0 Safari/537.36"
197.211.59.196 - - [21/Jul/2026:12:13:34 +0000] "GET /wp-content/uploads/2026/07/images-225x300.jpg HTTP/1.1" 200 241767 "https://mppglobalconcept.shop/wp-admin/post.php?post=47&action=elementor" "Mozilla/5.0 (Windows NT 10.0; Win64; x64) AppleWebKit/537.36 (KHTML, like Gecko) Chrome/150.0.0.0 Safari/537.36"
197.211.59.196 - - [21/Jul/2026:12:13:34 +0000] "GET /wp-content/uploads/2026/07/1783607613518-280x300.jpg HTTP/1.1" 200 241767 "https://mppglobalconcept.shop/wp-admin/post.php?post=47&action=elementor" "Mozilla/5.0 (Windows NT 10.0; Win64; x64) AppleWebKit/537.36 (KHTML, like Gecko) Chrome/150.0.0.0 Safari/537.36"
197.211.59.196 - - [21/Jul/2026:12:13:34 +0000] "GET /wp-content/uploads/2026/07/1783607613518-2-280x300.jpg HTTP/1.1" 200 241767 "https://mppglobalconcept.shop/wp-admin/post.php?post=47&action=elementor" "Mozilla/5.0 (Windows NT 10.0; Win64; x64) AppleWebKit/537.36 (KHTML, like Gecko) Chrome/150.0.0.0 Safari/537.36"
74.7.243.236 - - [21/Jul/2026:12:13:36 +0000] "GET /?h=8417031181100 HTTP/1.1" 200 97571 "https://mppglobalconcept.shop/sitemap.xml" "Mozilla/5.0 AppleWebKit/537.36 (KHTML, like Gecko; compatible; GPTBot/1.4; +https://openai.com/gptbot)"
197.211.59.196 - - [21/Jul/2026:12:13:37 +0000] "GET /wp-content/uploads/2026/07/1783607613501-200x300.jpg HTTP/1.1" 200 241767 "https://mppglobalconcept.shop/wp-admin/post.php?post=47&action=elementor" "Mozilla/5.0 (Windows NT 10.0; Win64; x64) AppleWebKit/537.36 (KHTML, like Gecko) Chrome/150.0.0.0 Safari/537.36"
197.211.59.196 - - [21/Jul/2026:12:13:39 +0000] "POST /wp-admin/admin-ajax.php HTTP/1.1" 200 11047 "https://mppglobalconcept.shop/wp-admin/post.php?post=47&action=elementor" "Mozilla/5.0 (Windows NT 10.0; Win64; x64) AppleWebKit/537.36 (KHTML, like Gecko) Chrome/150.0.0.0 Safari/537.36"
197.211.59.196 - - [21/Jul/2026:12:13:38 +0000] "GET /wp-content/uploads/2026/07/1783607613518-4-280x300.jpg HTTP/1.1" 200 241767 "https://mppglobalconcept.shop/wp-admin/post.php?post=47&action=elementor" "Mozilla/5.0 (Windows NT 10.0; Win64; x64) AppleWebKit/537.36 (KHTML, like Gecko) Chrome/150.0.0.0 Safari/537.36"
197.211.59.196 - - [21/Jul/2026:12:13:39 +0000] "GET /wp-content/uploads/2026/07/1783607613518-3-280x300.jpg HTTP/1.1" 200 241767 "https://mppglobalconcept.shop/wp-admin/post.php?post=47&action=elementor" "Mozilla/5.0 (Windows NT 10.0; Win64; x64) AppleWebKit/537.36 (KHTML, like Gecko) Chrome/150.0.0.0 Safari/537.36"
197.211.59.196 - - [21/Jul/2026:12:13:38 +0000] "GET /wp-content/uploads/2026/07/1783607613518-1-280x300.jpg HTTP/1.1" 200 241767 "https://mppglobalconcept.shop/wp-admin/post.php?post=47&action=elementor" "Mozilla/5.0 (Windows NT 10.0; Win64; x64) AppleWebKit/537.36 (KHTML, like Gecko) Chrome/150.0.0.0 Safari/537.36"
197.211.59.196 - - [21/Jul/2026:12:13:38 +0000] "GET /wp-content/uploads/2026/07/images-1-225x300.jpg HTTP/1.1" 200 241767 "https://mppglobalconcept.shop/wp-admin/post.php?post=47&action=elementor" "Mozilla/5.0 (Windows NT 10.0; Win64; x64) AppleWebKit/537.36 (KHTML, like Gecko) Chrome/150.0.0.0 Safari/537.36"
74.7.243.236 - - [21/Jul/2026:12:13:40 +0000] "GET /?h=2441471081100 HTTP/1.1" 200 97571 "https://mppglobalconcept.shop/sitemap.xml" "Mozilla/5.0 AppleWebKit/537.36 (KHTML, like Gecko; compatible; GPTBot/1.4; +https://openai.com/gptbot)"
197.211.59.196 - - [21/Jul/2026:12:13:42 +0000] "POST /wp-admin/admin-ajax.php HTTP/1.1" 200 11046 "https://mppglobalconcept.shop/wp-admin/post.php?post=47&action=elementor" "Mozilla/5.0 (Windows NT 10.0; Win64; x64) AppleWebKit/537.36 (KHTML, like Gecko) Chrome/150.0.0.0 Safari/537.36"
197.211.59.196 - - [21/Jul/2026:12:13:43 +0000] "POST /wp-admin/admin-ajax.php HTTP/1.1" 200 77 "https://mppglobalconcept.shop/wp-admin/post.php?post=47&action=elementor" "Mozilla/5.0 (Windows NT 10.0; Win64; x64) AppleWebKit/537.36 (KHTML, like Gecko) Chrome/150.0.0.0 Safari/537.36"
197.211.59.196 - - [21/Jul/2026:12:13:43 +0000] "GET /wp-content/uploads/2026/07/images-2-1-300x300.jpg HTTP/1.1" 200 241767 "https://mppglobalconcept.shop/wp-admin/post.php?post=47&action=elementor" "Mozilla/5.0 (Windows NT 10.0; Win64; x64) AppleWebKit/537.36 (KHTML, like Gecko) Chrome/150.0.0.0 Safari/537.36"
74.7.243.236 - - [21/Jul/2026:12:13:44 +0000] "GET /?h=7120612681100 HTTP/1.1" 200 97571 "https://mppglobalconcept.shop/sitemap.xml" "Mozilla/5.0 AppleWebKit/537.36 (KHTML, like Gecko; compatible; GPTBot/1.4; +https://openai.com/gptbot)"
197.211.59.196 - - [21/Jul/2026:12:13:43 +0000] "GET /wp-content/uploads/2026/07/images-4-210x300.jpg HTTP/1.1" 200 241767 "https://mppglobalconcept.shop/wp-admin/post.php?post=47&action=elementor" "Mozilla/5.0 (Windows NT 10.0; Win64; x64) AppleWebKit/537.36 (KHTML, like Gecko) Chrome/150.0.0.0 Safari/537.36"
197.211.59.196 - - [21/Jul/2026:12:13:43 +0000] "GET /wp-content/uploads/2026/07/pef-300x171.jpeg HTTP/1.1" 200 241767 "https://mppglobalconcept.shop/wp-admin/post.php?post=47&action=elementor" "Mozilla/5.0 (Windows NT 10.0; Win64; x64) AppleWebKit/537.36 (KHTML, like Gecko) Chrome/150.0.0.0 Safari/537.36"
197.211.59.196 - - [21/Jul/2026:12:13:44 +0000] "GET /wp-content/uploads/2026/07/images-5-168x300.jpg HTTP/1.1" 200 241767 "https://mppglobalconcept.shop/wp-admin/post.php?post=47&action=elementor" "Mozilla/5.0 (Windows NT 10.0; Win64; x64) AppleWebKit/537.36 (KHTML, like Gecko) Chrome/150.0.0.0 Safari/537.36"
197.211.59.196 - - [21/Jul/2026:12:13:44 +0000] "GET /wp-content/uploads/2026/07/1-300x300.jpg HTTP/1.1" 200 241767 "https://mppglobalconcept.shop/wp-admin/post.php?post=47&action=elementor" "Mozilla/5.0 (Windows NT 10.0; Win64; x64) AppleWebKit/537.36 (KHTML, like Gecko) Chrome/150.0.0.0 Safari/537.36"
74.7.243.236 - - [21/Jul/2026:12:13:47 +0000] "GET /?h=8470076481100 HTTP/1.1" 200 97571 "https://mppglobalconcept.shop/sitemap.xml" "Mozilla/5.0 AppleWebKit/537.36 (KHTML, like Gecko; compatible; GPTBot/1.4; +https://openai.com/gptbot)"
197.211.59.196 - - [21/Jul/2026:12:13:45 +0000] "GET /wp-admin/admin-ajax.php?action=imgedit-preview&_ajax_nonce=429fc76849&postid=53&rand=1659 HTTP/1.1" 200 401118 "https://mppglobalconcept.shop/wp-admin/post.php?post=47&action=elementor" "Mozilla/5.0 (Windows NT 10.0; Win64; x64) AppleWebKit/537.36 (KHTML, like Gecko) Chrome/150.0.0.0 Safari/537.36"
197.211.59.196 - - [21/Jul/2026:12:13:48 +0000] "GET /wp-admin/admin-ajax.php?action=imgedit-preview&_ajax_nonce=429fc76849&postid=53&rand=81715 HTTP/1.1" 200 401118 "https://mppglobalconcept.shop/wp-admin/post.php?post=47&action=elementor" "Mozilla/5.0 (Windows NT 10.0; Win64; x64) AppleWebKit/537.36 (KHTML, like Gecko) Chrome/150.0.0.0 Safari/537.36"
74.7.243.236 - - [21/Jul/2026:12:13:49 +0000] "GET /?h=9559094581100 HTTP/1.1" 200 97571 "https://mppglobalconcept.shop/sitemap.xml" "Mozilla/5.0 AppleWebKit/537.36 (KHTML, like Gecko; compatible; GPTBot/1.4; +https://openai.com/gptbot)"
74.7.243.236 - - [21/Jul/2026:12:13:51 +0000] "GET /?h=2044150081100 HTTP/1.1" 200 97571 "https://mppglobalconcept.shop/sitemap.xml" "Mozilla/5.0 AppleWebKit/537.36 (KHTML, like Gecko; compatible; GPTBot/1.4; +https://openai.com/gptbot)"
74.7.243.236 - - [21/Jul/2026:12:13:52 +0000] "GET /?h=8099166081100 HTTP/1.1" 200 97571 "https://mppglobalconcept.shop/sitemap.xml" "Mozilla/5.0 AppleWebKit/537.36 (KHTML, like Gecko; compatible; GPTBot/1.4; +https://openai.com/gptbot)"
74.7.243.236 - - [21/Jul/2026:12:13:54 +0000] "GET /?h=2852852281100 HTTP/1.1" 200 97571 "https://mppglobalconcept.shop/sitemap.xml" "Mozilla/5.0 AppleWebKit/537.36 (KHTML, like Gecko; compatible; GPTBot/1.4; +https://openai.com/gptbot)"
74.7.243.236 - - [21/Jul/2026:12:13:56 +0000] "GET /?h=5468887781100 HTTP/1.1" 200 97571 "https://mppglobalconcept.shop/sitemap.xml" "Mozilla/5.0 AppleWebKit/537.36 (KHTML, like Gecko; compatible; GPTBot/1.4; +https://openai.com/gptbot)"
197.211.59.196 - - [21/Jul/2026:12:13:58 +0000] "POST /wp-admin/admin-ajax.php HTTP/1.1" 200 77 "https://mppglobalconcept.shop/wp-admin/post.php?post=47&action=elementor" "Mozilla/5.0 (Windows NT 10.0; Win64; x64) AppleWebKit/537.36 (KHTML, like Gecko) Chrome/150.0.0.0 Safari/537.36"
74.7.243.236 - - [21/Jul/2026:12:13:58 +0000] "GET /?h=5557216381100 HTTP/1.1" 200 97571 "https://mppglobalconcept.shop/sitemap.xml" "Mozilla/5.0 AppleWebKit/537.36 (KHTML, like Gecko; compatible; GPTBot/1.4; +https://openai.com/gptbot)"
198.177.124.148 - - [21/Jul/2026:12:14:03 +0000] "POST /wp-cron.php?doing_wp_cron=1784636043.0871279239654541015625 HTTP/1.1" 200 - "-" "WordPress/7.0.2; https://mppglobalconcept.shop"
74.7.243.236 - - [21/Jul/2026:12:14:00 +0000] "GET /?h=6155438881100 HTTP/1.1" 200 97571 "https://mppglobalconcept.shop/sitemap.xml" "Mozilla/5.0 AppleWebKit/537.36 (KHTML, like Gecko; compatible; GPTBot/1.4; +https://openai.com/gptbot)"
74.7.243.236 - - [21/Jul/2026:12:14:03 +0000] "GET /?h=7977720481100 HTTP/1.1" 200 97571 "https://mppglobalconcept.shop/sitemap.xml" "Mozilla/5.0 AppleWebKit/537.36 (KHTML, like Gecko; compatible; GPTBot/1.4; +https://openai.com/gptbot)"
74.7.243.236 - - [21/Jul/2026:12:14:06 +0000] "GET /?h=8222271681100 HTTP/1.1" 200 97571 "https://mppglobalconcept.shop/sitemap.xml" "Mozilla/5.0 AppleWebKit/537.36 (KHTML, like Gecko; compatible; GPTBot/1.4; +https://openai.com/gptbot)"
74.7.243.236 - - [21/Jul/2026:12:14:08 +0000] "GET /?h=6566288881100 HTTP/1.1" 200 97571 "https://mppglobalconcept.shop/sitemap.xml" "Mozilla/5.0 AppleWebKit/537.36 (KHTML, like Gecko; compatible; GPTBot/1.4; +https://openai.com/gptbot)"
74.7.243.236 - - [21/Jul/2026:12:14:09 +0000] "GET /?h=9979555981100 HTTP/1.1" 200 97571 "https://mppglobalconcept.shop/sitemap.xml" "Mozilla/5.0 AppleWebKit/537.36 (KHTML, like Gecko; compatible; GPTBot/1.4; +https://openai.com/gptbot)"
197.211.59.196 - - [21/Jul/2026:12:14:12 +0000] "POST /wp-admin/admin-ajax.php HTTP/1.1" 200 77 "https://mppglobalconcept.shop/wp-admin/post.php?post=47&action=elementor" "Mozilla/5.0 (Windows NT 10.0; Win64; x64) AppleWebKit/537.36 (KHTML, like Gecko) Chrome/150.0.0.0 Safari/537.36"
74.7.243.236 - - [21/Jul/2026:12:14:14 +0000] "GET /?h=9711150581100 HTTP/1.1" 200 97571 "https://mppglobalconcept.shop/sitemap.xml" "Mozilla/5.0 AppleWebKit/537.36 (KHTML, like Gecko; compatible; GPTBot/1.4; +https://openai.com/gptbot)"
74.7.243.236 - - [21/Jul/2026:12:14:16 +0000] "GET /?h=6961368881100 HTTP/1.1" 200 97571 "https://mppglobalconcept.shop/sitemap.xml" "Mozilla/5.0 AppleWebKit/537.36 (KHTML, like Gecko; compatible; GPTBot/1.4; +https://openai.com/gptbot)"
74.7.243.236 - - [21/Jul/2026:12:14:18 +0000] "GET /?h=23232431581100 HTTP/1.1" 200 97571 "https://mppglobalconcept.shop/sitemap.xml" "Mozilla/5.0 AppleWebKit/537.36 (KHTML, like Gecko; compatible; GPTBot/1.4; +https://openai.com/gptbot)"
74.7.243.236 - - [21/Jul/2026:12:14:20 +0000] "GET /?h=19258192381100 HTTP/1.1" 200 97571 "https://mppglobalconcept.shop/sitemap.xml" "Mozilla/5.0 AppleWebKit/537.36 (KHTML, like Gecko; compatible; GPTBot/1.4; +https://openai.com/gptbot)"
74.7.243.236 - - [21/Jul/2026:12:14:22 +0000] "GET /?h=19186571681100 HTTP/1.1" 200 97571 "https://mppglobalconcept.shop/sitemap.xml" "Mozilla/5.0 AppleWebKit/537.36 (KHTML, like Gecko; compatible; GPTBot/1.4; +https://openai.com/gptbot)"
74.7.243.236 - - [21/Jul/2026:12:14:23 +0000] "GET /?h=22350066881100 HTTP/1.1" 200 97571 "https://mppglobalconcept.shop/sitemap.xml" "Mozilla/5.0 AppleWebKit/537.36 (KHTML, like Gecko; compatible; GPTBot/1.4; +https://openai.com/gptbot)"
74.7.243.236 - - [21/Jul/2026:12:14:24 +0000] "GET /?h=18612294681100 HTTP/1.1" 200 97571 "https://mppglobalconcept.shop/sitemap.xml" "Mozilla/5.0 AppleWebKit/537.36 (KHTML, like Gecko; compatible; GPTBot/1.4; +https://openai.com/gptbot)"
197.211.59.196 - - [21/Jul/2026:12:14:27 +0000] "POST /wp-admin/admin-ajax.php HTTP/1.1" 200 77 "https://mppglobalconcept.shop/wp-admin/post.php?post=47&action=elementor" "Mozilla/5.0 (Windows NT 10.0; Win64; x64) AppleWebKit/537.36 (KHTML, like Gecko) Chrome/150.0.0.0 Safari/537.36"
74.7.243.236 - - [21/Jul/2026:12:14:27 +0000] "GET /?h=13959082281100 HTTP/1.1" 200 97571 "https://mppglobalconcept.shop/sitemap.xml" "Mozilla/5.0 AppleWebKit/537.36 (KHTML, like Gecko; compatible; GPTBot/1.4; +https://openai.com/gptbot)"
74.7.243.236 - - [21/Jul/2026:12:14:29 +0000] "GET /?h=23908997781100 HTTP/1.1" 200 97571 "https://mppglobalconcept.shop/sitemap.xml" "Mozilla/5.0 AppleWebKit/537.36 (KHTML, like Gecko; compatible; GPTBot/1.4; +https://openai.com/gptbot)"
74.7.243.236 - - [21/Jul/2026:12:14:31 +0000] "GET /?h=14966461581100 HTTP/1.1" 200 97571 "https://mppglobalconcept.shop/sitemap.xml" "Mozilla/5.0 AppleWebKit/537.36 (KHTML, like Gecko; compatible; GPTBot/1.4; +https://openai.com/gptbot)"
74.7.243.236 - - [21/Jul/2026:12:14:32 +0000] "GET /?h=10590626881100 HTTP/1.1" 200 97571 "https://mppglobalconcept.shop/sitemap.xml" "Mozilla/5.0 AppleWebKit/537.36 (KHTML, like Gecko; compatible; GPTBot/1.4; +https://openai.com/gptbot)"
74.7.243.236 - - [21/Jul/2026:12:14:34 +0000] "GET /?h=11759889381100 HTTP/1.1" 200 97571 "https://mppglobalconcept.shop/sitemap.xml" "Mozilla/5.0 AppleWebKit/537.36 (KHTML, like Gecko; compatible; GPTBot/1.4; +https://openai.com/gptbot)"
74.7.243.236 - - [21/Jul/2026:12:14:37 +0000] "GET /?h=12722448681100 HTTP/1.1" 200 97571 "https://mppglobalconcept.shop/sitemap.xml" "Mozilla/5.0 AppleWebKit/537.36 (KHTML, like Gecko; compatible; GPTBot/1.4; +https://openai.com/gptbot)"
74.7.243.236 - - [21/Jul/2026:12:14:39 +0000] "GET /?h=15519025781100 HTTP/1.1" 200 97571 "https://mppglobalconcept.shop/sitemap.xml" "Mozilla/5.0 AppleWebKit/537.36 (KHTML, like Gecko; compatible; GPTBot/1.4; +https://openai.com/gptbot)"
74.7.243.236 - - [21/Jul/2026:12:14:41 +0000] "GET /?h=21906938181100 HTTP/1.1" 200 97571 "https://mppglobalconcept.shop/sitemap.xml" "Mozilla/5.0 AppleWebKit/537.36 (KHTML, like Gecko; compatible; GPTBot/1.4; +https://openai.com/gptbot)"
