197.211.59.196 - - [21/Jul/2026:10:54:06 +0000] "GET /wp-content/plugins/elementor/assets/js/editor-interactions.min.js?ver=1.0.0 HTTP/1.1" 304 - "https://mppglobalconcept.shop/healthy-herbal/?elementor-preview=49&ver=1784631225" "Mozilla/5.0 (Windows NT 10.0; Win64; x64) AppleWebKit/537.36 (KHTML, like Gecko) Chrome/150.0.0.0 Safari/537.36"
197.211.59.196 - - [21/Jul/2026:10:54:06 +0000] "GET /wp-content/plugins/wpforms-lite/assets/js/frontend/wpforms.min.js?ver=2.0.0.2 HTTP/1.1" 304 - "https://mppglobalconcept.shop/healthy-herbal/?elementor-preview=49&ver=1784631225" "Mozilla/5.0 (Windows NT 10.0; Win64; x64) AppleWebKit/537.36 (KHTML, like Gecko) Chrome/150.0.0.0 Safari/537.36"
197.211.59.196 - - [21/Jul/2026:10:54:06 +0000] "GET /wp-content/plugins/wpforms-lite/assets/js/integrations/elementor/editor.min.js?ver=2.0.0.2 HTTP/1.1" 304 - "https://mppglobalconcept.shop/healthy-herbal/?elementor-preview=49&ver=1784631225" "Mozilla/5.0 (Windows NT 10.0; Win64; x64) AppleWebKit/537.36 (KHTML, like Gecko) Chrome/150.0.0.0 Safari/537.36"
197.211.59.196 - - [21/Jul/2026:10:54:06 +0000] "GET /wp-content/plugins/wpforms-lite/assets/js/integrations/elementor/editor-modern.min.js?ver=2.0.0.2 HTTP/1.1" 304 - "https://mppglobalconcept.shop/healthy-herbal/?elementor-preview=49&ver=1784631225" "Mozilla/5.0 (Windows NT 10.0; Win64; x64) AppleWebKit/537.36 (KHTML, like Gecko) Chrome/150.0.0.0 Safari/537.36"
197.211.59.196 - - [21/Jul/2026:10:54:06 +0000] "GET /wp-content/plugins/wpforms-lite/assets/js/integrations/elementor/themes.min.js?ver=2.0.0.2 HTTP/1.1" 304 - "https://mppglobalconcept.shop/healthy-herbal/?elementor-preview=49&ver=1784631225" "Mozilla/5.0 (Windows NT 10.0; Win64; x64) AppleWebKit/537.36 (KHTML, like Gecko) Chrome/150.0.0.0 Safari/537.36"
197.211.59.196 - - [21/Jul/2026:10:54:07 +0000] "GET /wp-content/plugins/wpforms-lite/assets/lib/jquery.validate.min.js?ver=1.21.0 HTTP/1.1" 304 - "https://mppglobalconcept.shop/healthy-herbal/?elementor-preview=49&ver=1784631225" "Mozilla/5.0 (Windows NT 10.0; Win64; x64) AppleWebKit/537.36 (KHTML, like Gecko) Chrome/150.0.0.0 Safari/537.36"
197.211.59.196 - - [21/Jul/2026:10:54:07 +0000] "GET /wp-content/plugins/wpforms-lite/assets/lib/jquery.inputmask.min.js?ver=5.0.9 HTTP/1.1" 304 - "https://mppglobalconcept.shop/healthy-herbal/?elementor-preview=49&ver=1784631225" "Mozilla/5.0 (Windows NT 10.0; Win64; x64) AppleWebKit/537.36 (KHTML, like Gecko) Chrome/150.0.0.0 Safari/537.36"
197.211.59.196 - - [21/Jul/2026:10:54:07 +0000] "GET /wp-content/plugins/wpforms-lite/assets/lib/mailcheck.min.js?ver=1.1.2 HTTP/1.1" 304 - "https://mppglobalconcept.shop/healthy-herbal/?elementor-preview=49&ver=1784631225" "Mozilla/5.0 (Windows NT 10.0; Win64; x64) AppleWebKit/537.36 (KHTML, like Gecko) Chrome/150.0.0.0 Safari/537.36"
197.211.59.196 - - [21/Jul/2026:10:54:07 +0000] "GET /wp-content/plugins/wpforms-lite/assets/js/frontend/fields/address.min.js?ver=2.0.0.2 HTTP/1.1" 304 - "https://mppglobalconcept.shop/healthy-herbal/?elementor-preview=49&ver=1784631225" "Mozilla/5.0 (Windows NT 10.0; Win64; x64) AppleWebKit/537.36 (KHTML, like Gecko) Chrome/150.0.0.0 Safari/537.36"
197.211.59.196 - - [21/Jul/2026:10:54:07 +0000] "GET /wp-content/plugins/wpforms-lite/assets/lib/punycode.min.js?ver=1.0.0 HTTP/1.1" 304 - "https://mppglobalconcept.shop/healthy-herbal/?elementor-preview=49&ver=1784631225" "Mozilla/5.0 (Windows NT 10.0; Win64; x64) AppleWebKit/537.36 (KHTML, like Gecko) Chrome/150.0.0.0 Safari/537.36"
198.177.124.148 - - [21/Jul/2026:10:54:08 +0000] "POST /wp-cron.php?doing_wp_cron=1784631248.3771739006042480468750 HTTP/1.1" 200 - "-" "WordPress/7.0.2; https://mppglobalconcept.shop"
197.211.59.196 - - [21/Jul/2026:10:54:04 +0000] "POST /wp-json/elementor/v1/design-system-sync/stylesheet HTTP/1.1" 200 2 "https://mppglobalconcept.shop/wp-admin/post.php?post=49&action=elementor" "Mozilla/5.0 (Windows NT 10.0; Win64; x64) AppleWebKit/537.36 (KHTML, like Gecko) Chrome/150.0.0.0 Safari/537.36"
197.211.59.196 - - [21/Jul/2026:10:54:04 +0000] "POST /wp-admin/admin-ajax.php HTTP/1.1" 200 16 "https://mppglobalconcept.shop/wp-admin/post.php?post=49&action=elementor" "Mozilla/5.0 (Windows NT 10.0; Win64; x64) AppleWebKit/537.36 (KHTML, like Gecko) Chrome/150.0.0.0 Safari/537.36"
197.211.59.196 - - [21/Jul/2026:10:54:07 +0000] "GET /wp-json/elementor/v1/global-classes/post?context=preview&post_id=49 HTTP/1.1" 200 33 "https://mppglobalconcept.shop/wp-admin/post.php?post=49&action=elementor" "Mozilla/5.0 (Windows NT 10.0; Win64; x64) AppleWebKit/537.36 (KHTML, like Gecko) Chrome/150.0.0.0 Safari/537.36"
197.211.59.196 - - [21/Jul/2026:10:54:07 +0000] "GET /wp-json/elementor/v1/global-classes/post?context=frontend&post_id=49 HTTP/1.1" 200 33 "https://mppglobalconcept.shop/wp-admin/post.php?post=49&action=elementor" "Mozilla/5.0 (Windows NT 10.0; Win64; x64) AppleWebKit/537.36 (KHTML, like Gecko) Chrome/150.0.0.0 Safari/537.36"
198.177.124.148 - - [21/Jul/2026:10:54:10 +0000] "POST /wp-cron.php?doing_wp_cron=1784631250.2701270580291748046875 HTTP/1.1" 200 - "-" "WordPress/7.0.2; https://mppglobalconcept.shop"
197.211.59.196 - - [21/Jul/2026:10:54:07 +0000] "GET /wp-json/wpforms/v1/elementor/themes/?_locale=user HTTP/1.1" 200 9113 "https://mppglobalconcept.shop/healthy-herbal/?elementor-preview=49&ver=1784631225" "Mozilla/5.0 (Windows NT 10.0; Win64; x64) AppleWebKit/537.36 (KHTML, like Gecko) Chrome/150.0.0.0 Safari/537.36"
197.211.59.196 - - [21/Jul/2026:10:54:08 +0000] "POST /wp-admin/admin-ajax.php HTTP/1.1" 200 77 "https://mppglobalconcept.shop/wp-admin/post.php?post=49&action=elementor" "Mozilla/5.0 (Windows NT 10.0; Win64; x64) AppleWebKit/537.36 (KHTML, like Gecko) Chrome/150.0.0.0 Safari/537.36"
197.211.59.196 - - [21/Jul/2026:10:54:08 +0000] "GET /wp-json/elementor/v1/globals HTTP/1.1" 200 886 "https://mppglobalconcept.shop/wp-admin/post.php?post=49&action=elementor" "Mozilla/5.0 (Windows NT 10.0; Win64; x64) AppleWebKit/537.36 (KHTML, like Gecko) Chrome/150.0.0.0 Safari/537.36"
197.211.59.196 - - [21/Jul/2026:10:54:10 +0000] "GET /wp-content/plugins/elementor/assets/js/b96d70044d0d67c2df19.bundle.min.js HTTP/1.1" 304 - "https://mppglobalconcept.shop/wp-admin/post.php?post=49&action=elementor" "Mozilla/5.0 (Windows NT 10.0; Win64; x64) AppleWebKit/537.36 (KHTML, like Gecko) Chrome/150.0.0.0 Safari/537.36"
197.211.59.196 - - [21/Jul/2026:10:54:11 +0000] "GET /wp-content/plugins/elementor/assets/css/theme-dark.min.css?ver=4.1.5 HTTP/1.1" 304 - "https://mppglobalconcept.shop/wp-admin/post.php?post=49&action=elementor" "Mozilla/5.0 (Windows NT 10.0; Win64; x64) AppleWebKit/537.36 (KHTML, like Gecko) Chrome/150.0.0.0 Safari/537.36"
197.211.59.196 - - [21/Jul/2026:10:54:04 +0000] "POST /wp-admin/admin-ajax.php HTTP/1.1" 200 1483945 "https://mppglobalconcept.shop/wp-admin/post.php?post=49&action=elementor" "Mozilla/5.0 (Windows NT 10.0; Win64; x64) AppleWebKit/537.36 (KHTML, like Gecko) Chrome/150.0.0.0 Safari/537.36"
197.211.59.196 - - [21/Jul/2026:10:54:10 +0000] "GET /wp-json/?rest_route=%2Fangie%2Fv1%2Felementor-kit%2Fschema HTTP/1.1" 200 116 "https://mppglobalconcept.shop/wp-admin/post.php?post=49&action=elementor" "Mozilla/5.0 (Windows NT 10.0; Win64; x64) AppleWebKit/537.36 (KHTML, like Gecko) Chrome/150.0.0.0 Safari/537.36"
197.211.59.196 - - [21/Jul/2026:10:54:11 +0000] "GET /wp-json/elementor/v1/global-classes/post?context=preview&post_id=49 HTTP/1.1" 200 33 "https://mppglobalconcept.shop/wp-admin/post.php?post=49&action=elementor" "Mozilla/5.0 (Windows NT 10.0; Win64; x64) AppleWebKit/537.36 (KHTML, like Gecko) Chrome/150.0.0.0 Safari/537.36"
197.211.59.196 - - [21/Jul/2026:10:54:11 +0000] "GET /wp-json/elementor/v1/global-classes/post?context=frontend&post_id=49 HTTP/1.1" 200 33 "https://mppglobalconcept.shop/wp-admin/post.php?post=49&action=elementor" "Mozilla/5.0 (Windows NT 10.0; Win64; x64) AppleWebKit/537.36 (KHTML, like Gecko) Chrome/150.0.0.0 Safari/537.36"
197.211.59.196 - - [21/Jul/2026:10:54:11 +0000] "GET /wp-json/elementor/v1/checklist/user-progress HTTP/1.1" 200 535 "https://mppglobalconcept.shop/wp-admin/post.php?post=49&action=elementor" "Mozilla/5.0 (Windows NT 10.0; Win64; x64) AppleWebKit/537.36 (KHTML, like Gecko) Chrome/150.0.0.0 Safari/537.36"
197.211.59.196 - - [21/Jul/2026:10:54:11 +0000] "POST /wp-admin/admin-ajax.php HTTP/1.1" 200 109 "https://mppglobalconcept.shop/wp-admin/post.php?post=49&action=elementor" "Mozilla/5.0 (Windows NT 10.0; Win64; x64) AppleWebKit/537.36 (KHTML, like Gecko) Chrome/150.0.0.0 Safari/537.36"
197.211.59.196 - - [21/Jul/2026:10:54:12 +0000] "POST /wp-admin/admin-ajax.php HTTP/1.1" 200 114 "https://mppglobalconcept.shop/wp-admin/post.php?post=49&action=elementor" "Mozilla/5.0 (Windows NT 10.0; Win64; x64) AppleWebKit/537.36 (KHTML, like Gecko) Chrome/150.0.0.0 Safari/537.36"
197.211.59.196 - - [21/Jul/2026:10:54:14 +0000] "GET /wp-content/plugins/elementor/assets/images/logo-panel.svg HTTP/1.1" 304 - "https://mppglobalconcept.shop/wp-admin/post.php?post=49&action=elementor" "Mozilla/5.0 (Windows NT 10.0; Win64; x64) AppleWebKit/537.36 (KHTML, like Gecko) Chrome/150.0.0.0 Safari/537.36"
197.211.59.196 - - [21/Jul/2026:10:54:14 +0000] "GET /wp-content/plugins/elementor/assets/js/9761d41292bd796bfa1c.bundle.min.js HTTP/1.1" 304 - "https://mppglobalconcept.shop/wp-admin/post.php?post=49&action=elementor" "Mozilla/5.0 (Windows NT 10.0; Win64; x64) AppleWebKit/537.36 (KHTML, like Gecko) Chrome/150.0.0.0 Safari/537.36"
197.211.59.196 - - [21/Jul/2026:10:54:12 +0000] "GET /wp-json/elementor/v1/global-classes?context=preview HTTP/1.1" 200 61 "https://mppglobalconcept.shop/wp-admin/post.php?post=49&action=elementor" "Mozilla/5.0 (Windows NT 10.0; Win64; x64) AppleWebKit/537.36 (KHTML, like Gecko) Chrome/150.0.0.0 Safari/537.36"
197.211.59.196 - - [21/Jul/2026:10:54:14 +0000] "GET /wp-content/plugins/wpforms-lite/assets/images/integrations/elementor/font/icon-wpforms.woff2 HTTP/1.1" 304 - "https://mppglobalconcept.shop/wp-content/plugins/wpforms-lite/assets/css/admin-integrations.min.css?ver=2.0.0.2" "Mozilla/5.0 (Windows NT 10.0; Win64; x64) AppleWebKit/537.36 (KHTML, like Gecko) Chrome/150.0.0.0 Safari/537.36"
197.211.59.196 - - [21/Jul/2026:10:54:14 +0000] "GET /wp-content/plugins/elementor/assets/js/e1cb4d726bb59646c677.bundle.min.js HTTP/1.1" 304 - "https://mppglobalconcept.shop/wp-admin/post.php?post=49&action=elementor" "Mozilla/5.0 (Windows NT 10.0; Win64; x64) AppleWebKit/537.36 (KHTML, like Gecko) Chrome/150.0.0.0 Safari/537.36"
197.211.59.196 - - [21/Jul/2026:10:54:14 +0000] "GET /wp-content/plugins/elementor/assets/js/ef2100ac3eda1a957819.bundle.min.js HTTP/1.1" 304 - "https://mppglobalconcept.shop/wp-admin/post.php?post=49&action=elementor" "Mozilla/5.0 (Windows NT 10.0; Win64; x64) AppleWebKit/537.36 (KHTML, like Gecko) Chrome/150.0.0.0 Safari/537.36"
197.211.59.196 - - [21/Jul/2026:10:54:13 +0000] "GET /wp-json/elementor/v1/global-classes?context=frontend HTTP/1.1" 200 61 "https://mppglobalconcept.shop/wp-admin/post.php?post=49&action=elementor" "Mozilla/5.0 (Windows NT 10.0; Win64; x64) AppleWebKit/537.36 (KHTML, like Gecko) Chrome/150.0.0.0 Safari/537.36"
197.211.59.196 - - [21/Jul/2026:10:54:15 +0000] "GET /wp-json/elementor/v1/global-classes/post?context=frontend&post_id=49 HTTP/1.1" 200 33 "https://mppglobalconcept.shop/wp-admin/post.php?post=49&action=elementor" "Mozilla/5.0 (Windows NT 10.0; Win64; x64) AppleWebKit/537.36 (KHTML, like Gecko) Chrome/150.0.0.0 Safari/537.36"
197.211.59.196 - - [21/Jul/2026:10:54:15 +0000] "GET /wp-json/elementor/v1/global-classes/post?context=preview&post_id=49 HTTP/1.1" 200 33 "https://mppglobalconcept.shop/wp-admin/post.php?post=49&action=elementor" "Mozilla/5.0 (Windows NT 10.0; Win64; x64) AppleWebKit/537.36 (KHTML, like Gecko) Chrome/150.0.0.0 Safari/537.36"
197.211.59.196 - - [21/Jul/2026:10:54:15 +0000] "GET /favicon.ico HTTP/1.1" 200 2 "https://mppglobalconcept.shop/wp-admin/post.php?post=49&action=elementor" "Mozilla/5.0 (Windows NT 10.0; Win64; x64) AppleWebKit/537.36 (KHTML, like Gecko) Chrome/150.0.0.0 Safari/537.36"
197.211.59.196 - - [21/Jul/2026:10:54:23 +0000] "POST /wp-admin/admin-ajax.php HTTP/1.1" 200 77 "https://mppglobalconcept.shop/wp-admin/post.php?post=49&action=elementor" "Mozilla/5.0 (Windows NT 10.0; Win64; x64) AppleWebKit/537.36 (KHTML, like Gecko) Chrome/150.0.0.0 Safari/537.36"
197.211.59.196 - - [21/Jul/2026:10:54:39 +0000] "POST /wp-admin/admin-ajax.php HTTP/1.1" 200 77 "https://mppglobalconcept.shop/wp-admin/post.php?post=49&action=elementor" "Mozilla/5.0 (Windows NT 10.0; Win64; x64) AppleWebKit/537.36 (KHTML, like Gecko) Chrome/150.0.0.0 Safari/537.36"
197.211.59.196 - - [21/Jul/2026:10:54:53 +0000] "POST /wp-admin/admin-ajax.php HTTP/1.1" 200 77 "https://mppglobalconcept.shop/wp-admin/post.php?post=49&action=elementor" "Mozilla/5.0 (Windows NT 10.0; Win64; x64) AppleWebKit/537.36 (KHTML, like Gecko) Chrome/150.0.0.0 Safari/537.36"
198.177.124.148 - - [21/Jul/2026:10:55:11 +0000] "POST /wp-cron.php?doing_wp_cron=1784631311.5332100391387939453125 HTTP/1.1" 200 - "-" "WordPress/7.0.2; https://mppglobalconcept.shop"
197.211.59.196 - - [21/Jul/2026:10:55:09 +0000] "POST /wp-admin/admin-ajax.php HTTP/1.1" 200 77 "https://mppglobalconcept.shop/wp-admin/post.php?post=49&action=elementor" "Mozilla/5.0 (Windows NT 10.0; Win64; x64) AppleWebKit/537.36 (KHTML, like Gecko) Chrome/150.0.0.0 Safari/537.36"
197.211.59.196 - - [21/Jul/2026:10:55:23 +0000] "POST /wp-admin/admin-ajax.php HTTP/1.1" 200 77 "https://mppglobalconcept.shop/wp-admin/post.php?post=49&action=elementor" "Mozilla/5.0 (Windows NT 10.0; Win64; x64) AppleWebKit/537.36 (KHTML, like Gecko) Chrome/150.0.0.0 Safari/537.36"
197.211.59.196 - - [21/Jul/2026:10:55:39 +0000] "POST /wp-admin/admin-ajax.php HTTP/1.1" 200 77 "https://mppglobalconcept.shop/wp-admin/post.php?post=49&action=elementor" "Mozilla/5.0 (Windows NT 10.0; Win64; x64) AppleWebKit/537.36 (KHTML, like Gecko) Chrome/150.0.0.0 Safari/537.36"
197.211.59.196 - - [21/Jul/2026:10:55:40 +0000] "POST /wp-admin/admin-ajax.php HTTP/1.1" 200 77 "https://mppglobalconcept.shop/wp-admin/post.php?post=47&action=elementor" "Mozilla/5.0 (Windows NT 10.0; Win64; x64) AppleWebKit/537.36 (KHTML, like Gecko) Chrome/150.0.0.0 Safari/537.36"
197.211.59.196 - - [21/Jul/2026:10:55:54 +0000] "POST /wp-admin/admin-ajax.php HTTP/1.1" 200 77 "https://mppglobalconcept.shop/wp-admin/post.php?post=49&action=elementor" "Mozilla/5.0 (Windows NT 10.0; Win64; x64) AppleWebKit/537.36 (KHTML, like Gecko) Chrome/150.0.0.0 Safari/537.36"
198.177.124.148 - - [21/Jul/2026:10:56:10 +0000] "POST /wp-cron.php?doing_wp_cron=1784631370.0624740123748779296875 HTTP/1.1" 200 - "-" "WordPress/7.0.2; https://mppglobalconcept.shop"
197.211.59.196 - - [21/Jul/2026:10:56:08 +0000] "POST /wp-admin/admin-ajax.php HTTP/1.1" 200 77 "https://mppglobalconcept.shop/wp-admin/post.php?post=49&action=elementor" "Mozilla/5.0 (Windows NT 10.0; Win64; x64) AppleWebKit/537.36 (KHTML, like Gecko) Chrome/150.0.0.0 Safari/537.36"
197.211.59.196 - - [21/Jul/2026:10:56:23 +0000] "POST /wp-admin/admin-ajax.php HTTP/1.1" 200 77 "https://mppglobalconcept.shop/wp-admin/post.php?post=49&action=elementor" "Mozilla/5.0 (Windows NT 10.0; Win64; x64) AppleWebKit/537.36 (KHTML, like Gecko) Chrome/150.0.0.0 Safari/537.36"
197.211.59.196 - - [21/Jul/2026:10:56:38 +0000] "POST /wp-admin/admin-ajax.php HTTP/1.1" 200 77 "https://mppglobalconcept.shop/wp-admin/post.php?post=49&action=elementor" "Mozilla/5.0 (Windows NT 10.0; Win64; x64) AppleWebKit/537.36 (KHTML, like Gecko) Chrome/150.0.0.0 Safari/537.36"
197.211.59.196 - - [21/Jul/2026:10:56:54 +0000] "POST /wp-admin/admin-ajax.php HTTP/1.1" 200 77 "https://mppglobalconcept.shop/wp-admin/post.php?post=49&action=elementor" "Mozilla/5.0 (Windows NT 10.0; Win64; x64) AppleWebKit/537.36 (KHTML, like Gecko) Chrome/150.0.0.0 Safari/537.36"
198.177.124.148 - - [21/Jul/2026:10:57:11 +0000] "POST /wp-cron.php?doing_wp_cron=1784631430.9876520633697509765625 HTTP/1.1" 200 - "-" "WordPress/7.0.2; https://mppglobalconcept.shop"
197.211.59.196 - - [21/Jul/2026:10:57:08 +0000] "POST /wp-admin/admin-ajax.php HTTP/1.1" 200 77 "https://mppglobalconcept.shop/wp-admin/post.php?post=49&action=elementor" "Mozilla/5.0 (Windows NT 10.0; Win64; x64) AppleWebKit/537.36 (KHTML, like Gecko) Chrome/150.0.0.0 Safari/537.36"
197.211.59.196 - - [21/Jul/2026:10:57:24 +0000] "POST /wp-admin/admin-ajax.php HTTP/1.1" 200 77 "https://mppglobalconcept.shop/wp-admin/post.php?post=49&action=elementor" "Mozilla/5.0 (Windows NT 10.0; Win64; x64) AppleWebKit/537.36 (KHTML, like Gecko) Chrome/150.0.0.0 Safari/537.36"
197.211.59.196 - - [21/Jul/2026:10:57:38 +0000] "POST /wp-admin/admin-ajax.php HTTP/1.1" 200 77 "https://mppglobalconcept.shop/wp-admin/post.php?post=49&action=elementor" "Mozilla/5.0 (Windows NT 10.0; Win64; x64) AppleWebKit/537.36 (KHTML, like Gecko) Chrome/150.0.0.0 Safari/537.36"
197.211.59.196 - - [21/Jul/2026:10:57:41 +0000] "POST /wp-admin/admin-ajax.php HTTP/1.1" 200 77 "https://mppglobalconcept.shop/wp-admin/post.php?post=47&action=elementor" "Mozilla/5.0 (Windows NT 10.0; Win64; x64) AppleWebKit/537.36 (KHTML, like Gecko) Chrome/150.0.0.0 Safari/537.36"
197.211.59.196 - - [21/Jul/2026:10:59:39 +0000] "POST /wp-admin/admin-ajax.php HTTP/1.1" 200 77 "https://mppglobalconcept.shop/wp-admin/post.php?post=49&action=elementor" "Mozilla/5.0 (Windows NT 10.0; Win64; x64) AppleWebKit/537.36 (KHTML, like Gecko) Chrome/150.0.0.0 Safari/537.36"
197.211.59.196 - - [21/Jul/2026:10:59:42 +0000] "POST /wp-admin/admin-ajax.php HTTP/1.1" 200 77 "https://mppglobalconcept.shop/wp-admin/post.php?post=47&action=elementor" "Mozilla/5.0 (Windows NT 10.0; Win64; x64) AppleWebKit/537.36 (KHTML, like Gecko) Chrome/150.0.0.0 Safari/537.36"
198.177.124.148 - - [21/Jul/2026:11:01:43 +0000] "POST /wp-cron.php?doing_wp_cron=1784631703.6493539810180664062500 HTTP/1.1" 200 - "-" "WordPress/7.0.2; https://mppglobalconcept.shop"
197.211.59.196 - - [21/Jul/2026:11:01:40 +0000] "POST /wp-admin/admin-ajax.php HTTP/1.1" 200 77 "https://mppglobalconcept.shop/wp-admin/post.php?post=49&action=elementor" "Mozilla/5.0 (Windows NT 10.0; Win64; x64) AppleWebKit/537.36 (KHTML, like Gecko) Chrome/150.0.0.0 Safari/537.36"
197.211.59.196 - - [21/Jul/2026:11:01:43 +0000] "POST /wp-admin/admin-ajax.php HTTP/1.1" 200 77 "https://mppglobalconcept.shop/wp-admin/post.php?post=47&action=elementor" "Mozilla/5.0 (Windows NT 10.0; Win64; x64) AppleWebKit/537.36 (KHTML, like Gecko) Chrome/150.0.0.0 Safari/537.36"
198.177.124.148 - - [21/Jul/2026:11:03:43 +0000] "POST /wp-cron.php?doing_wp_cron=1784631823.9234800338745117187500 HTTP/1.1" 200 - "-" "WordPress/7.0.2; https://mppglobalconcept.shop"
197.211.59.196 - - [21/Jul/2026:11:03:42 +0000] "POST /wp-admin/admin-ajax.php HTTP/1.1" 200 77 "https://mppglobalconcept.shop/wp-admin/post.php?post=49&action=elementor" "Mozilla/5.0 (Windows NT 10.0; Win64; x64) AppleWebKit/537.36 (KHTML, like Gecko) Chrome/150.0.0.0 Safari/537.36"
197.211.59.196 - - [21/Jul/2026:11:03:44 +0000] "POST /wp-admin/admin-ajax.php HTTP/1.1" 200 77 "https://mppglobalconcept.shop/wp-admin/post.php?post=47&action=elementor" "Mozilla/5.0 (Windows NT 10.0; Win64; x64) AppleWebKit/537.36 (KHTML, like Gecko) Chrome/150.0.0.0 Safari/537.36"
198.177.124.148 - - [21/Jul/2026:11:05:45 +0000] "POST /wp-cron.php?doing_wp_cron=1784631945.1051149368286132812500 HTTP/1.1" 200 - "-" "WordPress/7.0.2; https://mppglobalconcept.shop"
197.211.59.196 - - [21/Jul/2026:11:05:42 +0000] "POST /wp-admin/admin-ajax.php HTTP/1.1" 200 77 "https://mppglobalconcept.shop/wp-admin/post.php?post=49&action=elementor" "Mozilla/5.0 (Windows NT 10.0; Win64; x64) AppleWebKit/537.36 (KHTML, like Gecko) Chrome/150.0.0.0 Safari/537.36"
197.211.59.196 - - [21/Jul/2026:11:05:46 +0000] "POST /wp-admin/admin-ajax.php HTTP/1.1" 200 77 "https://mppglobalconcept.shop/wp-admin/post.php?post=47&action=elementor" "Mozilla/5.0 (Windows NT 10.0; Win64; x64) AppleWebKit/537.36 (KHTML, like Gecko) Chrome/150.0.0.0 Safari/537.36"
50.114.92.197 - - [21/Jul/2026:11:07:32 +0000] "GET /3150-rank213 HTTP/1.1" 200 160831 "-" "Mozilla/5.0 (compatible; bingbot/2.0; +http://www.bing.com/bingbot.htm)"
198.177.124.148 - - [21/Jul/2026:11:07:45 +0000] "POST /wp-cron.php?doing_wp_cron=1784632065.4050140380859375000000 HTTP/1.1" 200 - "-" "WordPress/7.0.2; https://mppglobalconcept.shop"
197.211.59.196 - - [21/Jul/2026:11:07:44 +0000] "POST /wp-admin/admin-ajax.php HTTP/1.1" 200 77 "https://mppglobalconcept.shop/wp-admin/post.php?post=49&action=elementor" "Mozilla/5.0 (Windows NT 10.0; Win64; x64) AppleWebKit/537.36 (KHTML, like Gecko) Chrome/150.0.0.0 Safari/537.36"
197.211.59.196 - - [21/Jul/2026:11:07:46 +0000] "POST /wp-admin/admin-ajax.php HTTP/1.1" 200 77 "https://mppglobalconcept.shop/wp-admin/post.php?post=47&action=elementor" "Mozilla/5.0 (Windows NT 10.0; Win64; x64) AppleWebKit/537.36 (KHTML, like Gecko) Chrome/150.0.0.0 Safari/537.36"
198.177.124.148 - - [21/Jul/2026:11:08:24 +0000] "POST /wp-cron.php?doing_wp_cron=1784632103.9155371189117431640625 HTTP/1.1" 200 - "-" "WordPress/7.0.2; https://mppglobalconcept.shop"
156.59.29.168 - - [21/Jul/2026:11:08:22 +0000] "GET /wp-login.php HTTP/1.1" 200 4793 "-" "Mozilla/5.0"
156.59.29.168 - - [21/Jul/2026:11:08:24 +0000] "GET /?author=1 HTTP/1.1" 200 78356 "-" "Mozilla/5.0"
156.59.29.168 - - [21/Jul/2026:11:08:27 +0000] "GET /?rest_route=/wp/v2/users HTTP/1.1" 200 110 "-" "Mozilla/5.0"
156.59.29.168 - - [21/Jul/2026:11:08:28 +0000] "GET /feed HTTP/1.1" 200 2 "-" "Mozilla/5.0"
198.177.124.148 - - [21/Jul/2026:11:09:46 +0000] "POST /wp-cron.php?doing_wp_cron=1784632186.1679639816284179687500 HTTP/1.1" 200 - "-" "WordPress/7.0.2; https://mppglobalconcept.shop"
197.211.59.196 - - [21/Jul/2026:11:09:44 +0000] "POST /wp-admin/admin-ajax.php HTTP/1.1" 200 77 "https://mppglobalconcept.shop/wp-admin/post.php?post=49&action=elementor" "Mozilla/5.0 (Windows NT 10.0; Win64; x64) AppleWebKit/537.36 (KHTML, like Gecko) Chrome/150.0.0.0 Safari/537.36"
197.211.59.196 - - [21/Jul/2026:11:09:47 +0000] "POST /wp-admin/admin-ajax.php HTTP/1.1" 200 77 "https://mppglobalconcept.shop/wp-admin/post.php?post=47&action=elementor" "Mozilla/5.0 (Windows NT 10.0; Win64; x64) AppleWebKit/537.36 (KHTML, like Gecko) Chrome/150.0.0.0 Safari/537.36"
198.177.124.148 - - [21/Jul/2026:11:11:47 +0000] "POST /wp-cron.php?doing_wp_cron=1784632307.7848579883575439453125 HTTP/1.1" 200 - "-" "WordPress/7.0.2; https://mppglobalconcept.shop"
197.211.59.196 - - [21/Jul/2026:11:11:45 +0000] "POST /wp-admin/admin-ajax.php HTTP/1.1" 200 77 "https://mppglobalconcept.shop/wp-admin/post.php?post=49&action=elementor" "Mozilla/5.0 (Windows NT 10.0; Win64; x64) AppleWebKit/537.36 (KHTML, like Gecko) Chrome/150.0.0.0 Safari/537.36"
197.211.59.196 - - [21/Jul/2026:11:11:48 +0000] "POST /wp-admin/admin-ajax.php HTTP/1.1" 200 77 "https://mppglobalconcept.shop/wp-admin/post.php?post=47&action=elementor" "Mozilla/5.0 (Windows NT 10.0; Win64; x64) AppleWebKit/537.36 (KHTML, like Gecko) Chrome/150.0.0.0 Safari/537.36"
198.177.124.148 - - [21/Jul/2026:11:36:15 +0000] "POST /wp-cron.php?doing_wp_cron=1784633775.0635991096496582031250 HTTP/1.1" 200 - "-" "WordPress/7.0.2; https://mppglobalconcept.shop"
98.98.190.8 - - [21/Jul/2026:11:36:13 +0000] "GET /wp-login.php HTTP/1.1" 200 4793 "-" "Mozilla/5.0"
98.98.190.8 - - [21/Jul/2026:11:36:15 +0000] "GET /?author=1 HTTP/1.1" 200 78356 "-" "Mozilla/5.0"
98.98.190.8 - - [21/Jul/2026:11:36:18 +0000] "GET /?rest_route=/wp/v2/users HTTP/1.1" 200 110 "-" "Mozilla/5.0"
98.98.190.8 - - [21/Jul/2026:11:36:19 +0000] "GET /feed HTTP/1.1" 200 2 "-" "Mozilla/5.0"
198.177.124.148 - - [21/Jul/2026:11:44:05 +0000] "POST /wp-cron.php?doing_wp_cron=1784634245.5525350570678710937500 HTTP/1.1" 200 - "-" "WordPress/7.0.2; https://mppglobalconcept.shop"
197.211.59.196 - - [21/Jul/2026:11:44:02 +0000] "GET /wp-json/elementor/v1/checklist/user-progress HTTP/1.1" 200 535 "https://mppglobalconcept.shop/wp-admin/post.php?post=47&action=elementor" "Mozilla/5.0 (Windows NT 10.0; Win64; x64) AppleWebKit/537.36 (KHTML, like Gecko) Chrome/150.0.0.0 Safari/537.36"
197.211.59.196 - - [21/Jul/2026:11:44:04 +0000] "POST /wp-admin/admin-ajax.php HTTP/1.1" 200 77 "https://mppglobalconcept.shop/wp-admin/post.php?post=47&action=elementor" "Mozilla/5.0 (Windows NT 10.0; Win64; x64) AppleWebKit/537.36 (KHTML, like Gecko) Chrome/150.0.0.0 Safari/537.36"
197.211.59.196 - - [21/Jul/2026:11:44:15 +0000] "POST /wp-admin/admin-ajax.php HTTP/1.1" 200 77 "https://mppglobalconcept.shop/wp-admin/post.php?post=47&action=elementor" "Mozilla/5.0 (Windows NT 10.0; Win64; x64) AppleWebKit/537.36 (KHTML, like Gecko) Chrome/150.0.0.0 Safari/537.36"
197.211.59.196 - - [21/Jul/2026:11:44:14 +0000] "GET /wp-json/elementor/v1/checklist/user-progress HTTP/1.1" 200 535 "https://mppglobalconcept.shop/wp-admin/post.php?post=47&action=elementor" "Mozilla/5.0 (Windows NT 10.0; Win64; x64) AppleWebKit/537.36 (KHTML, like Gecko) Chrome/150.0.0.0 Safari/537.36"
197.211.59.196 - - [21/Jul/2026:11:44:15 +0000] "GET /wp-json/elementor/v1/user-data/current-user?context=edit HTTP/1.1" 200 1388 "https://mppglobalconcept.shop/wp-admin/post.php?post=47&action=elementor" "Mozilla/5.0 (Windows NT 10.0; Win64; x64) AppleWebKit/537.36 (KHTML, like Gecko) Chrome/150.0.0.0 Safari/537.36"
197.211.59.196 - - [21/Jul/2026:11:44:28 +0000] "POST /wp-admin/admin-ajax.php HTTP/1.1" 200 77 "https://mppglobalconcept.shop/wp-admin/post.php?post=47&action=elementor" "Mozilla/5.0 (Windows NT 10.0; Win64; x64) AppleWebKit/537.36 (KHTML, like Gecko) Chrome/150.0.0.0 Safari/537.36"
197.211.59.196 - - [21/Jul/2026:11:44:39 +0000] "POST /wp-admin/admin-ajax.php HTTP/1.1" 200 16 "https://mppglobalconcept.shop/wp-admin/post.php?post=47&action=elementor" "Mozilla/5.0 (Windows NT 10.0; Win64; x64) AppleWebKit/537.36 (KHTML, like Gecko) Chrome/150.0.0.0 Safari/537.36"
197.211.59.196 - - [21/Jul/2026:11:44:43 +0000] "POST /wp-admin/admin-ajax.php HTTP/1.1" 200 77 "https://mppglobalconcept.shop/wp-admin/post.php?post=47&action=elementor" "Mozilla/5.0 (Windows NT 10.0; Win64; x64) AppleWebKit/537.36 (KHTML, like Gecko) Chrome/150.0.0.0 Safari/537.36"
197.211.59.196 - - [21/Jul/2026:11:44:49 +0000] "GET /wp-content/plugins/elementor/assets/js/text-editor.45609661e409413f1cef.bundle.min.js HTTP/1.1" 200 1348 "https://mppglobalconcept.shop/health-products-2/?elementor-preview=47&ver=1784556993" "Mozilla/5.0 (Windows NT 10.0; Win64; x64) AppleWebKit/537.36 (KHTML, like Gecko) Chrome/150.0.0.0 Safari/537.36"
197.211.59.196 - - [21/Jul/2026:11:44:49 +0000] "GET /wp-includes/js/tinymce/themes/modern/theme.min.js?wp-mce-49110-20250317 HTTP/1.1" 200 130746 "https://mppglobalconcept.shop/wp-admin/post.php?post=47&action=elementor" "Mozilla/5.0 (Windows NT 10.0; Win64; x64) AppleWebKit/537.36 (KHTML, like Gecko) Chrome/150.0.0.0 Safari/537.36"
197.211.59.196 - - [21/Jul/2026:11:44:56 +0000] "GET /wp-includes/js/tinymce/plugins/charmap/plugin.min.js?wp-mce-49110-20250317 HTTP/1.1" 200 8601 "https://mppglobalconcept.shop/wp-admin/post.php?post=47&action=elementor" "Mozilla/5.0 (Windows NT 10.0; Win64; x64) AppleWebKit/537.36 (KHTML, like Gecko) Chrome/150.0.0.0 Safari/537.36"
197.211.59.196 - - [21/Jul/2026:11:44:56 +0000] "GET /wp-includes/js/tinymce/plugins/colorpicker/plugin.min.js?wp-mce-49110-20250317 HTTP/1.1" 200 1349 "https://mppglobalconcept.shop/wp-admin/post.php?post=47&action=elementor" "Mozilla/5.0 (Windows NT 10.0; Win64; x64) AppleWebKit/537.36 (KHTML, like Gecko) Chrome/150.0.0.0 Safari/537.36"
197.211.59.196 - - [21/Jul/2026:11:44:57 +0000] "GET /wp-includes/js/tinymce/plugins/hr/plugin.min.js?wp-mce-49110-20250317 HTTP/1.1" 200 428 "https://mppglobalconcept.shop/wp-admin/post.php?post=47&action=elementor" "Mozilla/5.0 (Windows NT 10.0; Win64; x64) AppleWebKit/537.36 (KHTML, like Gecko) Chrome/150.0.0.0 Safari/537.36"
197.211.59.196 - - [21/Jul/2026:11:44:57 +0000] "GET /wp-includes/js/tinymce/plugins/lists/plugin.min.js?wp-mce-49110-20250317 HTTP/1.1" 200 26968 "https://mppglobalconcept.shop/wp-admin/post.php?post=47&action=elementor" "Mozilla/5.0 (Windows NT 10.0; Win64; x64) AppleWebKit/537.36 (KHTML, like Gecko) Chrome/150.0.0.0 Safari/537.36"
197.211.59.196 - - [21/Jul/2026:11:44:57 +0000] "GET /wp-includes/js/tinymce/plugins/media/plugin.min.js?wp-mce-49110-20250317 HTTP/1.1" 200 16576 "https://mppglobalconcept.shop/wp-admin/post.php?post=47&action=elementor" "Mozilla/5.0 (Windows NT 10.0; Win64; x64) AppleWebKit/537.36 (KHTML, like Gecko) Chrome/150.0.0.0 Safari/537.36"
197.211.59.196 - - [21/Jul/2026:11:44:57 +0000] "GET /wp-includes/js/tinymce/plugins/paste/plugin.min.js?wp-mce-49110-20250317 HTTP/1.1" 200 30837 "https://mppglobalconcept.shop/wp-admin/post.php?post=47&action=elementor" "Mozilla/5.0 (Windows NT 10.0; Win64; x64) AppleWebKit/537.36 (KHTML, like Gecko) Chrome/150.0.0.0 Safari/537.36"
197.211.59.196 - - [21/Jul/2026:11:44:57 +0000] "GET /wp-includes/js/tinymce/plugins/tabfocus/plugin.min.js?wp-mce-49110-20250317 HTTP/1.1" 200 1614 "https://mppglobalconcept.shop/wp-admin/post.php?post=47&action=elementor" "Mozilla/5.0 (Windows NT 10.0; Win64; x64) AppleWebKit/537.36 (KHTML, like Gecko) Chrome/150.0.0.0 Safari/537.36"
197.211.59.196 - - [21/Jul/2026:11:44:57 +0000] "GET /wp-includes/js/tinymce/plugins/textcolor/plugin.min.js?wp-mce-49110-20250317 HTTP/1.1" 200 4927 "https://mppglobalconcept.shop/wp-admin/post.php?post=47&action=elementor" "Mozilla/5.0 (Windows NT 10.0; Win64; x64) AppleWebKit/537.36 (KHTML, like Gecko) Chrome/150.0.0.0 Safari/537.36"
197.211.59.196 - - [21/Jul/2026:11:44:57 +0000] "GET /wp-includes/js/tinymce/plugins/fullscreen/plugin.min.js?wp-mce-49110-20250317 HTTP/1.1" 200 2184 "https://mppglobalconcept.shop/wp-admin/post.php?post=47&action=elementor" "Mozilla/5.0 (Windows NT 10.0; Win64; x64) AppleWebKit/537.36 (KHTML, like Gecko) Chrome/150.0.0.0 Safari/537.36"
197.211.59.196 - - [21/Jul/2026:11:44:57 +0000] "GET /wp-includes/js/tinymce/plugins/wordpress/plugin.min.js?wp-mce-49110-20250317 HTTP/1.1" 200 16407 "https://mppglobalconcept.shop/wp-admin/post.php?post=47&action=elementor" "Mozilla/5.0 (Windows NT 10.0; Win64; x64) AppleWebKit/537.36 (KHTML, like Gecko) Chrome/150.0.0.0 Safari/537.36"
197.211.59.196 - - [21/Jul/2026:11:44:57 +0000] "GET /wp-includes/js/tinymce/plugins/wpautoresize/plugin.min.js?wp-mce-49110-20250317 HTTP/1.1" 200 2344 "https://mppglobalconcept.shop/wp-admin/post.php?post=47&action=elementor" "Mozilla/5.0 (Windows NT 10.0; Win64; x64) AppleWebKit/537.36 (KHTML, like Gecko) Chrome/150.0.0.0 Safari/537.36"
197.211.59.196 - - [21/Jul/2026:11:44:58 +0000] "GET /wp-includes/js/tinymce/plugins/wpeditimage/plugin.min.js?wp-mce-49110-20250317 HTTP/1.1" 200 12067 "https://mppglobalconcept.shop/wp-admin/post.php?post=47&action=elementor" "Mozilla/5.0 (Windows NT 10.0; Win64; x64) AppleWebKit/537.36 (KHTML, like Gecko) Chrome/150.0.0.0 Safari/537.36"
197.211.59.196 - - [21/Jul/2026:11:44:58 +0000] "GET /wp-includes/js/tinymce/plugins/wpemoji/plugin.min.js?wp-mce-49110-20250317 HTTP/1.1" 200 1519 "https://mppglobalconcept.shop/wp-admin/post.php?post=47&action=elementor" "Mozilla/5.0 (Windows NT 10.0; Win64; x64) AppleWebKit/537.36 (KHTML, like Gecko) Chrome/150.0.0.0 Safari/537.36"
197.211.59.196 - - [21/Jul/2026:11:44:58 +0000] "GET /wp-includes/js/tinymce/plugins/wpgallery/plugin.min.js?wp-mce-49110-20250317 HTTP/1.1" 200 1623 "https://mppglobalconcept.shop/wp-admin/post.php?post=47&action=elementor" "Mozilla/5.0 (Windows NT 10.0; Win64; x64) AppleWebKit/537.36 (KHTML, like Gecko) Chrome/150.0.0.0 Safari/537.36"
197.211.59.196 - - [21/Jul/2026:11:44:58 +0000] "GET /wp-includes/js/tinymce/plugins/wplink/plugin.min.js?wp-mce-49110-20250317 HTTP/1.1" 200 8988 "https://mppglobalconcept.shop/wp-admin/post.php?post=47&action=elementor" "Mozilla/5.0 (Windows NT 10.0; Win64; x64) AppleWebKit/537.36 (KHTML, like Gecko) Chrome/150.0.0.0 Safari/537.36"
197.211.59.196 - - [21/Jul/2026:11:44:58 +0000] "GET /wp-includes/js/tinymce/plugins/wpdialogs/plugin.min.js?wp-mce-49110-20250317 HTTP/1.1" 200 1322 "https://mppglobalconcept.shop/wp-admin/post.php?post=47&action=elementor" "Mozilla/5.0 (Windows NT 10.0; Win64; x64) AppleWebKit/537.36 (KHTML, like Gecko) Chrome/150.0.0.0 Safari/537.36"
197.211.59.196 - - [21/Jul/2026:11:44:58 +0000] "GET /wp-includes/js/tinymce/plugins/wptextpattern/plugin.min.js?wp-mce-49110-20250317 HTTP/1.1" 200 3121 "https://mppglobalconcept.shop/wp-admin/post.php?post=47&action=elementor" "Mozilla/5.0 (Windows NT 10.0; Win64; x64) AppleWebKit/537.36 (KHTML, like Gecko) Chrome/150.0.0.0 Safari/537.36"
197.211.59.196 - - [21/Jul/2026:11:44:58 +0000] "GET /wp-includes/js/tinymce/plugins/wpview/plugin.min.js?wp-mce-49110-20250317 HTTP/1.1" 200 2902 "https://mppglobalconcept.shop/wp-admin/post.php?post=47&action=elementor" "Mozilla/5.0 (Windows NT 10.0; Win64; x64) AppleWebKit/537.36 (KHTML, like Gecko) Chrome/150.0.0.0 Safari/537.36"
197.211.59.196 - - [21/Jul/2026:11:44:59 +0000] "GET /wp-includes/js/tinymce/skins/lightgray/skin.min.css?wp-mce-49110-20250317 HTTP/1.1" 200 44010 "https://mppglobalconcept.shop/wp-admin/post.php?post=47&action=elementor" "Mozilla/5.0 (Windows NT 10.0; Win64; x64) AppleWebKit/537.36 (KHTML, like Gecko) Chrome/150.0.0.0 Safari/537.36"
197.211.59.196 - - [21/Jul/2026:11:44:59 +0000] "GET /wp-includes/js/tinymce/skins/lightgray/content.min.css?wp-mce-49110-20250317 HTTP/1.1" 200 4017 "https://mppglobalconcept.shop/wp-admin/post.php?post=47&action=elementor" "Mozilla/5.0 (Windows NT 10.0; Win64; x64) AppleWebKit/537.36 (KHTML, like Gecko) Chrome/150.0.0.0 Safari/537.36"
197.211.59.196 - - [21/Jul/2026:11:44:59 +0000] "GET /wp-includes/js/tinymce/skins/wordpress/wp-content.css?ver=7.0.2&wp-mce-49110-20250317 HTTP/1.1" 200 8760 "https://mppglobalconcept.shop/wp-admin/post.php?post=47&action=elementor" "Mozilla/5.0 (Windows NT 10.0; Win64; x64) AppleWebKit/537.36 (KHTML, like Gecko) Chrome/150.0.0.0 Safari/537.36"
197.211.59.196 - - [21/Jul/2026:11:44:59 +0000] "GET /wp-includes/css/dashicons.min.css?ver=7.0.2&wp-mce-49110-20250317 HTTP/1.1" 200 59004 "https://mppglobalconcept.shop/wp-admin/post.php?post=47&action=elementor" "Mozilla/5.0 (Windows NT 10.0; Win64; x64) AppleWebKit/537.36 (KHTML, like Gecko) Chrome/150.0.0.0 Safari/537.36"
197.211.59.196 - - [21/Jul/2026:11:44:58 +0000] "POST /wp-admin/admin-ajax.php HTTP/1.1" 200 77 "https://mppglobalconcept.shop/wp-admin/post.php?post=47&action=elementor" "Mozilla/5.0 (Windows NT 10.0; Win64; x64) AppleWebKit/537.36 (KHTML, like Gecko) Chrome/150.0.0.0 Safari/537.36"
197.211.59.196 - - [21/Jul/2026:11:45:00 +0000] "GET /wp-includes/js/tinymce/skins/lightgray/fonts/tinymce.woff HTTP/1.1" 200 18824 "https://mppglobalconcept.shop/wp-includes/js/tinymce/skins/lightgray/skin.min.css?wp-mce-49110-20250317" "Mozilla/5.0 (Windows NT 10.0; Win64; x64) AppleWebKit/537.36 (KHTML, like Gecko) Chrome/150.0.0.0 Safari/537.36"
198.177.124.148 - - [21/Jul/2026:11:46:04 +0000] "POST /wp-cron.php?doing_wp_cron=1784634364.5638659000396728515625 HTTP/1.1" 200 - "-" "WordPress/7.0.2; https://mppglobalconcept.shop"
197.211.59.196 - - [21/Jul/2026:11:46:02 +0000] "GET /wp-json/elementor/v1/checklist/user-progress HTTP/1.1" 200 535 "https://mppglobalconcept.shop/wp-admin/post.php?post=47&action=elementor" "Mozilla/5.0 (Windows NT 10.0; Win64; x64) AppleWebKit/537.36 (KHTML, like Gecko) Chrome/150.0.0.0 Safari/537.36"
197.211.59.196 - - [21/Jul/2026:11:46:02 +0000] "PUT /wp-json/elementor/v1/global-classes?context=preview HTTP/1.1" 200 2 "https://mppglobalconcept.shop/wp-admin/post.php?post=47&action=elementor" "Mozilla/5.0 (Windows NT 10.0; Win64; x64) AppleWebKit/537.36 (KHTML, like Gecko) Chrome/150.0.0.0 Safari/537.36"
197.211.59.196 - - [21/Jul/2026:11:46:02 +0000] "POST /wp-admin/admin-ajax.php HTTP/1.1" 200 1525 "https://mppglobalconcept.shop/wp-admin/post.php?post=47&action=elementor" "Mozilla/5.0 (Windows NT 10.0; Win64; x64) AppleWebKit/537.36 (KHTML, like Gecko) Chrome/150.0.0.0 Safari/537.36"
197.211.59.196 - - [21/Jul/2026:11:46:05 +0000] "GET /wp-json/elementor/v1/checklist/user-progress HTTP/1.1" 200 535 "https://mppglobalconcept.shop/wp-admin/post.php?post=47&action=elementor" "Mozilla/5.0 (Windows NT 10.0; Win64; x64) AppleWebKit/537.36 (KHTML, like Gecko) Chrome/150.0.0.0 Safari/537.36"
197.211.59.196 - - [21/Jul/2026:11:46:06 +0000] "POST /wp-admin/admin-ajax.php HTTP/1.1" 200 1161 "https://mppglobalconcept.shop/wp-admin/post.php?post=47&action=elementor" "Mozilla/5.0 (Windows NT 10.0; Win64; x64) AppleWebKit/537.36 (KHTML, like Gecko) Chrome/150.0.0.0 Safari/537.36"
197.211.59.196 - - [21/Jul/2026:11:46:25 +0000] "POST /wp-admin/admin-ajax.php HTTP/1.1" 200 77 "https://mppglobalconcept.shop/wp-admin/post.php?post=47&action=elementor" "Mozilla/5.0 (Windows NT 10.0; Win64; x64) AppleWebKit/537.36 (KHTML, like Gecko) Chrome/150.0.0.0 Safari/537.36"
197.211.59.196 - - [21/Jul/2026:11:46:26 +0000] "GET /wp-json/elementor/v1/checklist/user-progress HTTP/1.1" 200 535 "https://mppglobalconcept.shop/wp-admin/post.php?post=47&action=elementor" "Mozilla/5.0 (Windows NT 10.0; Win64; x64) AppleWebKit/537.36 (KHTML, like Gecko) Chrome/150.0.0.0 Safari/537.36"
197.211.59.196 - - [21/Jul/2026:11:46:39 +0000] "POST /wp-admin/admin-ajax.php HTTP/1.1" 200 96 "https://mppglobalconcept.shop/wp-admin/post.php?post=47&action=elementor" "Mozilla/5.0 (Windows NT 10.0; Win64; x64) AppleWebKit/537.36 (KHTML, like Gecko) Chrome/150.0.0.0 Safari/537.36"
197.211.59.196 - - [21/Jul/2026:11:46:40 +0000] "POST /wp-admin/admin-ajax.php HTTP/1.1" 200 77 "https://mppglobalconcept.shop/wp-admin/post.php?post=47&action=elementor" "Mozilla/5.0 (Windows NT 10.0; Win64; x64) AppleWebKit/537.36 (KHTML, like Gecko) Chrome/150.0.0.0 Safari/537.36"
197.211.59.196 - - [21/Jul/2026:11:46:56 +0000] "POST /wp-admin/admin-ajax.php HTTP/1.1" 200 77 "https://mppglobalconcept.shop/wp-admin/post.php?post=47&action=elementor" "Mozilla/5.0 (Windows NT 10.0; Win64; x64) AppleWebKit/537.36 (KHTML, like Gecko) Chrome/150.0.0.0 Safari/537.36"
198.177.124.148 - - [21/Jul/2026:11:47:11 +0000] "POST /wp-cron.php?doing_wp_cron=1784634431.3688230514526367187500 HTTP/1.1" 200 - "-" "WordPress/7.0.2; https://mppglobalconcept.shop"
197.211.59.196 - - [21/Jul/2026:11:47:10 +0000] "POST /wp-admin/admin-ajax.php HTTP/1.1" 200 77 "https://mppglobalconcept.shop/wp-admin/post.php?post=47&action=elementor" "Mozilla/5.0 (Windows NT 10.0; Win64; x64) AppleWebKit/537.36 (KHTML, like Gecko) Chrome/150.0.0.0 Safari/537.36"
197.211.59.196 - - [21/Jul/2026:11:47:26 +0000] "POST /wp-admin/admin-ajax.php HTTP/1.1" 200 77 "https://mppglobalconcept.shop/wp-admin/post.php?post=47&action=elementor" "Mozilla/5.0 (Windows NT 10.0; Win64; x64) AppleWebKit/537.36 (KHTML, like Gecko) Chrome/150.0.0.0 Safari/537.36"
197.211.59.196 - - [21/Jul/2026:11:47:40 +0000] "POST /wp-admin/admin-ajax.php HTTP/1.1" 200 77 "https://mppglobalconcept.shop/wp-admin/post.php?post=47&action=elementor" "Mozilla/5.0 (Windows NT 10.0; Win64; x64) AppleWebKit/537.36 (KHTML, like Gecko) Chrome/150.0.0.0 Safari/537.36"
197.211.59.196 - - [21/Jul/2026:11:47:56 +0000] "POST /wp-admin/admin-ajax.php HTTP/1.1" 200 77 "https://mppglobalconcept.shop/wp-admin/post.php?post=47&action=elementor" "Mozilla/5.0 (Windows NT 10.0; Win64; x64) AppleWebKit/537.36 (KHTML, like Gecko) Chrome/150.0.0.0 Safari/537.36"
198.177.124.148 - - [21/Jul/2026:11:48:13 +0000] "POST /wp-cron.php?doing_wp_cron=1784634493.0093390941619873046875 HTTP/1.1" 200 - "-" "WordPress/7.0.2; https://mppglobalconcept.shop"
197.211.59.196 - - [21/Jul/2026:11:48:10 +0000] "POST /wp-admin/admin-ajax.php HTTP/1.1" 200 77 "https://mppglobalconcept.shop/wp-admin/post.php?post=47&action=elementor" "Mozilla/5.0 (Windows NT 10.0; Win64; x64) AppleWebKit/537.36 (KHTML, like Gecko) Chrome/150.0.0.0 Safari/537.36"
197.211.59.196 - - [21/Jul/2026:11:48:26 +0000] "POST /wp-admin/admin-ajax.php HTTP/1.1" 200 77 "https://mppglobalconcept.shop/wp-admin/post.php?post=47&action=elementor" "Mozilla/5.0 (Windows NT 10.0; Win64; x64) AppleWebKit/537.36 (KHTML, like Gecko) Chrome/150.0.0.0 Safari/537.36"
197.211.59.196 - - [21/Jul/2026:11:48:40 +0000] "POST /wp-admin/admin-ajax.php HTTP/1.1" 200 77 "https://mppglobalconcept.shop/wp-admin/post.php?post=47&action=elementor" "Mozilla/5.0 (Windows NT 10.0; Win64; x64) AppleWebKit/537.36 (KHTML, like Gecko) Chrome/150.0.0.0 Safari/537.36"
197.211.59.196 - - [21/Jul/2026:11:48:48 +0000] "POST /wp-admin/admin-ajax.php HTTP/1.1" 200 1071 "https://mppglobalconcept.shop/wp-admin/post.php?post=47&action=elementor" "Mozilla/5.0 (Windows NT 10.0; Win64; x64) AppleWebKit/537.36 (KHTML, like Gecko) Chrome/150.0.0.0 Safari/537.36"
197.211.59.196 - - [21/Jul/2026:11:48:55 +0000] "POST /wp-admin/admin-ajax.php HTTP/1.1" 200 77 "https://mppglobalconcept.shop/wp-admin/post.php?post=47&action=elementor" "Mozilla/5.0 (Windows NT 10.0; Win64; x64) AppleWebKit/537.36 (KHTML, like Gecko) Chrome/150.0.0.0 Safari/537.36"
198.177.124.148 - - [21/Jul/2026:11:49:11 +0000] "POST /wp-cron.php?doing_wp_cron=1784634551.5740790367126464843750 HTTP/1.1" 200 - "-" "WordPress/7.0.2; https://mppglobalconcept.shop"
197.211.59.196 - - [21/Jul/2026:11:49:10 +0000] "POST /wp-admin/admin-ajax.php HTTP/1.1" 200 77 "https://mppglobalconcept.shop/wp-admin/post.php?post=47&action=elementor" "Mozilla/5.0 (Windows NT 10.0; Win64; x64) AppleWebKit/537.36 (KHTML, like Gecko) Chrome/150.0.0.0 Safari/537.36"
197.211.59.196 - - [21/Jul/2026:11:49:26 +0000] "POST /wp-admin/admin-ajax.php HTTP/1.1" 200 77 "https://mppglobalconcept.shop/wp-admin/post.php?post=47&action=elementor" "Mozilla/5.0 (Windows NT 10.0; Win64; x64) AppleWebKit/537.36 (KHTML, like Gecko) Chrome/150.0.0.0 Safari/537.36"
77.239.124.140 - - [21/Jul/2026:11:49:38 +0000] "GET / HTTP/1.1" 200 97571 "-" "Mozilla/5.0 (Windows NT 10.0; Win64; x64) AppleWebKit/537.36 (KHTML, like Gecko) Chrome/126.0 Safari/537.36"
197.211.59.196 - - [21/Jul/2026:11:49:40 +0000] "POST /wp-admin/admin-ajax.php HTTP/1.1" 200 77 "https://mppglobalconcept.shop/wp-admin/post.php?post=47&action=elementor" "Mozilla/5.0 (Windows NT 10.0; Win64; x64) AppleWebKit/537.36 (KHTML, like Gecko) Chrome/150.0.0.0 Safari/537.36"
77.239.124.140 - - [21/Jul/2026:11:49:40 +0000] "POST /?rest_route=/batch/v1 HTTP/1.1" 200 630 "-" "Mozilla/5.0 (Windows NT 10.0; Win64; x64) AppleWebKit/537.36 (KHTML, like Gecko) Chrome/126.0 Safari/537.36"
77.239.124.140 - - [21/Jul/2026:11:49:43 +0000] "POST /?rest_route=/batch/v1 HTTP/1.1" 200 630 "-" "Mozilla/5.0 (Windows NT 10.0; Win64; x64) AppleWebKit/537.36 (KHTML, like Gecko) Chrome/126.0 Safari/537.36"
77.239.124.140 - - [21/Jul/2026:11:49:48 +0000] "POST /?rest_route=/batch/v1 HTTP/1.1" 200 630 "-" "Mozilla/5.0 (Windows NT 10.0; Win64; x64) AppleWebKit/537.36 (KHTML, like Gecko) Chrome/126.0 Safari/537.36"
77.239.124.140 - - [21/Jul/2026:11:49:50 +0000] "POST /?rest_route=/batch/v1 HTTP/1.1" 200 630 "-" "Mozilla/5.0 (Windows NT 10.0; Win64; x64) AppleWebKit/537.36 (KHTML, like Gecko) Chrome/126.0 Safari/537.36"
77.239.124.140 - - [21/Jul/2026:11:49:52 +0000] "POST /?rest_route=/batch/v1 HTTP/1.1" 200 630 "-" "Mozilla/5.0 (Windows NT 10.0; Win64; x64) AppleWebKit/537.36 (KHTML, like Gecko) Chrome/126.0 Safari/537.36"
77.239.124.140 - - [21/Jul/2026:11:49:54 +0000] "POST /?rest_route=/batch/v1 HTTP/1.1" 200 630 "-" "Mozilla/5.0 (Windows NT 10.0; Win64; x64) AppleWebKit/537.36 (KHTML, like Gecko) Chrome/126.0 Safari/537.36"
197.211.59.196 - - [21/Jul/2026:11:49:56 +0000] "POST /wp-admin/admin-ajax.php HTTP/1.1" 200 77 "https://mppglobalconcept.shop/wp-admin/post.php?post=47&action=elementor" "Mozilla/5.0 (Windows NT 10.0; Win64; x64) AppleWebKit/537.36 (KHTML, like Gecko) Chrome/150.0.0.0 Safari/537.36"
77.239.124.140 - - [21/Jul/2026:11:49:57 +0000] "POST /?rest_route=/batch/v1 HTTP/1.1" 200 630 "-" "Mozilla/5.0 (Windows NT 10.0; Win64; x64) AppleWebKit/537.36 (KHTML, like Gecko) Chrome/126.0 Safari/537.36"
198.177.124.148 - - [21/Jul/2026:11:50:03 +0000] "POST /wp-cron.php?doing_wp_cron=1784634603.4679000377655029296875 HTTP/1.1" 200 - "-" "WordPress/7.0.2; https://mppglobalconcept.shop"
77.239.124.140 - - [21/Jul/2026:11:50:00 +0000] "GET / HTTP/1.1" 200 97571 "-" "Mozilla/5.0 (Windows NT 10.0; Win64; x64) AppleWebKit/537.36 (KHTML, like Gecko) Chrome/126.0 Safari/537.36"
197.211.59.196 - - [21/Jul/2026:11:50:10 +0000] "POST /wp-admin/admin-ajax.php HTTP/1.1" 200 77 "https://mppglobalconcept.shop/wp-admin/post.php?post=47&action=elementor" "Mozilla/5.0 (Windows NT 10.0; Win64; x64) AppleWebKit/537.36 (KHTML, like Gecko) Chrome/150.0.0.0 Safari/537.36"
197.211.59.196 - - [21/Jul/2026:11:50:26 +0000] "POST /wp-admin/admin-ajax.php HTTP/1.1" 200 77 "https://mppglobalconcept.shop/wp-admin/post.php?post=47&action=elementor" "Mozilla/5.0 (Windows NT 10.0; Win64; x64) AppleWebKit/537.36 (KHTML, like Gecko) Chrome/150.0.0.0 Safari/537.36"
197.211.59.196 - - [21/Jul/2026:11:50:40 +0000] "POST /wp-admin/admin-ajax.php HTTP/1.1" 200 77 "https://mppglobalconcept.shop/wp-admin/post.php?post=47&action=elementor" "Mozilla/5.0 (Windows NT 10.0; Win64; x64) AppleWebKit/537.36 (KHTML, like Gecko) Chrome/150.0.0.0 Safari/537.36"
197.211.59.196 - - [21/Jul/2026:11:50:56 +0000] "POST /wp-admin/admin-ajax.php HTTP/1.1" 200 77 "https://mppglobalconcept.shop/wp-admin/post.php?post=47&action=elementor" "Mozilla/5.0 (Windows NT 10.0; Win64; x64) AppleWebKit/537.36 (KHTML, like Gecko) Chrome/150.0.0.0 Safari/537.36"
197.211.59.196 - - [21/Jul/2026:11:50:56 +0000] "POST /wp-admin/admin-ajax.php HTTP/1.1" 200 1071 "https://mppglobalconcept.shop/wp-admin/post.php?post=47&action=elementor" "Mozilla/5.0 (Windows NT 10.0; Win64; x64) AppleWebKit/537.36 (KHTML, like Gecko) Chrome/150.0.0.0 Safari/537.36"
197.211.59.196 - - [21/Jul/2026:11:51:10 +0000] "POST /wp-admin/admin-ajax.php HTTP/1.1" 200 77 "https://mppglobalconcept.shop/wp-admin/post.php?post=47&action=elementor" "Mozilla/5.0 (Windows NT 10.0; Win64; x64) AppleWebKit/537.36 (KHTML, like Gecko) Chrome/150.0.0.0 Safari/537.36"
197.211.59.196 - - [21/Jul/2026:11:51:26 +0000] "POST /wp-admin/admin-ajax.php HTTP/1.1" 200 77 "https://mppglobalconcept.shop/wp-admin/post.php?post=47&action=elementor" "Mozilla/5.0 (Windows NT 10.0; Win64; x64) AppleWebKit/537.36 (KHTML, like Gecko) Chrome/150.0.0.0 Safari/537.36"
197.211.59.196 - - [21/Jul/2026:11:51:40 +0000] "POST /wp-admin/admin-ajax.php HTTP/1.1" 200 77 "https://mppglobalconcept.shop/wp-admin/post.php?post=47&action=elementor" "Mozilla/5.0 (Windows NT 10.0; Win64; x64) AppleWebKit/537.36 (KHTML, like Gecko) Chrome/150.0.0.0 Safari/537.36"
198.177.124.148 - - [21/Jul/2026:11:51:57 +0000] "POST /wp-cron.php?doing_wp_cron=1784634717.3501238822937011718750 HTTP/1.1" 200 - "-" "WordPress/7.0.2; https://mppglobalconcept.shop"
197.211.59.196 - - [21/Jul/2026:11:51:56 +0000] "POST /wp-admin/admin-ajax.php HTTP/1.1" 200 77 "https://mppglobalconcept.shop/wp-admin/post.php?post=47&action=elementor" "Mozilla/5.0 (Windows NT 10.0; Win64; x64) AppleWebKit/537.36 (KHTML, like Gecko) Chrome/150.0.0.0 Safari/537.36"
198.177.124.148 - - [21/Jul/2026:11:52:11 +0000] "POST /wp-cron.php?doing_wp_cron=1784634731.5684220790863037109375 HTTP/1.1" 200 - "-" "WordPress/7.0.2; https://mppglobalconcept.shop"
197.211.59.196 - - [21/Jul/2026:11:52:10 +0000] "POST /wp-admin/admin-ajax.php HTTP/1.1" 200 77 "https://mppglobalconcept.shop/wp-admin/post.php?post=47&action=elementor" "Mozilla/5.0 (Windows NT 10.0; Win64; x64) AppleWebKit/537.36 (KHTML, like Gecko) Chrome/150.0.0.0 Safari/537.36"
197.211.59.196 - - [21/Jul/2026:11:52:21 +0000] "POST /wp-admin/admin-ajax.php HTTP/1.1" 200 1022 "https://mppglobalconcept.shop/wp-admin/post.php?post=47&action=elementor" "Mozilla/5.0 (Windows NT 10.0; Win64; x64) AppleWebKit/537.36 (KHTML, like Gecko) Chrome/150.0.0.0 Safari/537.36"
197.211.59.196 - - [21/Jul/2026:11:52:25 +0000] "POST /wp-admin/admin-ajax.php HTTP/1.1" 200 77 "https://mppglobalconcept.shop/wp-admin/post.php?post=47&action=elementor" "Mozilla/5.0 (Windows NT 10.0; Win64; x64) AppleWebKit/537.36 (KHTML, like Gecko) Chrome/150.0.0.0 Safari/537.36"
197.211.59.196 - - [21/Jul/2026:11:52:40 +0000] "POST /wp-admin/admin-ajax.php HTTP/1.1" 200 77 "https://mppglobalconcept.shop/wp-admin/post.php?post=47&action=elementor" "Mozilla/5.0 (Windows NT 10.0; Win64; x64) AppleWebKit/537.36 (KHTML, like Gecko) Chrome/150.0.0.0 Safari/537.36"
197.211.59.196 - - [21/Jul/2026:11:52:56 +0000] "POST /wp-admin/admin-ajax.php HTTP/1.1" 200 77 "https://mppglobalconcept.shop/wp-admin/post.php?post=47&action=elementor" "Mozilla/5.0 (Windows NT 10.0; Win64; x64) AppleWebKit/537.36 (KHTML, like Gecko) Chrome/150.0.0.0 Safari/537.36"
198.177.124.148 - - [21/Jul/2026:11:53:07 +0000] "POST /wp-cron.php?doing_wp_cron=1784634787.0184800624847412109375 HTTP/1.1" 200 - "-" "WordPress/7.0.2; https://mppglobalconcept.shop"
197.211.59.196 - - [21/Jul/2026:11:53:06 +0000] "GET /wp-json/elementor/v1/checklist/user-progress HTTP/1.1" 200 535 "https://mppglobalconcept.shop/wp-admin/post.php?post=47&action=elementor" "Mozilla/5.0 (Windows NT 10.0; Win64; x64) AppleWebKit/537.36 (KHTML, like Gecko) Chrome/150.0.0.0 Safari/537.36"
197.211.59.196 - - [21/Jul/2026:11:53:06 +0000] "PUT /wp-json/elementor/v1/global-classes?context=preview HTTP/1.1" 200 2 "https://mppglobalconcept.shop/wp-admin/post.php?post=47&action=elementor" "Mozilla/5.0 (Windows NT 10.0; Win64; x64) AppleWebKit/537.36 (KHTML, like Gecko) Chrome/150.0.0.0 Safari/537.36"
197.211.59.196 - - [21/Jul/2026:11:53:07 +0000] "POST /wp-admin/admin-ajax.php HTTP/1.1" 200 1525 "https://mppglobalconcept.shop/wp-admin/post.php?post=47&action=elementor" "Mozilla/5.0 (Windows NT 10.0; Win64; x64) AppleWebKit/537.36 (KHTML, like Gecko) Chrome/150.0.0.0 Safari/537.36"
