197.211.59.196 - - [21/Jul/2026:12:14:42 +0000] "POST /wp-admin/admin-ajax.php HTTP/1.1" 200 77 "https://mppglobalconcept.shop/wp-admin/post.php?post=47&action=elementor" "Mozilla/5.0 (Windows NT 10.0; Win64; x64) AppleWebKit/537.36 (KHTML, like Gecko) Chrome/150.0.0.0 Safari/537.36"
74.7.243.236 - - [21/Jul/2026:12:14:43 +0000] "GET /?h=13142362281100 HTTP/1.1" 200 97571 "https://mppglobalconcept.shop/sitemap.xml" "Mozilla/5.0 AppleWebKit/537.36 (KHTML, like Gecko; compatible; GPTBot/1.4; +https://openai.com/gptbot)"
74.7.243.236 - - [21/Jul/2026:12:14:46 +0000] "GET /?h=12245489181100 HTTP/1.1" 200 97571 "https://mppglobalconcept.shop/sitemap.xml" "Mozilla/5.0 AppleWebKit/537.36 (KHTML, like Gecko; compatible; GPTBot/1.4; +https://openai.com/gptbot)"
74.7.243.236 - - [21/Jul/2026:12:14:48 +0000] "GET /?h=19200872581100 HTTP/1.1" 200 97571 "https://mppglobalconcept.shop/sitemap.xml" "Mozilla/5.0 AppleWebKit/537.36 (KHTML, like Gecko; compatible; GPTBot/1.4; +https://openai.com/gptbot)"
74.7.243.236 - - [21/Jul/2026:12:14:52 +0000] "GET /?h=20806922581100 HTTP/1.1" 200 97571 "https://mppglobalconcept.shop/sitemap.xml" "Mozilla/5.0 AppleWebKit/537.36 (KHTML, like Gecko; compatible; GPTBot/1.4; +https://openai.com/gptbot)"
74.7.243.236 - - [21/Jul/2026:12:14:54 +0000] "GET /?h=12165535281100 HTTP/1.1" 200 97571 "https://mppglobalconcept.shop/sitemap.xml" "Mozilla/5.0 AppleWebKit/537.36 (KHTML, like Gecko; compatible; GPTBot/1.4; +https://openai.com/gptbot)"
197.211.59.196 - - [21/Jul/2026:12:14:57 +0000] "POST /wp-admin/admin-ajax.php HTTP/1.1" 200 77 "https://mppglobalconcept.shop/wp-admin/post.php?post=47&action=elementor" "Mozilla/5.0 (Windows NT 10.0; Win64; x64) AppleWebKit/537.36 (KHTML, like Gecko) Chrome/150.0.0.0 Safari/537.36"
198.177.124.148 - - [21/Jul/2026:12:15:03 +0000] "POST /wp-cron.php?doing_wp_cron=1784636103.0990009307861328125000 HTTP/1.1" 200 - "-" "WordPress/7.0.2; https://mppglobalconcept.shop"
74.7.243.236 - - [21/Jul/2026:12:14:58 +0000] "GET /?h=19525527081100 HTTP/1.1" 200 97571 "https://mppglobalconcept.shop/sitemap.xml" "Mozilla/5.0 AppleWebKit/537.36 (KHTML, like Gecko; compatible; GPTBot/1.4; +https://openai.com/gptbot)"
74.7.243.236 - - [21/Jul/2026:12:15:03 +0000] "GET /?h=18037793581100 HTTP/1.1" 200 97571 "https://mppglobalconcept.shop/sitemap.xml" "Mozilla/5.0 AppleWebKit/537.36 (KHTML, like Gecko; compatible; GPTBot/1.4; +https://openai.com/gptbot)"
74.7.243.236 - - [21/Jul/2026:12:15:10 +0000] "GET /?h=16797815081100 HTTP/1.1" 200 97571 "https://mppglobalconcept.shop/sitemap.xml" "Mozilla/5.0 AppleWebKit/537.36 (KHTML, like Gecko; compatible; GPTBot/1.4; +https://openai.com/gptbot)"
197.211.59.196 - - [21/Jul/2026:12:15:12 +0000] "POST /wp-admin/admin-ajax.php HTTP/1.1" 200 77 "https://mppglobalconcept.shop/wp-admin/post.php?post=47&action=elementor" "Mozilla/5.0 (Windows NT 10.0; Win64; x64) AppleWebKit/537.36 (KHTML, like Gecko) Chrome/150.0.0.0 Safari/537.36"
74.7.243.236 - - [21/Jul/2026:12:15:14 +0000] "GET /?h=19363909481100 HTTP/1.1" 200 97571 "https://mppglobalconcept.shop/sitemap.xml" "Mozilla/5.0 AppleWebKit/537.36 (KHTML, like Gecko; compatible; GPTBot/1.4; +https://openai.com/gptbot)"
74.7.243.236 - - [21/Jul/2026:12:15:17 +0000] "GET /?h=17280642681100 HTTP/1.1" 200 97571 "https://mppglobalconcept.shop/sitemap.xml" "Mozilla/5.0 AppleWebKit/537.36 (KHTML, like Gecko; compatible; GPTBot/1.4; +https://openai.com/gptbot)"
74.7.243.236 - - [21/Jul/2026:12:15:21 +0000] "GET /?h=17933404481100 HTTP/1.1" 200 97571 "https://mppglobalconcept.shop/sitemap.xml" "Mozilla/5.0 AppleWebKit/537.36 (KHTML, like Gecko; compatible; GPTBot/1.4; +https://openai.com/gptbot)"
74.7.243.236 - - [21/Jul/2026:12:15:24 +0000] "GET /?h=12928844781100 HTTP/1.1" 200 97571 "https://mppglobalconcept.shop/sitemap.xml" "Mozilla/5.0 AppleWebKit/537.36 (KHTML, like Gecko; compatible; GPTBot/1.4; +https://openai.com/gptbot)"
74.7.243.236 - - [21/Jul/2026:12:15:26 +0000] "GET /?h=10441857681100 HTTP/1.1" 200 97571 "https://mppglobalconcept.shop/sitemap.xml" "Mozilla/5.0 AppleWebKit/537.36 (KHTML, like Gecko; compatible; GPTBot/1.4; +https://openai.com/gptbot)"
197.211.59.196 - - [21/Jul/2026:12:15:27 +0000] "POST /wp-admin/admin-ajax.php HTTP/1.1" 200 77 "https://mppglobalconcept.shop/wp-admin/post.php?post=47&action=elementor" "Mozilla/5.0 (Windows NT 10.0; Win64; x64) AppleWebKit/537.36 (KHTML, like Gecko) Chrome/150.0.0.0 Safari/537.36"
74.7.243.236 - - [21/Jul/2026:12:15:28 +0000] "GET /?h=24060323381100 HTTP/1.1" 200 97571 "https://mppglobalconcept.shop/sitemap.xml" "Mozilla/5.0 AppleWebKit/537.36 (KHTML, like Gecko; compatible; GPTBot/1.4; +https://openai.com/gptbot)"
74.7.243.236 - - [21/Jul/2026:12:15:31 +0000] "GET /?h=14592505081100 HTTP/1.1" 200 97571 "https://mppglobalconcept.shop/sitemap.xml" "Mozilla/5.0 AppleWebKit/537.36 (KHTML, like Gecko; compatible; GPTBot/1.4; +https://openai.com/gptbot)"
74.7.243.236 - - [21/Jul/2026:12:15:34 +0000] "GET /?h=24088535081100 HTTP/1.1" 200 97571 "https://mppglobalconcept.shop/sitemap.xml" "Mozilla/5.0 AppleWebKit/537.36 (KHTML, like Gecko; compatible; GPTBot/1.4; +https://openai.com/gptbot)"
74.7.243.236 - - [21/Jul/2026:12:15:36 +0000] "GET /?h=14825502681100 HTTP/1.1" 200 97571 "https://mppglobalconcept.shop/sitemap.xml" "Mozilla/5.0 AppleWebKit/537.36 (KHTML, like Gecko; compatible; GPTBot/1.4; +https://openai.com/gptbot)"
74.7.243.236 - - [21/Jul/2026:12:15:38 +0000] "GET /?h=22115774481100 HTTP/1.1" 200 97571 "https://mppglobalconcept.shop/sitemap.xml" "Mozilla/5.0 AppleWebKit/537.36 (KHTML, like Gecko; compatible; GPTBot/1.4; +https://openai.com/gptbot)"
74.7.243.236 - - [21/Jul/2026:12:15:40 +0000] "GET /?h=12187339381100 HTTP/1.1" 200 97571 "https://mppglobalconcept.shop/sitemap.xml" "Mozilla/5.0 AppleWebKit/537.36 (KHTML, like Gecko; compatible; GPTBot/1.4; +https://openai.com/gptbot)"
197.211.59.196 - - [21/Jul/2026:12:15:43 +0000] "POST /wp-admin/admin-ajax.php HTTP/1.1" 200 77 "https://mppglobalconcept.shop/wp-admin/post.php?post=47&action=elementor" "Mozilla/5.0 (Windows NT 10.0; Win64; x64) AppleWebKit/537.36 (KHTML, like Gecko) Chrome/150.0.0.0 Safari/537.36"
74.7.243.236 - - [21/Jul/2026:12:15:43 +0000] "GET /?h=17229713881100 HTTP/1.1" 200 97571 "https://mppglobalconcept.shop/sitemap.xml" "Mozilla/5.0 AppleWebKit/537.36 (KHTML, like Gecko; compatible; GPTBot/1.4; +https://openai.com/gptbot)"
74.7.243.236 - - [21/Jul/2026:12:15:46 +0000] "GET /?h=18507565281100 HTTP/1.1" 200 97571 "https://mppglobalconcept.shop/sitemap.xml" "Mozilla/5.0 AppleWebKit/537.36 (KHTML, like Gecko; compatible; GPTBot/1.4; +https://openai.com/gptbot)"
74.7.243.236 - - [21/Jul/2026:12:15:49 +0000] "GET /?h=23730788481100 HTTP/1.1" 200 97571 "https://mppglobalconcept.shop/sitemap.xml" "Mozilla/5.0 AppleWebKit/537.36 (KHTML, like Gecko; compatible; GPTBot/1.4; +https://openai.com/gptbot)"
74.7.243.236 - - [21/Jul/2026:12:15:53 +0000] "GET /?h=17802322581100 HTTP/1.1" 200 97571 "https://mppglobalconcept.shop/sitemap.xml" "Mozilla/5.0 AppleWebKit/537.36 (KHTML, like Gecko; compatible; GPTBot/1.4; +https://openai.com/gptbot)"
74.7.243.236 - - [21/Jul/2026:12:15:55 +0000] "GET /?h=20534890081100 HTTP/1.1" 200 97571 "https://mppglobalconcept.shop/sitemap.xml" "Mozilla/5.0 AppleWebKit/537.36 (KHTML, like Gecko; compatible; GPTBot/1.4; +https://openai.com/gptbot)"
197.211.59.196 - - [21/Jul/2026:12:15:53 +0000] "GET /wp-admin/admin-ajax.php?action=imgedit-preview&_ajax_nonce=429fc76849&postid=53&history=%5B%7B%22c%22%3A%7B%22x%22%3A0%2C%22y%22%3A0%2C%22w%22%3A%22773%22%2C%22h%22%3A%221024%22%2C%22r%22%3A1%7D%7D%5D&rand=371249 HTTP/1.1" 200 422019 "https://mppglobalconcept.shop/wp-admin/post.php?post=47&action=elementor" "Mozilla/5.0 (Windows NT 10.0; Win64; x64) AppleWebKit/537.36 (KHTML, like Gecko) Chrome/150.0.0.0 Safari/537.36"
197.211.59.196 - - [21/Jul/2026:12:15:58 +0000] "POST /wp-admin/admin-ajax.php HTTP/1.1" 200 77 "https://mppglobalconcept.shop/wp-admin/post.php?post=47&action=elementor" "Mozilla/5.0 (Windows NT 10.0; Win64; x64) AppleWebKit/537.36 (KHTML, like Gecko) Chrome/150.0.0.0 Safari/537.36"
74.7.243.236 - - [21/Jul/2026:12:15:58 +0000] "GET /?h=12538238481100 HTTP/1.1" 200 97571 "https://mppglobalconcept.shop/sitemap.xml" "Mozilla/5.0 AppleWebKit/537.36 (KHTML, like Gecko; compatible; GPTBot/1.4; +https://openai.com/gptbot)"
74.7.243.236 - - [21/Jul/2026:12:16:00 +0000] "GET /?h=12788948281100 HTTP/1.1" 200 97571 "https://mppglobalconcept.shop/sitemap.xml" "Mozilla/5.0 AppleWebKit/537.36 (KHTML, like Gecko; compatible; GPTBot/1.4; +https://openai.com/gptbot)"
198.177.124.148 - - [21/Jul/2026:12:16:05 +0000] "POST /wp-cron.php?doing_wp_cron=1784636165.4389970302581787109375 HTTP/1.1" 200 - "-" "WordPress/7.0.2; https://mppglobalconcept.shop"
74.7.243.236 - - [21/Jul/2026:12:16:03 +0000] "GET /?h=17242047681100 HTTP/1.1" 200 97571 "https://mppglobalconcept.shop/sitemap.xml" "Mozilla/5.0 AppleWebKit/537.36 (KHTML, like Gecko; compatible; GPTBot/1.4; +https://openai.com/gptbot)"
74.7.243.236 - - [21/Jul/2026:12:16:05 +0000] "GET /?h=22715092581100 HTTP/1.1" 200 97571 "https://mppglobalconcept.shop/sitemap.xml" "Mozilla/5.0 AppleWebKit/537.36 (KHTML, like Gecko; compatible; GPTBot/1.4; +https://openai.com/gptbot)"
74.7.243.236 - - [21/Jul/2026:12:16:08 +0000] "GET /?h=13808719481100 HTTP/1.1" 200 97571 "https://mppglobalconcept.shop/sitemap.xml" "Mozilla/5.0 AppleWebKit/537.36 (KHTML, like Gecko; compatible; GPTBot/1.4; +https://openai.com/gptbot)"
74.7.243.236 - - [21/Jul/2026:12:16:11 +0000] "GET /?h=18064585981100 HTTP/1.1" 200 97571 "https://mppglobalconcept.shop/sitemap.xml" "Mozilla/5.0 AppleWebKit/537.36 (KHTML, like Gecko; compatible; GPTBot/1.4; +https://openai.com/gptbot)"
197.211.59.196 - - [21/Jul/2026:12:16:12 +0000] "POST /wp-admin/admin-ajax.php HTTP/1.1" 200 77 "https://mppglobalconcept.shop/wp-admin/post.php?post=47&action=elementor" "Mozilla/5.0 (Windows NT 10.0; Win64; x64) AppleWebKit/537.36 (KHTML, like Gecko) Chrome/150.0.0.0 Safari/537.36"
74.7.243.236 - - [21/Jul/2026:12:16:14 +0000] "GET /?h=24220380581100 HTTP/1.1" 200 97571 "https://mppglobalconcept.shop/sitemap.xml" "Mozilla/5.0 AppleWebKit/537.36 (KHTML, like Gecko; compatible; GPTBot/1.4; +https://openai.com/gptbot)"
197.211.59.196 - - [21/Jul/2026:12:16:10 +0000] "POST /wp-admin/admin-ajax.php HTTP/1.1" 200 207 "https://mppglobalconcept.shop/wp-admin/post.php?post=47&action=elementor" "Mozilla/5.0 (Windows NT 10.0; Win64; x64) AppleWebKit/537.36 (KHTML, like Gecko) Chrome/150.0.0.0 Safari/537.36"
74.7.243.236 - - [21/Jul/2026:12:16:16 +0000] "GET /?h=14019655681100 HTTP/1.1" 200 97571 "https://mppglobalconcept.shop/sitemap.xml" "Mozilla/5.0 AppleWebKit/537.36 (KHTML, like Gecko; compatible; GPTBot/1.4; +https://openai.com/gptbot)"
74.7.243.236 - - [21/Jul/2026:12:16:18 +0000] "GET /?h=24661807781100 HTTP/1.1" 200 97571 "https://mppglobalconcept.shop/sitemap.xml" "Mozilla/5.0 AppleWebKit/537.36 (KHTML, like Gecko; compatible; GPTBot/1.4; +https://openai.com/gptbot)"
198.177.124.148 - - [21/Jul/2026:12:16:14 +0000] "POST /wp-admin/admin-ajax.php?action=as_async_request_queue_runner&nonce=8fb93e6ee2 HTTP/1.1" 200 - "-" "WordPress/7.0.2; https://mppglobalconcept.shop"
197.211.59.196 - - [21/Jul/2026:12:16:19 +0000] "POST /wp-admin/admin-ajax.php HTTP/1.1" 200 1922 "https://mppglobalconcept.shop/wp-admin/post.php?post=47&action=elementor" "Mozilla/5.0 (Windows NT 10.0; Win64; x64) AppleWebKit/537.36 (KHTML, like Gecko) Chrome/150.0.0.0 Safari/537.36"
74.7.243.236 - - [21/Jul/2026:12:16:20 +0000] "GET /?h=15324241381100 HTTP/1.1" 200 97571 "https://mppglobalconcept.shop/sitemap.xml" "Mozilla/5.0 AppleWebKit/537.36 (KHTML, like Gecko; compatible; GPTBot/1.4; +https://openai.com/gptbot)"
74.7.243.236 - - [21/Jul/2026:12:16:22 +0000] "GET /?h=18783863981100 HTTP/1.1" 200 97571 "https://mppglobalconcept.shop/sitemap.xml" "Mozilla/5.0 AppleWebKit/537.36 (KHTML, like Gecko; compatible; GPTBot/1.4; +https://openai.com/gptbot)"
197.211.59.196 - - [21/Jul/2026:12:16:22 +0000] "GET /wp-content/uploads/2026/07/ChatGPT-Image-Jul-21-2026-12_03_46-PM-e1784636173428-226x300.png HTTP/1.1" 200 122511 "https://mppglobalconcept.shop/wp-admin/post.php?post=47&action=elementor" "Mozilla/5.0 (Windows NT 10.0; Win64; x64) AppleWebKit/537.36 (KHTML, like Gecko) Chrome/150.0.0.0 Safari/537.36"
197.211.59.196 - - [21/Jul/2026:12:16:23 +0000] "GET /wp-content/uploads/2026/07/1783607613501-200x300.jpg HTTP/1.1" 200 241767 "https://mppglobalconcept.shop/wp-admin/post.php?post=47&action=elementor" "Mozilla/5.0 (Windows NT 10.0; Win64; x64) AppleWebKit/537.36 (KHTML, like Gecko) Chrome/150.0.0.0 Safari/537.36"
74.7.243.236 - - [21/Jul/2026:12:16:24 +0000] "GET /?h=10934711681100 HTTP/1.1" 200 97571 "https://mppglobalconcept.shop/sitemap.xml" "Mozilla/5.0 AppleWebKit/537.36 (KHTML, like Gecko; compatible; GPTBot/1.4; +https://openai.com/gptbot)"
197.211.59.196 - - [21/Jul/2026:12:16:23 +0000] "GET /wp-content/uploads/2026/07/images-3-150x150.jpg HTTP/1.1" 200 241767 "https://mppglobalconcept.shop/wp-admin/post.php?post=47&action=elementor" "Mozilla/5.0 (Windows NT 10.0; Win64; x64) AppleWebKit/537.36 (KHTML, like Gecko) Chrome/150.0.0.0 Safari/537.36"
197.211.59.196 - - [21/Jul/2026:12:16:23 +0000] "GET /wp-content/uploads/2026/07/images-1-225x300.jpg HTTP/1.1" 200 241767 "https://mppglobalconcept.shop/wp-admin/post.php?post=47&action=elementor" "Mozilla/5.0 (Windows NT 10.0; Win64; x64) AppleWebKit/537.36 (KHTML, like Gecko) Chrome/150.0.0.0 Safari/537.36"
197.211.59.196 - - [21/Jul/2026:12:16:23 +0000] "GET /wp-content/uploads/2026/07/1-300x300.jpg HTTP/1.1" 200 241767 "https://mppglobalconcept.shop/wp-admin/post.php?post=47&action=elementor" "Mozilla/5.0 (Windows NT 10.0; Win64; x64) AppleWebKit/537.36 (KHTML, like Gecko) Chrome/150.0.0.0 Safari/537.36"
74.7.243.236 - - [21/Jul/2026:12:16:27 +0000] "GET /?h=24332837281100 HTTP/1.1" 200 97571 "https://mppglobalconcept.shop/sitemap.xml" "Mozilla/5.0 AppleWebKit/537.36 (KHTML, like Gecko; compatible; GPTBot/1.4; +https://openai.com/gptbot)"
74.7.243.236 - - [21/Jul/2026:12:16:29 +0000] "GET /?h=12023464181100 HTTP/1.1" 200 97571 "https://mppglobalconcept.shop/sitemap.xml" "Mozilla/5.0 AppleWebKit/537.36 (KHTML, like Gecko; compatible; GPTBot/1.4; +https://openai.com/gptbot)"
197.211.59.196 - - [21/Jul/2026:12:16:24 +0000] "GET /wp-content/uploads/2026/07/images-225x300.jpg HTTP/1.1" 200 241767 "https://mppglobalconcept.shop/wp-admin/post.php?post=47&action=elementor" "Mozilla/5.0 (Windows NT 10.0; Win64; x64) AppleWebKit/537.36 (KHTML, like Gecko) Chrome/150.0.0.0 Safari/537.36"
74.7.243.236 - - [21/Jul/2026:12:16:31 +0000] "GET /?h=20182754281100 HTTP/1.1" 200 97571 "https://mppglobalconcept.shop/sitemap.xml" "Mozilla/5.0 AppleWebKit/537.36 (KHTML, like Gecko; compatible; GPTBot/1.4; +https://openai.com/gptbot)"
74.7.243.236 - - [21/Jul/2026:12:16:34 +0000] "GET /?h=11337651781100 HTTP/1.1" 200 97571 "https://mppglobalconcept.shop/sitemap.xml" "Mozilla/5.0 AppleWebKit/537.36 (KHTML, like Gecko; compatible; GPTBot/1.4; +https://openai.com/gptbot)"
74.7.243.236 - - [21/Jul/2026:12:16:37 +0000] "GET /?h=20772917481100 HTTP/1.1" 200 97571 "https://mppglobalconcept.shop/sitemap.xml" "Mozilla/5.0 AppleWebKit/537.36 (KHTML, like Gecko; compatible; GPTBot/1.4; +https://openai.com/gptbot)"
197.211.59.196 - - [21/Jul/2026:12:16:33 +0000] "GET /wp-content/uploads/2026/07/1783607613518-3-280x300.jpg HTTP/1.1" 200 241767 "https://mppglobalconcept.shop/wp-admin/post.php?post=47&action=elementor" "Mozilla/5.0 (Windows NT 10.0; Win64; x64) AppleWebKit/537.36 (KHTML, like Gecko) Chrome/150.0.0.0 Safari/537.36"
197.211.59.196 - - [21/Jul/2026:12:16:34 +0000] "GET /wp-content/uploads/2026/07/images-2-300x300.jpg HTTP/1.1" 200 241767 "https://mppglobalconcept.shop/wp-admin/post.php?post=47&action=elementor" "Mozilla/5.0 (Windows NT 10.0; Win64; x64) AppleWebKit/537.36 (KHTML, like Gecko) Chrome/150.0.0.0 Safari/537.36"
74.7.243.236 - - [21/Jul/2026:12:16:38 +0000] "GET /?h=22788306881100 HTTP/1.1" 200 97571 "https://mppglobalconcept.shop/sitemap.xml" "Mozilla/5.0 AppleWebKit/537.36 (KHTML, like Gecko; compatible; GPTBot/1.4; +https://openai.com/gptbot)"
197.211.59.196 - - [21/Jul/2026:12:16:41 +0000] "POST /wp-admin/admin-ajax.php HTTP/1.1" 200 77 "https://mppglobalconcept.shop/wp-admin/post.php?post=47&action=elementor" "Mozilla/5.0 (Windows NT 10.0; Win64; x64) AppleWebKit/537.36 (KHTML, like Gecko) Chrome/150.0.0.0 Safari/537.36"
197.211.59.196 - - [21/Jul/2026:12:16:38 +0000] "GET /wp-content/uploads/2026/07/1783607613518-280x300.jpg HTTP/1.1" 200 241767 "https://mppglobalconcept.shop/wp-admin/post.php?post=47&action=elementor" "Mozilla/5.0 (Windows NT 10.0; Win64; x64) AppleWebKit/537.36 (KHTML, like Gecko) Chrome/150.0.0.0 Safari/537.36"
197.211.59.196 - - [21/Jul/2026:12:16:39 +0000] "GET /wp-content/uploads/2026/07/1783607613518-4-280x300.jpg HTTP/1.1" 200 241767 "https://mppglobalconcept.shop/wp-admin/post.php?post=47&action=elementor" "Mozilla/5.0 (Windows NT 10.0; Win64; x64) AppleWebKit/537.36 (KHTML, like Gecko) Chrome/150.0.0.0 Safari/537.36"
197.211.59.196 - - [21/Jul/2026:12:16:41 +0000] "GET /wp-content/uploads/2026/07/1783607613518-2-280x300.jpg HTTP/1.1" 200 241767 "https://mppglobalconcept.shop/wp-admin/post.php?post=47&action=elementor" "Mozilla/5.0 (Windows NT 10.0; Win64; x64) AppleWebKit/537.36 (KHTML, like Gecko) Chrome/150.0.0.0 Safari/537.36"
197.211.59.196 - - [21/Jul/2026:12:16:39 +0000] "GET /wp-content/uploads/2026/07/1783607613518-1-280x300.jpg HTTP/1.1" 200 241767 "https://mppglobalconcept.shop/wp-admin/post.php?post=47&action=elementor" "Mozilla/5.0 (Windows NT 10.0; Win64; x64) AppleWebKit/537.36 (KHTML, like Gecko) Chrome/150.0.0.0 Safari/537.36"
74.7.243.236 - - [21/Jul/2026:12:16:43 +0000] "GET /?h=15768864081100 HTTP/1.1" 200 97571 "https://mppglobalconcept.shop/sitemap.xml" "Mozilla/5.0 AppleWebKit/537.36 (KHTML, like Gecko; compatible; GPTBot/1.4; +https://openai.com/gptbot)"
197.211.59.196 - - [21/Jul/2026:12:16:44 +0000] "POST /wp-admin/admin-ajax.php HTTP/1.1" 200 77 "https://mppglobalconcept.shop/wp-admin/post.php?post=47&action=elementor" "Mozilla/5.0 (Windows NT 10.0; Win64; x64) AppleWebKit/537.36 (KHTML, like Gecko) Chrome/150.0.0.0 Safari/537.36"
197.211.59.196 - - [21/Jul/2026:12:16:43 +0000] "GET /wp-content/uploads/2026/07/images-4-1-210x300.jpg HTTP/1.1" 200 241767 "https://mppglobalconcept.shop/wp-admin/post.php?post=47&action=elementor" "Mozilla/5.0 (Windows NT 10.0; Win64; x64) AppleWebKit/537.36 (KHTML, like Gecko) Chrome/150.0.0.0 Safari/537.36"
74.7.243.236 - - [21/Jul/2026:12:16:46 +0000] "GET /?h=14103352881100 HTTP/1.1" 200 97571 "https://mppglobalconcept.shop/sitemap.xml" "Mozilla/5.0 AppleWebKit/537.36 (KHTML, like Gecko; compatible; GPTBot/1.4; +https://openai.com/gptbot)"
197.211.59.196 - - [21/Jul/2026:12:16:44 +0000] "GET /wp-content/uploads/2026/07/pef-300x171.jpeg HTTP/1.1" 200 241767 "https://mppglobalconcept.shop/wp-admin/post.php?post=47&action=elementor" "Mozilla/5.0 (Windows NT 10.0; Win64; x64) AppleWebKit/537.36 (KHTML, like Gecko) Chrome/150.0.0.0 Safari/537.36"
197.211.59.196 - - [21/Jul/2026:12:16:44 +0000] "GET /wp-content/uploads/2026/07/images-4-210x300.jpg HTTP/1.1" 200 241767 "https://mppglobalconcept.shop/wp-admin/post.php?post=47&action=elementor" "Mozilla/5.0 (Windows NT 10.0; Win64; x64) AppleWebKit/537.36 (KHTML, like Gecko) Chrome/150.0.0.0 Safari/537.36"
197.211.59.196 - - [21/Jul/2026:12:16:44 +0000] "GET /wp-content/uploads/2026/07/images-5-168x300.jpg HTTP/1.1" 200 241767 "https://mppglobalconcept.shop/wp-admin/post.php?post=47&action=elementor" "Mozilla/5.0 (Windows NT 10.0; Win64; x64) AppleWebKit/537.36 (KHTML, like Gecko) Chrome/150.0.0.0 Safari/537.36"
197.211.59.196 - - [21/Jul/2026:12:16:44 +0000] "GET /wp-content/uploads/2026/07/images-2-1-300x300.jpg HTTP/1.1" 200 241767 "https://mppglobalconcept.shop/wp-admin/post.php?post=47&action=elementor" "Mozilla/5.0 (Windows NT 10.0; Win64; x64) AppleWebKit/537.36 (KHTML, like Gecko) Chrome/150.0.0.0 Safari/537.36"
74.7.243.236 - - [21/Jul/2026:12:16:49 +0000] "GET /?h=11718497281100 HTTP/1.1" 200 97571 "https://mppglobalconcept.shop/sitemap.xml" "Mozilla/5.0 AppleWebKit/537.36 (KHTML, like Gecko; compatible; GPTBot/1.4; +https://openai.com/gptbot)"
74.7.243.236 - - [21/Jul/2026:12:16:51 +0000] "GET /?h=19463633981100 HTTP/1.1" 200 97571 "https://mppglobalconcept.shop/sitemap.xml" "Mozilla/5.0 AppleWebKit/537.36 (KHTML, like Gecko; compatible; GPTBot/1.4; +https://openai.com/gptbot)"
197.211.59.196 - - [21/Jul/2026:12:16:47 +0000] "GET /wp-content/uploads/2026/07/ChatGPT-Image-Jul-21-2026-12_03_46-PM-e1784636173428.png HTTP/1.1" 200 1135682 "https://mppglobalconcept.shop/health-products-2/?elementor-preview=47&ver=1784556993" "Mozilla/5.0 (Windows NT 10.0; Win64; x64) AppleWebKit/537.36 (KHTML, like Gecko) Chrome/150.0.0.0 Safari/537.36"
74.7.243.236 - - [21/Jul/2026:12:16:53 +0000] "GET /?h=19851102881100 HTTP/1.1" 200 97571 "https://mppglobalconcept.shop/sitemap.xml" "Mozilla/5.0 AppleWebKit/537.36 (KHTML, like Gecko; compatible; GPTBot/1.4; +https://openai.com/gptbot)"
74.7.243.236 - - [21/Jul/2026:12:16:57 +0000] "GET /?h=23112313981100 HTTP/1.1" 200 97571 "https://mppglobalconcept.shop/sitemap.xml" "Mozilla/5.0 AppleWebKit/537.36 (KHTML, like Gecko; compatible; GPTBot/1.4; +https://openai.com/gptbot)"
197.211.59.196 - - [21/Jul/2026:12:16:58 +0000] "POST /wp-admin/admin-ajax.php HTTP/1.1" 200 77 "https://mppglobalconcept.shop/wp-admin/post.php?post=47&action=elementor" "Mozilla/5.0 (Windows NT 10.0; Win64; x64) AppleWebKit/537.36 (KHTML, like Gecko) Chrome/150.0.0.0 Safari/537.36"
74.7.243.236 - - [21/Jul/2026:12:16:59 +0000] "GET /?h=21811471581100 HTTP/1.1" 200 97571 "https://mppglobalconcept.shop/sitemap.xml" "Mozilla/5.0 AppleWebKit/537.36 (KHTML, like Gecko; compatible; GPTBot/1.4; +https://openai.com/gptbot)"
198.177.124.148 - - [21/Jul/2026:12:17:05 +0000] "POST /wp-cron.php?doing_wp_cron=1784636225.5776839256286621093750 HTTP/1.1" 200 - "-" "WordPress/7.0.2; https://mppglobalconcept.shop"
74.7.243.236 - - [21/Jul/2026:12:17:01 +0000] "GET /?h=11711018981100 HTTP/1.1" 200 97571 "https://mppglobalconcept.shop/sitemap.xml" "Mozilla/5.0 AppleWebKit/537.36 (KHTML, like Gecko; compatible; GPTBot/1.4; +https://openai.com/gptbot)"
74.7.243.236 - - [21/Jul/2026:12:17:05 +0000] "GET /?h=13207201881100 HTTP/1.1" 200 97571 "https://mppglobalconcept.shop/sitemap.xml" "Mozilla/5.0 AppleWebKit/537.36 (KHTML, like Gecko; compatible; GPTBot/1.4; +https://openai.com/gptbot)"
197.211.59.196 - - [21/Jul/2026:12:17:09 +0000] "POST /wp-admin/admin-ajax.php HTTP/1.1" 200 26622 "https://mppglobalconcept.shop/wp-admin/post.php?post=47&action=elementor" "Mozilla/5.0 (Windows NT 10.0; Win64; x64) AppleWebKit/537.36 (KHTML, like Gecko) Chrome/150.0.0.0 Safari/537.36"
74.7.243.236 - - [21/Jul/2026:12:17:11 +0000] "GET /?h=20259122581100 HTTP/1.1" 200 97571 "https://mppglobalconcept.shop/sitemap.xml" "Mozilla/5.0 AppleWebKit/537.36 (KHTML, like Gecko; compatible; GPTBot/1.4; +https://openai.com/gptbot)"
197.211.59.196 - - [21/Jul/2026:12:17:14 +0000] "POST /wp-admin/admin-ajax.php HTTP/1.1" 200 77 "https://mppglobalconcept.shop/wp-admin/post.php?post=47&action=elementor" "Mozilla/5.0 (Windows NT 10.0; Win64; x64) AppleWebKit/537.36 (KHTML, like Gecko) Chrome/150.0.0.0 Safari/537.36"
74.7.243.236 - - [21/Jul/2026:12:17:14 +0000] "GET /?h=17607471781100 HTTP/1.1" 200 97571 "https://mppglobalconcept.shop/sitemap.xml" "Mozilla/5.0 AppleWebKit/537.36 (KHTML, like Gecko; compatible; GPTBot/1.4; +https://openai.com/gptbot)"
74.7.243.236 - - [21/Jul/2026:12:17:19 +0000] "GET /?h=13880132681100 HTTP/1.1" 200 97571 "https://mppglobalconcept.shop/sitemap.xml" "Mozilla/5.0 AppleWebKit/537.36 (KHTML, like Gecko; compatible; GPTBot/1.4; +https://openai.com/gptbot)"
74.7.243.236 - - [21/Jul/2026:12:17:22 +0000] "GET /?h=12407032081100 HTTP/1.1" 200 97571 "https://mppglobalconcept.shop/sitemap.xml" "Mozilla/5.0 AppleWebKit/537.36 (KHTML, like Gecko; compatible; GPTBot/1.4; +https://openai.com/gptbot)"
197.211.59.196 - - [21/Jul/2026:12:17:20 +0000] "GET /wp-content/uploads/2026/07/1783607613518-2-280x300.jpg HTTP/1.1" 200 241767 "https://mppglobalconcept.shop/wp-admin/post.php?post=47&action=elementor" "Mozilla/5.0 (Windows NT 10.0; Win64; x64) AppleWebKit/537.36 (KHTML, like Gecko) Chrome/150.0.0.0 Safari/537.36"
74.7.243.236 - - [21/Jul/2026:12:17:25 +0000] "GET /?h=23013386281100 HTTP/1.1" 200 97571 "https://mppglobalconcept.shop/sitemap.xml" "Mozilla/5.0 AppleWebKit/537.36 (KHTML, like Gecko; compatible; GPTBot/1.4; +https://openai.com/gptbot)"
197.211.59.196 - - [21/Jul/2026:12:17:21 +0000] "GET /wp-content/uploads/2026/07/images-225x300.jpg HTTP/1.1" 200 241767 "https://mppglobalconcept.shop/wp-admin/post.php?post=47&action=elementor" "Mozilla/5.0 (Windows NT 10.0; Win64; x64) AppleWebKit/537.36 (KHTML, like Gecko) Chrome/150.0.0.0 Safari/537.36"
74.7.243.236 - - [21/Jul/2026:12:17:27 +0000] "GET /?h=17709229781100 HTTP/1.1" 200 97571 "https://mppglobalconcept.shop/sitemap.xml" "Mozilla/5.0 AppleWebKit/537.36 (KHTML, like Gecko; compatible; GPTBot/1.4; +https://openai.com/gptbot)"
197.211.59.196 - - [21/Jul/2026:12:17:21 +0000] "GET /wp-content/uploads/2026/07/1783607613518-1-280x300.jpg HTTP/1.1" 200 241767 "https://mppglobalconcept.shop/wp-admin/post.php?post=47&action=elementor" "Mozilla/5.0 (Windows NT 10.0; Win64; x64) AppleWebKit/537.36 (KHTML, like Gecko) Chrome/150.0.0.0 Safari/537.36"
197.211.59.196 - - [21/Jul/2026:12:17:21 +0000] "GET /wp-content/uploads/2026/07/1783607613518-4-280x300.jpg HTTP/1.1" 200 241767 "https://mppglobalconcept.shop/wp-admin/post.php?post=47&action=elementor" "Mozilla/5.0 (Windows NT 10.0; Win64; x64) AppleWebKit/537.36 (KHTML, like Gecko) Chrome/150.0.0.0 Safari/537.36"
197.211.59.196 - - [21/Jul/2026:12:17:21 +0000] "GET /wp-content/uploads/2026/07/images-4-210x300.jpg HTTP/1.1" 200 241767 "https://mppglobalconcept.shop/wp-admin/post.php?post=47&action=elementor" "Mozilla/5.0 (Windows NT 10.0; Win64; x64) AppleWebKit/537.36 (KHTML, like Gecko) Chrome/150.0.0.0 Safari/537.36"
74.7.243.236 - - [21/Jul/2026:12:17:29 +0000] "GET /?h=17720310281100 HTTP/1.1" 200 97571 "https://mppglobalconcept.shop/sitemap.xml" "Mozilla/5.0 AppleWebKit/537.36 (KHTML, like Gecko; compatible; GPTBot/1.4; +https://openai.com/gptbot)"
74.7.243.236 - - [21/Jul/2026:12:17:31 +0000] "GET /?h=19123010281100 HTTP/1.1" 200 97571 "https://mppglobalconcept.shop/sitemap.xml" "Mozilla/5.0 AppleWebKit/537.36 (KHTML, like Gecko; compatible; GPTBot/1.4; +https://openai.com/gptbot)"
197.211.59.196 - - [21/Jul/2026:12:17:32 +0000] "GET /wp-content/uploads/2026/07/images-3-150x150.jpg HTTP/1.1" 200 241767 "https://mppglobalconcept.shop/wp-admin/post.php?post=47&action=elementor" "Mozilla/5.0 (Windows NT 10.0; Win64; x64) AppleWebKit/537.36 (KHTML, like Gecko) Chrome/150.0.0.0 Safari/537.36"
74.7.243.236 - - [21/Jul/2026:12:17:34 +0000] "GET /?h=10683869081100 HTTP/1.1" 200 97571 "https://mppglobalconcept.shop/sitemap.xml" "Mozilla/5.0 AppleWebKit/537.36 (KHTML, like Gecko; compatible; GPTBot/1.4; +https://openai.com/gptbot)"
197.211.59.196 - - [21/Jul/2026:12:17:18 +0000] "POST /wp-admin/async-upload.php HTTP/1.1" 403 2 "https://mppglobalconcept.shop/wp-admin/post.php?post=47&action=elementor" "Mozilla/5.0 (Windows NT 10.0; Win64; x64) AppleWebKit/537.36 (KHTML, like Gecko) Chrome/150.0.0.0 Safari/537.36"
74.7.243.236 - - [21/Jul/2026:12:17:38 +0000] "GET /?h=21792721881100 HTTP/1.1" 200 97571 "https://mppglobalconcept.shop/sitemap.xml" "Mozilla/5.0 AppleWebKit/537.36 (KHTML, like Gecko; compatible; GPTBot/1.4; +https://openai.com/gptbot)"
74.7.243.236 - - [21/Jul/2026:12:17:41 +0000] "GET /?h=16108541581100 HTTP/1.1" 200 97571 "https://mppglobalconcept.shop/sitemap.xml" "Mozilla/5.0 AppleWebKit/537.36 (KHTML, like Gecko; compatible; GPTBot/1.4; +https://openai.com/gptbot)"
197.211.59.196 - - [21/Jul/2026:12:17:35 +0000] "GET /wp-content/uploads/2026/07/1783607613501-200x300.jpg HTTP/1.1" 200 241767 "https://mppglobalconcept.shop/wp-admin/post.php?post=47&action=elementor" "Mozilla/5.0 (Windows NT 10.0; Win64; x64) AppleWebKit/537.36 (KHTML, like Gecko) Chrome/150.0.0.0 Safari/537.36"
74.7.243.236 - - [21/Jul/2026:12:17:42 +0000] "GET /?h=21631610581100 HTTP/1.1" 200 97571 "https://mppglobalconcept.shop/sitemap.xml" "Mozilla/5.0 AppleWebKit/537.36 (KHTML, like Gecko; compatible; GPTBot/1.4; +https://openai.com/gptbot)"
197.211.59.196 - - [21/Jul/2026:12:17:36 +0000] "GET /wp-content/uploads/2026/07/images-5-168x300.jpg HTTP/1.1" 200 241767 "https://mppglobalconcept.shop/wp-admin/post.php?post=47&action=elementor" "Mozilla/5.0 (Windows NT 10.0; Win64; x64) AppleWebKit/537.36 (KHTML, like Gecko) Chrome/150.0.0.0 Safari/537.36"
74.7.243.236 - - [21/Jul/2026:12:17:44 +0000] "GET /?h=21436021081100 HTTP/1.1" 200 97571 "https://mppglobalconcept.shop/sitemap.xml" "Mozilla/5.0 AppleWebKit/537.36 (KHTML, like Gecko; compatible; GPTBot/1.4; +https://openai.com/gptbot)"
197.211.59.196 - - [21/Jul/2026:12:17:35 +0000] "GET /wp-content/uploads/2026/07/images-2-300x300.jpg HTTP/1.1" 200 241767 "https://mppglobalconcept.shop/wp-admin/post.php?post=47&action=elementor" "Mozilla/5.0 (Windows NT 10.0; Win64; x64) AppleWebKit/537.36 (KHTML, like Gecko) Chrome/150.0.0.0 Safari/537.36"
197.211.59.196 - - [21/Jul/2026:12:17:35 +0000] "GET /wp-content/uploads/2026/07/pef-300x171.jpeg HTTP/1.1" 200 241767 "https://mppglobalconcept.shop/wp-admin/post.php?post=47&action=elementor" "Mozilla/5.0 (Windows NT 10.0; Win64; x64) AppleWebKit/537.36 (KHTML, like Gecko) Chrome/150.0.0.0 Safari/537.36"
197.211.59.196 - - [21/Jul/2026:12:17:35 +0000] "GET /wp-content/uploads/2026/07/1-300x300.jpg HTTP/1.1" 200 241767 "https://mppglobalconcept.shop/wp-admin/post.php?post=47&action=elementor" "Mozilla/5.0 (Windows NT 10.0; Win64; x64) AppleWebKit/537.36 (KHTML, like Gecko) Chrome/150.0.0.0 Safari/537.36"
197.211.59.196 - - [21/Jul/2026:12:17:44 +0000] "GET /wp-content/uploads/2026/07/1783607613518-3-280x300.jpg HTTP/1.1" 200 241767 "https://mppglobalconcept.shop/wp-admin/post.php?post=47&action=elementor" "Mozilla/5.0 (Windows NT 10.0; Win64; x64) AppleWebKit/537.36 (KHTML, like Gecko) Chrome/150.0.0.0 Safari/537.36"
74.7.243.236 - - [21/Jul/2026:12:17:45 +0000] "GET /?h=11651914681100 HTTP/1.1" 200 97571 "https://mppglobalconcept.shop/sitemap.xml" "Mozilla/5.0 AppleWebKit/537.36 (KHTML, like Gecko; compatible; GPTBot/1.4; +https://openai.com/gptbot)"
197.211.59.196 - - [21/Jul/2026:12:17:46 +0000] "POST /wp-admin/admin-ajax.php HTTP/1.1" 200 77 "https://mppglobalconcept.shop/wp-admin/post.php?post=47&action=elementor" "Mozilla/5.0 (Windows NT 10.0; Win64; x64) AppleWebKit/537.36 (KHTML, like Gecko) Chrome/150.0.0.0 Safari/537.36"
197.211.59.196 - - [21/Jul/2026:12:17:46 +0000] "GET /wp-content/uploads/2026/07/images-1-225x300.jpg HTTP/1.1" 200 241767 "https://mppglobalconcept.shop/wp-admin/post.php?post=47&action=elementor" "Mozilla/5.0 (Windows NT 10.0; Win64; x64) AppleWebKit/537.36 (KHTML, like Gecko) Chrome/150.0.0.0 Safari/537.36"
197.211.59.196 - - [21/Jul/2026:12:17:46 +0000] "GET /wp-content/uploads/2026/07/1783607613518-280x300.jpg HTTP/1.1" 200 241767 "https://mppglobalconcept.shop/wp-admin/post.php?post=47&action=elementor" "Mozilla/5.0 (Windows NT 10.0; Win64; x64) AppleWebKit/537.36 (KHTML, like Gecko) Chrome/150.0.0.0 Safari/537.36"
197.211.59.196 - - [21/Jul/2026:12:17:47 +0000] "GET /wp-content/uploads/2026/07/images-4-1-210x300.jpg HTTP/1.1" 200 241767 "https://mppglobalconcept.shop/wp-admin/post.php?post=47&action=elementor" "Mozilla/5.0 (Windows NT 10.0; Win64; x64) AppleWebKit/537.36 (KHTML, like Gecko) Chrome/150.0.0.0 Safari/537.36"
197.211.59.196 - - [21/Jul/2026:12:17:49 +0000] "POST /wp-admin/admin-ajax.php HTTP/1.1" 200 77 "https://mppglobalconcept.shop/wp-admin/post.php?post=47&action=elementor" "Mozilla/5.0 (Windows NT 10.0; Win64; x64) AppleWebKit/537.36 (KHTML, like Gecko) Chrome/150.0.0.0 Safari/537.36"
197.211.59.196 - - [21/Jul/2026:12:17:47 +0000] "GET /wp-content/uploads/2026/07/images-2-1-300x300.jpg HTTP/1.1" 200 241767 "https://mppglobalconcept.shop/wp-admin/post.php?post=47&action=elementor" "Mozilla/5.0 (Windows NT 10.0; Win64; x64) AppleWebKit/537.36 (KHTML, like Gecko) Chrome/150.0.0.0 Safari/537.36"
74.7.243.236 - - [21/Jul/2026:12:17:48 +0000] "GET /?h=11476170481100 HTTP/1.1" 200 97571 "https://mppglobalconcept.shop/sitemap.xml" "Mozilla/5.0 AppleWebKit/537.36 (KHTML, like Gecko; compatible; GPTBot/1.4; +https://openai.com/gptbot)"
74.7.243.236 - - [21/Jul/2026:12:17:52 +0000] "GET /?h=24013403481100 HTTP/1.1" 200 97571 "https://mppglobalconcept.shop/sitemap.xml" "Mozilla/5.0 AppleWebKit/537.36 (KHTML, like Gecko; compatible; GPTBot/1.4; +https://openai.com/gptbot)"
74.7.243.236 - - [21/Jul/2026:12:17:55 +0000] "GET /?h=10483324481100 HTTP/1.1" 200 97571 "https://mppglobalconcept.shop/sitemap.xml" "Mozilla/5.0 AppleWebKit/537.36 (KHTML, like Gecko; compatible; GPTBot/1.4; +https://openai.com/gptbot)"
74.7.243.236 - - [21/Jul/2026:12:17:58 +0000] "GET /?h=13713310981100 HTTP/1.1" 200 97571 "https://mppglobalconcept.shop/sitemap.xml" "Mozilla/5.0 AppleWebKit/537.36 (KHTML, like Gecko; compatible; GPTBot/1.4; +https://openai.com/gptbot)"
198.177.124.148 - - [21/Jul/2026:12:18:03 +0000] "POST /wp-cron.php?doing_wp_cron=1784636283.9269790649414062500000 HTTP/1.1" 200 - "-" "WordPress/7.0.2; https://mppglobalconcept.shop"
74.7.243.236 - - [21/Jul/2026:12:18:01 +0000] "GET /?h=12812926981100 HTTP/1.1" 200 97571 "https://mppglobalconcept.shop/sitemap.xml" "Mozilla/5.0 AppleWebKit/537.36 (KHTML, like Gecko; compatible; GPTBot/1.4; +https://openai.com/gptbot)"
74.7.243.236 - - [21/Jul/2026:12:18:04 +0000] "GET /?h=10148153881100 HTTP/1.1" 200 97571 "https://mppglobalconcept.shop/sitemap.xml" "Mozilla/5.0 AppleWebKit/537.36 (KHTML, like Gecko; compatible; GPTBot/1.4; +https://openai.com/gptbot)"
197.211.59.196 - - [21/Jul/2026:12:18:05 +0000] "POST /wp-admin/admin-ajax.php HTTP/1.1" 200 77 "https://mppglobalconcept.shop/wp-admin/post.php?post=47&action=elementor" "Mozilla/5.0 (Windows NT 10.0; Win64; x64) AppleWebKit/537.36 (KHTML, like Gecko) Chrome/150.0.0.0 Safari/537.36"
197.211.59.196 - - [21/Jul/2026:12:18:06 +0000] "GET /wp-json/elementor/v1/checklist/user-progress HTTP/1.1" 200 92 "https://mppglobalconcept.shop/wp-admin/post.php?post=47&action=elementor" "Mozilla/5.0 (Windows NT 10.0; Win64; x64) AppleWebKit/537.36 (KHTML, like Gecko) Chrome/150.0.0.0 Safari/537.36"
74.7.243.236 - - [21/Jul/2026:12:18:06 +0000] "GET /?h=14813384681100 HTTP/1.1" 200 97571 "https://mppglobalconcept.shop/sitemap.xml" "Mozilla/5.0 AppleWebKit/537.36 (KHTML, like Gecko; compatible; GPTBot/1.4; +https://openai.com/gptbot)"
197.211.59.196 - - [21/Jul/2026:12:18:07 +0000] "POST /wp-admin/admin-ajax.php HTTP/1.1" 200 1525 "https://mppglobalconcept.shop/wp-admin/post.php?post=47&action=elementor" "Mozilla/5.0 (Windows NT 10.0; Win64; x64) AppleWebKit/537.36 (KHTML, like Gecko) Chrome/150.0.0.0 Safari/537.36"
74.7.243.236 - - [21/Jul/2026:12:18:08 +0000] "GET /?h=20403301881100 HTTP/1.1" 200 97571 "https://mppglobalconcept.shop/sitemap.xml" "Mozilla/5.0 AppleWebKit/537.36 (KHTML, like Gecko; compatible; GPTBot/1.4; +https://openai.com/gptbot)"
197.211.59.196 - - [21/Jul/2026:12:18:11 +0000] "GET /wp-json/elementor/v1/checklist/user-progress HTTP/1.1" 200 92 "https://mppglobalconcept.shop/wp-admin/post.php?post=47&action=elementor" "Mozilla/5.0 (Windows NT 10.0; Win64; x64) AppleWebKit/537.36 (KHTML, like Gecko) Chrome/150.0.0.0 Safari/537.36"
74.7.243.236 - - [21/Jul/2026:12:18:11 +0000] "GET /?h=11702137981100 HTTP/1.1" 200 97571 "https://mppglobalconcept.shop/sitemap.xml" "Mozilla/5.0 AppleWebKit/537.36 (KHTML, like Gecko; compatible; GPTBot/1.4; +https://openai.com/gptbot)"
74.7.243.236 - - [21/Jul/2026:12:18:14 +0000] "GET /?h=16929809981100 HTTP/1.1" 200 97571 "https://mppglobalconcept.shop/sitemap.xml" "Mozilla/5.0 AppleWebKit/537.36 (KHTML, like Gecko; compatible; GPTBot/1.4; +https://openai.com/gptbot)"
74.7.243.236 - - [21/Jul/2026:12:18:17 +0000] "GET /?h=24022774181100 HTTP/1.1" 200 97571 "https://mppglobalconcept.shop/sitemap.xml" "Mozilla/5.0 AppleWebKit/537.36 (KHTML, like Gecko; compatible; GPTBot/1.4; +https://openai.com/gptbot)"
197.211.59.196 - - [21/Jul/2026:12:18:19 +0000] "POST /wp-admin/admin-ajax.php HTTP/1.1" 200 11046 "https://mppglobalconcept.shop/wp-admin/post.php?post=47&action=elementor" "Mozilla/5.0 (Windows NT 10.0; Win64; x64) AppleWebKit/537.36 (KHTML, like Gecko) Chrome/150.0.0.0 Safari/537.36"
197.211.59.196 - - [21/Jul/2026:12:18:19 +0000] "POST /wp-admin/admin-ajax.php HTTP/1.1" 200 11046 "https://mppglobalconcept.shop/wp-admin/post.php?post=47&action=elementor" "Mozilla/5.0 (Windows NT 10.0; Win64; x64) AppleWebKit/537.36 (KHTML, like Gecko) Chrome/150.0.0.0 Safari/537.36"
74.7.243.236 - - [21/Jul/2026:12:18:19 +0000] "GET /?h=16886351181100 HTTP/1.1" 200 97571 "https://mppglobalconcept.shop/sitemap.xml" "Mozilla/5.0 AppleWebKit/537.36 (KHTML, like Gecko; compatible; GPTBot/1.4; +https://openai.com/gptbot)"
197.211.59.196 - - [21/Jul/2026:12:18:20 +0000] "POST /wp-admin/admin-ajax.php HTTP/1.1" 200 77 "https://mppglobalconcept.shop/wp-admin/post.php?post=47&action=elementor" "Mozilla/5.0 (Windows NT 10.0; Win64; x64) AppleWebKit/537.36 (KHTML, like Gecko) Chrome/150.0.0.0 Safari/537.36"
74.7.243.236 - - [21/Jul/2026:12:18:23 +0000] "GET /?h=18038582081100 HTTP/1.1" 200 97571 "https://mppglobalconcept.shop/sitemap.xml" "Mozilla/5.0 AppleWebKit/537.36 (KHTML, like Gecko; compatible; GPTBot/1.4; +https://openai.com/gptbot)"
198.177.124.148 - - [21/Jul/2026:12:18:25 +0000] "GET /wp-content/uploads/2026/07/images-4-1.jpg HTTP/1.1" 200 82356 "-" "-"
198.177.124.148 - - [21/Jul/2026:12:18:25 +0000] "GET /wp-content/uploads/2026/07/images-4-1.jpg HTTP/1.1" 200 82356 "-" "-"
74.7.243.236 - - [21/Jul/2026:12:18:26 +0000] "GET /?h=16052018581100 HTTP/1.1" 200 97571 "https://mppglobalconcept.shop/sitemap.xml" "Mozilla/5.0 AppleWebKit/537.36 (KHTML, like Gecko; compatible; GPTBot/1.4; +https://openai.com/gptbot)"
198.177.124.148 - - [21/Jul/2026:12:18:27 +0000] "GET /wp-content/uploads/2026/07/images-4-1.jpg HTTP/1.1" 200 82356 "-" "-"
198.177.124.148 - - [21/Jul/2026:12:18:27 +0000] "GET /wp-content/uploads/2026/07/images-4-1.jpg HTTP/1.1" 200 82356 "-" "-"
74.7.243.236 - - [21/Jul/2026:12:18:27 +0000] "GET /?h=16789988181100 HTTP/1.1" 200 97571 "https://mppglobalconcept.shop/sitemap.xml" "Mozilla/5.0 AppleWebKit/537.36 (KHTML, like Gecko; compatible; GPTBot/1.4; +https://openai.com/gptbot)"
198.177.124.148 - - [21/Jul/2026:12:18:29 +0000] "GET /wp-content/uploads/2026/07/images-4-1.jpg HTTP/1.1" 200 82356 "-" "-"
198.177.124.148 - - [21/Jul/2026:12:18:30 +0000] "GET /wp-content/uploads/2026/07/images-4-1.jpg HTTP/1.1" 200 82356 "-" "-"
74.7.243.236 - - [21/Jul/2026:12:18:31 +0000] "GET /?h=14758571481100 HTTP/1.1" 200 97571 "https://mppglobalconcept.shop/sitemap.xml" "Mozilla/5.0 AppleWebKit/537.36 (KHTML, like Gecko; compatible; GPTBot/1.4; +https://openai.com/gptbot)"
198.177.124.148 - - [21/Jul/2026:12:18:33 +0000] "GET /wp-content/uploads/2026/07/images-4-1.jpg HTTP/1.1" 200 82356 "-" "-"
197.211.59.196 - - [21/Jul/2026:12:18:35 +0000] "POST /wp-admin/admin-ajax.php HTTP/1.1" 200 77 "https://mppglobalconcept.shop/wp-admin/post.php?post=47&action=elementor" "Mozilla/5.0 (Windows NT 10.0; Win64; x64) AppleWebKit/537.36 (KHTML, like Gecko) Chrome/150.0.0.0 Safari/537.36"
198.177.124.148 - - [21/Jul/2026:12:18:34 +0000] "GET /wp-content/uploads/2026/07/images-4-1.jpg HTTP/1.1" 200 82356 "-" "-"
74.7.243.236 - - [21/Jul/2026:12:18:35 +0000] "GET /?h=14830441181100 HTTP/1.1" 200 97571 "https://mppglobalconcept.shop/sitemap.xml" "Mozilla/5.0 AppleWebKit/537.36 (KHTML, like Gecko; compatible; GPTBot/1.4; +https://openai.com/gptbot)"
197.211.59.196 - - [21/Jul/2026:12:18:23 +0000] "GET /wp-admin/admin-ajax.php?action=imgedit-preview&_ajax_nonce=705077143b&postid=31&rand=4227 HTTP/1.1" 200 2 "https://mppglobalconcept.shop/wp-admin/post.php?post=47&action=elementor" "Mozilla/5.0 (Windows NT 10.0; Win64; x64) AppleWebKit/537.36 (KHTML, like Gecko) Chrome/150.0.0.0 Safari/537.36"
198.177.124.148 - - [21/Jul/2026:12:18:38 +0000] "GET /wp-content/uploads/2026/07/images-4-1.jpg HTTP/1.1" 200 82356 "-" "-"
198.177.124.148 - - [21/Jul/2026:12:18:39 +0000] "GET /wp-content/uploads/2026/07/images-4-1.jpg HTTP/1.1" 200 82356 "-" "-"
197.211.59.196 - - [21/Jul/2026:12:18:23 +0000] "GET /wp-admin/admin-ajax.php?action=imgedit-preview&_ajax_nonce=705077143b&postid=31&rand=6109 HTTP/1.1" 200 2 "https://mppglobalconcept.shop/wp-admin/post.php?post=47&action=elementor" "Mozilla/5.0 (Windows NT 10.0; Win64; x64) AppleWebKit/537.36 (KHTML, like Gecko) Chrome/150.0.0.0 Safari/537.36"
74.7.243.236 - - [21/Jul/2026:12:18:40 +0000] "GET /?h=22512008181100 HTTP/1.1" 200 97571 "https://mppglobalconcept.shop/sitemap.xml" "Mozilla/5.0 AppleWebKit/537.36 (KHTML, like Gecko; compatible; GPTBot/1.4; +https://openai.com/gptbot)"
74.7.243.236 - - [21/Jul/2026:12:18:43 +0000] "GET /?h=19180803181100 HTTP/1.1" 200 97571 "https://mppglobalconcept.shop/sitemap.xml" "Mozilla/5.0 AppleWebKit/537.36 (KHTML, like Gecko; compatible; GPTBot/1.4; +https://openai.com/gptbot)"
74.7.243.236 - - [21/Jul/2026:12:18:45 +0000] "GET /?h=18801069881100 HTTP/1.1" 200 97571 "https://mppglobalconcept.shop/sitemap.xml" "Mozilla/5.0 AppleWebKit/537.36 (KHTML, like Gecko; compatible; GPTBot/1.4; +https://openai.com/gptbot)"
74.7.243.236 - - [21/Jul/2026:12:18:46 +0000] "GET /?h=24688807681100 HTTP/1.1" 200 97571 "https://mppglobalconcept.shop/sitemap.xml" "Mozilla/5.0 AppleWebKit/537.36 (KHTML, like Gecko; compatible; GPTBot/1.4; +https://openai.com/gptbot)"
74.7.243.236 - - [21/Jul/2026:12:18:49 +0000] "GET /?h=22555300981100 HTTP/1.1" 200 97571 "https://mppglobalconcept.shop/sitemap.xml" "Mozilla/5.0 AppleWebKit/537.36 (KHTML, like Gecko; compatible; GPTBot/1.4; +https://openai.com/gptbot)"
197.211.59.196 - - [21/Jul/2026:12:18:50 +0000] "POST /wp-admin/admin-ajax.php HTTP/1.1" 200 77 "https://mppglobalconcept.shop/wp-admin/post.php?post=47&action=elementor" "Mozilla/5.0 (Windows NT 10.0; Win64; x64) AppleWebKit/537.36 (KHTML, like Gecko) Chrome/150.0.0.0 Safari/537.36"
74.7.243.236 - - [21/Jul/2026:12:18:50 +0000] "GET /?h=11135272881100 HTTP/1.1" 200 97571 "https://mppglobalconcept.shop/sitemap.xml" "Mozilla/5.0 AppleWebKit/537.36 (KHTML, like Gecko; compatible; GPTBot/1.4; +https://openai.com/gptbot)"
74.7.243.236 - - [21/Jul/2026:12:18:53 +0000] "GET /?h=20588873281100 HTTP/1.1" 200 97571 "https://mppglobalconcept.shop/sitemap.xml" "Mozilla/5.0 AppleWebKit/537.36 (KHTML, like Gecko; compatible; GPTBot/1.4; +https://openai.com/gptbot)"
74.7.243.236 - - [21/Jul/2026:12:18:55 +0000] "GET /?h=10088866981100 HTTP/1.1" 200 97571 "https://mppglobalconcept.shop/sitemap.xml" "Mozilla/5.0 AppleWebKit/537.36 (KHTML, like Gecko; compatible; GPTBot/1.4; +https://openai.com/gptbot)"
74.7.243.236 - - [21/Jul/2026:12:18:57 +0000] "GET /health-products-2/ HTTP/1.1" 200 82468 "https://mppglobalconcept.shop/?h=2569506881100" "Mozilla/5.0 AppleWebKit/537.36 (KHTML, like Gecko; compatible; GPTBot/1.4; +https://openai.com/gptbot)"
74.7.243.236 - - [21/Jul/2026:12:18:58 +0000] "GET /?h=19878077881100 HTTP/1.1" 200 97571 "https://mppglobalconcept.shop/sitemap.xml" "Mozilla/5.0 AppleWebKit/537.36 (KHTML, like Gecko; compatible; GPTBot/1.4; +https://openai.com/gptbot)"
198.177.124.148 - - [21/Jul/2026:12:19:04 +0000] "POST /wp-cron.php?doing_wp_cron=1784636343.9648869037628173828125 HTTP/1.1" 200 - "-" "WordPress/7.0.2; https://mppglobalconcept.shop"
74.7.243.236 - - [21/Jul/2026:12:19:01 +0000] "GET /?h=21621119381100 HTTP/1.1" 200 97571 "https://mppglobalconcept.shop/sitemap.xml" "Mozilla/5.0 AppleWebKit/537.36 (KHTML, like Gecko; compatible; GPTBot/1.4; +https://openai.com/gptbot)"
197.211.59.196 - - [21/Jul/2026:12:19:04 +0000] "POST /wp-admin/admin-ajax.php HTTP/1.1" 200 77 "https://mppglobalconcept.shop/wp-admin/post.php?post=47&action=elementor" "Mozilla/5.0 (Windows NT 10.0; Win64; x64) AppleWebKit/537.36 (KHTML, like Gecko) Chrome/150.0.0.0 Safari/537.36"
74.7.243.236 - - [21/Jul/2026:12:19:04 +0000] "GET /?h=22619111381100 HTTP/1.1" 200 97571 "https://mppglobalconcept.shop/sitemap.xml" "Mozilla/5.0 AppleWebKit/537.36 (KHTML, like Gecko; compatible; GPTBot/1.4; +https://openai.com/gptbot)"
74.7.243.236 - - [21/Jul/2026:12:19:07 +0000] "GET /?h=18210358881100 HTTP/1.1" 200 97571 "https://mppglobalconcept.shop/sitemap.xml" "Mozilla/5.0 AppleWebKit/537.36 (KHTML, like Gecko; compatible; GPTBot/1.4; +https://openai.com/gptbot)"
74.7.243.236 - - [21/Jul/2026:12:19:08 +0000] "GET /?h=12133928881100 HTTP/1.1" 200 97571 "https://mppglobalconcept.shop/sitemap.xml" "Mozilla/5.0 AppleWebKit/537.36 (KHTML, like Gecko; compatible; GPTBot/1.4; +https://openai.com/gptbot)"
74.7.243.236 - - [21/Jul/2026:12:19:09 +0000] "GET /?h=10490777881100 HTTP/1.1" 200 97571 "https://mppglobalconcept.shop/sitemap.xml" "Mozilla/5.0 AppleWebKit/537.36 (KHTML, like Gecko; compatible; GPTBot/1.4; +https://openai.com/gptbot)"
74.7.243.236 - - [21/Jul/2026:12:19:11 +0000] "GET /?h=11748808881100 HTTP/1.1" 200 97571 "https://mppglobalconcept.shop/sitemap.xml" "Mozilla/5.0 AppleWebKit/537.36 (KHTML, like Gecko; compatible; GPTBot/1.4; +https://openai.com/gptbot)"
74.7.243.236 - - [21/Jul/2026:12:19:12 +0000] "GET /?h=21073111881100 HTTP/1.1" 200 97571 "https://mppglobalconcept.shop/sitemap.xml" "Mozilla/5.0 AppleWebKit/537.36 (KHTML, like Gecko; compatible; GPTBot/1.4; +https://openai.com/gptbot)"
74.7.243.236 - - [21/Jul/2026:12:19:14 +0000] "GET /?h=14444449681100 HTTP/1.1" 200 97571 "https://mppglobalconcept.shop/sitemap.xml" "Mozilla/5.0 AppleWebKit/537.36 (KHTML, like Gecko; compatible; GPTBot/1.4; +https://openai.com/gptbot)"
197.211.59.196 - - [21/Jul/2026:12:19:14 +0000] "POST /wp-admin/admin-ajax.php HTTP/1.1" 200 26622 "https://mppglobalconcept.shop/wp-admin/post.php?post=47&action=elementor" "Mozilla/5.0 (Windows NT 10.0; Win64; x64) AppleWebKit/537.36 (KHTML, like Gecko) Chrome/150.0.0.0 Safari/537.36"
74.7.243.236 - - [21/Jul/2026:12:19:16 +0000] "GET /?h=17274923981100 HTTP/1.1" 200 97571 "https://mppglobalconcept.shop/sitemap.xml" "Mozilla/5.0 AppleWebKit/537.36 (KHTML, like Gecko; compatible; GPTBot/1.4; +https://openai.com/gptbot)"
197.211.59.196 - - [21/Jul/2026:12:19:16 +0000] "GET /wp-content/uploads/2026/07/images-2-1-300x300.jpg HTTP/1.1" 200 241767 "https://mppglobalconcept.shop/wp-admin/post.php?post=47&action=elementor" "Mozilla/5.0 (Windows NT 10.0; Win64; x64) AppleWebKit/537.36 (KHTML, like Gecko) Chrome/150.0.0.0 Safari/537.36"
74.7.243.236 - - [21/Jul/2026:12:19:17 +0000] "GET /?p=47 HTTP/1.1" 200 2 "https://mppglobalconcept.shop/health-products-2/" "Mozilla/5.0 AppleWebKit/537.36 (KHTML, like Gecko; compatible; GPTBot/1.4; +https://openai.com/gptbot)"
197.211.59.196 - - [21/Jul/2026:12:19:17 +0000] "GET /wp-content/uploads/2026/07/images-225x300.jpg HTTP/1.1" 200 241767 "https://mppglobalconcept.shop/wp-admin/post.php?post=47&action=elementor" "Mozilla/5.0 (Windows NT 10.0; Win64; x64) AppleWebKit/537.36 (KHTML, like Gecko) Chrome/150.0.0.0 Safari/537.36"
197.211.59.196 - - [21/Jul/2026:12:19:17 +0000] "GET /wp-content/uploads/2026/07/1783607613518-4-280x300.jpg HTTP/1.1" 200 241767 "https://mppglobalconcept.shop/wp-admin/post.php?post=47&action=elementor" "Mozilla/5.0 (Windows NT 10.0; Win64; x64) AppleWebKit/537.36 (KHTML, like Gecko) Chrome/150.0.0.0 Safari/537.36"
197.211.59.196 - - [21/Jul/2026:12:19:16 +0000] "GET /wp-content/uploads/2026/07/images-4-1-210x300.jpg HTTP/1.1" 200 241767 "https://mppglobalconcept.shop/wp-admin/post.php?post=47&action=elementor" "Mozilla/5.0 (Windows NT 10.0; Win64; x64) AppleWebKit/537.36 (KHTML, like Gecko) Chrome/150.0.0.0 Safari/537.36"
197.211.59.196 - - [21/Jul/2026:12:19:17 +0000] "GET /wp-content/uploads/2026/07/1783607613518-3-280x300.jpg HTTP/1.1" 200 241767 "https://mppglobalconcept.shop/wp-admin/post.php?post=47&action=elementor" "Mozilla/5.0 (Windows NT 10.0; Win64; x64) AppleWebKit/537.36 (KHTML, like Gecko) Chrome/150.0.0.0 Safari/537.36"
197.211.59.196 - - [21/Jul/2026:12:19:17 +0000] "GET /wp-content/uploads/2026/07/images-1-225x300.jpg HTTP/1.1" 200 241767 "https://mppglobalconcept.shop/wp-admin/post.php?post=47&action=elementor" "Mozilla/5.0 (Windows NT 10.0; Win64; x64) AppleWebKit/537.36 (KHTML, like Gecko) Chrome/150.0.0.0 Safari/537.36"
74.7.243.236 - - [21/Jul/2026:12:19:20 +0000] "GET /?h=20535661981100 HTTP/1.1" 200 97571 "https://mppglobalconcept.shop/sitemap.xml" "Mozilla/5.0 AppleWebKit/537.36 (KHTML, like Gecko; compatible; GPTBot/1.4; +https://openai.com/gptbot)"
197.211.59.196 - - [21/Jul/2026:12:19:21 +0000] "GET /wp-content/uploads/2026/07/images-2-300x300.jpg HTTP/1.1" 200 241767 "https://mppglobalconcept.shop/wp-admin/post.php?post=47&action=elementor" "Mozilla/5.0 (Windows NT 10.0; Win64; x64) AppleWebKit/537.36 (KHTML, like Gecko) Chrome/150.0.0.0 Safari/537.36"
197.211.59.196 - - [21/Jul/2026:12:19:22 +0000] "GET /wp-content/uploads/2026/07/1783607613518-1-280x300.jpg HTTP/1.1" 200 241767 "https://mppglobalconcept.shop/wp-admin/post.php?post=47&action=elementor" "Mozilla/5.0 (Windows NT 10.0; Win64; x64) AppleWebKit/537.36 (KHTML, like Gecko) Chrome/150.0.0.0 Safari/537.36"
197.211.59.196 - - [21/Jul/2026:12:19:22 +0000] "GET /wp-content/uploads/2026/07/images-3-150x150.jpg HTTP/1.1" 200 241767 "https://mppglobalconcept.shop/wp-admin/post.php?post=47&action=elementor" "Mozilla/5.0 (Windows NT 10.0; Win64; x64) AppleWebKit/537.36 (KHTML, like Gecko) Chrome/150.0.0.0 Safari/537.36"
