197.211.59.196 - - [21/Jul/2026:12:52:23 +0000] "POST /wp-admin/admin-ajax.php HTTP/1.1" 200 77 "https://mppglobalconcept.shop/wp-admin/post.php?post=47&action=elementor" "Mozilla/5.0 (Windows NT 10.0; Win64; x64) AppleWebKit/537.36 (KHTML, like Gecko) Chrome/150.0.0.0 Safari/537.36"
197.211.59.196 - - [21/Jul/2026:12:52:37 +0000] "POST /wp-admin/admin-ajax.php HTTP/1.1" 200 77 "https://mppglobalconcept.shop/wp-admin/post.php?post=47&action=elementor" "Mozilla/5.0 (Windows NT 10.0; Win64; x64) AppleWebKit/537.36 (KHTML, like Gecko) Chrome/150.0.0.0 Safari/537.36"
197.211.59.196 - - [21/Jul/2026:12:52:53 +0000] "POST /wp-admin/admin-ajax.php HTTP/1.1" 200 77 "https://mppglobalconcept.shop/wp-admin/post.php?post=47&action=elementor" "Mozilla/5.0 (Windows NT 10.0; Win64; x64) AppleWebKit/537.36 (KHTML, like Gecko) Chrome/150.0.0.0 Safari/537.36"
198.177.124.148 - - [21/Jul/2026:12:53:10 +0000] "POST /wp-cron.php?doing_wp_cron=1784638390.6334800720214843750000 HTTP/1.1" 200 - "-" "WordPress/7.0.2; https://mppglobalconcept.shop"
197.211.59.196 - - [21/Jul/2026:12:53:07 +0000] "POST /wp-admin/admin-ajax.php HTTP/1.1" 200 77 "https://mppglobalconcept.shop/wp-admin/post.php?post=47&action=elementor" "Mozilla/5.0 (Windows NT 10.0; Win64; x64) AppleWebKit/537.36 (KHTML, like Gecko) Chrome/150.0.0.0 Safari/537.36"
197.211.59.196 - - [21/Jul/2026:12:53:24 +0000] "POST /wp-admin/admin-ajax.php HTTP/1.1" 200 77 "https://mppglobalconcept.shop/wp-admin/post.php?post=47&action=elementor" "Mozilla/5.0 (Windows NT 10.0; Win64; x64) AppleWebKit/537.36 (KHTML, like Gecko) Chrome/150.0.0.0 Safari/537.36"
197.211.59.196 - - [21/Jul/2026:12:53:37 +0000] "POST /wp-admin/admin-ajax.php HTTP/1.1" 200 77 "https://mppglobalconcept.shop/wp-admin/post.php?post=47&action=elementor" "Mozilla/5.0 (Windows NT 10.0; Win64; x64) AppleWebKit/537.36 (KHTML, like Gecko) Chrome/150.0.0.0 Safari/537.36"
197.211.59.196 - - [21/Jul/2026:12:53:53 +0000] "POST /wp-admin/admin-ajax.php HTTP/1.1" 200 77 "https://mppglobalconcept.shop/wp-admin/post.php?post=47&action=elementor" "Mozilla/5.0 (Windows NT 10.0; Win64; x64) AppleWebKit/537.36 (KHTML, like Gecko) Chrome/150.0.0.0 Safari/537.36"
198.177.124.148 - - [21/Jul/2026:12:54:09 +0000] "POST /wp-cron.php?doing_wp_cron=1784638449.1722500324249267578125 HTTP/1.1" 200 - "-" "WordPress/7.0.2; https://mppglobalconcept.shop"
197.211.59.196 - - [21/Jul/2026:12:54:07 +0000] "POST /wp-admin/admin-ajax.php HTTP/1.1" 200 77 "https://mppglobalconcept.shop/wp-admin/post.php?post=47&action=elementor" "Mozilla/5.0 (Windows NT 10.0; Win64; x64) AppleWebKit/537.36 (KHTML, like Gecko) Chrome/150.0.0.0 Safari/537.36"
197.211.59.196 - - [21/Jul/2026:12:54:23 +0000] "POST /wp-admin/admin-ajax.php HTTP/1.1" 200 77 "https://mppglobalconcept.shop/wp-admin/post.php?post=47&action=elementor" "Mozilla/5.0 (Windows NT 10.0; Win64; x64) AppleWebKit/537.36 (KHTML, like Gecko) Chrome/150.0.0.0 Safari/537.36"
197.211.59.196 - - [21/Jul/2026:12:54:38 +0000] "POST /wp-admin/admin-ajax.php HTTP/1.1" 200 77 "https://mppglobalconcept.shop/wp-admin/post.php?post=47&action=elementor" "Mozilla/5.0 (Windows NT 10.0; Win64; x64) AppleWebKit/537.36 (KHTML, like Gecko) Chrome/150.0.0.0 Safari/537.36"
197.211.59.196 - - [21/Jul/2026:12:54:53 +0000] "POST /wp-admin/admin-ajax.php HTTP/1.1" 200 77 "https://mppglobalconcept.shop/wp-admin/post.php?post=47&action=elementor" "Mozilla/5.0 (Windows NT 10.0; Win64; x64) AppleWebKit/537.36 (KHTML, like Gecko) Chrome/150.0.0.0 Safari/537.36"
198.177.124.148 - - [21/Jul/2026:12:55:10 +0000] "POST /wp-cron.php?doing_wp_cron=1784638510.4648399353027343750000 HTTP/1.1" 200 - "-" "WordPress/7.0.2; https://mppglobalconcept.shop"
197.211.59.196 - - [21/Jul/2026:12:55:07 +0000] "POST /wp-admin/admin-ajax.php HTTP/1.1" 200 77 "https://mppglobalconcept.shop/wp-admin/post.php?post=47&action=elementor" "Mozilla/5.0 (Windows NT 10.0; Win64; x64) AppleWebKit/537.36 (KHTML, like Gecko) Chrome/150.0.0.0 Safari/537.36"
197.211.59.196 - - [21/Jul/2026:12:55:23 +0000] "POST /wp-admin/admin-ajax.php HTTP/1.1" 200 77 "https://mppglobalconcept.shop/wp-admin/post.php?post=47&action=elementor" "Mozilla/5.0 (Windows NT 10.0; Win64; x64) AppleWebKit/537.36 (KHTML, like Gecko) Chrome/150.0.0.0 Safari/537.36"
197.211.59.196 - - [21/Jul/2026:12:55:38 +0000] "POST /wp-admin/admin-ajax.php HTTP/1.1" 200 77 "https://mppglobalconcept.shop/wp-admin/post.php?post=47&action=elementor" "Mozilla/5.0 (Windows NT 10.0; Win64; x64) AppleWebKit/537.36 (KHTML, like Gecko) Chrome/150.0.0.0 Safari/537.36"
197.211.59.196 - - [21/Jul/2026:12:55:53 +0000] "POST /wp-admin/admin-ajax.php HTTP/1.1" 200 77 "https://mppglobalconcept.shop/wp-admin/post.php?post=47&action=elementor" "Mozilla/5.0 (Windows NT 10.0; Win64; x64) AppleWebKit/537.36 (KHTML, like Gecko) Chrome/150.0.0.0 Safari/537.36"
198.177.124.148 - - [21/Jul/2026:12:56:11 +0000] "POST /wp-cron.php?doing_wp_cron=1784638571.1291580200195312500000 HTTP/1.1" 200 - "-" "WordPress/7.0.2; https://mppglobalconcept.shop"
197.211.59.196 - - [21/Jul/2026:12:56:09 +0000] "POST /wp-admin/admin-ajax.php HTTP/1.1" 200 77 "https://mppglobalconcept.shop/wp-admin/post.php?post=47&action=elementor" "Mozilla/5.0 (Windows NT 10.0; Win64; x64) AppleWebKit/537.36 (KHTML, like Gecko) Chrome/150.0.0.0 Safari/537.36"
197.211.59.196 - - [21/Jul/2026:12:56:24 +0000] "POST /wp-admin/admin-ajax.php HTTP/1.1" 200 77 "https://mppglobalconcept.shop/wp-admin/post.php?post=47&action=elementor" "Mozilla/5.0 (Windows NT 10.0; Win64; x64) AppleWebKit/537.36 (KHTML, like Gecko) Chrome/150.0.0.0 Safari/537.36"
197.211.59.196 - - [21/Jul/2026:12:56:37 +0000] "POST /wp-admin/admin-ajax.php HTTP/1.1" 200 77 "https://mppglobalconcept.shop/wp-admin/post.php?post=47&action=elementor" "Mozilla/5.0 (Windows NT 10.0; Win64; x64) AppleWebKit/537.36 (KHTML, like Gecko) Chrome/150.0.0.0 Safari/537.36"
197.211.59.196 - - [21/Jul/2026:12:56:53 +0000] "POST /wp-admin/admin-ajax.php HTTP/1.1" 200 77 "https://mppglobalconcept.shop/wp-admin/post.php?post=47&action=elementor" "Mozilla/5.0 (Windows NT 10.0; Win64; x64) AppleWebKit/537.36 (KHTML, like Gecko) Chrome/150.0.0.0 Safari/537.36"
198.177.124.148 - - [21/Jul/2026:12:57:13 +0000] "POST /wp-cron.php?doing_wp_cron=1784638632.9250159263610839843750 HTTP/1.1" 200 - "-" "WordPress/7.0.2; https://mppglobalconcept.shop"
197.211.59.196 - - [21/Jul/2026:12:57:08 +0000] "POST /wp-admin/admin-ajax.php HTTP/1.1" 200 77 "https://mppglobalconcept.shop/wp-admin/post.php?post=47&action=elementor" "Mozilla/5.0 (Windows NT 10.0; Win64; x64) AppleWebKit/537.36 (KHTML, like Gecko) Chrome/150.0.0.0 Safari/537.36"
197.211.59.196 - - [21/Jul/2026:12:57:23 +0000] "POST /wp-admin/admin-ajax.php HTTP/1.1" 200 77 "https://mppglobalconcept.shop/wp-admin/post.php?post=47&action=elementor" "Mozilla/5.0 (Windows NT 10.0; Win64; x64) AppleWebKit/537.36 (KHTML, like Gecko) Chrome/150.0.0.0 Safari/537.36"
197.211.59.196 - - [21/Jul/2026:12:57:37 +0000] "POST /wp-admin/admin-ajax.php HTTP/1.1" 200 77 "https://mppglobalconcept.shop/wp-admin/post.php?post=47&action=elementor" "Mozilla/5.0 (Windows NT 10.0; Win64; x64) AppleWebKit/537.36 (KHTML, like Gecko) Chrome/150.0.0.0 Safari/537.36"
197.211.59.196 - - [21/Jul/2026:12:57:53 +0000] "POST /wp-admin/admin-ajax.php HTTP/1.1" 200 77 "https://mppglobalconcept.shop/wp-admin/post.php?post=47&action=elementor" "Mozilla/5.0 (Windows NT 10.0; Win64; x64) AppleWebKit/537.36 (KHTML, like Gecko) Chrome/150.0.0.0 Safari/537.36"
198.177.124.148 - - [21/Jul/2026:12:58:10 +0000] "POST /wp-cron.php?doing_wp_cron=1784638690.7536950111389160156250 HTTP/1.1" 200 - "-" "WordPress/7.0.2; https://mppglobalconcept.shop"
197.211.59.196 - - [21/Jul/2026:12:58:08 +0000] "POST /wp-admin/admin-ajax.php HTTP/1.1" 200 77 "https://mppglobalconcept.shop/wp-admin/post.php?post=47&action=elementor" "Mozilla/5.0 (Windows NT 10.0; Win64; x64) AppleWebKit/537.36 (KHTML, like Gecko) Chrome/150.0.0.0 Safari/537.36"
198.177.124.148 - - [21/Jul/2026:13:00:14 +0000] "POST /wp-cron.php?doing_wp_cron=1784638813.9650290012359619140625 HTTP/1.1" 200 - "-" "WordPress/7.0.2; https://mppglobalconcept.shop"
197.211.59.196 - - [21/Jul/2026:13:00:10 +0000] "POST /wp-admin/admin-ajax.php HTTP/1.1" 200 77 "https://mppglobalconcept.shop/wp-admin/post.php?post=47&action=elementor" "Mozilla/5.0 (Windows NT 10.0; Win64; x64) AppleWebKit/537.36 (KHTML, like Gecko) Chrome/150.0.0.0 Safari/537.36"
170.106.73.216 - - [21/Jul/2026:13:00:37 +0000] "GET /?p=49 HTTP/1.1" 200 2 "-" "Mozilla/5.0 (iPhone; CPU iPhone OS 13_2_3 like Mac OS X) AppleWebKit/605.1.15 (KHTML, like Gecko) Version/13.0.3 Mobile/15E148 Safari/604.1"
198.177.124.148 - - [21/Jul/2026:13:02:22 +0000] "POST /wp-cron.php?doing_wp_cron=1784638941.8138720989227294921875 HTTP/1.1" 200 - "-" "WordPress/7.0.2; https://mppglobalconcept.shop"
197.211.59.196 - - [21/Jul/2026:13:02:13 +0000] "POST /wp-admin/admin-ajax.php HTTP/1.1" 200 77 "https://mppglobalconcept.shop/wp-admin/post.php?post=47&action=elementor" "Mozilla/5.0 (Windows NT 10.0; Win64; x64) AppleWebKit/537.36 (KHTML, like Gecko) Chrome/150.0.0.0 Safari/537.36"
198.177.124.148 - - [21/Jul/2026:13:04:14 +0000] "POST /wp-cron.php?doing_wp_cron=1784639054.1829340457916259765625 HTTP/1.1" 200 - "-" "WordPress/7.0.2; https://mppglobalconcept.shop"
197.211.59.196 - - [21/Jul/2026:13:04:12 +0000] "POST /wp-admin/admin-ajax.php HTTP/1.1" 200 77 "https://mppglobalconcept.shop/wp-admin/post.php?post=47&action=elementor" "Mozilla/5.0 (Windows NT 10.0; Win64; x64) AppleWebKit/537.36 (KHTML, like Gecko) Chrome/150.0.0.0 Safari/537.36"
198.177.124.148 - - [21/Jul/2026:13:06:15 +0000] "POST /wp-cron.php?doing_wp_cron=1784639175.2398118972778320312500 HTTP/1.1" 200 - "-" "WordPress/7.0.2; https://mppglobalconcept.shop"
197.211.59.196 - - [21/Jul/2026:13:06:13 +0000] "POST /wp-admin/admin-ajax.php HTTP/1.1" 200 77 "https://mppglobalconcept.shop/wp-admin/post.php?post=47&action=elementor" "Mozilla/5.0 (Windows NT 10.0; Win64; x64) AppleWebKit/537.36 (KHTML, like Gecko) Chrome/150.0.0.0 Safari/537.36"
198.177.124.148 - - [21/Jul/2026:13:08:17 +0000] "POST /wp-cron.php?doing_wp_cron=1784639297.1799139976501464843750 HTTP/1.1" 200 - "-" "WordPress/7.0.2; https://mppglobalconcept.shop"
197.211.59.196 - - [21/Jul/2026:13:08:13 +0000] "POST /wp-admin/admin-ajax.php HTTP/1.1" 200 77 "https://mppglobalconcept.shop/wp-admin/post.php?post=47&action=elementor" "Mozilla/5.0 (Windows NT 10.0; Win64; x64) AppleWebKit/537.36 (KHTML, like Gecko) Chrome/150.0.0.0 Safari/537.36"
43.134.23.177 - - [21/Jul/2026:13:09:40 +0000] "GET /wp-json/oembed/1.0/embed?url=https%3A%2F%2Fmppglobalconcept.shop%2Fhealthy-herbal%2F HTTP/1.1" 200 2120 "-" "Mozilla/5.0 (iPhone; CPU iPhone OS 13_2_3 like Mac OS X) AppleWebKit/605.1.15 (KHTML, like Gecko) Version/13.0.3 Mobile/15E148 Safari/604.1"
198.177.124.148 - - [21/Jul/2026:13:10:16 +0000] "POST /wp-cron.php?doing_wp_cron=1784639416.2874300479888916015625 HTTP/1.1" 200 - "-" "WordPress/7.0.2; https://mppglobalconcept.shop"
197.211.59.196 - - [21/Jul/2026:13:10:15 +0000] "POST /wp-admin/admin-ajax.php HTTP/1.1" 200 77 "https://mppglobalconcept.shop/wp-admin/post.php?post=47&action=elementor" "Mozilla/5.0 (Windows NT 10.0; Win64; x64) AppleWebKit/537.36 (KHTML, like Gecko) Chrome/150.0.0.0 Safari/537.36"
198.177.124.148 - - [21/Jul/2026:13:12:17 +0000] "POST /wp-cron.php?doing_wp_cron=1784639537.7697539329528808593750 HTTP/1.1" 200 - "-" "WordPress/7.0.2; https://mppglobalconcept.shop"
197.211.59.196 - - [21/Jul/2026:13:12:15 +0000] "POST /wp-admin/admin-ajax.php HTTP/1.1" 200 77 "https://mppglobalconcept.shop/wp-admin/post.php?post=47&action=elementor" "Mozilla/5.0 (Windows NT 10.0; Win64; x64) AppleWebKit/537.36 (KHTML, like Gecko) Chrome/150.0.0.0 Safari/537.36"
193.43.140.14 - - [21/Jul/2026:13:13:46 +0000] "POST /xmlrpc.php HTTP/1.1" 503 18954 "-" "Mozilla/5.0 (Windows NT 10.0; x86) AppleWebKit/537.36 (KHTML, like Gecko) Chrome/106.0.0.0 Safari/537.36"
198.177.124.148 - - [21/Jul/2026:13:14:20 +0000] "POST /wp-cron.php?doing_wp_cron=1784639660.1448020935058593750000 HTTP/1.1" 200 - "-" "WordPress/7.0.2; https://mppglobalconcept.shop"
197.211.59.196 - - [21/Jul/2026:13:14:17 +0000] "POST /wp-admin/admin-ajax.php HTTP/1.1" 200 77 "https://mppglobalconcept.shop/wp-admin/post.php?post=47&action=elementor" "Mozilla/5.0 (Windows NT 10.0; Win64; x64) AppleWebKit/537.36 (KHTML, like Gecko) Chrome/150.0.0.0 Safari/537.36"
197.211.59.196 - - [21/Jul/2026:13:15:40 +0000] "POST /wp-admin/admin-ajax.php HTTP/1.1" 200 77 "https://mppglobalconcept.shop/wp-admin/post.php?post=47&action=elementor" "Mozilla/5.0 (Windows NT 10.0; Win64; x64) AppleWebKit/537.36 (KHTML, like Gecko) Chrome/150.0.0.0 Safari/537.36"
197.211.59.196 - - [21/Jul/2026:13:15:40 +0000] "GET /wp-json/elementor/v1/checklist/user-progress HTTP/1.1" 200 92 "https://mppglobalconcept.shop/wp-admin/post.php?post=47&action=elementor" "Mozilla/5.0 (Windows NT 10.0; Win64; x64) AppleWebKit/537.36 (KHTML, like Gecko) Chrome/150.0.0.0 Safari/537.36"
197.211.59.196 - - [21/Jul/2026:13:17:40 +0000] "POST /wp-admin/admin-ajax.php HTTP/1.1" 200 77 "https://mppglobalconcept.shop/wp-admin/post.php?post=47&action=elementor" "Mozilla/5.0 (Windows NT 10.0; Win64; x64) AppleWebKit/537.36 (KHTML, like Gecko) Chrome/150.0.0.0 Safari/537.36"
198.177.124.148 - - [21/Jul/2026:13:19:05 +0000] "POST /wp-cron.php?doing_wp_cron=1784639945.8578939437866210937500 HTTP/1.1" 200 - "-" "WordPress/7.0.2; https://mppglobalconcept.shop"
197.211.59.196 - - [21/Jul/2026:13:19:02 +0000] "POST /wp-admin/admin-ajax.php HTTP/1.1" 200 77 "https://mppglobalconcept.shop/wp-admin/post.php?post=47&action=elementor" "Mozilla/5.0 (Windows NT 10.0; Win64; x64) AppleWebKit/537.36 (KHTML, like Gecko) Chrome/150.0.0.0 Safari/537.36"
197.211.59.196 - - [21/Jul/2026:13:19:02 +0000] "GET /wp-json/elementor/v1/checklist/user-progress HTTP/1.1" 200 92 "https://mppglobalconcept.shop/wp-admin/post.php?post=47&action=elementor" "Mozilla/5.0 (Windows NT 10.0; Win64; x64) AppleWebKit/537.36 (KHTML, like Gecko) Chrome/150.0.0.0 Safari/537.36"
197.211.59.196 - - [21/Jul/2026:13:19:11 +0000] "GET /wp-json/elementor/v1/checklist/user-progress HTTP/1.1" 200 92 "https://mppglobalconcept.shop/wp-admin/post.php?post=47&action=elementor" "Mozilla/5.0 (Windows NT 10.0; Win64; x64) AppleWebKit/537.36 (KHTML, like Gecko) Chrome/150.0.0.0 Safari/537.36"
197.211.59.196 - - [21/Jul/2026:13:19:17 +0000] "POST /wp-admin/admin-ajax.php HTTP/1.1" 200 77 "https://mppglobalconcept.shop/wp-admin/post.php?post=47&action=elementor" "Mozilla/5.0 (Windows NT 10.0; Win64; x64) AppleWebKit/537.36 (KHTML, like Gecko) Chrome/150.0.0.0 Safari/537.36"
198.177.124.148 - - [21/Jul/2026:13:20:29 +0000] "POST /wp-cron.php?doing_wp_cron=1784640029.2409000396728515625000 HTTP/1.1" 200 - "-" "WordPress/7.0.2; https://mppglobalconcept.shop"
43.166.226.57 - - [21/Jul/2026:13:20:25 +0000] "GET /healthy-herbal/ HTTP/1.1" 200 82449 "-" "Mozilla/5.0 (iPhone; CPU iPhone OS 13_2_3 like Mac OS X) AppleWebKit/605.1.15 (KHTML, like Gecko) Version/13.0.3 Mobile/15E148 Safari/604.1"
198.177.124.148 - - [21/Jul/2026:13:21:21 +0000] "POST /wp-cron.php?doing_wp_cron=1784640081.9472880363464355468750 HTTP/1.1" 200 - "-" "WordPress/7.0.2; https://mppglobalconcept.shop"
197.211.59.196 - - [21/Jul/2026:13:21:19 +0000] "POST /wp-admin/admin-ajax.php HTTP/1.1" 200 77 "https://mppglobalconcept.shop/wp-admin/post.php?post=47&action=elementor" "Mozilla/5.0 (Windows NT 10.0; Win64; x64) AppleWebKit/537.36 (KHTML, like Gecko) Chrome/150.0.0.0 Safari/537.36"
197.211.59.196 - - [21/Jul/2026:13:21:49 +0000] "POST /wp-admin/admin-ajax.php HTTP/1.1" 200 77 "https://mppglobalconcept.shop/wp-admin/post.php?post=47&action=elementor" "Mozilla/5.0 (Windows NT 10.0; Win64; x64) AppleWebKit/537.36 (KHTML, like Gecko) Chrome/150.0.0.0 Safari/537.36"
197.211.59.196 - - [21/Jul/2026:13:21:50 +0000] "GET /wp-json/elementor/v1/checklist/user-progress HTTP/1.1" 200 92 "https://mppglobalconcept.shop/wp-admin/post.php?post=47&action=elementor" "Mozilla/5.0 (Windows NT 10.0; Win64; x64) AppleWebKit/537.36 (KHTML, like Gecko) Chrome/150.0.0.0 Safari/537.36"
197.211.59.196 - - [21/Jul/2026:13:21:53 +0000] "GET /wp-json/elementor/v1/checklist/user-progress HTTP/1.1" 200 92 "https://mppglobalconcept.shop/wp-admin/post.php?post=47&action=elementor" "Mozilla/5.0 (Windows NT 10.0; Win64; x64) AppleWebKit/537.36 (KHTML, like Gecko) Chrome/150.0.0.0 Safari/537.36"
198.177.124.148 - - [21/Jul/2026:13:22:07 +0000] "POST /wp-cron.php?doing_wp_cron=1784640127.7530789375305175781250 HTTP/1.1" 200 - "-" "WordPress/7.0.2; https://mppglobalconcept.shop"
197.211.59.196 - - [21/Jul/2026:13:22:05 +0000] "POST /wp-admin/admin-ajax.php HTTP/1.1" 200 77 "https://mppglobalconcept.shop/wp-admin/post.php?post=47&action=elementor" "Mozilla/5.0 (Windows NT 10.0; Win64; x64) AppleWebKit/537.36 (KHTML, like Gecko) Chrome/150.0.0.0 Safari/537.36"
198.177.124.148 - - [21/Jul/2026:13:23:10 +0000] "POST /wp-cron.php?doing_wp_cron=1784640190.3260970115661621093750 HTTP/1.1" 200 - "-" "WordPress/7.0.2; https://mppglobalconcept.shop"
197.211.59.196 - - [21/Jul/2026:13:23:08 +0000] "POST /wp-admin/admin-ajax.php HTTP/1.1" 200 77 "https://mppglobalconcept.shop/wp-admin/post.php?post=47&action=elementor" "Mozilla/5.0 (Windows NT 10.0; Win64; x64) AppleWebKit/537.36 (KHTML, like Gecko) Chrome/150.0.0.0 Safari/537.36"
197.211.59.196 - - [21/Jul/2026:13:23:08 +0000] "GET /wp-json/elementor/v1/checklist/user-progress HTTP/1.1" 200 92 "https://mppglobalconcept.shop/wp-admin/post.php?post=47&action=elementor" "Mozilla/5.0 (Windows NT 10.0; Win64; x64) AppleWebKit/537.36 (KHTML, like Gecko) Chrome/150.0.0.0 Safari/537.36"
197.211.59.196 - - [21/Jul/2026:13:23:18 +0000] "GET /wp-json/elementor/v1/checklist/user-progress HTTP/1.1" 200 92 "https://mppglobalconcept.shop/wp-admin/post.php?post=47&action=elementor" "Mozilla/5.0 (Windows NT 10.0; Win64; x64) AppleWebKit/537.36 (KHTML, like Gecko) Chrome/150.0.0.0 Safari/537.36"
197.211.59.196 - - [21/Jul/2026:13:23:23 +0000] "POST /wp-admin/admin-ajax.php HTTP/1.1" 200 77 "https://mppglobalconcept.shop/wp-admin/post.php?post=47&action=elementor" "Mozilla/5.0 (Windows NT 10.0; Win64; x64) AppleWebKit/537.36 (KHTML, like Gecko) Chrome/150.0.0.0 Safari/537.36"
197.211.59.196 - - [21/Jul/2026:13:24:28 +0000] "POST /wp-admin/admin-ajax.php HTTP/1.1" 200 77 "https://mppglobalconcept.shop/wp-admin/post.php?post=47&action=elementor" "Mozilla/5.0 (Windows NT 10.0; Win64; x64) AppleWebKit/537.36 (KHTML, like Gecko) Chrome/150.0.0.0 Safari/537.36"
197.211.59.196 - - [21/Jul/2026:13:24:29 +0000] "GET /wp-json/elementor/v1/checklist/user-progress HTTP/1.1" 200 92 "https://mppglobalconcept.shop/wp-admin/post.php?post=47&action=elementor" "Mozilla/5.0 (Windows NT 10.0; Win64; x64) AppleWebKit/537.36 (KHTML, like Gecko) Chrome/150.0.0.0 Safari/537.36"
198.177.124.148 - - [21/Jul/2026:13:24:54 +0000] "POST /wp-cron.php?doing_wp_cron=1784640294.2114911079406738281250 HTTP/1.1" 200 - "-" "WordPress/7.0.2; https://mppglobalconcept.shop"
197.211.59.196 - - [21/Jul/2026:13:24:53 +0000] "POST /wp-admin/admin-ajax.php HTTP/1.1" 200 77 "https://mppglobalconcept.shop/wp-admin/post.php?post=47&action=elementor" "Mozilla/5.0 (Windows NT 10.0; Win64; x64) AppleWebKit/537.36 (KHTML, like Gecko) Chrome/150.0.0.0 Safari/537.36"
197.211.59.196 - - [21/Jul/2026:13:24:53 +0000] "GET /wp-json/elementor/v1/checklist/user-progress HTTP/1.1" 200 92 "https://mppglobalconcept.shop/wp-admin/post.php?post=47&action=elementor" "Mozilla/5.0 (Windows NT 10.0; Win64; x64) AppleWebKit/537.36 (KHTML, like Gecko) Chrome/150.0.0.0 Safari/537.36"
198.177.124.148 - - [21/Jul/2026:13:25:11 +0000] "POST /wp-cron.php?doing_wp_cron=1784640311.1916010379791259765625 HTTP/1.1" 200 - "-" "WordPress/7.0.2; https://mppglobalconcept.shop"
197.211.59.196 - - [21/Jul/2026:13:25:08 +0000] "POST /wp-admin/admin-ajax.php HTTP/1.1" 200 77 "https://mppglobalconcept.shop/wp-admin/post.php?post=47&action=elementor" "Mozilla/5.0 (Windows NT 10.0; Win64; x64) AppleWebKit/537.36 (KHTML, like Gecko) Chrome/150.0.0.0 Safari/537.36"
197.211.59.196 - - [21/Jul/2026:13:25:13 +0000] "GET /wp-content/uploads/2026/07/images-4-1-210x300.jpg HTTP/1.1" 200 241767 "https://mppglobalconcept.shop/wp-admin/post.php?post=47&action=elementor" "Mozilla/5.0 (Windows NT 10.0; Win64; x64) AppleWebKit/537.36 (KHTML, like Gecko) Chrome/150.0.0.0 Safari/537.36"
197.211.59.196 - - [21/Jul/2026:13:25:17 +0000] "GET /wp-content/uploads/2026/07/1-300x300.jpg HTTP/1.1" 200 241767 "https://mppglobalconcept.shop/wp-admin/post.php?post=47&action=elementor" "Mozilla/5.0 (Windows NT 10.0; Win64; x64) AppleWebKit/537.36 (KHTML, like Gecko) Chrome/150.0.0.0 Safari/537.36"
197.211.59.196 - - [21/Jul/2026:13:25:17 +0000] "GET /wp-content/uploads/2026/07/images-1-225x300.jpg HTTP/1.1" 200 241767 "https://mppglobalconcept.shop/wp-admin/post.php?post=47&action=elementor" "Mozilla/5.0 (Windows NT 10.0; Win64; x64) AppleWebKit/537.36 (KHTML, like Gecko) Chrome/150.0.0.0 Safari/537.36"
197.211.59.196 - - [21/Jul/2026:13:25:17 +0000] "GET /wp-content/uploads/2026/07/1783607613518-1-280x300.jpg HTTP/1.1" 200 241767 "https://mppglobalconcept.shop/wp-admin/post.php?post=47&action=elementor" "Mozilla/5.0 (Windows NT 10.0; Win64; x64) AppleWebKit/537.36 (KHTML, like Gecko) Chrome/150.0.0.0 Safari/537.36"
197.211.59.196 - - [21/Jul/2026:13:25:17 +0000] "GET /wp-content/uploads/2026/07/1783607613501-200x300.jpg HTTP/1.1" 200 241767 "https://mppglobalconcept.shop/wp-admin/post.php?post=47&action=elementor" "Mozilla/5.0 (Windows NT 10.0; Win64; x64) AppleWebKit/537.36 (KHTML, like Gecko) Chrome/150.0.0.0 Safari/537.36"
197.211.59.196 - - [21/Jul/2026:13:25:21 +0000] "GET /wp-content/uploads/2026/07/images-225x300.jpg HTTP/1.1" 200 241767 "https://mppglobalconcept.shop/wp-admin/post.php?post=47&action=elementor" "Mozilla/5.0 (Windows NT 10.0; Win64; x64) AppleWebKit/537.36 (KHTML, like Gecko) Chrome/150.0.0.0 Safari/537.36"
197.211.59.196 - - [21/Jul/2026:13:25:12 +0000] "POST /wp-admin/async-upload.php HTTP/1.1" 403 2 "https://mppglobalconcept.shop/wp-admin/post.php?post=47&action=elementor" "Mozilla/5.0 (Windows NT 10.0; Win64; x64) AppleWebKit/537.36 (KHTML, like Gecko) Chrome/150.0.0.0 Safari/537.36"
197.211.59.196 - - [21/Jul/2026:13:25:25 +0000] "GET /wp-content/uploads/2026/07/1783607613518-2-280x300.jpg HTTP/1.1" 200 241767 "https://mppglobalconcept.shop/wp-admin/post.php?post=47&action=elementor" "Mozilla/5.0 (Windows NT 10.0; Win64; x64) AppleWebKit/537.36 (KHTML, like Gecko) Chrome/150.0.0.0 Safari/537.36"
197.211.59.196 - - [21/Jul/2026:13:25:25 +0000] "GET /wp-content/uploads/2026/07/images-2-300x300.jpg HTTP/1.1" 200 241767 "https://mppglobalconcept.shop/wp-admin/post.php?post=47&action=elementor" "Mozilla/5.0 (Windows NT 10.0; Win64; x64) AppleWebKit/537.36 (KHTML, like Gecko) Chrome/150.0.0.0 Safari/537.36"
197.211.59.196 - - [21/Jul/2026:13:25:25 +0000] "GET /wp-content/uploads/2026/07/1783607613518-280x300.jpg HTTP/1.1" 200 241767 "https://mppglobalconcept.shop/wp-admin/post.php?post=47&action=elementor" "Mozilla/5.0 (Windows NT 10.0; Win64; x64) AppleWebKit/537.36 (KHTML, like Gecko) Chrome/150.0.0.0 Safari/537.36"
197.211.59.196 - - [21/Jul/2026:13:25:25 +0000] "GET /wp-content/uploads/2026/07/1783607613518-4-280x300.jpg HTTP/1.1" 200 241767 "https://mppglobalconcept.shop/wp-admin/post.php?post=47&action=elementor" "Mozilla/5.0 (Windows NT 10.0; Win64; x64) AppleWebKit/537.36 (KHTML, like Gecko) Chrome/150.0.0.0 Safari/537.36"
197.211.59.196 - - [21/Jul/2026:13:25:25 +0000] "GET /wp-content/uploads/2026/07/1783607613518-3-280x300.jpg HTTP/1.1" 200 241767 "https://mppglobalconcept.shop/wp-admin/post.php?post=47&action=elementor" "Mozilla/5.0 (Windows NT 10.0; Win64; x64) AppleWebKit/537.36 (KHTML, like Gecko) Chrome/150.0.0.0 Safari/537.36"
197.211.59.196 - - [21/Jul/2026:13:25:30 +0000] "POST /wp-admin/admin-ajax.php HTTP/1.1" 200 77 "https://mppglobalconcept.shop/wp-admin/post.php?post=47&action=elementor" "Mozilla/5.0 (Windows NT 10.0; Win64; x64) AppleWebKit/537.36 (KHTML, like Gecko) Chrome/150.0.0.0 Safari/537.36"
197.211.59.196 - - [21/Jul/2026:13:25:28 +0000] "GET /wp-content/uploads/2026/07/images-3-150x150.jpg HTTP/1.1" 200 241767 "https://mppglobalconcept.shop/wp-admin/post.php?post=47&action=elementor" "Mozilla/5.0 (Windows NT 10.0; Win64; x64) AppleWebKit/537.36 (KHTML, like Gecko) Chrome/150.0.0.0 Safari/537.36"
197.211.59.196 - - [21/Jul/2026:13:25:32 +0000] "GET /wp-content/uploads/2026/07/images-2-1-300x300.jpg HTTP/1.1" 200 241767 "https://mppglobalconcept.shop/wp-admin/post.php?post=47&action=elementor" "Mozilla/5.0 (Windows NT 10.0; Win64; x64) AppleWebKit/537.36 (KHTML, like Gecko) Chrome/150.0.0.0 Safari/537.36"
197.211.59.196 - - [21/Jul/2026:13:25:33 +0000] "GET /wp-content/uploads/2026/07/images-4-210x300.jpg HTTP/1.1" 200 241767 "https://mppglobalconcept.shop/wp-admin/post.php?post=47&action=elementor" "Mozilla/5.0 (Windows NT 10.0; Win64; x64) AppleWebKit/537.36 (KHTML, like Gecko) Chrome/150.0.0.0 Safari/537.36"
197.211.59.196 - - [21/Jul/2026:13:25:33 +0000] "GET /wp-content/uploads/2026/07/pef-300x171.jpeg HTTP/1.1" 200 241767 "https://mppglobalconcept.shop/wp-admin/post.php?post=47&action=elementor" "Mozilla/5.0 (Windows NT 10.0; Win64; x64) AppleWebKit/537.36 (KHTML, like Gecko) Chrome/150.0.0.0 Safari/537.36"
197.211.59.196 - - [21/Jul/2026:13:25:34 +0000] "GET /wp-content/uploads/2026/07/images-5-168x300.jpg HTTP/1.1" 200 241767 "https://mppglobalconcept.shop/wp-admin/post.php?post=47&action=elementor" "Mozilla/5.0 (Windows NT 10.0; Win64; x64) AppleWebKit/537.36 (KHTML, like Gecko) Chrome/150.0.0.0 Safari/537.36"
197.211.59.196 - - [21/Jul/2026:13:25:40 +0000] "POST /wp-admin/admin-ajax.php HTTP/1.1" 200 77 "https://mppglobalconcept.shop/wp-admin/post.php?post=47&action=elementor" "Mozilla/5.0 (Windows NT 10.0; Win64; x64) AppleWebKit/537.36 (KHTML, like Gecko) Chrome/150.0.0.0 Safari/537.36"
197.211.59.196 - - [21/Jul/2026:13:25:30 +0000] "POST /wp-admin/async-upload.php HTTP/1.1" 403 2 "https://mppglobalconcept.shop/wp-admin/post.php?post=47&action=elementor" "Mozilla/5.0 (Windows NT 10.0; Win64; x64) AppleWebKit/537.36 (KHTML, like Gecko) Chrome/150.0.0.0 Safari/537.36"
197.211.59.196 - - [21/Jul/2026:13:25:43 +0000] "POST /wp-admin/async-upload.php HTTP/1.1" 403 2 "https://mppglobalconcept.shop/wp-admin/post.php?post=47&action=elementor" "Mozilla/5.0 (Windows NT 10.0; Win64; x64) AppleWebKit/537.36 (KHTML, like Gecko) Chrome/150.0.0.0 Safari/537.36"
197.211.59.196 - - [21/Jul/2026:13:25:57 +0000] "POST /wp-admin/admin-ajax.php HTTP/1.1" 200 77 "https://mppglobalconcept.shop/wp-admin/post.php?post=47&action=elementor" "Mozilla/5.0 (Windows NT 10.0; Win64; x64) AppleWebKit/537.36 (KHTML, like Gecko) Chrome/150.0.0.0 Safari/537.36"
197.211.59.196 - - [21/Jul/2026:13:25:52 +0000] "POST /wp-admin/async-upload.php HTTP/1.1" 403 2 "https://mppglobalconcept.shop/wp-admin/post.php?post=47&action=elementor" "Mozilla/5.0 (Windows NT 10.0; Win64; x64) AppleWebKit/537.36 (KHTML, like Gecko) Chrome/150.0.0.0 Safari/537.36"
198.177.124.148 - - [21/Jul/2026:13:26:11 +0000] "POST /wp-cron.php?doing_wp_cron=1784640370.9357810020446777343750 HTTP/1.1" 200 - "-" "WordPress/7.0.2; https://mppglobalconcept.shop"
197.211.59.196 - - [21/Jul/2026:13:26:02 +0000] "POST /wp-admin/async-upload.php HTTP/1.1" 403 2 "https://mppglobalconcept.shop/wp-admin/post.php?post=47&action=elementor" "Mozilla/5.0 (Windows NT 10.0; Win64; x64) AppleWebKit/537.36 (KHTML, like Gecko) Chrome/150.0.0.0 Safari/537.36"
197.211.59.196 - - [21/Jul/2026:13:26:11 +0000] "POST /wp-admin/admin-ajax.php HTTP/1.1" 200 77 "https://mppglobalconcept.shop/wp-admin/post.php?post=47&action=elementor" "Mozilla/5.0 (Windows NT 10.0; Win64; x64) AppleWebKit/537.36 (KHTML, like Gecko) Chrome/150.0.0.0 Safari/537.36"
197.211.59.196 - - [21/Jul/2026:13:26:12 +0000] "POST /wp-admin/async-upload.php HTTP/1.1" 403 2 "https://mppglobalconcept.shop/wp-admin/post.php?post=47&action=elementor" "Mozilla/5.0 (Windows NT 10.0; Win64; x64) AppleWebKit/537.36 (KHTML, like Gecko) Chrome/150.0.0.0 Safari/537.36"
197.211.59.196 - - [21/Jul/2026:13:26:25 +0000] "POST /wp-admin/admin-ajax.php HTTP/1.1" 200 77 "https://mppglobalconcept.shop/wp-admin/post.php?post=47&action=elementor" "Mozilla/5.0 (Windows NT 10.0; Win64; x64) AppleWebKit/537.36 (KHTML, like Gecko) Chrome/150.0.0.0 Safari/537.36"
197.211.59.196 - - [21/Jul/2026:13:26:22 +0000] "POST /wp-admin/async-upload.php HTTP/1.1" 403 2 "https://mppglobalconcept.shop/wp-admin/post.php?post=47&action=elementor" "Mozilla/5.0 (Windows NT 10.0; Win64; x64) AppleWebKit/537.36 (KHTML, like Gecko) Chrome/150.0.0.0 Safari/537.36"
197.211.59.196 - - [21/Jul/2026:13:26:29 +0000] "POST /wp-admin/async-upload.php HTTP/1.1" 403 2 "https://mppglobalconcept.shop/wp-admin/post.php?post=47&action=elementor" "Mozilla/5.0 (Windows NT 10.0; Win64; x64) AppleWebKit/537.36 (KHTML, like Gecko) Chrome/150.0.0.0 Safari/537.36"
197.211.59.196 - - [21/Jul/2026:13:26:38 +0000] "POST /wp-admin/admin-ajax.php HTTP/1.1" 200 77 "https://mppglobalconcept.shop/wp-admin/post.php?post=47&action=elementor" "Mozilla/5.0 (Windows NT 10.0; Win64; x64) AppleWebKit/537.36 (KHTML, like Gecko) Chrome/150.0.0.0 Safari/537.36"
197.211.59.196 - - [21/Jul/2026:13:26:38 +0000] "POST /wp-admin/async-upload.php HTTP/1.1" 403 2 "https://mppglobalconcept.shop/wp-admin/post.php?post=47&action=elementor" "Mozilla/5.0 (Windows NT 10.0; Win64; x64) AppleWebKit/537.36 (KHTML, like Gecko) Chrome/150.0.0.0 Safari/537.36"
197.211.59.196 - - [21/Jul/2026:13:26:53 +0000] "POST /wp-admin/admin-ajax.php HTTP/1.1" 200 77 "https://mppglobalconcept.shop/wp-admin/post.php?post=47&action=elementor" "Mozilla/5.0 (Windows NT 10.0; Win64; x64) AppleWebKit/537.36 (KHTML, like Gecko) Chrome/150.0.0.0 Safari/537.36"
198.177.124.148 - - [21/Jul/2026:13:27:10 +0000] "POST /wp-cron.php?doing_wp_cron=1784640430.1214129924774169921875 HTTP/1.1" 200 - "-" "WordPress/7.0.2; https://mppglobalconcept.shop"
197.211.59.196 - - [21/Jul/2026:13:27:08 +0000] "POST /wp-admin/admin-ajax.php HTTP/1.1" 200 77 "https://mppglobalconcept.shop/wp-admin/post.php?post=47&action=elementor" "Mozilla/5.0 (Windows NT 10.0; Win64; x64) AppleWebKit/537.36 (KHTML, like Gecko) Chrome/150.0.0.0 Safari/537.36"
197.211.59.196 - - [21/Jul/2026:13:27:23 +0000] "POST /wp-admin/admin-ajax.php HTTP/1.1" 200 77 "https://mppglobalconcept.shop/wp-admin/post.php?post=47&action=elementor" "Mozilla/5.0 (Windows NT 10.0; Win64; x64) AppleWebKit/537.36 (KHTML, like Gecko) Chrome/150.0.0.0 Safari/537.36"
197.211.59.196 - - [21/Jul/2026:13:27:38 +0000] "POST /wp-admin/admin-ajax.php HTTP/1.1" 200 77 "https://mppglobalconcept.shop/wp-admin/post.php?post=47&action=elementor" "Mozilla/5.0 (Windows NT 10.0; Win64; x64) AppleWebKit/537.36 (KHTML, like Gecko) Chrome/150.0.0.0 Safari/537.36"
197.211.59.196 - - [21/Jul/2026:13:27:53 +0000] "POST /wp-admin/admin-ajax.php HTTP/1.1" 200 77 "https://mppglobalconcept.shop/wp-admin/post.php?post=47&action=elementor" "Mozilla/5.0 (Windows NT 10.0; Win64; x64) AppleWebKit/537.36 (KHTML, like Gecko) Chrome/150.0.0.0 Safari/537.36"
198.177.124.148 - - [21/Jul/2026:13:28:10 +0000] "POST /wp-cron.php?doing_wp_cron=1784640490.2298779487609863281250 HTTP/1.1" 200 - "-" "WordPress/7.0.2; https://mppglobalconcept.shop"
197.211.59.196 - - [21/Jul/2026:13:28:08 +0000] "POST /wp-admin/admin-ajax.php HTTP/1.1" 200 77 "https://mppglobalconcept.shop/wp-admin/post.php?post=47&action=elementor" "Mozilla/5.0 (Windows NT 10.0; Win64; x64) AppleWebKit/537.36 (KHTML, like Gecko) Chrome/150.0.0.0 Safari/537.36"
197.211.59.196 - - [21/Jul/2026:13:28:23 +0000] "POST /wp-admin/admin-ajax.php HTTP/1.1" 200 77 "https://mppglobalconcept.shop/wp-admin/post.php?post=47&action=elementor" "Mozilla/5.0 (Windows NT 10.0; Win64; x64) AppleWebKit/537.36 (KHTML, like Gecko) Chrome/150.0.0.0 Safari/537.36"
197.211.59.196 - - [21/Jul/2026:13:28:38 +0000] "POST /wp-admin/admin-ajax.php HTTP/1.1" 200 77 "https://mppglobalconcept.shop/wp-admin/post.php?post=47&action=elementor" "Mozilla/5.0 (Windows NT 10.0; Win64; x64) AppleWebKit/537.36 (KHTML, like Gecko) Chrome/150.0.0.0 Safari/537.36"
197.211.59.196 - - [21/Jul/2026:13:28:53 +0000] "POST /wp-admin/admin-ajax.php HTTP/1.1" 200 77 "https://mppglobalconcept.shop/wp-admin/post.php?post=47&action=elementor" "Mozilla/5.0 (Windows NT 10.0; Win64; x64) AppleWebKit/537.36 (KHTML, like Gecko) Chrome/150.0.0.0 Safari/537.36"
198.177.124.148 - - [21/Jul/2026:13:29:09 +0000] "POST /wp-cron.php?doing_wp_cron=1784640549.6733820438385009765625 HTTP/1.1" 200 - "-" "WordPress/7.0.2; https://mppglobalconcept.shop"
197.211.59.196 - - [21/Jul/2026:13:29:08 +0000] "POST /wp-admin/admin-ajax.php HTTP/1.1" 200 77 "https://mppglobalconcept.shop/wp-admin/post.php?post=47&action=elementor" "Mozilla/5.0 (Windows NT 10.0; Win64; x64) AppleWebKit/537.36 (KHTML, like Gecko) Chrome/150.0.0.0 Safari/537.36"
197.211.59.196 - - [21/Jul/2026:13:29:23 +0000] "POST /wp-admin/admin-ajax.php HTTP/1.1" 200 77 "https://mppglobalconcept.shop/wp-admin/post.php?post=47&action=elementor" "Mozilla/5.0 (Windows NT 10.0; Win64; x64) AppleWebKit/537.36 (KHTML, like Gecko) Chrome/150.0.0.0 Safari/537.36"
197.211.59.196 - - [21/Jul/2026:13:29:38 +0000] "POST /wp-admin/admin-ajax.php HTTP/1.1" 200 77 "https://mppglobalconcept.shop/wp-admin/post.php?post=47&action=elementor" "Mozilla/5.0 (Windows NT 10.0; Win64; x64) AppleWebKit/537.36 (KHTML, like Gecko) Chrome/150.0.0.0 Safari/537.36"
197.211.59.196 - - [21/Jul/2026:13:29:53 +0000] "POST /wp-admin/admin-ajax.php HTTP/1.1" 200 77 "https://mppglobalconcept.shop/wp-admin/post.php?post=47&action=elementor" "Mozilla/5.0 (Windows NT 10.0; Win64; x64) AppleWebKit/537.36 (KHTML, like Gecko) Chrome/150.0.0.0 Safari/537.36"
198.177.124.148 - - [21/Jul/2026:13:30:11 +0000] "POST /wp-cron.php?doing_wp_cron=1784640611.1383190155029296875000 HTTP/1.1" 200 - "-" "WordPress/7.0.2; https://mppglobalconcept.shop"
197.211.59.196 - - [21/Jul/2026:13:30:08 +0000] "POST /wp-admin/admin-ajax.php HTTP/1.1" 200 77 "https://mppglobalconcept.shop/wp-admin/post.php?post=47&action=elementor" "Mozilla/5.0 (Windows NT 10.0; Win64; x64) AppleWebKit/537.36 (KHTML, like Gecko) Chrome/150.0.0.0 Safari/537.36"
197.211.59.196 - - [21/Jul/2026:13:30:23 +0000] "POST /wp-admin/admin-ajax.php HTTP/1.1" 200 77 "https://mppglobalconcept.shop/wp-admin/post.php?post=47&action=elementor" "Mozilla/5.0 (Windows NT 10.0; Win64; x64) AppleWebKit/537.36 (KHTML, like Gecko) Chrome/150.0.0.0 Safari/537.36"
197.211.59.196 - - [21/Jul/2026:13:30:38 +0000] "POST /wp-admin/admin-ajax.php HTTP/1.1" 200 77 "https://mppglobalconcept.shop/wp-admin/post.php?post=47&action=elementor" "Mozilla/5.0 (Windows NT 10.0; Win64; x64) AppleWebKit/537.36 (KHTML, like Gecko) Chrome/150.0.0.0 Safari/537.36"
43.128.156.124 - - [21/Jul/2026:13:30:40 +0000] "GET /wp-json/oembed/1.0/embed?url=https%3A%2F%2Fmppglobalconcept.shop%2Fhealthy-herbal%2F&format=xml HTTP/1.1" 200 2258 "-" "Mozilla/5.0 (iPhone; CPU iPhone OS 13_2_3 like Mac OS X) AppleWebKit/605.1.15 (KHTML, like Gecko) Version/13.0.3 Mobile/15E148 Safari/604.1"
197.211.59.196 - - [21/Jul/2026:13:30:53 +0000] "POST /wp-admin/admin-ajax.php HTTP/1.1" 200 77 "https://mppglobalconcept.shop/wp-admin/post.php?post=47&action=elementor" "Mozilla/5.0 (Windows NT 10.0; Win64; x64) AppleWebKit/537.36 (KHTML, like Gecko) Chrome/150.0.0.0 Safari/537.36"
198.177.124.148 - - [21/Jul/2026:13:31:10 +0000] "POST /wp-cron.php?doing_wp_cron=1784640670.5221838951110839843750 HTTP/1.1" 200 - "-" "WordPress/7.0.2; https://mppglobalconcept.shop"
197.211.59.196 - - [21/Jul/2026:13:31:08 +0000] "POST /wp-admin/admin-ajax.php HTTP/1.1" 200 77 "https://mppglobalconcept.shop/wp-admin/post.php?post=47&action=elementor" "Mozilla/5.0 (Windows NT 10.0; Win64; x64) AppleWebKit/537.36 (KHTML, like Gecko) Chrome/150.0.0.0 Safari/537.36"
197.211.59.196 - - [21/Jul/2026:13:31:23 +0000] "POST /wp-admin/admin-ajax.php HTTP/1.1" 200 77 "https://mppglobalconcept.shop/wp-admin/post.php?post=47&action=elementor" "Mozilla/5.0 (Windows NT 10.0; Win64; x64) AppleWebKit/537.36 (KHTML, like Gecko) Chrome/150.0.0.0 Safari/537.36"
197.211.59.196 - - [21/Jul/2026:13:31:38 +0000] "POST /wp-admin/admin-ajax.php HTTP/1.1" 200 77 "https://mppglobalconcept.shop/wp-admin/post.php?post=47&action=elementor" "Mozilla/5.0 (Windows NT 10.0; Win64; x64) AppleWebKit/537.36 (KHTML, like Gecko) Chrome/150.0.0.0 Safari/537.36"
197.211.59.196 - - [21/Jul/2026:13:31:54 +0000] "POST /wp-admin/admin-ajax.php HTTP/1.1" 200 77 "https://mppglobalconcept.shop/wp-admin/post.php?post=47&action=elementor" "Mozilla/5.0 (Windows NT 10.0; Win64; x64) AppleWebKit/537.36 (KHTML, like Gecko) Chrome/150.0.0.0 Safari/537.36"
198.177.124.148 - - [21/Jul/2026:13:32:10 +0000] "POST /wp-cron.php?doing_wp_cron=1784640730.3440980911254882812500 HTTP/1.1" 200 - "-" "WordPress/7.0.2; https://mppglobalconcept.shop"
197.211.59.196 - - [21/Jul/2026:13:32:08 +0000] "POST /wp-admin/admin-ajax.php HTTP/1.1" 200 77 "https://mppglobalconcept.shop/wp-admin/post.php?post=47&action=elementor" "Mozilla/5.0 (Windows NT 10.0; Win64; x64) AppleWebKit/537.36 (KHTML, like Gecko) Chrome/150.0.0.0 Safari/537.36"
197.211.59.196 - - [21/Jul/2026:13:32:24 +0000] "POST /wp-admin/admin-ajax.php HTTP/1.1" 200 77 "https://mppglobalconcept.shop/wp-admin/post.php?post=47&action=elementor" "Mozilla/5.0 (Windows NT 10.0; Win64; x64) AppleWebKit/537.36 (KHTML, like Gecko) Chrome/150.0.0.0 Safari/537.36"
197.211.59.196 - - [21/Jul/2026:13:32:38 +0000] "POST /wp-admin/admin-ajax.php HTTP/1.1" 200 77 "https://mppglobalconcept.shop/wp-admin/post.php?post=47&action=elementor" "Mozilla/5.0 (Windows NT 10.0; Win64; x64) AppleWebKit/537.36 (KHTML, like Gecko) Chrome/150.0.0.0 Safari/537.36"
197.211.59.196 - - [21/Jul/2026:13:32:53 +0000] "POST /wp-admin/admin-ajax.php HTTP/1.1" 200 77 "https://mppglobalconcept.shop/wp-admin/post.php?post=47&action=elementor" "Mozilla/5.0 (Windows NT 10.0; Win64; x64) AppleWebKit/537.36 (KHTML, like Gecko) Chrome/150.0.0.0 Safari/537.36"
198.177.124.148 - - [21/Jul/2026:13:33:10 +0000] "POST /wp-cron.php?doing_wp_cron=1784640790.1963310241699218750000 HTTP/1.1" 200 - "-" "WordPress/7.0.2; https://mppglobalconcept.shop"
197.211.59.196 - - [21/Jul/2026:13:33:08 +0000] "POST /wp-admin/admin-ajax.php HTTP/1.1" 200 77 "https://mppglobalconcept.shop/wp-admin/post.php?post=47&action=elementor" "Mozilla/5.0 (Windows NT 10.0; Win64; x64) AppleWebKit/537.36 (KHTML, like Gecko) Chrome/150.0.0.0 Safari/537.36"
197.211.59.196 - - [21/Jul/2026:13:33:23 +0000] "POST /wp-admin/admin-ajax.php HTTP/1.1" 200 77 "https://mppglobalconcept.shop/wp-admin/post.php?post=47&action=elementor" "Mozilla/5.0 (Windows NT 10.0; Win64; x64) AppleWebKit/537.36 (KHTML, like Gecko) Chrome/150.0.0.0 Safari/537.36"
197.211.59.196 - - [21/Jul/2026:13:33:24 +0000] "POST /wp-admin/admin-ajax.php HTTP/1.1" 200 26694 "https://mppglobalconcept.shop/wp-admin/post.php?post=47&action=elementor" "Mozilla/5.0 (Windows NT 10.0; Win64; x64) AppleWebKit/537.36 (KHTML, like Gecko) Chrome/150.0.0.0 Safari/537.36"
197.211.59.196 - - [21/Jul/2026:13:33:28 +0000] "GET /wp-content/uploads/2026/07/images-2-1-300x300.jpg HTTP/1.1" 200 241767 "https://mppglobalconcept.shop/wp-admin/post.php?post=47&action=elementor" "Mozilla/5.0 (Windows NT 10.0; Win64; x64) AppleWebKit/537.36 (KHTML, like Gecko) Chrome/150.0.0.0 Safari/537.36"
197.211.59.196 - - [21/Jul/2026:13:33:28 +0000] "GET /wp-content/uploads/2026/07/images-4-1-210x300.jpg HTTP/1.1" 200 241767 "https://mppglobalconcept.shop/wp-admin/post.php?post=47&action=elementor" "Mozilla/5.0 (Windows NT 10.0; Win64; x64) AppleWebKit/537.36 (KHTML, like Gecko) Chrome/150.0.0.0 Safari/537.36"
197.211.59.196 - - [21/Jul/2026:13:33:28 +0000] "GET /wp-content/uploads/2026/07/pef-300x171.jpeg HTTP/1.1" 200 241767 "https://mppglobalconcept.shop/wp-admin/post.php?post=47&action=elementor" "Mozilla/5.0 (Windows NT 10.0; Win64; x64) AppleWebKit/537.36 (KHTML, like Gecko) Chrome/150.0.0.0 Safari/537.36"
197.211.59.196 - - [21/Jul/2026:13:33:29 +0000] "GET /wp-content/uploads/2026/07/images-225x300.jpg HTTP/1.1" 200 241767 "https://mppglobalconcept.shop/wp-admin/post.php?post=47&action=elementor" "Mozilla/5.0 (Windows NT 10.0; Win64; x64) AppleWebKit/537.36 (KHTML, like Gecko) Chrome/150.0.0.0 Safari/537.36"
197.211.59.196 - - [21/Jul/2026:13:33:29 +0000] "GET /wp-content/uploads/2026/07/images-1-225x300.jpg HTTP/1.1" 200 241767 "https://mppglobalconcept.shop/wp-admin/post.php?post=47&action=elementor" "Mozilla/5.0 (Windows NT 10.0; Win64; x64) AppleWebKit/537.36 (KHTML, like Gecko) Chrome/150.0.0.0 Safari/537.36"
197.211.59.196 - - [21/Jul/2026:13:33:29 +0000] "GET /wp-content/uploads/2026/07/1783607613518-1-280x300.jpg HTTP/1.1" 200 241767 "https://mppglobalconcept.shop/wp-admin/post.php?post=47&action=elementor" "Mozilla/5.0 (Windows NT 10.0; Win64; x64) AppleWebKit/537.36 (KHTML, like Gecko) Chrome/150.0.0.0 Safari/537.36"
197.211.59.196 - - [21/Jul/2026:13:33:33 +0000] "GET /wp-content/uploads/2026/07/1783607613518-3-280x300.jpg HTTP/1.1" 200 241767 "https://mppglobalconcept.shop/wp-admin/post.php?post=47&action=elementor" "Mozilla/5.0 (Windows NT 10.0; Win64; x64) AppleWebKit/537.36 (KHTML, like Gecko) Chrome/150.0.0.0 Safari/537.36"
197.211.59.196 - - [21/Jul/2026:13:33:33 +0000] "GET /wp-content/uploads/2026/07/1783607613518-2-280x300.jpg HTTP/1.1" 200 241767 "https://mppglobalconcept.shop/wp-admin/post.php?post=47&action=elementor" "Mozilla/5.0 (Windows NT 10.0; Win64; x64) AppleWebKit/537.36 (KHTML, like Gecko) Chrome/150.0.0.0 Safari/537.36"
197.211.59.196 - - [21/Jul/2026:13:33:33 +0000] "GET /wp-content/uploads/2026/07/1783607613501-200x300.jpg HTTP/1.1" 200 241767 "https://mppglobalconcept.shop/wp-admin/post.php?post=47&action=elementor" "Mozilla/5.0 (Windows NT 10.0; Win64; x64) AppleWebKit/537.36 (KHTML, like Gecko) Chrome/150.0.0.0 Safari/537.36"
197.211.59.196 - - [21/Jul/2026:13:33:36 +0000] "GET /wp-content/uploads/2026/07/1783607613518-4-280x300.jpg HTTP/1.1" 200 241767 "https://mppglobalconcept.shop/wp-admin/post.php?post=47&action=elementor" "Mozilla/5.0 (Windows NT 10.0; Win64; x64) AppleWebKit/537.36 (KHTML, like Gecko) Chrome/150.0.0.0 Safari/537.36"
197.211.59.196 - - [21/Jul/2026:13:33:39 +0000] "POST /wp-admin/admin-ajax.php HTTP/1.1" 200 77 "https://mppglobalconcept.shop/wp-admin/post.php?post=47&action=elementor" "Mozilla/5.0 (Windows NT 10.0; Win64; x64) AppleWebKit/537.36 (KHTML, like Gecko) Chrome/150.0.0.0 Safari/537.36"
197.211.59.196 - - [21/Jul/2026:13:33:36 +0000] "GET /wp-content/uploads/2026/07/images-4-210x300.jpg HTTP/1.1" 200 241767 "https://mppglobalconcept.shop/wp-admin/post.php?post=47&action=elementor" "Mozilla/5.0 (Windows NT 10.0; Win64; x64) AppleWebKit/537.36 (KHTML, like Gecko) Chrome/150.0.0.0 Safari/537.36"
197.211.59.196 - - [21/Jul/2026:13:33:40 +0000] "GET /wp-content/uploads/2026/07/images-5-168x300.jpg HTTP/1.1" 200 241767 "https://mppglobalconcept.shop/wp-admin/post.php?post=47&action=elementor" "Mozilla/5.0 (Windows NT 10.0; Win64; x64) AppleWebKit/537.36 (KHTML, like Gecko) Chrome/150.0.0.0 Safari/537.36"
197.211.59.196 - - [21/Jul/2026:13:33:40 +0000] "GET /wp-content/uploads/2026/07/images-2-300x300.jpg HTTP/1.1" 200 241767 "https://mppglobalconcept.shop/wp-admin/post.php?post=47&action=elementor" "Mozilla/5.0 (Windows NT 10.0; Win64; x64) AppleWebKit/537.36 (KHTML, like Gecko) Chrome/150.0.0.0 Safari/537.36"
197.211.59.196 - - [21/Jul/2026:13:33:40 +0000] "GET /wp-content/uploads/2026/07/images-3-150x150.jpg HTTP/1.1" 200 241767 "https://mppglobalconcept.shop/wp-admin/post.php?post=47&action=elementor" "Mozilla/5.0 (Windows NT 10.0; Win64; x64) AppleWebKit/537.36 (KHTML, like Gecko) Chrome/150.0.0.0 Safari/537.36"
197.211.59.196 - - [21/Jul/2026:13:33:43 +0000] "GET /wp-content/uploads/2026/07/1783607613518-280x300.jpg HTTP/1.1" 200 241767 "https://mppglobalconcept.shop/wp-admin/post.php?post=47&action=elementor" "Mozilla/5.0 (Windows NT 10.0; Win64; x64) AppleWebKit/537.36 (KHTML, like Gecko) Chrome/150.0.0.0 Safari/537.36"
197.211.59.196 - - [21/Jul/2026:13:33:43 +0000] "GET /wp-content/uploads/2026/07/1-300x300.jpg HTTP/1.1" 200 241767 "https://mppglobalconcept.shop/wp-admin/post.php?post=47&action=elementor" "Mozilla/5.0 (Windows NT 10.0; Win64; x64) AppleWebKit/537.36 (KHTML, like Gecko) Chrome/150.0.0.0 Safari/537.36"
197.211.59.196 - - [21/Jul/2026:13:33:53 +0000] "POST /wp-admin/admin-ajax.php HTTP/1.1" 200 77 "https://mppglobalconcept.shop/wp-admin/post.php?post=47&action=elementor" "Mozilla/5.0 (Windows NT 10.0; Win64; x64) AppleWebKit/537.36 (KHTML, like Gecko) Chrome/150.0.0.0 Safari/537.36"
198.177.124.148 - - [21/Jul/2026:13:34:10 +0000] "POST /wp-cron.php?doing_wp_cron=1784640850.8360779285430908203125 HTTP/1.1" 200 - "-" "WordPress/7.0.2; https://mppglobalconcept.shop"
197.211.59.196 - - [21/Jul/2026:13:34:09 +0000] "POST /wp-admin/admin-ajax.php HTTP/1.1" 200 77 "https://mppglobalconcept.shop/wp-admin/post.php?post=47&action=elementor" "Mozilla/5.0 (Windows NT 10.0; Win64; x64) AppleWebKit/537.36 (KHTML, like Gecko) Chrome/150.0.0.0 Safari/537.36"
197.211.59.196 - - [21/Jul/2026:13:34:23 +0000] "POST /wp-admin/admin-ajax.php HTTP/1.1" 200 77 "https://mppglobalconcept.shop/wp-admin/post.php?post=47&action=elementor" "Mozilla/5.0 (Windows NT 10.0; Win64; x64) AppleWebKit/537.36 (KHTML, like Gecko) Chrome/150.0.0.0 Safari/537.36"
197.211.59.196 - - [21/Jul/2026:13:34:38 +0000] "POST /wp-admin/admin-ajax.php HTTP/1.1" 200 77 "https://mppglobalconcept.shop/wp-admin/post.php?post=47&action=elementor" "Mozilla/5.0 (Windows NT 10.0; Win64; x64) AppleWebKit/537.36 (KHTML, like Gecko) Chrome/150.0.0.0 Safari/537.36"
197.211.59.196 - - [21/Jul/2026:13:34:41 +0000] "GET /wp-json/elementor/v1/user-data/current-user?context=edit HTTP/1.1" 200 92 "https://mppglobalconcept.shop/wp-admin/post.php?post=47&action=elementor" "Mozilla/5.0 (Windows NT 10.0; Win64; x64) AppleWebKit/537.36 (KHTML, like Gecko) Chrome/150.0.0.0 Safari/537.36"
197.211.59.196 - - [21/Jul/2026:13:34:45 +0000] "GET /wp-content/plugins/elementor/assets/images/logo-panel.svg HTTP/1.1" 304 - "https://mppglobalconcept.shop/wp-admin/post.php?post=47&action=elementor" "Mozilla/5.0 (Windows NT 10.0; Win64; x64) AppleWebKit/537.36 (KHTML, like Gecko) Chrome/150.0.0.0 Safari/537.36"
197.211.59.196 - - [21/Jul/2026:13:34:53 +0000] "POST /wp-admin/admin-ajax.php HTTP/1.1" 200 77 "https://mppglobalconcept.shop/wp-admin/post.php?post=47&action=elementor" "Mozilla/5.0 (Windows NT 10.0; Win64; x64) AppleWebKit/537.36 (KHTML, like Gecko) Chrome/150.0.0.0 Safari/537.36"
46.203.52.51 - - [21/Jul/2026:13:34:55 +0000] "GET /wp-admin/about.php?compat=verify&user=admin_1167gg50hm&pass=RoX3Kct6qC7R HTTP/1.1" 403 82356 "-" "-"
46.203.52.51 - - [21/Jul/2026:13:34:58 +0000] "GET /wp-admin/about.php?mu_protector=regain HTTP/1.1" 403 82356 "-" "-"
198.177.124.148 - - [21/Jul/2026:13:35:12 +0000] "POST /wp-cron.php?doing_wp_cron=1784640912.9386920928955078125000 HTTP/1.1" 200 - "-" "WordPress/7.0.2; https://mppglobalconcept.shop"
197.211.59.196 - - [21/Jul/2026:13:35:11 +0000] "POST /wp-admin/admin-ajax.php HTTP/1.1" 200 77 "https://mppglobalconcept.shop/wp-admin/post.php?post=47&action=elementor" "Mozilla/5.0 (Windows NT 10.0; Win64; x64) AppleWebKit/537.36 (KHTML, like Gecko) Chrome/150.0.0.0 Safari/537.36"
197.211.59.196 - - [21/Jul/2026:13:35:58 +0000] "GET /wp-json/elementor/v1/checklist/user-progress HTTP/1.1" 200 92 "https://mppglobalconcept.shop/wp-admin/post.php?post=47&action=elementor" "Mozilla/5.0 (Windows NT 10.0; Win64; x64) AppleWebKit/537.36 (KHTML, like Gecko) Chrome/150.0.0.0 Safari/537.36"
198.177.124.148 - - [21/Jul/2026:13:36:03 +0000] "POST /wp-cron.php?doing_wp_cron=1784640963.5094308853149414062500 HTTP/1.1" 200 - "-" "WordPress/7.0.2; https://mppglobalconcept.shop"
197.211.59.196 - - [21/Jul/2026:13:35:59 +0000] "POST /wp-admin/admin-ajax.php HTTP/1.1" 200 1522 "https://mppglobalconcept.shop/wp-admin/post.php?post=47&action=elementor" "Mozilla/5.0 (Windows NT 10.0; Win64; x64) AppleWebKit/537.36 (KHTML, like Gecko) Chrome/150.0.0.0 Safari/537.36"
197.211.59.196 - - [21/Jul/2026:13:36:04 +0000] "GET /wp-json/elementor/v1/checklist/user-progress HTTP/1.1" 200 92 "https://mppglobalconcept.shop/wp-admin/post.php?post=47&action=elementor" "Mozilla/5.0 (Windows NT 10.0; Win64; x64) AppleWebKit/537.36 (KHTML, like Gecko) Chrome/150.0.0.0 Safari/537.36"
198.177.124.148 - - [21/Jul/2026:13:37:13 +0000] "POST /wp-cron.php?doing_wp_cron=1784641033.6478090286254882812500 HTTP/1.1" 200 - "-" "WordPress/7.0.2; https://mppglobalconcept.shop"
197.211.59.196 - - [21/Jul/2026:13:37:11 +0000] "POST /wp-admin/admin-ajax.php HTTP/1.1" 200 77 "https://mppglobalconcept.shop/wp-admin/post.php?post=47&action=elementor" "Mozilla/5.0 (Windows NT 10.0; Win64; x64) AppleWebKit/537.36 (KHTML, like Gecko) Chrome/150.0.0.0 Safari/537.36"
197.211.59.196 - - [21/Jul/2026:13:37:18 +0000] "GET /wp-json/elementor/v1/checklist/user-progress HTTP/1.1" 200 92 "https://mppglobalconcept.shop/wp-admin/post.php?post=47&action=elementor" "Mozilla/5.0 (Windows NT 10.0; Win64; x64) AppleWebKit/537.36 (KHTML, like Gecko) Chrome/150.0.0.0 Safari/537.36"
197.211.59.196 - - [21/Jul/2026:13:37:22 +0000] "POST /wp-admin/admin-ajax.php HTTP/1.1" 200 457 "https://mppglobalconcept.shop/wp-admin/post.php?post=47&action=elementor" "Mozilla/5.0 (Windows NT 10.0; Win64; x64) AppleWebKit/537.36 (KHTML, like Gecko) Chrome/150.0.0.0 Safari/537.36"
197.211.59.196 - - [21/Jul/2026:13:37:25 +0000] "POST /wp-admin/admin-ajax.php HTTP/1.1" 200 77 "https://mppglobalconcept.shop/wp-admin/post.php?post=47&action=elementor" "Mozilla/5.0 (Windows NT 10.0; Win64; x64) AppleWebKit/537.36 (KHTML, like Gecko) Chrome/150.0.0.0 Safari/537.36"
