198.177.124.148 - - [22/Jul/2026:11:11:24 +0000] "POST /wp-cron.php?doing_wp_cron=1784718683.8759961128234863281250 HTTP/1.1" 200 - "-" "WordPress/7.0.2; https://mppglobalconcept.shop"
197.211.59.196 - - [22/Jul/2026:11:11:18 +0000] "GET /wp-admin/plugin-install.php HTTP/1.1" 403 241745 "https://mppglobalconcept.shop/wp-admin/plugins.php" "Mozilla/5.0 (Windows NT 10.0; Win64; x64) AppleWebKit/537.36 (KHTML, like Gecko) Chrome/150.0.0.0 Safari/537.36"
197.211.59.196 - - [22/Jul/2026:11:11:23 +0000] "GET /wp-admin/plugin-install.php HTTP/1.1" 403 241745 "https://mppglobalconcept.shop/wp-admin/plugins.php" "Mozilla/5.0 (Windows NT 10.0; Win64; x64) AppleWebKit/537.36 (KHTML, like Gecko) Chrome/150.0.0.0 Safari/537.36"
197.211.59.196 - - [22/Jul/2026:11:11:28 +0000] "GET /wp-admin/plugin-install.php HTTP/1.1" 403 241745 "https://mppglobalconcept.shop/wp-admin/plugins.php" "Mozilla/5.0 (Windows NT 10.0; Win64; x64) AppleWebKit/537.36 (KHTML, like Gecko) Chrome/150.0.0.0 Safari/537.36"
197.211.59.196 - - [22/Jul/2026:11:11:35 +0000] "GET /wp-content/plugins/pixelyoursite/dist/scripts/jquery.bind-first-0.2.3.min.js?ver=0.2.3 HTTP/1.1" 200 1317 "https://mppglobalconcept.shop/wp-admin/plugin-install.php" "Mozilla/5.0 (Windows NT 10.0; Win64; x64) AppleWebKit/537.36 (KHTML, like Gecko) Chrome/150.0.0.0 Safari/537.36"
197.211.59.196 - - [22/Jul/2026:11:11:37 +0000] "GET /wp-content/plugins/pixelyoursite/dist/scripts/js.cookie-2.1.3.min.js?ver=2.1.3 HTTP/1.1" 200 1709 "https://mppglobalconcept.shop/wp-admin/plugin-install.php" "Mozilla/5.0 (Windows NT 10.0; Win64; x64) AppleWebKit/537.36 (KHTML, like Gecko) Chrome/150.0.0.0 Safari/537.36"
197.211.59.196 - - [22/Jul/2026:11:11:37 +0000] "GET /wp-content/plugins/pixelyoursite/dist/scripts/tld.min.js?ver=2.3.1 HTTP/1.1" 200 141079 "https://mppglobalconcept.shop/wp-admin/plugin-install.php" "Mozilla/5.0 (Windows NT 10.0; Win64; x64) AppleWebKit/537.36 (KHTML, like Gecko) Chrome/150.0.0.0 Safari/537.36"
197.211.59.196 - - [22/Jul/2026:11:11:37 +0000] "GET /wp-content/plugins/pixelyoursite/dist/scripts/public.js?ver=11.2.1 HTTP/1.1" 200 172979 "https://mppglobalconcept.shop/wp-admin/plugin-install.php" "Mozilla/5.0 (Windows NT 10.0; Win64; x64) AppleWebKit/537.36 (KHTML, like Gecko) Chrome/150.0.0.0 Safari/537.36"
197.211.59.196 - - [22/Jul/2026:11:11:42 +0000] "GET /wp-admin/admin-ajax.php?action=pys_get_pbid HTTP/1.1" 200 1 "https://mppglobalconcept.shop/wp-admin/plugin-install.php" "Mozilla/5.0 (Windows NT 10.0; Win64; x64) AppleWebKit/537.36 (KHTML, like Gecko) Chrome/150.0.0.0 Safari/537.36"
197.211.59.196 - - [22/Jul/2026:11:11:43 +0000] "GET /favicon.ico HTTP/1.1" 200 2 "https://mppglobalconcept.shop/wp-admin/plugin-install.php" "Mozilla/5.0 (Windows NT 10.0; Win64; x64) AppleWebKit/537.36 (KHTML, like Gecko) Chrome/150.0.0.0 Safari/537.36"
197.211.59.196 - - [22/Jul/2026:11:11:47 +0000] "GET /wp-admin/plugin-install.php HTTP/1.1" 403 241745 "https://mppglobalconcept.shop/wp-admin/plugins.php" "Mozilla/5.0 (Windows NT 10.0; Win64; x64) AppleWebKit/537.36 (KHTML, like Gecko) Chrome/150.0.0.0 Safari/537.36"
197.211.59.196 - - [22/Jul/2026:11:11:56 +0000] "GET /wp-admin/admin-ajax.php?action=pys_get_pbid HTTP/1.1" 200 1 "https://mppglobalconcept.shop/wp-admin/plugin-install.php" "Mozilla/5.0 (Windows NT 10.0; Win64; x64) AppleWebKit/537.36 (KHTML, like Gecko) Chrome/150.0.0.0 Safari/537.36"
197.211.59.196 - - [22/Jul/2026:11:11:57 +0000] "GET /favicon.ico HTTP/1.1" 200 2 "https://mppglobalconcept.shop/wp-admin/plugin-install.php" "Mozilla/5.0 (Windows NT 10.0; Win64; x64) AppleWebKit/537.36 (KHTML, like Gecko) Chrome/150.0.0.0 Safari/537.36"
198.177.124.148 - - [22/Jul/2026:11:12:22 +0000] "POST /wp-cron.php?doing_wp_cron=1784718742.1686029434204101562500 HTTP/1.1" 200 - "-" "WordPress/7.0.2; https://mppglobalconcept.shop"
197.211.59.196 - - [22/Jul/2026:11:12:21 +0000] "POST /wp-admin/admin-ajax.php HTTP/1.1" 200 47 "https://mppglobalconcept.shop/wp-admin/plugins.php?plugin_status=all&paged=1&s" "Mozilla/5.0 (Windows NT 10.0; Win64; x64) AppleWebKit/537.36 (KHTML, like Gecko) Chrome/150.0.0.0 Safari/537.36"
197.211.59.196 - - [22/Jul/2026:11:12:37 +0000] "GET /wp-admin/plugins.php HTTP/1.1" 200 299704 "https://mppglobalconcept.shop/wp-admin/" "Mozilla/5.0 (Windows NT 10.0; Win64; x64) AppleWebKit/537.36 (KHTML, like Gecko) Chrome/150.0.0.0 Safari/537.36"
197.211.59.196 - - [22/Jul/2026:11:12:48 +0000] "GET /favicon.ico HTTP/1.1" 200 2 "https://mppglobalconcept.shop/wp-admin/plugins.php" "Mozilla/5.0 (Windows NT 10.0; Win64; x64) AppleWebKit/537.36 (KHTML, like Gecko) Chrome/150.0.0.0 Safari/537.36"
198.177.124.148 - - [22/Jul/2026:11:13:15 +0000] "POST /wp-cron.php?doing_wp_cron=1784718795.0411460399627685546875 HTTP/1.1" 200 - "-" "WordPress/7.0.2; https://mppglobalconcept.shop"
197.211.59.196 - - [22/Jul/2026:11:13:10 +0000] "GET /wp-admin/plugins.php HTTP/1.1" 200 299704 "https://mppglobalconcept.shop/wp-admin/plugins.php" "Mozilla/5.0 (Windows NT 10.0; Win64; x64) AppleWebKit/537.36 (KHTML, like Gecko) Chrome/150.0.0.0 Safari/537.36"
197.211.59.196 - - [22/Jul/2026:11:13:19 +0000] "GET /favicon.ico HTTP/1.1" 200 2 "https://mppglobalconcept.shop/wp-admin/plugins.php" "Mozilla/5.0 (Windows NT 10.0; Win64; x64) AppleWebKit/537.36 (KHTML, like Gecko) Chrome/150.0.0.0 Safari/537.36"
198.177.124.148 - - [22/Jul/2026:11:14:22 +0000] "POST /wp-cron.php?doing_wp_cron=1784718861.6432809829711914062500 HTTP/1.1" 200 - "-" "WordPress/7.0.2; https://mppglobalconcept.shop"
197.211.59.196 - - [22/Jul/2026:11:14:19 +0000] "POST /wp-admin/admin-ajax.php HTTP/1.1" 200 47 "https://mppglobalconcept.shop/wp-admin/plugins.php" "Mozilla/5.0 (Windows NT 10.0; Win64; x64) AppleWebKit/537.36 (KHTML, like Gecko) Chrome/150.0.0.0 Safari/537.36"
197.211.59.196 - - [22/Jul/2026:11:14:21 +0000] "POST /wp-admin/admin-ajax.php HTTP/1.1" 200 47 "https://mppglobalconcept.shop/wp-admin/plugins.php?plugin_status=all&paged=1&s" "Mozilla/5.0 (Windows NT 10.0; Win64; x64) AppleWebKit/537.36 (KHTML, like Gecko) Chrome/150.0.0.0 Safari/537.36"
198.177.124.148 - - [22/Jul/2026:11:16:23 +0000] "POST /wp-cron.php?doing_wp_cron=1784718982.8949599266052246093750 HTTP/1.1" 200 - "-" "WordPress/7.0.2; https://mppglobalconcept.shop"
197.211.59.196 - - [22/Jul/2026:11:16:20 +0000] "POST /wp-admin/admin-ajax.php HTTP/1.1" 200 47 "https://mppglobalconcept.shop/wp-admin/plugins.php" "Mozilla/5.0 (Windows NT 10.0; Win64; x64) AppleWebKit/537.36 (KHTML, like Gecko) Chrome/150.0.0.0 Safari/537.36"
197.211.59.196 - - [22/Jul/2026:11:16:22 +0000] "POST /wp-admin/admin-ajax.php HTTP/1.1" 200 47 "https://mppglobalconcept.shop/wp-admin/plugins.php?plugin_status=all&paged=1&s" "Mozilla/5.0 (Windows NT 10.0; Win64; x64) AppleWebKit/537.36 (KHTML, like Gecko) Chrome/150.0.0.0 Safari/537.36"
198.177.124.148 - - [22/Jul/2026:11:18:25 +0000] "POST /wp-cron.php?doing_wp_cron=1784719104.7308039665222167968750 HTTP/1.1" 200 - "-" "WordPress/7.0.2; https://mppglobalconcept.shop"
197.211.59.196 - - [22/Jul/2026:11:18:21 +0000] "POST /wp-admin/admin-ajax.php HTTP/1.1" 200 47 "https://mppglobalconcept.shop/wp-admin/plugins.php" "Mozilla/5.0 (Windows NT 10.0; Win64; x64) AppleWebKit/537.36 (KHTML, like Gecko) Chrome/150.0.0.0 Safari/537.36"
197.211.59.196 - - [22/Jul/2026:11:18:23 +0000] "POST /wp-admin/admin-ajax.php HTTP/1.1" 200 47 "https://mppglobalconcept.shop/wp-admin/plugins.php?plugin_status=all&paged=1&s" "Mozilla/5.0 (Windows NT 10.0; Win64; x64) AppleWebKit/537.36 (KHTML, like Gecko) Chrome/150.0.0.0 Safari/537.36"
197.211.59.196 - - [22/Jul/2026:11:20:27 +0000] "POST /wp-admin/admin-ajax.php HTTP/1.1" 200 47 "https://mppglobalconcept.shop/wp-admin/plugins.php" "Mozilla/5.0 (Windows NT 10.0; Win64; x64) AppleWebKit/537.36 (KHTML, like Gecko) Chrome/150.0.0.0 Safari/537.36"
197.211.59.196 - - [22/Jul/2026:11:22:23 +0000] "POST /wp-admin/admin-ajax.php HTTP/1.1" 200 47 "https://mppglobalconcept.shop/wp-admin/plugins.php" "Mozilla/5.0 (Windows NT 10.0; Win64; x64) AppleWebKit/537.36 (KHTML, like Gecko) Chrome/150.0.0.0 Safari/537.36"
198.177.124.148 - - [22/Jul/2026:11:24:30 +0000] "POST /wp-cron.php?doing_wp_cron=1784719470.0996310710906982421875 HTTP/1.1" 200 - "-" "WordPress/7.0.2; https://mppglobalconcept.shop"
197.211.59.196 - - [22/Jul/2026:11:24:28 +0000] "POST /wp-admin/admin-ajax.php HTTP/1.1" 200 47 "https://mppglobalconcept.shop/wp-admin/plugins.php" "Mozilla/5.0 (Windows NT 10.0; Win64; x64) AppleWebKit/537.36 (KHTML, like Gecko) Chrome/150.0.0.0 Safari/537.36"
198.177.124.148 - - [22/Jul/2026:11:28:52 +0000] "POST /wp-cron.php?doing_wp_cron=1784719731.2418389320373535156250 HTTP/1.1" 200 - "-" "WordPress/7.0.2; https://mppglobalconcept.shop"
197.211.59.196 - - [22/Jul/2026:11:28:48 +0000] "GET /wp-admin/plugins.php?plugin_status=all&paged=1&s HTTP/1.1" 200 299957 "https://mppglobalconcept.shop/wp-admin/plugin-install.php?s=pixelyoursite&tab=search&type=term" "Mozilla/5.0 (Windows NT 10.0; Win64; x64) AppleWebKit/537.36 (KHTML, like Gecko) Chrome/150.0.0.0 Safari/537.36"
198.177.124.148 - - [22/Jul/2026:11:28:54 +0000] "POST /wp-cron.php?doing_wp_cron=1784719734.0788230895996093750000 HTTP/1.1" 200 - "-" "WordPress/7.0.2; https://mppglobalconcept.shop"
197.211.59.196 - - [22/Jul/2026:11:28:50 +0000] "GET /wp-admin/plugins.php HTTP/1.1" 200 299704 "https://mppglobalconcept.shop/wp-admin/plugins.php" "Mozilla/5.0 (Windows NT 10.0; Win64; x64) AppleWebKit/537.36 (KHTML, like Gecko) Chrome/150.0.0.0 Safari/537.36"
197.211.59.196 - - [22/Jul/2026:11:28:54 +0000] "GET /favicon.ico HTTP/1.1" 200 2 "https://mppglobalconcept.shop/wp-admin/plugins.php?plugin_status=all&paged=1&s" "Mozilla/5.0 (Windows NT 10.0; Win64; x64) AppleWebKit/537.36 (KHTML, like Gecko) Chrome/150.0.0.0 Safari/537.36"
197.211.59.196 - - [22/Jul/2026:11:28:58 +0000] "GET /favicon.ico HTTP/1.1" 200 2 "https://mppglobalconcept.shop/wp-admin/plugins.php" "Mozilla/5.0 (Windows NT 10.0; Win64; x64) AppleWebKit/537.36 (KHTML, like Gecko) Chrome/150.0.0.0 Safari/537.36"
197.211.59.196 - - [22/Jul/2026:11:29:04 +0000] "GET /wp-content/plugins/pixelyoursite/dist/styles/select2.min.css?ver=7.0.2 HTTP/1.1" 200 16117 "https://mppglobalconcept.shop/wp-admin/admin.php?page=pixelyoursite" "Mozilla/5.0 (Windows NT 10.0; Win64; x64) AppleWebKit/537.36 (KHTML, like Gecko) Chrome/150.0.0.0 Safari/537.36"
197.211.59.196 - - [22/Jul/2026:11:29:05 +0000] "GET /wp-content/plugins/pixelyoursite/dist/scripts/popper.min.js?ver=7.0.2 HTTP/1.1" 200 20121 "https://mppglobalconcept.shop/wp-admin/admin.php?page=pixelyoursite" "Mozilla/5.0 (Windows NT 10.0; Win64; x64) AppleWebKit/537.36 (KHTML, like Gecko) Chrome/150.0.0.0 Safari/537.36"
197.211.59.196 - - [22/Jul/2026:11:29:05 +0000] "GET /wp-content/plugins/pixelyoursite/dist/scripts/tippy.min.js?ver=7.0.2 HTTP/1.1" 200 92932 "https://mppglobalconcept.shop/wp-admin/admin.php?page=pixelyoursite" "Mozilla/5.0 (Windows NT 10.0; Win64; x64) AppleWebKit/537.36 (KHTML, like Gecko) Chrome/150.0.0.0 Safari/537.36"
197.211.59.196 - - [22/Jul/2026:11:29:04 +0000] "GET /wp-content/plugins/pixelyoursite/dist/styles/admin.min.css?ver=11.2.1 HTTP/1.1" 200 112098 "https://mppglobalconcept.shop/wp-admin/admin.php?page=pixelyoursite" "Mozilla/5.0 (Windows NT 10.0; Win64; x64) AppleWebKit/537.36 (KHTML, like Gecko) Chrome/150.0.0.0 Safari/537.36"
197.211.59.196 - - [22/Jul/2026:11:28:59 +0000] "GET /wp-admin/admin.php?page=pixelyoursite HTTP/1.1" 200 516809 "https://mppglobalconcept.shop/wp-admin/plugins.php" "Mozilla/5.0 (Windows NT 10.0; Win64; x64) AppleWebKit/537.36 (KHTML, like Gecko) Chrome/150.0.0.0 Safari/537.36"
197.211.59.196 - - [22/Jul/2026:11:29:06 +0000] "GET /wp-content/plugins/pixelyoursite/dist/scripts/bootstrap.min.js?ver=popper HTTP/1.1" 200 50555 "https://mppglobalconcept.shop/wp-admin/admin.php?page=pixelyoursite" "Mozilla/5.0 (Windows NT 10.0; Win64; x64) AppleWebKit/537.36 (KHTML, like Gecko) Chrome/150.0.0.0 Safari/537.36"
197.211.59.196 - - [22/Jul/2026:11:29:03 +0000] "GET /wp-admin/load-styles.php?c=0&dir=ltr&load%5Bchunk_0%5D=dashicons,admin-bar,wp-pointer,common,forms,admin-menu,dashboard,list-tables,edit,revisions,media,themes,about,nav-menus,widgets&load%5Bchunk_1%5D=,site-icon,l10n,wp-base-styles,buttons,wp-auth-check,wp-components,wp-commands&ver=7.0.2 HTTP/1.1" 200 520610 "https://mppglobalconcept.shop/wp-admin/admin.php?page=pixelyoursite" "Mozilla/5.0 (Windows NT 10.0; Win64; x64) AppleWebKit/537.36 (KHTML, like Gecko) Chrome/150.0.0.0 Safari/537.36"
197.211.59.196 - - [22/Jul/2026:11:29:06 +0000] "GET /wp-content/plugins/pixelyoursite/dist/scripts/select2.min.js?ver=7.0.2 HTTP/1.1" 200 67236 "https://mppglobalconcept.shop/wp-admin/admin.php?page=pixelyoursite" "Mozilla/5.0 (Windows NT 10.0; Win64; x64) AppleWebKit/537.36 (KHTML, like Gecko) Chrome/150.0.0.0 Safari/537.36"
197.211.59.196 - - [22/Jul/2026:11:29:07 +0000] "GET /wp-content/plugins/pixelyoursite/dist/scripts/admin.js?ver=11.2.1 HTTP/1.1" 200 92200 "https://mppglobalconcept.shop/wp-admin/admin.php?page=pixelyoursite" "Mozilla/5.0 (Windows NT 10.0; Win64; x64) AppleWebKit/537.36 (KHTML, like Gecko) Chrome/150.0.0.0 Safari/537.36"
197.211.59.196 - - [22/Jul/2026:11:29:08 +0000] "GET /wp-content/plugins/pixelyoursite/dist/images/meta-logo.svg HTTP/1.1" 200 4409 "https://mppglobalconcept.shop/wp-admin/admin.php?page=pixelyoursite" "Mozilla/5.0 (Windows NT 10.0; Win64; x64) AppleWebKit/537.36 (KHTML, like Gecko) Chrome/150.0.0.0 Safari/537.36"
197.211.59.196 - - [22/Jul/2026:11:29:08 +0000] "GET /wp-content/plugins/pixelyoursite/dist/images/google-analytics-logo.svg HTTP/1.1" 200 896 "https://mppglobalconcept.shop/wp-admin/admin.php?page=pixelyoursite" "Mozilla/5.0 (Windows NT 10.0; Win64; x64) AppleWebKit/537.36 (KHTML, like Gecko) Chrome/150.0.0.0 Safari/537.36"
197.211.59.196 - - [22/Jul/2026:11:29:08 +0000] "GET /wp-content/plugins/pixelyoursite/dist/images/google-ads-square-small.svg HTTP/1.1" 200 1861 "https://mppglobalconcept.shop/wp-admin/admin.php?page=pixelyoursite" "Mozilla/5.0 (Windows NT 10.0; Win64; x64) AppleWebKit/537.36 (KHTML, like Gecko) Chrome/150.0.0.0 Safari/537.36"
197.211.59.196 - - [22/Jul/2026:11:29:09 +0000] "GET /wp-content/plugins/pixelyoursite/dist/images/gtm-logo.svg HTTP/1.1" 200 5248 "https://mppglobalconcept.shop/wp-admin/admin.php?page=pixelyoursite" "Mozilla/5.0 (Windows NT 10.0; Win64; x64) AppleWebKit/537.36 (KHTML, like Gecko) Chrome/150.0.0.0 Safari/537.36"
197.211.59.196 - - [22/Jul/2026:11:29:09 +0000] "GET /wp-content/plugins/pixelyoursite/dist/images/google-tags-logo.svg HTTP/1.1" 200 1458 "https://mppglobalconcept.shop/wp-admin/admin.php?page=pixelyoursite" "Mozilla/5.0 (Windows NT 10.0; Win64; x64) AppleWebKit/537.36 (KHTML, like Gecko) Chrome/150.0.0.0 Safari/537.36"
197.211.59.196 - - [22/Jul/2026:11:29:09 +0000] "GET /wp-content/plugins/pixelyoursite/dist/images/filter-icon.svg HTTP/1.1" 200 3332 "https://mppglobalconcept.shop/wp-admin/admin.php?page=pixelyoursite" "Mozilla/5.0 (Windows NT 10.0; Win64; x64) AppleWebKit/537.36 (KHTML, like Gecko) Chrome/150.0.0.0 Safari/537.36"
197.211.59.196 - - [22/Jul/2026:11:29:09 +0000] "GET /wp-content/plugins/pixelyoursite/dist/images/superpack-logo.svg HTTP/1.1" 200 13491 "https://mppglobalconcept.shop/wp-admin/admin.php?page=pixelyoursite" "Mozilla/5.0 (Windows NT 10.0; Win64; x64) AppleWebKit/537.36 (KHTML, like Gecko) Chrome/150.0.0.0 Safari/537.36"
197.211.59.196 - - [22/Jul/2026:11:29:09 +0000] "GET /wp-content/plugins/pixelyoursite/dist/images/logs-icon.svg HTTP/1.1" 200 3469 "https://mppglobalconcept.shop/wp-admin/admin.php?page=pixelyoursite" "Mozilla/5.0 (Windows NT 10.0; Win64; x64) AppleWebKit/537.36 (KHTML, like Gecko) Chrome/150.0.0.0 Safari/537.36"
197.211.59.196 - - [22/Jul/2026:11:29:09 +0000] "GET /wp-content/plugins/pixelyoursite/dist/images/help-icon.svg HTTP/1.1" 200 2281 "https://mppglobalconcept.shop/wp-admin/admin.php?page=pixelyoursite" "Mozilla/5.0 (Windows NT 10.0; Win64; x64) AppleWebKit/537.36 (KHTML, like Gecko) Chrome/150.0.0.0 Safari/537.36"
197.211.59.196 - - [22/Jul/2026:11:29:09 +0000] "GET /wp-content/plugins/pixelyoursite/dist/images/tiktok-logo.svg HTTP/1.1" 200 3399 "https://mppglobalconcept.shop/wp-admin/admin.php?page=pixelyoursite" "Mozilla/5.0 (Windows NT 10.0; Win64; x64) AppleWebKit/537.36 (KHTML, like Gecko) Chrome/150.0.0.0 Safari/537.36"
197.211.59.196 - - [22/Jul/2026:11:29:09 +0000] "GET /wp-content/plugins/pixelyoursite/dist/images/pinterest-square-small.svg HTTP/1.1" 200 1370 "https://mppglobalconcept.shop/wp-admin/admin.php?page=pixelyoursite" "Mozilla/5.0 (Windows NT 10.0; Win64; x64) AppleWebKit/537.36 (KHTML, like Gecko) Chrome/150.0.0.0 Safari/537.36"
197.211.59.196 - - [22/Jul/2026:11:29:09 +0000] "GET /wp-content/plugins/pixelyoursite/dist/images/microsoft-small-square.svg HTTP/1.1" 200 1500 "https://mppglobalconcept.shop/wp-admin/admin.php?page=pixelyoursite" "Mozilla/5.0 (Windows NT 10.0; Win64; x64) AppleWebKit/537.36 (KHTML, like Gecko) Chrome/150.0.0.0 Safari/537.36"
197.211.59.196 - - [22/Jul/2026:11:29:09 +0000] "GET /wp-content/plugins/pixelyoursite/dist/images/reddit-logo.svg HTTP/1.1" 200 1248 "https://mppglobalconcept.shop/wp-admin/admin.php?page=pixelyoursite" "Mozilla/5.0 (Windows NT 10.0; Win64; x64) AppleWebKit/537.36 (KHTML, like Gecko) Chrome/150.0.0.0 Safari/537.36"
197.211.59.196 - - [22/Jul/2026:11:29:09 +0000] "GET /wp-content/plugins/pixelyoursite/dist/images/youtube-logo.svg HTTP/1.1" 200 1377 "https://mppglobalconcept.shop/wp-admin/admin.php?page=pixelyoursite" "Mozilla/5.0 (Windows NT 10.0; Win64; x64) AppleWebKit/537.36 (KHTML, like Gecko) Chrome/150.0.0.0 Safari/537.36"
197.211.59.196 - - [22/Jul/2026:11:29:09 +0000] "GET /wp-content/plugins/pixelyoursite/dist/images/crown.svg HTTP/1.1" 200 1586 "https://mppglobalconcept.shop/wp-admin/admin.php?page=pixelyoursite" "Mozilla/5.0 (Windows NT 10.0; Win64; x64) AppleWebKit/537.36 (KHTML, like Gecko) Chrome/150.0.0.0 Safari/537.36"
197.211.59.196 - - [22/Jul/2026:11:29:09 +0000] "GET /wp-content/plugins/pixelyoursite/dist/images/alert.svg HTTP/1.1" 200 1356 "https://mppglobalconcept.shop/wp-admin/admin.php?page=pixelyoursite" "Mozilla/5.0 (Windows NT 10.0; Win64; x64) AppleWebKit/537.36 (KHTML, like Gecko) Chrome/150.0.0.0 Safari/537.36"
197.211.59.196 - - [22/Jul/2026:11:29:10 +0000] "GET /wp-content/plugins/pixelyoursite/dist/images/info.svg HTTP/1.1" 200 1623 "https://mppglobalconcept.shop/wp-admin/admin.php?page=pixelyoursite" "Mozilla/5.0 (Windows NT 10.0; Win64; x64) AppleWebKit/537.36 (KHTML, like Gecko) Chrome/150.0.0.0 Safari/537.36"
197.211.59.196 - - [22/Jul/2026:11:29:11 +0000] "GET /favicon.ico HTTP/1.1" 200 2 "https://mppglobalconcept.shop/wp-admin/admin.php?page=pixelyoursite" "Mozilla/5.0 (Windows NT 10.0; Win64; x64) AppleWebKit/537.36 (KHTML, like Gecko) Chrome/150.0.0.0 Safari/537.36"
198.177.124.148 - - [22/Jul/2026:11:30:16 +0000] "POST /wp-cron.php?doing_wp_cron=1784719815.8546540737152099609375 HTTP/1.1" 200 - "-" "WordPress/7.0.2; https://mppglobalconcept.shop"
197.211.59.196 - - [22/Jul/2026:11:30:12 +0000] "POST /wp-admin/admin-ajax.php HTTP/1.1" 200 47 "https://mppglobalconcept.shop/wp-admin/admin.php?page=pixelyoursite" "Mozilla/5.0 (Windows NT 10.0; Win64; x64) AppleWebKit/537.36 (KHTML, like Gecko) Chrome/150.0.0.0 Safari/537.36"
197.211.59.196 - - [22/Jul/2026:11:30:55 +0000] "GET /wp-content/uploads/2026/07/7-217x300.png HTTP/1.1" 200 99926 "https://mppglobalconcept.shop/health-products-2/?preview_id=47&preview_nonce=fce5be5aab&preview=true" "Mozilla/5.0 (Windows NT 10.0; Win64; x64) AppleWebKit/537.36 (KHTML, like Gecko) Chrome/150.0.0.0 Safari/537.36"
197.211.59.196 - - [22/Jul/2026:11:30:55 +0000] "GET /wp-content/uploads/2026/07/14-198x300.png HTTP/1.1" 200 105637 "https://mppglobalconcept.shop/health-products-2/?preview_id=47&preview_nonce=fce5be5aab&preview=true" "Mozilla/5.0 (Windows NT 10.0; Win64; x64) AppleWebKit/537.36 (KHTML, like Gecko) Chrome/150.0.0.0 Safari/537.36"
197.211.59.196 - - [22/Jul/2026:11:30:55 +0000] "GET /wp-content/uploads/2026/07/8-200x300.png HTTP/1.1" 200 93115 "https://mppglobalconcept.shop/health-products-2/?preview_id=47&preview_nonce=fce5be5aab&preview=true" "Mozilla/5.0 (Windows NT 10.0; Win64; x64) AppleWebKit/537.36 (KHTML, like Gecko) Chrome/150.0.0.0 Safari/537.36"
197.211.59.196 - - [22/Jul/2026:11:30:54 +0000] "POST /wp-admin/admin-ajax.php HTTP/1.1" 200 47 "https://mppglobalconcept.shop/wp-admin/plugins.php?plugin_status=all&paged=1&s" "Mozilla/5.0 (Windows NT 10.0; Win64; x64) AppleWebKit/537.36 (KHTML, like Gecko) Chrome/150.0.0.0 Safari/537.36"
197.211.59.196 - - [22/Jul/2026:11:30:56 +0000] "GET /wp-content/uploads/2026/07/6-202x300.png HTTP/1.1" 200 93659 "https://mppglobalconcept.shop/health-products-2/?preview_id=47&preview_nonce=fce5be5aab&preview=true" "Mozilla/5.0 (Windows NT 10.0; Win64; x64) AppleWebKit/537.36 (KHTML, like Gecko) Chrome/150.0.0.0 Safari/537.36"
197.211.59.196 - - [22/Jul/2026:11:30:56 +0000] "GET /wp-content/uploads/2026/07/images-8-e1784666517608.jpg HTTP/1.1" 200 29625 "https://mppglobalconcept.shop/health-products-2/?preview_id=47&preview_nonce=fce5be5aab&preview=true" "Mozilla/5.0 (Windows NT 10.0; Win64; x64) AppleWebKit/537.36 (KHTML, like Gecko) Chrome/150.0.0.0 Safari/537.36"
197.211.59.196 - - [22/Jul/2026:11:30:54 +0000] "GET /wp-content/uploads/2026/07/3.png HTTP/1.1" 200 280834 "https://mppglobalconcept.shop/health-products-2/?preview_id=47&preview_nonce=fce5be5aab&preview=true" "Mozilla/5.0 (Windows NT 10.0; Win64; x64) AppleWebKit/537.36 (KHTML, like Gecko) Chrome/150.0.0.0 Safari/537.36"
197.211.59.196 - - [22/Jul/2026:11:30:59 +0000] "GET /favicon.ico HTTP/1.1" 200 2 "https://mppglobalconcept.shop/health-products-2/?preview_id=47&preview_nonce=fce5be5aab&preview=true" "Mozilla/5.0 (Windows NT 10.0; Win64; x64) AppleWebKit/537.36 (KHTML, like Gecko) Chrome/150.0.0.0 Safari/537.36"
198.177.124.148 - - [22/Jul/2026:11:31:14 +0000] "POST /wp-cron.php?doing_wp_cron=1784719874.3455879688262939453125 HTTP/1.1" 200 - "-" "WordPress/7.0.2; https://mppglobalconcept.shop"
197.211.59.196 - - [22/Jul/2026:11:31:13 +0000] "POST /wp-admin/admin-ajax.php HTTP/1.1" 200 47 "https://mppglobalconcept.shop/wp-admin/admin.php?page=pixelyoursite" "Mozilla/5.0 (Windows NT 10.0; Win64; x64) AppleWebKit/537.36 (KHTML, like Gecko) Chrome/150.0.0.0 Safari/537.36"
197.211.59.196 - - [22/Jul/2026:11:31:55 +0000] "POST /wp-admin/admin-ajax.php HTTP/1.1" 200 47 "https://mppglobalconcept.shop/wp-admin/plugins.php?plugin_status=all&paged=1&s" "Mozilla/5.0 (Windows NT 10.0; Win64; x64) AppleWebKit/537.36 (KHTML, like Gecko) Chrome/150.0.0.0 Safari/537.36"
198.177.124.148 - - [22/Jul/2026:11:32:14 +0000] "POST /wp-cron.php?doing_wp_cron=1784719934.2746140956878662109375 HTTP/1.1" 200 - "-" "WordPress/7.0.2; https://mppglobalconcept.shop"
197.211.59.196 - - [22/Jul/2026:11:32:13 +0000] "POST /wp-admin/admin-ajax.php HTTP/1.1" 200 47 "https://mppglobalconcept.shop/wp-admin/admin.php?page=pixelyoursite" "Mozilla/5.0 (Windows NT 10.0; Win64; x64) AppleWebKit/537.36 (KHTML, like Gecko) Chrome/150.0.0.0 Safari/537.36"
197.211.59.196 - - [22/Jul/2026:11:32:40 +0000] "GET /wp-content/plugins/wpforms-lite/assets/css/challenge.min.css?ver=2.0.0.2 HTTP/1.1" 200 18850 "https://mppglobalconcept.shop/wp-admin/admin.php?page=wpforms-builder" "Mozilla/5.0 (Windows NT 10.0; Win64; x64) AppleWebKit/537.36 (KHTML, like Gecko) Chrome/150.0.0.0 Safari/537.36"
197.211.59.196 - - [22/Jul/2026:11:32:40 +0000] "GET /wp-admin/load-styles.php?c=0&dir=ltr&load%5Bchunk_0%5D=dashicons,admin-bar,wp-base-styles,buttons,media-views&ver=7.0.2 HTTP/1.1" 200 141138 "https://mppglobalconcept.shop/wp-admin/admin.php?page=wpforms-builder" "Mozilla/5.0 (Windows NT 10.0; Win64; x64) AppleWebKit/537.36 (KHTML, like Gecko) Chrome/150.0.0.0 Safari/537.36"
197.211.59.196 - - [22/Jul/2026:11:32:40 +0000] "GET /wp-content/plugins/wpforms-lite/assets/lib/jquery.tooltipster/jquery.tooltipster.min.css?ver=4.2.6 HTTP/1.1" 200 6942 "https://mppglobalconcept.shop/wp-admin/admin.php?page=wpforms-builder" "Mozilla/5.0 (Windows NT 10.0; Win64; x64) AppleWebKit/537.36 (KHTML, like Gecko) Chrome/150.0.0.0 Safari/537.36"
197.211.59.196 - - [22/Jul/2026:11:32:41 +0000] "GET /wp-content/plugins/wpforms-lite/assets/lite/css/builder-education.min.css?ver=2.0.0.2 HTTP/1.1" 200 12567 "https://mppglobalconcept.shop/wp-admin/admin.php?page=wpforms-builder" "Mozilla/5.0 (Windows NT 10.0; Win64; x64) AppleWebKit/537.36 (KHTML, like Gecko) Chrome/150.0.0.0 Safari/537.36"
197.211.59.196 - - [22/Jul/2026:11:32:37 +0000] "GET /wp-admin/admin.php?page=wpforms-builder HTTP/1.1" 200 569198 "https://mppglobalconcept.shop/wp-admin/admin.php?page=pixelyoursite" "Mozilla/5.0 (Windows NT 10.0; Win64; x64) AppleWebKit/537.36 (KHTML, like Gecko) Chrome/150.0.0.0 Safari/537.36"
197.211.59.196 - - [22/Jul/2026:11:32:41 +0000] "GET /wp-content/plugins/wpforms-lite/assets/css/builder/builder-overlay.min.css?ver=2.0.0.2 HTTP/1.1" 200 1364 "https://mppglobalconcept.shop/wp-admin/admin.php?page=wpforms-builder" "Mozilla/5.0 (Windows NT 10.0; Win64; x64) AppleWebKit/537.36 (KHTML, like Gecko) Chrome/150.0.0.0 Safari/537.36"
197.211.59.196 - - [22/Jul/2026:11:32:41 +0000] "GET /wp-content/plugins/wpforms-lite/assets/css/builder/builder-basic.min.css?ver=2.0.0.2 HTTP/1.1" 200 25047 "https://mppglobalconcept.shop/wp-admin/admin.php?page=wpforms-builder" "Mozilla/5.0 (Windows NT 10.0; Win64; x64) AppleWebKit/537.36 (KHTML, like Gecko) Chrome/150.0.0.0 Safari/537.36"
197.211.59.196 - - [22/Jul/2026:11:32:42 +0000] "GET /wp-content/plugins/wpforms-lite/assets/css/builder/builder-alerts.min.css?ver=2.0.0.2 HTTP/1.1" 200 6244 "https://mppglobalconcept.shop/wp-admin/admin.php?page=wpforms-builder" "Mozilla/5.0 (Windows NT 10.0; Win64; x64) AppleWebKit/537.36 (KHTML, like Gecko) Chrome/150.0.0.0 Safari/537.36"
197.211.59.196 - - [22/Jul/2026:11:32:42 +0000] "GET /wp-content/plugins/wpforms-lite/assets/css/builder/builder-ui-general.min.css?ver=2.0.0.2 HTTP/1.1" 200 44963 "https://mppglobalconcept.shop/wp-admin/admin.php?page=wpforms-builder" "Mozilla/5.0 (Windows NT 10.0; Win64; x64) AppleWebKit/537.36 (KHTML, like Gecko) Chrome/150.0.0.0 Safari/537.36"
197.211.59.196 - - [22/Jul/2026:11:32:42 +0000] "GET /wp-content/plugins/wpforms-lite/assets/css/builder/builder-third-party.min.css?ver=2.0.0.2 HTTP/1.1" 200 43441 "https://mppglobalconcept.shop/wp-admin/admin.php?page=wpforms-builder" "Mozilla/5.0 (Windows NT 10.0; Win64; x64) AppleWebKit/537.36 (KHTML, like Gecko) Chrome/150.0.0.0 Safari/537.36"
197.211.59.196 - - [22/Jul/2026:11:32:42 +0000] "GET /wp-content/plugins/wpforms-lite/assets/css/builder/builder-panels.min.css?ver=2.0.0.2 HTTP/1.1" 200 100228 "https://mppglobalconcept.shop/wp-admin/admin.php?page=wpforms-builder" "Mozilla/5.0 (Windows NT 10.0; Win64; x64) AppleWebKit/537.36 (KHTML, like Gecko) Chrome/150.0.0.0 Safari/537.36"
197.211.59.196 - - [22/Jul/2026:11:32:42 +0000] "GET /wp-content/plugins/wpforms-lite/assets/css/builder/builder-subsystems.min.css?ver=2.0.0.2 HTTP/1.1" 200 26340 "https://mppglobalconcept.shop/wp-admin/admin.php?page=wpforms-builder" "Mozilla/5.0 (Windows NT 10.0; Win64; x64) AppleWebKit/537.36 (KHTML, like Gecko) Chrome/150.0.0.0 Safari/537.36"
197.211.59.196 - - [22/Jul/2026:11:32:42 +0000] "GET /wp-content/plugins/wpforms-lite/assets/css/builder/builder-fields-types.min.css?ver=2.0.0.2 HTTP/1.1" 200 150586 "https://mppglobalconcept.shop/wp-admin/admin.php?page=wpforms-builder" "Mozilla/5.0 (Windows NT 10.0; Win64; x64) AppleWebKit/537.36 (KHTML, like Gecko) Chrome/150.0.0.0 Safari/537.36"
197.211.59.196 - - [22/Jul/2026:11:32:42 +0000] "GET /wp-content/plugins/wpforms-lite/assets/lib/jquery.minicolors/jquery.minicolors.min.css?ver=2.3.6 HTTP/1.1" 200 8182 "https://mppglobalconcept.shop/wp-admin/admin.php?page=wpforms-builder" "Mozilla/5.0 (Windows NT 10.0; Win64; x64) AppleWebKit/537.36 (KHTML, like Gecko) Chrome/150.0.0.0 Safari/537.36"
197.211.59.196 - - [22/Jul/2026:11:32:42 +0000] "GET /wp-content/plugins/wpforms-lite/assets/css/builder/builder-fields.min.css?ver=2.0.0.2 HTTP/1.1" 200 54257 "https://mppglobalconcept.shop/wp-admin/admin.php?page=wpforms-builder" "Mozilla/5.0 (Windows NT 10.0; Win64; x64) AppleWebKit/537.36 (KHTML, like Gecko) Chrome/150.0.0.0 Safari/537.36"
197.211.59.196 - - [22/Jul/2026:11:32:43 +0000] "GET /wp-content/plugins/wpforms-lite/assets/css/integrations/stripe/builder-stripe.min.css?ver=2.0.0.2 HTTP/1.1" 200 14584 "https://mppglobalconcept.shop/wp-admin/admin.php?page=wpforms-builder" "Mozilla/5.0 (Windows NT 10.0; Win64; x64) AppleWebKit/537.36 (KHTML, like Gecko) Chrome/150.0.0.0 Safari/537.36"
197.211.59.196 - - [22/Jul/2026:11:32:43 +0000] "GET /wp-content/plugins/wpforms-lite/assets/css/integrations/ai/modal.min.css?ver=2.0.0.2 HTTP/1.1" 200 7986 "https://mppglobalconcept.shop/wp-admin/admin.php?page=wpforms-builder" "Mozilla/5.0 (Windows NT 10.0; Win64; x64) AppleWebKit/537.36 (KHTML, like Gecko) Chrome/150.0.0.0 Safari/537.36"
197.211.59.196 - - [22/Jul/2026:11:32:43 +0000] "GET /wp-content/plugins/wpforms-lite/assets/css/integrations/ai/chat-element.min.css?ver=2.0.0.2 HTTP/1.1" 200 16624 "https://mppglobalconcept.shop/wp-admin/admin.php?page=wpforms-builder" "Mozilla/5.0 (Windows NT 10.0; Win64; x64) AppleWebKit/537.36 (KHTML, like Gecko) Chrome/150.0.0.0 Safari/537.36"
197.211.59.196 - - [22/Jul/2026:11:32:43 +0000] "GET /wp-content/plugins/wpforms-lite/assets/css/integrations/ai/ai-forms.min.css?ver=2.0.0.2 HTTP/1.1" 200 56651 "https://mppglobalconcept.shop/wp-admin/admin.php?page=wpforms-builder" "Mozilla/5.0 (Windows NT 10.0; Win64; x64) AppleWebKit/537.36 (KHTML, like Gecko) Chrome/150.0.0.0 Safari/537.36"
197.211.59.196 - - [22/Jul/2026:11:32:43 +0000] "GET /wp-content/plugins/wpforms-lite/assets/css/integrations/paypal-commerce/builder-paypal-commerce.min.css?ver=2.0.0.2 HTTP/1.1" 200 18984 "https://mppglobalconcept.shop/wp-admin/admin.php?page=wpforms-builder" "Mozilla/5.0 (Windows NT 10.0; Win64; x64) AppleWebKit/537.36 (KHTML, like Gecko) Chrome/150.0.0.0 Safari/537.36"
197.211.59.196 - - [22/Jul/2026:11:32:43 +0000] "GET /wp-content/plugins/wpforms-lite/assets/lib/jquery.tooltipster/jquery.tooltipster.min.js?ver=4.2.6 HTTP/1.1" 200 39900 "https://mppglobalconcept.shop/wp-admin/admin.php?page=wpforms-builder" "Mozilla/5.0 (Windows NT 10.0; Win64; x64) AppleWebKit/537.36 (KHTML, like Gecko) Chrome/150.0.0.0 Safari/537.36"
197.211.59.196 - - [22/Jul/2026:11:32:43 +0000] "GET /wp-content/plugins/wpforms-lite/assets/lib/purify.min.js?ver=3.4.11 HTTP/1.1" 200 28398 "https://mppglobalconcept.shop/wp-admin/admin.php?page=wpforms-builder" "Mozilla/5.0 (Windows NT 10.0; Win64; x64) AppleWebKit/537.36 (KHTML, like Gecko) Chrome/150.0.0.0 Safari/537.36"
197.211.59.196 - - [22/Jul/2026:11:32:43 +0000] "GET /wp-content/plugins/wpforms-lite/assets/js/admin/share/admin-utils.min.js?ver=2.0.0.2 HTTP/1.1" 200 17906 "https://mppglobalconcept.shop/wp-admin/admin.php?page=wpforms-builder" "Mozilla/5.0 (Windows NT 10.0; Win64; x64) AppleWebKit/537.36 (KHTML, like Gecko) Chrome/150.0.0.0 Safari/537.36"
197.211.59.196 - - [22/Jul/2026:11:32:43 +0000] "GET /wp-content/plugins/wpforms-lite/assets/js/admin/builder/templates.min.js?ver=2.0.0.2 HTTP/1.1" 200 1079 "https://mppglobalconcept.shop/wp-admin/admin.php?page=wpforms-builder" "Mozilla/5.0 (Windows NT 10.0; Win64; x64) AppleWebKit/537.36 (KHTML, like Gecko) Chrome/150.0.0.0 Safari/537.36"
197.211.59.196 - - [22/Jul/2026:11:32:43 +0000] "GET /wp-content/plugins/wpforms-lite/assets/js/admin/builder/wpforms-choicesjs.min.js?ver=2.0.0.2 HTTP/1.1" 200 5597 "https://mppglobalconcept.shop/wp-admin/admin.php?page=wpforms-builder" "Mozilla/5.0 (Windows NT 10.0; Win64; x64) AppleWebKit/537.36 (KHTML, like Gecko) Chrome/150.0.0.0 Safari/537.36"
197.211.59.196 - - [22/Jul/2026:11:32:43 +0000] "GET /wp-content/plugins/wpforms-lite/assets/lib/list.min.js?ver=2.3.0 HTTP/1.1" 200 19532 "https://mppglobalconcept.shop/wp-admin/admin.php?page=wpforms-builder" "Mozilla/5.0 (Windows NT 10.0; Win64; x64) AppleWebKit/537.36 (KHTML, like Gecko) Chrome/150.0.0.0 Safari/537.36"
197.211.59.196 - - [22/Jul/2026:11:32:43 +0000] "GET /wp-content/plugins/wpforms-lite/assets/js/admin/builder/admin-builder.min.js?ver=2.0.0.2 HTTP/1.1" 200 3799 "https://mppglobalconcept.shop/wp-admin/admin.php?page=wpforms-builder" "Mozilla/5.0 (Windows NT 10.0; Win64; x64) AppleWebKit/537.36 (KHTML, like Gecko) Chrome/150.0.0.0 Safari/537.36"
197.211.59.196 - - [22/Jul/2026:11:32:43 +0000] "GET /wp-content/plugins/wpforms-lite/assets/lite/js/admin/education/core.min.js?ver=2.0.0.2 HTTP/1.1" 200 3186 "https://mppglobalconcept.shop/wp-admin/admin.php?page=wpforms-builder" "Mozilla/5.0 (Windows NT 10.0; Win64; x64) AppleWebKit/537.36 (KHTML, like Gecko) Chrome/150.0.0.0 Safari/537.36"
197.211.59.196 - - [22/Jul/2026:11:32:43 +0000] "GET /wp-admin/load-scripts.php?c=0&load%5Bchunk_0%5D=jquery-core,jquery-migrate,utils,wp-hooks,jquery-ui-core,jquery-ui-mouse,jquery-ui-draggable,underscore,wp-util,jquery-ui-sortab&load%5Bchunk_1%5D=le,moxiejs,plupload&ver=7.0.2 HTTP/1.1" 200 300314 "https://mppglobalconcept.shop/wp-admin/admin.php?page=wpforms-builder" "Mozilla/5.0 (Windows NT 10.0; Win64; x64) AppleWebKit/537.36 (KHTML, like Gecko) Chrome/150.0.0.0 Safari/537.36"
197.211.59.196 - - [22/Jul/2026:11:32:44 +0000] "GET /wp-content/plugins/wpforms-lite/assets/js/admin/builder/preview-dropdown.min.js?ver=2.0.0.2 HTTP/1.1" 200 4227 "https://mppglobalconcept.shop/wp-admin/admin.php?page=wpforms-builder" "Mozilla/5.0 (Windows NT 10.0; Win64; x64) AppleWebKit/537.36 (KHTML, like Gecko) Chrome/150.0.0.0 Safari/537.36"
197.211.59.196 - - [22/Jul/2026:11:32:44 +0000] "GET /wp-content/plugins/wpforms-lite/assets/js/admin/builder/admin-builder-providers.min.js?ver=2.0.0.2 HTTP/1.1" 200 8454 "https://mppglobalconcept.shop/wp-admin/admin.php?page=wpforms-builder" "Mozilla/5.0 (Windows NT 10.0; Win64; x64) AppleWebKit/537.36 (KHTML, like Gecko) Chrome/150.0.0.0 Safari/537.36"
197.211.59.196 - - [22/Jul/2026:11:32:44 +0000] "GET /wp-content/plugins/wpforms-lite/assets/lite/js/admin/builder/admin-builder-lite.min.js?ver=2.0.0.2 HTTP/1.1" 200 1040 "https://mppglobalconcept.shop/wp-admin/admin.php?page=wpforms-builder" "Mozilla/5.0 (Windows NT 10.0; Win64; x64) AppleWebKit/537.36 (KHTML, like Gecko) Chrome/150.0.0.0 Safari/537.36"
197.211.59.196 - - [22/Jul/2026:11:32:44 +0000] "GET /wp-content/plugins/wpforms-lite/assets/lib/jquery.insert-at-caret.min.js?ver=1.1.4 HTTP/1.1" 200 926 "https://mppglobalconcept.shop/wp-admin/admin.php?page=wpforms-builder" "Mozilla/5.0 (Windows NT 10.0; Win64; x64) AppleWebKit/537.36 (KHTML, like Gecko) Chrome/150.0.0.0 Safari/537.36"
197.211.59.196 - - [22/Jul/2026:11:32:44 +0000] "GET /wp-content/plugins/wpforms-lite/assets/lib/jquery.minicolors/jquery.minicolors.min.js?ver=2.3.6 HTTP/1.1" 200 20767 "https://mppglobalconcept.shop/wp-admin/admin.php?page=wpforms-builder" "Mozilla/5.0 (Windows NT 10.0; Win64; x64) AppleWebKit/537.36 (KHTML, like Gecko) Chrome/150.0.0.0 Safari/537.36"
197.211.59.196 - - [22/Jul/2026:11:32:44 +0000] "GET /wp-content/plugins/wpforms-lite/assets/lib/conditions.min.js?ver=1.1.0 HTTP/1.1" 200 4847 "https://mppglobalconcept.shop/wp-admin/admin.php?page=wpforms-builder" "Mozilla/5.0 (Windows NT 10.0; Win64; x64) AppleWebKit/537.36 (KHTML, like Gecko) Chrome/150.0.0.0 Safari/537.36"
197.211.59.196 - - [22/Jul/2026:11:32:44 +0000] "GET /wp-content/plugins/wpforms-lite/assets/lib/oops.min.js?ver=1.0.2 HTTP/1.1" 200 5555 "https://mppglobalconcept.shop/wp-admin/admin.php?page=wpforms-builder" "Mozilla/5.0 (Windows NT 10.0; Win64; x64) AppleWebKit/537.36 (KHTML, like Gecko) Chrome/150.0.0.0 Safari/537.36"
197.211.59.196 - - [22/Jul/2026:11:32:44 +0000] "GET /wp-content/plugins/wpforms-lite/assets/js/integrations/stripe/admin-builder-stripe.min.js?ver=2.0.0.2 HTTP/1.1" 200 3618 "https://mppglobalconcept.shop/wp-admin/admin.php?page=wpforms-builder" "Mozilla/5.0 (Windows NT 10.0; Win64; x64) AppleWebKit/537.36 (KHTML, like Gecko) Chrome/150.0.0.0 Safari/537.36"
197.211.59.196 - - [22/Jul/2026:11:32:44 +0000] "GET /wp-content/plugins/wpforms-lite/assets/js/integrations/stripe/admin-builder-modern-stripe.min.js?ver=2.0.0.2 HTTP/1.1" 200 8642 "https://mppglobalconcept.shop/wp-admin/admin.php?page=wpforms-builder" "Mozilla/5.0 (Windows NT 10.0; Win64; x64) AppleWebKit/537.36 (KHTML, like Gecko) Chrome/150.0.0.0 Safari/537.36"
197.211.59.196 - - [22/Jul/2026:11:32:44 +0000] "GET /wp-content/plugins/wpforms-lite/assets/js/integrations/ai/chat-element/wpforms-ai-dock.min.js?ver=2.0.0.2 HTTP/1.1" 200 2340 "https://mppglobalconcept.shop/wp-admin/admin.php?page=wpforms-builder" "Mozilla/5.0 (Windows NT 10.0; Win64; x64) AppleWebKit/537.36 (KHTML, like Gecko) Chrome/150.0.0.0 Safari/537.36"
197.211.59.196 - - [22/Jul/2026:11:32:44 +0000] "GET /wp-content/plugins/wpforms-lite/assets/js/integrations/ai/choices/wpforms-ai-modal.min.js?ver=2.0.0.2 HTTP/1.1" 200 3345 "https://mppglobalconcept.shop/wp-admin/admin.php?page=wpforms-builder" "Mozilla/5.0 (Windows NT 10.0; Win64; x64) AppleWebKit/537.36 (KHTML, like Gecko) Chrome/150.0.0.0 Safari/537.36"
197.211.59.196 - - [22/Jul/2026:11:32:45 +0000] "GET /wp-content/plugins/wpforms-lite/assets/js/integrations/ai/chat-element/wpforms-ai-chat-element.min.js?ver=2.0.0.2 HTTP/1.1" 200 20474 "https://mppglobalconcept.shop/wp-admin/admin.php?page=wpforms-builder" "Mozilla/5.0 (Windows NT 10.0; Win64; x64) AppleWebKit/537.36 (KHTML, like Gecko) Chrome/150.0.0.0 Safari/537.36"
197.211.59.196 - - [22/Jul/2026:11:32:45 +0000] "GET /wp-content/plugins/wpforms-lite/assets/js/admin/builder/fields/signature.min.js?ver=2.0.0.2 HTTP/1.1" 200 719 "https://mppglobalconcept.shop/wp-admin/admin.php?page=wpforms-builder" "Mozilla/5.0 (Windows NT 10.0; Win64; x64) AppleWebKit/537.36 (KHTML, like Gecko) Chrome/150.0.0.0 Safari/537.36"
197.211.59.196 - - [22/Jul/2026:11:32:45 +0000] "GET /wp-content/plugins/wpforms-lite/assets/js/admin/builder/fields/rating.min.js?ver=2.0.0.2 HTTP/1.1" 200 1328 "https://mppglobalconcept.shop/wp-admin/admin.php?page=wpforms-builder" "Mozilla/5.0 (Windows NT 10.0; Win64; x64) AppleWebKit/537.36 (KHTML, like Gecko) Chrome/150.0.0.0 Safari/537.36"
197.211.59.196 - - [22/Jul/2026:11:32:45 +0000] "GET /wp-content/plugins/wpforms-lite/assets/js/admin/builder/multiple-choices.min.js?ver=2.0.0.2 HTTP/1.1" 200 6430 "https://mppglobalconcept.shop/wp-admin/admin.php?page=wpforms-builder" "Mozilla/5.0 (Windows NT 10.0; Win64; x64) AppleWebKit/537.36 (KHTML, like Gecko) Chrome/150.0.0.0 Safari/537.36"
197.211.59.196 - - [22/Jul/2026:11:32:45 +0000] "GET /wp-content/plugins/wpforms-lite/assets/js/admin/builder/fields/numbers.min.js?ver=2.0.0.2 HTTP/1.1" 200 2805 "https://mppglobalconcept.shop/wp-admin/admin.php?page=wpforms-builder" "Mozilla/5.0 (Windows NT 10.0; Win64; x64) AppleWebKit/537.36 (KHTML, like Gecko) Chrome/150.0.0.0 Safari/537.36"
197.211.59.196 - - [22/Jul/2026:11:32:45 +0000] "GET /wp-content/plugins/wpforms-lite/assets/lib/md5.min.js?ver=2.19.0 HTTP/1.1" 200 4270 "https://mppglobalconcept.shop/wp-admin/admin.php?page=wpforms-builder" "Mozilla/5.0 (Windows NT 10.0; Win64; x64) AppleWebKit/537.36 (KHTML, like Gecko) Chrome/150.0.0.0 Safari/537.36"
197.211.59.196 - - [22/Jul/2026:11:32:45 +0000] "GET /wp-content/plugins/wpforms-lite/assets/js/admin/builder/fields/internal-information.min.js?ver=2.0.0.2 HTTP/1.1" 200 7990 "https://mppglobalconcept.shop/wp-admin/admin.php?page=wpforms-builder" "Mozilla/5.0 (Windows NT 10.0; Win64; x64) AppleWebKit/537.36 (KHTML, like Gecko) Chrome/150.0.0.0 Safari/537.36"
197.211.59.196 - - [22/Jul/2026:11:32:45 +0000] "GET /wp-content/plugins/wpforms-lite/assets/js/admin/builder/modules/ui-general.min.js?v=2.0.0.2 HTTP/1.1" 200 11505 "https://mppglobalconcept.shop/wp-content/plugins/wpforms-lite/assets/js/admin/builder/admin-builder.min.js?ver=2.0.0.2" "Mozilla/5.0 (Windows NT 10.0; Win64; x64) AppleWebKit/537.36 (KHTML, like Gecko) Chrome/150.0.0.0 Safari/537.36"
197.211.59.196 - - [22/Jul/2026:11:32:45 +0000] "GET /wp-content/plugins/wpforms-lite/assets/js/admin/builder/modules/panels.min.js?v=2.0.0.2 HTTP/1.1" 200 2874 "https://mppglobalconcept.shop/wp-content/plugins/wpforms-lite/assets/js/admin/builder/admin-builder.min.js?ver=2.0.0.2" "Mozilla/5.0 (Windows NT 10.0; Win64; x64) AppleWebKit/537.36 (KHTML, like Gecko) Chrome/150.0.0.0 Safari/537.36"
197.211.59.196 - - [22/Jul/2026:11:32:45 +0000] "GET /wp-content/plugins/wpforms-lite/assets/js/admin/builder/modules/read-only-field.min.js?v=2.0.0.2 HTTP/1.1" 200 1124 "https://mppglobalconcept.shop/wp-content/plugins/wpforms-lite/assets/js/admin/builder/admin-builder.min.js?ver=2.0.0.2" "Mozilla/5.0 (Windows NT 10.0; Win64; x64) AppleWebKit/537.36 (KHTML, like Gecko) Chrome/150.0.0.0 Safari/537.36"
197.211.59.196 - - [22/Jul/2026:11:32:45 +0000] "GET /wp-content/plugins/wpforms-lite/assets/js/admin/builder/modules/icon-choices.min.js?v=2.0.0.2 HTTP/1.1" 200 9169 "https://mppglobalconcept.shop/wp-content/plugins/wpforms-lite/assets/js/admin/builder/admin-builder.min.js?ver=2.0.0.2" "Mozilla/5.0 (Windows NT 10.0; Win64; x64) AppleWebKit/537.36 (KHTML, like Gecko) Chrome/150.0.0.0 Safari/537.36"
197.211.59.196 - - [22/Jul/2026:11:32:45 +0000] "GET /wp-content/plugins/wpforms-lite/assets/js/admin/builder/modules/disabled-fields.min.js?v=2.0.0.2 HTTP/1.1" 200 986 "https://mppglobalconcept.shop/wp-content/plugins/wpforms-lite/assets/js/admin/builder/admin-builder.min.js?ver=2.0.0.2" "Mozilla/5.0 (Windows NT 10.0; Win64; x64) AppleWebKit/537.36 (KHTML, like Gecko) Chrome/150.0.0.0 Safari/537.36"
197.211.59.196 - - [22/Jul/2026:11:32:45 +0000] "GET /wp-content/plugins/wpforms-lite/assets/js/admin/builder/modules/dropdown-field.min.js?v=2.0.0.2 HTTP/1.1" 200 6206 "https://mppglobalconcept.shop/wp-content/plugins/wpforms-lite/assets/js/admin/builder/admin-builder.min.js?ver=2.0.0.2" "Mozilla/5.0 (Windows NT 10.0; Win64; x64) AppleWebKit/537.36 (KHTML, like Gecko) Chrome/150.0.0.0 Safari/537.36"
197.211.59.196 - - [22/Jul/2026:11:32:45 +0000] "GET /wp-content/plugins/wpforms-lite/assets/js/admin/builder/modules/field-helpers.min.js?v=2.0.0.2 HTTP/1.1" 200 3739 "https://mppglobalconcept.shop/wp-content/plugins/wpforms-lite/assets/js/admin/builder/admin-builder.min.js?ver=2.0.0.2" "Mozilla/5.0 (Windows NT 10.0; Win64; x64) AppleWebKit/537.36 (KHTML, like Gecko) Chrome/150.0.0.0 Safari/537.36"
197.211.59.196 - - [22/Jul/2026:11:32:46 +0000] "GET /wp-content/plugins/wpforms-lite/assets/js/admin/builder/modules/field-choices.min.js?v=2.0.0.2 HTTP/1.1" 200 21378 "https://mppglobalconcept.shop/wp-content/plugins/wpforms-lite/assets/js/admin/builder/admin-builder.min.js?ver=2.0.0.2" "Mozilla/5.0 (Windows NT 10.0; Win64; x64) AppleWebKit/537.36 (KHTML, like Gecko) Chrome/150.0.0.0 Safari/537.36"
197.211.59.196 - - [22/Jul/2026:11:32:46 +0000] "GET /wp-content/plugins/wpforms-lite/assets/lib/font-awesome/webfonts/fa-regular-400.woff2 HTTP/1.1" 200 19000 "https://mppglobalconcept.shop/wp-content/plugins/wpforms-lite/assets/lib/font-awesome/css/all.min.css?ver=7.0.1" "Mozilla/5.0 (Windows NT 10.0; Win64; x64) AppleWebKit/537.36 (KHTML, like Gecko) Chrome/150.0.0.0 Safari/537.36"
197.211.59.196 - - [22/Jul/2026:11:32:46 +0000] "GET /wp-content/plugins/wpforms-lite/assets/lib/font-awesome/webfonts/fa-solid-900.woff2 HTTP/1.1" 200 113260 "https://mppglobalconcept.shop/wp-content/plugins/wpforms-lite/assets/lib/font-awesome/css/all.min.css?ver=7.0.1" "Mozilla/5.0 (Windows NT 10.0; Win64; x64) AppleWebKit/537.36 (KHTML, like Gecko) Chrome/150.0.0.0 Safari/537.36"
197.211.59.196 - - [22/Jul/2026:11:32:46 +0000] "GET /wp-content/plugins/wpforms-lite/assets/js/admin/builder/modules/fields-panel.min.js?v=2.0.0.2 HTTP/1.1" 200 34125 "https://mppglobalconcept.shop/wp-content/plugins/wpforms-lite/assets/js/admin/builder/admin-builder.min.js?ver=2.0.0.2" "Mozilla/5.0 (Windows NT 10.0; Win64; x64) AppleWebKit/537.36 (KHTML, like Gecko) Chrome/150.0.0.0 Safari/537.36"
197.211.59.196 - - [22/Jul/2026:11:32:46 +0000] "GET /wp-content/plugins/wpforms-lite/assets/js/admin/builder/modules/number-slider-field.min.js?v=2.0.0.2 HTTP/1.1" 200 6329 "https://mppglobalconcept.shop/wp-content/plugins/wpforms-lite/assets/js/admin/builder/admin-builder.min.js?ver=2.0.0.2" "Mozilla/5.0 (Windows NT 10.0; Win64; x64) AppleWebKit/537.36 (KHTML, like Gecko) Chrome/150.0.0.0 Safari/537.36"
197.211.59.196 - - [22/Jul/2026:11:32:46 +0000] "GET /wp-content/plugins/wpforms-lite/assets/js/admin/builder/modules/page-break-field.min.js?v=2.0.0.2 HTTP/1.1" 200 2686 "https://mppglobalconcept.shop/wp-content/plugins/wpforms-lite/assets/js/admin/builder/admin-builder.min.js?ver=2.0.0.2" "Mozilla/5.0 (Windows NT 10.0; Win64; x64) AppleWebKit/537.36 (KHTML, like Gecko) Chrome/150.0.0.0 Safari/537.36"
197.211.59.196 - - [22/Jul/2026:11:32:46 +0000] "GET /wp-content/plugins/wpforms-lite/assets/js/admin/builder/modules/entry-preview.min.js?v=2.0.0.2 HTTP/1.1" 200 8238 "https://mppglobalconcept.shop/wp-content/plugins/wpforms-lite/assets/js/admin/builder/admin-builder.min.js?ver=2.0.0.2" "Mozilla/5.0 (Windows NT 10.0; Win64; x64) AppleWebKit/537.36 (KHTML, like Gecko) Chrome/150.0.0.0 Safari/537.36"
197.211.59.196 - - [22/Jul/2026:11:32:46 +0000] "GET /wp-content/plugins/wpforms-lite/assets/js/admin/builder/modules/legacy-layout.min.js?v=2.0.0.2 HTTP/1.1" 200 3701 "https://mppglobalconcept.shop/wp-content/plugins/wpforms-lite/assets/js/admin/builder/admin-builder.min.js?ver=2.0.0.2" "Mozilla/5.0 (Windows NT 10.0; Win64; x64) AppleWebKit/537.36 (KHTML, like Gecko) Chrome/150.0.0.0 Safari/537.36"
197.211.59.196 - - [22/Jul/2026:11:32:46 +0000] "GET /wp-content/plugins/wpforms-lite/assets/js/admin/builder/modules/revisions-panel.min.js?v=2.0.0.2 HTTP/1.1" 200 2681 "https://mppglobalconcept.shop/wp-content/plugins/wpforms-lite/assets/js/admin/builder/admin-builder.min.js?ver=2.0.0.2" "Mozilla/5.0 (Windows NT 10.0; Win64; x64) AppleWebKit/537.36 (KHTML, like Gecko) Chrome/150.0.0.0 Safari/537.36"
197.211.59.196 - - [22/Jul/2026:11:32:46 +0000] "GET /wp-content/plugins/wpforms-lite/assets/js/admin/builder/modules/settings-panel.min.js?v=2.0.0.2 HTTP/1.1" 200 12528 "https://mppglobalconcept.shop/wp-content/plugins/wpforms-lite/assets/js/admin/builder/admin-builder.min.js?ver=2.0.0.2" "Mozilla/5.0 (Windows NT 10.0; Win64; x64) AppleWebKit/537.36 (KHTML, like Gecko) Chrome/150.0.0.0 Safari/537.36"
197.211.59.196 - - [22/Jul/2026:11:32:46 +0000] "GET /wp-content/plugins/wpforms-lite/assets/js/admin/builder/modules/settings-confirmations.min.js?v=2.0.0.2 HTTP/1.1" 200 5656 "https://mppglobalconcept.shop/wp-content/plugins/wpforms-lite/assets/js/admin/builder/admin-builder.min.js?ver=2.0.0.2" "Mozilla/5.0 (Windows NT 10.0; Win64; x64) AppleWebKit/537.36 (KHTML, like Gecko) Chrome/150.0.0.0 Safari/537.36"
197.211.59.196 - - [22/Jul/2026:11:32:46 +0000] "GET /wp-content/plugins/wpforms-lite/assets/js/admin/builder/modules/settings-notifications.min.js?v=2.0.0.2 HTTP/1.1" 200 3748 "https://mppglobalconcept.shop/wp-content/plugins/wpforms-lite/assets/js/admin/builder/admin-builder.min.js?ver=2.0.0.2" "Mozilla/5.0 (Windows NT 10.0; Win64; x64) AppleWebKit/537.36 (KHTML, like Gecko) Chrome/150.0.0.0 Safari/537.36"
197.211.59.196 - - [22/Jul/2026:11:32:46 +0000] "GET /wp-content/plugins/wpforms-lite/assets/js/admin/builder/modules/builder-providers.min.js?v=2.0.0.2 HTTP/1.1" 200 1151 "https://mppglobalconcept.shop/wp-content/plugins/wpforms-lite/assets/js/admin/builder/admin-builder.min.js?ver=2.0.0.2" "Mozilla/5.0 (Windows NT 10.0; Win64; x64) AppleWebKit/537.36 (KHTML, like Gecko) Chrome/150.0.0.0 Safari/537.36"
197.211.59.196 - - [22/Jul/2026:11:32:47 +0000] "GET /wp-content/plugins/wpforms-lite/assets/js/admin/builder/modules/captcha.min.js?v=2.0.0.2 HTTP/1.1" 200 3056 "https://mppglobalconcept.shop/wp-content/plugins/wpforms-lite/assets/js/admin/builder/admin-builder.min.js?ver=2.0.0.2" "Mozilla/5.0 (Windows NT 10.0; Win64; x64) AppleWebKit/537.36 (KHTML, like Gecko) Chrome/150.0.0.0 Safari/537.36"
197.211.59.196 - - [22/Jul/2026:11:32:47 +0000] "GET /wp-content/plugins/wpforms-lite/assets/js/admin/builder/modules/save-exit.min.js?v=2.0.0.2 HTTP/1.1" 200 4671 "https://mppglobalconcept.shop/wp-content/plugins/wpforms-lite/assets/js/admin/builder/admin-builder.min.js?ver=2.0.0.2" "Mozilla/5.0 (Windows NT 10.0; Win64; x64) AppleWebKit/537.36 (KHTML, like Gecko) Chrome/150.0.0.0 Safari/537.36"
197.211.59.196 - - [22/Jul/2026:11:32:47 +0000] "GET /wp-content/plugins/wpforms-lite/assets/js/admin/builder/modules/keyboard-shortcuts.min.js?v=2.0.0.2 HTTP/1.1" 200 2628 "https://mppglobalconcept.shop/wp-content/plugins/wpforms-lite/assets/js/admin/builder/admin-builder.min.js?ver=2.0.0.2" "Mozilla/5.0 (Windows NT 10.0; Win64; x64) AppleWebKit/537.36 (KHTML, like Gecko) Chrome/150.0.0.0 Safari/537.36"
197.211.59.196 - - [22/Jul/2026:11:32:47 +0000] "GET /wp-content/plugins/wpforms-lite/assets/js/admin/builder/modules/drag-fields.min.js?v=2.0.0.2 HTTP/1.1" 200 9544 "https://mppglobalconcept.shop/wp-content/plugins/wpforms-lite/assets/js/admin/builder/admin-builder.min.js?ver=2.0.0.2" "Mozilla/5.0 (Windows NT 10.0; Win64; x64) AppleWebKit/537.36 (KHTML, like Gecko) Chrome/150.0.0.0 Safari/537.36"
197.211.59.196 - - [22/Jul/2026:11:32:47 +0000] "GET /wp-content/plugins/wpforms-lite/assets/js/admin/builder/modules/drag-fields-multi-select.min.js?v=2.0.0.2 HTTP/1.1" 200 6983 "https://mppglobalconcept.shop/wp-content/plugins/wpforms-lite/assets/js/admin/builder/admin-builder.min.js?ver=2.0.0.2" "Mozilla/5.0 (Windows NT 10.0; Win64; x64) AppleWebKit/537.36 (KHTML, like Gecko) Chrome/150.0.0.0 Safari/537.36"
