54.162.239.199 - - [22/Jul/2026:02:40:05 +0000] "GET /wp-content/themes/twentytwentyfour/assets/fonts/inter/Inter-VariableFont_slnt,wght.woff2 HTTP/1.1" 200 326628 "http://mppglobalconcept.shop/" "Mozilla/5.0 (X11; Linux x86_64) AppleWebKit/537.36 (KHTML, like Gecko) Chrome/145.0.0.0 Safari/537.36"
54.162.239.199 - - [22/Jul/2026:02:40:05 +0000] "GET /wp-content/themes/twentytwentyfour/assets/fonts/cardo/cardo_normal_400.woff2 HTTP/1.1" 200 146060 "http://mppglobalconcept.shop/" "Mozilla/5.0 (X11; Linux x86_64) AppleWebKit/537.36 (KHTML, like Gecko) Chrome/145.0.0.0 Safari/537.36"
54.162.239.199 - - [22/Jul/2026:02:40:05 +0000] "GET /wp-includes/js/wp-emoji-release.min.js?ver=7.0.2 HTTP/1.1" 200 22752 "http://mppglobalconcept.shop/" "Mozilla/5.0 (X11; Linux x86_64) AppleWebKit/537.36 (KHTML, like Gecko) Chrome/145.0.0.0 Safari/537.36"
54.162.239.199 - - [22/Jul/2026:02:40:06 +0000] "GET /favicon.ico HTTP/1.1" 200 2 "http://mppglobalconcept.shop/" "Mozilla/5.0 (X11; Linux x86_64) AppleWebKit/537.36 (KHTML, like Gecko) Chrome/145.0.0.0 Safari/537.36"
54.162.239.199 - - [22/Jul/2026:02:40:10 +0000] "GET /favicon.ico HTTP/1.1" 200 2 "-" "Mozilla/5.0 (X11; Linux x86_64) AppleWebKit/537.36 (KHTML, like Gecko) Chrome/145.0.0.0 Safari/537.36"
198.177.124.148 - - [22/Jul/2026:02:41:06 +0000] "POST /wp-cron.php?doing_wp_cron=1784688066.0911209583282470703125 HTTP/1.1" 200 - "-" "WordPress/7.0.2; https://mppglobalconcept.shop"
162.159.113.102 - - [22/Jul/2026:02:41:02 +0000] "GET /wp-admin/install.php?step=1 HTTP/1.1" 403 82332 "-" "http://mppglobalconcept.shop/wp-admin/install.php?step=1"
198.177.124.148 - - [22/Jul/2026:02:42:06 +0000] "POST /wp-cron.php?doing_wp_cron=1784688126.8280220031738281250000 HTTP/1.1" 200 - "-" "WordPress/7.0.2; https://mppglobalconcept.shop"
129.211.172.249 - - [22/Jul/2026:02:42:04 +0000] "GET / HTTP/1.1" 200 2 "-" "Mozilla/5.0 (iPhone; CPU iPhone OS 13_2_3 like Mac OS X) AppleWebKit/605.1.15 (KHTML, like Gecko) Version/13.0.3 Mobile/15E148 Safari/604.1"
198.177.124.148 - - [22/Jul/2026:02:53:45 +0000] "POST /wp-cron.php?doing_wp_cron=1784688825.6783881187438964843750 HTTP/1.1" 200 - "-" "WordPress/7.0.2; https://mppglobalconcept.shop"
43.165.4.2 - - [22/Jul/2026:02:53:41 +0000] "GET / HTTP/1.1" 200 2 "-" "Mozilla/5.0 (iPhone; CPU iPhone OS 13_2_3 like Mac OS X) AppleWebKit/605.1.15 (KHTML, like Gecko) Version/13.0.3 Mobile/15E148 Safari/604.1"
198.177.124.148 - - [22/Jul/2026:02:57:36 +0000] "POST /wp-cron.php?doing_wp_cron=1784689056.8690330982208251953125 HTTP/1.1" 200 - "-" "WordPress/7.0.2; https://mppglobalconcept.shop"
172.70.242.238 - - [22/Jul/2026:02:57:32 +0000] "GET /wp-admin/install.php?step=1 HTTP/1.1" 403 82332 "-" "http://mppglobalconcept.shop/wp-admin/install.php?step=1"
198.177.124.148 - - [22/Jul/2026:03:11:14 +0000] "POST /wp-cron.php?doing_wp_cron=1784689874.5745100975036621093750 HTTP/1.1" 200 - "-" "WordPress/7.0.2; https://mppglobalconcept.shop"
172.64.192.161 - - [22/Jul/2026:03:11:11 +0000] "GET /wp-admin/install.php?step=1 HTTP/1.1" 403 82332 "-" "http://mppglobalconcept.shop/wp-admin/install.php?step=1"
198.177.124.148 - - [22/Jul/2026:03:35:14 +0000] "POST /wp-cron.php?doing_wp_cron=1784691313.9968268871307373046875 HTTP/1.1" 200 - "-" "WordPress/7.0.2; https://mppglobalconcept.shop"
104.23.223.33 - - [22/Jul/2026:03:35:10 +0000] "GET /wp-admin/install.php?step=1 HTTP/1.1" 403 82332 "-" "http://mppglobalconcept.shop/wp-admin/install.php?step=1"
104.197.69.115 - - [22/Jul/2026:03:35:56 +0000] "GET / HTTP/1.1" 200 97535 "-" "Mozilla/5.0 (Windows NT 10.0; Win64; x64) AppleWebKit/537.36 (KHTML, like Gecko) Chrome/125.0.6422.60 Safari/537.36 Edge/12.246"
104.197.69.115 - - [22/Jul/2026:03:35:59 +0000] "GET /wp-includes/blocks/navigation/style.min.css?ver=7.0.2 HTTP/1.1" 200 20709 "http://mppglobalconcept.shop/" "Mozilla/5.0 (Windows NT 10.0; Win64; x64) AppleWebKit/537.36 (KHTML, like Gecko) Chrome/125.0.6422.60 Safari/537.36 Edge/12.246"
34.72.176.129 - - [22/Jul/2026:03:35:59 +0000] "GET /wp-includes/js/jquery/jquery.min.js?ver=3.7.1 HTTP/1.1" 200 87553 "http://mppglobalconcept.shop/" "Mozilla/5.0 (Windows NT 10.0; Win64; x64) AppleWebKit/537.36 (KHTML, like Gecko) Chrome/125.0.6422.60 Safari/537.36 Edge/12.246"
34.123.170.104 - - [22/Jul/2026:03:35:59 +0000] "GET /wp-includes/js/jquery/jquery-migrate.min.js?ver=3.4.1 HTTP/1.1" 200 13577 "http://mppglobalconcept.shop/" "Mozilla/5.0 (Windows NT 10.0; Win64; x64) AppleWebKit/537.36 (KHTML, like Gecko) Chrome/125.0.6422.60 Safari/537.36 Edge/12.246"
34.123.170.104 - - [22/Jul/2026:03:35:59 +0000] "GET /wp-content/themes/twentytwentyfour/assets/images/tourist-and-building.webp HTTP/1.1" 200 66482 "http://mppglobalconcept.shop/" "Mozilla/5.0 (Windows NT 10.0; Win64; x64) AppleWebKit/537.36 (KHTML, like Gecko) Chrome/125.0.6422.60 Safari/537.36 Edge/12.246"
34.123.170.104 - - [22/Jul/2026:03:35:59 +0000] "GET /wp-content/themes/twentytwentyfour/assets/images/building-exterior.webp HTTP/1.1" 200 199724 "http://mppglobalconcept.shop/" "Mozilla/5.0 (Windows NT 10.0; Win64; x64) AppleWebKit/537.36 (KHTML, like Gecko) Chrome/125.0.6422.60 Safari/537.36 Edge/12.246"
34.72.176.129 - - [22/Jul/2026:03:35:59 +0000] "GET /wp-content/themes/twentytwentyfour/assets/images/windows.webp HTTP/1.1" 200 126244 "http://mppglobalconcept.shop/" "Mozilla/5.0 (Windows NT 10.0; Win64; x64) AppleWebKit/537.36 (KHTML, like Gecko) Chrome/125.0.6422.60 Safari/537.36 Edge/12.246"
34.123.170.104 - - [22/Jul/2026:03:35:59 +0000] "GET /wp-includes/js/dist/script-modules/block-library/navigation/view.min.js?ver=96a846e1d7b789c39ab9 HTTP/1.1" 200 3053 "http://mppglobalconcept.shop/" "Mozilla/5.0 (Windows NT 10.0; Win64; x64) AppleWebKit/537.36 (KHTML, like Gecko) Chrome/125.0.6422.60 Safari/537.36 Edge/12.246"
104.197.69.115 - - [22/Jul/2026:03:35:59 +0000] "GET /wp-content/plugins/pixelyoursite/dist/scripts/js.cookie-2.1.3.min.js?ver=2.1.3 HTTP/1.1" 200 1709 "http://mppglobalconcept.shop/" "Mozilla/5.0 (Windows NT 10.0; Win64; x64) AppleWebKit/537.36 (KHTML, like Gecko) Chrome/125.0.6422.60 Safari/537.36 Edge/12.246"
34.123.170.104 - - [22/Jul/2026:03:35:59 +0000] "GET /wp-includes/js/dist/script-modules/interactivity/index.min.js?ver=efaa5193bbad9c60ffd1 HTTP/1.1" 200 40106 "http://mppglobalconcept.shop/" "Mozilla/5.0 (Windows NT 10.0; Win64; x64) AppleWebKit/537.36 (KHTML, like Gecko) Chrome/125.0.6422.60 Safari/537.36 Edge/12.246"
34.123.170.104 - - [22/Jul/2026:03:35:59 +0000] "GET /wp-content/plugins/pixelyoursite/dist/scripts/jquery.bind-first-0.2.3.min.js?ver=0.2.3 HTTP/1.1" 200 1317 "http://mppglobalconcept.shop/" "Mozilla/5.0 (Windows NT 10.0; Win64; x64) AppleWebKit/537.36 (KHTML, like Gecko) Chrome/125.0.6422.60 Safari/537.36 Edge/12.246"
34.123.170.104 - - [22/Jul/2026:03:35:59 +0000] "GET /wp-content/themes/twentytwentyfour/assets/fonts/inter/Inter-VariableFont_slnt,wght.woff2 HTTP/1.1" 200 326628 "http://mppglobalconcept.shop/" "Mozilla/5.0 (Windows NT 10.0; Win64; x64) AppleWebKit/537.36 (KHTML, like Gecko) Chrome/125.0.6422.60 Safari/537.36 Edge/12.246"
34.123.170.104 - - [22/Jul/2026:03:35:59 +0000] "GET /wp-content/themes/twentytwentyfour/assets/fonts/cardo/cardo_italic_400.woff2 HTTP/1.1" 200 105184 "http://mppglobalconcept.shop/" "Mozilla/5.0 (Windows NT 10.0; Win64; x64) AppleWebKit/537.36 (KHTML, like Gecko) Chrome/125.0.6422.60 Safari/537.36 Edge/12.246"
34.123.170.104 - - [22/Jul/2026:03:35:59 +0000] "GET /wp-content/themes/twentytwentyfour/assets/fonts/cardo/cardo_normal_400.woff2 HTTP/1.1" 200 146060 "http://mppglobalconcept.shop/" "Mozilla/5.0 (Windows NT 10.0; Win64; x64) AppleWebKit/537.36 (KHTML, like Gecko) Chrome/125.0.6422.60 Safari/537.36 Edge/12.246"
104.197.69.115 - - [22/Jul/2026:03:35:59 +0000] "GET /wp-content/plugins/pixelyoursite/dist/scripts/tld.min.js?ver=2.3.1 HTTP/1.1" 200 141079 "http://mppglobalconcept.shop/" "Mozilla/5.0 (Windows NT 10.0; Win64; x64) AppleWebKit/537.36 (KHTML, like Gecko) Chrome/125.0.6422.60 Safari/537.36 Edge/12.246"
34.122.147.229 - - [22/Jul/2026:03:35:59 +0000] "GET /wp-content/plugins/pixelyoursite/dist/scripts/public.js?ver=11.2.1 HTTP/1.1" 200 172979 "http://mppglobalconcept.shop/" "Mozilla/5.0 (Windows NT 10.0; Win64; x64) AppleWebKit/537.36 (KHTML, like Gecko) Chrome/125.0.6422.60 Safari/537.36 Edge/12.246"
34.122.147.229 - - [22/Jul/2026:03:36:00 +0000] "GET /wp-includes/js/wp-emoji-release.min.js?ver=7.0.2 HTTP/1.1" 200 22752 "http://mppglobalconcept.shop/" "Mozilla/5.0 (Windows NT 10.0; Win64; x64) AppleWebKit/537.36 (KHTML, like Gecko) Chrome/125.0.6422.60 Safari/537.36 Edge/12.246"
205.169.39.122 - - [22/Jul/2026:03:36:07 +0000] "GET / HTTP/1.1" 200 97535 "-" "Mozilla/5.0 (Windows NT 6.1; Win64; x64) AppleWebKit/537.36 (KHTML, like Gecko) Chrome/83.0.4103.61 Safari/537.36"
205.169.39.122 - - [22/Jul/2026:03:36:10 +0000] "GET /wp-includes/js/jquery/jquery.min.js?ver=3.7.1 HTTP/1.1" 200 87553 "http://mppglobalconcept.shop/" "Mozilla/5.0 (Windows NT 6.1; Win64; x64) AppleWebKit/537.36 (KHTML, like Gecko) Chrome/83.0.4103.61 Safari/537.36"
205.169.39.122 - - [22/Jul/2026:03:36:10 +0000] "GET /wp-includes/js/jquery/jquery-migrate.min.js?ver=3.4.1 HTTP/1.1" 200 13577 "http://mppglobalconcept.shop/" "Mozilla/5.0 (Windows NT 6.1; Win64; x64) AppleWebKit/537.36 (KHTML, like Gecko) Chrome/83.0.4103.61 Safari/537.36"
205.169.39.122 - - [22/Jul/2026:03:36:10 +0000] "GET /wp-content/plugins/pixelyoursite/dist/scripts/jquery.bind-first-0.2.3.min.js?ver=0.2.3 HTTP/1.1" 200 1317 "http://mppglobalconcept.shop/" "Mozilla/5.0 (Windows NT 6.1; Win64; x64) AppleWebKit/537.36 (KHTML, like Gecko) Chrome/83.0.4103.61 Safari/537.36"
205.169.39.122 - - [22/Jul/2026:03:36:10 +0000] "GET /wp-content/plugins/pixelyoursite/dist/scripts/js.cookie-2.1.3.min.js?ver=2.1.3 HTTP/1.1" 200 1709 "http://mppglobalconcept.shop/" "Mozilla/5.0 (Windows NT 6.1; Win64; x64) AppleWebKit/537.36 (KHTML, like Gecko) Chrome/83.0.4103.61 Safari/537.36"
205.169.39.122 - - [22/Jul/2026:03:36:10 +0000] "GET /wp-content/plugins/pixelyoursite/dist/scripts/tld.min.js?ver=2.3.1 HTTP/1.1" 200 141079 "http://mppglobalconcept.shop/" "Mozilla/5.0 (Windows NT 6.1; Win64; x64) AppleWebKit/537.36 (KHTML, like Gecko) Chrome/83.0.4103.61 Safari/537.36"
205.169.39.122 - - [22/Jul/2026:03:36:10 +0000] "GET /wp-content/plugins/pixelyoursite/dist/scripts/public.js?ver=11.2.1 HTTP/1.1" 200 172979 "http://mppglobalconcept.shop/" "Mozilla/5.0 (Windows NT 6.1; Win64; x64) AppleWebKit/537.36 (KHTML, like Gecko) Chrome/83.0.4103.61 Safari/537.36"
205.169.39.122 - - [22/Jul/2026:03:36:13 +0000] "GET / HTTP/1.1" 200 97535 "-" "Mozilla/5.0 (Windows NT 10.0; Win64; x64) AppleWebKit/537.36 (KHTML, like Gecko) Chrome/79.0.3945.79 Safari/537.36"
205.169.39.122 - - [22/Jul/2026:03:36:16 +0000] "GET /wp-includes/blocks/navigation/style.min.css?ver=7.0.2 HTTP/1.1" 200 20709 "http://mppglobalconcept.shop/" "Mozilla/5.0 (Windows NT 10.0; Win64; x64) AppleWebKit/537.36 (KHTML, like Gecko) Chrome/79.0.3945.79 Safari/537.36"
205.169.39.122 - - [22/Jul/2026:03:36:16 +0000] "GET /wp-includes/js/jquery/jquery.min.js?ver=3.7.1 HTTP/1.1" 200 87553 "http://mppglobalconcept.shop/" "Mozilla/5.0 (Windows NT 10.0; Win64; x64) AppleWebKit/537.36 (KHTML, like Gecko) Chrome/79.0.3945.79 Safari/537.36"
205.169.39.122 - - [22/Jul/2026:03:36:16 +0000] "GET /wp-includes/js/jquery/jquery-migrate.min.js?ver=3.4.1 HTTP/1.1" 200 13577 "http://mppglobalconcept.shop/" "Mozilla/5.0 (Windows NT 10.0; Win64; x64) AppleWebKit/537.36 (KHTML, like Gecko) Chrome/79.0.3945.79 Safari/537.36"
205.169.39.122 - - [22/Jul/2026:03:36:16 +0000] "GET /wp-includes/js/dist/script-modules/interactivity/index.min.js?ver=efaa5193bbad9c60ffd1 HTTP/1.1" 200 40106 "http://mppglobalconcept.shop/" "Mozilla/5.0 (Windows NT 10.0; Win64; x64) AppleWebKit/537.36 (KHTML, like Gecko) Chrome/79.0.3945.79 Safari/537.36"
205.169.39.122 - - [22/Jul/2026:03:36:16 +0000] "GET /wp-includes/js/dist/script-modules/block-library/navigation/view.min.js?ver=96a846e1d7b789c39ab9 HTTP/1.1" 200 3053 "http://mppglobalconcept.shop/" "Mozilla/5.0 (Windows NT 10.0; Win64; x64) AppleWebKit/537.36 (KHTML, like Gecko) Chrome/79.0.3945.79 Safari/537.36"
205.169.39.122 - - [22/Jul/2026:03:36:16 +0000] "GET /wp-content/themes/twentytwentyfour/assets/images/building-exterior.webp HTTP/1.1" 200 199724 "http://mppglobalconcept.shop/" "Mozilla/5.0 (Windows NT 10.0; Win64; x64) AppleWebKit/537.36 (KHTML, like Gecko) Chrome/79.0.3945.79 Safari/537.36"
205.169.39.122 - - [22/Jul/2026:03:36:16 +0000] "GET /wp-content/themes/twentytwentyfour/assets/images/tourist-and-building.webp HTTP/1.1" 200 66482 "http://mppglobalconcept.shop/" "Mozilla/5.0 (Windows NT 10.0; Win64; x64) AppleWebKit/537.36 (KHTML, like Gecko) Chrome/79.0.3945.79 Safari/537.36"
205.169.39.122 - - [22/Jul/2026:03:36:16 +0000] "GET /wp-content/themes/twentytwentyfour/assets/images/windows.webp HTTP/1.1" 200 126244 "http://mppglobalconcept.shop/" "Mozilla/5.0 (Windows NT 10.0; Win64; x64) AppleWebKit/537.36 (KHTML, like Gecko) Chrome/79.0.3945.79 Safari/537.36"
205.169.39.122 - - [22/Jul/2026:03:36:16 +0000] "GET /wp-content/plugins/pixelyoursite/dist/scripts/jquery.bind-first-0.2.3.min.js?ver=0.2.3 HTTP/1.1" 200 1317 "http://mppglobalconcept.shop/" "Mozilla/5.0 (Windows NT 10.0; Win64; x64) AppleWebKit/537.36 (KHTML, like Gecko) Chrome/79.0.3945.79 Safari/537.36"
205.169.39.122 - - [22/Jul/2026:03:36:16 +0000] "GET /wp-content/plugins/pixelyoursite/dist/scripts/js.cookie-2.1.3.min.js?ver=2.1.3 HTTP/1.1" 200 1709 "http://mppglobalconcept.shop/" "Mozilla/5.0 (Windows NT 10.0; Win64; x64) AppleWebKit/537.36 (KHTML, like Gecko) Chrome/79.0.3945.79 Safari/537.36"
205.169.39.122 - - [22/Jul/2026:03:36:16 +0000] "GET /wp-content/plugins/pixelyoursite/dist/scripts/public.js?ver=11.2.1 HTTP/1.1" 200 172979 "http://mppglobalconcept.shop/" "Mozilla/5.0 (Windows NT 10.0; Win64; x64) AppleWebKit/537.36 (KHTML, like Gecko) Chrome/79.0.3945.79 Safari/537.36"
205.169.39.122 - - [22/Jul/2026:03:36:16 +0000] "GET /wp-content/themes/twentytwentyfour/assets/fonts/inter/Inter-VariableFont_slnt,wght.woff2 HTTP/1.1" 200 326628 "http://mppglobalconcept.shop/" "Mozilla/5.0 (Windows NT 10.0; Win64; x64) AppleWebKit/537.36 (KHTML, like Gecko) Chrome/79.0.3945.79 Safari/537.36"
205.169.39.122 - - [22/Jul/2026:03:36:16 +0000] "GET /wp-content/themes/twentytwentyfour/assets/fonts/cardo/cardo_normal_400.woff2 HTTP/1.1" 200 146060 "http://mppglobalconcept.shop/" "Mozilla/5.0 (Windows NT 10.0; Win64; x64) AppleWebKit/537.36 (KHTML, like Gecko) Chrome/79.0.3945.79 Safari/537.36"
205.169.39.122 - - [22/Jul/2026:03:36:16 +0000] "GET /wp-content/themes/twentytwentyfour/assets/fonts/cardo/cardo_italic_400.woff2 HTTP/1.1" 200 105184 "http://mppglobalconcept.shop/" "Mozilla/5.0 (Windows NT 10.0; Win64; x64) AppleWebKit/537.36 (KHTML, like Gecko) Chrome/79.0.3945.79 Safari/537.36"
205.169.39.122 - - [22/Jul/2026:03:36:16 +0000] "GET /wp-content/plugins/pixelyoursite/dist/scripts/tld.min.js?ver=2.3.1 HTTP/1.1" 200 141079 "http://mppglobalconcept.shop/" "Mozilla/5.0 (Windows NT 10.0; Win64; x64) AppleWebKit/537.36 (KHTML, like Gecko) Chrome/79.0.3945.79 Safari/537.36"
205.169.39.122 - - [22/Jul/2026:03:36:20 +0000] "GET /wp-includes/js/wp-emoji-release.min.js?ver=7.0.2 HTTP/1.1" 200 22752 "http://mppglobalconcept.shop/" "Mozilla/5.0 (Windows NT 10.0; Win64; x64) AppleWebKit/537.36 (KHTML, like Gecko) Chrome/79.0.3945.79 Safari/537.36"
198.177.124.148 - - [22/Jul/2026:03:44:59 +0000] "POST /wp-cron.php?doing_wp_cron=1784691899.5050539970397949218750 HTTP/1.1" 200 - "-" "WordPress/7.0.2; https://mppglobalconcept.shop"
162.158.183.48 - - [22/Jul/2026:03:44:54 +0000] "GET /wp-admin/install.php?step=1 HTTP/1.1" 403 82332 "-" "http://mppglobalconcept.shop/wp-admin/install.php?step=1"
198.177.124.148 - - [22/Jul/2026:04:02:28 +0000] "GET /.well-known/acme-challenge/B8S0--43JKIH0ZT6RIDVJXZYGBEW-GG3 HTTP/1.1" 200 64 "-" "Cpanel-HTTP-Client/1.0"
198.177.124.148 - - [22/Jul/2026:04:02:28 +0000] "GET /.well-known/acme-challenge/PZAE2WTZ2_1CBZ8RPDFK_8TP5IK5EH_L HTTP/1.1" 200 64 "-" "Cpanel-HTTP-Client/1.0"
198.177.124.148 - - [22/Jul/2026:04:04:16 +0000] "POST /wp-cron.php?doing_wp_cron=1784693056.1396880149841308593750 HTTP/1.1" 200 - "-" "WordPress/7.0.2; https://mppglobalconcept.shop"
172.70.248.40 - - [22/Jul/2026:04:04:13 +0000] "GET /wp-admin/install.php?step=1 HTTP/1.1" 403 82332 "-" "http://mppglobalconcept.shop/wp-admin/install.php?step=1"
198.177.124.148 - - [22/Jul/2026:04:29:50 +0000] "POST /wp-cron.php?doing_wp_cron=1784694590.8111429214477539062500 HTTP/1.1" 200 - "-" "WordPress/7.0.2; https://mppglobalconcept.shop"
172.71.172.169 - - [22/Jul/2026:04:29:46 +0000] "GET /wp-admin/install.php?step=1 HTTP/1.1" 403 82332 "-" "http://mppglobalconcept.shop/wp-admin/install.php?step=1"
198.177.124.148 - - [22/Jul/2026:04:37:33 +0000] "POST /wp-cron.php?doing_wp_cron=1784695053.0469040870666503906250 HTTP/1.1" 200 - "-" "WordPress/7.0.2; https://mppglobalconcept.shop"
172.71.144.76 - - [22/Jul/2026:04:37:28 +0000] "GET /wp-admin/install.php?step=1 HTTP/1.1" 403 82332 "-" "http://mppglobalconcept.shop/wp-admin/install.php?step=1"
198.177.124.148 - - [22/Jul/2026:04:49:28 +0000] "POST /wp-cron.php?doing_wp_cron=1784695768.5744690895080566406250 HTTP/1.1" 200 - "-" "WordPress/7.0.2; https://mppglobalconcept.shop"
172.71.172.168 - - [22/Jul/2026:04:49:25 +0000] "GET /wp-admin/install.php?step=1 HTTP/1.1" 403 82332 "-" "http://mppglobalconcept.shop/wp-admin/install.php?step=1"
198.177.124.148 - - [22/Jul/2026:05:10:42 +0000] "POST /wp-cron.php?doing_wp_cron=1784697041.9149570465087890625000 HTTP/1.1" 200 - "-" "WordPress/7.0.2; https://mppglobalconcept.shop"
172.71.148.136 - - [22/Jul/2026:05:10:35 +0000] "GET /wp-admin/install.php?step=1 HTTP/1.1" 403 82332 "-" "http://mppglobalconcept.shop/wp-admin/install.php?step=1"
198.177.124.148 - - [22/Jul/2026:05:24:18 +0000] "POST /wp-cron.php?doing_wp_cron=1784697858.0913949012756347656250 HTTP/1.1" 200 - "-" "WordPress/7.0.2; https://mppglobalconcept.shop"
104.23.223.32 - - [22/Jul/2026:05:24:13 +0000] "GET /wp-admin/install.php?step=1 HTTP/1.1" 403 82332 "-" "http://mppglobalconcept.shop/wp-admin/install.php?step=1"
198.177.124.148 - - [22/Jul/2026:05:33:57 +0000] "POST /wp-cron.php?doing_wp_cron=1784698437.4278171062469482421875 HTTP/1.1" 200 - "-" "WordPress/7.0.2; https://mppglobalconcept.shop"
172.71.172.169 - - [22/Jul/2026:05:33:54 +0000] "GET /wp-admin/install.php?step=1 HTTP/1.1" 403 82332 "-" "http://mppglobalconcept.shop/wp-admin/install.php?step=1"
198.177.124.148 - - [22/Jul/2026:05:44:32 +0000] "POST /wp-cron.php?doing_wp_cron=1784699072.0903549194335937500000 HTTP/1.1" 200 - "-" "WordPress/7.0.2; https://mppglobalconcept.shop"
124.156.226.179 - - [22/Jul/2026:05:44:29 +0000] "GET / HTTP/1.1" 200 97535 "-" "Mozilla/5.0 (iPhone; CPU iPhone OS 13_2_3 like Mac OS X) AppleWebKit/605.1.15 (KHTML, like Gecko) Version/13.0.3 Mobile/15E148 Safari/604.1"
198.177.124.148 - - [22/Jul/2026:05:54:35 +0000] "POST /wp-cron.php?doing_wp_cron=1784699675.9511990547180175781250 HTTP/1.1" 200 - "-" "WordPress/7.0.2; https://mppglobalconcept.shop"
104.23.217.132 - - [22/Jul/2026:05:54:33 +0000] "GET /wp-admin/install.php?step=1 HTTP/1.1" 403 82332 "-" "http://mppglobalconcept.shop/wp-admin/install.php?step=1"
198.177.124.148 - - [22/Jul/2026:06:12:31 +0000] "POST /wp-cron.php?doing_wp_cron=1784700751.1296799182891845703125 HTTP/1.1" 200 - "-" "WordPress/7.0.2; https://mppglobalconcept.shop"
104.23.223.32 - - [22/Jul/2026:06:12:28 +0000] "GET /wp-admin/install.php?step=1 HTTP/1.1" 403 82332 "-" "http://mppglobalconcept.shop/wp-admin/install.php?step=1"
198.177.124.148 - - [22/Jul/2026:06:18:46 +0000] "POST /wp-cron.php?doing_wp_cron=1784701126.0330390930175781250000 HTTP/1.1" 200 - "-" "WordPress/7.0.2; https://mppglobalconcept.shop"
172.70.240.28 - - [22/Jul/2026:06:18:43 +0000] "GET /wp-admin/install.php?step=1 HTTP/1.1" 403 82332 "-" "http://mppglobalconcept.shop/wp-admin/install.php?step=1"
198.177.124.148 - - [22/Jul/2026:06:21:55 +0000] "POST /wp-cron.php?doing_wp_cron=1784701315.2151820659637451171875 HTTP/1.1" 200 - "-" "WordPress/7.0.2; https://mppglobalconcept.shop"
43.153.58.28 - - [22/Jul/2026:06:21:52 +0000] "GET / HTTP/1.1" 200 2 "-" "Mozilla/5.0 (iPhone; CPU iPhone OS 13_2_3 like Mac OS X) AppleWebKit/605.1.15 (KHTML, like Gecko) Version/13.0.3 Mobile/15E148 Safari/604.1"
198.177.124.148 - - [22/Jul/2026:06:29:42 +0000] "POST /wp-cron.php?doing_wp_cron=1784701782.6778280735015869140625 HTTP/1.1" 200 - "-" "WordPress/7.0.2; https://mppglobalconcept.shop"
104.23.239.136 - - [22/Jul/2026:06:29:40 +0000] "GET /wp-admin/install.php?step=1 HTTP/1.1" 403 82332 "-" "http://mppglobalconcept.shop/wp-admin/install.php?step=1"
198.177.124.148 - - [22/Jul/2026:06:44:16 +0000] "POST /wp-cron.php?doing_wp_cron=1784702656.7189769744873046875000 HTTP/1.1" 200 - "-" "WordPress/7.0.2; https://mppglobalconcept.shop"
162.158.183.47 - - [22/Jul/2026:06:44:13 +0000] "GET /wp-admin/install.php?step=1 HTTP/1.1" 403 82332 "-" "http://mppglobalconcept.shop/wp-admin/install.php?step=1"
198.177.124.148 - - [22/Jul/2026:06:45:46 +0000] "POST /wp-cron.php?doing_wp_cron=1784702746.1909379959106445312500 HTTP/1.1" 200 - "-" "WordPress/7.0.2; https://mppglobalconcept.shop"
45.92.86.6 - - [22/Jul/2026:06:45:43 +0000] "GET / HTTP/1.1" 200 97535 "-" "Mozilla/5.0 (Windows NT 10.0; Win64; x64) AppleWebKit/537.36 (KHTML, like Gecko) Chrome/94.0.4606.61 Safari/537.36"
198.177.124.148 - - [22/Jul/2026:07:02:34 +0000] "GET /.well-known/acme-challenge/_LCTDBETSLXV80UFXQRG1J4JP9Y9MQ1F HTTP/1.1" 200 64 "-" "Cpanel-HTTP-Client/1.0"
198.177.124.148 - - [22/Jul/2026:07:02:35 +0000] "GET /.well-known/acme-challenge/CU3350LSTNBA4-U20SG_PTT3UU-NPKXU HTTP/1.1" 200 64 "-" "Cpanel-HTTP-Client/1.0"
198.177.124.148 - - [22/Jul/2026:07:09:54 +0000] "POST /wp-cron.php?doing_wp_cron=1784704194.6038091182708740234375 HTTP/1.1" 200 - "-" "WordPress/7.0.2; https://mppglobalconcept.shop"
172.70.242.238 - - [22/Jul/2026:07:09:50 +0000] "GET /wp-admin/install.php?step=1 HTTP/1.1" 403 82332 "-" "http://mppglobalconcept.shop/wp-admin/install.php?step=1"
198.177.124.148 - - [22/Jul/2026:07:14:12 +0000] "POST /wp-cron.php?doing_wp_cron=1784704452.6634879112243652343750 HTTP/1.1" 200 - "-" "WordPress/7.0.2; https://mppglobalconcept.shop"
104.23.223.32 - - [22/Jul/2026:07:14:05 +0000] "GET /wp-admin/install.php?step=1 HTTP/1.1" 403 82332 "-" "http://mppglobalconcept.shop/wp-admin/install.php?step=1"
198.177.124.148 - - [22/Jul/2026:07:24:51 +0000] "POST /wp-cron.php?doing_wp_cron=1784705091.5999639034271240234375 HTTP/1.1" 200 - "-" "WordPress/7.0.2; https://mppglobalconcept.shop"
104.28.156.137 - - [22/Jul/2026:07:24:46 +0000] "GET / HTTP/1.1" 200 97535 "-" "Python/3.14 aiohttp/3.13.3"
198.177.124.148 - - [22/Jul/2026:07:34:56 +0000] "POST /wp-cron.php?doing_wp_cron=1784705696.7213089466094970703125 HTTP/1.1" 200 - "-" "WordPress/7.0.2; https://mppglobalconcept.shop"
104.23.223.32 - - [22/Jul/2026:07:34:51 +0000] "GET /wp-admin/install.php?step=1 HTTP/1.1" 403 82332 "-" "http://mppglobalconcept.shop/wp-admin/install.php?step=1"
169.58.45.73 - - [22/Jul/2026:07:42:03 +0000] "GET / HTTP/1.1" 200 97535 "-" "Mozilla/5.0 (Macintosh; Intel Mac OS X 15_0_0) AppleWebKit/605.1.15 (KHTML, like Gecko) Version/19.0 Safari/605.1.15"
198.177.124.148 - - [22/Jul/2026:07:43:12 +0000] "POST /wp-cron.php?doing_wp_cron=1784706192.7839860916137695312500 HTTP/1.1" 200 - "-" "WordPress/7.0.2; https://mppglobalconcept.shop"
85.204.70.94 - - [22/Jul/2026:07:43:08 +0000] "GET / HTTP/1.1" 200 97535 "-" "Mozilla/5.0 (Windows NT 10.0; Win64; x64) AppleWebKit/537.36 (KHTML, like Gecko) Chrome/78.0.3904.108 Safari/537.36"
85.204.70.94 - - [22/Jul/2026:07:43:13 +0000] "GET / HTTP/1.1" 200 97535 "-" "Mozilla/5.0 (Windows NT 10.0; Win64; x64) AppleWebKit/537.36 (KHTML, like Gecko) Chrome/78.0.3904.108 Safari/537.36"
85.204.70.94 - - [22/Jul/2026:07:43:17 +0000] "GET /wp-includes/wlwmanifest.xml HTTP/1.1" 200 82332 "-" "Mozilla/5.0 (Windows NT 10.0; Win64; x64) AppleWebKit/537.36 (KHTML, like Gecko) Chrome/78.0.3904.108 Safari/537.36"
85.204.70.94 - - [22/Jul/2026:07:43:22 +0000] "GET /?author=1 HTTP/1.1" 200 78339 "-" "Mozilla/5.0 (Windows NT 10.0; Win64; x64) AppleWebKit/537.36 (KHTML, like Gecko) Chrome/78.0.3904.108 Safari/537.36"
85.204.70.94 - - [22/Jul/2026:07:43:25 +0000] "GET /?author=2 HTTP/1.1" 200 78339 "-" "Mozilla/5.0 (Windows NT 10.0; Win64; x64) AppleWebKit/537.36 (KHTML, like Gecko) Chrome/78.0.3904.108 Safari/537.36"
85.204.70.94 - - [22/Jul/2026:07:43:30 +0000] "GET /wp-json/wp/v2/users/ HTTP/1.1" 200 110 "-" "Mozilla/5.0 (Windows NT 10.0; Win64; x64) AppleWebKit/537.36 (KHTML, like Gecko) Chrome/78.0.3904.108 Safari/537.36"
85.204.70.94 - - [22/Jul/2026:07:43:34 +0000] "GET /wp-json/oembed/1.0/embed?url=http://mppglobalconcept.shop HTTP/1.1" 200 75 "-" "Mozilla/5.0 (Windows NT 10.0; Win64; x64) AppleWebKit/537.36 (KHTML, like Gecko) Chrome/78.0.3904.108 Safari/537.36"
85.204.70.94 - - [22/Jul/2026:07:43:36 +0000] "POST /xmlrpc.php HTTP/1.1" 503 18951 "-" "Mozilla/5.0 (Windows NT 10.0; Win64; x64) AppleWebKit/537.36 (KHTML, like Gecko) Chrome/78.0.3904.108 Safari/537.36"
62.238.17.239 - - [22/Jul/2026:07:45:19 +0000] "GET / HTTP/1.1" 200 97535 "-" "Mozilla/5.0 (CentOS; Linux x86_64) AppleWebKit/537.36 (KHTML, like Gecko) Chrome/134.0.0.0 Safari/537.36"
44.248.145.128 - - [22/Jul/2026:07:48:45 +0000] "HEAD / HTTP/1.1" 200 - "-" "python-requests/2.33.0"
198.177.124.148 - - [22/Jul/2026:07:59:06 +0000] "POST /wp-cron.php?doing_wp_cron=1784707146.5482540130615234375000 HTTP/1.1" 200 - "-" "WordPress/7.0.2; https://mppglobalconcept.shop"
172.71.164.190 - - [22/Jul/2026:07:59:01 +0000] "GET /wp-admin/install.php?step=1 HTTP/1.1" 403 82332 "-" "http://mppglobalconcept.shop/wp-admin/install.php?step=1"
198.177.124.148 - - [22/Jul/2026:08:03:40 +0000] "POST /wp-cron.php?doing_wp_cron=1784707420.7257010936737060546875 HTTP/1.1" 200 - "-" "WordPress/7.0.2; https://mppglobalconcept.shop"
104.23.221.138 - - [22/Jul/2026:08:03:36 +0000] "GET /wp-admin/install.php?step=1 HTTP/1.1" 403 82332 "-" "http://mppglobalconcept.shop/wp-admin/install.php?step=1"
198.177.124.148 - - [22/Jul/2026:08:11:19 +0000] "POST /wp-cron.php?doing_wp_cron=1784707879.2804129123687744140625 HTTP/1.1" 200 - "-" "WordPress/7.0.2; https://mppglobalconcept.shop"
104.23.223.32 - - [22/Jul/2026:08:11:13 +0000] "GET /wp-admin/install.php?step=1 HTTP/1.1" 403 82332 "-" "http://mppglobalconcept.shop/wp-admin/install.php?step=1"
198.177.124.148 - - [22/Jul/2026:08:27:34 +0000] "POST /wp-cron.php?doing_wp_cron=1784708854.5693979263305664062500 HTTP/1.1" 200 - "-" "WordPress/7.0.2; https://mppglobalconcept.shop"
172.71.241.69 - - [22/Jul/2026:08:27:29 +0000] "GET /wp-admin/install.php?step=1 HTTP/1.1" 403 82332 "-" "http://mppglobalconcept.shop/wp-admin/install.php?step=1"
198.177.124.148 - - [22/Jul/2026:08:54:33 +0000] "POST /wp-cron.php?doing_wp_cron=1784710473.6830160617828369140625 HTTP/1.1" 200 - "-" "WordPress/7.0.2; https://mppglobalconcept.shop"
162.158.86.56 - - [22/Jul/2026:08:54:28 +0000] "GET /wp-admin/install.php?step=1 HTTP/1.1" 403 82332 "-" "http://mppglobalconcept.shop/wp-admin/install.php?step=1"
198.177.124.148 - - [22/Jul/2026:08:59:43 +0000] "POST /wp-cron.php?doing_wp_cron=1784710783.9395101070404052734375 HTTP/1.1" 200 - "-" "WordPress/7.0.2; https://mppglobalconcept.shop"
162.158.183.48 - - [22/Jul/2026:08:59:40 +0000] "GET /wp-admin/install.php?step=1 HTTP/1.1" 403 82332 "-" "http://mppglobalconcept.shop/wp-admin/install.php?step=1"
198.177.124.148 - - [22/Jul/2026:09:07:24 +0000] "POST /wp-cron.php?doing_wp_cron=1784711244.6288609504699707031250 HTTP/1.1" 200 - "-" "WordPress/7.0.2; https://mppglobalconcept.shop"
172.70.248.40 - - [22/Jul/2026:09:07:20 +0000] "GET /wp-admin/install.php?step=1 HTTP/1.1" 403 82332 "-" "http://mppglobalconcept.shop/wp-admin/install.php?step=1"
124.156.225.181 - - [22/Jul/2026:09:07:42 +0000] "GET / HTTP/1.1" 200 97535 "-" "Mozilla/5.0 (iPhone; CPU iPhone OS 13_2_3 like Mac OS X) AppleWebKit/605.1.15 (KHTML, like Gecko) Version/13.0.3 Mobile/15E148 Safari/604.1"
198.177.124.148 - - [22/Jul/2026:09:11:25 +0000] "POST /wp-cron.php?doing_wp_cron=1784711485.7699670791625976562500 HTTP/1.1" 200 - "-" "WordPress/7.0.2; https://mppglobalconcept.shop"
172.70.240.29 - - [22/Jul/2026:09:11:22 +0000] "GET /wp-admin/install.php?step=1 HTTP/1.1" 403 82332 "-" "http://mppglobalconcept.shop/wp-admin/install.php?step=1"
198.177.124.148 - - [22/Jul/2026:09:15:25 +0000] "POST /wp-cron.php?doing_wp_cron=1784711725.1377921104431152343750 HTTP/1.1" 200 - "-" "WordPress/7.0.2; https://mppglobalconcept.shop"
146.56.197.150 - - [22/Jul/2026:09:15:20 +0000] "GET / HTTP/1.1" 200 97535 "-" "Mozilla/5.0 (iPhone; CPU iPhone OS 13_2_3 like Mac OS X) AppleWebKit/605.1.15 (KHTML, like Gecko) Version/13.0.3 Mobile/15E148 Safari/604.1"
198.177.124.148 - - [22/Jul/2026:09:22:40 +0000] "POST /wp-cron.php?doing_wp_cron=1784712160.2574050426483154296875 HTTP/1.1" 200 - "-" "WordPress/7.0.2; https://mppglobalconcept.shop"
172.71.144.76 - - [22/Jul/2026:09:22:35 +0000] "GET /wp-admin/install.php?step=1 HTTP/1.1" 403 82332 "-" "http://mppglobalconcept.shop/wp-admin/install.php?step=1"
162.158.183.47 - - [22/Jul/2026:09:39:07 +0000] "GET /wp-admin/install.php?step=1 HTTP/1.1" 403 82332 "-" "http://mppglobalconcept.shop/wp-admin/install.php?step=1"
43.130.67.6 - - [22/Jul/2026:09:45:21 +0000] "GET / HTTP/1.1" 200 2 "-" "Mozilla/5.0 (iPhone; CPU iPhone OS 13_2_3 like Mac OS X) AppleWebKit/605.1.15 (KHTML, like Gecko) Version/13.0.3 Mobile/15E148 Safari/604.1"
198.177.124.148 - - [22/Jul/2026:09:59:33 +0000] "POST /wp-cron.php?doing_wp_cron=1784714373.6257131099700927734375 HTTP/1.1" 200 - "-" "WordPress/7.0.2; https://mppglobalconcept.shop"
104.23.221.139 - - [22/Jul/2026:09:59:30 +0000] "GET /wp-admin/install.php?step=1 HTTP/1.1" 403 82332 "-" "http://mppglobalconcept.shop/wp-admin/install.php?step=1"
198.177.124.148 - - [22/Jul/2026:10:02:35 +0000] "GET /.well-known/acme-challenge/354E82A67PCPV6LDMYYLKSNEE4W5KHV_ HTTP/1.1" 200 64 "-" "Cpanel-HTTP-Client/1.0"
198.177.124.148 - - [22/Jul/2026:10:02:36 +0000] "GET /.well-known/acme-challenge/1_65N05JHXBANVAIGU_9M4UV1TLCGQF- HTTP/1.1" 200 64 "-" "Cpanel-HTTP-Client/1.0"
198.177.124.148 - - [22/Jul/2026:10:22:32 +0000] "POST /wp-cron.php?doing_wp_cron=1784715752.8593120574951171875000 HTTP/1.1" 200 - "-" "WordPress/7.0.2; https://mppglobalconcept.shop"
172.68.229.140 - - [22/Jul/2026:10:22:30 +0000] "GET /wp-admin/install.php?step=1 HTTP/1.1" 403 82332 "-" "http://mppglobalconcept.shop/wp-admin/install.php?step=1"
172.71.148.136 - - [22/Jul/2026:10:38:44 +0000] "GET /wp-admin/install.php?step=1 HTTP/1.1" 403 82332 "-" "http://mppglobalconcept.shop/wp-admin/install.php?step=1"
104.23.221.139 - - [22/Jul/2026:10:42:44 +0000] "GET /wp-admin/install.php?step=1 HTTP/1.1" 403 82332 "-" "http://mppglobalconcept.shop/wp-admin/install.php?step=1"
198.177.124.148 - - [22/Jul/2026:10:57:12 +0000] "POST /wp-cron.php?doing_wp_cron=1784717832.0449640750885009765625 HTTP/1.1" 200 - "-" "WordPress/7.0.2; https://mppglobalconcept.shop"
172.70.240.28 - - [22/Jul/2026:10:57:08 +0000] "GET /wp-admin/install.php?step=1 HTTP/1.1" 403 82332 "-" "http://mppglobalconcept.shop/wp-admin/install.php?step=1"
198.177.124.148 - - [22/Jul/2026:11:10:15 +0000] "POST /wp-cron.php?doing_wp_cron=1784718615.6014039516448974609375 HTTP/1.1" 200 - "-" "WordPress/7.0.2; https://mppglobalconcept.shop"
104.23.217.132 - - [22/Jul/2026:11:10:08 +0000] "GET /wp-admin/install.php?step=1 HTTP/1.1" 403 82332 "-" "http://mppglobalconcept.shop/wp-admin/install.php?step=1"
198.177.124.148 - - [22/Jul/2026:11:26:29 +0000] "POST /wp-cron.php?doing_wp_cron=1784719589.9147670269012451171875 HTTP/1.1" 200 - "-" "WordPress/7.0.2; https://mppglobalconcept.shop"
162.158.183.47 - - [22/Jul/2026:11:26:27 +0000] "GET /wp-admin/install.php?step=1 HTTP/1.1" 403 82332 "-" "http://mppglobalconcept.shop/wp-admin/install.php?step=1"
198.177.124.148 - - [22/Jul/2026:11:47:28 +0000] "POST /wp-cron.php?doing_wp_cron=1784720847.9670588970184326171875 HTTP/1.1" 200 - "-" "WordPress/7.0.2; https://mppglobalconcept.shop"
172.64.192.160 - - [22/Jul/2026:11:47:24 +0000] "GET /wp-admin/install.php?step=1 HTTP/1.1" 403 82332 "-" "http://mppglobalconcept.shop/wp-admin/install.php?step=1"
104.23.223.33 - - [22/Jul/2026:11:55:48 +0000] "GET /wp-admin/install.php?step=1 HTTP/1.1" 403 82332 "-" "http://mppglobalconcept.shop/wp-admin/install.php?step=1"
205.169.39.3 - - [22/Jul/2026:11:59:13 +0000] "GET / HTTP/1.1" 200 97535 "-" "Mozilla/5.0 (Windows NT 10.0; Win64; x64) AppleWebKit/537.36 (KHTML, like Gecko) Chrome/117.0.5938.132 Safari/537.36"
205.169.39.3 - - [22/Jul/2026:11:59:18 +0000] "GET /wp-includes/blocks/navigation/style.min.css?ver=7.0.2 HTTP/1.1" 200 20709 "http://mppglobalconcept.shop/" "Mozilla/5.0 (Windows NT 10.0; Win64; x64) AppleWebKit/537.36 (KHTML, like Gecko) Chrome/117.0.5938.132 Safari/537.36"
205.169.39.3 - - [22/Jul/2026:11:59:18 +0000] "GET /wp-includes/js/jquery/jquery-migrate.min.js?ver=3.4.1 HTTP/1.1" 200 13577 "http://mppglobalconcept.shop/" "Mozilla/5.0 (Windows NT 10.0; Win64; x64) AppleWebKit/537.36 (KHTML, like Gecko) Chrome/117.0.5938.132 Safari/537.36"
205.169.39.3 - - [22/Jul/2026:11:59:18 +0000] "GET /wp-includes/js/jquery/jquery.min.js?ver=3.7.1 HTTP/1.1" 200 87553 "http://mppglobalconcept.shop/" "Mozilla/5.0 (Windows NT 10.0; Win64; x64) AppleWebKit/537.36 (KHTML, like Gecko) Chrome/117.0.5938.132 Safari/537.36"
205.169.39.3 - - [22/Jul/2026:11:59:18 +0000] "GET /wp-content/themes/twentytwentyfour/assets/images/tourist-and-building.webp HTTP/1.1" 200 66482 "http://mppglobalconcept.shop/" "Mozilla/5.0 (Windows NT 10.0; Win64; x64) AppleWebKit/537.36 (KHTML, like Gecko) Chrome/117.0.5938.132 Safari/537.36"
205.169.39.3 - - [22/Jul/2026:11:59:18 +0000] "GET /wp-content/themes/twentytwentyfour/assets/images/building-exterior.webp HTTP/1.1" 200 199724 "http://mppglobalconcept.shop/" "Mozilla/5.0 (Windows NT 10.0; Win64; x64) AppleWebKit/537.36 (KHTML, like Gecko) Chrome/117.0.5938.132 Safari/537.36"
205.169.39.44 - - [22/Jul/2026:12:02:28 +0000] "GET / HTTP/1.1" 200 97535 "-" "Mozilla/5.0 (Windows NT 10.0; Win64; x64) AppleWebKit/537.36 (KHTML, like Gecko) Chrome/117.0.5938.132 Safari/537.36"
205.169.39.44 - - [22/Jul/2026:12:02:32 +0000] "GET /wp-includes/blocks/navigation/style.min.css?ver=7.0.2 HTTP/1.1" 200 20709 "http://mppglobalconcept.shop/" "Mozilla/5.0 (Windows NT 10.0; Win64; x64) AppleWebKit/537.36 (KHTML, like Gecko) Chrome/117.0.5938.132 Safari/537.36"
205.169.39.44 - - [22/Jul/2026:12:02:32 +0000] "GET /wp-includes/js/jquery/jquery.min.js?ver=3.7.1 HTTP/1.1" 200 87553 "http://mppglobalconcept.shop/" "Mozilla/5.0 (Windows NT 10.0; Win64; x64) AppleWebKit/537.36 (KHTML, like Gecko) Chrome/117.0.5938.132 Safari/537.36"
205.169.39.44 - - [22/Jul/2026:12:02:32 +0000] "GET /wp-includes/js/jquery/jquery-migrate.min.js?ver=3.4.1 HTTP/1.1" 200 13577 "http://mppglobalconcept.shop/" "Mozilla/5.0 (Windows NT 10.0; Win64; x64) AppleWebKit/537.36 (KHTML, like Gecko) Chrome/117.0.5938.132 Safari/537.36"
205.169.39.44 - - [22/Jul/2026:12:02:32 +0000] "GET /wp-content/themes/twentytwentyfour/assets/images/tourist-and-building.webp HTTP/1.1" 200 66482 "http://mppglobalconcept.shop/" "Mozilla/5.0 (Windows NT 10.0; Win64; x64) AppleWebKit/537.36 (KHTML, like Gecko) Chrome/117.0.5938.132 Safari/537.36"
205.169.39.44 - - [22/Jul/2026:12:02:32 +0000] "GET /wp-content/themes/twentytwentyfour/assets/images/building-exterior.webp HTTP/1.1" 200 199724 "http://mppglobalconcept.shop/" "Mozilla/5.0 (Windows NT 10.0; Win64; x64) AppleWebKit/537.36 (KHTML, like Gecko) Chrome/117.0.5938.132 Safari/537.36"
205.169.39.44 - - [22/Jul/2026:12:02:32 +0000] "GET /wp-includes/js/dist/script-modules/interactivity/index.min.js?ver=efaa5193bbad9c60ffd1 HTTP/1.1" 200 40106 "http://mppglobalconcept.shop/" "Mozilla/5.0 (Windows NT 10.0; Win64; x64) AppleWebKit/537.36 (KHTML, like Gecko) Chrome/117.0.5938.132 Safari/537.36"
205.169.39.44 - - [22/Jul/2026:12:02:32 +0000] "GET /wp-content/themes/twentytwentyfour/assets/images/windows.webp HTTP/1.1" 200 126244 "http://mppglobalconcept.shop/" "Mozilla/5.0 (Windows NT 10.0; Win64; x64) AppleWebKit/537.36 (KHTML, like Gecko) Chrome/117.0.5938.132 Safari/537.36"
205.169.39.44 - - [22/Jul/2026:12:02:33 +0000] "GET /wp-content/themes/twentytwentyfour/assets/fonts/cardo/cardo_italic_400.woff2 HTTP/1.1" 200 105184 "http://mppglobalconcept.shop/" "Mozilla/5.0 (Windows NT 10.0; Win64; x64) AppleWebKit/537.36 (KHTML, like Gecko) Chrome/117.0.5938.132 Safari/537.36"
205.169.39.44 - - [22/Jul/2026:12:02:33 +0000] "GET /wp-includes/js/dist/script-modules/block-library/navigation/view.min.js?ver=96a846e1d7b789c39ab9 HTTP/1.1" 200 3053 "http://mppglobalconcept.shop/" "Mozilla/5.0 (Windows NT 10.0; Win64; x64) AppleWebKit/537.36 (KHTML, like Gecko) Chrome/117.0.5938.132 Safari/537.36"
205.169.39.44 - - [22/Jul/2026:12:02:33 +0000] "GET /wp-content/plugins/pixelyoursite/dist/scripts/jquery.bind-first-0.2.3.min.js?ver=0.2.3 HTTP/1.1" 200 1317 "http://mppglobalconcept.shop/" "Mozilla/5.0 (Windows NT 10.0; Win64; x64) AppleWebKit/537.36 (KHTML, like Gecko) Chrome/117.0.5938.132 Safari/537.36"
205.169.39.44 - - [22/Jul/2026:12:02:33 +0000] "GET /wp-content/plugins/pixelyoursite/dist/scripts/js.cookie-2.1.3.min.js?ver=2.1.3 HTTP/1.1" 200 1709 "http://mppglobalconcept.shop/" "Mozilla/5.0 (Windows NT 10.0; Win64; x64) AppleWebKit/537.36 (KHTML, like Gecko) Chrome/117.0.5938.132 Safari/537.36"
205.169.39.44 - - [22/Jul/2026:12:02:33 +0000] "GET /wp-content/plugins/pixelyoursite/dist/scripts/tld.min.js?ver=2.3.1 HTTP/1.1" 200 141079 "http://mppglobalconcept.shop/" "Mozilla/5.0 (Windows NT 10.0; Win64; x64) AppleWebKit/537.36 (KHTML, like Gecko) Chrome/117.0.5938.132 Safari/537.36"
205.169.39.44 - - [22/Jul/2026:12:02:33 +0000] "GET /wp-content/plugins/pixelyoursite/dist/scripts/public.js?ver=11.2.1 HTTP/1.1" 200 172979 "http://mppglobalconcept.shop/" "Mozilla/5.0 (Windows NT 10.0; Win64; x64) AppleWebKit/537.36 (KHTML, like Gecko) Chrome/117.0.5938.132 Safari/537.36"
205.169.39.44 - - [22/Jul/2026:12:02:33 +0000] "GET /wp-content/themes/twentytwentyfour/assets/fonts/cardo/cardo_normal_400.woff2 HTTP/1.1" 200 146060 "http://mppglobalconcept.shop/" "Mozilla/5.0 (Windows NT 10.0; Win64; x64) AppleWebKit/537.36 (KHTML, like Gecko) Chrome/117.0.5938.132 Safari/537.36"
205.169.39.44 - - [22/Jul/2026:12:02:32 +0000] "GET /wp-content/themes/twentytwentyfour/assets/fonts/inter/Inter-VariableFont_slnt,wght.woff2 HTTP/1.1" 200 326628 "http://mppglobalconcept.shop/" "Mozilla/5.0 (Windows NT 10.0; Win64; x64) AppleWebKit/537.36 (KHTML, like Gecko) Chrome/117.0.5938.132 Safari/537.36"
205.169.39.44 - - [22/Jul/2026:12:02:38 +0000] "GET /wp-includes/js/wp-emoji-release.min.js?ver=7.0.2 HTTP/1.1" 200 22752 "http://mppglobalconcept.shop/" "Mozilla/5.0 (Windows NT 10.0; Win64; x64) AppleWebKit/537.36 (KHTML, like Gecko) Chrome/117.0.5938.132 Safari/537.36"
205.169.39.44 - - [22/Jul/2026:12:02:38 +0000] "GET /favicon.ico HTTP/1.1" 200 2 "http://mppglobalconcept.shop/" "Mozilla/5.0 (Windows NT 10.0; Win64; x64) AppleWebKit/537.36 (KHTML, like Gecko) Chrome/117.0.5938.132 Safari/537.36"
43.167.239.66 - - [22/Jul/2026:12:06:27 +0000] "GET / HTTP/1.1" 200 2 "-" "Mozilla/5.0 (iPhone; CPU iPhone OS 13_2_3 like Mac OS X) AppleWebKit/605.1.15 (KHTML, like Gecko) Version/13.0.3 Mobile/15E148 Safari/604.1"
198.177.124.148 - - [22/Jul/2026:12:13:27 +0000] "POST /wp-cron.php?doing_wp_cron=1784722407.1521100997924804687500 HTTP/1.1" 200 - "-" "WordPress/7.0.2; https://mppglobalconcept.shop"
104.23.239.136 - - [22/Jul/2026:12:13:24 +0000] "GET /wp-admin/install.php?step=1 HTTP/1.1" 403 82332 "-" "http://mppglobalconcept.shop/wp-admin/install.php?step=1"
49.51.203.164 - - [22/Jul/2026:12:14:19 +0000] "GET / HTTP/1.1" 200 97535 "-" "Mozilla/5.0 (iPhone; CPU iPhone OS 13_2_3 like Mac OS X) AppleWebKit/605.1.15 (KHTML, like Gecko) Version/13.0.3 Mobile/15E148 Safari/604.1"
172.69.151.31 - - [22/Jul/2026:12:26:26 +0000] "GET /wp-admin/install.php?step=1 HTTP/1.1" 403 82092 "-" "http://mppglobalconcept.shop/wp-admin/install.php?step=1"
104.23.221.139 - - [22/Jul/2026:12:44:07 +0000] "GET /wp-admin/install.php?step=1 HTTP/1.1" 403 82092 "-" "http://mppglobalconcept.shop/wp-admin/install.php?step=1"
172.69.151.31 - - [22/Jul/2026:12:47:14 +0000] "GET /wp-admin/install.php?step=1 HTTP/1.1" 403 82092 "-" "http://mppglobalconcept.shop/wp-admin/install.php?step=1"
198.177.124.148 - - [22/Jul/2026:12:55:09 +0000] "POST /wp-cron.php?doing_wp_cron=1784724909.1155838966369628906250 HTTP/1.1" 200 - "-" "WordPress/7.0.2; https://mppglobalconcept.shop"
170.106.113.235 - - [22/Jul/2026:12:55:07 +0000] "GET / HTTP/1.1" 200 2 "-" "Mozilla/5.0 (iPhone; CPU iPhone OS 13_2_3 like Mac OS X) AppleWebKit/605.1.15 (KHTML, like Gecko) Version/13.0.3 Mobile/15E148 Safari/604.1"
198.177.124.148 - - [22/Jul/2026:13:02:24 +0000] "GET /.well-known/acme-challenge/T7SDXECG5N7GATQF00-GYVM3_TW9JH1S HTTP/1.1" 200 64 "-" "Cpanel-HTTP-Client/1.0"
198.177.124.148 - - [22/Jul/2026:13:02:24 +0000] "GET /.well-known/acme-challenge/OBT2VBIRQYYIN2CYP34PO7SOTV7E_3TA HTTP/1.1" 200 64 "-" "Cpanel-HTTP-Client/1.0"
172.70.248.40 - - [22/Jul/2026:13:12:42 +0000] "GET /wp-admin/install.php?step=1 HTTP/1.1" 403 82092 "-" "http://mppglobalconcept.shop/wp-admin/install.php?step=1"
198.177.124.148 - - [22/Jul/2026:13:28:12 +0000] "POST /wp-cron.php?doing_wp_cron=1784726892.5801880359649658203125 HTTP/1.1" 200 - "-" "WordPress/7.0.2; https://mppglobalconcept.shop"
172.70.248.40 - - [22/Jul/2026:13:28:08 +0000] "GET /wp-admin/install.php?step=1 HTTP/1.1" 403 82092 "-" "http://mppglobalconcept.shop/wp-admin/install.php?step=1"
162.158.110.47 - - [22/Jul/2026:13:29:08 +0000] "GET /wp-admin/install.php?step=1 HTTP/1.1" 403 82092 "-" "http://mppglobalconcept.shop/wp-admin/install.php?step=1"
162.158.95.25 - - [22/Jul/2026:13:46:51 +0000] "GET /wp-admin/install.php?step=1 HTTP/1.1" 403 82092 "-" "http://mppglobalconcept.shop/wp-admin/install.php?step=1"
198.177.124.148 - - [22/Jul/2026:13:56:07 +0000] "POST /wp-cron.php?doing_wp_cron=1784728567.2260329723358154296875 HTTP/1.1" 200 - "-" "WordPress/7.0.2; https://mppglobalconcept.shop"
104.23.223.32 - - [22/Jul/2026:13:56:01 +0000] "GET /wp-admin/install.php?step=1 HTTP/1.1" 403 82092 "-" "http://mppglobalconcept.shop/wp-admin/install.php?step=1"
198.177.124.148 - - [22/Jul/2026:14:09:43 +0000] "POST /wp-cron.php?doing_wp_cron=1784729383.0597848892211914062500 HTTP/1.1" 200 - "-" "WordPress/7.0.2; https://mppglobalconcept.shop"
104.23.217.132 - - [22/Jul/2026:14:09:36 +0000] "GET /wp-admin/install.php?step=1 HTTP/1.1" 403 82092 "-" "http://mppglobalconcept.shop/wp-admin/install.php?step=1"
198.177.124.148 - - [22/Jul/2026:14:20:13 +0000] "POST /wp-cron.php?doing_wp_cron=1784730013.8330368995666503906250 HTTP/1.1" 200 - "-" "WordPress/7.0.2; https://mppglobalconcept.shop"
172.70.242.239 - - [22/Jul/2026:14:20:08 +0000] "GET /wp-admin/install.php?step=1 HTTP/1.1" 403 82092 "-" "http://mppglobalconcept.shop/wp-admin/install.php?step=1"
197.211.59.196 - - [22/Jul/2026:14:38:19 +0000] "GET /wp-admin HTTP/1.1" 301 286 "-" "Mozilla/5.0 (Windows NT 10.0; Win64; x64) AppleWebKit/537.36 (KHTML, like Gecko) Chrome/150.0.0.0 Safari/537.36"
197.211.59.196 - - [22/Jul/2026:14:38:20 +0000] "GET /wp-admin/ HTTP/1.1" 302 - "-" "Mozilla/5.0 (Windows NT 10.0; Win64; x64) AppleWebKit/537.36 (KHTML, like Gecko) Chrome/150.0.0.0 Safari/537.36"
104.23.217.132 - - [22/Jul/2026:14:39:36 +0000] "GET /wp-admin/install.php?step=1 HTTP/1.1" 403 82092 "-" "http://mppglobalconcept.shop/wp-admin/install.php?step=1"
162.158.183.48 - - [22/Jul/2026:15:01:37 +0000] "GET /wp-admin/install.php?step=1 HTTP/1.1" 403 82092 "-" "http://mppglobalconcept.shop/wp-admin/install.php?step=1"
43.153.104.196 - - [22/Jul/2026:15:04:22 +0000] "GET / HTTP/1.1" 200 2 "-" "Mozilla/5.0 (iPhone; CPU iPhone OS 13_2_3 like Mac OS X) AppleWebKit/605.1.15 (KHTML, like Gecko) Version/13.0.3 Mobile/15E148 Safari/604.1"
172.71.148.137 - - [22/Jul/2026:15:18:38 +0000] "GET /wp-admin/install.php?step=1 HTTP/1.1" 403 82092 "-" "http://mppglobalconcept.shop/wp-admin/install.php?step=1"
162.158.110.47 - - [22/Jul/2026:15:30:45 +0000] "GET /wp-admin/install.php?step=1 HTTP/1.1" 403 82092 "-" "http://mppglobalconcept.shop/wp-admin/install.php?step=1"
198.177.124.148 - - [22/Jul/2026:15:31:15 +0000] "POST /wp-cron.php?doing_wp_cron=1784734275.2640171051025390625000 HTTP/1.1" 200 - "-" "WordPress/7.0.2; https://mppglobalconcept.shop"
170.106.180.246 - - [22/Jul/2026:15:31:13 +0000] "GET / HTTP/1.1" 200 97295 "-" "Mozilla/5.0 (iPhone; CPU iPhone OS 13_2_3 like Mac OS X) AppleWebKit/605.1.15 (KHTML, like Gecko) Version/13.0.3 Mobile/15E148 Safari/604.1"
118.24.135.34 - - [22/Jul/2026:15:33:46 +0000] "GET / HTTP/1.1" 200 2 "-" "Mozilla/5.0 (iPhone; CPU iPhone OS 13_2_3 like Mac OS X) AppleWebKit/605.1.15 (KHTML, like Gecko) Version/13.0.3 Mobile/15E148 Safari/604.1"
93.123.109.152 - - [22/Jul/2026:15:38:23 +0000] "GET /admin/.git/config HTTP/1.1" 200 2561 "-" "Mozilla/5.0 (Windows NT 10.0; Win64; x64) AppleWebKit/537.36 (KHTML, like Gecko) Chrome/123.0.0.0 Safari/537.36"
93.123.109.152 - - [22/Jul/2026:15:38:23 +0000] "GET /staging/.git/config HTTP/1.1" 200 2561 "-" "Mozilla/5.0 (Windows NT 10.0; Win64; x64) AppleWebKit/537.36 (KHTML, like Gecko) Chrome/123.0.0.0 Safari/537.36"
93.123.109.152 - - [22/Jul/2026:15:38:18 +0000] "GET /public/.git/config HTTP/1.1" 200 2561 "-" "Mozilla/5.0 (Windows NT 10.0; Win64; x64) AppleWebKit/537.36 (KHTML, like Gecko) Chrome/123.0.0.0 Safari/537.36"
198.177.124.148 - - [22/Jul/2026:15:38:40 +0000] "POST /wp-cron.php?doing_wp_cron=1784734717.5991420745849609375000 HTTP/1.1" 200 - "-" "WordPress/7.0.2; https://mppglobalconcept.shop"
93.123.109.152 - - [22/Jul/2026:15:38:19 +0000] "GET /wp-admin/.git/config HTTP/1.1" 200 2561 "-" "Mozilla/5.0 (Windows NT 10.0; Win64; x64) AppleWebKit/537.36 (KHTML, like Gecko) Chrome/123.0.0.0 Safari/537.36"
93.123.109.152 - - [22/Jul/2026:15:38:18 +0000] "GET /backup/.git/config HTTP/1.1" 200 2561 "-" "Mozilla/5.0 (Windows NT 10.0; Win64; x64) AppleWebKit/537.36 (KHTML, like Gecko) Chrome/123.0.0.0 Safari/537.36"
93.123.109.152 - - [22/Jul/2026:15:38:18 +0000] "GET /.git/config HTTP/1.1" 200 2561 "-" "Mozilla/5.0 (Windows NT 10.0; Win64; x64) AppleWebKit/537.36 (KHTML, like Gecko) Chrome/123.0.0.0 Safari/537.36"
93.123.109.152 - - [22/Jul/2026:15:38:18 +0000] "GET /v2/.git/config HTTP/1.1" 200 2561 "-" "Mozilla/5.0 (Windows NT 10.0; Win64; x64) AppleWebKit/537.36 (KHTML, like Gecko) Chrome/123.0.0.0 Safari/537.36"
93.123.109.152 - - [22/Jul/2026:15:38:19 +0000] "GET /wp-content/.git/config HTTP/1.1" 200 2561 "-" "Mozilla/5.0 (Windows NT 10.0; Win64; x64) AppleWebKit/537.36 (KHTML, like Gecko) Chrome/123.0.0.0 Safari/537.36"
93.123.109.152 - - [22/Jul/2026:15:38:20 +0000] "GET /application/.git/config HTTP/1.1" 200 2561 "-" "Mozilla/5.0 (Windows NT 10.0; Win64; x64) AppleWebKit/537.36 (KHTML, like Gecko) Chrome/123.0.0.0 Safari/537.36"
93.123.109.152 - - [22/Jul/2026:15:38:19 +0000] "GET /backend/.git/config HTTP/1.1" 200 2561 "-" "Mozilla/5.0 (Windows NT 10.0; Win64; x64) AppleWebKit/537.36 (KHTML, like Gecko) Chrome/123.0.0.0 Safari/537.36"
198.177.124.148 - - [22/Jul/2026:15:38:40 +0000] "POST /wp-cron.php?doing_wp_cron=1784734717.6055479049682617187500 HTTP/1.1" 200 - "-" "WordPress/7.0.2; https://mppglobalconcept.shop"
93.123.109.152 - - [22/Jul/2026:15:38:18 +0000] "GET /wp/.git/config HTTP/1.1" 200 2561 "-" "Mozilla/5.0 (Windows NT 10.0; Win64; x64) AppleWebKit/537.36 (KHTML, like Gecko) Chrome/123.0.0.0 Safari/537.36"
93.123.109.152 - - [22/Jul/2026:15:38:18 +0000] "GET /api/.git/config HTTP/1.1" 200 2561 "-" "Mozilla/5.0 (Windows NT 10.0; Win64; x64) AppleWebKit/537.36 (KHTML, like Gecko) Chrome/123.0.0.0 Safari/537.36"
93.123.109.152 - - [22/Jul/2026:15:38:19 +0000] "GET /git/.git/config HTTP/1.1" 200 2561 "-" "Mozilla/5.0 (Windows NT 10.0; Win64; x64) AppleWebKit/537.36 (KHTML, like Gecko) Chrome/123.0.0.0 Safari/537.36"
93.123.109.152 - - [22/Jul/2026:15:38:18 +0000] "GET /app/.git/config HTTP/1.1" 200 2561 "-" "Mozilla/5.0 (Windows NT 10.0; Win64; x64) AppleWebKit/537.36 (KHTML, like Gecko) Chrome/123.0.0.0 Safari/537.36"
93.123.109.152 - - [22/Jul/2026:15:38:19 +0000] "GET /mail/.git/config HTTP/1.1" 200 2561 "-" "Mozilla/5.0 (Windows NT 10.0; Win64; x64) AppleWebKit/537.36 (KHTML, like Gecko) Chrome/123.0.0.0 Safari/537.36"
93.123.109.152 - - [22/Jul/2026:15:38:18 +0000] "GET /dev/.git/config HTTP/1.1" 200 2561 "-" "Mozilla/5.0 (Windows NT 10.0; Win64; x64) AppleWebKit/537.36 (KHTML, like Gecko) Chrome/123.0.0.0 Safari/537.36"
162.158.110.47 - - [22/Jul/2026:15:39:10 +0000] "GET /wp-admin/install.php?step=1 HTTP/1.1" 403 82092 "-" "http://mppglobalconcept.shop/wp-admin/install.php?step=1"
198.177.124.148 - - [22/Jul/2026:15:55:49 +0000] "POST /wp-cron.php?doing_wp_cron=1784735749.6015770435333251953125 HTTP/1.1" 200 - "-" "WordPress/7.0.2; https://mppglobalconcept.shop"
104.23.223.32 - - [22/Jul/2026:15:55:47 +0000] "GET /wp-admin/install.php?step=1 HTTP/1.1" 403 82092 "-" "http://mppglobalconcept.shop/wp-admin/install.php?step=1"
198.177.124.148 - - [22/Jul/2026:16:02:28 +0000] "GET /.well-known/acme-challenge/HOEOH101ILXC4DLBAEGKSUYV41_4PVG3 HTTP/1.1" 200 64 "-" "Cpanel-HTTP-Client/1.0"
198.177.124.148 - - [22/Jul/2026:16:02:28 +0000] "GET /.well-known/acme-challenge/V33ETXCHVEGD2O2UIZNJ7LMUGPG3L1AV HTTP/1.1" 200 64 "-" "Cpanel-HTTP-Client/1.0"
198.177.124.148 - - [22/Jul/2026:16:05:20 +0000] "POST /wp-cron.php?doing_wp_cron=1784736320.7062819004058837890625 HTTP/1.1" 200 - "-" "WordPress/7.0.2; https://mppglobalconcept.shop"
185.177.72.29 - - [22/Jul/2026:16:05:13 +0000] "GET /wp-json/gravitysmtp/v1/tests/mock-data?page=gravitysmtp-settings HTTP/1.1" 200 116 "-" "curl/8.7.1"
