198.177.124.148 - - [21/Jul/2026:15:36:40 +0000] "POST /wp-cron.php?doing_wp_cron=1784648200.6664400100708007812500 HTTP/1.1" 200 - "-" "WordPress/7.0.2; https://mppglobalconcept.shop"
85.208.96.194 - - [21/Jul/2026:15:36:36 +0000] "GET /?h=12930604381100 HTTP/1.1" 200 97535 "-" "Mozilla/5.0 (compatible; SemrushBot/7~bl; +http://www.semrush.com/bot.html)"
85.208.96.195 - - [21/Jul/2026:15:36:47 +0000] "GET /?h=829229281100 HTTP/1.1" 200 97535 "-" "Mozilla/5.0 (compatible; SemrushBot/7~bl; +http://www.semrush.com/bot.html)"
198.177.124.148 - - [21/Jul/2026:15:37:11 +0000] "POST /wp-cron.php?doing_wp_cron=1784648231.4180579185485839843750 HTTP/1.1" 200 - "-" "WordPress/7.0.2; https://mppglobalconcept.shop"
85.208.96.201 - - [21/Jul/2026:15:37:07 +0000] "GET /?h=12411505781100 HTTP/1.1" 200 97535 "-" "Mozilla/5.0 (compatible; SemrushBot/7~bl; +http://www.semrush.com/bot.html)"
198.177.124.148 - - [21/Jul/2026:15:39:35 +0000] "POST /wp-cron.php?doing_wp_cron=1784648375.3060550689697265625000 HTTP/1.1" 200 - "-" "WordPress/7.0.2; https://mppglobalconcept.shop"
85.208.96.195 - - [21/Jul/2026:15:39:32 +0000] "GET /?h=1398509681100 HTTP/1.1" 200 97535 "-" "Mozilla/5.0 (compatible; SemrushBot/7~bl; +http://www.semrush.com/bot.html)"
198.177.124.148 - - [21/Jul/2026:15:48:17 +0000] "POST /wp-cron.php?doing_wp_cron=1784648897.1820499897003173828125 HTTP/1.1" 200 - "-" "WordPress/7.0.2; https://mppglobalconcept.shop"
172.70.248.41 - - [21/Jul/2026:15:48:12 +0000] "GET /wp-admin/install.php?step=1 HTTP/1.1" 403 82332 "-" "http://mppglobalconcept.shop/wp-admin/install.php?step=1"
198.177.124.148 - - [21/Jul/2026:15:51:10 +0000] "POST /wp-cron.php?doing_wp_cron=1784649070.5671329498291015625000 HTTP/1.1" 200 - "-" "WordPress/7.0.2; https://mppglobalconcept.shop"
185.191.171.13 - - [21/Jul/2026:15:51:06 +0000] "GET /?h=16257675981100 HTTP/1.1" 200 97535 "-" "Mozilla/5.0 (compatible; SemrushBot/7~bl; +http://www.semrush.com/bot.html)"
198.177.124.148 - - [21/Jul/2026:15:52:03 +0000] "POST /wp-cron.php?doing_wp_cron=1784649123.3715999126434326171875 HTTP/1.1" 200 - "-" "WordPress/7.0.2; https://mppglobalconcept.shop"
185.191.171.2 - - [21/Jul/2026:15:51:58 +0000] "GET /?h=15397331181100 HTTP/1.1" 200 97535 "-" "Mozilla/5.0 (compatible; SemrushBot/7~bl; +http://www.semrush.com/bot.html)"
85.208.96.209 - - [21/Jul/2026:15:53:27 +0000] "GET /robots.txt HTTP/1.1" 200 75 "-" "Mozilla/5.0 (compatible; SemrushBot/7~bl; +http://www.semrush.com/bot.html)"
198.177.124.148 - - [21/Jul/2026:15:53:30 +0000] "POST /wp-cron.php?doing_wp_cron=1784649210.8200089931488037109375 HTTP/1.1" 200 - "-" "WordPress/7.0.2; https://mppglobalconcept.shop"
85.208.96.196 - - [21/Jul/2026:15:53:27 +0000] "GET /?h=7476425381100 HTTP/1.1" 200 97535 "-" "Mozilla/5.0 (compatible; SemrushBot/7~bl; +http://www.semrush.com/bot.html)"
198.177.124.148 - - [21/Jul/2026:15:54:12 +0000] "POST /wp-cron.php?doing_wp_cron=1784649252.5653309822082519531250 HTTP/1.1" 200 - "-" "WordPress/7.0.2; https://mppglobalconcept.shop"
85.208.96.193 - - [21/Jul/2026:15:54:09 +0000] "GET /?h=24376486981100 HTTP/1.1" 200 97535 "-" "Mozilla/5.0 (compatible; SemrushBot/7~bl; +http://www.semrush.com/bot.html)"
198.177.124.148 - - [21/Jul/2026:15:56:41 +0000] "POST /wp-cron.php?doing_wp_cron=1784649401.3282809257507324218750 HTTP/1.1" 200 - "-" "WordPress/7.0.2; https://mppglobalconcept.shop"
185.191.171.5 - - [21/Jul/2026:15:56:37 +0000] "GET /?h=18516404781100 HTTP/1.1" 200 97535 "-" "Mozilla/5.0 (compatible; SemrushBot/7~bl; +http://www.semrush.com/bot.html)"
198.177.124.148 - - [21/Jul/2026:15:57:47 +0000] "POST /wp-cron.php?doing_wp_cron=1784649467.6236350536346435546875 HTTP/1.1" 200 - "-" "WordPress/7.0.2; https://mppglobalconcept.shop"
85.208.96.212 - - [21/Jul/2026:15:57:45 +0000] "GET /?h=21118977681100 HTTP/1.1" 200 97535 "-" "Mozilla/5.0 (compatible; SemrushBot/7~bl; +http://www.semrush.com/bot.html)"
198.177.124.148 - - [21/Jul/2026:16:02:28 +0000] "GET /.well-known/acme-challenge/_5YIYRB8VTSG3U474KNJ5AM8GZOXDS_3 HTTP/1.1" 200 64 "-" "Cpanel-HTTP-Client/1.0"
198.177.124.148 - - [21/Jul/2026:16:05:24 +0000] "POST /wp-cron.php?doing_wp_cron=1784649924.3085169792175292968750 HTTP/1.1" 200 - "-" "WordPress/7.0.2; https://mppglobalconcept.shop"
43.164.3.23 - - [21/Jul/2026:16:05:20 +0000] "GET / HTTP/1.1" 200 97535 "-" "Mozilla/5.0 (iPhone; CPU iPhone OS 13_2_3 like Mac OS X) AppleWebKit/605.1.15 (KHTML, like Gecko) Version/13.0.3 Mobile/15E148 Safari/604.1"
198.177.124.148 - - [21/Jul/2026:16:10:51 +0000] "POST /wp-cron.php?doing_wp_cron=1784650251.0151789188385009765625 HTTP/1.1" 200 - "-" "WordPress/7.0.2; https://mppglobalconcept.shop"
185.191.171.10 - - [21/Jul/2026:16:10:47 +0000] "GET /?h=11629122881100 HTTP/1.1" 200 97535 "-" "Mozilla/5.0 (compatible; SemrushBot/7~bl; +http://www.semrush.com/bot.html)"
198.177.124.148 - - [21/Jul/2026:16:11:48 +0000] "POST /wp-cron.php?doing_wp_cron=1784650308.6131360530853271484375 HTTP/1.1" 200 - "-" "WordPress/7.0.2; https://mppglobalconcept.shop"
85.208.96.199 - - [21/Jul/2026:16:11:46 +0000] "GET /?h=4449232781100 HTTP/1.1" 200 97535 "-" "Mozilla/5.0 (compatible; SemrushBot/7~bl; +http://www.semrush.com/bot.html)"
198.177.124.148 - - [21/Jul/2026:16:15:00 +0000] "POST /wp-cron.php?doing_wp_cron=1784650500.7700979709625244140625 HTTP/1.1" 200 - "-" "WordPress/7.0.2; https://mppglobalconcept.shop"
85.208.96.202 - - [21/Jul/2026:16:14:57 +0000] "GET /?h=11338664381100 HTTP/1.1" 200 97535 "-" "Mozilla/5.0 (compatible; SemrushBot/7~bl; +http://www.semrush.com/bot.html)"
198.177.124.148 - - [21/Jul/2026:16:18:52 +0000] "POST /wp-cron.php?doing_wp_cron=1784650732.5855820178985595703125 HTTP/1.1" 200 - "-" "WordPress/7.0.2; https://mppglobalconcept.shop"
104.23.217.132 - - [21/Jul/2026:16:18:49 +0000] "GET /wp-admin/install.php?step=1 HTTP/1.1" 403 82332 "-" "http://mppglobalconcept.shop/wp-admin/install.php?step=1"
85.208.96.201 - - [21/Jul/2026:16:18:50 +0000] "GET /?h=24429200281100 HTTP/1.1" 200 97535 "-" "Mozilla/5.0 (compatible; SemrushBot/7~bl; +http://www.semrush.com/bot.html)"
198.177.124.148 - - [21/Jul/2026:16:19:38 +0000] "POST /wp-cron.php?doing_wp_cron=1784650778.0358510017395019531250 HTTP/1.1" 200 - "-" "WordPress/7.0.2; https://mppglobalconcept.shop"
104.23.223.33 - - [21/Jul/2026:16:19:32 +0000] "GET /wp-admin/install.php?step=1 HTTP/1.1" 403 82332 "-" "http://mppglobalconcept.shop/wp-admin/install.php?step=1"
198.177.124.148 - - [21/Jul/2026:16:23:02 +0000] "POST /wp-cron.php?doing_wp_cron=1784650982.9601159095764160156250 HTTP/1.1" 200 - "-" "WordPress/7.0.2; https://mppglobalconcept.shop"
85.208.96.205 - - [21/Jul/2026:16:22:59 +0000] "GET /?h=8700907781100 HTTP/1.1" 200 97535 "-" "Mozilla/5.0 (compatible; SemrushBot/7~bl; +http://www.semrush.com/bot.html)"
198.177.124.148 - - [21/Jul/2026:16:29:43 +0000] "POST /wp-cron.php?doing_wp_cron=1784651383.1255190372467041015625 HTTP/1.1" 200 - "-" "WordPress/7.0.2; https://mppglobalconcept.shop"
85.208.96.206 - - [21/Jul/2026:16:29:39 +0000] "GET /?h=9892920581100 HTTP/1.1" 200 97535 "-" "Mozilla/5.0 (compatible; SemrushBot/7~bl; +http://www.semrush.com/bot.html)"
198.177.124.148 - - [21/Jul/2026:16:31:17 +0000] "POST /wp-cron.php?doing_wp_cron=1784651477.5496768951416015625000 HTTP/1.1" 200 - "-" "WordPress/7.0.2; https://mppglobalconcept.shop"
85.208.96.209 - - [21/Jul/2026:16:31:13 +0000] "GET /?h=22536385281100 HTTP/1.1" 200 97535 "-" "Mozilla/5.0 (compatible; SemrushBot/7~bl; +http://www.semrush.com/bot.html)"
198.177.124.148 - - [21/Jul/2026:16:34:33 +0000] "POST /wp-cron.php?doing_wp_cron=1784651673.9057331085205078125000 HTTP/1.1" 200 - "-" "WordPress/7.0.2; https://mppglobalconcept.shop"
85.208.96.207 - - [21/Jul/2026:16:34:30 +0000] "GET /?h=7367379981100 HTTP/1.1" 200 97535 "-" "Mozilla/5.0 (compatible; SemrushBot/7~bl; +http://www.semrush.com/bot.html)"
198.177.124.148 - - [21/Jul/2026:16:35:47 +0000] "POST /wp-cron.php?doing_wp_cron=1784651747.9477400779724121093750 HTTP/1.1" 200 - "-" "WordPress/7.0.2; https://mppglobalconcept.shop"
85.208.96.203 - - [21/Jul/2026:16:35:45 +0000] "GET /?h=20036715781100 HTTP/1.1" 200 97535 "-" "Mozilla/5.0 (compatible; SemrushBot/7~bl; +http://www.semrush.com/bot.html)"
198.177.124.148 - - [21/Jul/2026:16:37:18 +0000] "POST /wp-cron.php?doing_wp_cron=1784651838.5527949333190917968750 HTTP/1.1" 200 - "-" "WordPress/7.0.2; https://mppglobalconcept.shop"
85.208.96.196 - - [21/Jul/2026:16:37:15 +0000] "GET /?h=16158283481100 HTTP/1.1" 200 97535 "-" "Mozilla/5.0 (compatible; SemrushBot/7~bl; +http://www.semrush.com/bot.html)"
85.208.96.198 - - [21/Jul/2026:16:37:20 +0000] "GET /?h=21287484281100 HTTP/1.1" 200 97535 "-" "Mozilla/5.0 (compatible; SemrushBot/7~bl; +http://www.semrush.com/bot.html)"
198.177.124.148 - - [21/Jul/2026:16:38:21 +0000] "POST /wp-cron.php?doing_wp_cron=1784651901.6317279338836669921875 HTTP/1.1" 200 - "-" "WordPress/7.0.2; https://mppglobalconcept.shop"
85.208.96.206 - - [21/Jul/2026:16:38:17 +0000] "GET /?h=17133085281100 HTTP/1.1" 200 97535 "-" "Mozilla/5.0 (compatible; SemrushBot/7~bl; +http://www.semrush.com/bot.html)"
198.177.124.148 - - [21/Jul/2026:16:39:03 +0000] "POST /wp-cron.php?doing_wp_cron=1784651943.2518889904022216796875 HTTP/1.1" 200 - "-" "WordPress/7.0.2; https://mppglobalconcept.shop"
85.208.96.205 - - [21/Jul/2026:16:38:59 +0000] "GET /?h=5099031481100 HTTP/1.1" 200 97535 "-" "Mozilla/5.0 (compatible; SemrushBot/7~bl; +http://www.semrush.com/bot.html)"
198.177.124.148 - - [21/Jul/2026:16:41:52 +0000] "POST /wp-cron.php?doing_wp_cron=1784652112.6101601123809814453125 HTTP/1.1" 200 - "-" "WordPress/7.0.2; https://mppglobalconcept.shop"
104.23.221.139 - - [21/Jul/2026:16:41:49 +0000] "GET /wp-admin/install.php?step=1 HTTP/1.1" 403 82332 "-" "http://mppglobalconcept.shop/wp-admin/install.php?step=1"
198.177.124.148 - - [21/Jul/2026:16:43:54 +0000] "POST /wp-cron.php?doing_wp_cron=1784652234.5931570529937744140625 HTTP/1.1" 200 - "-" "WordPress/7.0.2; https://mppglobalconcept.shop"
162.158.95.25 - - [21/Jul/2026:16:43:52 +0000] "GET /wp-admin/install.php?step=1 HTTP/1.1" 403 82332 "-" "http://mppglobalconcept.shop/wp-admin/install.php?step=1"
198.177.124.148 - - [21/Jul/2026:16:44:41 +0000] "POST /wp-cron.php?doing_wp_cron=1784652281.6894989013671875000000 HTTP/1.1" 200 - "-" "WordPress/7.0.2; https://mppglobalconcept.shop"
85.208.96.201 - - [21/Jul/2026:16:44:37 +0000] "GET /?h=23610463381100 HTTP/1.1" 200 97535 "-" "Mozilla/5.0 (compatible; SemrushBot/7~bl; +http://www.semrush.com/bot.html)"
198.177.124.148 - - [21/Jul/2026:16:45:27 +0000] "POST /wp-cron.php?doing_wp_cron=1784652327.0670130252838134765625 HTTP/1.1" 200 - "-" "WordPress/7.0.2; https://mppglobalconcept.shop"
85.208.96.210 - - [21/Jul/2026:16:45:21 +0000] "GET /?h=15207916881100 HTTP/1.1" 200 97535 "-" "Mozilla/5.0 (compatible; SemrushBot/7~bl; +http://www.semrush.com/bot.html)"
198.177.124.148 - - [21/Jul/2026:16:46:14 +0000] "POST /wp-cron.php?doing_wp_cron=1784652374.3958809375762939453125 HTTP/1.1" 200 - "-" "WordPress/7.0.2; https://mppglobalconcept.shop"
170.106.37.134 - - [21/Jul/2026:16:46:11 +0000] "GET / HTTP/1.1" 200 2 "-" "Mozilla/5.0 (iPhone; CPU iPhone OS 13_2_3 like Mac OS X) AppleWebKit/605.1.15 (KHTML, like Gecko) Version/13.0.3 Mobile/15E148 Safari/604.1"
185.191.171.7 - - [21/Jul/2026:16:46:20 +0000] "GET /?h=22674198481100 HTTP/1.1" 200 97535 "-" "Mozilla/5.0 (compatible; SemrushBot/7~bl; +http://www.semrush.com/bot.html)"
85.208.96.201 - - [21/Jul/2026:16:58:44 +0000] "GET /robots.txt HTTP/1.1" 200 79 "-" "Mozilla/5.0 (compatible; SemrushBot/7~bl; +http://www.semrush.com/bot.html)"
198.177.124.148 - - [21/Jul/2026:16:58:47 +0000] "POST /wp-cron.php?doing_wp_cron=1784653127.7244629859924316406250 HTTP/1.1" 200 - "-" "WordPress/7.0.2; https://mppglobalconcept.shop"
185.191.171.16 - - [21/Jul/2026:16:58:44 +0000] "GET /?h=16052632781100 HTTP/1.1" 200 97535 "-" "Mozilla/5.0 (compatible; SemrushBot/7~bl; +http://www.semrush.com/bot.html)"
198.177.124.148 - - [21/Jul/2026:17:00:46 +0000] "POST /wp-cron.php?doing_wp_cron=1784653246.2216000556945800781250 HTTP/1.1" 200 - "-" "WordPress/7.0.2; https://mppglobalconcept.shop"
104.23.223.33 - - [21/Jul/2026:17:00:41 +0000] "GET /wp-admin/install.php?step=1 HTTP/1.1" 403 82332 "-" "http://mppglobalconcept.shop/wp-admin/install.php?step=1"
198.177.124.148 - - [21/Jul/2026:17:02:15 +0000] "POST /wp-cron.php?doing_wp_cron=1784653335.4794299602508544921875 HTTP/1.1" 200 - "-" "WordPress/7.0.2; https://mppglobalconcept.shop"
85.208.96.198 - - [21/Jul/2026:17:02:13 +0000] "GET /?h=7711522881100 HTTP/1.1" 200 97535 "-" "Mozilla/5.0 (compatible; SemrushBot/7~bl; +http://www.semrush.com/bot.html)"
198.177.124.148 - - [21/Jul/2026:17:05:24 +0000] "POST /wp-cron.php?doing_wp_cron=1784653524.9204719066619873046875 HTTP/1.1" 200 - "-" "WordPress/7.0.2; https://mppglobalconcept.shop"
192.255.193.111 - - [21/Jul/2026:17:05:20 +0000] "GET / HTTP/1.1" 200 97535 "-" "Mozilla/5.0 (Macintosh; Intel Mac OS X 11_6_6; de) AppleWebKit/605.1.15 (KHTML, like Gecko) Version/17.4.2 Safari/605.1.15"
192.255.193.111 - - [21/Jul/2026:17:05:25 +0000] "POST /?rest_route=/batch/v1 HTTP/1.1" 200 480 "-" "Mozilla/5.0 (X11; Linux x86_64; rv:1.9.7.20) Gecko/ Firefox/3.6.7"
85.208.96.210 - - [21/Jul/2026:17:06:40 +0000] "GET /?h=13208471781100 HTTP/1.1" 200 97535 "-" "Mozilla/5.0 (compatible; SemrushBot/7~bl; +http://www.semrush.com/bot.html)"
185.191.171.19 - - [21/Jul/2026:17:06:44 +0000] "GET /?h=20047846081100 HTTP/1.1" 200 97535 "-" "Mozilla/5.0 (compatible; SemrushBot/7~bl; +http://www.semrush.com/bot.html)"
198.177.124.148 - - [21/Jul/2026:17:07:50 +0000] "POST /wp-cron.php?doing_wp_cron=1784653670.6932270526885986328125 HTTP/1.1" 200 - "-" "WordPress/7.0.2; https://mppglobalconcept.shop"
85.208.96.207 - - [21/Jul/2026:17:07:48 +0000] "GET /?h=15939238181100 HTTP/1.1" 200 97535 "-" "Mozilla/5.0 (compatible; SemrushBot/7~bl; +http://www.semrush.com/bot.html)"
198.177.124.148 - - [21/Jul/2026:17:08:21 +0000] "POST /wp-cron.php?doing_wp_cron=1784653701.6700921058654785156250 HTTP/1.1" 200 - "-" "WordPress/7.0.2; https://mppglobalconcept.shop"
185.191.171.12 - - [21/Jul/2026:17:08:18 +0000] "GET /?h=18310473481100 HTTP/1.1" 200 97535 "-" "Mozilla/5.0 (compatible; SemrushBot/7~bl; +http://www.semrush.com/bot.html)"
185.191.171.13 - - [21/Jul/2026:17:08:42 +0000] "GET /?h=9079230081100 HTTP/1.1" 200 97535 "-" "Mozilla/5.0 (compatible; SemrushBot/7~bl; +http://www.semrush.com/bot.html)"
198.177.124.148 - - [21/Jul/2026:17:14:12 +0000] "POST /wp-cron.php?doing_wp_cron=1784654052.5279779434204101562500 HTTP/1.1" 200 - "-" "WordPress/7.0.2; https://mppglobalconcept.shop"
85.208.96.198 - - [21/Jul/2026:17:14:08 +0000] "GET /?h=21821174281100 HTTP/1.1" 200 97535 "-" "Mozilla/5.0 (compatible; SemrushBot/7~bl; +http://www.semrush.com/bot.html)"
85.208.96.196 - - [21/Jul/2026:17:15:58 +0000] "GET /?h=21562305581100 HTTP/1.1" 200 97535 "-" "Mozilla/5.0 (compatible; SemrushBot/7~bl; +http://www.semrush.com/bot.html)"
198.177.124.148 - - [21/Jul/2026:17:19:47 +0000] "POST /wp-cron.php?doing_wp_cron=1784654387.4248270988464355468750 HTTP/1.1" 200 - "-" "WordPress/7.0.2; https://mppglobalconcept.shop"
185.191.171.10 - - [21/Jul/2026:17:19:43 +0000] "GET /?h=6716244981100 HTTP/1.1" 200 97535 "-" "Mozilla/5.0 (compatible; SemrushBot/7~bl; +http://www.semrush.com/bot.html)"
198.177.124.148 - - [21/Jul/2026:17:23:44 +0000] "POST /wp-cron.php?doing_wp_cron=1784654624.2606470584869384765625 HTTP/1.1" 200 - "-" "WordPress/7.0.2; https://mppglobalconcept.shop"
185.191.171.13 - - [21/Jul/2026:17:23:40 +0000] "GET /?h=10372859781100 HTTP/1.1" 200 97535 "-" "Mozilla/5.0 (compatible; SemrushBot/7~bl; +http://www.semrush.com/bot.html)"
198.177.124.148 - - [21/Jul/2026:17:25:00 +0000] "POST /wp-cron.php?doing_wp_cron=1784654700.2624959945678710937500 HTTP/1.1" 200 - "-" "WordPress/7.0.2; https://mppglobalconcept.shop"
104.23.223.33 - - [21/Jul/2026:17:24:56 +0000] "GET /wp-admin/install.php?step=1 HTTP/1.1" 403 82332 "-" "http://mppglobalconcept.shop/wp-admin/install.php?step=1"
198.177.124.148 - - [21/Jul/2026:17:25:09 +0000] "POST /wp-cron.php?doing_wp_cron=1784654709.4116079807281494140625 HTTP/1.1" 200 - "-" "WordPress/7.0.2; https://mppglobalconcept.shop"
185.191.171.11 - - [21/Jul/2026:17:25:06 +0000] "GET /?h=10074408381100 HTTP/1.1" 200 97535 "-" "Mozilla/5.0 (compatible; SemrushBot/7~bl; +http://www.semrush.com/bot.html)"
85.208.96.210 - - [21/Jul/2026:17:25:25 +0000] "GET /?h=18111456081100 HTTP/1.1" 200 97535 "-" "Mozilla/5.0 (compatible; SemrushBot/7~bl; +http://www.semrush.com/bot.html)"
198.177.124.148 - - [21/Jul/2026:17:31:49 +0000] "POST /wp-cron.php?doing_wp_cron=1784655109.2874000072479248046875 HTTP/1.1" 200 - "-" "WordPress/7.0.2; https://mppglobalconcept.shop"
192.255.193.111 - - [21/Jul/2026:17:31:45 +0000] "GET / HTTP/1.1" 200 97535 "-" "Mozilla/5.0 (Windows NT 10.0; Win64; x64) AppleWebKit/537.36 (KHTML, like Gecko) Chrome/79.0.3945.79 Safari/537.36"
192.255.193.111 - - [21/Jul/2026:17:31:49 +0000] "POST /?rest_route=/batch/v1 HTTP/1.1" 200 480 "-" "Mozilla/5.0 (Kubuntu; Linux x86_64) AppleWebKit/537.36 (KHTML, like Gecko) Chrome/140.0.0.0 Safari/537.36"
172.70.240.29 - - [21/Jul/2026:17:31:54 +0000] "GET /wp-admin/install.php?step=1 HTTP/1.1" 403 82332 "-" "http://mppglobalconcept.shop/wp-admin/install.php?step=1"
198.177.124.148 - - [21/Jul/2026:17:35:09 +0000] "POST /wp-cron.php?doing_wp_cron=1784655309.8173770904541015625000 HTTP/1.1" 200 - "-" "WordPress/7.0.2; https://mppglobalconcept.shop"
85.208.96.199 - - [21/Jul/2026:17:35:04 +0000] "GET /?h=6622596081100 HTTP/1.1" 200 97535 "-" "Mozilla/5.0 (compatible; SemrushBot/7~bl; +http://www.semrush.com/bot.html)"
185.191.171.15 - - [21/Jul/2026:17:38:57 +0000] "GET /?h=12974768681100 HTTP/1.1" 200 97535 "-" "Mozilla/5.0 (compatible; SemrushBot/7~bl; +http://www.semrush.com/bot.html)"
198.177.124.148 - - [21/Jul/2026:17:39:10 +0000] "POST /wp-cron.php?doing_wp_cron=1784655550.5282349586486816406250 HTTP/1.1" 200 - "-" "WordPress/7.0.2; https://mppglobalconcept.shop"
185.191.171.6 - - [21/Jul/2026:17:39:09 +0000] "GET /?h=24007502181100 HTTP/1.1" 200 97535 "-" "Mozilla/5.0 (compatible; SemrushBot/7~bl; +http://www.semrush.com/bot.html)"
85.208.96.207 - - [21/Jul/2026:17:39:55 +0000] "GET /?h=14535857581100 HTTP/1.1" 200 97535 "-" "Mozilla/5.0 (compatible; SemrushBot/7~bl; +http://www.semrush.com/bot.html)"
44.204.85.243 - - [21/Jul/2026:17:41:42 +0000] "GET / HTTP/1.1" 200 97535 "-" "Mozilla/5.0 (Windows NT 10.0; Win64; x64) AppleWebKit/537.36 (KHTML, like Gecko) Chrome/79.0.3945.130 Safari/537.36"
198.177.124.148 - - [21/Jul/2026:17:48:49 +0000] "POST /wp-cron.php?doing_wp_cron=1784656129.6533091068267822265625 HTTP/1.1" 200 - "-" "WordPress/7.0.2; https://mppglobalconcept.shop"
185.191.171.11 - - [21/Jul/2026:17:48:46 +0000] "GET /?h=9656129881100 HTTP/1.1" 200 97535 "-" "Mozilla/5.0 (compatible; SemrushBot/7~bl; +http://www.semrush.com/bot.html)"
198.177.124.148 - - [21/Jul/2026:17:49:51 +0000] "POST /wp-cron.php?doing_wp_cron=1784656191.5848600864410400390625 HTTP/1.1" 200 - "-" "WordPress/7.0.2; https://mppglobalconcept.shop"
85.208.96.210 - - [21/Jul/2026:17:49:48 +0000] "GET /?h=19062511581100 HTTP/1.1" 200 97535 "-" "Mozilla/5.0 (compatible; SemrushBot/7~bl; +http://www.semrush.com/bot.html)"
198.177.124.148 - - [21/Jul/2026:17:51:26 +0000] "POST /wp-cron.php?doing_wp_cron=1784656286.1740140914916992187500 HTTP/1.1" 200 - "-" "WordPress/7.0.2; https://mppglobalconcept.shop"
85.208.96.210 - - [21/Jul/2026:17:51:23 +0000] "GET /?h=22045971481100 HTTP/1.1" 200 97535 "-" "Mozilla/5.0 (compatible; SemrushBot/7~bl; +http://www.semrush.com/bot.html)"
198.177.124.148 - - [21/Jul/2026:17:52:58 +0000] "POST /wp-cron.php?doing_wp_cron=1784656378.7077600955963134765625 HTTP/1.1" 200 - "-" "WordPress/7.0.2; https://mppglobalconcept.shop"
185.191.171.1 - - [21/Jul/2026:17:52:55 +0000] "GET /?h=1573058681100 HTTP/1.1" 200 97535 "-" "Mozilla/5.0 (compatible; SemrushBot/7~bl; +http://www.semrush.com/bot.html)"
198.177.124.148 - - [21/Jul/2026:17:57:22 +0000] "POST /wp-cron.php?doing_wp_cron=1784656642.3901131153106689453125 HTTP/1.1" 200 - "-" "WordPress/7.0.2; https://mppglobalconcept.shop"
185.191.171.8 - - [21/Jul/2026:17:57:18 +0000] "GET /?h=5302821381100 HTTP/1.1" 200 97535 "-" "Mozilla/5.0 (compatible; SemrushBot/7~bl; +http://www.semrush.com/bot.html)"
104.23.223.33 - - [21/Jul/2026:17:57:51 +0000] "GET /wp-admin/install.php?step=1 HTTP/1.1" 403 82332 "-" "http://mppglobalconcept.shop/wp-admin/install.php?step=1"
185.191.171.16 - - [21/Jul/2026:17:59:21 +0000] "GET /robots.txt HTTP/1.1" 200 74 "-" "Mozilla/5.0 (compatible; SemrushBot/7~bl; +http://www.semrush.com/bot.html)"
198.177.124.148 - - [21/Jul/2026:17:59:25 +0000] "POST /wp-cron.php?doing_wp_cron=1784656765.6992108821868896484375 HTTP/1.1" 200 - "-" "WordPress/7.0.2; https://mppglobalconcept.shop"
185.191.171.11 - - [21/Jul/2026:17:59:21 +0000] "GET /?h=13200088781100 HTTP/1.1" 200 97535 "-" "Mozilla/5.0 (compatible; SemrushBot/7~bl; +http://www.semrush.com/bot.html)"
185.191.171.2 - - [21/Jul/2026:17:59:37 +0000] "GET /?h=2621929681100 HTTP/1.1" 200 97535 "-" "Mozilla/5.0 (compatible; SemrushBot/7~bl; +http://www.semrush.com/bot.html)"
198.177.124.148 - - [21/Jul/2026:18:02:43 +0000] "POST /wp-cron.php?doing_wp_cron=1784656963.6760399341583251953125 HTTP/1.1" 200 - "-" "WordPress/7.0.2; https://mppglobalconcept.shop"
172.71.172.169 - - [21/Jul/2026:18:02:39 +0000] "GET /wp-admin/install.php?step=1 HTTP/1.1" 403 82332 "-" "http://mppglobalconcept.shop/wp-admin/install.php?step=1"
198.177.124.148 - - [21/Jul/2026:18:06:47 +0000] "POST /wp-cron.php?doing_wp_cron=1784657207.7840709686279296875000 HTTP/1.1" 200 - "-" "WordPress/7.0.2; https://mppglobalconcept.shop"
185.191.171.19 - - [21/Jul/2026:18:06:44 +0000] "GET /?h=24346092381100 HTTP/1.1" 200 97535 "-" "Mozilla/5.0 (compatible; SemrushBot/7~bl; +http://www.semrush.com/bot.html)"
198.177.124.148 - - [21/Jul/2026:18:08:09 +0000] "POST /wp-cron.php?doing_wp_cron=1784657289.1068890094757080078125 HTTP/1.1" 200 - "-" "WordPress/7.0.2; https://mppglobalconcept.shop"
85.208.96.198 - - [21/Jul/2026:18:08:05 +0000] "GET /?h=11073653681100 HTTP/1.1" 200 97535 "-" "Mozilla/5.0 (compatible; SemrushBot/7~bl; +http://www.semrush.com/bot.html)"
198.177.124.148 - - [21/Jul/2026:18:12:23 +0000] "POST /wp-cron.php?doing_wp_cron=1784657543.5452990531921386718750 HTTP/1.1" 200 - "-" "WordPress/7.0.2; https://mppglobalconcept.shop"
85.208.96.197 - - [21/Jul/2026:18:12:17 +0000] "GET /?h=2053197081100 HTTP/1.1" 200 97535 "-" "Mozilla/5.0 (compatible; SemrushBot/7~bl; +http://www.semrush.com/bot.html)"
198.177.124.148 - - [21/Jul/2026:18:14:08 +0000] "POST /wp-cron.php?doing_wp_cron=1784657648.2394471168518066406250 HTTP/1.1" 200 - "-" "WordPress/7.0.2; https://mppglobalconcept.shop"
85.208.96.203 - - [21/Jul/2026:18:14:05 +0000] "GET /?h=8974293181100 HTTP/1.1" 200 97535 "-" "Mozilla/5.0 (compatible; SemrushBot/7~bl; +http://www.semrush.com/bot.html)"
198.177.124.148 - - [21/Jul/2026:18:17:06 +0000] "POST /wp-cron.php?doing_wp_cron=1784657826.7820301055908203125000 HTTP/1.1" 200 - "-" "WordPress/7.0.2; https://mppglobalconcept.shop"
104.23.239.136 - - [21/Jul/2026:18:17:01 +0000] "GET /wp-admin/install.php?step=1 HTTP/1.1" 403 82332 "-" "http://mppglobalconcept.shop/wp-admin/install.php?step=1"
185.191.171.9 - - [21/Jul/2026:18:17:41 +0000] "GET /?h=12667701881100 HTTP/1.1" 200 97535 "-" "Mozilla/5.0 (compatible; SemrushBot/7~bl; +http://www.semrush.com/bot.html)"
198.177.124.148 - - [21/Jul/2026:18:19:37 +0000] "POST /wp-cron.php?doing_wp_cron=1784657977.6850390434265136718750 HTTP/1.1" 200 - "-" "WordPress/7.0.2; https://mppglobalconcept.shop"
85.208.96.209 - - [21/Jul/2026:18:19:34 +0000] "GET /?h=18466820581100 HTTP/1.1" 200 97535 "-" "Mozilla/5.0 (compatible; SemrushBot/7~bl; +http://www.semrush.com/bot.html)"
198.177.124.148 - - [21/Jul/2026:18:20:43 +0000] "POST /wp-cron.php?doing_wp_cron=1784658043.5818240642547607421875 HTTP/1.1" 200 - "-" "WordPress/7.0.2; https://mppglobalconcept.shop"
185.191.171.19 - - [21/Jul/2026:18:20:40 +0000] "GET /?h=23454099681100 HTTP/1.1" 200 97535 "-" "Mozilla/5.0 (compatible; SemrushBot/7~bl; +http://www.semrush.com/bot.html)"
198.177.124.148 - - [21/Jul/2026:18:28:22 +0000] "POST /wp-cron.php?doing_wp_cron=1784658502.6403710842132568359375 HTTP/1.1" 200 - "-" "WordPress/7.0.2; https://mppglobalconcept.shop"
85.208.96.211 - - [21/Jul/2026:18:28:19 +0000] "GET /?h=5787400281100 HTTP/1.1" 200 97535 "-" "Mozilla/5.0 (compatible; SemrushBot/7~bl; +http://www.semrush.com/bot.html)"
198.177.124.148 - - [21/Jul/2026:18:29:44 +0000] "POST /wp-cron.php?doing_wp_cron=1784658584.3113191127777099609375 HTTP/1.1" 200 - "-" "WordPress/7.0.2; https://mppglobalconcept.shop"
172.70.242.238 - - [21/Jul/2026:18:29:42 +0000] "GET /wp-admin/install.php?step=1 HTTP/1.1" 403 82332 "-" "http://mppglobalconcept.shop/wp-admin/install.php?step=1"
185.191.171.9 - - [21/Jul/2026:18:29:55 +0000] "GET /?h=19771871081100 HTTP/1.1" 200 97535 "-" "Mozilla/5.0 (compatible; SemrushBot/7~bl; +http://www.semrush.com/bot.html)"
198.177.124.148 - - [21/Jul/2026:18:30:30 +0000] "POST /wp-cron.php?doing_wp_cron=1784658630.2004289627075195312500 HTTP/1.1" 200 - "-" "WordPress/7.0.2; https://mppglobalconcept.shop"
185.191.171.2 - - [21/Jul/2026:18:30:28 +0000] "GET /?h=13051493881100 HTTP/1.1" 200 97535 "-" "Mozilla/5.0 (compatible; SemrushBot/7~bl; +http://www.semrush.com/bot.html)"
198.177.124.148 - - [21/Jul/2026:18:36:23 +0000] "POST /wp-cron.php?doing_wp_cron=1784658983.0066161155700683593750 HTTP/1.1" 200 - "-" "WordPress/7.0.2; https://mppglobalconcept.shop"
85.208.96.193 - - [21/Jul/2026:18:36:19 +0000] "GET /?h=21542310881100 HTTP/1.1" 200 97535 "-" "Mozilla/5.0 (compatible; SemrushBot/7~bl; +http://www.semrush.com/bot.html)"
198.177.124.148 - - [21/Jul/2026:18:41:43 +0000] "POST /wp-cron.php?doing_wp_cron=1784659303.8464939594268798828125 HTTP/1.1" 200 - "-" "WordPress/7.0.2; https://mppglobalconcept.shop"
85.208.96.202 - - [21/Jul/2026:18:41:40 +0000] "GET /?h=20792903881100 HTTP/1.1" 200 97535 "-" "Mozilla/5.0 (compatible; SemrushBot/7~bl; +http://www.semrush.com/bot.html)"
198.177.124.148 - - [21/Jul/2026:18:42:36 +0000] "POST /wp-cron.php?doing_wp_cron=1784659356.6273889541625976562500 HTTP/1.1" 200 - "-" "WordPress/7.0.2; https://mppglobalconcept.shop"
104.23.239.137 - - [21/Jul/2026:18:42:35 +0000] "GET /wp-admin/install.php?step=1 HTTP/1.1" 403 82332 "-" "http://mppglobalconcept.shop/wp-admin/install.php?step=1"
198.177.124.148 - - [21/Jul/2026:18:48:07 +0000] "POST /wp-cron.php?doing_wp_cron=1784659687.3786671161651611328125 HTTP/1.1" 200 - "-" "WordPress/7.0.2; https://mppglobalconcept.shop"
85.208.96.193 - - [21/Jul/2026:18:48:06 +0000] "GET /?h=2647244681100 HTTP/1.1" 200 97535 "-" "Mozilla/5.0 (compatible; SemrushBot/7~bl; +http://www.semrush.com/bot.html)"
205.185.126.29 - - [21/Jul/2026:18:48:36 +0000] "POST /?rest_route=/batch/v1 HTTP/1.1" 200 480 "-" "wp2shell/1.0"
205.185.126.29 - - [21/Jul/2026:18:48:37 +0000] "POST /?rest_route=/batch/v1 HTTP/1.1" 200 480 "-" "wp2shell/1.0"
205.185.126.29 - - [21/Jul/2026:18:48:38 +0000] "POST /?rest_route=/batch/v1 HTTP/1.1" 200 480 "-" "wp2shell/1.0"
205.185.126.29 - - [21/Jul/2026:18:48:39 +0000] "POST /?rest_route=/batch/v1 HTTP/1.1" 200 480 "-" "wp2shell/1.0"
198.177.124.148 - - [21/Jul/2026:18:49:48 +0000] "POST /wp-cron.php?doing_wp_cron=1784659788.9229929447174072265625 HTTP/1.1" 200 - "-" "WordPress/7.0.2; https://mppglobalconcept.shop"
85.208.96.203 - - [21/Jul/2026:18:49:46 +0000] "GET /?h=10477356781100 HTTP/1.1" 200 97535 "-" "Mozilla/5.0 (compatible; SemrushBot/7~bl; +http://www.semrush.com/bot.html)"
198.177.124.148 - - [21/Jul/2026:18:52:12 +0000] "POST /wp-cron.php?doing_wp_cron=1784659932.3050029277801513671875 HTTP/1.1" 200 - "-" "WordPress/7.0.2; https://mppglobalconcept.shop"
85.208.96.211 - - [21/Jul/2026:18:52:10 +0000] "GET /?h=5137709481100 HTTP/1.1" 200 97535 "-" "Mozilla/5.0 (compatible; SemrushBot/7~bl; +http://www.semrush.com/bot.html)"
198.177.124.148 - - [21/Jul/2026:18:54:23 +0000] "POST /wp-cron.php?doing_wp_cron=1784660063.5084939002990722656250 HTTP/1.1" 200 - "-" "WordPress/7.0.2; https://mppglobalconcept.shop"
85.208.96.199 - - [21/Jul/2026:18:54:21 +0000] "GET /?h=14925202281100 HTTP/1.1" 200 97535 "-" "Mozilla/5.0 (compatible; SemrushBot/7~bl; +http://www.semrush.com/bot.html)"
198.177.124.148 - - [21/Jul/2026:18:56:32 +0000] "POST /wp-cron.php?doing_wp_cron=1784660192.1900200843811035156250 HTTP/1.1" 200 - "-" "WordPress/7.0.2; https://mppglobalconcept.shop"
104.23.223.32 - - [21/Jul/2026:18:56:30 +0000] "GET /wp-admin/install.php?step=1 HTTP/1.1" 403 82332 "-" "http://mppglobalconcept.shop/wp-admin/install.php?step=1"
198.177.124.148 - - [21/Jul/2026:18:59:09 +0000] "POST /wp-cron.php?doing_wp_cron=1784660349.7613589763641357421875 HTTP/1.1" 200 - "-" "WordPress/7.0.2; https://mppglobalconcept.shop"
85.208.96.193 - - [21/Jul/2026:18:59:07 +0000] "GET /?h=12367308281100 HTTP/1.1" 200 97535 "-" "Mozilla/5.0 (compatible; SemrushBot/7~bl; +http://www.semrush.com/bot.html)"
198.177.124.148 - - [21/Jul/2026:19:02:27 +0000] "GET /.well-known/acme-challenge/C2G8PWEW503TJ2G9K8QZKXWFJLFKU25E HTTP/1.1" 200 64 "-" "Cpanel-HTTP-Client/1.0"
85.208.96.211 - - [21/Jul/2026:19:04:53 +0000] "GET /robots.txt HTTP/1.1" 200 76 "-" "Mozilla/5.0 (compatible; SemrushBot/7~bl; +http://www.semrush.com/bot.html)"
198.177.124.148 - - [21/Jul/2026:19:04:56 +0000] "POST /wp-cron.php?doing_wp_cron=1784660695.9945669174194335937500 HTTP/1.1" 200 - "-" "WordPress/7.0.2; https://mppglobalconcept.shop"
85.208.96.205 - - [21/Jul/2026:19:04:54 +0000] "GET /?h=23481074681100 HTTP/1.1" 200 97535 "-" "Mozilla/5.0 (compatible; SemrushBot/7~bl; +http://www.semrush.com/bot.html)"
198.177.124.148 - - [21/Jul/2026:19:08:03 +0000] "POST /wp-cron.php?doing_wp_cron=1784660883.8259890079498291015625 HTTP/1.1" 200 - "-" "WordPress/7.0.2; https://mppglobalconcept.shop"
104.23.221.139 - - [21/Jul/2026:19:08:00 +0000] "GET /wp-admin/install.php?step=1 HTTP/1.1" 403 82332 "-" "http://mppglobalconcept.shop/wp-admin/install.php?step=1"
85.208.96.199 - - [21/Jul/2026:19:08:17 +0000] "GET /?h=19936186181100 HTTP/1.1" 200 97535 "-" "Mozilla/5.0 (compatible; SemrushBot/7~bl; +http://www.semrush.com/bot.html)"
185.191.171.19 - - [21/Jul/2026:19:08:20 +0000] "GET /?h=1529641381100 HTTP/1.1" 200 97535 "-" "Mozilla/5.0 (compatible; SemrushBot/7~bl; +http://www.semrush.com/bot.html)"
198.177.124.148 - - [21/Jul/2026:19:10:20 +0000] "POST /wp-cron.php?doing_wp_cron=1784661020.4016458988189697265625 HTTP/1.1" 200 - "-" "WordPress/7.0.2; https://mppglobalconcept.shop"
85.208.96.193 - - [21/Jul/2026:19:10:18 +0000] "GET /?h=9252766481100 HTTP/1.1" 200 97535 "-" "Mozilla/5.0 (compatible; SemrushBot/7~bl; +http://www.semrush.com/bot.html)"
198.177.124.148 - - [21/Jul/2026:19:11:12 +0000] "POST /wp-cron.php?doing_wp_cron=1784661072.8731999397277832031250 HTTP/1.1" 200 - "-" "WordPress/7.0.2; https://mppglobalconcept.shop"
35.221.150.166 - - [21/Jul/2026:19:11:10 +0000] "GET / HTTP/1.1" 200 97535 "-" "Mozilla/5.0 (Windows NT 10.0; Win64; x64; rv:125.0) Gecko/20100101 Firefox/125.0"
198.177.124.148 - - [21/Jul/2026:19:13:54 +0000] "POST /wp-cron.php?doing_wp_cron=1784661234.9573020935058593750000 HTTP/1.1" 200 - "-" "WordPress/7.0.2; https://mppglobalconcept.shop"
85.208.96.199 - - [21/Jul/2026:19:13:51 +0000] "GET /?h=11461197281100 HTTP/1.1" 200 97535 "-" "Mozilla/5.0 (compatible; SemrushBot/7~bl; +http://www.semrush.com/bot.html)"
198.177.124.148 - - [21/Jul/2026:19:19:33 +0000] "POST /wp-cron.php?doing_wp_cron=1784661573.1156249046325683593750 HTTP/1.1" 200 - "-" "WordPress/7.0.2; https://mppglobalconcept.shop"
85.208.96.198 - - [21/Jul/2026:19:19:29 +0000] "GET /?h=7558968881100 HTTP/1.1" 200 97535 "-" "Mozilla/5.0 (compatible; SemrushBot/7~bl; +http://www.semrush.com/bot.html)"
198.177.124.148 - - [21/Jul/2026:19:20:06 +0000] "POST /wp-cron.php?doing_wp_cron=1784661606.4883348941802978515625 HTTP/1.1" 200 - "-" "WordPress/7.0.2; https://mppglobalconcept.shop"
43.130.131.18 - - [21/Jul/2026:19:20:01 +0000] "GET / HTTP/1.1" 200 97535 "-" "Mozilla/5.0 (iPhone; CPU iPhone OS 13_2_3 like Mac OS X) AppleWebKit/605.1.15 (KHTML, like Gecko) Version/13.0.3 Mobile/15E148 Safari/604.1"
198.177.124.148 - - [21/Jul/2026:19:21:11 +0000] "POST /wp-cron.php?doing_wp_cron=1784661671.5887439250946044921875 HTTP/1.1" 200 - "-" "WordPress/7.0.2; https://mppglobalconcept.shop"
185.191.171.12 - - [21/Jul/2026:19:21:09 +0000] "GET /?h=619571281100 HTTP/1.1" 200 97535 "-" "Mozilla/5.0 (compatible; SemrushBot/7~bl; +http://www.semrush.com/bot.html)"
198.177.124.148 - - [21/Jul/2026:19:22:07 +0000] "POST /wp-cron.php?doing_wp_cron=1784661727.7822089195251464843750 HTTP/1.1" 200 - "-" "WordPress/7.0.2; https://mppglobalconcept.shop"
185.191.171.15 - - [21/Jul/2026:19:22:05 +0000] "GET /?h=23595913481100 HTTP/1.1" 200 97535 "-" "Mozilla/5.0 (compatible; SemrushBot/7~bl; +http://www.semrush.com/bot.html)"
198.177.124.148 - - [21/Jul/2026:19:28:15 +0000] "POST /wp-cron.php?doing_wp_cron=1784662095.1200020313262939453125 HTTP/1.1" 200 - "-" "WordPress/7.0.2; https://mppglobalconcept.shop"
85.208.96.196 - - [21/Jul/2026:19:28:10 +0000] "GET /?h=264447481100 HTTP/1.1" 200 97535 "-" "Mozilla/5.0 (compatible; SemrushBot/7~bl; +http://www.semrush.com/bot.html)"
198.177.124.148 - - [21/Jul/2026:19:34:28 +0000] "POST /wp-cron.php?doing_wp_cron=1784662468.7372241020202636718750 HTTP/1.1" 200 - "-" "WordPress/7.0.2; https://mppglobalconcept.shop"
172.71.148.137 - - [21/Jul/2026:19:34:24 +0000] "GET /wp-admin/install.php?step=1 HTTP/1.1" 403 82332 "-" "http://mppglobalconcept.shop/wp-admin/install.php?step=1"
185.191.171.16 - - [21/Jul/2026:19:36:16 +0000] "GET /?h=12754113181100 HTTP/1.1" 200 97535 "-" "Mozilla/5.0 (compatible; SemrushBot/7~bl; +http://www.semrush.com/bot.html)"
198.177.124.148 - - [21/Jul/2026:19:37:14 +0000] "POST /wp-cron.php?doing_wp_cron=1784662634.0197799205780029296875 HTTP/1.1" 200 - "-" "WordPress/7.0.2; https://mppglobalconcept.shop"
185.191.171.9 - - [21/Jul/2026:19:37:11 +0000] "GET /?h=4388518281100 HTTP/1.1" 200 97535 "-" "Mozilla/5.0 (compatible; SemrushBot/7~bl; +http://www.semrush.com/bot.html)"
185.191.171.4 - - [21/Jul/2026:19:37:35 +0000] "GET /?h=21250773381100 HTTP/1.1" 200 97535 "-" "Mozilla/5.0 (compatible; SemrushBot/7~bl; +http://www.semrush.com/bot.html)"
85.208.96.200 - - [21/Jul/2026:19:38:00 +0000] "GET /?h=11984968781100 HTTP/1.1" 200 97535 "-" "Mozilla/5.0 (compatible; SemrushBot/7~bl; +http://www.semrush.com/bot.html)"
172.71.241.68 - - [21/Jul/2026:19:38:14 +0000] "GET /wp-admin/install.php?step=1 HTTP/1.1" 403 82332 "-" "http://mppglobalconcept.shop/wp-admin/install.php?step=1"
185.191.171.11 - - [21/Jul/2026:19:41:13 +0000] "GET /?h=18495870581100 HTTP/1.1" 200 97535 "-" "Mozilla/5.0 (compatible; SemrushBot/7~bl; +http://www.semrush.com/bot.html)"
198.177.124.148 - - [21/Jul/2026:19:42:09 +0000] "POST /wp-cron.php?doing_wp_cron=1784662929.4296040534973144531250 HTTP/1.1" 200 - "-" "WordPress/7.0.2; https://mppglobalconcept.shop"
185.191.171.16 - - [21/Jul/2026:19:42:05 +0000] "GET /?h=19133999481100 HTTP/1.1" 200 97535 "-" "Mozilla/5.0 (compatible; SemrushBot/7~bl; +http://www.semrush.com/bot.html)"
198.177.124.148 - - [21/Jul/2026:19:43:24 +0000] "POST /wp-cron.php?doing_wp_cron=1784663004.0630190372467041015625 HTTP/1.1" 200 - "-" "WordPress/7.0.2; https://mppglobalconcept.shop"
185.191.171.13 - - [21/Jul/2026:19:43:18 +0000] "GET /?h=12266073181100 HTTP/1.1" 200 97535 "-" "Mozilla/5.0 (compatible; SemrushBot/7~bl; +http://www.semrush.com/bot.html)"
85.208.96.207 - - [21/Jul/2026:19:43:39 +0000] "GET /?h=3131126381100 HTTP/1.1" 200 97535 "-" "Mozilla/5.0 (compatible; SemrushBot/7~bl; +http://www.semrush.com/bot.html)"
85.208.96.197 - - [21/Jul/2026:19:43:44 +0000] "GET /?h=578137681100 HTTP/1.1" 200 97535 "-" "Mozilla/5.0 (compatible; SemrushBot/7~bl; +http://www.semrush.com/bot.html)"
185.191.171.8 - - [21/Jul/2026:19:43:59 +0000] "GET /?h=14028611381100 HTTP/1.1" 200 97535 "-" "Mozilla/5.0 (compatible; SemrushBot/7~bl; +http://www.semrush.com/bot.html)"
185.191.171.12 - - [21/Jul/2026:19:50:36 +0000] "GET /?h=6917644481100 HTTP/1.1" 200 97535 "-" "Mozilla/5.0 (compatible; SemrushBot/7~bl; +http://www.semrush.com/bot.html)"
198.177.124.148 - - [21/Jul/2026:19:51:35 +0000] "POST /wp-cron.php?doing_wp_cron=1784663495.1263329982757568359375 HTTP/1.1" 200 - "-" "WordPress/7.0.2; https://mppglobalconcept.shop"
85.11.167.136 - - [21/Jul/2026:19:51:32 +0000] "GET / HTTP/1.1" 200 97535 "-" "Mozilla/5.0 (X11; Linux x86_64) AppleWebKit/537.36 Chrome/113.0.0.0 Safari/537.36"
85.11.167.136 - - [21/Jul/2026:19:51:35 +0000] "GET /wp-includes/js/dist/script-modules/interactivity/index.min.js?ver=efaa5193bbad9c60ffd1 HTTP/1.1" 200 40106 "-" "Mozilla/5.0 (Macintosh; Intel Mac OS X 10_15_7) AppleWebKit/605.1.15 (KHTML, like Gecko) Version/15.1 Safari/605.1.15"
85.11.167.136 - - [21/Jul/2026:19:51:35 +0000] "GET /wp-content/plugins/pixelyoursite/dist/scripts/jquery.bind-first-0.2.3.min.js?ver=0.2.3 HTTP/1.1" 200 1317 "-" "Mozilla/5.0 (X11; Linux x86_64) AppleWebKit/537.36 Chrome/113.0.0.0 Safari/537.36"
85.11.167.136 - - [21/Jul/2026:19:51:35 +0000] "GET /wp-content/plugins/pixelyoursite/dist/scripts/public.js?ver=11.2.1 HTTP/1.1" 200 172979 "-" "Mozilla/5.0 (Macintosh; Intel Mac OS X 10_15_7) AppleWebKit/605.1.15 (KHTML, like Gecko) Version/15.1 Safari/605.1.15"
85.11.167.136 - - [21/Jul/2026:19:51:36 +0000] "GET /core-block-supports-inline-css HTTP/1.1" 200 82332 "-" "Mozilla/5.0 (Macintosh; Intel Mac OS X 10_15_7) AppleWebKit/605.1.15 (KHTML, like Gecko) Version/15.1 Safari/605.1.15"
85.11.167.136 - - [21/Jul/2026:19:51:38 +0000] "GET /actions.handleMenuKeydown HTTP/1.1" 200 82332 "-" "Mozilla/5.0 (Windows NT 10.0; Win64; x64) AppleWebKit/537.36 Chrome/114.0.5735.110 Safari/537.36"
85.11.167.136 - - [21/Jul/2026:19:51:41 +0000] "GET /wp-block-post-author-name__link HTTP/1.1" 200 82332 "-" "Mozilla/5.0 (X11; Linux x86_64) AppleWebKit/537.36 Chrome/113.0.0.0 Safari/537.36"
85.11.167.136 - - [21/Jul/2026:19:51:43 +0000] "GET /wp-includes/js/dist/script-modules/block-library/navigation/view.min.js?ver=96a846e1d7b789c39ab9 HTTP/1.1" 200 3053 "-" "Mozilla/5.0 (Macintosh; Intel Mac OS X 10_15_7) AppleWebKit/605.1.15 (KHTML, like Gecko) Version/15.1 Safari/605.1.15"
85.11.167.136 - - [21/Jul/2026:19:51:43 +0000] "GET /wp-content/plugins/pixelyoursite/dist/scripts/tld.min.js?ver=2.3.1 HTTP/1.1" 200 141079 "-" "Mozilla/5.0 (Windows NT 10.0; Win64; x64) AppleWebKit/537.36 Chrome/114.0.5735.110 Safari/537.36"
85.11.167.136 - - [21/Jul/2026:19:51:47 +0000] "GET /wp-includes/js/jquery/jquery.min.js?ver=3.7.1 HTTP/1.1" 200 87553 "-" "Mozilla/5.0 (X11; Linux x86_64) AppleWebKit/537.36 Chrome/113.0.0.0 Safari/537.36"
85.11.167.136 - - [21/Jul/2026:19:51:48 +0000] "GET /wp-content/plugins/pixelyoursite/dist/scripts/js.cookie-2.1.3.min.js?ver=2.1.3 HTTP/1.1" 200 1709 "-" "Mozilla/5.0 (Macintosh; Intel Mac OS X 10_15_7) AppleWebKit/605.1.15 (KHTML, like Gecko) Version/15.1 Safari/605.1.15"
85.11.167.136 - - [21/Jul/2026:19:51:48 +0000] "GET /wp-emoji-settings HTTP/1.1" 200 82332 "-" "Mozilla/5.0 (Macintosh; Intel Mac OS X 10_15_7) AppleWebKit/605.1.15 (KHTML, like Gecko) Version/15.1 Safari/605.1.15"
85.11.167.136 - - [21/Jul/2026:19:51:51 +0000] "GET /wp-includes/js/wp-emoji-release.min.js?ver=7.0.2 HTTP/1.1" 200 22752 "-" "Mozilla/5.0 (Macintosh; Intel Mac OS X 10_15_7) AppleWebKit/605.1.15 (KHTML, like Gecko) Version/15.1 Safari/605.1.15"
85.11.167.136 - - [21/Jul/2026:19:51:51 +0000] "GET /wp-includes/js/jquery/jquery-migrate.min.js?ver=3.4.1 HTTP/1.1" 200 13577 "-" "Mozilla/5.0 (X11; Linux x86_64) AppleWebKit/537.36 Chrome/113.0.0.0 Safari/537.36"
85.11.167.136 - - [21/Jul/2026:19:51:53 +0000] "GET /wp-block-post-author-name HTTP/1.1" 200 82332 "-" "Mozilla/5.0 (X11; Linux x86_64) AppleWebKit/537.36 Chrome/113.0.0.0 Safari/537.36"
85.11.167.136 - - [21/Jul/2026:19:51:58 +0000] "GET /wp-includes/js/wp-emoji-loader.min.js HTTP/1.1" 200 2890 "-" "Mozilla/5.0 (Windows NT 10.0; Win64; x64) AppleWebKit/537.36 Chrome/114.0.5735.110 Safari/537.36"
85.11.167.136 - - [21/Jul/2026:19:51:58 +0000] "GET /wp-block-post-author-name-inline-css HTTP/1.1" 200 82332 "-" "Mozilla/5.0 (X11; Linux x86_64) AppleWebKit/537.36 Chrome/113.0.0.0 Safari/537.36"
198.177.124.148 - - [21/Jul/2026:19:52:13 +0000] "POST /wp-cron.php?doing_wp_cron=1784663533.0553109645843505859375 HTTP/1.1" 200 - "-" "WordPress/7.0.2; https://mppglobalconcept.shop"
185.191.171.15 - - [21/Jul/2026:19:52:10 +0000] "GET /?h=8083337981100 HTTP/1.1" 200 97535 "-" "Mozilla/5.0 (compatible; SemrushBot/7~bl; +http://www.semrush.com/bot.html)"
185.191.171.10 - - [21/Jul/2026:19:52:53 +0000] "GET /?h=2842560281100 HTTP/1.1" 200 97535 "-" "Mozilla/5.0 (compatible; SemrushBot/7~bl; +http://www.semrush.com/bot.html)"
198.177.124.148 - - [21/Jul/2026:19:57:45 +0000] "POST /wp-cron.php?doing_wp_cron=1784663865.1103060245513916015625 HTTP/1.1" 200 - "-" "WordPress/7.0.2; https://mppglobalconcept.shop"
185.191.171.15 - - [21/Jul/2026:19:57:40 +0000] "GET /?h=22497997781100 HTTP/1.1" 200 97535 "-" "Mozilla/5.0 (compatible; SemrushBot/7~bl; +http://www.semrush.com/bot.html)"
85.208.96.209 - - [21/Jul/2026:19:57:48 +0000] "GET /?h=2553338481100 HTTP/1.1" 200 97535 "-" "Mozilla/5.0 (compatible; SemrushBot/7~bl; +http://www.semrush.com/bot.html)"
198.177.124.148 - - [21/Jul/2026:19:59:46 +0000] "POST /wp-cron.php?doing_wp_cron=1784663986.3108670711517333984375 HTTP/1.1" 200 - "-" "WordPress/7.0.2; https://mppglobalconcept.shop"
150.109.10.41 - - [21/Jul/2026:19:59:43 +0000] "GET / HTTP/1.1" 200 2 "-" "Mozilla/5.0 (iPhone; CPU iPhone OS 13_2_3 like Mac OS X) AppleWebKit/605.1.15 (KHTML, like Gecko) Version/13.0.3 Mobile/15E148 Safari/604.1"
198.177.124.148 - - [21/Jul/2026:20:00:29 +0000] "POST /wp-cron.php?doing_wp_cron=1784664029.6609189510345458984375 HTTP/1.1" 200 - "-" "WordPress/7.0.2; https://mppglobalconcept.shop"
185.191.171.15 - - [21/Jul/2026:20:00:26 +0000] "GET /?h=892931781100 HTTP/1.1" 200 97535 "-" "Mozilla/5.0 (compatible; SemrushBot/7~bl; +http://www.semrush.com/bot.html)"
198.177.124.148 - - [21/Jul/2026:20:02:26 +0000] "POST /wp-cron.php?doing_wp_cron=1784664146.4998819828033447265625 HTTP/1.1" 200 - "-" "WordPress/7.0.2; https://mppglobalconcept.shop"
197.211.59.196 - - [21/Jul/2026:20:02:23 +0000] "GET / HTTP/1.1" 200 97549 "-" "Mozilla/5.0 (Windows NT 10.0; Win64; x64) AppleWebKit/537.36 (KHTML, like Gecko) Chrome/150.0.0.0 Safari/537.36"
197.211.59.196 - - [21/Jul/2026:20:02:29 +0000] "GET /wp-includes/blocks/navigation/style.min.css?ver=7.0.2 HTTP/1.1" 200 20709 "http://mppglobalconcept.shop/" "Mozilla/5.0 (Windows NT 10.0; Win64; x64) AppleWebKit/537.36 (KHTML, like Gecko) Chrome/150.0.0.0 Safari/537.36"
197.211.59.196 - - [21/Jul/2026:20:04:11 +0000] "GET /wp-includes/js/wp-emoji-release.min.js?ver=7.0.2 HTTP/1.1" 200 22752 "http://mppglobalconcept.shop/" "Mozilla/5.0 (Windows NT 10.0; Win64; x64) AppleWebKit/537.36 (KHTML, like Gecko) Chrome/150.0.0.0 Safari/537.36"
198.177.124.148 - - [21/Jul/2026:20:04:38 +0000] "POST /wp-cron.php?doing_wp_cron=1784664278.4913020133972167968750 HTTP/1.1" 200 - "-" "WordPress/7.0.2; https://mppglobalconcept.shop"
172.70.250.16 - - [21/Jul/2026:20:04:36 +0000] "GET /wp-admin/install.php?step=1 HTTP/1.1" 403 82332 "-" "http://mppglobalconcept.shop/wp-admin/install.php?step=1"
197.211.59.196 - - [21/Jul/2026:20:04:11 +0000] "GET /wp-content/themes/twentytwentyfour/assets/fonts/cardo/cardo_normal_400.woff2 HTTP/1.1" 200 146060 "http://mppglobalconcept.shop/" "Mozilla/5.0 (Windows NT 10.0; Win64; x64) AppleWebKit/537.36 (KHTML, like Gecko) Chrome/150.0.0.0 Safari/537.36"
197.211.59.196 - - [21/Jul/2026:20:04:11 +0000] "GET /wp-content/themes/twentytwentyfour/assets/fonts/cardo/cardo_italic_400.woff2 HTTP/1.1" 200 105184 "http://mppglobalconcept.shop/" "Mozilla/5.0 (Windows NT 10.0; Win64; x64) AppleWebKit/537.36 (KHTML, like Gecko) Chrome/150.0.0.0 Safari/537.36"
185.191.171.17 - - [21/Jul/2026:20:07:20 +0000] "GET /robots.txt HTTP/1.1" 200 79 "-" "Mozilla/5.0 (compatible; SemrushBot/7~bl; +http://www.semrush.com/bot.html)"
198.177.124.148 - - [21/Jul/2026:20:07:22 +0000] "POST /wp-cron.php?doing_wp_cron=1784664442.2358200550079345703125 HTTP/1.1" 200 - "-" "WordPress/7.0.2; https://mppglobalconcept.shop"
185.191.171.2 - - [21/Jul/2026:20:07:20 +0000] "GET /?h=12957064781100 HTTP/1.1" 200 97535 "-" "Mozilla/5.0 (compatible; SemrushBot/7~bl; +http://www.semrush.com/bot.html)"
85.208.96.212 - - [21/Jul/2026:20:08:28 +0000] "GET /?h=540986881100 HTTP/1.1" 200 97535 "-" "Mozilla/5.0 (compatible; SemrushBot/7~bl; +http://www.semrush.com/bot.html)"
85.208.96.207 - - [21/Jul/2026:20:09:36 +0000] "GET /?h=15835222581100 HTTP/1.1" 200 97535 "-" "Mozilla/5.0 (compatible; SemrushBot/7~bl; +http://www.semrush.com/bot.html)"
185.191.171.3 - - [21/Jul/2026:20:11:26 +0000] "GET /?h=2111670581100 HTTP/1.1" 200 97535 "-" "Mozilla/5.0 (compatible; SemrushBot/7~bl; +http://www.semrush.com/bot.html)"
185.191.171.4 - - [21/Jul/2026:20:12:08 +0000] "GET /?h=1273993081100 HTTP/1.1" 200 97535 "-" "Mozilla/5.0 (compatible; SemrushBot/7~bl; +http://www.semrush.com/bot.html)"
197.211.59.196 - - [21/Jul/2026:20:12:32 +0000] "GET /favicon.ico HTTP/1.1" 200 2 "http://mppglobalconcept.shop/" "Mozilla/5.0 (Windows NT 10.0; Win64; x64) AppleWebKit/537.36 (KHTML, like Gecko) Chrome/150.0.0.0 Safari/537.36"
172.70.246.40 - - [21/Jul/2026:20:12:57 +0000] "GET /wp-admin/install.php?step=1 HTTP/1.1" 403 82332 "-" "http://mppglobalconcept.shop/wp-admin/install.php?step=1"
85.208.96.201 - - [21/Jul/2026:20:15:40 +0000] "GET /?h=3831297781100 HTTP/1.1" 200 97535 "-" "Mozilla/5.0 (compatible; SemrushBot/7~bl; +http://www.semrush.com/bot.html)"
85.208.96.193 - - [21/Jul/2026:20:17:24 +0000] "GET /?h=15916653881100 HTTP/1.1" 200 97535 "-" "Mozilla/5.0 (compatible; SemrushBot/7~bl; +http://www.semrush.com/bot.html)"
198.177.124.148 - - [21/Jul/2026:20:19:49 +0000] "POST /wp-cron.php?doing_wp_cron=1784665189.9745740890502929687500 HTTP/1.1" 200 - "-" "WordPress/7.0.2; https://mppglobalconcept.shop"
85.208.96.195 - - [21/Jul/2026:20:19:47 +0000] "GET /?h=10071611281100 HTTP/1.1" 200 97535 "-" "Mozilla/5.0 (compatible; SemrushBot/7~bl; +http://www.semrush.com/bot.html)"
185.191.171.15 - - [21/Jul/2026:20:20:02 +0000] "GET /?h=16251243481100 HTTP/1.1" 200 97535 "-" "Mozilla/5.0 (compatible; SemrushBot/7~bl; +http://www.semrush.com/bot.html)"
198.177.124.148 - - [21/Jul/2026:20:24:57 +0000] "POST /wp-cron.php?doing_wp_cron=1784665497.0154640674591064453125 HTTP/1.1" 200 - "-" "WordPress/7.0.2; https://mppglobalconcept.shop"
172.71.148.136 - - [21/Jul/2026:20:24:54 +0000] "GET /wp-admin/install.php?step=1 HTTP/1.1" 403 82332 "-" "http://mppglobalconcept.shop/wp-admin/install.php?step=1"
198.177.124.148 - - [21/Jul/2026:20:26:12 +0000] "POST /wp-cron.php?doing_wp_cron=1784665572.1632220745086669921875 HTTP/1.1" 200 - "-" "WordPress/7.0.2; https://mppglobalconcept.shop"
162.158.86.56 - - [21/Jul/2026:20:26:10 +0000] "GET /wp-admin/install.php?step=1 HTTP/1.1" 403 82332 "-" "http://mppglobalconcept.shop/wp-admin/install.php?step=1"
185.191.171.10 - - [21/Jul/2026:20:26:19 +0000] "GET /?h=21656452481100 HTTP/1.1" 200 97535 "-" "Mozilla/5.0 (compatible; SemrushBot/7~bl; +http://www.semrush.com/bot.html)"
185.191.171.2 - - [21/Jul/2026:20:27:18 +0000] "GET /?h=5471170281100 HTTP/1.1" 200 97535 "-" "Mozilla/5.0 (compatible; SemrushBot/7~bl; +http://www.semrush.com/bot.html)"
185.191.171.14 - - [21/Jul/2026:20:27:49 +0000] "GET /?h=17177606481100 HTTP/1.1" 200 97535 "-" "Mozilla/5.0 (compatible; SemrushBot/7~bl; +http://www.semrush.com/bot.html)"
185.191.171.11 - - [21/Jul/2026:20:27:57 +0000] "GET /?h=18408894881100 HTTP/1.1" 200 97535 "-" "Mozilla/5.0 (compatible; SemrushBot/7~bl; +http://www.semrush.com/bot.html)"
198.177.124.148 - - [21/Jul/2026:20:29:10 +0000] "POST /wp-cron.php?doing_wp_cron=1784665750.6421229839324951171875 HTTP/1.1" 200 - "-" "WordPress/7.0.2; https://mppglobalconcept.shop"
85.208.96.198 - - [21/Jul/2026:20:29:09 +0000] "GET /?h=4729191781100 HTTP/1.1" 200 97535 "-" "Mozilla/5.0 (compatible; SemrushBot/7~bl; +http://www.semrush.com/bot.html)"
185.191.171.2 - - [21/Jul/2026:20:30:31 +0000] "GET /?h=10222023881100 HTTP/1.1" 200 97535 "-" "Mozilla/5.0 (compatible; SemrushBot/7~bl; +http://www.semrush.com/bot.html)"
136.66.77.85 - - [21/Jul/2026:20:30:45 +0000] "GET /wp-login.php HTTP/1.1" 302 - "-" "Mozilla/5.0 (Windows NT 10.0; Win64; x64) AppleWebKit/537.36 (KHTML, like Gecko) HeadlessChrome/150.0.0.0 Safari/537.36"
198.177.124.148 - - [21/Jul/2026:20:32:35 +0000] "POST /wp-cron.php?doing_wp_cron=1784665955.0472090244293212890625 HTTP/1.1" 200 - "-" "WordPress/7.0.2; https://mppglobalconcept.shop"
185.191.171.7 - - [21/Jul/2026:20:32:30 +0000] "GET /?h=11636684181100 HTTP/1.1" 200 97535 "-" "Mozilla/5.0 (compatible; SemrushBot/7~bl; +http://www.semrush.com/bot.html)"
185.191.171.15 - - [21/Jul/2026:20:32:36 +0000] "GET /?h=24936554381100 HTTP/1.1" 200 97535 "-" "Mozilla/5.0 (compatible; SemrushBot/7~bl; +http://www.semrush.com/bot.html)"
85.208.96.207 - - [21/Jul/2026:20:33:47 +0000] "GET /?h=16884259581100 HTTP/1.1" 200 97535 "-" "Mozilla/5.0 (compatible; SemrushBot/7~bl; +http://www.semrush.com/bot.html)"
141.101.98.228 - - [21/Jul/2026:20:34:15 +0000] "GET /wp-admin/install.php?step=1 HTTP/1.1" 403 82332 "-" "http://mppglobalconcept.shop/wp-admin/install.php?step=1"
85.208.96.203 - - [21/Jul/2026:20:37:18 +0000] "GET /?h=3354338281100 HTTP/1.1" 200 97535 "-" "Mozilla/5.0 (compatible; SemrushBot/7~bl; +http://www.semrush.com/bot.html)"
162.158.86.57 - - [21/Jul/2026:20:38:04 +0000] "GET /wp-admin/install.php?step=1 HTTP/1.1" 403 82332 "-" "http://mppglobalconcept.shop/wp-admin/install.php?step=1"
