198.177.124.148 - - [21/Jul/2026:20:43:04 +0000] "POST /wp-cron.php?doing_wp_cron=1784666584.1496489048004150390625 HTTP/1.1" 200 - "-" "WordPress/7.0.2; https://mppglobalconcept.shop"
185.191.171.12 - - [21/Jul/2026:20:43:00 +0000] "GET /?h=22521934981100 HTTP/1.1" 200 97535 "-" "Mozilla/5.0 (compatible; SemrushBot/7~bl; +http://www.semrush.com/bot.html)"
85.208.96.211 - - [21/Jul/2026:20:43:26 +0000] "GET /?h=22663873281100 HTTP/1.1" 200 97535 "-" "Mozilla/5.0 (compatible; SemrushBot/7~bl; +http://www.semrush.com/bot.html)"
85.208.96.208 - - [21/Jul/2026:20:43:35 +0000] "GET /?h=18175731281100 HTTP/1.1" 200 97535 "-" "Mozilla/5.0 (compatible; SemrushBot/7~bl; +http://www.semrush.com/bot.html)"
185.191.171.19 - - [21/Jul/2026:20:44:23 +0000] "GET /?h=21152102981100 HTTP/1.1" 200 97535 "-" "Mozilla/5.0 (compatible; SemrushBot/7~bl; +http://www.semrush.com/bot.html)"
185.191.171.13 - - [21/Jul/2026:20:44:29 +0000] "GET /?h=16463092681100 HTTP/1.1" 200 97535 "-" "Mozilla/5.0 (compatible; SemrushBot/7~bl; +http://www.semrush.com/bot.html)"
85.208.96.205 - - [21/Jul/2026:20:47:29 +0000] "GET /?h=20572439281100 HTTP/1.1" 200 97535 "-" "Mozilla/5.0 (compatible; SemrushBot/7~bl; +http://www.semrush.com/bot.html)"
198.177.124.148 - - [21/Jul/2026:20:49:07 +0000] "POST /wp-cron.php?doing_wp_cron=1784666947.1686789989471435546875 HTTP/1.1" 200 - "-" "WordPress/7.0.2; https://mppglobalconcept.shop"
185.191.171.14 - - [21/Jul/2026:20:49:03 +0000] "GET /?h=3752157281100 HTTP/1.1" 200 97535 "-" "Mozilla/5.0 (compatible; SemrushBot/7~bl; +http://www.semrush.com/bot.html)"
85.208.96.205 - - [21/Jul/2026:20:49:29 +0000] "GET /?h=22639537681100 HTTP/1.1" 200 97535 "-" "Mozilla/5.0 (compatible; SemrushBot/7~bl; +http://www.semrush.com/bot.html)"
172.70.242.239 - - [21/Jul/2026:20:49:53 +0000] "GET /wp-admin/install.php?step=1 HTTP/1.1" 403 82332 "-" "http://mppglobalconcept.shop/wp-admin/install.php?step=1"
185.191.171.16 - - [21/Jul/2026:20:50:55 +0000] "GET /?h=14802710881100 HTTP/1.1" 200 97535 "-" "Mozilla/5.0 (compatible; SemrushBot/7~bl; +http://www.semrush.com/bot.html)"
66.249.77.130 - - [21/Jul/2026:20:58:38 +0000] "GET / HTTP/1.1" 200 159293 "-" "Mozilla/5.0 (Linux; Android 6.0.1; Nexus 5X Build/MMB29P) AppleWebKit/537.36 (KHTML, like Gecko) Chrome/150.0.7871.128 Mobile Safari/537.36 (compatible; Googlebot/2.1; +http://www.google.com/bot.html)"
85.208.96.204 - - [21/Jul/2026:20:59:21 +0000] "GET /?h=16238444881100 HTTP/1.1" 200 97535 "-" "Mozilla/5.0 (compatible; SemrushBot/7~bl; +http://www.semrush.com/bot.html)"
185.191.171.15 - - [21/Jul/2026:20:59:27 +0000] "GET /?h=14025374381100 HTTP/1.1" 200 97535 "-" "Mozilla/5.0 (compatible; SemrushBot/7~bl; +http://www.semrush.com/bot.html)"
119.45.7.86 - - [21/Jul/2026:20:59:56 +0000] "GET / HTTP/1.1" 200 97535 "-" "Mozilla/5.0 (iPhone; CPU iPhone OS 13_2_3 like Mac OS X) AppleWebKit/605.1.15 (KHTML, like Gecko) Version/13.0.3 Mobile/15E148 Safari/604.1"
185.191.171.9 - - [21/Jul/2026:21:00:46 +0000] "GET /?h=16334973881100 HTTP/1.1" 200 97535 "-" "Mozilla/5.0 (compatible; SemrushBot/7~bl; +http://www.semrush.com/bot.html)"
85.208.96.211 - - [21/Jul/2026:21:01:11 +0000] "GET /?h=24284888181100 HTTP/1.1" 200 97535 "-" "Mozilla/5.0 (compatible; SemrushBot/7~bl; +http://www.semrush.com/bot.html)"
85.208.96.209 - - [21/Jul/2026:21:04:34 +0000] "GET /?h=6699030781100 HTTP/1.1" 200 97535 "-" "Mozilla/5.0 (compatible; SemrushBot/7~bl; +http://www.semrush.com/bot.html)"
43.152.72.244 - - [21/Jul/2026:21:06:19 +0000] "GET / HTTP/1.1" 200 2 "-" "Mozilla/5.0 (iPhone; CPU iPhone OS 13_2_3 like Mac OS X) AppleWebKit/605.1.15 (KHTML, like Gecko) Version/13.0.3 Mobile/15E148 Safari/604.1"
185.191.171.12 - - [21/Jul/2026:21:07:15 +0000] "GET /?h=24040486381100 HTTP/1.1" 200 97535 "-" "Mozilla/5.0 (compatible; SemrushBot/7~bl; +http://www.semrush.com/bot.html)"
185.191.171.11 - - [21/Jul/2026:21:08:05 +0000] "GET /robots.txt HTTP/1.1" 200 75 "-" "Mozilla/5.0 (compatible; SemrushBot/7~bl; +http://www.semrush.com/bot.html)"
198.177.124.148 - - [21/Jul/2026:21:08:09 +0000] "POST /wp-cron.php?doing_wp_cron=1784668089.2004389762878417968750 HTTP/1.1" 200 - "-" "WordPress/7.0.2; https://mppglobalconcept.shop"
85.208.96.206 - - [21/Jul/2026:21:08:05 +0000] "GET /?h=13332042181100 HTTP/1.1" 200 97535 "-" "Mozilla/5.0 (compatible; SemrushBot/7~bl; +http://www.semrush.com/bot.html)"
185.191.171.4 - - [21/Jul/2026:21:10:40 +0000] "GET /?h=11587921681100 HTTP/1.1" 200 97535 "-" "Mozilla/5.0 (compatible; SemrushBot/7~bl; +http://www.semrush.com/bot.html)"
172.71.182.139 - - [21/Jul/2026:21:10:57 +0000] "GET /wp-admin/install.php?step=1 HTTP/1.1" 403 82332 "-" "http://mppglobalconcept.shop/wp-admin/install.php?step=1"
198.177.124.148 - - [21/Jul/2026:21:14:41 +0000] "POST /wp-cron.php?doing_wp_cron=1784668480.9950809478759765625000 HTTP/1.1" 200 - "-" "WordPress/7.0.2; https://mppglobalconcept.shop"
185.191.171.13 - - [21/Jul/2026:21:14:37 +0000] "GET /?h=8655764081100 HTTP/1.1" 200 97535 "-" "Mozilla/5.0 (compatible; SemrushBot/7~bl; +http://www.semrush.com/bot.html)"
85.208.96.202 - - [21/Jul/2026:21:15:13 +0000] "GET /?h=12095167881100 HTTP/1.1" 200 97535 "-" "Mozilla/5.0 (compatible; SemrushBot/7~bl; +http://www.semrush.com/bot.html)"
85.208.96.201 - - [21/Jul/2026:21:17:28 +0000] "GET /?h=22670961481100 HTTP/1.1" 200 97535 "-" "Mozilla/5.0 (compatible; SemrushBot/7~bl; +http://www.semrush.com/bot.html)"
198.177.124.148 - - [21/Jul/2026:21:18:12 +0000] "POST /wp-cron.php?doing_wp_cron=1784668692.1400790214538574218750 HTTP/1.1" 200 - "-" "WordPress/7.0.2; https://mppglobalconcept.shop"
85.208.96.193 - - [21/Jul/2026:21:18:08 +0000] "GET /?h=19194473281100 HTTP/1.1" 200 97535 "-" "Mozilla/5.0 (compatible; SemrushBot/7~bl; +http://www.semrush.com/bot.html)"
46.138.250.165 - - [21/Jul/2026:21:19:17 +0000] "GET / HTTP/1.1" 200 97535 "https://aicrawler.store" "Mozilla/5.0 (Windows NT 10.0; Win64; x64) AppleWebKit/537.36 (KHTML, like Gecko) Chrome/123.0.0.0 Safari/537.36 Edg/123.0.2420.81"
46.138.250.165 - - [21/Jul/2026:21:19:22 +0000] "GET / HTTP/1.1" 200 97535 "-" "-"
185.191.171.15 - - [21/Jul/2026:21:19:26 +0000] "GET /?h=9230713381100 HTTP/1.1" 200 97535 "-" "Mozilla/5.0 (compatible; SemrushBot/7~bl; +http://www.semrush.com/bot.html)"
85.208.96.203 - - [21/Jul/2026:21:22:26 +0000] "GET /?h=12127612581100 HTTP/1.1" 200 97535 "-" "Mozilla/5.0 (compatible; SemrushBot/7~bl; +http://www.semrush.com/bot.html)"
198.177.124.148 - - [21/Jul/2026:21:24:55 +0000] "POST /wp-cron.php?doing_wp_cron=1784669095.5721650123596191406250 HTTP/1.1" 200 - "-" "WordPress/7.0.2; https://mppglobalconcept.shop"
85.208.96.198 - - [21/Jul/2026:21:24:54 +0000] "GET /?h=7778279781100 HTTP/1.1" 200 97535 "-" "Mozilla/5.0 (compatible; SemrushBot/7~bl; +http://www.semrush.com/bot.html)"
185.191.171.12 - - [21/Jul/2026:21:27:38 +0000] "GET /?h=14531964881100 HTTP/1.1" 200 97535 "-" "Mozilla/5.0 (compatible; SemrushBot/7~bl; +http://www.semrush.com/bot.html)"
198.177.124.148 - - [21/Jul/2026:21:29:05 +0000] "POST /wp-cron.php?doing_wp_cron=1784669345.5961329936981201171875 HTTP/1.1" 200 - "-" "WordPress/7.0.2; https://mppglobalconcept.shop"
185.191.171.6 - - [21/Jul/2026:21:29:03 +0000] "GET /?h=3826649781100 HTTP/1.1" 200 97535 "-" "Mozilla/5.0 (compatible; SemrushBot/7~bl; +http://www.semrush.com/bot.html)"
172.70.240.28 - - [21/Jul/2026:21:31:05 +0000] "GET /wp-admin/install.php?step=1 HTTP/1.1" 403 82332 "-" "http://mppglobalconcept.shop/wp-admin/install.php?step=1"
85.208.96.196 - - [21/Jul/2026:21:31:57 +0000] "GET /?h=8055117981100 HTTP/1.1" 200 97535 "-" "Mozilla/5.0 (compatible; SemrushBot/7~bl; +http://www.semrush.com/bot.html)"
85.208.96.209 - - [21/Jul/2026:21:41:47 +0000] "GET /?h=14482903581100 HTTP/1.1" 200 97535 "-" "Mozilla/5.0 (compatible; SemrushBot/7~bl; +http://www.semrush.com/bot.html)"
104.28.156.137 - - [21/Jul/2026:21:46:46 +0000] "GET / HTTP/1.1" 200 97535 "-" "Python/3.14 aiohttp/3.13.3"
85.208.96.203 - - [21/Jul/2026:21:46:55 +0000] "GET /?h=1192686281100 HTTP/1.1" 200 97535 "-" "Mozilla/5.0 (compatible; SemrushBot/7~bl; +http://www.semrush.com/bot.html)"
198.177.124.148 - - [21/Jul/2026:21:51:22 +0000] "POST /wp-cron.php?doing_wp_cron=1784670682.9751970767974853515625 HTTP/1.1" 200 - "-" "WordPress/7.0.2; https://mppglobalconcept.shop"
104.23.209.186 - - [21/Jul/2026:21:51:21 +0000] "GET /wp-admin/install.php?step=1 HTTP/1.1" 403 82332 "-" "http://mppglobalconcept.shop/wp-admin/install.php?step=1"
85.208.96.208 - - [21/Jul/2026:21:52:06 +0000] "GET /?h=4987977481100 HTTP/1.1" 200 97535 "-" "Mozilla/5.0 (compatible; SemrushBot/7~bl; +http://www.semrush.com/bot.html)"
185.191.171.14 - - [21/Jul/2026:21:53:31 +0000] "GET /?h=6548070381100 HTTP/1.1" 200 97535 "-" "Mozilla/5.0 (compatible; SemrushBot/7~bl; +http://www.semrush.com/bot.html)"
185.191.171.10 - - [21/Jul/2026:21:53:59 +0000] "GET /?h=23477522281100 HTTP/1.1" 200 238 "-" "Mozilla/5.0 (compatible; SemrushBot/7~bl; +http://www.semrush.com/bot.html)"
85.208.96.197 - - [21/Jul/2026:21:54:33 +0000] "GET /?h=13304668781100 HTTP/1.1" 200 97535 "-" "Mozilla/5.0 (compatible; SemrushBot/7~bl; +http://www.semrush.com/bot.html)"
172.70.242.238 - - [21/Jul/2026:21:56:40 +0000] "GET /wp-admin/install.php?step=1 HTTP/1.1" 403 82332 "-" "http://mppglobalconcept.shop/wp-admin/install.php?step=1"
185.191.171.19 - - [21/Jul/2026:22:00:02 +0000] "GET /?h=8572896881100 HTTP/1.1" 200 97535 "-" "Mozilla/5.0 (compatible; SemrushBot/7~bl; +http://www.semrush.com/bot.html)"
198.177.124.148 - - [21/Jul/2026:22:02:23 +0000] "GET /.well-known/acme-challenge/6_-QZY5GFSKHITMGCQW3T-A-7W_373SA HTTP/1.1" 200 64 "-" "Cpanel-HTTP-Client/1.0"
198.177.124.148 - - [21/Jul/2026:22:02:23 +0000] "GET /.well-known/acme-challenge/N39SUW3VA7KHT567BYARDQ73XP52UU3G HTTP/1.1" 200 64 "-" "Cpanel-HTTP-Client/1.0"
185.191.171.8 - - [21/Jul/2026:22:02:25 +0000] "GET /?h=12523157381100 HTTP/1.1" 200 97535 "-" "Mozilla/5.0 (compatible; SemrushBot/7~bl; +http://www.semrush.com/bot.html)"
185.191.171.8 - - [21/Jul/2026:22:01:35 +0000] "GET /?h=12523157381100 HTTP/1.1" 200 97535 "-" "Mozilla/5.0 (compatible; SemrushBot/7~bl; +http://www.semrush.com/bot.html)"
185.191.171.10 - - [21/Jul/2026:22:13:39 +0000] "GET /robots.txt HTTP/1.1" 200 75 "-" "Mozilla/5.0 (compatible; SemrushBot/7~bl; +http://www.semrush.com/bot.html)"
185.191.171.17 - - [21/Jul/2026:22:13:40 +0000] "GET /?h=6136564681100 HTTP/1.1" 200 97535 "-" "Mozilla/5.0 (compatible; SemrushBot/7~bl; +http://www.semrush.com/bot.html)"
185.191.171.8 - - [21/Jul/2026:22:14:21 +0000] "GET /?h=4685757881100 HTTP/1.1" 200 97535 "-" "Mozilla/5.0 (compatible; SemrushBot/7~bl; +http://www.semrush.com/bot.html)"
172.71.144.76 - - [21/Jul/2026:22:14:41 +0000] "GET /wp-admin/install.php?step=1 HTTP/1.1" 403 82332 "-" "http://mppglobalconcept.shop/wp-admin/install.php?step=1"
185.191.171.1 - - [21/Jul/2026:22:15:19 +0000] "GET /?h=21060744881100 HTTP/1.1" 200 97535 "-" "Mozilla/5.0 (compatible; SemrushBot/7~bl; +http://www.semrush.com/bot.html)"
185.191.171.4 - - [21/Jul/2026:22:15:25 +0000] "GET /?h=14884274981100 HTTP/1.1" 200 97535 "-" "Mozilla/5.0 (compatible; SemrushBot/7~bl; +http://www.semrush.com/bot.html)"
185.191.171.9 - - [21/Jul/2026:22:17:51 +0000] "GET /?h=15232783681100 HTTP/1.1" 200 97535 "-" "Mozilla/5.0 (compatible; SemrushBot/7~bl; +http://www.semrush.com/bot.html)"
85.208.96.212 - - [21/Jul/2026:22:20:12 +0000] "GET /?h=20671748781100 HTTP/1.1" 200 97535 "-" "Mozilla/5.0 (compatible; SemrushBot/7~bl; +http://www.semrush.com/bot.html)"
172.70.246.41 - - [21/Jul/2026:22:21:46 +0000] "GET /wp-admin/install.php?step=1 HTTP/1.1" 403 82332 "-" "http://mppglobalconcept.shop/wp-admin/install.php?step=1"
185.191.171.9 - - [21/Jul/2026:22:30:35 +0000] "GET /?h=21652725781100 HTTP/1.1" 200 97535 "-" "Mozilla/5.0 (compatible; SemrushBot/7~bl; +http://www.semrush.com/bot.html)"
85.208.96.195 - - [21/Jul/2026:22:34:35 +0000] "GET /?h=3026147981100 HTTP/1.1" 200 97535 "-" "Mozilla/5.0 (compatible; SemrushBot/7~bl; +http://www.semrush.com/bot.html)"
198.177.124.148 - - [21/Jul/2026:22:38:04 +0000] "POST /wp-cron.php?doing_wp_cron=1784673484.2760579586029052734375 HTTP/1.1" 200 - "-" "WordPress/7.0.2; https://mppglobalconcept.shop"
185.191.171.9 - - [21/Jul/2026:22:38:01 +0000] "GET /?h=18845084781100 HTTP/1.1" 200 97535 "-" "Mozilla/5.0 (compatible; SemrushBot/7~bl; +http://www.semrush.com/bot.html)"
85.208.96.199 - - [21/Jul/2026:22:38:23 +0000] "GET /?h=21740938181100 HTTP/1.1" 200 97535 "-" "Mozilla/5.0 (compatible; SemrushBot/7~bl; +http://www.semrush.com/bot.html)"
43.157.147.3 - - [21/Jul/2026:22:39:52 +0000] "GET / HTTP/1.1" 200 97535 "-" "Mozilla/5.0 (iPhone; CPU iPhone OS 13_2_3 like Mac OS X) AppleWebKit/605.1.15 (KHTML, like Gecko) Version/13.0.3 Mobile/15E148 Safari/604.1"
85.208.96.206 - - [21/Jul/2026:22:40:24 +0000] "GET /?h=11532153981100 HTTP/1.1" 200 97535 "-" "Mozilla/5.0 (compatible; SemrushBot/7~bl; +http://www.semrush.com/bot.html)"
85.208.96.209 - - [21/Jul/2026:22:42:23 +0000] "GET /?h=5476498881100 HTTP/1.1" 200 97535 "-" "Mozilla/5.0 (compatible; SemrushBot/7~bl; +http://www.semrush.com/bot.html)"
45.92.85.252 - - [21/Jul/2026:22:43:38 +0000] "GET / HTTP/1.1" 200 97535 "-" "Mozilla/5.0 (Windows NT 10.0; Win64; x64) AppleWebKit/537.36 (KHTML, like Gecko) Chrome/94.0.4606.61 Safari/537.36"
104.23.223.32 - - [21/Jul/2026:22:43:40 +0000] "GET /wp-admin/install.php?step=1 HTTP/1.1" 403 82332 "-" "http://mppglobalconcept.shop/wp-admin/install.php?step=1"
85.208.96.205 - - [21/Jul/2026:22:45:45 +0000] "GET /?h=24935292781100 HTTP/1.1" 200 97535 "-" "Mozilla/5.0 (compatible; SemrushBot/7~bl; +http://www.semrush.com/bot.html)"
172.71.144.77 - - [21/Jul/2026:22:47:13 +0000] "GET /wp-admin/install.php?step=1 HTTP/1.1" 403 82332 "-" "http://mppglobalconcept.shop/wp-admin/install.php?step=1"
185.191.171.12 - - [21/Jul/2026:22:47:56 +0000] "GET /?h=1044099681100 HTTP/1.1" 200 97535 "-" "Mozilla/5.0 (compatible; SemrushBot/7~bl; +http://www.semrush.com/bot.html)"
85.208.96.209 - - [21/Jul/2026:22:49:19 +0000] "GET /?h=13236260181100 HTTP/1.1" 200 97535 "-" "Mozilla/5.0 (compatible; SemrushBot/7~bl; +http://www.semrush.com/bot.html)"
198.177.124.148 - - [21/Jul/2026:22:52:58 +0000] "POST /wp-cron.php?doing_wp_cron=1784674378.6149868965148925781250 HTTP/1.1" 200 - "-" "WordPress/7.0.2; https://mppglobalconcept.shop"
85.208.96.194 - - [21/Jul/2026:22:52:54 +0000] "GET /?h=20908348581100 HTTP/1.1" 200 97535 "-" "Mozilla/5.0 (compatible; SemrushBot/7~bl; +http://www.semrush.com/bot.html)"
85.208.96.209 - - [21/Jul/2026:22:59:49 +0000] "GET /?h=17819304381100 HTTP/1.1" 200 97535 "-" "Mozilla/5.0 (compatible; SemrushBot/7~bl; +http://www.semrush.com/bot.html)"
104.23.223.32 - - [21/Jul/2026:23:01:53 +0000] "GET /wp-admin/install.php?step=1 HTTP/1.1" 403 82332 "-" "http://mppglobalconcept.shop/wp-admin/install.php?step=1"
198.177.124.148 - - [21/Jul/2026:23:02:18 +0000] "POST /wp-cron.php?doing_wp_cron=1784674938.1157259941101074218750 HTTP/1.1" 200 - "-" "WordPress/7.0.2; https://mppglobalconcept.shop"
136.67.60.28 - - [21/Jul/2026:23:02:13 +0000] "GET /wp-content/plugins/helodoly/wp-config-sample.php HTTP/1.1" 200 82332 "-" "Mozilla/5.0 (Windows NT 10.0; Win64; x64) AppleWebKit/537.36 (KHTML, like Gecko) Chrome/91.0.4472.124 Safari/537.36"
185.191.171.5 - - [21/Jul/2026:23:05:28 +0000] "GET /?h=11803148981100 HTTP/1.1" 200 97535 "-" "Mozilla/5.0 (compatible; SemrushBot/7~bl; +http://www.semrush.com/bot.html)"
185.191.171.4 - - [21/Jul/2026:23:07:55 +0000] "GET /?h=17795358881100 HTTP/1.1" 200 97535 "-" "Mozilla/5.0 (compatible; SemrushBot/7~bl; +http://www.semrush.com/bot.html)"
198.177.124.148 - - [21/Jul/2026:23:12:21 +0000] "POST /wp-cron.php?doing_wp_cron=1784675541.6520590782165527343750 HTTP/1.1" 200 - "-" "WordPress/7.0.2; https://mppglobalconcept.shop"
85.208.96.204 - - [21/Jul/2026:23:12:17 +0000] "GET /?h=11089249381100 HTTP/1.1" 200 97535 "-" "Mozilla/5.0 (compatible; SemrushBot/7~bl; +http://www.semrush.com/bot.html)"
185.191.171.5 - - [21/Jul/2026:23:15:08 +0000] "GET /robots.txt HTTP/1.1" 200 75 "-" "Mozilla/5.0 (compatible; SemrushBot/7~bl; +http://www.semrush.com/bot.html)"
198.177.124.148 - - [21/Jul/2026:23:15:17 +0000] "POST /wp-cron.php?doing_wp_cron=1784675717.4791400432586669921875 HTTP/1.1" 200 - "-" "WordPress/7.0.2; https://mppglobalconcept.shop"
85.208.96.205 - - [21/Jul/2026:23:15:13 +0000] "GET /?h=20295435081100 HTTP/1.1" 200 97535 "-" "Mozilla/5.0 (compatible; SemrushBot/7~bl; +http://www.semrush.com/bot.html)"
136.67.60.28 - - [21/Jul/2026:23:15:24 +0000] "GET /bootstrap.php HTTP/1.1" 403 82332 "-" "Mozilla/5.0 (Windows NT 10.0; Win64; x64) AppleWebKit/537.36 (KHTML, like Gecko) Chrome/91.0.4472.124 Safari/537.36"
198.177.124.148 - - [21/Jul/2026:23:16:09 +0000] "POST /wp-cron.php?doing_wp_cron=1784675769.4241580963134765625000 HTTP/1.1" 200 - "-" "WordPress/7.0.2; https://mppglobalconcept.shop"
136.67.60.28 - - [21/Jul/2026:23:15:50 +0000] "GET /system/bootstrap.php HTTP/1.1" 403 82332 "-" "Mozilla/5.0 (Windows NT 10.0; Win64; x64) AppleWebKit/537.36 (KHTML, like Gecko) Chrome/91.0.4472.124 Safari/537.36"
172.71.172.168 - - [21/Jul/2026:23:16:05 +0000] "GET /wp-admin/install.php?step=1 HTTP/1.1" 403 82332 "-" "http://mppglobalconcept.shop/wp-admin/install.php?step=1"
198.177.124.148 - - [21/Jul/2026:23:17:28 +0000] "POST /wp-cron.php?doing_wp_cron=1784675848.7350459098815917968750 HTTP/1.1" 200 - "-" "WordPress/7.0.2; https://mppglobalconcept.shop"
170.106.163.48 - - [21/Jul/2026:23:17:25 +0000] "GET / HTTP/1.1" 200 2 "-" "Mozilla/5.0 (iPhone; CPU iPhone OS 13_2_3 like Mac OS X) AppleWebKit/605.1.15 (KHTML, like Gecko) Version/13.0.3 Mobile/15E148 Safari/604.1"
85.208.96.211 - - [21/Jul/2026:23:17:58 +0000] "GET /?h=21702932481100 HTTP/1.1" 200 97535 "-" "Mozilla/5.0 (compatible; SemrushBot/7~bl; +http://www.semrush.com/bot.html)"
198.177.124.148 - - [21/Jul/2026:23:19:45 +0000] "POST /wp-cron.php?doing_wp_cron=1784675985.0874280929565429687500 HTTP/1.1" 200 - "-" "WordPress/7.0.2; https://mppglobalconcept.shop"
185.191.171.1 - - [21/Jul/2026:23:19:41 +0000] "GET /?h=21142831881100 HTTP/1.1" 200 97535 "-" "Mozilla/5.0 (compatible; SemrushBot/7~bl; +http://www.semrush.com/bot.html)"
198.177.124.148 - - [21/Jul/2026:23:20:17 +0000] "POST /wp-cron.php?doing_wp_cron=1784676017.0090799331665039062500 HTTP/1.1" 200 - "-" "WordPress/7.0.2; https://mppglobalconcept.shop"
185.191.171.17 - - [21/Jul/2026:23:20:14 +0000] "GET /?h=1851988481100 HTTP/1.1" 200 97535 "-" "Mozilla/5.0 (compatible; SemrushBot/7~bl; +http://www.semrush.com/bot.html)"
198.177.124.148 - - [21/Jul/2026:23:26:53 +0000] "POST /wp-cron.php?doing_wp_cron=1784676413.1395070552825927734375 HTTP/1.1" 200 - "-" "WordPress/7.0.2; https://mppglobalconcept.shop"
85.208.96.193 - - [21/Jul/2026:23:26:49 +0000] "GET /?h=14670724281100 HTTP/1.1" 200 97535 "-" "Mozilla/5.0 (compatible; SemrushBot/7~bl; +http://www.semrush.com/bot.html)"
198.177.124.148 - - [21/Jul/2026:23:27:48 +0000] "POST /wp-cron.php?doing_wp_cron=1784676468.6650528907775878906250 HTTP/1.1" 200 - "-" "WordPress/7.0.2; https://mppglobalconcept.shop"
172.69.151.31 - - [21/Jul/2026:23:27:45 +0000] "GET /wp-admin/install.php?step=1 HTTP/1.1" 403 82332 "-" "http://mppglobalconcept.shop/wp-admin/install.php?step=1"
198.177.124.148 - - [21/Jul/2026:23:28:50 +0000] "POST /wp-cron.php?doing_wp_cron=1784676530.3089730739593505859375 HTTP/1.1" 200 - "-" "WordPress/7.0.2; https://mppglobalconcept.shop"
185.191.171.12 - - [21/Jul/2026:23:28:46 +0000] "GET /?h=2435669381100 HTTP/1.1" 200 97535 "-" "Mozilla/5.0 (compatible; SemrushBot/7~bl; +http://www.semrush.com/bot.html)"
198.177.124.148 - - [21/Jul/2026:23:29:42 +0000] "POST /wp-cron.php?doing_wp_cron=1784676582.7649519443511962890625 HTTP/1.1" 200 - "-" "WordPress/7.0.2; https://mppglobalconcept.shop"
185.191.171.19 - - [21/Jul/2026:23:29:39 +0000] "GET /?h=23902971981100 HTTP/1.1" 200 97535 "-" "Mozilla/5.0 (compatible; SemrushBot/7~bl; +http://www.semrush.com/bot.html)"
85.208.96.202 - - [21/Jul/2026:23:29:44 +0000] "GET /?h=7675143981100 HTTP/1.1" 200 97535 "-" "Mozilla/5.0 (compatible; SemrushBot/7~bl; +http://www.semrush.com/bot.html)"
198.177.124.148 - - [21/Jul/2026:23:30:50 +0000] "POST /wp-cron.php?doing_wp_cron=1784676650.2667200565338134765625 HTTP/1.1" 200 - "-" "WordPress/7.0.2; https://mppglobalconcept.shop"
185.191.171.14 - - [21/Jul/2026:23:30:46 +0000] "GET /?h=13283885581100 HTTP/1.1" 200 97535 "-" "Mozilla/5.0 (compatible; SemrushBot/7~bl; +http://www.semrush.com/bot.html)"
85.208.96.195 - - [21/Jul/2026:23:30:51 +0000] "GET /?h=2483435881100 HTTP/1.1" 200 97535 "-" "Mozilla/5.0 (compatible; SemrushBot/7~bl; +http://www.semrush.com/bot.html)"
198.177.124.148 - - [21/Jul/2026:23:34:40 +0000] "POST /wp-cron.php?doing_wp_cron=1784676880.0811409950256347656250 HTTP/1.1" 200 - "-" "WordPress/7.0.2; https://mppglobalconcept.shop"
85.208.96.199 - - [21/Jul/2026:23:34:33 +0000] "GET /?h=9643580281100 HTTP/1.1" 200 97535 "-" "Mozilla/5.0 (compatible; SemrushBot/7~bl; +http://www.semrush.com/bot.html)"
85.208.96.203 - - [21/Jul/2026:23:34:45 +0000] "GET /?h=2759361081100 HTTP/1.1" 200 97535 "-" "Mozilla/5.0 (compatible; SemrushBot/7~bl; +http://www.semrush.com/bot.html)"
198.177.124.148 - - [21/Jul/2026:23:35:13 +0000] "POST /wp-cron.php?doing_wp_cron=1784676913.6886579990386962890625 HTTP/1.1" 200 - "-" "WordPress/7.0.2; https://mppglobalconcept.shop"
185.191.171.5 - - [21/Jul/2026:23:35:08 +0000] "GET /?h=24030708981100 HTTP/1.1" 200 97535 "-" "Mozilla/5.0 (compatible; SemrushBot/7~bl; +http://www.semrush.com/bot.html)"
198.177.124.148 - - [21/Jul/2026:23:36:14 +0000] "POST /wp-cron.php?doing_wp_cron=1784676974.2138600349426269531250 HTTP/1.1" 200 - "-" "WordPress/7.0.2; https://mppglobalconcept.shop"
85.208.96.199 - - [21/Jul/2026:23:36:10 +0000] "GET /?h=4442127981100 HTTP/1.1" 200 97535 "-" "Mozilla/5.0 (compatible; SemrushBot/7~bl; +http://www.semrush.com/bot.html)"
172.71.172.169 - - [21/Jul/2026:23:36:46 +0000] "GET /wp-admin/install.php?step=1 HTTP/1.1" 403 82332 "-" "http://mppglobalconcept.shop/wp-admin/install.php?step=1"
198.177.124.148 - - [21/Jul/2026:23:38:42 +0000] "POST /wp-cron.php?doing_wp_cron=1784677122.4219911098480224609375 HTTP/1.1" 200 - "-" "WordPress/7.0.2; https://mppglobalconcept.shop"
185.191.171.12 - - [21/Jul/2026:23:38:39 +0000] "GET /?h=1748470881100 HTTP/1.1" 200 97535 "-" "Mozilla/5.0 (compatible; SemrushBot/7~bl; +http://www.semrush.com/bot.html)"
198.177.124.148 - - [22/Jul/2026:00:08:31 +0000] "POST /wp-cron.php?doing_wp_cron=1784678911.4041569232940673828125 HTTP/1.1" 200 - "-" "WordPress/7.0.2; https://mppglobalconcept.shop"
104.23.217.133 - - [22/Jul/2026:00:08:28 +0000] "GET /wp-admin/install.php?step=1 HTTP/1.1" 403 82332 "-" "http://mppglobalconcept.shop/wp-admin/install.php?step=1"
198.177.124.148 - - [22/Jul/2026:00:10:20 +0000] "POST /wp-cron.php?doing_wp_cron=1784679020.4188570976257324218750 HTTP/1.1" 200 - "-" "WordPress/7.0.2; https://mppglobalconcept.shop"
85.208.96.208 - - [22/Jul/2026:00:10:18 +0000] "GET /?h=5272061581100 HTTP/1.1" 200 97535 "-" "Mozilla/5.0 (compatible; SemrushBot/7~bl; +http://www.semrush.com/bot.html)"
185.191.171.12 - - [22/Jul/2026:00:12:26 +0000] "GET /?h=15513165981100 HTTP/1.1" 200 97535 "-" "Mozilla/5.0 (compatible; SemrushBot/7~bl; +http://www.semrush.com/bot.html)"
85.208.96.203 - - [22/Jul/2026:00:16:12 +0000] "GET /robots.txt HTTP/1.1" 200 75 "-" "Mozilla/5.0 (compatible; SemrushBot/7~bl; +http://www.semrush.com/bot.html)"
198.177.124.148 - - [22/Jul/2026:00:16:14 +0000] "POST /wp-cron.php?doing_wp_cron=1784679374.1606500148773193359375 HTTP/1.1" 200 - "-" "WordPress/7.0.2; https://mppglobalconcept.shop"
185.191.171.12 - - [22/Jul/2026:00:16:12 +0000] "GET /?h=23210594281100 HTTP/1.1" 200 97535 "-" "Mozilla/5.0 (compatible; SemrushBot/7~bl; +http://www.semrush.com/bot.html)"
162.158.95.26 - - [22/Jul/2026:00:16:14 +0000] "GET /wp-admin/install.php?step=1 HTTP/1.1" 403 82332 "-" "http://mppglobalconcept.shop/wp-admin/install.php?step=1"
103.196.9.131 - - [22/Jul/2026:00:16:27 +0000] "GET /wp-includes/blocks/navigation/style.min.css?ver=7.0.2 HTTP/1.1" 200 20709 "http://mppglobalconcept.shop/" "Mozilla/5.0 (iPhone; CPU iPhone OS 26_3 like Mac OS X) AppleWebKit/605.1.15 (KHTML, like Gecko) CriOS/144.0.7559.95 Mobile/15E148 Safari/604.1"
103.196.9.131 - - [22/Jul/2026:00:16:26 +0000] "GET / HTTP/1.1" 200 97535 "-" "Mozilla/5.0 (iPhone; CPU iPhone OS 26_3 like Mac OS X) AppleWebKit/605.1.15 (KHTML, like Gecko) CriOS/144.0.7559.95 Mobile/15E148 Safari/604.1"
103.196.9.131 - - [22/Jul/2026:00:16:27 +0000] "GET /wp-includes/js/jquery/jquery.min.js?ver=3.7.1 HTTP/1.1" 200 87553 "http://mppglobalconcept.shop/" "Mozilla/5.0 (iPhone; CPU iPhone OS 26_3 like Mac OS X) AppleWebKit/605.1.15 (KHTML, like Gecko) CriOS/144.0.7559.95 Mobile/15E148 Safari/604.1"
103.196.9.131 - - [22/Jul/2026:00:16:33 +0000] "GET /wp-includes/js/jquery/jquery-migrate.min.js?ver=3.4.1 HTTP/1.1" 200 13577 "http://mppglobalconcept.shop/" "Mozilla/5.0 (iPhone; CPU iPhone OS 26_3 like Mac OS X) AppleWebKit/605.1.15 (KHTML, like Gecko) CriOS/144.0.7559.95 Mobile/15E148 Safari/604.1"
103.196.9.131 - - [22/Jul/2026:00:16:34 +0000] "GET /wp-includes/js/dist/script-modules/interactivity/index.min.js?ver=efaa5193bbad9c60ffd1 HTTP/1.1" 200 40106 "http://mppglobalconcept.shop/" "Mozilla/5.0 (iPhone; CPU iPhone OS 26_3 like Mac OS X) AppleWebKit/605.1.15 (KHTML, like Gecko) CriOS/144.0.7559.95 Mobile/15E148 Safari/604.1"
103.196.9.131 - - [22/Jul/2026:00:16:34 +0000] "GET /wp-content/themes/twentytwentyfour/assets/images/tourist-and-building.webp HTTP/1.1" 200 66482 "http://mppglobalconcept.shop/" "Mozilla/5.0 (iPhone; CPU iPhone OS 26_3 like Mac OS X) AppleWebKit/605.1.15 (KHTML, like Gecko) CriOS/144.0.7559.95 Mobile/15E148 Safari/604.1"
103.196.9.131 - - [22/Jul/2026:00:16:34 +0000] "GET /wp-includes/js/dist/script-modules/block-library/navigation/view.min.js?ver=96a846e1d7b789c39ab9 HTTP/1.1" 200 3053 "http://mppglobalconcept.shop/" "Mozilla/5.0 (iPhone; CPU iPhone OS 26_3 like Mac OS X) AppleWebKit/605.1.15 (KHTML, like Gecko) CriOS/144.0.7559.95 Mobile/15E148 Safari/604.1"
103.196.9.131 - - [22/Jul/2026:00:16:34 +0000] "GET /wp-content/themes/twentytwentyfour/assets/images/building-exterior.webp HTTP/1.1" 200 199724 "http://mppglobalconcept.shop/" "Mozilla/5.0 (iPhone; CPU iPhone OS 26_3 like Mac OS X) AppleWebKit/605.1.15 (KHTML, like Gecko) CriOS/144.0.7559.95 Mobile/15E148 Safari/604.1"
103.196.9.131 - - [22/Jul/2026:00:16:34 +0000] "GET /wp-content/themes/twentytwentyfour/assets/images/windows.webp HTTP/1.1" 200 126244 "http://mppglobalconcept.shop/" "Mozilla/5.0 (iPhone; CPU iPhone OS 26_3 like Mac OS X) AppleWebKit/605.1.15 (KHTML, like Gecko) CriOS/144.0.7559.95 Mobile/15E148 Safari/604.1"
103.196.9.131 - - [22/Jul/2026:00:16:34 +0000] "GET /wp-content/themes/twentytwentyfour/assets/fonts/cardo/cardo_italic_400.woff2 HTTP/1.1" 200 105184 "http://mppglobalconcept.shop/" "Mozilla/5.0 (iPhone; CPU iPhone OS 26_3 like Mac OS X) AppleWebKit/605.1.15 (KHTML, like Gecko) CriOS/144.0.7559.95 Mobile/15E148 Safari/604.1"
103.196.9.131 - - [22/Jul/2026:00:16:34 +0000] "GET /wp-content/themes/twentytwentyfour/assets/fonts/cardo/cardo_normal_400.woff2 HTTP/1.1" 200 146060 "http://mppglobalconcept.shop/" "Mozilla/5.0 (iPhone; CPU iPhone OS 26_3 like Mac OS X) AppleWebKit/605.1.15 (KHTML, like Gecko) CriOS/144.0.7559.95 Mobile/15E148 Safari/604.1"
103.196.9.131 - - [22/Jul/2026:00:16:34 +0000] "GET /wp-content/plugins/pixelyoursite/dist/scripts/jquery.bind-first-0.2.3.min.js?ver=0.2.3 HTTP/1.1" 200 1317 "http://mppglobalconcept.shop/" "Mozilla/5.0 (iPhone; CPU iPhone OS 26_3 like Mac OS X) AppleWebKit/605.1.15 (KHTML, like Gecko) CriOS/144.0.7559.95 Mobile/15E148 Safari/604.1"
103.196.9.131 - - [22/Jul/2026:00:16:34 +0000] "GET /wp-content/plugins/pixelyoursite/dist/scripts/js.cookie-2.1.3.min.js?ver=2.1.3 HTTP/1.1" 200 1709 "http://mppglobalconcept.shop/" "Mozilla/5.0 (iPhone; CPU iPhone OS 26_3 like Mac OS X) AppleWebKit/605.1.15 (KHTML, like Gecko) CriOS/144.0.7559.95 Mobile/15E148 Safari/604.1"
103.196.9.131 - - [22/Jul/2026:00:16:34 +0000] "GET /wp-content/plugins/pixelyoursite/dist/scripts/tld.min.js?ver=2.3.1 HTTP/1.1" 200 141079 "http://mppglobalconcept.shop/" "Mozilla/5.0 (iPhone; CPU iPhone OS 26_3 like Mac OS X) AppleWebKit/605.1.15 (KHTML, like Gecko) CriOS/144.0.7559.95 Mobile/15E148 Safari/604.1"
103.196.9.131 - - [22/Jul/2026:00:16:34 +0000] "GET /wp-content/plugins/pixelyoursite/dist/scripts/public.js?ver=11.2.1 HTTP/1.1" 200 172979 "http://mppglobalconcept.shop/" "Mozilla/5.0 (iPhone; CPU iPhone OS 26_3 like Mac OS X) AppleWebKit/605.1.15 (KHTML, like Gecko) CriOS/144.0.7559.95 Mobile/15E148 Safari/604.1"
103.196.9.131 - - [22/Jul/2026:00:16:40 +0000] "GET /wp-content/themes/twentytwentyfour/assets/fonts/inter/Inter-VariableFont_slnt,wght.woff2 HTTP/1.1" 200 326628 "http://mppglobalconcept.shop/" "Mozilla/5.0 (iPhone; CPU iPhone OS 26_3 like Mac OS X) AppleWebKit/605.1.15 (KHTML, like Gecko) CriOS/144.0.7559.95 Mobile/15E148 Safari/604.1"
198.177.124.148 - - [22/Jul/2026:00:19:21 +0000] "POST /wp-cron.php?doing_wp_cron=1784679561.1918559074401855468750 HTTP/1.1" 200 - "-" "WordPress/7.0.2; https://mppglobalconcept.shop"
85.208.96.204 - - [22/Jul/2026:00:19:19 +0000] "GET /?h=13806519981100 HTTP/1.1" 200 97535 "-" "Mozilla/5.0 (compatible; SemrushBot/7~bl; +http://www.semrush.com/bot.html)"
85.208.96.198 - - [22/Jul/2026:00:19:51 +0000] "GET /?h=10034850581100 HTTP/1.1" 200 97535 "-" "Mozilla/5.0 (compatible; SemrushBot/7~bl; +http://www.semrush.com/bot.html)"
198.177.124.148 - - [22/Jul/2026:00:23:15 +0000] "POST /wp-cron.php?doing_wp_cron=1784679795.6141850948333740234375 HTTP/1.1" 200 - "-" "WordPress/7.0.2; https://mppglobalconcept.shop"
85.208.96.201 - - [22/Jul/2026:00:23:11 +0000] "GET /?h=4556078681100 HTTP/1.1" 200 97535 "-" "Mozilla/5.0 (compatible; SemrushBot/7~bl; +http://www.semrush.com/bot.html)"
85.208.96.203 - - [22/Jul/2026:00:23:18 +0000] "GET /?h=15154771981100 HTTP/1.1" 200 97535 "-" "Mozilla/5.0 (compatible; SemrushBot/7~bl; +http://www.semrush.com/bot.html)"
185.191.171.11 - - [22/Jul/2026:00:25:32 +0000] "GET /?h=6612279181100 HTTP/1.1" 200 97535 "-" "Mozilla/5.0 (compatible; SemrushBot/7~bl; +http://www.semrush.com/bot.html)"
198.177.124.148 - - [22/Jul/2026:00:26:39 +0000] "POST /wp-cron.php?doing_wp_cron=1784679999.0456640720367431640625 HTTP/1.1" 200 - "-" "WordPress/7.0.2; https://mppglobalconcept.shop"
185.191.171.11 - - [22/Jul/2026:00:26:36 +0000] "GET /?h=7374119581100 HTTP/1.1" 200 97535 "-" "Mozilla/5.0 (compatible; SemrushBot/7~bl; +http://www.semrush.com/bot.html)"
185.191.171.14 - - [22/Jul/2026:00:30:39 +0000] "GET /?h=19729640681100 HTTP/1.1" 200 97535 "-" "Mozilla/5.0 (compatible; SemrushBot/7~bl; +http://www.semrush.com/bot.html)"
85.208.96.199 - - [22/Jul/2026:00:30:45 +0000] "GET /?h=7602784581100 HTTP/1.1" 200 97535 "-" "Mozilla/5.0 (compatible; SemrushBot/7~bl; +http://www.semrush.com/bot.html)"
185.191.171.3 - - [22/Jul/2026:00:30:52 +0000] "GET /?h=19950902081100 HTTP/1.1" 200 97535 "-" "Mozilla/5.0 (compatible; SemrushBot/7~bl; +http://www.semrush.com/bot.html)"
85.208.96.195 - - [22/Jul/2026:00:32:28 +0000] "GET /?h=11374951981100 HTTP/1.1" 200 97535 "-" "Mozilla/5.0 (compatible; SemrushBot/7~bl; +http://www.semrush.com/bot.html)"
172.71.144.77 - - [22/Jul/2026:00:33:30 +0000] "GET /wp-admin/install.php?step=1 HTTP/1.1" 403 82332 "-" "http://mppglobalconcept.shop/wp-admin/install.php?step=1"
185.191.171.18 - - [22/Jul/2026:00:36:09 +0000] "GET /?h=9468599681100 HTTP/1.1" 200 97535 "-" "Mozilla/5.0 (compatible; SemrushBot/7~bl; +http://www.semrush.com/bot.html)"
85.208.96.206 - - [22/Jul/2026:00:37:07 +0000] "GET /?h=10084675481100 HTTP/1.1" 200 97535 "-" "Mozilla/5.0 (compatible; SemrushBot/7~bl; +http://www.semrush.com/bot.html)"
85.208.96.194 - - [22/Jul/2026:00:38:19 +0000] "GET /?h=8159507081100 HTTP/1.1" 200 97535 "-" "Mozilla/5.0 (compatible; SemrushBot/7~bl; +http://www.semrush.com/bot.html)"
198.177.124.148 - - [22/Jul/2026:00:43:22 +0000] "POST /wp-cron.php?doing_wp_cron=1784681002.4211039543151855468750 HTTP/1.1" 200 - "-" "WordPress/7.0.2; https://mppglobalconcept.shop"
85.208.96.202 - - [22/Jul/2026:00:43:19 +0000] "GET /?h=24891012281100 HTTP/1.1" 200 97535 "-" "Mozilla/5.0 (compatible; SemrushBot/7~bl; +http://www.semrush.com/bot.html)"
63.141.250.58 - - [22/Jul/2026:00:50:23 +0000] "GET /index.php?params=1 HTTP/1.1" 200 2 "-" "Mozilla/5.0 (Windows NT 10.0; Win64; x64) AppleWebKit/537.36 (KHTML, like Gecko) Chrome/131.0.0.0 Safari/537.36"
63.141.250.58 - - [22/Jul/2026:00:51:34 +0000] "GET /index.php?params=1 HTTP/1.1" 200 2 "-" "Mozilla/5.0 (Windows NT 10.0; Win64; x64) AppleWebKit/537.36 (KHTML, like Gecko) Chrome/131.0.0.0 Safari/537.36"
198.177.124.148 - - [22/Jul/2026:00:55:37 +0000] "POST /wp-cron.php?doing_wp_cron=1784681737.5509641170501708984375 HTTP/1.1" 200 - "-" "WordPress/7.0.2; https://mppglobalconcept.shop"
172.71.144.77 - - [22/Jul/2026:00:55:34 +0000] "GET /wp-admin/install.php?step=1 HTTP/1.1" 403 82332 "-" "http://mppglobalconcept.shop/wp-admin/install.php?step=1"
198.177.124.148 - - [22/Jul/2026:01:01:22 +0000] "GET /.well-known/acme-challenge/VVEAWYH4WPHTLF2PF_6P76G--EH81NS7 HTTP/1.1" 200 64 "-" "Cpanel-HTTP-Client/1.0"
198.177.124.148 - - [22/Jul/2026:01:01:23 +0000] "GET /.well-known/acme-challenge/3QZ2WF58OZKZ_1JICFCXJ3HRTDJU3OBT HTTP/1.1" 200 64 "-" "Cpanel-HTTP-Client/1.0"
198.177.124.148 - - [22/Jul/2026:01:01:38 +0000] "POST /wp-cron.php?doing_wp_cron=1784682098.2413959503173828125000 HTTP/1.1" 200 - "-" "WordPress/7.0.2; https://mppglobalconcept.shop"
185.191.171.6 - - [22/Jul/2026:01:01:30 +0000] "GET /?h=22029346581100 HTTP/1.1" 200 97535 "-" "Mozilla/5.0 (compatible; SemrushBot/7~bl; +http://www.semrush.com/bot.html)"
198.177.124.148 - - [22/Jul/2026:01:07:51 +0000] "POST /wp-cron.php?doing_wp_cron=1784682471.4423279762268066406250 HTTP/1.1" 200 - "-" "WordPress/7.0.2; https://mppglobalconcept.shop"
43.153.74.75 - - [22/Jul/2026:01:07:47 +0000] "GET / HTTP/1.1" 200 97535 "-" "Mozilla/5.0 (iPhone; CPU iPhone OS 13_2_3 like Mac OS X) AppleWebKit/605.1.15 (KHTML, like Gecko) Version/13.0.3 Mobile/15E148 Safari/604.1"
198.177.124.148 - - [22/Jul/2026:01:08:32 +0000] "POST /wp-cron.php?doing_wp_cron=1784682512.8299319744110107421875 HTTP/1.1" 200 - "-" "WordPress/7.0.2; https://mppglobalconcept.shop"
185.191.171.10 - - [22/Jul/2026:01:08:29 +0000] "GET /?h=23117775381100 HTTP/1.1" 200 97535 "-" "Mozilla/5.0 (compatible; SemrushBot/7~bl; +http://www.semrush.com/bot.html)"
198.177.124.148 - - [22/Jul/2026:01:10:40 +0000] "POST /wp-cron.php?doing_wp_cron=1784682640.6792070865631103515625 HTTP/1.1" 200 - "-" "WordPress/7.0.2; https://mppglobalconcept.shop"
85.208.96.194 - - [22/Jul/2026:01:10:36 +0000] "GET /?h=21775416381100 HTTP/1.1" 200 97535 "-" "Mozilla/5.0 (compatible; SemrushBot/7~bl; +http://www.semrush.com/bot.html)"
198.177.124.148 - - [22/Jul/2026:01:11:14 +0000] "POST /wp-cron.php?doing_wp_cron=1784682674.5300610065460205078125 HTTP/1.1" 200 - "-" "WordPress/7.0.2; https://mppglobalconcept.shop"
85.208.96.210 - - [22/Jul/2026:01:11:11 +0000] "GET /?h=6468448481100 HTTP/1.1" 200 97535 "-" "Mozilla/5.0 (compatible; SemrushBot/7~bl; +http://www.semrush.com/bot.html)"
198.177.124.148 - - [22/Jul/2026:01:15:32 +0000] "POST /wp-cron.php?doing_wp_cron=1784682932.1852269172668457031250 HTTP/1.1" 200 - "-" "WordPress/7.0.2; https://mppglobalconcept.shop"
172.71.182.138 - - [22/Jul/2026:01:15:28 +0000] "GET /wp-admin/install.php?step=1 HTTP/1.1" 403 82332 "-" "http://mppglobalconcept.shop/wp-admin/install.php?step=1"
195.178.110.223 - - [22/Jul/2026:01:16:50 +0000] "GET /.git/config HTTP/1.1" 200 82332 "-" "Mozilla/5.0 (Macintosh; U; Intel Mac OS X 10_6_3; en-us; Silk/1.0.13.81_10003810) AppleWebKit/533.16 (KHTML, like Gecko) Version/5.0 Safari/533.16 Silk-Accelerated=true"
85.208.96.207 - - [22/Jul/2026:01:19:00 +0000] "GET /robots.txt HTTP/1.1" 200 74 "-" "Mozilla/5.0 (compatible; SemrushBot/7~bl; +http://www.semrush.com/bot.html)"
198.177.124.148 - - [22/Jul/2026:01:19:04 +0000] "POST /wp-cron.php?doing_wp_cron=1784683144.5911040306091308593750 HTTP/1.1" 200 - "-" "WordPress/7.0.2; https://mppglobalconcept.shop"
85.208.96.198 - - [22/Jul/2026:01:19:00 +0000] "GET /?h=18000236081100 HTTP/1.1" 200 97535 "-" "Mozilla/5.0 (compatible; SemrushBot/7~bl; +http://www.semrush.com/bot.html)"
104.23.223.33 - - [22/Jul/2026:01:20:24 +0000] "GET /wp-admin/install.php?step=1 HTTP/1.1" 403 82332 "-" "http://mppglobalconcept.shop/wp-admin/install.php?step=1"
198.177.124.148 - - [22/Jul/2026:01:23:38 +0000] "POST /wp-cron.php?doing_wp_cron=1784683418.4086298942565917968750 HTTP/1.1" 200 - "-" "WordPress/7.0.2; https://mppglobalconcept.shop"
185.191.171.15 - - [22/Jul/2026:01:23:34 +0000] "GET /?h=24621121181100 HTTP/1.1" 200 97535 "-" "Mozilla/5.0 (compatible; SemrushBot/7~bl; +http://www.semrush.com/bot.html)"
198.177.124.148 - - [22/Jul/2026:01:27:07 +0000] "POST /wp-cron.php?doing_wp_cron=1784683627.3640530109405517578125 HTTP/1.1" 200 - "-" "WordPress/7.0.2; https://mppglobalconcept.shop"
185.191.171.18 - - [22/Jul/2026:01:27:03 +0000] "GET /?h=2699210981100 HTTP/1.1" 200 97535 "-" "Mozilla/5.0 (compatible; SemrushBot/7~bl; +http://www.semrush.com/bot.html)"
185.191.171.17 - - [22/Jul/2026:01:27:33 +0000] "GET /?h=2240777081100 HTTP/1.1" 200 97535 "-" "Mozilla/5.0 (compatible; SemrushBot/7~bl; +http://www.semrush.com/bot.html)"
198.177.124.148 - - [22/Jul/2026:01:31:47 +0000] "POST /wp-cron.php?doing_wp_cron=1784683907.9445049762725830078125 HTTP/1.1" 200 - "-" "WordPress/7.0.2; https://mppglobalconcept.shop"
84.32.41.136 - - [22/Jul/2026:01:31:43 +0000] "GET / HTTP/1.1" 200 97535 "-" "Mozilla/5.0 (Windows NT 10.0; Win64; x64) AppleWebKit/537.36 (KHTML, like Gecko) Chrome/109.0.0.0 Safari/537.36"
84.32.41.136 - - [22/Jul/2026:01:31:52 +0000] "GET /wp-content/themes/twentytwentyfour/assets/fonts/cardo/cardo_italic_400.woff2 HTTP/1.1" 200 105184 "http://mppglobalconcept.shop" "Mozilla/5.0 (Windows NT 10.0; Win64; x64) AppleWebKit/537.36 (KHTML, like Gecko) Chrome/109.0.0.0 Safari/537.36"
84.32.41.136 - - [22/Jul/2026:01:31:59 +0000] "GET /wp-content/themes/twentytwentyfour/assets/fonts/cardo/cardo_normal_400.woff2 HTTP/1.1" 200 146060 "http://mppglobalconcept.shop" "Mozilla/5.0 (Windows NT 10.0; Win64; x64) AppleWebKit/537.36 (KHTML, like Gecko) Chrome/109.0.0.0 Safari/537.36"
84.32.41.136 - - [22/Jul/2026:01:32:05 +0000] "GET /wp-content/themes/twentytwentyfour/assets/fonts/cardo/cardo_normal_700.woff2 HTTP/1.1" 200 132564 "http://mppglobalconcept.shop" "Mozilla/5.0 (Windows NT 10.0; Win64; x64) AppleWebKit/537.36 (KHTML, like Gecko) Chrome/109.0.0.0 Safari/537.36"
84.32.41.136 - - [22/Jul/2026:01:32:09 +0000] "GET /wp-content/themes/twentytwentyfour/assets/fonts/inter/Inter-VariableFont_slnt,wght.woff2 HTTP/1.1" 200 326628 "http://mppglobalconcept.shop" "Mozilla/5.0 (Windows NT 10.0; Win64; x64) AppleWebKit/537.36 (KHTML, like Gecko) Chrome/109.0.0.0 Safari/537.36"
84.32.41.136 - - [22/Jul/2026:01:32:17 +0000] "GET /wp-content/themes/twentytwentyfour/assets/images/building-exterior.webp HTTP/1.1" 200 199724 "http://mppglobalconcept.shop" "Mozilla/5.0 (Windows NT 10.0; Win64; x64) AppleWebKit/537.36 (KHTML, like Gecko) Chrome/109.0.0.0 Safari/537.36"
84.32.41.136 - - [22/Jul/2026:01:32:21 +0000] "GET /wp-content/themes/twentytwentyfour/assets/images/tourist-and-building.webp HTTP/1.1" 200 66482 "http://mppglobalconcept.shop" "Mozilla/5.0 (Windows NT 10.0; Win64; x64) AppleWebKit/537.36 (KHTML, like Gecko) Chrome/109.0.0.0 Safari/537.36"
84.32.41.136 - - [22/Jul/2026:01:32:26 +0000] "GET /wp-content/themes/twentytwentyfour/assets/images/windows.webp HTTP/1.1" 200 126244 "http://mppglobalconcept.shop" "Mozilla/5.0 (Windows NT 10.0; Win64; x64) AppleWebKit/537.36 (KHTML, like Gecko) Chrome/109.0.0.0 Safari/537.36"
84.32.41.136 - - [22/Jul/2026:01:32:33 +0000] "GET / HTTP/1.1" 200 97535 "http://mppglobalconcept.shop" "Mozilla/5.0 (Windows NT 10.0; Win64; x64) AppleWebKit/537.36 (KHTML, like Gecko) Chrome/109.0.0.0 Safari/537.36"
198.177.124.148 - - [22/Jul/2026:01:37:18 +0000] "POST /wp-cron.php?doing_wp_cron=1784684238.7180900573730468750000 HTTP/1.1" 200 - "-" "WordPress/7.0.2; https://mppglobalconcept.shop"
185.191.171.4 - - [22/Jul/2026:01:37:15 +0000] "GET /?h=21072256981100 HTTP/1.1" 200 97535 "-" "Mozilla/5.0 (compatible; SemrushBot/7~bl; +http://www.semrush.com/bot.html)"
198.177.124.148 - - [22/Jul/2026:01:38:33 +0000] "POST /wp-cron.php?doing_wp_cron=1784684313.7180700302124023437500 HTTP/1.1" 200 - "-" "WordPress/7.0.2; https://mppglobalconcept.shop"
85.208.96.198 - - [22/Jul/2026:01:38:30 +0000] "GET /?h=3799658181100 HTTP/1.1" 200 97535 "-" "Mozilla/5.0 (compatible; SemrushBot/7~bl; +http://www.semrush.com/bot.html)"
198.177.124.148 - - [22/Jul/2026:01:41:24 +0000] "POST /wp-cron.php?doing_wp_cron=1784684484.5130400657653808593750 HTTP/1.1" 200 - "-" "WordPress/7.0.2; https://mppglobalconcept.shop"
172.70.242.239 - - [22/Jul/2026:01:41:19 +0000] "GET /wp-admin/install.php?step=1 HTTP/1.1" 403 82332 "-" "http://mppglobalconcept.shop/wp-admin/install.php?step=1"
198.177.124.148 - - [22/Jul/2026:01:43:54 +0000] "POST /wp-cron.php?doing_wp_cron=1784684634.7811300754547119140625 HTTP/1.1" 200 - "-" "WordPress/7.0.2; https://mppglobalconcept.shop"
85.208.96.196 - - [22/Jul/2026:01:43:50 +0000] "GET /?h=21032209481100 HTTP/1.1" 200 97535 "-" "Mozilla/5.0 (compatible; SemrushBot/7~bl; +http://www.semrush.com/bot.html)"
198.177.124.148 - - [22/Jul/2026:01:48:07 +0000] "POST /wp-cron.php?doing_wp_cron=1784684887.3498139381408691406250 HTTP/1.1" 200 - "-" "WordPress/7.0.2; https://mppglobalconcept.shop"
104.23.170.187 - - [22/Jul/2026:01:48:01 +0000] "GET /wp-admin/install.php?step=1 HTTP/1.1" 403 82332 "-" "http://mppglobalconcept.shop/wp-admin/install.php?step=1"
85.208.96.205 - - [22/Jul/2026:01:48:03 +0000] "GET /?h=24862410481100 HTTP/1.1" 200 97535 "-" "Mozilla/5.0 (compatible; SemrushBot/7~bl; +http://www.semrush.com/bot.html)"
198.177.124.148 - - [22/Jul/2026:01:58:39 +0000] "POST /wp-cron.php?doing_wp_cron=1784685519.0810980796813964843750 HTTP/1.1" 200 - "-" "WordPress/7.0.2; https://mppglobalconcept.shop"
185.191.171.14 - - [22/Jul/2026:01:58:35 +0000] "GET /?h=8829997681100 HTTP/1.1" 200 97535 "-" "Mozilla/5.0 (compatible; SemrushBot/7~bl; +http://www.semrush.com/bot.html)"
198.177.124.148 - - [22/Jul/2026:02:00:42 +0000] "POST /wp-cron.php?doing_wp_cron=1784685642.6492130756378173828125 HTTP/1.1" 200 - "-" "WordPress/7.0.2; https://mppglobalconcept.shop"
43.166.250.187 - - [22/Jul/2026:02:00:39 +0000] "GET / HTTP/1.1" 200 2 "-" "Mozilla/5.0 (iPhone; CPU iPhone OS 13_2_3 like Mac OS X) AppleWebKit/605.1.15 (KHTML, like Gecko) Version/13.0.3 Mobile/15E148 Safari/604.1"
185.191.171.10 - - [22/Jul/2026:02:00:42 +0000] "GET /?h=10341278281100 HTTP/1.1" 200 97535 "-" "Mozilla/5.0 (compatible; SemrushBot/7~bl; +http://www.semrush.com/bot.html)"
198.177.124.148 - - [22/Jul/2026:02:02:17 +0000] "POST /wp-cron.php?doing_wp_cron=1784685737.0337181091308593750000 HTTP/1.1" 200 - "-" "WordPress/7.0.2; https://mppglobalconcept.shop"
172.70.248.41 - - [22/Jul/2026:02:02:12 +0000] "GET /wp-admin/install.php?step=1 HTTP/1.1" 403 82332 "-" "http://mppglobalconcept.shop/wp-admin/install.php?step=1"
85.208.96.205 - - [22/Jul/2026:02:02:15 +0000] "GET /?h=13135896581100 HTTP/1.1" 200 97535 "-" "Mozilla/5.0 (compatible; SemrushBot/7~bl; +http://www.semrush.com/bot.html)"
185.191.171.1 - - [22/Jul/2026:02:03:22 +0000] "GET /?h=24366369281100 HTTP/1.1" 200 97535 "-" "Mozilla/5.0 (compatible; SemrushBot/7~bl; +http://www.semrush.com/bot.html)"
198.177.124.148 - - [22/Jul/2026:02:13:00 +0000] "POST /wp-cron.php?doing_wp_cron=1784686380.1841850280761718750000 HTTP/1.1" 200 - "-" "WordPress/7.0.2; https://mppglobalconcept.shop"
43.164.3.23 - - [22/Jul/2026:02:12:56 +0000] "GET / HTTP/1.1" 200 97535 "-" "Mozilla/5.0 (iPhone; CPU iPhone OS 13_2_3 like Mac OS X) AppleWebKit/605.1.15 (KHTML, like Gecko) Version/13.0.3 Mobile/15E148 Safari/604.1"
198.177.124.148 - - [22/Jul/2026:02:14:11 +0000] "POST /wp-cron.php?doing_wp_cron=1784686451.1133210659027099609375 HTTP/1.1" 200 - "-" "WordPress/7.0.2; https://mppglobalconcept.shop"
85.208.96.210 - - [22/Jul/2026:02:14:08 +0000] "GET /?h=10710429081100 HTTP/1.1" 200 97535 "-" "Mozilla/5.0 (compatible; SemrushBot/7~bl; +http://www.semrush.com/bot.html)"
198.177.124.148 - - [22/Jul/2026:02:17:50 +0000] "POST /wp-cron.php?doing_wp_cron=1784686670.0932440757751464843750 HTTP/1.1" 200 - "-" "WordPress/7.0.2; https://mppglobalconcept.shop"
85.208.96.209 - - [22/Jul/2026:02:17:46 +0000] "GET /?h=24645257581100 HTTP/1.1" 200 97535 "-" "Mozilla/5.0 (compatible; SemrushBot/7~bl; +http://www.semrush.com/bot.html)"
198.177.124.148 - - [22/Jul/2026:02:20:16 +0000] "POST /wp-cron.php?doing_wp_cron=1784686816.7043800354003906250000 HTTP/1.1" 200 - "-" "WordPress/7.0.2; https://mppglobalconcept.shop"
104.23.239.136 - - [22/Jul/2026:02:20:11 +0000] "GET /wp-admin/install.php?step=1 HTTP/1.1" 403 82332 "-" "http://mppglobalconcept.shop/wp-admin/install.php?step=1"
85.208.96.211 - - [22/Jul/2026:02:25:21 +0000] "GET /robots.txt HTTP/1.1" 200 74 "-" "Mozilla/5.0 (compatible; SemrushBot/7~bl; +http://www.semrush.com/bot.html)"
198.177.124.148 - - [22/Jul/2026:02:25:27 +0000] "POST /wp-cron.php?doing_wp_cron=1784687127.7009871006011962890625 HTTP/1.1" 200 - "-" "WordPress/7.0.2; https://mppglobalconcept.shop"
85.208.96.196 - - [22/Jul/2026:02:25:23 +0000] "GET /?h=21110777281100 HTTP/1.1" 200 97535 "-" "Mozilla/5.0 (compatible; SemrushBot/7~bl; +http://www.semrush.com/bot.html)"
198.177.124.148 - - [22/Jul/2026:02:31:44 +0000] "POST /wp-cron.php?doing_wp_cron=1784687504.4827890396118164062500 HTTP/1.1" 200 - "-" "WordPress/7.0.2; https://mppglobalconcept.shop"
185.191.171.18 - - [22/Jul/2026:02:31:38 +0000] "GET /?h=14914105181100 HTTP/1.1" 200 97535 "-" "Mozilla/5.0 (compatible; SemrushBot/7~bl; +http://www.semrush.com/bot.html)"
54.162.239.199 - - [22/Jul/2026:02:40:05 +0000] "GET /wp-includes/blocks/navigation/style.min.css?ver=7.0.2 HTTP/1.1" 200 20709 "http://mppglobalconcept.shop/" "Mozilla/5.0 (X11; Linux x86_64) AppleWebKit/537.36 (KHTML, like Gecko) Chrome/145.0.0.0 Safari/537.36"
54.162.239.199 - - [22/Jul/2026:02:39:59 +0000] "GET / HTTP/1.1" 200 97535 "-" "Mozilla/5.0 (X11; Linux x86_64) AppleWebKit/537.36 (KHTML, like Gecko) Chrome/145.0.0.0 Safari/537.36"
54.162.239.199 - - [22/Jul/2026:02:40:05 +0000] "GET /wp-includes/js/jquery/jquery.min.js?ver=3.7.1 HTTP/1.1" 200 87553 "http://mppglobalconcept.shop/" "Mozilla/5.0 (X11; Linux x86_64) AppleWebKit/537.36 (KHTML, like Gecko) Chrome/145.0.0.0 Safari/537.36"
54.162.239.199 - - [22/Jul/2026:02:40:05 +0000] "GET /wp-includes/js/jquery/jquery-migrate.min.js?ver=3.4.1 HTTP/1.1" 200 13577 "http://mppglobalconcept.shop/" "Mozilla/5.0 (X11; Linux x86_64) AppleWebKit/537.36 (KHTML, like Gecko) Chrome/145.0.0.0 Safari/537.36"
54.162.239.199 - - [22/Jul/2026:02:40:05 +0000] "GET /wp-content/themes/twentytwentyfour/assets/images/tourist-and-building.webp HTTP/1.1" 200 66482 "http://mppglobalconcept.shop/" "Mozilla/5.0 (X11; Linux x86_64) AppleWebKit/537.36 (KHTML, like Gecko) Chrome/145.0.0.0 Safari/537.36"
54.162.239.199 - - [22/Jul/2026:02:40:05 +0000] "GET /wp-includes/js/dist/script-modules/interactivity/index.min.js?ver=efaa5193bbad9c60ffd1 HTTP/1.1" 200 40106 "http://mppglobalconcept.shop/" "Mozilla/5.0 (X11; Linux x86_64) AppleWebKit/537.36 (KHTML, like Gecko) Chrome/145.0.0.0 Safari/537.36"
54.162.239.199 - - [22/Jul/2026:02:40:05 +0000] "GET /wp-content/themes/twentytwentyfour/assets/images/building-exterior.webp HTTP/1.1" 200 199724 "http://mppglobalconcept.shop/" "Mozilla/5.0 (X11; Linux x86_64) AppleWebKit/537.36 (KHTML, like Gecko) Chrome/145.0.0.0 Safari/537.36"
54.162.239.199 - - [22/Jul/2026:02:40:05 +0000] "GET /wp-content/themes/twentytwentyfour/assets/images/windows.webp HTTP/1.1" 200 126244 "http://mppglobalconcept.shop/" "Mozilla/5.0 (X11; Linux x86_64) AppleWebKit/537.36 (KHTML, like Gecko) Chrome/145.0.0.0 Safari/537.36"
54.162.239.199 - - [22/Jul/2026:02:40:05 +0000] "GET /wp-includes/js/dist/script-modules/block-library/navigation/view.min.js?ver=96a846e1d7b789c39ab9 HTTP/1.1" 200 3053 "http://mppglobalconcept.shop/" "Mozilla/5.0 (X11; Linux x86_64) AppleWebKit/537.36 (KHTML, like Gecko) Chrome/145.0.0.0 Safari/537.36"
54.162.239.199 - - [22/Jul/2026:02:40:05 +0000] "GET /wp-content/plugins/pixelyoursite/dist/scripts/jquery.bind-first-0.2.3.min.js?ver=0.2.3 HTTP/1.1" 200 1317 "http://mppglobalconcept.shop/" "Mozilla/5.0 (X11; Linux x86_64) AppleWebKit/537.36 (KHTML, like Gecko) Chrome/145.0.0.0 Safari/537.36"
54.162.239.199 - - [22/Jul/2026:02:40:05 +0000] "GET /wp-content/plugins/pixelyoursite/dist/scripts/js.cookie-2.1.3.min.js?ver=2.1.3 HTTP/1.1" 200 1709 "http://mppglobalconcept.shop/" "Mozilla/5.0 (X11; Linux x86_64) AppleWebKit/537.36 (KHTML, like Gecko) Chrome/145.0.0.0 Safari/537.36"
54.162.239.199 - - [22/Jul/2026:02:40:05 +0000] "GET /wp-content/plugins/pixelyoursite/dist/scripts/tld.min.js?ver=2.3.1 HTTP/1.1" 200 141079 "http://mppglobalconcept.shop/" "Mozilla/5.0 (X11; Linux x86_64) AppleWebKit/537.36 (KHTML, like Gecko) Chrome/145.0.0.0 Safari/537.36"
54.162.239.199 - - [22/Jul/2026:02:40:05 +0000] "GET /wp-content/plugins/pixelyoursite/dist/scripts/public.js?ver=11.2.1 HTTP/1.1" 200 172979 "http://mppglobalconcept.shop/" "Mozilla/5.0 (X11; Linux x86_64) AppleWebKit/537.36 (KHTML, like Gecko) Chrome/145.0.0.0 Safari/537.36"
54.162.239.199 - - [22/Jul/2026:02:40:05 +0000] "GET /wp-content/themes/twentytwentyfour/assets/fonts/cardo/cardo_italic_400.woff2 HTTP/1.1" 200 105184 "http://mppglobalconcept.shop/" "Mozilla/5.0 (X11; Linux x86_64) AppleWebKit/537.36 (KHTML, like Gecko) Chrome/145.0.0.0 Safari/537.36"
