HEX
Server: Apache
System: Linux server1.yalehafricanfoods.shop 5.14.0-687.15.1.el9_8.x86_64 #1 SMP PREEMPT_DYNAMIC Thu Jun 11 08:51:45 EDT 2026 x86_64
User: yalenocb (1002)
PHP: 8.1.34
Disabled: NONE
Upload Files
File: /home/yalenocb/access-logs/mppglobalconcept.shop.yalehafricanfoods.shop
198.177.124.148 - - [21/Jul/2026:07:31:50 +0000] "POST /wp-cron.php?doing_wp_cron=1784619110.9204850196838378906250 HTTP/1.1" 200 - "-" "WordPress/7.0.2; https://mppglobalconcept.shop"
172.71.148.137 - - [21/Jul/2026:07:31:49 +0000] "GET /wp-admin/install.php?step=1 HTTP/1.1" 200 1418 "-" "http://mppglobalconcept.shop/wp-admin/install.php?step=1"
62.238.17.239 - - [21/Jul/2026:07:44:52 +0000] "GET / HTTP/1.1" 200 97299 "-" "Mozilla/5.0 (Macintosh, Intel Mac OS X 10_15_7) AppleWebKit/605.1.15 (KHTML, like Gecko) Version/18.0 Safari/605.1.15"
198.177.124.148 - - [21/Jul/2026:07:57:05 +0000] "POST /wp-cron.php?doing_wp_cron=1784620625.3370490074157714843750 HTTP/1.1" 200 - "-" "WordPress/7.0.2; https://mppglobalconcept.shop"
172.71.241.68 - - [21/Jul/2026:07:57:04 +0000] "GET /wp-admin/install.php?step=1 HTTP/1.1" 200 1418 "-" "http://mppglobalconcept.shop/wp-admin/install.php?step=1"
198.177.124.148 - - [21/Jul/2026:08:04:10 +0000] "POST /wp-cron.php?doing_wp_cron=1784621050.5011370182037353515625 HTTP/1.1" 200 - "-" "WordPress/7.0.2; https://mppglobalconcept.shop"
104.23.223.32 - - [21/Jul/2026:08:04:09 +0000] "GET /wp-admin/install.php?step=1 HTTP/1.1" 200 1418 "-" "http://mppglobalconcept.shop/wp-admin/install.php?step=1"
198.177.124.148 - - [21/Jul/2026:08:09:28 +0000] "POST /wp-cron.php?doing_wp_cron=1784621368.3585090637207031250000 HTTP/1.1" 200 - "-" "WordPress/7.0.2; https://mppglobalconcept.shop"
134.122.44.174 - - [21/Jul/2026:08:09:24 +0000] "GET / HTTP/1.1" 200 97299 "-" "Mozilla/5.0 (Windows NT 10.0; Win64; x64) AppleWebKit/537.36 (KHTML, like Gecko) Chrome/78.0.3904.108 Safari/537.36"
134.122.44.174 - - [21/Jul/2026:08:09:28 +0000] "GET / HTTP/1.1" 200 97299 "-" "Mozilla/5.0 (Windows NT 10.0; Win64; x64) AppleWebKit/537.36 (KHTML, like Gecko) Chrome/78.0.3904.108 Safari/537.36"
134.122.44.174 - - [21/Jul/2026:08:09:31 +0000] "GET /wp-includes/wlwmanifest.xml HTTP/1.1" 200 82096 "-" "Mozilla/5.0 (Windows NT 10.0; Win64; x64) AppleWebKit/537.36 (KHTML, like Gecko) Chrome/78.0.3904.108 Safari/537.36"
134.122.44.174 - - [21/Jul/2026:08:09:35 +0000] "GET /wp-login.php HTTP/1.1" 302 - "-" "Mozilla/5.0 (Windows NT 10.0; Win64; x64) AppleWebKit/537.36 (KHTML, like Gecko) Chrome/78.0.3904.108 Safari/537.36"
198.177.124.148 - - [21/Jul/2026:08:15:02 +0000] "POST /wp-cron.php?doing_wp_cron=1784621702.6683340072631835937500 HTTP/1.1" 200 - "-" "WordPress/7.0.2; https://mppglobalconcept.shop"
104.23.223.33 - - [21/Jul/2026:08:15:00 +0000] "GET /wp-admin/install.php?step=1 HTTP/1.1" 200 1418 "-" "http://mppglobalconcept.shop/wp-admin/install.php?step=1"
198.177.124.148 - - [21/Jul/2026:08:36:07 +0000] "POST /wp-cron.php?doing_wp_cron=1784622967.2347280979156494140625 HTTP/1.1" 200 - "-" "WordPress/7.0.2; https://mppglobalconcept.shop"
104.23.223.33 - - [21/Jul/2026:08:36:05 +0000] "GET /wp-admin/install.php?step=1 HTTP/1.1" 200 1418 "-" "http://mppglobalconcept.shop/wp-admin/install.php?step=1"
198.177.124.148 - - [21/Jul/2026:08:38:51 +0000] "POST /wp-cron.php?doing_wp_cron=1784623131.7837660312652587890625 HTTP/1.1" 200 - "-" "WordPress/7.0.2; https://mppglobalconcept.shop"
104.23.221.138 - - [21/Jul/2026:08:38:50 +0000] "GET /wp-admin/install.php?step=1 HTTP/1.1" 200 1418 "-" "http://mppglobalconcept.shop/wp-admin/install.php?step=1"
198.177.124.148 - - [21/Jul/2026:08:44:22 +0000] "POST /wp-cron.php?doing_wp_cron=1784623462.6553299427032470703125 HTTP/1.1" 200 - "-" "WordPress/7.0.2; https://mppglobalconcept.shop"
152.136.23.159 - - [21/Jul/2026:08:44:17 +0000] "GET / HTTP/1.1" 200 97299 "-" "Mozilla/5.0 (iPhone; CPU iPhone OS 13_2_3 like Mac OS X) AppleWebKit/605.1.15 (KHTML, like Gecko) Version/13.0.3 Mobile/15E148 Safari/604.1"
198.177.124.148 - - [21/Jul/2026:09:06:47 +0000] "POST /wp-cron.php?doing_wp_cron=1784624807.5330440998077392578125 HTTP/1.1" 200 - "-" "WordPress/7.0.2; https://mppglobalconcept.shop"
198.177.124.148 - - [21/Jul/2026:09:06:47 +0000] "POST /wp-cron.php?doing_wp_cron=1784624807.5320019721984863281250 HTTP/1.1" 200 - "-" "WordPress/7.0.2; https://mppglobalconcept.shop"
103.52.69.97 - - [21/Jul/2026:09:06:38 +0000] "GET /wp-content/plugins/03n1hob7p03r2npdefault.php?p= HTTP/1.1" 200 2 "-" "Mozilla/5.0 (Windows NT 10.0; Win64; x64; rv:130.0) Gecko/20100101 Firefox/130.0"
103.52.69.97 - - [21/Jul/2026:09:06:38 +0000] "GET /qDAFu1Swzxyd4JIdefault.php?p= HTTP/1.1" 200 2 "-" "Mozilla/5.0 (Windows NT 10.0; Win64; x64; rv:130.0) Gecko/20100101 Firefox/130.0"
103.52.69.97 - - [21/Jul/2026:09:06:38 +0000] "GET /system/03n1hob7p03r2npdefault.php?p= HTTP/1.1" 200 2 "-" "Mozilla/5.0 (Windows NT 10.0; Win64; x64; rv:130.0) Gecko/20100101 Firefox/130.0"
103.52.69.97 - - [21/Jul/2026:09:06:38 +0000] "GET /wp-content/plugins/FQfPSh50g/FQfPSh50gdefault.php?p= HTTP/1.1" 200 2 "-" "Mozilla/5.0 (Windows NT 10.0; Win64; x64; rv:130.0) Gecko/20100101 Firefox/130.0"
103.52.69.97 - - [21/Jul/2026:09:06:38 +0000] "GET /wp-content/plugins/thbibwbnncthwbbcszCdefault.php?p= HTTP/1.1" 200 2 "-" "Mozilla/5.0 (Windows NT 10.0; Win64; x64; rv:130.0) Gecko/20100101 Firefox/130.0"
103.52.69.97 - - [21/Jul/2026:09:06:38 +0000] "GET /1hq36hcrc6r0crkdefault.php?p= HTTP/1.1" 200 2 "-" "Mozilla/5.0 (Windows NT 10.0; Win64; x64; rv:130.0) Gecko/20100101 Firefox/130.0"
103.52.69.97 - - [21/Jul/2026:09:06:38 +0000] "GET /FQfPSh50gdefault.php?p= HTTP/1.1" 200 2 "-" "Mozilla/5.0 (Windows NT 10.0; Win64; x64; rv:130.0) Gecko/20100101 Firefox/130.0"
103.52.69.97 - - [21/Jul/2026:09:06:38 +0000] "GET /wp-content/plugins/ecrjhekluozoasmdefault.php?p= HTTP/1.1" 200 2 "-" "Mozilla/5.0 (Windows NT 10.0; Win64; x64; rv:130.0) Gecko/20100101 Firefox/130.0"
103.52.69.97 - - [21/Jul/2026:09:06:38 +0000] "GET /BsMPQ6Wavdefault.php?p= HTTP/1.1" 200 2 "-" "Mozilla/5.0 (Windows NT 10.0; Win64; x64; rv:130.0) Gecko/20100101 Firefox/130.0"
103.52.69.97 - - [21/Jul/2026:09:06:38 +0000] "GET /UuAFIYGYKdefault.php?p= HTTP/1.1" 200 2 "-" "Mozilla/5.0 (Windows NT 10.0; Win64; x64; rv:130.0) Gecko/20100101 Firefox/130.0"
103.52.69.97 - - [21/Jul/2026:09:06:38 +0000] "GET /thbibwbnncthwbbcszCdefault.php?p= HTTP/1.1" 200 2 "-" "Mozilla/5.0 (Windows NT 10.0; Win64; x64; rv:130.0) Gecko/20100101 Firefox/130.0"
103.52.69.97 - - [21/Jul/2026:09:06:38 +0000] "GET /wp-content/plugins/UuAFIYGYKdefault.php?p= HTTP/1.1" 200 2 "-" "Mozilla/5.0 (Windows NT 10.0; Win64; x64; rv:130.0) Gecko/20100101 Firefox/130.0"
103.52.69.97 - - [21/Jul/2026:09:06:39 +0000] "GET /ecrjhekluozoasmdefault.php?p= HTTP/1.1" 200 2 "-" "Mozilla/5.0 (Windows NT 10.0; Win64; x64; rv:130.0) Gecko/20100101 Firefox/130.0"
103.52.69.97 - - [21/Jul/2026:09:06:39 +0000] "GET /03n1hob7p03r2npdefault.php?p= HTTP/1.1" 200 2 "-" "Mozilla/5.0 (Windows NT 10.0; Win64; x64; rv:130.0) Gecko/20100101 Firefox/130.0"
103.52.69.97 - - [21/Jul/2026:09:06:38 +0000] "GET /classwithtostring.php HTTP/1.1" 200 82096 "-" "Mozilla/5.0 (Windows NT 10.0; Win64; x64; rv:130.0) Gecko/20100101 Firefox/130.0"
103.52.69.97 - - [21/Jul/2026:09:06:38 +0000] "GET /wp-content/plugins/BsMPQ6Wav/BsMPQ6Wavdefault.php HTTP/1.1" 200 82096 "-" "Mozilla/5.0 (Windows NT 10.0; Win64; x64; rv:130.0) Gecko/20100101 Firefox/130.0"
103.52.69.97 - - [21/Jul/2026:09:06:38 +0000] "GET /wp-content/plugins/FQfPSh50gdefault.php HTTP/1.1" 200 82096 "-" "Mozilla/5.0 (Windows NT 10.0; Win64; x64; rv:130.0) Gecko/20100101 Firefox/130.0"
103.52.69.97 - - [21/Jul/2026:09:06:38 +0000] "GET /cj5ha2rah8lyiqqdefault.php HTTP/1.1" 200 82096 "-" "Mozilla/5.0 (Windows NT 10.0; Win64; x64; rv:130.0) Gecko/20100101 Firefox/130.0"
103.52.69.97 - - [21/Jul/2026:09:06:38 +0000] "GET /bvs7mc9rwj8caizrzxq2iroCdefault.php HTTP/1.1" 200 82096 "-" "Mozilla/5.0 (Windows NT 10.0; Win64; x64; rv:130.0) Gecko/20100101 Firefox/130.0"
103.52.69.97 - - [21/Jul/2026:09:06:38 +0000] "GET /wp-content/plugins/gfGujO2Ln/gfGujO2Lndefault.php HTTP/1.1" 200 82096 "-" "Mozilla/5.0 (Windows NT 10.0; Win64; x64; rv:130.0) Gecko/20100101 Firefox/130.0"
103.52.69.97 - - [21/Jul/2026:09:06:38 +0000] "GET /WS5jUaFzMdefault.php HTTP/1.1" 200 82096 "-" "Mozilla/5.0 (Windows NT 10.0; Win64; x64; rv:130.0) Gecko/20100101 Firefox/130.0"
103.52.69.97 - - [21/Jul/2026:09:06:44 +0000] "GET /bngzepjrndfkpjbdefault.php?p= HTTP/1.1" 200 2 "-" "Mozilla/5.0 (Windows NT 10.0; Win64; x64; rv:130.0) Gecko/20100101 Firefox/130.0"
103.52.69.97 - - [21/Jul/2026:09:06:43 +0000] "GET /system/ecrjhekluozoasmdefault.php?p= HTTP/1.1" 200 2 "-" "Mozilla/5.0 (Windows NT 10.0; Win64; x64; rv:130.0) Gecko/20100101 Firefox/130.0"
103.52.69.97 - - [21/Jul/2026:09:06:44 +0000] "GET /system/bngzepjrndfkpjbdefault.php?p= HTTP/1.1" 200 2 "-" "Mozilla/5.0 (Windows NT 10.0; Win64; x64; rv:130.0) Gecko/20100101 Firefox/130.0"
103.52.69.97 - - [21/Jul/2026:09:06:44 +0000] "GET /lsjaybvgybhhpbjdefault.php?p= HTTP/1.1" 200 2 "-" "Mozilla/5.0 (Windows NT 10.0; Win64; x64; rv:130.0) Gecko/20100101 Firefox/130.0"
103.52.69.97 - - [21/Jul/2026:09:06:48 +0000] "GET /system/lsjaybvgybhhpbjdefault.php?p= HTTP/1.1" 200 2 "-" "Mozilla/5.0 (Windows NT 10.0; Win64; x64; rv:130.0) Gecko/20100101 Firefox/130.0"
103.52.69.97 - - [21/Jul/2026:09:06:48 +0000] "GET /wppst.php?p= HTTP/1.1" 200 2 "-" "Mozilla/5.0 (Windows NT 10.0; Win64; x64; rv:130.0) Gecko/20100101 Firefox/130.0"
103.52.69.97 - - [21/Jul/2026:09:06:48 +0000] "GET /aa38ncmpwbbhismkwCdefault.php?p= HTTP/1.1" 200 2 "-" "Mozilla/5.0 (Windows NT 10.0; Win64; x64; rv:130.0) Gecko/20100101 Firefox/130.0"
103.52.69.97 - - [21/Jul/2026:09:06:48 +0000] "GET /system/aa38ncmpwbbhismkwCdefault.php?p= HTTP/1.1" 200 2 "-" "Mozilla/5.0 (Windows NT 10.0; Win64; x64; rv:130.0) Gecko/20100101 Firefox/130.0"
103.52.69.97 - - [21/Jul/2026:09:06:48 +0000] "GET /system/580193433907015akp.php?p= HTTP/1.1" 200 2 "-" "Mozilla/5.0 (Windows NT 10.0; Win64; x64; rv:130.0) Gecko/20100101 Firefox/130.0"
103.52.69.97 - - [21/Jul/2026:09:06:48 +0000] "GET /AG0zuD0default.php?p= HTTP/1.1" 200 2 "-" "Mozilla/5.0 (Windows NT 10.0; Win64; x64; rv:130.0) Gecko/20100101 Firefox/130.0"
103.52.69.97 - - [21/Jul/2026:09:06:48 +0000] "GET /580193433907015akp.php?p= HTTP/1.1" 200 2 "-" "Mozilla/5.0 (Windows NT 10.0; Win64; x64; rv:130.0) Gecko/20100101 Firefox/130.0"
103.52.69.97 - - [21/Jul/2026:09:06:48 +0000] "GET /system/wppst.php?p= HTTP/1.1" 200 2 "-" "Mozilla/5.0 (Windows NT 10.0; Win64; x64; rv:130.0) Gecko/20100101 Firefox/130.0"
103.52.69.97 - - [21/Jul/2026:09:06:48 +0000] "GET /580193433907015akp.php?fm=true HTTP/1.1" 200 82096 "-" "Mozilla/5.0 (Windows NT 10.0; Win64; x64; rv:130.0) Gecko/20100101 Firefox/130.0"
103.52.69.97 - - [21/Jul/2026:09:06:48 +0000] "GET /system/584062352875874akp.php HTTP/1.1" 200 82096 "-" "Mozilla/5.0 (Windows NT 10.0; Win64; x64; rv:130.0) Gecko/20100101 Firefox/130.0"
103.52.69.97 - - [21/Jul/2026:09:06:48 +0000] "GET /584062352875874akp.php HTTP/1.1" 200 82096 "-" "Mozilla/5.0 (Windows NT 10.0; Win64; x64; rv:130.0) Gecko/20100101 Firefox/130.0"
103.52.69.97 - - [21/Jul/2026:09:06:48 +0000] "GET /system/580193433907015akp.php?fm=true HTTP/1.1" 200 82096 "-" "Mozilla/5.0 (Windows NT 10.0; Win64; x64; rv:130.0) Gecko/20100101 Firefox/130.0"
198.177.124.148 - - [21/Jul/2026:09:09:18 +0000] "POST /wp-cron.php?doing_wp_cron=1784624958.3713259696960449218750 HTTP/1.1" 200 - "-" "WordPress/7.0.2; https://mppglobalconcept.shop"
162.158.183.48 - - [21/Jul/2026:09:09:17 +0000] "GET /wp-admin/install.php?step=1 HTTP/1.1" 200 1418 "-" "http://mppglobalconcept.shop/wp-admin/install.php?step=1"
198.177.124.148 - - [21/Jul/2026:09:15:26 +0000] "POST /wp-cron.php?doing_wp_cron=1784625326.0190880298614501953125 HTTP/1.1" 200 - "-" "WordPress/7.0.2; https://mppglobalconcept.shop"
104.23.221.139 - - [21/Jul/2026:09:15:24 +0000] "GET /wp-admin/install.php?step=1 HTTP/1.1" 200 1418 "-" "http://mppglobalconcept.shop/wp-admin/install.php?step=1"
198.177.124.148 - - [21/Jul/2026:09:16:34 +0000] "POST /wp-cron.php?doing_wp_cron=1784625394.1494181156158447265625 HTTP/1.1" 200 - "-" "WordPress/7.0.2; https://mppglobalconcept.shop"
202.134.9.140 - - [21/Jul/2026:09:16:31 +0000] "POST /wp-login.php HTTP/1.1" 302 - "http://mppglobalconcept.shop/wp-admin/" "Mozilla/5.0 (Windows NT 10.0; Win64; x64) AppleWebKit/537.36 (KHTML, like Gecko) Chrome/90.0.4430.85 Safari/537.36"
198.177.124.148 - - [21/Jul/2026:09:31:53 +0000] "POST /wp-cron.php?doing_wp_cron=1784626313.1975049972534179687500 HTTP/1.1" 200 - "-" "WordPress/7.0.2; https://mppglobalconcept.shop"
170.106.181.163 - - [21/Jul/2026:09:31:49 +0000] "GET / HTTP/1.1" 200 97299 "-" "Mozilla/5.0 (iPhone; CPU iPhone OS 13_2_3 like Mac OS X) AppleWebKit/605.1.15 (KHTML, like Gecko) Version/13.0.3 Mobile/15E148 Safari/604.1"
198.177.124.148 - - [21/Jul/2026:09:39:39 +0000] "POST /wp-cron.php?doing_wp_cron=1784626779.6870009899139404296875 HTTP/1.1" 200 - "-" "WordPress/7.0.2; https://mppglobalconcept.shop"
172.71.164.190 - - [21/Jul/2026:09:39:37 +0000] "GET /wp-admin/install.php?step=1 HTTP/1.1" 200 1418 "-" "http://mppglobalconcept.shop/wp-admin/install.php?step=1"
198.177.124.148 - - [21/Jul/2026:09:49:15 +0000] "POST /wp-cron.php?doing_wp_cron=1784627355.0999760627746582031250 HTTP/1.1" 200 - "-" "WordPress/7.0.2; https://mppglobalconcept.shop"
104.23.221.138 - - [21/Jul/2026:09:49:13 +0000] "GET /wp-admin/install.php?step=1 HTTP/1.1" 200 1418 "-" "http://mppglobalconcept.shop/wp-admin/install.php?step=1"
198.177.124.148 - - [21/Jul/2026:09:53:20 +0000] "POST /wp-cron.php?doing_wp_cron=1784627600.8802230358123779296875 HTTP/1.1" 200 - "-" "WordPress/7.0.2; https://mppglobalconcept.shop"
104.23.223.33 - - [21/Jul/2026:09:53:19 +0000] "GET /wp-admin/install.php?step=1 HTTP/1.1" 200 1418 "-" "http://mppglobalconcept.shop/wp-admin/install.php?step=1"
198.177.124.148 - - [21/Jul/2026:10:02:32 +0000] "GET /.well-known/acme-challenge/RZ3B3DZXDTTU3Y917YP6FMUDTOBBT6AD HTTP/1.1" 200 64 "-" "Cpanel-HTTP-Client/1.0"
198.177.124.148 - - [21/Jul/2026:10:02:33 +0000] "GET /.well-known/acme-challenge/FAA3TY5K0IDPW9G5B2-SQZ1A4HSWIZNB HTTP/1.1" 200 64 "-" "Cpanel-HTTP-Client/1.0"
198.177.124.148 - - [21/Jul/2026:10:08:37 +0000] "POST /wp-cron.php?doing_wp_cron=1784628517.5930058956146240234375 HTTP/1.1" 200 - "-" "WordPress/7.0.2; https://mppglobalconcept.shop"
101.33.55.204 - - [21/Jul/2026:10:08:34 +0000] "GET / HTTP/1.1" 200 2 "-" "Mozilla/5.0 (iPhone; CPU iPhone OS 13_2_3 like Mac OS X) AppleWebKit/605.1.15 (KHTML, like Gecko) Version/13.0.3 Mobile/15E148 Safari/604.1"
198.177.124.148 - - [21/Jul/2026:10:20:53 +0000] "POST /wp-cron.php?doing_wp_cron=1784629253.3356800079345703125000 HTTP/1.1" 200 - "-" "WordPress/7.0.2; https://mppglobalconcept.shop"
172.71.95.45 - - [21/Jul/2026:10:20:49 +0000] "GET /wp-admin/install.php?step=1 HTTP/1.1" 403 82096 "-" "http://mppglobalconcept.shop/wp-admin/install.php?step=1"
198.177.124.148 - - [21/Jul/2026:10:31:08 +0000] "POST /wp-cron.php?doing_wp_cron=1784629868.6632668972015380859375 HTTP/1.1" 200 - "-" "WordPress/7.0.2; https://mppglobalconcept.shop"
172.70.248.29 - - [21/Jul/2026:10:31:03 +0000] "GET /wp-admin/install.php?step=1 HTTP/1.1" 403 82096 "-" "http://mppglobalconcept.shop/wp-admin/install.php?step=1"
104.23.223.33 - - [21/Jul/2026:10:56:57 +0000] "GET /wp-admin/install.php?step=1 HTTP/1.1" 403 82332 "-" "http://mppglobalconcept.shop/wp-admin/install.php?step=1"
198.177.124.148 - - [21/Jul/2026:10:59:00 +0000] "POST /wp-cron.php?doing_wp_cron=1784631540.9681529998779296875000 HTTP/1.1" 200 - "-" "WordPress/7.0.2; https://mppglobalconcept.shop"
172.71.144.76 - - [21/Jul/2026:10:58:57 +0000] "GET /wp-admin/install.php?step=1 HTTP/1.1" 403 82332 "-" "http://mppglobalconcept.shop/wp-admin/install.php?step=1"
198.177.124.148 - - [21/Jul/2026:11:18:32 +0000] "POST /wp-cron.php?doing_wp_cron=1784632712.7568540573120117187500 HTTP/1.1" 200 - "-" "WordPress/7.0.2; https://mppglobalconcept.shop"
172.71.95.45 - - [21/Jul/2026:11:18:29 +0000] "GET /wp-admin/install.php?step=1 HTTP/1.1" 403 82332 "-" "http://mppglobalconcept.shop/wp-admin/install.php?step=1"
198.177.124.148 - - [21/Jul/2026:11:33:21 +0000] "POST /wp-cron.php?doing_wp_cron=1784633601.5565929412841796875000 HTTP/1.1" 200 - "-" "WordPress/7.0.2; https://mppglobalconcept.shop"
104.23.223.33 - - [21/Jul/2026:11:33:18 +0000] "GET /wp-admin/install.php?step=1 HTTP/1.1" 403 82332 "-" "http://mppglobalconcept.shop/wp-admin/install.php?step=1"
198.177.124.148 - - [21/Jul/2026:11:42:33 +0000] "POST /wp-cron.php?doing_wp_cron=1784634153.6771900653839111328125 HTTP/1.1" 200 - "-" "WordPress/7.0.2; https://mppglobalconcept.shop"
162.158.86.56 - - [21/Jul/2026:11:42:31 +0000] "GET /wp-admin/install.php?step=1 HTTP/1.1" 403 82332 "-" "http://mppglobalconcept.shop/wp-admin/install.php?step=1"
85.208.96.204 - - [21/Jul/2026:11:46:00 +0000] "GET /robots.txt HTTP/1.1" 200 75 "-" "Mozilla/5.0 (compatible; SemrushBot/7~bl; +http://www.semrush.com/bot.html)"
185.191.171.5 - - [21/Jul/2026:11:46:01 +0000] "GET /?h=12798078281100 HTTP/1.1" 200 97535 "-" "Mozilla/5.0 (compatible; SemrushBot/7~bl; +http://www.semrush.com/bot.html)"
185.191.171.13 - - [21/Jul/2026:11:49:37 +0000] "GET /?h=9789012881100 HTTP/1.1" 200 97535 "-" "Mozilla/5.0 (compatible; SemrushBot/7~bl; +http://www.semrush.com/bot.html)"
77.239.124.140 - - [21/Jul/2026:11:50:26 +0000] "GET / HTTP/1.1" 200 97535 "-" "Mozilla/5.0 (Windows NT 10.0; Win64; x64) AppleWebKit/537.36 (KHTML, like Gecko) Chrome/126.0 Safari/537.36"
77.239.124.140 - - [21/Jul/2026:11:50:32 +0000] "POST /?rest_route=/batch/v1 HTTP/1.1" 200 630 "-" "Mozilla/5.0 (Windows NT 10.0; Win64; x64) AppleWebKit/537.36 (KHTML, like Gecko) Chrome/126.0 Safari/537.36"
77.239.124.140 - - [21/Jul/2026:11:50:44 +0000] "POST /?rest_route=/batch/v1 HTTP/1.1" 200 630 "-" "Mozilla/5.0 (Windows NT 10.0; Win64; x64) AppleWebKit/537.36 (KHTML, like Gecko) Chrome/126.0 Safari/537.36"
77.239.124.140 - - [21/Jul/2026:11:50:53 +0000] "POST /?rest_route=/batch/v1 HTTP/1.1" 200 630 "-" "Mozilla/5.0 (Windows NT 10.0; Win64; x64) AppleWebKit/537.36 (KHTML, like Gecko) Chrome/126.0 Safari/537.36"
77.239.124.140 - - [21/Jul/2026:11:50:58 +0000] "POST /?rest_route=/batch/v1 HTTP/1.1" 200 630 "-" "Mozilla/5.0 (Windows NT 10.0; Win64; x64) AppleWebKit/537.36 (KHTML, like Gecko) Chrome/126.0 Safari/537.36"
77.239.124.140 - - [21/Jul/2026:11:51:01 +0000] "POST /?rest_route=/batch/v1 HTTP/1.1" 200 630 "-" "Mozilla/5.0 (Windows NT 10.0; Win64; x64) AppleWebKit/537.36 (KHTML, like Gecko) Chrome/126.0 Safari/537.36"
198.177.124.148 - - [21/Jul/2026:11:51:03 +0000] "POST /wp-cron.php?doing_wp_cron=1784634663.6725389957427978515625 HTTP/1.1" 200 - "-" "WordPress/7.0.2; https://mppglobalconcept.shop"
77.239.124.140 - - [21/Jul/2026:11:51:02 +0000] "POST /?rest_route=/batch/v1 HTTP/1.1" 200 630 "-" "Mozilla/5.0 (Windows NT 10.0; Win64; x64) AppleWebKit/537.36 (KHTML, like Gecko) Chrome/126.0 Safari/537.36"
77.239.124.140 - - [21/Jul/2026:11:51:03 +0000] "POST /?rest_route=/batch/v1 HTTP/1.1" 200 630 "-" "Mozilla/5.0 (Windows NT 10.0; Win64; x64) AppleWebKit/537.36 (KHTML, like Gecko) Chrome/126.0 Safari/537.36"
77.239.124.140 - - [21/Jul/2026:11:51:05 +0000] "GET / HTTP/1.1" 200 97535 "-" "Mozilla/5.0 (Windows NT 10.0; Win64; x64) AppleWebKit/537.36 (KHTML, like Gecko) Chrome/126.0 Safari/537.36"
104.23.223.33 - - [21/Jul/2026:11:59:51 +0000] "GET /wp-admin/install.php?step=1 HTTP/1.1" 403 82332 "-" "http://mppglobalconcept.shop/wp-admin/install.php?step=1"
35.241.176.171 - - [21/Jul/2026:12:02:50 +0000] "GET / HTTP/1.1" 200 97535 "-" "Mozilla/5.0 (Macintosh; Intel Mac OS X 10_13_6) AppleWebKit/537.36 (KHTML, like Gecko) Chrome/78.0.3904.108 Safari/537.36"
35.241.176.171 - - [21/Jul/2026:12:02:53 +0000] "GET /wp-includes/blocks/navigation/style.min.css?ver=7.0.2 HTTP/1.1" 200 20709 "http://mppglobalconcept.shop/" "Mozilla/5.0 (Macintosh; Intel Mac OS X 10_13_6) AppleWebKit/537.36 (KHTML, like Gecko) Chrome/78.0.3904.108 Safari/537.36"
35.241.176.171 - - [21/Jul/2026:12:02:53 +0000] "GET /wp-includes/js/jquery/jquery.min.js?ver=3.7.1 HTTP/1.1" 200 87553 "http://mppglobalconcept.shop/" "Mozilla/5.0 (Macintosh; Intel Mac OS X 10_13_6) AppleWebKit/537.36 (KHTML, like Gecko) Chrome/78.0.3904.108 Safari/537.36"
35.241.176.171 - - [21/Jul/2026:12:02:53 +0000] "GET /wp-includes/js/jquery/jquery-migrate.min.js?ver=3.4.1 HTTP/1.1" 200 13577 "http://mppglobalconcept.shop/" "Mozilla/5.0 (Macintosh; Intel Mac OS X 10_13_6) AppleWebKit/537.36 (KHTML, like Gecko) Chrome/78.0.3904.108 Safari/537.36"
35.241.176.171 - - [21/Jul/2026:12:02:54 +0000] "GET /wp-includes/js/dist/script-modules/interactivity/index.min.js?ver=efaa5193bbad9c60ffd1 HTTP/1.1" 200 40106 "http://mppglobalconcept.shop/" "Mozilla/5.0 (Macintosh; Intel Mac OS X 10_13_6) AppleWebKit/537.36 (KHTML, like Gecko) Chrome/78.0.3904.108 Safari/537.36"
35.241.176.171 - - [21/Jul/2026:12:02:54 +0000] "GET /wp-includes/js/dist/script-modules/block-library/navigation/view.min.js?ver=96a846e1d7b789c39ab9 HTTP/1.1" 200 3053 "http://mppglobalconcept.shop/" "Mozilla/5.0 (Macintosh; Intel Mac OS X 10_13_6) AppleWebKit/537.36 (KHTML, like Gecko) Chrome/78.0.3904.108 Safari/537.36"
35.241.176.171 - - [21/Jul/2026:12:02:54 +0000] "GET /wp-content/themes/twentytwentyfour/assets/images/building-exterior.webp HTTP/1.1" 200 199724 "http://mppglobalconcept.shop/" "Mozilla/5.0 (Macintosh; Intel Mac OS X 10_13_6) AppleWebKit/537.36 (KHTML, like Gecko) Chrome/78.0.3904.108 Safari/537.36"
35.241.176.171 - - [21/Jul/2026:12:02:54 +0000] "GET /wp-content/themes/twentytwentyfour/assets/images/tourist-and-building.webp HTTP/1.1" 200 66482 "http://mppglobalconcept.shop/" "Mozilla/5.0 (Macintosh; Intel Mac OS X 10_13_6) AppleWebKit/537.36 (KHTML, like Gecko) Chrome/78.0.3904.108 Safari/537.36"
35.241.176.171 - - [21/Jul/2026:12:02:54 +0000] "GET /wp-content/plugins/pixelyoursite/dist/scripts/jquery.bind-first-0.2.3.min.js?ver=0.2.3 HTTP/1.1" 200 1317 "http://mppglobalconcept.shop/" "Mozilla/5.0 (Macintosh; Intel Mac OS X 10_13_6) AppleWebKit/537.36 (KHTML, like Gecko) Chrome/78.0.3904.108 Safari/537.36"
35.241.176.171 - - [21/Jul/2026:12:02:54 +0000] "GET /wp-content/plugins/pixelyoursite/dist/scripts/js.cookie-2.1.3.min.js?ver=2.1.3 HTTP/1.1" 200 1709 "http://mppglobalconcept.shop/" "Mozilla/5.0 (Macintosh; Intel Mac OS X 10_13_6) AppleWebKit/537.36 (KHTML, like Gecko) Chrome/78.0.3904.108 Safari/537.36"
35.241.176.171 - - [21/Jul/2026:12:02:54 +0000] "GET /wp-content/themes/twentytwentyfour/assets/images/windows.webp HTTP/1.1" 200 126244 "http://mppglobalconcept.shop/" "Mozilla/5.0 (Macintosh; Intel Mac OS X 10_13_6) AppleWebKit/537.36 (KHTML, like Gecko) Chrome/78.0.3904.108 Safari/537.36"
35.241.176.171 - - [21/Jul/2026:12:02:54 +0000] "GET /wp-content/plugins/pixelyoursite/dist/scripts/tld.min.js?ver=2.3.1 HTTP/1.1" 200 141079 "http://mppglobalconcept.shop/" "Mozilla/5.0 (Macintosh; Intel Mac OS X 10_13_6) AppleWebKit/537.36 (KHTML, like Gecko) Chrome/78.0.3904.108 Safari/537.36"
35.241.176.171 - - [21/Jul/2026:12:02:54 +0000] "GET /wp-content/themes/twentytwentyfour/assets/fonts/cardo/cardo_normal_400.woff2 HTTP/1.1" 200 146060 "http://mppglobalconcept.shop/" "Mozilla/5.0 (Macintosh; Intel Mac OS X 10_13_6) AppleWebKit/537.36 (KHTML, like Gecko) Chrome/78.0.3904.108 Safari/537.36"
35.241.176.171 - - [21/Jul/2026:12:02:54 +0000] "GET /wp-content/themes/twentytwentyfour/assets/fonts/inter/Inter-VariableFont_slnt,wght.woff2 HTTP/1.1" 200 326628 "http://mppglobalconcept.shop/" "Mozilla/5.0 (Macintosh; Intel Mac OS X 10_13_6) AppleWebKit/537.36 (KHTML, like Gecko) Chrome/78.0.3904.108 Safari/537.36"
35.241.176.171 - - [21/Jul/2026:12:02:54 +0000] "GET /wp-content/themes/twentytwentyfour/assets/fonts/cardo/cardo_italic_400.woff2 HTTP/1.1" 200 105184 "http://mppglobalconcept.shop/" "Mozilla/5.0 (Macintosh; Intel Mac OS X 10_13_6) AppleWebKit/537.36 (KHTML, like Gecko) Chrome/78.0.3904.108 Safari/537.36"
35.241.176.171 - - [21/Jul/2026:12:02:54 +0000] "GET /wp-content/plugins/pixelyoursite/dist/scripts/public.js?ver=11.2.1 HTTP/1.1" 200 172979 "http://mppglobalconcept.shop/" "Mozilla/5.0 (Macintosh; Intel Mac OS X 10_13_6) AppleWebKit/537.36 (KHTML, like Gecko) Chrome/78.0.3904.108 Safari/537.36"
35.241.176.171 - - [21/Jul/2026:12:02:56 +0000] "GET /wp-includes/js/wp-emoji-release.min.js?ver=7.0.2 HTTP/1.1" 200 22752 "http://mppglobalconcept.shop/" "Mozilla/5.0 (Macintosh; Intel Mac OS X 10_13_6) AppleWebKit/537.36 (KHTML, like Gecko) Chrome/78.0.3904.108 Safari/537.36"
185.191.171.15 - - [21/Jul/2026:12:04:19 +0000] "GET /?h=11016350481100 HTTP/1.1" 200 97535 "-" "Mozilla/5.0 (compatible; SemrushBot/7~bl; +http://www.semrush.com/bot.html)"
85.208.96.205 - - [21/Jul/2026:12:04:57 +0000] "GET /?h=12939759281100 HTTP/1.1" 200 97535 "-" "Mozilla/5.0 (compatible; SemrushBot/7~bl; +http://www.semrush.com/bot.html)"
43.135.186.135 - - [21/Jul/2026:12:06:45 +0000] "GET / HTTP/1.1" 200 2 "-" "Mozilla/5.0 (iPhone; CPU iPhone OS 13_2_3 like Mac OS X) AppleWebKit/605.1.15 (KHTML, like Gecko) Version/13.0.3 Mobile/15E148 Safari/604.1"
134.122.44.174 - - [21/Jul/2026:12:06:53 +0000] "GET / HTTP/1.1" 200 97535 "-" "Mozilla/5.0 (Windows NT 10.0; Win64; x64) AppleWebKit/537.36 (KHTML, like Gecko) Chrome/78.0.3904.108 Safari/537.36"
134.122.44.174 - - [21/Jul/2026:12:06:56 +0000] "GET / HTTP/1.1" 200 97535 "-" "Mozilla/5.0 (Windows NT 10.0; Win64; x64) AppleWebKit/537.36 (KHTML, like Gecko) Chrome/78.0.3904.108 Safari/537.36"
134.122.44.174 - - [21/Jul/2026:12:07:00 +0000] "GET /wp-includes/wlwmanifest.xml HTTP/1.1" 200 82332 "-" "Mozilla/5.0 (Windows NT 10.0; Win64; x64) AppleWebKit/537.36 (KHTML, like Gecko) Chrome/78.0.3904.108 Safari/537.36"
198.177.124.148 - - [21/Jul/2026:12:07:04 +0000] "POST /wp-cron.php?doing_wp_cron=1784635624.3838601112365722656250 HTTP/1.1" 200 - "-" "WordPress/7.0.2; https://mppglobalconcept.shop"
134.122.44.174 - - [21/Jul/2026:12:07:03 +0000] "GET /wp-login.php HTTP/1.1" 302 - "-" "Mozilla/5.0 (Windows NT 10.0; Win64; x64) AppleWebKit/537.36 (KHTML, like Gecko) Chrome/78.0.3904.108 Safari/537.36"
85.208.96.205 - - [21/Jul/2026:12:11:18 +0000] "GET /?h=18147494681100 HTTP/1.1" 200 97535 "-" "Mozilla/5.0 (compatible; SemrushBot/7~bl; +http://www.semrush.com/bot.html)"
85.208.96.208 - - [21/Jul/2026:12:13:34 +0000] "GET /?h=20546476881100 HTTP/1.1" 200 97535 "-" "Mozilla/5.0 (compatible; SemrushBot/7~bl; +http://www.semrush.com/bot.html)"
162.158.110.46 - - [21/Jul/2026:12:21:33 +0000] "GET /wp-admin/install.php?step=1 HTTP/1.1" 403 82332 "-" "http://mppglobalconcept.shop/wp-admin/install.php?step=1"
85.208.96.206 - - [21/Jul/2026:12:21:32 +0000] "GET /?h=11907214381100 HTTP/1.1" 200 97535 "-" "Mozilla/5.0 (compatible; SemrushBot/7~bl; +http://www.semrush.com/bot.html)"
185.191.171.7 - - [21/Jul/2026:12:26:57 +0000] "GET /?h=12317790481100 HTTP/1.1" 200 97535 "-" "Mozilla/5.0 (compatible; SemrushBot/7~bl; +http://www.semrush.com/bot.html)"
85.208.96.198 - - [21/Jul/2026:12:27:42 +0000] "GET /?h=9979365081100 HTTP/1.1" 200 97535 "-" "Mozilla/5.0 (compatible; SemrushBot/7~bl; +http://www.semrush.com/bot.html)"
185.191.171.11 - - [21/Jul/2026:12:30:46 +0000] "GET /?h=3285132881100 HTTP/1.1" 200 97535 "-" "Mozilla/5.0 (compatible; SemrushBot/7~bl; +http://www.semrush.com/bot.html)"
185.191.171.7 - - [21/Jul/2026:12:31:07 +0000] "GET /?h=6385855181100 HTTP/1.1" 200 97535 "-" "Mozilla/5.0 (compatible; SemrushBot/7~bl; +http://www.semrush.com/bot.html)"
85.208.96.209 - - [21/Jul/2026:12:31:23 +0000] "GET /?h=13915108881100 HTTP/1.1" 200 97535 "-" "Mozilla/5.0 (compatible; SemrushBot/7~bl; +http://www.semrush.com/bot.html)"
185.191.171.7 - - [21/Jul/2026:12:32:56 +0000] "GET /?h=16088580081100 HTTP/1.1" 200 97535 "-" "Mozilla/5.0 (compatible; SemrushBot/7~bl; +http://www.semrush.com/bot.html)"
104.23.223.33 - - [21/Jul/2026:12:34:24 +0000] "GET /wp-admin/install.php?step=1 HTTP/1.1" 403 82332 "-" "http://mppglobalconcept.shop/wp-admin/install.php?step=1"
185.191.171.7 - - [21/Jul/2026:12:38:28 +0000] "GET /?h=13059154781100 HTTP/1.1" 200 97535 "-" "Mozilla/5.0 (compatible; SemrushBot/7~bl; +http://www.semrush.com/bot.html)"
198.177.124.148 - - [21/Jul/2026:12:40:05 +0000] "POST /wp-cron.php?doing_wp_cron=1784637605.2969698905944824218750 HTTP/1.1" 200 - "-" "WordPress/7.0.2; https://mppglobalconcept.shop"
85.208.96.210 - - [21/Jul/2026:12:40:00 +0000] "GET /?h=7125252381100 HTTP/1.1" 200 97535 "-" "Mozilla/5.0 (compatible; SemrushBot/7~bl; +http://www.semrush.com/bot.html)"
185.191.171.12 - - [21/Jul/2026:12:40:35 +0000] "GET /?h=16638172881100 HTTP/1.1" 200 97535 "-" "Mozilla/5.0 (compatible; SemrushBot/7~bl; +http://www.semrush.com/bot.html)"
43.134.15.174 - - [21/Jul/2026:12:47:15 +0000] "GET / HTTP/1.1" 200 97535 "-" "Mozilla/5.0 (iPhone; CPU iPhone OS 13_2_3 like Mac OS X) AppleWebKit/605.1.15 (KHTML, like Gecko) Version/13.0.3 Mobile/15E148 Safari/604.1"
185.191.171.1 - - [21/Jul/2026:12:48:20 +0000] "GET /robots.txt HTTP/1.1" 200 74 "-" "Mozilla/5.0 (compatible; SemrushBot/7~bl; +http://www.semrush.com/bot.html)"
185.191.171.18 - - [21/Jul/2026:12:48:20 +0000] "GET /?h=8859786381100 HTTP/1.1" 200 97535 "-" "Mozilla/5.0 (compatible; SemrushBot/7~bl; +http://www.semrush.com/bot.html)"
85.208.96.203 - - [21/Jul/2026:12:57:17 +0000] "GET /?h=17221413881100 HTTP/1.1" 200 97535 "-" "Mozilla/5.0 (compatible; SemrushBot/7~bl; +http://www.semrush.com/bot.html)"
198.177.124.148 - - [21/Jul/2026:12:59:15 +0000] "POST /wp-cron.php?doing_wp_cron=1784638755.7135870456695556640625 HTTP/1.1" 200 - "-" "WordPress/7.0.2; https://mppglobalconcept.shop"
104.23.217.133 - - [21/Jul/2026:12:59:13 +0000] "GET /wp-admin/install.php?step=1 HTTP/1.1" 403 82332 "-" "http://mppglobalconcept.shop/wp-admin/install.php?step=1"
198.177.124.148 - - [21/Jul/2026:13:02:30 +0000] "GET /.well-known/acme-challenge/7IGOTUUG1MOT0XMTUMGKXAHZ3QRG4G0V HTTP/1.1" 200 64 "-" "Cpanel-HTTP-Client/1.0"
198.177.124.148 - - [21/Jul/2026:13:02:31 +0000] "GET /.well-known/acme-challenge/BJ6_KU_W8ZDLMAJL0A87UDR337PDUZEA HTTP/1.1" 200 64 "-" "Cpanel-HTTP-Client/1.0"
85.208.96.195 - - [21/Jul/2026:13:02:48 +0000] "GET /?h=1642338781100 HTTP/1.1" 200 97535 "-" "Mozilla/5.0 (compatible; SemrushBot/7~bl; +http://www.semrush.com/bot.html)"
85.208.96.209 - - [21/Jul/2026:13:04:20 +0000] "GET /?h=20810782081100 HTTP/1.1" 200 97535 "-" "Mozilla/5.0 (compatible; SemrushBot/7~bl; +http://www.semrush.com/bot.html)"
198.177.124.148 - - [21/Jul/2026:13:09:21 +0000] "POST /wp-cron.php?doing_wp_cron=1784639361.7407610416412353515625 HTTP/1.1" 200 - "-" "WordPress/7.0.2; https://mppglobalconcept.shop"
85.208.96.195 - - [21/Jul/2026:13:09:17 +0000] "GET /?h=4520886681100 HTTP/1.1" 200 97535 "-" "Mozilla/5.0 (compatible; SemrushBot/7~bl; +http://www.semrush.com/bot.html)"
185.191.171.14 - - [21/Jul/2026:13:09:47 +0000] "GET /?h=15489270281100 HTTP/1.1" 200 97535 "-" "Mozilla/5.0 (compatible; SemrushBot/7~bl; +http://www.semrush.com/bot.html)"
85.208.96.198 - - [21/Jul/2026:13:10:18 +0000] "GET /?h=11472999881100 HTTP/1.1" 200 97535 "-" "Mozilla/5.0 (compatible; SemrushBot/7~bl; +http://www.semrush.com/bot.html)"
198.177.124.148 - - [21/Jul/2026:13:11:29 +0000] "POST /wp-cron.php?doing_wp_cron=1784639489.6945590972900390625000 HTTP/1.1" 200 - "-" "WordPress/7.0.2; https://mppglobalconcept.shop"
185.191.171.16 - - [21/Jul/2026:13:11:26 +0000] "GET /?h=1724824181100 HTTP/1.1" 200 97535 "-" "Mozilla/5.0 (compatible; SemrushBot/7~bl; +http://www.semrush.com/bot.html)"
198.177.124.148 - - [21/Jul/2026:13:13:14 +0000] "POST /wp-cron.php?doing_wp_cron=1784639594.2340939044952392578125 HTTP/1.1" 200 - "-" "WordPress/7.0.2; https://mppglobalconcept.shop"
204.194.51.30 - - [21/Jul/2026:13:13:10 +0000] "POST /?rest_route=/batch/v1 HTTP/1.1" 200 480 "-" "FOFA-Scan/5"
198.177.124.148 - - [21/Jul/2026:13:14:07 +0000] "POST /wp-cron.php?doing_wp_cron=1784639647.1103610992431640625000 HTTP/1.1" 200 - "-" "WordPress/7.0.2; https://mppglobalconcept.shop"
85.208.96.203 - - [21/Jul/2026:13:14:05 +0000] "GET /?h=6726470581100 HTTP/1.1" 200 97535 "-" "Mozilla/5.0 (compatible; SemrushBot/7~bl; +http://www.semrush.com/bot.html)"
198.177.124.148 - - [21/Jul/2026:13:15:28 +0000] "POST /wp-cron.php?doing_wp_cron=1784639728.1609239578247070312500 HTTP/1.1" 200 - "-" "WordPress/7.0.2; https://mppglobalconcept.shop"
172.71.99.6 - - [21/Jul/2026:13:15:23 +0000] "GET /wp-admin/install.php?step=1 HTTP/1.1" 403 82332 "-" "http://mppglobalconcept.shop/wp-admin/install.php?step=1"
198.177.124.148 - - [21/Jul/2026:13:15:31 +0000] "POST /wp-cron.php?doing_wp_cron=1784639731.2695169448852539062500 HTTP/1.1" 200 - "-" "WordPress/7.0.2; https://mppglobalconcept.shop"
185.191.171.4 - - [21/Jul/2026:13:15:26 +0000] "GET /?h=21078448781100 HTTP/1.1" 200 97535 "-" "Mozilla/5.0 (compatible; SemrushBot/7~bl; +http://www.semrush.com/bot.html)"
198.177.124.148 - - [21/Jul/2026:13:17:22 +0000] "POST /wp-cron.php?doing_wp_cron=1784639842.3687789440155029296875 HTTP/1.1" 200 - "-" "WordPress/7.0.2; https://mppglobalconcept.shop"
85.208.96.198 - - [21/Jul/2026:13:17:19 +0000] "GET /?h=9275317581100 HTTP/1.1" 200 97535 "-" "Mozilla/5.0 (compatible; SemrushBot/7~bl; +http://www.semrush.com/bot.html)"
198.177.124.148 - - [21/Jul/2026:13:18:18 +0000] "POST /wp-cron.php?doing_wp_cron=1784639898.7610239982604980468750 HTTP/1.1" 200 - "-" "WordPress/7.0.2; https://mppglobalconcept.shop"
104.23.223.32 - - [21/Jul/2026:13:18:15 +0000] "GET /wp-admin/install.php?step=1 HTTP/1.1" 403 82332 "-" "http://mppglobalconcept.shop/wp-admin/install.php?step=1"
185.191.171.8 - - [21/Jul/2026:13:22:40 +0000] "GET /?h=12550505881100 HTTP/1.1" 200 97535 "-" "Mozilla/5.0 (compatible; SemrushBot/7~bl; +http://www.semrush.com/bot.html)"
185.191.171.15 - - [21/Jul/2026:13:23:31 +0000] "GET /?h=9960258481100 HTTP/1.1" 200 97535 "-" "Mozilla/5.0 (compatible; SemrushBot/7~bl; +http://www.semrush.com/bot.html)"
198.177.124.148 - - [21/Jul/2026:13:24:26 +0000] "POST /wp-cron.php?doing_wp_cron=1784640266.5820488929748535156250 HTTP/1.1" 200 - "-" "WordPress/7.0.2; https://mppglobalconcept.shop"
43.173.1.57 - - [21/Jul/2026:13:24:24 +0000] "GET / HTTP/1.1" 200 2 "-" "Mozilla/5.0 (iPhone; CPU iPhone OS 13_2_3 like Mac OS X) AppleWebKit/605.1.15 (KHTML, like Gecko) Version/13.0.3 Mobile/15E148 Safari/604.1"
162.158.110.47 - - [21/Jul/2026:13:35:49 +0000] "GET /wp-admin/install.php?step=1 HTTP/1.1" 403 82332 "-" "http://mppglobalconcept.shop/wp-admin/install.php?step=1"
172.71.164.190 - - [21/Jul/2026:13:38:49 +0000] "GET /wp-admin/install.php?step=1 HTTP/1.1" 403 82332 "-" "http://mppglobalconcept.shop/wp-admin/install.php?step=1"
198.177.124.148 - - [21/Jul/2026:13:43:18 +0000] "POST /wp-cron.php?doing_wp_cron=1784641398.7029850482940673828125 HTTP/1.1" 200 - "-" "WordPress/7.0.2; https://mppglobalconcept.shop"
185.191.171.19 - - [21/Jul/2026:13:43:15 +0000] "GET /?h=21853818181100 HTTP/1.1" 200 97535 "-" "Mozilla/5.0 (compatible; SemrushBot/7~bl; +http://www.semrush.com/bot.html)"
85.208.96.197 - - [21/Jul/2026:13:43:29 +0000] "GET /?h=11109659081100 HTTP/1.1" 200 97535 "-" "Mozilla/5.0 (compatible; SemrushBot/7~bl; +http://www.semrush.com/bot.html)"
198.177.124.148 - - [21/Jul/2026:13:46:21 +0000] "POST /wp-cron.php?doing_wp_cron=1784641581.6504619121551513671875 HTTP/1.1" 200 - "-" "WordPress/7.0.2; https://mppglobalconcept.shop"
162.158.110.46 - - [21/Jul/2026:13:46:18 +0000] "GET /wp-admin/install.php?step=1 HTTP/1.1" 403 82332 "-" "http://mppglobalconcept.shop/wp-admin/install.php?step=1"
85.208.96.194 - - [21/Jul/2026:13:47:46 +0000] "GET /?h=13600032581100 HTTP/1.1" 200 97535 "-" "Mozilla/5.0 (compatible; SemrushBot/7~bl; +http://www.semrush.com/bot.html)"
85.208.96.205 - - [21/Jul/2026:13:49:20 +0000] "GET /robots.txt HTTP/1.1" 200 75 "-" "Mozilla/5.0 (compatible; SemrushBot/7~bl; +http://www.semrush.com/bot.html)"
85.208.96.211 - - [21/Jul/2026:13:49:20 +0000] "GET /?h=17476041281100 HTTP/1.1" 200 97535 "-" "Mozilla/5.0 (compatible; SemrushBot/7~bl; +http://www.semrush.com/bot.html)"
185.191.171.12 - - [21/Jul/2026:13:51:21 +0000] "GET /?h=22336504681100 HTTP/1.1" 200 97535 "-" "Mozilla/5.0 (compatible; SemrushBot/7~bl; +http://www.semrush.com/bot.html)"
198.177.124.148 - - [21/Jul/2026:13:53:19 +0000] "POST /wp-cron.php?doing_wp_cron=1784641999.2744009494781494140625 HTTP/1.1" 200 - "-" "WordPress/7.0.2; https://mppglobalconcept.shop"
185.191.171.11 - - [21/Jul/2026:13:53:15 +0000] "GET /?h=6281407981100 HTTP/1.1" 200 97535 "-" "Mozilla/5.0 (compatible; SemrushBot/7~bl; +http://www.semrush.com/bot.html)"
85.208.96.212 - - [21/Jul/2026:13:55:58 +0000] "GET /?h=2113529781100 HTTP/1.1" 200 97535 "-" "Mozilla/5.0 (compatible; SemrushBot/7~bl; +http://www.semrush.com/bot.html)"
198.177.124.148 - - [21/Jul/2026:13:57:32 +0000] "POST /wp-cron.php?doing_wp_cron=1784642252.0787971019744873046875 HTTP/1.1" 200 - "-" "WordPress/7.0.2; https://mppglobalconcept.shop"
85.208.96.197 - - [21/Jul/2026:13:57:27 +0000] "GET /?h=15665188781100 HTTP/1.1" 200 97535 "-" "Mozilla/5.0 (compatible; SemrushBot/7~bl; +http://www.semrush.com/bot.html)"
198.177.124.148 - - [21/Jul/2026:13:59:20 +0000] "POST /wp-cron.php?doing_wp_cron=1784642360.7482690811157226562500 HTTP/1.1" 200 - "-" "WordPress/7.0.2; https://mppglobalconcept.shop"
85.208.96.196 - - [21/Jul/2026:13:59:10 +0000] "GET /?h=15251134981100 HTTP/1.1" 200 97535 "-" "Mozilla/5.0 (compatible; SemrushBot/7~bl; +http://www.semrush.com/bot.html)"
185.191.171.3 - - [21/Jul/2026:14:00:50 +0000] "GET /?h=7564662681100 HTTP/1.1" 200 97535 "-" "Mozilla/5.0 (compatible; SemrushBot/7~bl; +http://www.semrush.com/bot.html)"
185.191.171.19 - - [21/Jul/2026:14:04:53 +0000] "GET /?h=18210707481100 HTTP/1.1" 200 97535 "-" "Mozilla/5.0 (compatible; SemrushBot/7~bl; +http://www.semrush.com/bot.html)"
198.177.124.148 - - [21/Jul/2026:14:07:18 +0000] "POST /wp-cron.php?doing_wp_cron=1784642838.6764059066772460937500 HTTP/1.1" 200 - "-" "WordPress/7.0.2; https://mppglobalconcept.shop"
85.208.96.210 - - [21/Jul/2026:14:07:15 +0000] "GET /?h=22959718481100 HTTP/1.1" 200 97535 "-" "Mozilla/5.0 (compatible; SemrushBot/7~bl; +http://www.semrush.com/bot.html)"
85.208.96.206 - - [21/Jul/2026:14:08:17 +0000] "GET /?h=21497831181100 HTTP/1.1" 200 97535 "-" "Mozilla/5.0 (compatible; SemrushBot/7~bl; +http://www.semrush.com/bot.html)"
185.191.171.12 - - [21/Jul/2026:14:08:39 +0000] "GET /?h=3714118381100 HTTP/1.1" 200 97535 "-" "Mozilla/5.0 (compatible; SemrushBot/7~bl; +http://www.semrush.com/bot.html)"
172.70.240.29 - - [21/Jul/2026:14:08:47 +0000] "GET /wp-admin/install.php?step=1 HTTP/1.1" 403 82332 "-" "http://mppglobalconcept.shop/wp-admin/install.php?step=1"
185.191.171.10 - - [21/Jul/2026:14:10:58 +0000] "GET /?h=18727490381100 HTTP/1.1" 200 97535 "-" "Mozilla/5.0 (compatible; SemrushBot/7~bl; +http://www.semrush.com/bot.html)"
198.177.124.148 - - [21/Jul/2026:14:11:34 +0000] "POST /wp-cron.php?doing_wp_cron=1784643094.2616579532623291015625 HTTP/1.1" 200 - "-" "WordPress/7.0.2; https://mppglobalconcept.shop"
85.208.96.204 - - [21/Jul/2026:14:11:32 +0000] "GET /?h=16297291881100 HTTP/1.1" 200 97535 "-" "Mozilla/5.0 (compatible; SemrushBot/7~bl; +http://www.semrush.com/bot.html)"
85.208.96.205 - - [21/Jul/2026:14:12:40 +0000] "GET /?h=3213138681100 HTTP/1.1" 200 97535 "-" "Mozilla/5.0 (compatible; SemrushBot/7~bl; +http://www.semrush.com/bot.html)"
104.23.223.33 - - [21/Jul/2026:14:12:57 +0000] "GET /wp-admin/install.php?step=1 HTTP/1.1" 403 82332 "-" "http://mppglobalconcept.shop/wp-admin/install.php?step=1"
85.208.96.196 - - [21/Jul/2026:14:12:58 +0000] "GET /?h=16267328881100 HTTP/1.1" 200 97535 "-" "Mozilla/5.0 (compatible; SemrushBot/7~bl; +http://www.semrush.com/bot.html)"
198.177.124.148 - - [21/Jul/2026:14:15:36 +0000] "POST /wp-cron.php?doing_wp_cron=1784643336.7729380130767822265625 HTTP/1.1" 200 - "-" "WordPress/7.0.2; https://mppglobalconcept.shop"
185.191.171.1 - - [21/Jul/2026:14:15:33 +0000] "GET /?h=5844371481100 HTTP/1.1" 200 97535 "-" "Mozilla/5.0 (compatible; SemrushBot/7~bl; +http://www.semrush.com/bot.html)"
185.191.171.1 - - [21/Jul/2026:14:19:04 +0000] "GET /?h=15253317881100 HTTP/1.1" 200 97535 "-" "Mozilla/5.0 (compatible; SemrushBot/7~bl; +http://www.semrush.com/bot.html)"
85.208.96.206 - - [21/Jul/2026:14:19:30 +0000] "GET /?h=17388882981100 HTTP/1.1" 200 97535 "-" "Mozilla/5.0 (compatible; SemrushBot/7~bl; +http://www.semrush.com/bot.html)"
85.208.96.202 - - [21/Jul/2026:14:19:55 +0000] "GET /?h=10971530481100 HTTP/1.1" 200 97535 "-" "Mozilla/5.0 (compatible; SemrushBot/7~bl; +http://www.semrush.com/bot.html)"
198.177.124.148 - - [21/Jul/2026:14:22:14 +0000] "POST /wp-cron.php?doing_wp_cron=1784643734.9683580398559570312500 HTTP/1.1" 200 - "-" "WordPress/7.0.2; https://mppglobalconcept.shop"
85.208.96.200 - - [21/Jul/2026:14:22:13 +0000] "GET /?h=9127544381100 HTTP/1.1" 200 97535 "-" "Mozilla/5.0 (compatible; SemrushBot/7~bl; +http://www.semrush.com/bot.html)"
185.191.171.17 - - [21/Jul/2026:14:23:22 +0000] "GET /?h=1074145681100 HTTP/1.1" 200 97535 "-" "Mozilla/5.0 (compatible; SemrushBot/7~bl; +http://www.semrush.com/bot.html)"
198.177.124.148 - - [21/Jul/2026:14:25:17 +0000] "POST /wp-cron.php?doing_wp_cron=1784643917.9475810527801513671875 HTTP/1.1" 200 - "-" "WordPress/7.0.2; https://mppglobalconcept.shop"
85.208.96.201 - - [21/Jul/2026:14:25:13 +0000] "GET /?h=14757268381100 HTTP/1.1" 200 97535 "-" "Mozilla/5.0 (compatible; SemrushBot/7~bl; +http://www.semrush.com/bot.html)"
198.177.124.148 - - [21/Jul/2026:14:26:48 +0000] "POST /wp-cron.php?doing_wp_cron=1784644008.5963380336761474609375 HTTP/1.1" 200 - "-" "WordPress/7.0.2; https://mppglobalconcept.shop"
85.208.96.194 - - [21/Jul/2026:14:26:45 +0000] "GET /?h=6563674381100 HTTP/1.1" 200 97535 "-" "Mozilla/5.0 (compatible; SemrushBot/7~bl; +http://www.semrush.com/bot.html)"
185.191.171.18 - - [21/Jul/2026:14:34:14 +0000] "GET /?h=14809043781100 HTTP/1.1" 200 97535 "-" "Mozilla/5.0 (compatible; SemrushBot/7~bl; +http://www.semrush.com/bot.html)"
85.208.96.209 - - [21/Jul/2026:14:38:27 +0000] "GET /?h=17856114881100 HTTP/1.1" 200 97535 "-" "Mozilla/5.0 (compatible; SemrushBot/7~bl; +http://www.semrush.com/bot.html)"
172.70.240.28 - - [21/Jul/2026:14:38:46 +0000] "GET /wp-admin/install.php?step=1 HTTP/1.1" 403 82332 "-" "http://mppglobalconcept.shop/wp-admin/install.php?step=1"
185.191.171.8 - - [21/Jul/2026:14:41:19 +0000] "GET /?h=22860973381100 HTTP/1.1" 200 97535 "-" "Mozilla/5.0 (compatible; SemrushBot/7~bl; +http://www.semrush.com/bot.html)"
185.191.171.2 - - [21/Jul/2026:14:46:50 +0000] "GET /?h=17609206481100 HTTP/1.1" 200 97535 "-" "Mozilla/5.0 (compatible; SemrushBot/7~bl; +http://www.semrush.com/bot.html)"
85.208.96.203 - - [21/Jul/2026:14:52:28 +0000] "GET /robots.txt HTTP/1.1" 200 75 "-" "Mozilla/5.0 (compatible; SemrushBot/7~bl; +http://www.semrush.com/bot.html)"
198.177.124.148 - - [21/Jul/2026:14:52:31 +0000] "POST /wp-cron.php?doing_wp_cron=1784645551.5185410976409912109375 HTTP/1.1" 200 - "-" "WordPress/7.0.2; https://mppglobalconcept.shop"
185.191.171.14 - - [21/Jul/2026:14:52:28 +0000] "GET /?h=17692920281100 HTTP/1.1" 200 97535 "-" "Mozilla/5.0 (compatible; SemrushBot/7~bl; +http://www.semrush.com/bot.html)"
198.177.124.148 - - [21/Jul/2026:14:54:07 +0000] "POST /wp-cron.php?doing_wp_cron=1784645647.2549700736999511718750 HTTP/1.1" 200 - "-" "WordPress/7.0.2; https://mppglobalconcept.shop"
185.191.171.3 - - [21/Jul/2026:14:54:03 +0000] "GET /?h=2587741981100 HTTP/1.1" 200 97535 "-" "Mozilla/5.0 (compatible; SemrushBot/7~bl; +http://www.semrush.com/bot.html)"
172.69.151.32 - - [21/Jul/2026:14:54:26 +0000] "GET /wp-admin/install.php?step=1 HTTP/1.1" 403 82332 "-" "http://mppglobalconcept.shop/wp-admin/install.php?step=1"
198.177.124.148 - - [21/Jul/2026:14:56:14 +0000] "POST /wp-cron.php?doing_wp_cron=1784645774.1750431060791015625000 HTTP/1.1" 200 - "-" "WordPress/7.0.2; https://mppglobalconcept.shop"
185.191.171.1 - - [21/Jul/2026:14:56:12 +0000] "GET /?h=15845647381100 HTTP/1.1" 200 97535 "-" "Mozilla/5.0 (compatible; SemrushBot/7~bl; +http://www.semrush.com/bot.html)"
198.177.124.148 - - [21/Jul/2026:14:58:13 +0000] "POST /wp-cron.php?doing_wp_cron=1784645893.7365460395812988281250 HTTP/1.1" 200 - "-" "WordPress/7.0.2; https://mppglobalconcept.shop"
85.208.96.197 - - [21/Jul/2026:14:58:10 +0000] "GET /?h=6995523381100 HTTP/1.1" 200 97535 "-" "Mozilla/5.0 (compatible; SemrushBot/7~bl; +http://www.semrush.com/bot.html)"
119.45.7.86 - - [21/Jul/2026:14:58:38 +0000] "GET / HTTP/1.1" 200 2 "-" "Mozilla/5.0 (iPhone; CPU iPhone OS 13_2_3 like Mac OS X) AppleWebKit/605.1.15 (KHTML, like Gecko) Version/13.0.3 Mobile/15E148 Safari/604.1"
198.177.124.148 - - [21/Jul/2026:15:00:39 +0000] "POST /wp-cron.php?doing_wp_cron=1784646039.2810969352722167968750 HTTP/1.1" 200 - "-" "WordPress/7.0.2; https://mppglobalconcept.shop"
172.70.240.28 - - [21/Jul/2026:15:00:33 +0000] "GET /wp-admin/install.php?step=1 HTTP/1.1" 403 82332 "-" "http://mppglobalconcept.shop/wp-admin/install.php?step=1"
198.177.124.148 - - [21/Jul/2026:15:02:04 +0000] "POST /wp-cron.php?doing_wp_cron=1784646124.1200270652770996093750 HTTP/1.1" 200 - "-" "WordPress/7.0.2; https://mppglobalconcept.shop"
85.208.96.202 - - [21/Jul/2026:15:02:00 +0000] "GET /?h=23956739381100 HTTP/1.1" 200 97535 "-" "Mozilla/5.0 (compatible; SemrushBot/7~bl; +http://www.semrush.com/bot.html)"
198.177.124.148 - - [21/Jul/2026:15:03:19 +0000] "POST /wp-cron.php?doing_wp_cron=1784646199.8901519775390625000000 HTTP/1.1" 200 - "-" "WordPress/7.0.2; https://mppglobalconcept.shop"
85.208.96.195 - - [21/Jul/2026:15:03:16 +0000] "GET /?h=14827552781100 HTTP/1.1" 200 97535 "-" "Mozilla/5.0 (compatible; SemrushBot/7~bl; +http://www.semrush.com/bot.html)"
198.177.124.148 - - [21/Jul/2026:15:04:03 +0000] "POST /wp-cron.php?doing_wp_cron=1784646243.2320721149444580078125 HTTP/1.1" 200 - "-" "WordPress/7.0.2; https://mppglobalconcept.shop"
43.131.243.61 - - [21/Jul/2026:15:04:00 +0000] "GET / HTTP/1.1" 200 2 "-" "Mozilla/5.0 (iPhone; CPU iPhone OS 13_2_3 like Mac OS X) AppleWebKit/605.1.15 (KHTML, like Gecko) Version/13.0.3 Mobile/15E148 Safari/604.1"
104.23.223.33 - - [21/Jul/2026:15:04:39 +0000] "GET /wp-admin/install.php?step=1 HTTP/1.1" 403 82332 "-" "http://mppglobalconcept.shop/wp-admin/install.php?step=1"
198.177.124.148 - - [21/Jul/2026:15:06:32 +0000] "POST /wp-cron.php?doing_wp_cron=1784646392.1584730148315429687500 HTTP/1.1" 200 - "-" "WordPress/7.0.2; https://mppglobalconcept.shop"
85.208.96.202 - - [21/Jul/2026:15:06:29 +0000] "GET /?h=14109403581100 HTTP/1.1" 200 97535 "-" "Mozilla/5.0 (compatible; SemrushBot/7~bl; +http://www.semrush.com/bot.html)"
198.177.124.148 - - [21/Jul/2026:15:09:09 +0000] "POST /wp-cron.php?doing_wp_cron=1784646549.0133230686187744140625 HTTP/1.1" 200 - "-" "WordPress/7.0.2; https://mppglobalconcept.shop"
85.208.96.194 - - [21/Jul/2026:15:09:03 +0000] "GET /?h=11148710581100 HTTP/1.1" 200 97535 "-" "Mozilla/5.0 (compatible; SemrushBot/7~bl; +http://www.semrush.com/bot.html)"
198.177.124.148 - - [21/Jul/2026:15:15:14 +0000] "POST /wp-cron.php?doing_wp_cron=1784646914.7615029811859130859375 HTTP/1.1" 200 - "-" "WordPress/7.0.2; https://mppglobalconcept.shop"
185.191.171.14 - - [21/Jul/2026:15:15:02 +0000] "GET /?h=16456784681100 HTTP/1.1" 200 97535 "-" "Mozilla/5.0 (compatible; SemrushBot/7~bl; +http://www.semrush.com/bot.html)"
198.177.124.148 - - [21/Jul/2026:15:22:20 +0000] "POST /wp-cron.php?doing_wp_cron=1784647340.1322538852691650390625 HTTP/1.1" 200 - "-" "WordPress/7.0.2; https://mppglobalconcept.shop"
185.191.171.7 - - [21/Jul/2026:15:22:17 +0000] "GET /?h=20881813481100 HTTP/1.1" 200 97535 "-" "Mozilla/5.0 (compatible; SemrushBot/7~bl; +http://www.semrush.com/bot.html)"
198.177.124.148 - - [21/Jul/2026:15:23:30 +0000] "POST /wp-cron.php?doing_wp_cron=1784647410.3011100292205810546875 HTTP/1.1" 200 - "-" "WordPress/7.0.2; https://mppglobalconcept.shop"
104.23.223.32 - - [21/Jul/2026:15:23:27 +0000] "GET /wp-admin/install.php?step=1 HTTP/1.1" 403 82332 "-" "http://mppglobalconcept.shop/wp-admin/install.php?step=1"
185.191.171.13 - - [21/Jul/2026:15:25:32 +0000] "GET /?h=15344825381100 HTTP/1.1" 200 97535 "-" "Mozilla/5.0 (compatible; SemrushBot/7~bl; +http://www.semrush.com/bot.html)"
185.191.171.10 - - [21/Jul/2026:15:25:39 +0000] "GET /?h=17512635981100 HTTP/1.1" 200 97535 "-" "Mozilla/5.0 (compatible; SemrushBot/7~bl; +http://www.semrush.com/bot.html)"
185.191.171.3 - - [21/Jul/2026:15:25:56 +0000] "GET /?h=5289068281100 HTTP/1.1" 200 97535 "-" "Mozilla/5.0 (compatible; SemrushBot/7~bl; +http://www.semrush.com/bot.html)"
198.177.124.148 - - [21/Jul/2026:15:31:25 +0000] "POST /wp-cron.php?doing_wp_cron=1784647885.7008409500122070312500 HTTP/1.1" 200 - "-" "WordPress/7.0.2; https://mppglobalconcept.shop"
104.23.217.132 - - [21/Jul/2026:15:31:21 +0000] "GET /wp-admin/install.php?step=1 HTTP/1.1" 403 82332 "-" "http://mppglobalconcept.shop/wp-admin/install.php?step=1"
198.177.124.148 - - [21/Jul/2026:15:33:30 +0000] "POST /wp-cron.php?doing_wp_cron=1784648009.9877259731292724609375 HTTP/1.1" 200 - "-" "WordPress/7.0.2; https://mppglobalconcept.shop"
185.191.171.8 - - [21/Jul/2026:15:33:26 +0000] "GET /?h=101252881100 HTTP/1.1" 200 97535 "-" "Mozilla/5.0 (compatible; SemrushBot/7~bl; +http://www.semrush.com/bot.html)"
185.191.171.8 - - [21/Jul/2026:15:33:31 +0000] "GET /?h=8444578881100 HTTP/1.1" 200 97535 "-" "Mozilla/5.0 (compatible; SemrushBot/7~bl; +http://www.semrush.com/bot.html)"
198.177.124.148 - - [21/Jul/2026:15:35:17 +0000] "POST /wp-cron.php?doing_wp_cron=1784648117.8886239528656005859375 HTTP/1.1" 200 - "-" "WordPress/7.0.2; https://mppglobalconcept.shop"
85.208.96.206 - - [21/Jul/2026:15:35:13 +0000] "GET /?h=9001525481100 HTTP/1.1" 200 97535 "-" "Mozilla/5.0 (compatible; SemrushBot/7~bl; +http://www.semrush.com/bot.html)"
