185.177.72.29 - - [22/Jul/2026:16:27:41 +0000] "GET /api/search HTTP/1.1" 200 82092 "-" "curl/8.7.1"
185.177.72.29 - - [22/Jul/2026:16:27:43 +0000] "GET /api/find HTTP/1.1" 200 82092 "-" "curl/8.7.1"
185.177.72.29 - - [22/Jul/2026:16:27:45 +0000] "GET /api/query HTTP/1.1" 200 82092 "-" "curl/8.7.1"
185.177.72.29 - - [22/Jul/2026:16:27:46 +0000] "GET /api/filter HTTP/1.1" 200 82092 "-" "curl/8.7.1"
185.177.72.29 - - [22/Jul/2026:16:27:49 +0000] "GET /api/sort HTTP/1.1" 200 82092 "-" "curl/8.7.1"
185.177.72.29 - - [22/Jul/2026:16:27:52 +0000] "GET /api/page HTTP/1.1" 200 82092 "-" "curl/8.7.1"
185.177.72.29 - - [22/Jul/2026:16:27:54 +0000] "GET /api/pages HTTP/1.1" 200 82092 "-" "curl/8.7.1"
185.177.72.29 - - [22/Jul/2026:16:27:57 +0000] "GET /api/posts HTTP/1.1" 200 82092 "-" "curl/8.7.1"
185.177.72.29 - - [22/Jul/2026:16:27:59 +0000] "GET /api/post HTTP/1.1" 200 82092 "-" "curl/8.7.1"
185.177.72.29 - - [22/Jul/2026:16:28:01 +0000] "GET /api/articles HTTP/1.1" 200 82092 "-" "curl/8.7.1"
198.177.124.148 - - [22/Jul/2026:16:28:03 +0000] "POST /wp-cron.php?doing_wp_cron=1784737683.5649740695953369140625 HTTP/1.1" 200 - "-" "WordPress/7.0.2; https://mppglobalconcept.shop"
185.177.72.29 - - [22/Jul/2026:16:28:02 +0000] "GET /api/article HTTP/1.1" 200 82092 "-" "curl/8.7.1"
185.177.72.29 - - [22/Jul/2026:16:28:03 +0000] "GET /api/blog HTTP/1.1" 200 82092 "-" "curl/8.7.1"
185.177.72.29 - - [22/Jul/2026:16:28:05 +0000] "GET /api/news HTTP/1.1" 200 82092 "-" "curl/8.7.1"
185.177.72.29 - - [22/Jul/2026:16:28:07 +0000] "GET /api/content HTTP/1.1" 200 82092 "-" "curl/8.7.1"
185.177.72.29 - - [22/Jul/2026:16:28:10 +0000] "GET /api/tags HTTP/1.1" 200 82092 "-" "curl/8.7.1"
185.177.72.29 - - [22/Jul/2026:16:28:13 +0000] "GET /api/tag HTTP/1.1" 200 82092 "-" "curl/8.7.1"
185.177.72.29 - - [22/Jul/2026:16:28:14 +0000] "GET /api/stripe HTTP/1.1" 200 82092 "-" "curl/8.7.1"
185.177.72.29 - - [22/Jul/2026:16:28:16 +0000] "GET /api/stripe/webhook HTTP/1.1" 200 82092 "-" "curl/8.7.1"
185.177.72.29 - - [22/Jul/2026:16:28:18 +0000] "GET /api/stripe/webhooks HTTP/1.1" 200 82092 "-" "curl/8.7.1"
185.177.72.29 - - [22/Jul/2026:16:28:20 +0000] "GET /api/stripe/checkout HTTP/1.1" 200 82092 "-" "curl/8.7.1"
185.177.72.29 - - [22/Jul/2026:16:28:21 +0000] "GET /api/stripe/payment HTTP/1.1" 200 82092 "-" "curl/8.7.1"
185.177.72.29 - - [22/Jul/2026:16:28:22 +0000] "GET /api/stripe/subscription HTTP/1.1" 200 82092 "-" "curl/8.7.1"
185.177.72.29 - - [22/Jul/2026:16:28:24 +0000] "GET /api/stripe/customer HTTP/1.1" 200 82092 "-" "curl/8.7.1"
185.177.72.29 - - [22/Jul/2026:16:28:26 +0000] "GET /api/stripe/invoice HTTP/1.1" 200 82092 "-" "curl/8.7.1"
185.177.72.29 - - [22/Jul/2026:16:28:28 +0000] "GET /api/paypal HTTP/1.1" 200 82092 "-" "curl/8.7.1"
185.177.72.29 - - [22/Jul/2026:16:28:31 +0000] "GET /api/paypal/webhook HTTP/1.1" 200 82092 "-" "curl/8.7.1"
185.177.72.29 - - [22/Jul/2026:16:28:36 +0000] "GET /api/braintree HTTP/1.1" 200 82092 "-" "curl/8.7.1"
185.177.72.29 - - [22/Jul/2026:16:29:07 +0000] "GET /api/square HTTP/1.1" 200 2484 "-" "curl/8.7.1"
198.177.124.148 - - [22/Jul/2026:16:29:11 +0000] "POST /wp-cron.php?doing_wp_cron=1784737751.8371639251708984375000 HTTP/1.1" 200 - "-" "WordPress/7.0.2; https://mppglobalconcept.shop"
185.177.72.29 - - [22/Jul/2026:16:28:42 +0000] "GET /api/square HTTP/1.1" 200 82092 "-" "curl/8.7.1"
198.177.124.148 - - [22/Jul/2026:16:32:19 +0000] "POST /wp-cron.php?doing_wp_cron=1784737939.8528850078582763671875 HTTP/1.1" 200 - "-" "WordPress/7.0.2; https://mppglobalconcept.shop"
104.23.223.33 - - [22/Jul/2026:16:32:17 +0000] "GET /wp-admin/install.php?step=1 HTTP/1.1" 403 82092 "-" "http://mppglobalconcept.shop/wp-admin/install.php?step=1"
185.177.72.69 - - [22/Jul/2026:16:32:41 +0000] "GET /wp-includes/js/jquery/jquery.min.js HTTP/1.1" 200 87553 "-" "curl/8.7.1"
185.177.72.69 - - [22/Jul/2026:16:32:42 +0000] "GET /wp-includes/js/jquery/jquery-migrate.min.js HTTP/1.1" 200 13577 "-" "curl/8.7.1"
185.177.72.69 - - [22/Jul/2026:16:32:42 +0000] "GET /wp-includes/js/dist/script-modules/block-library/navigation/view.min.js HTTP/1.1" 200 3053 "-" "curl/8.7.1"
185.177.72.69 - - [22/Jul/2026:16:32:42 +0000] "GET /wp-content/plugins/pixelyoursite/dist/scripts/jquery.bind-first-0.2.3.min.js HTTP/1.1" 200 1317 "-" "curl/8.7.1"
185.177.72.69 - - [22/Jul/2026:16:32:42 +0000] "GET /wp-content/plugins/pixelyoursite/dist/scripts/js.cookie-2.1.3.min.js HTTP/1.1" 200 1709 "-" "curl/8.7.1"
185.177.72.69 - - [22/Jul/2026:16:32:42 +0000] "GET /wp-content/plugins/pixelyoursite/dist/scripts/tld.min.js HTTP/1.1" 200 141079 "-" "curl/8.7.1"
185.177.72.69 - - [22/Jul/2026:16:32:43 +0000] "GET /wp-content/plugins/pixelyoursite/dist/scripts/public.js HTTP/1.1" 200 172979 "-" "curl/8.7.1"
185.177.72.69 - - [22/Jul/2026:16:32:43 +0000] "GET /wp-includes/js/jquery/Et.href,ce.extend(%7Bactive:0,lastModified:%7B%7D,etag:%7B%7D,ajaxSettings:%7Burl:Et.href,type:%22GET%22,isLocal:/^( HTTP/1.1" 200 2 "-" "curl/8.7.1"
185.177.72.69 - - [22/Jul/2026:16:32:44 +0000] "POST / HTTP/1.1" 200 97295 "-" "Mozilla/5.0 (Windows NT 10.0; Win64; x64) AppleWebKit/537.36"
185.177.72.69 - - [22/Jul/2026:16:32:47 +0000] "POST / HTTP/1.1" 200 97295 "-" "Mozilla/5.0 (Windows NT 10.0; Win64; x64) AppleWebKit/537.36"
185.177.72.69 - - [22/Jul/2026:16:32:49 +0000] "POST /_next HTTP/1.1" 200 82092 "-" "Mozilla/5.0 (Windows NT 10.0; Win64; x64) AppleWebKit/537.36"
185.177.72.69 - - [22/Jul/2026:16:32:50 +0000] "POST /api HTTP/1.1" 200 82092 "-" "Mozilla/5.0 (Windows NT 10.0; Win64; x64) AppleWebKit/537.36"
185.177.72.69 - - [22/Jul/2026:16:32:52 +0000] "POST /api/auth HTTP/1.1" 200 82092 "-" "Mozilla/5.0 (Windows NT 10.0; Win64; x64) AppleWebKit/537.36"
185.177.72.69 - - [22/Jul/2026:16:32:54 +0000] "POST /api/auth/callback HTTP/1.1" 200 82092 "-" "Mozilla/5.0 (Windows NT 10.0; Win64; x64) AppleWebKit/537.36"
185.177.72.69 - - [22/Jul/2026:16:32:57 +0000] "POST /api/auth/session HTTP/1.1" 200 82092 "-" "Mozilla/5.0 (Windows NT 10.0; Win64; x64) AppleWebKit/537.36"
185.177.72.69 - - [22/Jul/2026:16:32:59 +0000] "POST /_rsc HTTP/1.1" 200 82092 "-" "Mozilla/5.0 (Windows NT 10.0; Win64; x64) AppleWebKit/537.36"
185.177.72.69 - - [22/Jul/2026:16:33:00 +0000] "POST /__rsc HTTP/1.1" 200 82092 "-" "Mozilla/5.0 (Windows NT 10.0; Win64; x64) AppleWebKit/537.36"
198.177.124.148 - - [22/Jul/2026:16:33:03 +0000] "POST /wp-cron.php?doing_wp_cron=1784737983.3804070949554443359375 HTTP/1.1" 200 - "-" "WordPress/7.0.2; https://mppglobalconcept.shop"
185.177.72.69 - - [22/Jul/2026:16:33:02 +0000] "POST /.action HTTP/1.1" 200 82092 "-" "Mozilla/5.0 (Windows NT 10.0; Win64; x64) AppleWebKit/537.36"
185.177.72.69 - - [22/Jul/2026:16:33:03 +0000] "POST /__nextjs_action HTTP/1.1" 200 82092 "-" "Mozilla/5.0 (Windows NT 10.0; Win64; x64) AppleWebKit/537.36"
185.177.72.69 - - [22/Jul/2026:16:33:05 +0000] "POST /_middleware HTTP/1.1" 200 82092 "-" "Mozilla/5.0 (Windows NT 10.0; Win64; x64) AppleWebKit/537.36"
185.177.72.69 - - [22/Jul/2026:16:33:07 +0000] "POST /_next/image HTTP/1.1" 200 82092 "-" "Mozilla/5.0 (Windows NT 10.0; Win64; x64) AppleWebKit/537.36"
185.177.72.69 - - [22/Jul/2026:16:33:10 +0000] "POST /RSC/8tbcxmq5dhg04nl.txt HTTP/1.1" 200 82092 "-" "Mozilla/5.0 (Windows NT 10.0; Win64; x64) AppleWebKit/537.36"
185.177.72.69 - - [22/Jul/2026:16:33:11 +0000] "POST /RSC/R/u1l5qkf7bys0vrf.txt HTTP/1.1" 200 82092 "-" "Mozilla/5.0 (Windows NT 10.0; Win64; x64) AppleWebKit/537.36"
185.177.72.69 - - [22/Jul/2026:16:33:13 +0000] "POST /vendor/phpunit/phpunit/src/Util/PHP/eval-stdin.php HTTP/1.1" 200 82092 "-" "curl/8.7.1"
185.177.72.69 - - [22/Jul/2026:16:33:15 +0000] "POST /vendor/phpunit/phpunit/Util/PHP/eval-stdin.php HTTP/1.1" 200 82092 "-" "curl/8.7.1"
185.177.72.69 - - [22/Jul/2026:16:33:16 +0000] "POST /laravel/vendor/phpunit/phpunit/src/Util/PHP/eval-stdin.php HTTP/1.1" 200 82092 "-" "curl/8.7.1"
185.177.72.69 - - [22/Jul/2026:16:33:18 +0000] "POST /yii/vendor/phpunit/phpunit/src/Util/PHP/eval-stdin.php HTTP/1.1" 200 82092 "-" "curl/8.7.1"
185.177.72.69 - - [22/Jul/2026:16:33:20 +0000] "POST /zend/vendor/phpunit/phpunit/src/Util/PHP/eval-stdin.php HTTP/1.1" 200 82092 "-" "curl/8.7.1"
185.177.72.69 - - [22/Jul/2026:16:33:22 +0000] "POST /lib/vendor/phpunit/phpunit/src/Util/PHP/eval-stdin.php HTTP/1.1" 200 82092 "-" "curl/8.7.1"
198.177.124.148 - - [22/Jul/2026:16:49:26 +0000] "POST /wp-cron.php?doing_wp_cron=1784738966.2901151180267333984375 HTTP/1.1" 200 - "-" "WordPress/7.0.2; https://mppglobalconcept.shop"
172.70.242.238 - - [22/Jul/2026:16:49:22 +0000] "GET /wp-admin/install.php?step=1 HTTP/1.1" 403 82092 "-" "http://mppglobalconcept.shop/wp-admin/install.php?step=1"
198.177.124.148 - - [22/Jul/2026:17:13:08 +0000] "POST /wp-cron.php?doing_wp_cron=1784740388.7071049213409423828125 HTTP/1.1" 200 - "-" "WordPress/7.0.2; https://mppglobalconcept.shop"
172.69.151.31 - - [22/Jul/2026:17:12:57 +0000] "GET /wp-admin/install.php?step=1 HTTP/1.1" 403 82092 "-" "http://mppglobalconcept.shop/wp-admin/install.php?step=1"
100.27.12.74 - - [22/Jul/2026:17:26:57 +0000] "GET / HTTP/1.1" 200 97295 "-" "Mozilla/5.0 (Macintosh; Intel Mac OS X 10_15_7) AppleWebKit/537.36 (KHTML, like Gecko) Chrome/100.0.4896.60 Safari/537.36"
198.177.124.148 - - [22/Jul/2026:17:37:27 +0000] "POST /wp-cron.php?doing_wp_cron=1784741847.0724520683288574218750 HTTP/1.1" 200 - "-" "WordPress/7.0.2; https://mppglobalconcept.shop"
104.23.223.33 - - [22/Jul/2026:17:37:22 +0000] "GET /wp-admin/install.php?step=1 HTTP/1.1" 403 82092 "-" "http://mppglobalconcept.shop/wp-admin/install.php?step=1"
198.177.124.148 - - [22/Jul/2026:17:41:06 +0000] "POST /wp-cron.php?doing_wp_cron=1784742066.2527410984039306640625 HTTP/1.1" 200 - "-" "WordPress/7.0.2; https://mppglobalconcept.shop"
104.23.172.33 - - [22/Jul/2026:17:41:03 +0000] "GET /wp-admin/install.php?step=1 HTTP/1.1" 403 82092 "-" "http://mppglobalconcept.shop/wp-admin/install.php?step=1"
198.177.124.148 - - [22/Jul/2026:17:43:11 +0000] "POST /wp-cron.php?doing_wp_cron=1784742191.1226880550384521484375 HTTP/1.1" 200 - "-" "WordPress/7.0.2; https://mppglobalconcept.shop"
3.219.86.171 - - [22/Jul/2026:17:43:08 +0000] "GET / HTTP/1.1" 200 2 "-" "Mozilla/5.0 (Windows NT 10.0; Win64; x64) AppleWebKit/537.36 (KHTML, like Gecko) Chrome/138.0.0.0 Safari/537.36 Edg/138.0.0.0 ;Build/0220;"
198.177.124.148 - - [22/Jul/2026:17:51:05 +0000] "POST /wp-cron.php?doing_wp_cron=1784742665.9697780609130859375000 HTTP/1.1" 200 - "-" "WordPress/7.0.2; https://mppglobalconcept.shop"
104.23.223.32 - - [22/Jul/2026:17:51:03 +0000] "GET /wp-admin/install.php?step=1 HTTP/1.1" 403 82092 "-" "http://mppglobalconcept.shop/wp-admin/install.php?step=1"
198.177.124.148 - - [22/Jul/2026:18:07:41 +0000] "POST /wp-cron.php?doing_wp_cron=1784743661.4233438968658447265625 HTTP/1.1" 200 - "-" "WordPress/7.0.2; https://mppglobalconcept.shop"
104.23.223.33 - - [22/Jul/2026:18:07:36 +0000] "GET /wp-admin/install.php?step=1 HTTP/1.1" 403 82092 "-" "http://mppglobalconcept.shop/wp-admin/install.php?step=1"
198.177.124.148 - - [22/Jul/2026:18:35:52 +0000] "POST /wp-cron.php?doing_wp_cron=1784745352.4203801155090332031250 HTTP/1.1" 200 - "-" "WordPress/7.0.2; https://mppglobalconcept.shop"
104.23.223.32 - - [22/Jul/2026:18:35:49 +0000] "GET /wp-admin/install.php?step=1 HTTP/1.1" 403 82092 "-" "http://mppglobalconcept.shop/wp-admin/install.php?step=1"
198.177.124.148 - - [22/Jul/2026:18:45:27 +0000] "POST /wp-cron.php?doing_wp_cron=1784745926.9927840232849121093750 HTTP/1.1" 200 - "-" "WordPress/7.0.2; https://mppglobalconcept.shop"
101.32.208.70 - - [22/Jul/2026:18:45:23 +0000] "GET / HTTP/1.1" 200 97295 "-" "Mozilla/5.0 (iPhone; CPU iPhone OS 13_2_3 like Mac OS X) AppleWebKit/605.1.15 (KHTML, like Gecko) Version/13.0.3 Mobile/15E148 Safari/604.1"
198.177.124.148 - - [22/Jul/2026:18:54:08 +0000] "POST /wp-cron.php?doing_wp_cron=1784746448.5052070617675781250000 HTTP/1.1" 200 - "-" "WordPress/7.0.2; https://mppglobalconcept.shop"
172.71.144.76 - - [22/Jul/2026:18:54:06 +0000] "GET /wp-admin/install.php?step=1 HTTP/1.1" 403 82092 "-" "http://mppglobalconcept.shop/wp-admin/install.php?step=1"
198.177.124.148 - - [22/Jul/2026:19:01:00 +0000] "POST /wp-cron.php?doing_wp_cron=1784746860.6289169788360595703125 HTTP/1.1" 200 - "-" "WordPress/7.0.2; https://mppglobalconcept.shop"
104.23.223.32 - - [22/Jul/2026:19:00:56 +0000] "GET /wp-admin/install.php?step=1 HTTP/1.1" 403 82092 "-" "http://mppglobalconcept.shop/wp-admin/install.php?step=1"
198.177.124.148 - - [22/Jul/2026:19:02:20 +0000] "GET /.well-known/acme-challenge/ESZO9JU5RDPSJUC_O5I9TYE98TL2UJ7F HTTP/1.1" 200 64 "-" "Cpanel-HTTP-Client/1.0"
198.177.124.148 - - [22/Jul/2026:19:02:20 +0000] "GET /.well-known/acme-challenge/FTHU93-7AVCAIH2HCAD_SELLWDO1HMFY HTTP/1.1" 200 64 "-" "Cpanel-HTTP-Client/1.0"
173.252.82.22 - - [22/Jul/2026:19:09:27 +0000] "GET /robots.txt HTTP/1.1" 206 75 "-" "facebookexternalhit/1.1 (+http://www.facebook.com/externalhit_uatext.php)"
198.177.124.148 - - [22/Jul/2026:19:22:07 +0000] "POST /wp-cron.php?doing_wp_cron=1784748127.0866119861602783203125 HTTP/1.1" 200 - "-" "WordPress/7.0.2; https://mppglobalconcept.shop"
43.167.157.80 - - [22/Jul/2026:19:22:05 +0000] "GET / HTTP/1.1" 200 2 "-" "Mozilla/5.0 (iPhone; CPU iPhone OS 13_2_3 like Mac OS X) AppleWebKit/605.1.15 (KHTML, like Gecko) Version/13.0.3 Mobile/15E148 Safari/604.1"
172.71.148.137 - - [22/Jul/2026:19:27:33 +0000] "GET /wp-admin/install.php?step=1 HTTP/1.1" 403 82092 "-" "http://mppglobalconcept.shop/wp-admin/install.php?step=1"
198.177.124.148 - - [22/Jul/2026:19:28:00 +0000] "POST /wp-cron.php?doing_wp_cron=1784748455.7615299224853515625000 HTTP/1.1" 200 - "-" "WordPress/7.0.2; https://mppglobalconcept.shop"
35.231.101.231 - - [22/Jul/2026:19:28:00 +0000] "GET /wp-login.php HTTP/1.1" 302 - "-" "Mozilla/5.0 (Windows NT 10.0; Win64; x64) AppleWebKit/537.36 (KHTML, like Gecko) HeadlessChrome/150.0.0.0 Safari/537.36"
172.71.172.169 - - [22/Jul/2026:19:36:42 +0000] "GET /wp-admin/install.php?step=1 HTTP/1.1" 403 82092 "-" "http://mppglobalconcept.shop/wp-admin/install.php?step=1"
172.71.148.136 - - [22/Jul/2026:19:36:46 +0000] "GET /wp-admin/install.php?step=1 HTTP/1.1" 403 82092 "-" "http://mppglobalconcept.shop/wp-admin/install.php?step=1"
198.177.124.148 - - [22/Jul/2026:19:36:51 +0000] "POST /wp-cron.php?doing_wp_cron=1784749003.5628380775451660156250 HTTP/1.1" 200 - "-" "WordPress/7.0.2; https://mppglobalconcept.shop"
198.177.124.148 - - [22/Jul/2026:20:02:33 +0000] "POST /wp-cron.php?doing_wp_cron=1784750553.8852500915527343750000 HTTP/1.1" 200 - "-" "WordPress/7.0.2; https://mppglobalconcept.shop"
34.76.171.223 - - [22/Jul/2026:20:02:31 +0000] "GET / HTTP/1.1" 200 97295 "-" "Mozilla/5.0 (Windows NT 6.1) AppleWebKit/537.36 (KHTML, like Gecko) Chrome/79.0.3945.88 Safari/537.36"
34.76.171.223 - - [22/Jul/2026:20:02:34 +0000] "GET /wp-includes/blocks/navigation/style.min.css?ver=7.0.2 HTTP/1.1" 200 20709 "http://mppglobalconcept.shop/" "Mozilla/5.0 (Windows NT 6.1) AppleWebKit/537.36 (KHTML, like Gecko) Chrome/79.0.3945.88 Safari/537.36"
34.76.171.223 - - [22/Jul/2026:20:02:34 +0000] "GET /wp-includes/js/jquery/jquery.min.js?ver=3.7.1 HTTP/1.1" 200 87553 "http://mppglobalconcept.shop/" "Mozilla/5.0 (Windows NT 6.1) AppleWebKit/537.36 (KHTML, like Gecko) Chrome/79.0.3945.88 Safari/537.36"
34.76.171.223 - - [22/Jul/2026:20:02:34 +0000] "GET /wp-includes/js/jquery/jquery-migrate.min.js?ver=3.4.1 HTTP/1.1" 200 13577 "http://mppglobalconcept.shop/" "Mozilla/5.0 (Windows NT 6.1) AppleWebKit/537.36 (KHTML, like Gecko) Chrome/79.0.3945.88 Safari/537.36"
34.76.171.223 - - [22/Jul/2026:20:02:34 +0000] "GET /wp-includes/js/dist/script-modules/interactivity/index.min.js?ver=efaa5193bbad9c60ffd1 HTTP/1.1" 200 40106 "http://mppglobalconcept.shop/" "Mozilla/5.0 (Windows NT 6.1) AppleWebKit/537.36 (KHTML, like Gecko) Chrome/79.0.3945.88 Safari/537.36"
34.76.171.223 - - [22/Jul/2026:20:02:34 +0000] "GET /wp-includes/js/dist/script-modules/block-library/navigation/view.min.js?ver=96a846e1d7b789c39ab9 HTTP/1.1" 200 3053 "http://mppglobalconcept.shop/" "Mozilla/5.0 (Windows NT 6.1) AppleWebKit/537.36 (KHTML, like Gecko) Chrome/79.0.3945.88 Safari/537.36"
34.76.171.223 - - [22/Jul/2026:20:02:34 +0000] "GET /wp-content/themes/twentytwentyfour/assets/images/building-exterior.webp HTTP/1.1" 200 199724 "http://mppglobalconcept.shop/" "Mozilla/5.0 (Windows NT 6.1) AppleWebKit/537.36 (KHTML, like Gecko) Chrome/79.0.3945.88 Safari/537.36"
34.76.171.223 - - [22/Jul/2026:20:02:34 +0000] "GET /wp-content/themes/twentytwentyfour/assets/images/tourist-and-building.webp HTTP/1.1" 200 66482 "http://mppglobalconcept.shop/" "Mozilla/5.0 (Windows NT 6.1) AppleWebKit/537.36 (KHTML, like Gecko) Chrome/79.0.3945.88 Safari/537.36"
34.76.171.223 - - [22/Jul/2026:20:02:34 +0000] "GET /wp-content/themes/twentytwentyfour/assets/images/windows.webp HTTP/1.1" 200 126244 "http://mppglobalconcept.shop/" "Mozilla/5.0 (Windows NT 6.1) AppleWebKit/537.36 (KHTML, like Gecko) Chrome/79.0.3945.88 Safari/537.36"
34.76.171.223 - - [22/Jul/2026:20:02:34 +0000] "GET /wp-content/plugins/pixelyoursite/dist/scripts/jquery.bind-first-0.2.3.min.js?ver=0.2.3 HTTP/1.1" 200 1317 "http://mppglobalconcept.shop/" "Mozilla/5.0 (Windows NT 6.1) AppleWebKit/537.36 (KHTML, like Gecko) Chrome/79.0.3945.88 Safari/537.36"
34.76.171.223 - - [22/Jul/2026:20:02:34 +0000] "GET /wp-content/themes/twentytwentyfour/assets/fonts/inter/Inter-VariableFont_slnt,wght.woff2 HTTP/1.1" 200 326628 "http://mppglobalconcept.shop/" "Mozilla/5.0 (Windows NT 6.1) AppleWebKit/537.36 (KHTML, like Gecko) Chrome/79.0.3945.88 Safari/537.36"
34.76.171.223 - - [22/Jul/2026:20:02:34 +0000] "GET /wp-content/themes/twentytwentyfour/assets/fonts/cardo/cardo_italic_400.woff2 HTTP/1.1" 200 105184 "http://mppglobalconcept.shop/" "Mozilla/5.0 (Windows NT 6.1) AppleWebKit/537.36 (KHTML, like Gecko) Chrome/79.0.3945.88 Safari/537.36"
34.76.171.223 - - [22/Jul/2026:20:02:34 +0000] "GET /wp-content/themes/twentytwentyfour/assets/fonts/cardo/cardo_normal_400.woff2 HTTP/1.1" 200 146060 "http://mppglobalconcept.shop/" "Mozilla/5.0 (Windows NT 6.1) AppleWebKit/537.36 (KHTML, like Gecko) Chrome/79.0.3945.88 Safari/537.36"
34.76.171.223 - - [22/Jul/2026:20:02:34 +0000] "GET /wp-content/plugins/pixelyoursite/dist/scripts/js.cookie-2.1.3.min.js?ver=2.1.3 HTTP/1.1" 200 1709 "http://mppglobalconcept.shop/" "Mozilla/5.0 (Windows NT 6.1) AppleWebKit/537.36 (KHTML, like Gecko) Chrome/79.0.3945.88 Safari/537.36"
34.76.171.223 - - [22/Jul/2026:20:02:35 +0000] "GET /wp-content/plugins/pixelyoursite/dist/scripts/tld.min.js?ver=2.3.1 HTTP/1.1" 200 141079 "http://mppglobalconcept.shop/" "Mozilla/5.0 (Windows NT 6.1) AppleWebKit/537.36 (KHTML, like Gecko) Chrome/79.0.3945.88 Safari/537.36"
34.76.171.223 - - [22/Jul/2026:20:02:35 +0000] "GET /wp-content/plugins/pixelyoursite/dist/scripts/public.js?ver=11.2.1 HTTP/1.1" 200 172979 "http://mppglobalconcept.shop/" "Mozilla/5.0 (Windows NT 6.1) AppleWebKit/537.36 (KHTML, like Gecko) Chrome/79.0.3945.88 Safari/537.36"
34.76.171.223 - - [22/Jul/2026:20:02:35 +0000] "GET /wp-includes/js/wp-emoji-release.min.js?ver=7.0.2 HTTP/1.1" 200 22752 "http://mppglobalconcept.shop/" "Mozilla/5.0 (Windows NT 6.1) AppleWebKit/537.36 (KHTML, like Gecko) Chrome/79.0.3945.88 Safari/537.36"
144.172.104.129 - - [22/Jul/2026:20:09:18 +0000] "GET / HTTP/1.1" 200 97295 "https://mppglobalconcept.shop/" "Mozilla/5.0 (Windows NT 10.0; Win64; x64) AppleWebKit/537.36 (KHTML, like Gecko) Chrome/131.0.0.0 Safari/537.36"
144.172.104.129 - - [22/Jul/2026:20:09:23 +0000] "POST /?rest_route=/batch/v1 HTTP/1.1" 200 18 "https://mppglobalconcept.shop/" "Mozilla/5.0 (Windows NT 10.0; Win64; x64) AppleWebKit/537.36 (KHTML, like Gecko) Chrome/131.0.0.0 Safari/537.36"
144.172.104.129 - - [22/Jul/2026:20:09:24 +0000] "POST /?rest_route=/batch/v1 HTTP/1.1" 200 480 "https://mppglobalconcept.shop/" "Mozilla/5.0 (Windows NT 10.0; Win64; x64) AppleWebKit/537.36 (KHTML, like Gecko) Chrome/131.0.0.0 Safari/537.36"
144.172.104.129 - - [22/Jul/2026:20:09:25 +0000] "POST /wp-json/batch/v1 HTTP/1.1" 200 18 "https://mppglobalconcept.shop/" "Mozilla/5.0 (Windows NT 10.0; Win64; x64) AppleWebKit/537.36 (KHTML, like Gecko) Chrome/131.0.0.0 Safari/537.36"
144.172.104.129 - - [22/Jul/2026:20:09:27 +0000] "POST /wp-json/batch/v1 HTTP/1.1" 200 480 "https://mppglobalconcept.shop/" "Mozilla/5.0 (Windows NT 10.0; Win64; x64) AppleWebKit/537.36 (KHTML, like Gecko) Chrome/131.0.0.0 Safari/537.36"
144.172.104.129 - - [22/Jul/2026:20:09:28 +0000] "POST /index.php?rest_route=/batch/v1 HTTP/1.1" 200 18 "https://mppglobalconcept.shop/" "Mozilla/5.0 (Windows NT 10.0; Win64; x64) AppleWebKit/537.36 (KHTML, like Gecko) Chrome/131.0.0.0 Safari/537.36"
144.172.104.129 - - [22/Jul/2026:20:09:29 +0000] "POST /index.php?rest_route=/batch/v1 HTTP/1.1" 200 480 "https://mppglobalconcept.shop/" "Mozilla/5.0 (Windows NT 10.0; Win64; x64) AppleWebKit/537.36 (KHTML, like Gecko) Chrome/131.0.0.0 Safari/537.36"
144.172.104.129 - - [22/Jul/2026:20:09:30 +0000] "POST /?rest_route=/batch/v1 HTTP/1.1" 200 18 "https://mppglobalconcept.shop/" "Mozilla/5.0 (Windows NT 10.0; Win64; x64) AppleWebKit/537.36 (KHTML, like Gecko) Chrome/131.0.0.0 Safari/537.36"
144.172.104.129 - - [22/Jul/2026:20:09:31 +0000] "POST /?rest_route=/batch/v1 HTTP/1.1" 200 480 "https://mppglobalconcept.shop/" "Mozilla/5.0 (Windows NT 10.0; Win64; x64) AppleWebKit/537.36 (KHTML, like Gecko) Chrome/131.0.0.0 Safari/537.36"
104.23.221.139 - - [22/Jul/2026:20:14:25 +0000] "GET /wp-admin/install.php?step=1 HTTP/1.1" 403 82092 "-" "http://mppglobalconcept.shop/wp-admin/install.php?step=1"
198.177.124.148 - - [22/Jul/2026:20:31:11 +0000] "POST /wp-cron.php?doing_wp_cron=1784752271.1754469871520996093750 HTTP/1.1" 200 - "-" "WordPress/7.0.2; https://mppglobalconcept.shop"
104.23.217.133 - - [22/Jul/2026:20:31:08 +0000] "GET /wp-admin/install.php?step=1 HTTP/1.1" 403 82092 "-" "http://mppglobalconcept.shop/wp-admin/install.php?step=1"
198.177.124.148 - - [22/Jul/2026:20:59:41 +0000] "POST /wp-cron.php?doing_wp_cron=1784753981.1332759857177734375000 HTTP/1.1" 200 - "-" "WordPress/7.0.2; https://mppglobalconcept.shop"
104.23.221.138 - - [22/Jul/2026:20:59:35 +0000] "GET /wp-admin/install.php?step=1 HTTP/1.1" 403 82092 "-" "http://mppglobalconcept.shop/wp-admin/install.php?step=1"
198.177.124.148 - - [22/Jul/2026:21:15:42 +0000] "POST /wp-cron.php?doing_wp_cron=1784754942.7832429409027099609375 HTTP/1.1" 200 - "-" "WordPress/7.0.2; https://mppglobalconcept.shop"
104.23.217.132 - - [22/Jul/2026:21:15:37 +0000] "GET /wp-admin/install.php?step=1 HTTP/1.1" 403 82092 "-" "http://mppglobalconcept.shop/wp-admin/install.php?step=1"
198.177.124.148 - - [22/Jul/2026:21:21:12 +0000] "POST /wp-cron.php?doing_wp_cron=1784755272.2166099548339843750000 HTTP/1.1" 200 - "-" "WordPress/7.0.2; https://mppglobalconcept.shop"
172.71.148.137 - - [22/Jul/2026:21:21:08 +0000] "GET /wp-admin/install.php?step=1 HTTP/1.1" 403 82092 "-" "http://mppglobalconcept.shop/wp-admin/install.php?step=1"
198.177.124.148 - - [22/Jul/2026:21:23:24 +0000] "POST /wp-cron.php?doing_wp_cron=1784755404.7628390789031982421875 HTTP/1.1" 200 - "-" "WordPress/7.0.2; https://mppglobalconcept.shop"
172.70.246.41 - - [22/Jul/2026:21:23:20 +0000] "GET /wp-admin/install.php?step=1 HTTP/1.1" 403 82092 "-" "http://mppglobalconcept.shop/wp-admin/install.php?step=1"
198.177.124.148 - - [22/Jul/2026:21:24:41 +0000] "POST /wp-cron.php?doing_wp_cron=1784755481.5012660026550292968750 HTTP/1.1" 200 - "-" "WordPress/7.0.2; https://mppglobalconcept.shop"
162.158.110.46 - - [22/Jul/2026:21:24:39 +0000] "GET /wp-admin/install.php?step=1 HTTP/1.1" 403 82092 "-" "http://mppglobalconcept.shop/wp-admin/install.php?step=1"
198.177.124.148 - - [22/Jul/2026:21:40:47 +0000] "POST /wp-cron.php?doing_wp_cron=1784756447.2560930252075195312500 HTTP/1.1" 200 - "-" "WordPress/7.0.2; https://mppglobalconcept.shop"
104.23.217.132 - - [22/Jul/2026:21:40:44 +0000] "GET /wp-admin/install.php?step=1 HTTP/1.1" 403 82092 "-" "http://mppglobalconcept.shop/wp-admin/install.php?step=1"
198.177.124.148 - - [22/Jul/2026:21:51:24 +0000] "POST /wp-cron.php?doing_wp_cron=1784757084.6495399475097656250000 HTTP/1.1" 200 - "-" "WordPress/7.0.2; https://mppglobalconcept.shop"
146.56.229.214 - - [22/Jul/2026:21:51:22 +0000] "GET / HTTP/1.1" 200 97295 "-" "Mozilla/5.0 (iPhone; CPU iPhone OS 13_2_3 like Mac OS X) AppleWebKit/605.1.15 (KHTML, like Gecko) Version/13.0.3 Mobile/15E148 Safari/604.1"
198.177.124.148 - - [22/Jul/2026:22:02:14 +0000] "GET /.well-known/acme-challenge/1SX296-J-SWZWRM8WSOGLF7YX-0K7TM1 HTTP/1.1" 200 64 "-" "Cpanel-HTTP-Client/1.0"
198.177.124.148 - - [22/Jul/2026:22:02:15 +0000] "GET /.well-known/acme-challenge/H1W746ZZMD8TJ5KE6HEDZJPB61_DZLIP HTTP/1.1" 200 64 "-" "Cpanel-HTTP-Client/1.0"
198.177.124.148 - - [22/Jul/2026:22:02:21 +0000] "POST /wp-cron.php?doing_wp_cron=1784757741.1151690483093261718750 HTTP/1.1" 200 - "-" "WordPress/7.0.2; https://mppglobalconcept.shop"
43.156.232.154 - - [22/Jul/2026:22:02:02 +0000] "GET / HTTP/1.1" 200 97295 "-" "Mozilla/5.0 (iPhone; CPU iPhone OS 13_2_3 like Mac OS X) AppleWebKit/605.1.15 (KHTML, like Gecko) Version/13.0.3 Mobile/15E148 Safari/604.1"
198.177.124.148 - - [22/Jul/2026:22:11:17 +0000] "POST /wp-cron.php?doing_wp_cron=1784758277.3987650871276855468750 HTTP/1.1" 200 - "-" "WordPress/7.0.2; https://mppglobalconcept.shop"
172.64.192.161 - - [22/Jul/2026:22:11:13 +0000] "GET /wp-admin/install.php?step=1 HTTP/1.1" 403 82092 "-" "http://mppglobalconcept.shop/wp-admin/install.php?step=1"
198.177.124.148 - - [22/Jul/2026:22:21:53 +0000] "POST /wp-cron.php?doing_wp_cron=1784758913.8439929485321044921875 HTTP/1.1" 200 - "-" "WordPress/7.0.2; https://mppglobalconcept.shop"
104.23.223.32 - - [22/Jul/2026:22:21:51 +0000] "GET /wp-admin/install.php?step=1 HTTP/1.1" 403 82092 "-" "http://mppglobalconcept.shop/wp-admin/install.php?step=1"
198.177.124.148 - - [22/Jul/2026:22:33:09 +0000] "POST /wp-cron.php?doing_wp_cron=1784759589.5462760925292968750000 HTTP/1.1" 200 - "-" "WordPress/7.0.2; https://mppglobalconcept.shop"
104.23.221.138 - - [22/Jul/2026:22:33:07 +0000] "GET /wp-admin/install.php?step=1 HTTP/1.1" 403 82092 "-" "http://mppglobalconcept.shop/wp-admin/install.php?step=1"
198.177.124.148 - - [22/Jul/2026:22:34:35 +0000] "POST /wp-cron.php?doing_wp_cron=1784759675.8977770805358886718750 HTTP/1.1" 200 - "-" "WordPress/7.0.2; https://mppglobalconcept.shop"
45.92.86.16 - - [22/Jul/2026:22:34:33 +0000] "GET / HTTP/1.1" 200 97295 "-" "Mozilla/5.0 (Windows NT 10.0; Win64; x64) AppleWebKit/537.36 (KHTML, like Gecko) Chrome/94.0.4606.61 Safari/537.36"
198.177.124.148 - - [22/Jul/2026:22:45:14 +0000] "POST /wp-cron.php?doing_wp_cron=1784760314.3957149982452392578125 HTTP/1.1" 200 - "-" "WordPress/7.0.2; https://mppglobalconcept.shop"
43.130.102.7 - - [22/Jul/2026:22:45:10 +0000] "GET / HTTP/1.1" 200 2 "-" "Mozilla/5.0 (iPhone; CPU iPhone OS 13_2_3 like Mac OS X) AppleWebKit/605.1.15 (KHTML, like Gecko) Version/13.0.3 Mobile/15E148 Safari/604.1"
198.177.124.148 - - [22/Jul/2026:22:56:33 +0000] "POST /wp-cron.php?doing_wp_cron=1784760993.8034520149230957031250 HTTP/1.1" 200 - "-" "WordPress/7.0.2; https://mppglobalconcept.shop"
172.70.240.29 - - [22/Jul/2026:22:56:30 +0000] "GET /wp-admin/install.php?step=1 HTTP/1.1" 403 82092 "-" "http://mppglobalconcept.shop/wp-admin/install.php?step=1"
198.177.124.148 - - [22/Jul/2026:22:56:36 +0000] "POST /wp-cron.php HTTP/1.1" 200 - "-" "WordPress/7.0.2; https://mppglobalconcept.shop"
198.177.124.148 - - [22/Jul/2026:23:03:38 +0000] "POST /wp-cron.php?doing_wp_cron=1784761418.3352560997009277343750 HTTP/1.1" 200 - "-" "WordPress/7.0.2; https://mppglobalconcept.shop"
104.23.221.138 - - [22/Jul/2026:23:03:35 +0000] "GET /wp-admin/install.php?step=1 HTTP/1.1" 403 82092 "-" "http://mppglobalconcept.shop/wp-admin/install.php?step=1"
198.177.124.148 - - [22/Jul/2026:23:07:05 +0000] "POST /wp-cron.php?doing_wp_cron=1784761625.6691050529479980468750 HTTP/1.1" 200 - "-" "WordPress/7.0.2; https://mppglobalconcept.shop"
104.23.221.139 - - [22/Jul/2026:23:07:01 +0000] "GET /wp-admin/install.php?step=1 HTTP/1.1" 403 82092 "-" "http://mppglobalconcept.shop/wp-admin/install.php?step=1"
198.177.124.148 - - [22/Jul/2026:23:35:17 +0000] "POST /wp-cron.php?doing_wp_cron=1784763317.8115599155426025390625 HTTP/1.1" 200 - "-" "WordPress/7.0.2; https://mppglobalconcept.shop"
104.23.223.32 - - [22/Jul/2026:23:35:13 +0000] "GET /wp-admin/install.php?step=1 HTTP/1.1" 403 82092 "-" "http://mppglobalconcept.shop/wp-admin/install.php?step=1"
198.177.124.148 - - [22/Jul/2026:23:41:45 +0000] "POST /wp-cron.php?doing_wp_cron=1784763705.2996549606323242187500 HTTP/1.1" 200 - "-" "WordPress/7.0.2; https://mppglobalconcept.shop"
104.23.221.138 - - [22/Jul/2026:23:41:42 +0000] "GET /wp-admin/install.php?step=1 HTTP/1.1" 403 82092 "-" "http://mppglobalconcept.shop/wp-admin/install.php?step=1"
198.177.124.148 - - [23/Jul/2026:00:08:48 +0000] "POST /wp-cron.php?doing_wp_cron=1784765328.0322010517120361328125 HTTP/1.1" 200 - "-" "WordPress/7.0.2; https://mppglobalconcept.shop"
104.23.217.132 - - [23/Jul/2026:00:08:46 +0000] "GET /wp-admin/install.php?step=1 HTTP/1.1" 403 82092 "-" "http://mppglobalconcept.shop/wp-admin/install.php?step=1"
198.177.124.148 - - [23/Jul/2026:00:16:12 +0000] "POST /wp-cron.php?doing_wp_cron=1784765772.0270791053771972656250 HTTP/1.1" 200 - "-" "WordPress/7.0.2; https://mppglobalconcept.shop"
91.90.126.36 - - [23/Jul/2026:00:16:07 +0000] "GET / HTTP/1.1" 200 2 "-" "Mozilla/5.0 (Windows NT 10.0; Win64; x64) AppleWebKit/537.36 (KHTML, like Gecko) Chrome/84.0.4147.89 Safari/537.36"
198.177.124.148 - - [23/Jul/2026:00:18:28 +0000] "POST /wp-cron.php?doing_wp_cron=1784765908.1149880886077880859375 HTTP/1.1" 200 - "-" "WordPress/7.0.2; https://mppglobalconcept.shop"
104.23.223.33 - - [23/Jul/2026:00:18:26 +0000] "GET /wp-admin/install.php?step=1 HTTP/1.1" 403 82092 "-" "http://mppglobalconcept.shop/wp-admin/install.php?step=1"
198.177.124.148 - - [23/Jul/2026:00:46:36 +0000] "POST /wp-cron.php?doing_wp_cron=1784767596.9591979980468750000000 HTTP/1.1" 200 - "-" "WordPress/7.0.2; https://mppglobalconcept.shop"
104.23.223.33 - - [23/Jul/2026:00:46:35 +0000] "GET /wp-admin/install.php?step=1 HTTP/1.1" 403 82092 "-" "http://mppglobalconcept.shop/wp-admin/install.php?step=1"
162.158.110.46 - - [23/Jul/2026:00:46:50 +0000] "GET /wp-admin/install.php?step=1 HTTP/1.1" 403 82092 "-" "http://mppglobalconcept.shop/wp-admin/install.php?step=1"
198.177.124.148 - - [23/Jul/2026:00:59:35 +0000] "POST /wp-cron.php?doing_wp_cron=1784768375.3727951049804687500000 HTTP/1.1" 200 - "-" "WordPress/7.0.2; https://mppglobalconcept.shop"
172.71.148.137 - - [23/Jul/2026:00:59:33 +0000] "GET /wp-admin/install.php?step=1 HTTP/1.1" 403 82092 "-" "http://mppglobalconcept.shop/wp-admin/install.php?step=1"
198.177.124.148 - - [23/Jul/2026:01:02:26 +0000] "GET /.well-known/acme-challenge/BU1BTEYSACQFE0PFYEYKMJSBVA0TI5R8 HTTP/1.1" 200 64 "-" "Cpanel-HTTP-Client/1.0"
198.177.124.148 - - [23/Jul/2026:01:02:26 +0000] "GET /.well-known/acme-challenge/WS250_TTVLW3KXIXU9UO-4SJS_18-MJA HTTP/1.1" 200 64 "-" "Cpanel-HTTP-Client/1.0"
198.177.124.148 - - [23/Jul/2026:01:05:53 +0000] "POST /wp-cron.php?doing_wp_cron=1784768753.9532079696655273437500 HTTP/1.1" 200 - "-" "WordPress/7.0.2; https://mppglobalconcept.shop"
43.153.49.151 - - [23/Jul/2026:01:05:52 +0000] "GET / HTTP/1.1" 200 97295 "-" "Mozilla/5.0 (iPhone; CPU iPhone OS 13_2_3 like Mac OS X) AppleWebKit/605.1.15 (KHTML, like Gecko) Version/13.0.3 Mobile/15E148 Safari/604.1"
198.177.124.148 - - [23/Jul/2026:01:13:08 +0000] "POST /wp-cron.php?doing_wp_cron=1784769188.8120179176330566406250 HTTP/1.1" 200 - "-" "WordPress/7.0.2; https://mppglobalconcept.shop"
172.70.240.29 - - [23/Jul/2026:01:13:05 +0000] "GET /wp-admin/install.php?step=1 HTTP/1.1" 403 82092 "-" "http://mppglobalconcept.shop/wp-admin/install.php?step=1"
198.177.124.148 - - [23/Jul/2026:01:33:06 +0000] "POST /wp-cron.php?doing_wp_cron=1784770386.1910510063171386718750 HTTP/1.1" 200 - "-" "WordPress/7.0.2; https://mppglobalconcept.shop"
43.133.60.94 - - [23/Jul/2026:01:33:03 +0000] "GET / HTTP/1.1" 200 97295 "-" "Mozilla/5.0 (iPhone; CPU iPhone OS 13_2_3 like Mac OS X) AppleWebKit/605.1.15 (KHTML, like Gecko) Version/13.0.3 Mobile/15E148 Safari/604.1"
104.23.168.71 - - [23/Jul/2026:01:33:29 +0000] "GET /wp-admin/install.php?step=1 HTTP/1.1" 403 82092 "-" "http://mppglobalconcept.shop/wp-admin/install.php?step=1"
198.177.124.148 - - [23/Jul/2026:01:57:28 +0000] "POST /wp-cron.php?doing_wp_cron=1784771848.0320980548858642578125 HTTP/1.1" 200 - "-" "WordPress/7.0.2; https://mppglobalconcept.shop"
172.71.148.136 - - [23/Jul/2026:01:57:23 +0000] "GET /wp-admin/install.php?step=1 HTTP/1.1" 403 82092 "-" "http://mppglobalconcept.shop/wp-admin/install.php?step=1"
198.177.124.148 - - [23/Jul/2026:01:59:50 +0000] "POST /wp-cron.php?doing_wp_cron=1784771990.7345280647277832031250 HTTP/1.1" 200 - "-" "WordPress/7.0.2; https://mppglobalconcept.shop"
104.23.223.33 - - [23/Jul/2026:01:59:46 +0000] "GET /wp-admin/install.php?step=1 HTTP/1.1" 403 82092 "-" "http://mppglobalconcept.shop/wp-admin/install.php?step=1"
198.177.124.148 - - [23/Jul/2026:02:03:36 +0000] "POST /wp-cron.php?doing_wp_cron=1784772216.1008079051971435546875 HTTP/1.1" 200 - "-" "WordPress/7.0.2; https://mppglobalconcept.shop"
170.106.35.187 - - [23/Jul/2026:02:03:33 +0000] "GET / HTTP/1.1" 200 2 "-" "Mozilla/5.0 (iPhone; CPU iPhone OS 13_2_3 like Mac OS X) AppleWebKit/605.1.15 (KHTML, like Gecko) Version/13.0.3 Mobile/15E148 Safari/604.1"
172.71.99.6 - - [23/Jul/2026:02:03:38 +0000] "GET /wp-admin/install.php?step=1 HTTP/1.1" 403 82092 "-" "http://mppglobalconcept.shop/wp-admin/install.php?step=1"
198.177.124.148 - - [23/Jul/2026:02:16:14 +0000] "POST /wp-cron.php?doing_wp_cron=1784772974.4601099491119384765625 HTTP/1.1" 200 - "-" "WordPress/7.0.2; https://mppglobalconcept.shop"
43.154.250.181 - - [23/Jul/2026:02:16:11 +0000] "GET / HTTP/1.1" 200 2 "-" "Mozilla/5.0 (iPhone; CPU iPhone OS 13_2_3 like Mac OS X) AppleWebKit/605.1.15 (KHTML, like Gecko) Version/13.0.3 Mobile/15E148 Safari/604.1"
198.177.124.148 - - [23/Jul/2026:02:31:00 +0000] "POST /wp-cron.php?doing_wp_cron=1784773860.9716899394989013671875 HTTP/1.1" 200 - "-" "WordPress/7.0.2; https://mppglobalconcept.shop"
104.23.239.136 - - [23/Jul/2026:02:30:57 +0000] "GET /wp-admin/install.php?step=1 HTTP/1.1" 403 82092 "-" "http://mppglobalconcept.shop/wp-admin/install.php?step=1"
198.177.124.148 - - [23/Jul/2026:02:46:16 +0000] "POST /wp-cron.php?doing_wp_cron=1784774776.9330708980560302734375 HTTP/1.1" 200 - "-" "WordPress/7.0.2; https://mppglobalconcept.shop"
172.70.248.40 - - [23/Jul/2026:02:46:13 +0000] "GET /wp-admin/install.php?step=1 HTTP/1.1" 403 82092 "-" "http://mppglobalconcept.shop/wp-admin/install.php?step=1"