198.177.124.148 - - [21/Jul/2026:20:31:23 +0000] "POST /wp-cron.php?doing_wp_cron=1784665883.8321828842163085937500 HTTP/1.1" 200 - "-" "WordPress/7.0.2; https://lorfemglobal.shop"
204.8.98.25 - - [21/Jul/2026:20:31:21 +0000] "HEAD /?author=1 HTTP/1.1" 404 - "https://www.google.com" "Mozilla/5.0 (Windows NT 10.0; Win64; x64) AppleWebKit/537.36 (KHTML, like Gecko) Chrome/143.0.0.0 Safari/537.36"
204.8.98.25 - - [21/Jul/2026:20:31:24 +0000] "GET /wp-json/wp/v2/users HTTP/1.1" 401 108 "https://www.google.com" "Mozilla/5.0 (Windows NT 10.0; Win64; x64) AppleWebKit/537.36 (KHTML, like Gecko) Chrome/143.0.0.0 Safari/537.36"
198.177.124.148 - - [21/Jul/2026:20:37:23 +0000] "POST /wp-cron.php?doing_wp_cron=1784666243.8446400165557861328125 HTTP/1.1" 200 - "-" "WordPress/7.0.2; https://lorfemglobal.shop"
172.71.148.147 - - [21/Jul/2026:20:37:22 +0000] "GET /wp-admin/install.php?step=1 HTTP/1.1" 200 1390 "-" "http://lorfemglobal.shop/wp-admin/install.php?step=1"
198.177.124.148 - - [21/Jul/2026:20:37:47 +0000] "POST /wp-cron.php?doing_wp_cron=1784666267.6797258853912353515625 HTTP/1.1" 200 - "-" "WordPress/7.0.2; https://lorfemglobal.shop"
170.106.35.137 - - [21/Jul/2026:20:37:46 +0000] "GET / HTTP/1.1" 301 - "-" "Mozilla/5.0 (iPhone; CPU iPhone OS 13_2_3 like Mac OS X) AppleWebKit/605.1.15 (KHTML, like Gecko) Version/13.0.3 Mobile/15E148 Safari/604.1"
170.106.35.137 - - [21/Jul/2026:20:37:48 +0000] "GET / HTTP/1.1" 200 98541 "http://www.lorfemglobal.shop" "Mozilla/5.0 (iPhone; CPU iPhone OS 13_2_3 like Mac OS X) AppleWebKit/605.1.15 (KHTML, like Gecko) Version/13.0.3 Mobile/15E148 Safari/604.1"
198.177.124.148 - - [21/Jul/2026:20:40:05 +0000] "POST /wp-cron.php?doing_wp_cron=1784666405.3743300437927246093750 HTTP/1.1" 200 - "-" "WordPress/7.0.2; https://lorfemglobal.shop"
84.32.41.136 - - [21/Jul/2026:20:39:59 +0000] "GET / HTTP/1.1" 200 98541 "-" "Mozilla/5.0 (X11; Ubuntu; Linux x86_64; rv:138.0) Gecko/20100101 Firefox/138.0"
84.32.41.136 - - [21/Jul/2026:20:40:10 +0000] "GET / HTTP/1.1" 200 98541 "http://lorfemglobal.shop" "Mozilla/5.0 (X11; Ubuntu; Linux x86_64; rv:138.0) Gecko/20100101 Firefox/138.0"
84.32.41.136 - - [21/Jul/2026:20:40:17 +0000] "GET /wp-content/themes/twentytwentyfour/assets/fonts/cardo/cardo_italic_400.woff2 HTTP/1.1" 200 105184 "http://lorfemglobal.shop" "Mozilla/5.0 (X11; Ubuntu; Linux x86_64; rv:138.0) Gecko/20100101 Firefox/138.0"
84.32.41.136 - - [21/Jul/2026:20:40:22 +0000] "GET /wp-content/themes/twentytwentyfour/assets/fonts/cardo/cardo_normal_400.woff2 HTTP/1.1" 200 146060 "http://lorfemglobal.shop" "Mozilla/5.0 (X11; Ubuntu; Linux x86_64; rv:138.0) Gecko/20100101 Firefox/138.0"
84.32.41.136 - - [21/Jul/2026:20:40:27 +0000] "GET /wp-content/themes/twentytwentyfour/assets/fonts/cardo/cardo_normal_700.woff2 HTTP/1.1" 200 132564 "http://lorfemglobal.shop" "Mozilla/5.0 (X11; Ubuntu; Linux x86_64; rv:138.0) Gecko/20100101 Firefox/138.0"
84.32.41.136 - - [21/Jul/2026:20:40:31 +0000] "GET /wp-content/themes/twentytwentyfour/assets/fonts/inter/Inter-VariableFont_slnt,wght.woff2 HTTP/1.1" 200 326628 "http://lorfemglobal.shop" "Mozilla/5.0 (X11; Ubuntu; Linux x86_64; rv:138.0) Gecko/20100101 Firefox/138.0"
84.32.41.136 - - [21/Jul/2026:20:40:36 +0000] "GET /wp-content/themes/twentytwentyfour/assets/images/building-exterior.webp HTTP/1.1" 200 199724 "http://lorfemglobal.shop" "Mozilla/5.0 (X11; Ubuntu; Linux x86_64; rv:138.0) Gecko/20100101 Firefox/138.0"
84.32.41.136 - - [21/Jul/2026:20:40:38 +0000] "GET /wp-content/themes/twentytwentyfour/assets/images/tourist-and-building.webp HTTP/1.1" 200 66482 "http://lorfemglobal.shop" "Mozilla/5.0 (X11; Ubuntu; Linux x86_64; rv:138.0) Gecko/20100101 Firefox/138.0"
84.32.41.136 - - [21/Jul/2026:20:40:41 +0000] "GET /wp-content/themes/twentytwentyfour/assets/images/windows.webp HTTP/1.1" 200 126244 "http://lorfemglobal.shop" "Mozilla/5.0 (X11; Ubuntu; Linux x86_64; rv:138.0) Gecko/20100101 Firefox/138.0"
84.32.41.136 - - [21/Jul/2026:20:41:12 +0000] "GET / HTTP/1.1" 200 98541 "http://lorfemglobal.shop" "Mozilla/5.0 (X11; Ubuntu; Linux x86_64; rv:138.0) Gecko/20100101 Firefox/138.0"
198.177.124.148 - - [21/Jul/2026:20:51:39 +0000] "POST /wp-cron.php?doing_wp_cron=1784667099.3197770118713378906250 HTTP/1.1" 200 - "-" "WordPress/7.0.2; https://lorfemglobal.shop"
104.23.221.9 - - [21/Jul/2026:20:51:38 +0000] "GET /wp-admin/install.php?step=1 HTTP/1.1" 200 1390 "-" "http://lorfemglobal.shop/wp-admin/install.php?step=1"
43.130.228.73 - - [21/Jul/2026:21:06:25 +0000] "GET / HTTP/1.1" 301 - "-" "Mozilla/5.0 (iPhone; CPU iPhone OS 13_2_3 like Mac OS X) AppleWebKit/605.1.15 (KHTML, like Gecko) Version/13.0.3 Mobile/15E148 Safari/604.1"
43.130.228.73 - - [21/Jul/2026:21:06:29 +0000] "GET / HTTP/1.1" 200 98541 "http://www.lorfemglobal.shop" "Mozilla/5.0 (iPhone; CPU iPhone OS 13_2_3 like Mac OS X) AppleWebKit/605.1.15 (KHTML, like Gecko) Version/13.0.3 Mobile/15E148 Safari/604.1"
198.177.124.148 - - [21/Jul/2026:21:11:23 +0000] "POST /wp-cron.php?doing_wp_cron=1784668283.6677830219268798828125 HTTP/1.1" 200 - "-" "WordPress/7.0.2; https://lorfemglobal.shop"
104.23.223.93 - - [21/Jul/2026:21:11:22 +0000] "GET /wp-admin/install.php?step=1 HTTP/1.1" 200 1390 "-" "http://lorfemglobal.shop/wp-admin/install.php?step=1"
198.177.124.148 - - [21/Jul/2026:21:30:18 +0000] "POST /wp-cron.php?doing_wp_cron=1784669418.2786929607391357421875 HTTP/1.1" 200 - "-" "WordPress/7.0.2; https://lorfemglobal.shop"
104.23.245.178 - - [21/Jul/2026:21:30:16 +0000] "GET /wp-admin/install.php?step=1 HTTP/1.1" 200 1390 "-" "http://lorfemglobal.shop/wp-admin/install.php?step=1"
198.177.124.148 - - [21/Jul/2026:21:51:54 +0000] "POST /wp-cron.php?doing_wp_cron=1784670714.7168369293212890625000 HTTP/1.1" 200 - "-" "WordPress/7.0.2; https://lorfemglobal.shop"
104.23.217.99 - - [21/Jul/2026:21:51:53 +0000] "GET /wp-admin/install.php?step=1 HTTP/1.1" 200 1390 "-" "http://lorfemglobal.shop/wp-admin/install.php?step=1"
198.177.124.148 - - [21/Jul/2026:21:54:21 +0000] "POST /wp-cron.php?doing_wp_cron=1784670861.6180720329284667968750 HTTP/1.1" 200 - "-" "WordPress/7.0.2; https://lorfemglobal.shop"
172.71.164.106 - - [21/Jul/2026:21:54:19 +0000] "GET /wp-admin/install.php?step=1 HTTP/1.1" 200 1390 "-" "http://lorfemglobal.shop/wp-admin/install.php?step=1"
198.177.124.148 - - [21/Jul/2026:21:55:18 +0000] "POST /wp-cron.php?doing_wp_cron=1784670918.9607648849487304687500 HTTP/1.1" 200 - "-" "WordPress/7.0.2; https://lorfemglobal.shop"
104.23.221.9 - - [21/Jul/2026:21:55:17 +0000] "GET /wp-admin/install.php?step=1 HTTP/1.1" 200 1390 "-" "http://lorfemglobal.shop/wp-admin/install.php?step=1"
198.177.124.148 - - [21/Jul/2026:22:02:23 +0000] "GET /.well-known/acme-challenge/NEN44RX73H33ZB72XYZ3-_K1SIPMWM9L HTTP/1.1" 200 64 "-" "Cpanel-HTTP-Client/1.0"
198.177.124.148 - - [21/Jul/2026:22:02:23 +0000] "GET /.well-known/acme-challenge/LXE_Q_9SNTA1Y3N4OXZ2ST37L96QYIP1 HTTP/1.1" 200 64 "-" "Cpanel-HTTP-Client/1.0"
198.177.124.148 - - [21/Jul/2026:22:12:06 +0000] "POST /wp-cron.php?doing_wp_cron=1784671926.2008318901062011718750 HTTP/1.1" 200 - "-" "WordPress/7.0.2; https://lorfemglobal.shop"
104.23.221.9 - - [21/Jul/2026:22:12:05 +0000] "GET /wp-admin/install.php?step=1 HTTP/1.1" 200 1390 "-" "http://lorfemglobal.shop/wp-admin/install.php?step=1"
198.177.124.148 - - [21/Jul/2026:22:24:36 +0000] "POST /wp-cron.php?doing_wp_cron=1784672676.4581620693206787109375 HTTP/1.1" 200 - "-" "WordPress/7.0.2; https://lorfemglobal.shop"
172.71.164.106 - - [21/Jul/2026:22:24:35 +0000] "GET /wp-admin/install.php?step=1 HTTP/1.1" 200 1390 "-" "http://lorfemglobal.shop/wp-admin/install.php?step=1"
198.177.124.148 - - [21/Jul/2026:22:41:30 +0000] "POST /wp-cron.php?doing_wp_cron=1784673690.3885440826416015625000 HTTP/1.1" 200 - "-" "WordPress/7.0.2; https://lorfemglobal.shop"
45.92.85.32 - - [21/Jul/2026:22:41:26 +0000] "GET / HTTP/1.1" 200 98541 "-" "Mozilla/5.0 (Windows NT 10.0; Win64; x64) AppleWebKit/537.36 (KHTML, like Gecko) Chrome/94.0.4606.61 Safari/537.36"
198.177.124.148 - - [21/Jul/2026:22:44:14 +0000] "POST /wp-cron.php?doing_wp_cron=1784673854.2260270118713378906250 HTTP/1.1" 200 - "-" "WordPress/7.0.2; https://lorfemglobal.shop"
104.23.223.92 - - [21/Jul/2026:22:44:13 +0000] "GET /wp-admin/install.php?step=1 HTTP/1.1" 200 1390 "-" "http://lorfemglobal.shop/wp-admin/install.php?step=1"
198.177.124.148 - - [21/Jul/2026:23:02:18 +0000] "POST /wp-cron.php?doing_wp_cron=1784674938.0347650051116943359375 HTTP/1.1" 200 - "-" "WordPress/7.0.2; https://lorfemglobal.shop"
136.67.60.28 - - [21/Jul/2026:23:02:12 +0000] "GET /wp-content/plugins/helodoly/wp-config-sample.php HTTP/1.1" 404 82210 "-" "Mozilla/5.0 (Windows NT 10.0; Win64; x64) AppleWebKit/537.36 (KHTML, like Gecko) Chrome/91.0.4472.124 Safari/537.36"
198.177.124.148 - - [21/Jul/2026:23:04:18 +0000] "POST /wp-cron.php?doing_wp_cron=1784675058.6840109825134277343750 HTTP/1.1" 200 - "-" "WordPress/7.0.2; https://lorfemglobal.shop"
172.69.151.178 - - [21/Jul/2026:23:04:17 +0000] "GET /wp-admin/install.php?step=1 HTTP/1.1" 200 1390 "-" "http://lorfemglobal.shop/wp-admin/install.php?step=1"
198.177.124.148 - - [21/Jul/2026:23:09:52 +0000] "POST /wp-cron.php?doing_wp_cron=1784675392.7970700263977050781250 HTTP/1.1" 200 - "-" "WordPress/7.0.2; https://lorfemglobal.shop"
66.249.75.73 - - [21/Jul/2026:23:09:49 +0000] "GET /robots.txt HTTP/1.1" 200 118 "-" "Mozilla/5.0 (compatible; Googlebot/2.1; +http://www.google.com/bot.html)"
66.249.75.74 - - [21/Jul/2026:23:09:52 +0000] "GET /ammika.php?sitemap396.xml HTTP/1.1" 404 82172 "-" "Mozilla/5.0 (compatible; Googlebot/2.1; +http://www.google.com/bot.html)"
198.177.124.148 - - [21/Jul/2026:23:14:25 +0000] "POST /wp-cron.php?doing_wp_cron=1784675665.2671658992767333984375 HTTP/1.1" 200 - "-" "WordPress/7.0.2; https://lorfemglobal.shop"
172.70.248.174 - - [21/Jul/2026:23:14:23 +0000] "GET /wp-admin/install.php?step=1 HTTP/1.1" 200 1390 "-" "http://lorfemglobal.shop/wp-admin/install.php?step=1"
136.67.60.28 - - [21/Jul/2026:23:15:29 +0000] "GET /system/bootstrap.php HTTP/1.1" 302 35364 "-" "Mozilla/5.0 (Windows NT 10.0; Win64; x64) AppleWebKit/537.36 (KHTML, like Gecko) Chrome/91.0.4472.124 Safari/537.36"
136.67.60.28 - - [21/Jul/2026:23:15:30 +0000] "GET /system/bootstrap.php?p= HTTP/1.1" 200 35364 "http://lorfemglobal.shop/system/bootstrap.php" "Mozilla/5.0 (Windows NT 10.0; Win64; x64) AppleWebKit/537.36 (KHTML, like Gecko) Chrome/91.0.4472.124 Safari/537.36"
136.67.60.28 - - [21/Jul/2026:23:15:41 +0000] "GET /bootstrap.php HTTP/1.1" 302 35350 "-" "Mozilla/5.0 (Windows NT 10.0; Win64; x64) AppleWebKit/537.36 (KHTML, like Gecko) Chrome/91.0.4472.124 Safari/537.36"
136.67.60.28 - - [21/Jul/2026:23:15:42 +0000] "GET /bootstrap.php?p= HTTP/1.1" 200 35350 "http://lorfemglobal.shop/bootstrap.php" "Mozilla/5.0 (Windows NT 10.0; Win64; x64) AppleWebKit/537.36 (KHTML, like Gecko) Chrome/91.0.4472.124 Safari/537.36"
198.177.124.148 - - [21/Jul/2026:23:27:43 +0000] "POST /wp-cron.php?doing_wp_cron=1784676463.7927100658416748046875 HTTP/1.1" 200 - "-" "WordPress/7.0.2; https://lorfemglobal.shop"
172.70.115.90 - - [21/Jul/2026:23:27:42 +0000] "GET /wp-admin/install.php?step=1 HTTP/1.1" 200 1390 "-" "http://lorfemglobal.shop/wp-admin/install.php?step=1"
198.177.124.148 - - [21/Jul/2026:23:34:25 +0000] "POST /wp-cron.php?doing_wp_cron=1784676865.9111249446868896484375 HTTP/1.1" 200 - "-" "WordPress/7.0.2; https://lorfemglobal.shop"
43.157.46.118 - - [21/Jul/2026:23:34:20 +0000] "GET / HTTP/1.1" 200 98541 "-" "Mozilla/5.0 (iPhone; CPU iPhone OS 13_2_3 like Mac OS X) AppleWebKit/605.1.15 (KHTML, like Gecko) Version/13.0.3 Mobile/15E148 Safari/604.1"
198.177.124.148 - - [21/Jul/2026:23:36:49 +0000] "POST /wp-cron.php?doing_wp_cron=1784677009.3059599399566650390625 HTTP/1.1" 200 - "-" "WordPress/7.0.2; https://lorfemglobal.shop"
104.23.221.8 - - [21/Jul/2026:23:36:47 +0000] "GET /wp-admin/install.php?step=1 HTTP/1.1" 200 1390 "-" "http://lorfemglobal.shop/wp-admin/install.php?step=1"
198.177.124.148 - - [22/Jul/2026:00:08:14 +0000] "POST /wp-cron.php?doing_wp_cron=1784678894.9760930538177490234375 HTTP/1.1" 200 - "-" "WordPress/7.0.2; https://lorfemglobal.shop"
104.23.223.93 - - [22/Jul/2026:00:08:13 +0000] "GET /wp-admin/install.php?step=1 HTTP/1.1" 200 1390 "-" "http://lorfemglobal.shop/wp-admin/install.php?step=1"
198.177.124.148 - - [22/Jul/2026:00:13:23 +0000] "POST /wp-cron.php?doing_wp_cron=1784679203.3404231071472167968750 HTTP/1.1" 200 - "-" "WordPress/7.0.2; https://lorfemglobal.shop"
49.234.192.248 - - [22/Jul/2026:00:13:20 +0000] "GET / HTTP/1.1" 200 98541 "-" "Mozilla/5.0 (iPhone; CPU iPhone OS 13_2_3 like Mac OS X) AppleWebKit/605.1.15 (KHTML, like Gecko) Version/13.0.3 Mobile/15E148 Safari/604.1"
104.23.223.92 - - [22/Jul/2026:00:15:35 +0000] "GET /wp-admin/install.php?step=1 HTTP/1.1" 200 1390 "-" "http://lorfemglobal.shop/wp-admin/install.php?step=1"
198.177.124.148 - - [22/Jul/2026:00:22:38 +0000] "POST /wp-cron.php?doing_wp_cron=1784679758.3706970214843750000000 HTTP/1.1" 200 - "-" "WordPress/7.0.2; https://lorfemglobal.shop"
43.157.62.101 - - [22/Jul/2026:00:22:36 +0000] "GET / HTTP/1.1" 301 - "-" "Mozilla/5.0 (iPhone; CPU iPhone OS 13_2_3 like Mac OS X) AppleWebKit/605.1.15 (KHTML, like Gecko) Version/13.0.3 Mobile/15E148 Safari/604.1"
43.157.62.101 - - [22/Jul/2026:00:22:39 +0000] "GET / HTTP/1.1" 200 98541 "http://www.lorfemglobal.shop" "Mozilla/5.0 (iPhone; CPU iPhone OS 13_2_3 like Mac OS X) AppleWebKit/605.1.15 (KHTML, like Gecko) Version/13.0.3 Mobile/15E148 Safari/604.1"
198.177.124.148 - - [22/Jul/2026:00:35:40 +0000] "POST /wp-cron.php?doing_wp_cron=1784680540.7418398857116699218750 HTTP/1.1" 200 - "-" "WordPress/7.0.2; https://lorfemglobal.shop"
104.23.223.92 - - [22/Jul/2026:00:35:39 +0000] "GET /wp-admin/install.php?step=1 HTTP/1.1" 200 1390 "-" "http://lorfemglobal.shop/wp-admin/install.php?step=1"
198.177.124.148 - - [22/Jul/2026:00:36:44 +0000] "POST /wp-cron.php?doing_wp_cron=1784680604.0839319229125976562500 HTTP/1.1" 200 - "-" "WordPress/7.0.2; https://lorfemglobal.shop"
52.167.144.176 - - [22/Jul/2026:00:36:42 +0000] "GET /?u=35146248135 HTTP/1.1" 200 98541 "-" "Mozilla/5.0 AppleWebKit/537.36 (KHTML, like Gecko; compatible; bingbot/2.0; +http://www.bing.com/bingbot.htm) Chrome/116.0.1938.76 Safari/537.36"
63.141.250.58 - - [22/Jul/2026:00:50:16 +0000] "GET /index.php?params=1 HTTP/1.1" 301 - "-" "Mozilla/5.0 (Windows NT 10.0; Win64; x64) AppleWebKit/537.36 (KHTML, like Gecko) Chrome/131.0.0.0 Safari/537.36"
63.141.250.58 - - [22/Jul/2026:00:50:23 +0000] "GET /?params=1 HTTP/1.1" 200 98550 "-" "Mozilla/5.0 (Windows NT 10.0; Win64; x64) AppleWebKit/537.36 (KHTML, like Gecko) Chrome/131.0.0.0 Safari/537.36"
63.141.250.58 - - [22/Jul/2026:00:51:29 +0000] "GET /index.php?params=1 HTTP/1.1" 301 - "-" "Mozilla/5.0 (Windows NT 10.0; Win64; x64) AppleWebKit/537.36 (KHTML, like Gecko) Chrome/131.0.0.0 Safari/537.36"
63.141.250.58 - - [22/Jul/2026:00:51:32 +0000] "GET /?params=1 HTTP/1.1" 200 98550 "-" "Mozilla/5.0 (Windows NT 10.0; Win64; x64) AppleWebKit/537.36 (KHTML, like Gecko) Chrome/131.0.0.0 Safari/537.36"
198.177.124.148 - - [22/Jul/2026:00:56:14 +0000] "POST /wp-cron.php?doing_wp_cron=1784681774.2755639553070068359375 HTTP/1.1" 200 - "-" "WordPress/7.0.2; https://lorfemglobal.shop"
104.23.221.9 - - [22/Jul/2026:00:56:13 +0000] "GET /wp-admin/install.php?step=1 HTTP/1.1" 200 1390 "-" "http://lorfemglobal.shop/wp-admin/install.php?step=1"
198.177.124.148 - - [22/Jul/2026:01:01:22 +0000] "GET /.well-known/acme-challenge/8QPI_HO7O23NMN9MZYKF9UXQB1TJIQBJ HTTP/1.1" 200 64 "-" "Cpanel-HTTP-Client/1.0"
198.177.124.148 - - [22/Jul/2026:01:01:22 +0000] "GET /.well-known/acme-challenge/SU260-_CCUM0TY5T23LIWUHSC1DZTRW3 HTTP/1.1" 200 64 "-" "Cpanel-HTTP-Client/1.0"
198.177.124.148 - - [22/Jul/2026:01:08:05 +0000] "POST /wp-cron.php?doing_wp_cron=1784682485.0329480171203613281250 HTTP/1.1" 200 - "-" "WordPress/7.0.2; https://lorfemglobal.shop"
43.135.144.126 - - [22/Jul/2026:01:08:00 +0000] "GET / HTTP/1.1" 200 98541 "-" "Mozilla/5.0 (iPhone; CPU iPhone OS 13_2_3 like Mac OS X) AppleWebKit/605.1.15 (KHTML, like Gecko) Version/13.0.3 Mobile/15E148 Safari/604.1"
198.177.124.148 - - [22/Jul/2026:01:14:22 +0000] "POST /wp-cron.php?doing_wp_cron=1784682862.8974189758300781250000 HTTP/1.1" 200 - "-" "WordPress/7.0.2; https://lorfemglobal.shop"
104.23.221.8 - - [22/Jul/2026:01:14:21 +0000] "GET /wp-admin/install.php?step=1 HTTP/1.1" 200 1390 "-" "http://lorfemglobal.shop/wp-admin/install.php?step=1"
198.177.124.148 - - [22/Jul/2026:01:18:23 +0000] "POST /wp-cron.php?doing_wp_cron=1784683103.6917068958282470703125 HTTP/1.1" 200 - "-" "WordPress/7.0.2; https://lorfemglobal.shop"
172.70.248.175 - - [22/Jul/2026:01:18:22 +0000] "GET /wp-admin/install.php?step=1 HTTP/1.1" 200 1390 "-" "http://lorfemglobal.shop/wp-admin/install.php?step=1"
198.177.124.148 - - [22/Jul/2026:01:39:52 +0000] "POST /wp-cron.php?doing_wp_cron=1784684392.3578870296478271484375 HTTP/1.1" 200 - "-" "WordPress/7.0.2; https://lorfemglobal.shop"
172.70.240.84 - - [22/Jul/2026:01:39:50 +0000] "GET /wp-admin/install.php?step=1 HTTP/1.1" 200 1390 "-" "http://lorfemglobal.shop/wp-admin/install.php?step=1"
198.177.124.148 - - [22/Jul/2026:01:47:58 +0000] "POST /wp-cron.php?doing_wp_cron=1784684878.0325419902801513671875 HTTP/1.1" 200 - "-" "WordPress/7.0.2; https://lorfemglobal.shop"
18.210.209.197 - - [22/Jul/2026:01:47:54 +0000] "GET / HTTP/1.1" 200 98541 "-" "Mozilla"
162.158.110.234 - - [22/Jul/2026:01:48:37 +0000] "GET /wp-admin/install.php?step=1 HTTP/1.1" 200 1390 "-" "http://lorfemglobal.shop/wp-admin/install.php?step=1"
198.177.124.148 - - [22/Jul/2026:02:01:29 +0000] "POST /wp-cron.php?doing_wp_cron=1784685689.0657839775085449218750 HTTP/1.1" 200 - "-" "WordPress/7.0.2; https://lorfemglobal.shop"
172.71.144.133 - - [22/Jul/2026:02:01:27 +0000] "GET /wp-admin/install.php?step=1 HTTP/1.1" 200 1390 "-" "http://lorfemglobal.shop/wp-admin/install.php?step=1"
198.177.124.148 - - [22/Jul/2026:02:02:38 +0000] "POST /wp-cron.php?doing_wp_cron=1784685758.4617819786071777343750 HTTP/1.1" 200 - "-" "WordPress/7.0.2; https://lorfemglobal.shop"
43.159.148.221 - - [22/Jul/2026:02:02:32 +0000] "GET / HTTP/1.1" 301 - "-" "Mozilla/5.0 (iPhone; CPU iPhone OS 13_2_3 like Mac OS X) AppleWebKit/605.1.15 (KHTML, like Gecko) Version/13.0.3 Mobile/15E148 Safari/604.1"
43.159.148.221 - - [22/Jul/2026:02:02:39 +0000] "GET / HTTP/1.1" 200 98541 "http://www.lorfemglobal.shop" "Mozilla/5.0 (iPhone; CPU iPhone OS 13_2_3 like Mac OS X) AppleWebKit/605.1.15 (KHTML, like Gecko) Version/13.0.3 Mobile/15E148 Safari/604.1"
198.177.124.148 - - [22/Jul/2026:02:19:23 +0000] "POST /wp-cron.php?doing_wp_cron=1784686763.7389469146728515625000 HTTP/1.1" 200 - "-" "WordPress/7.0.2; https://lorfemglobal.shop"
172.71.144.132 - - [22/Jul/2026:02:19:22 +0000] "GET /wp-admin/install.php?step=1 HTTP/1.1" 200 1390 "-" "http://lorfemglobal.shop/wp-admin/install.php?step=1"
13.220.10.110 - - [22/Jul/2026:02:37:59 +0000] "GET / HTTP/1.1" 200 98541 "-" "Mozilla/5.0 (X11; Linux x86_64) AppleWebKit/537.36 (KHTML, like Gecko) Chrome/145.0.0.0 Safari/537.36"
13.220.10.110 - - [22/Jul/2026:02:38:03 +0000] "GET /wp-includes/blocks/navigation/style.min.css?ver=7.0.2 HTTP/1.1" 200 20709 "http://lorfemglobal.shop/" "Mozilla/5.0 (X11; Linux x86_64) AppleWebKit/537.36 (KHTML, like Gecko) Chrome/145.0.0.0 Safari/537.36"
13.220.10.110 - - [22/Jul/2026:02:38:03 +0000] "GET /wp-includes/js/jquery/jquery.min.js?ver=3.7.1 HTTP/1.1" 200 87553 "http://lorfemglobal.shop/" "Mozilla/5.0 (X11; Linux x86_64) AppleWebKit/537.36 (KHTML, like Gecko) Chrome/145.0.0.0 Safari/537.36"
13.220.10.110 - - [22/Jul/2026:02:38:03 +0000] "GET /wp-includes/js/jquery/jquery-migrate.min.js?ver=3.4.1 HTTP/1.1" 200 13577 "http://lorfemglobal.shop/" "Mozilla/5.0 (X11; Linux x86_64) AppleWebKit/537.36 (KHTML, like Gecko) Chrome/145.0.0.0 Safari/537.36"
13.220.10.110 - - [22/Jul/2026:02:38:03 +0000] "GET /wp-content/themes/twentytwentyfour/assets/images/tourist-and-building.webp HTTP/1.1" 200 66482 "http://lorfemglobal.shop/" "Mozilla/5.0 (X11; Linux x86_64) AppleWebKit/537.36 (KHTML, like Gecko) Chrome/145.0.0.0 Safari/537.36"
13.220.10.110 - - [22/Jul/2026:02:38:03 +0000] "GET /wp-content/themes/twentytwentyfour/assets/images/building-exterior.webp HTTP/1.1" 200 199724 "http://lorfemglobal.shop/" "Mozilla/5.0 (X11; Linux x86_64) AppleWebKit/537.36 (KHTML, like Gecko) Chrome/145.0.0.0 Safari/537.36"
13.220.10.110 - - [22/Jul/2026:02:38:04 +0000] "GET /wp-content/themes/twentytwentyfour/assets/images/windows.webp HTTP/1.1" 200 126244 "http://lorfemglobal.shop/" "Mozilla/5.0 (X11; Linux x86_64) AppleWebKit/537.36 (KHTML, like Gecko) Chrome/145.0.0.0 Safari/537.36"
13.220.10.110 - - [22/Jul/2026:02:38:04 +0000] "GET /wp-includes/js/dist/script-modules/interactivity/index.min.js?ver=efaa5193bbad9c60ffd1 HTTP/1.1" 200 40106 "http://lorfemglobal.shop/" "Mozilla/5.0 (X11; Linux x86_64) AppleWebKit/537.36 (KHTML, like Gecko) Chrome/145.0.0.0 Safari/537.36"
13.220.10.110 - - [22/Jul/2026:02:38:04 +0000] "GET /wp-content/plugins/pixelyoursite/dist/scripts/jquery.bind-first-0.2.3.min.js?ver=0.2.3 HTTP/1.1" 200 1317 "http://lorfemglobal.shop/" "Mozilla/5.0 (X11; Linux x86_64) AppleWebKit/537.36 (KHTML, like Gecko) Chrome/145.0.0.0 Safari/537.36"
13.220.10.110 - - [22/Jul/2026:02:38:04 +0000] "GET /wp-includes/js/dist/script-modules/block-library/navigation/view.min.js?ver=96a846e1d7b789c39ab9 HTTP/1.1" 200 3053 "http://lorfemglobal.shop/" "Mozilla/5.0 (X11; Linux x86_64) AppleWebKit/537.36 (KHTML, like Gecko) Chrome/145.0.0.0 Safari/537.36"
13.220.10.110 - - [22/Jul/2026:02:38:04 +0000] "GET /wp-content/themes/twentytwentyfour/assets/fonts/cardo/cardo_normal_400.woff2 HTTP/1.1" 200 146060 "http://lorfemglobal.shop/" "Mozilla/5.0 (X11; Linux x86_64) AppleWebKit/537.36 (KHTML, like Gecko) Chrome/145.0.0.0 Safari/537.36"
13.220.10.110 - - [22/Jul/2026:02:38:04 +0000] "GET /wp-content/themes/twentytwentyfour/assets/fonts/cardo/cardo_italic_400.woff2 HTTP/1.1" 200 105184 "http://lorfemglobal.shop/" "Mozilla/5.0 (X11; Linux x86_64) AppleWebKit/537.36 (KHTML, like Gecko) Chrome/145.0.0.0 Safari/537.36"
13.220.10.110 - - [22/Jul/2026:02:38:04 +0000] "GET /wp-content/plugins/pixelyoursite/dist/scripts/js.cookie-2.1.3.min.js?ver=2.1.3 HTTP/1.1" 200 1709 "http://lorfemglobal.shop/" "Mozilla/5.0 (X11; Linux x86_64) AppleWebKit/537.36 (KHTML, like Gecko) Chrome/145.0.0.0 Safari/537.36"
13.220.10.110 - - [22/Jul/2026:02:38:04 +0000] "GET /wp-content/plugins/pixelyoursite/dist/scripts/tld.min.js?ver=2.3.1 HTTP/1.1" 200 141079 "http://lorfemglobal.shop/" "Mozilla/5.0 (X11; Linux x86_64) AppleWebKit/537.36 (KHTML, like Gecko) Chrome/145.0.0.0 Safari/537.36"
13.220.10.110 - - [22/Jul/2026:02:38:04 +0000] "GET /wp-content/plugins/pixelyoursite/dist/scripts/public.js?ver=11.2.1 HTTP/1.1" 200 172979 "http://lorfemglobal.shop/" "Mozilla/5.0 (X11; Linux x86_64) AppleWebKit/537.36 (KHTML, like Gecko) Chrome/145.0.0.0 Safari/537.36"
13.220.10.110 - - [22/Jul/2026:02:38:04 +0000] "GET /wp-content/themes/twentytwentyfour/assets/fonts/inter/Inter-VariableFont_slnt,wght.woff2 HTTP/1.1" 200 326628 "http://lorfemglobal.shop/" "Mozilla/5.0 (X11; Linux x86_64) AppleWebKit/537.36 (KHTML, like Gecko) Chrome/145.0.0.0 Safari/537.36"
13.220.10.110 - - [22/Jul/2026:02:38:04 +0000] "GET /wp-includes/js/wp-emoji-release.min.js?ver=7.0.2 HTTP/1.1" 200 22752 "http://lorfemglobal.shop/" "Mozilla/5.0 (X11; Linux x86_64) AppleWebKit/537.36 (KHTML, like Gecko) Chrome/145.0.0.0 Safari/537.36"
13.220.10.110 - - [22/Jul/2026:02:38:04 +0000] "GET /favicon.ico HTTP/1.1" 302 - "http://lorfemglobal.shop/" "Mozilla/5.0 (X11; Linux x86_64) AppleWebKit/537.36 (KHTML, like Gecko) Chrome/145.0.0.0 Safari/537.36"
13.220.10.110 - - [22/Jul/2026:02:38:07 +0000] "GET /wp-includes/images/w-logo-blue-white-bg.png HTTP/1.1" 200 4119 "http://lorfemglobal.shop/" "Mozilla/5.0 (X11; Linux x86_64) AppleWebKit/537.36 (KHTML, like Gecko) Chrome/145.0.0.0 Safari/537.36"
13.220.10.110 - - [22/Jul/2026:02:38:08 +0000] "GET /favicon.ico HTTP/1.1" 302 - "-" "Mozilla/5.0 (X11; Linux x86_64) AppleWebKit/537.36 (KHTML, like Gecko) Chrome/145.0.0.0 Safari/537.36"
13.220.10.110 - - [22/Jul/2026:02:38:11 +0000] "GET /wp-includes/images/w-logo-blue-white-bg.png HTTP/1.1" 200 4119 "-" "Mozilla/5.0 (X11; Linux x86_64) AppleWebKit/537.36 (KHTML, like Gecko) Chrome/145.0.0.0 Safari/537.36"
198.177.124.148 - - [22/Jul/2026:02:40:33 +0000] "POST /wp-cron.php?doing_wp_cron=1784688033.5178370475769042968750 HTTP/1.1" 200 - "-" "WordPress/7.0.2; https://lorfemglobal.shop"
104.23.217.98 - - [22/Jul/2026:02:40:31 +0000] "GET /wp-admin/install.php?step=1 HTTP/1.1" 200 1390 "-" "http://lorfemglobal.shop/wp-admin/install.php?step=1"
172.71.148.147 - - [22/Jul/2026:02:51:38 +0000] "GET /wp-admin/install.php?step=1 HTTP/1.1" 200 1390 "-" "http://lorfemglobal.shop/wp-admin/install.php?step=1"
94.176.84.48 - - [22/Jul/2026:02:51:39 +0000] "GET / HTTP/1.1" 200 98541 "-" "Mozilla/5.0 (iPhone; CPU iPhone OS 26_3 like Mac OS X) AppleWebKit/605.1.15 (KHTML, like Gecko) CriOS/144.0.7559.95 Mobile/15E148 Safari/604.1"
119.12.204.227 - - [22/Jul/2026:02:51:44 +0000] "GET /wp-includes/blocks/navigation/style.min.css?ver=7.0.2 HTTP/1.1" 200 20709 "http://lorfemglobal.shop/" "Mozilla/5.0 (iPhone; CPU iPhone OS 26_3 like Mac OS X) AppleWebKit/605.1.15 (KHTML, like Gecko) CriOS/144.0.7559.95 Mobile/15E148 Safari/604.1"
188.241.1.154 - - [22/Jul/2026:02:51:44 +0000] "GET /wp-includes/js/jquery/jquery.min.js?ver=3.7.1 HTTP/1.1" 200 87553 "http://lorfemglobal.shop/" "Mozilla/5.0 (iPhone; CPU iPhone OS 26_3 like Mac OS X) AppleWebKit/605.1.15 (KHTML, like Gecko) CriOS/144.0.7559.95 Mobile/15E148 Safari/604.1"
152.39.155.25 - - [22/Jul/2026:02:51:44 +0000] "GET /wp-content/themes/twentytwentyfour/assets/images/building-exterior.webp HTTP/1.1" 200 199724 "http://lorfemglobal.shop/" "Mozilla/5.0 (iPhone; CPU iPhone OS 26_3 like Mac OS X) AppleWebKit/605.1.15 (KHTML, like Gecko) CriOS/144.0.7559.95 Mobile/15E148 Safari/604.1"
119.13.196.15 - - [22/Jul/2026:02:51:44 +0000] "GET /wp-content/themes/twentytwentyfour/assets/images/tourist-and-building.webp HTTP/1.1" 200 66482 "http://lorfemglobal.shop/" "Mozilla/5.0 (iPhone; CPU iPhone OS 26_3 like Mac OS X) AppleWebKit/605.1.15 (KHTML, like Gecko) CriOS/144.0.7559.95 Mobile/15E148 Safari/604.1"
206.204.1.55 - - [22/Jul/2026:02:51:44 +0000] "GET /wp-includes/js/jquery/jquery-migrate.min.js?ver=3.4.1 HTTP/1.1" 200 13577 "http://lorfemglobal.shop/" "Mozilla/5.0 (iPhone; CPU iPhone OS 26_3 like Mac OS X) AppleWebKit/605.1.15 (KHTML, like Gecko) CriOS/144.0.7559.95 Mobile/15E148 Safari/604.1"
203.78.175.186 - - [22/Jul/2026:02:51:44 +0000] "GET /wp-content/themes/twentytwentyfour/assets/images/windows.webp HTTP/1.1" 200 126244 "http://lorfemglobal.shop/" "Mozilla/5.0 (iPhone; CPU iPhone OS 26_3 like Mac OS X) AppleWebKit/605.1.15 (KHTML, like Gecko) CriOS/144.0.7559.95 Mobile/15E148 Safari/604.1"
93.180.236.144 - - [22/Jul/2026:02:51:44 +0000] "GET /wp-includes/js/dist/script-modules/interactivity/index.min.js?ver=efaa5193bbad9c60ffd1 HTTP/1.1" 200 40106 "http://lorfemglobal.shop/" "Mozilla/5.0 (iPhone; CPU iPhone OS 26_3 like Mac OS X) AppleWebKit/605.1.15 (KHTML, like Gecko) CriOS/144.0.7559.95 Mobile/15E148 Safari/604.1"
152.39.143.64 - - [22/Jul/2026:02:51:44 +0000] "GET /wp-content/plugins/pixelyoursite/dist/scripts/js.cookie-2.1.3.min.js?ver=2.1.3 HTTP/1.1" 200 1709 "http://lorfemglobal.shop/" "Mozilla/5.0 (iPhone; CPU iPhone OS 26_3 like Mac OS X) AppleWebKit/605.1.15 (KHTML, like Gecko) CriOS/144.0.7559.95 Mobile/15E148 Safari/604.1"
93.180.237.177 - - [22/Jul/2026:02:51:44 +0000] "GET /wp-includes/js/dist/script-modules/block-library/navigation/view.min.js?ver=96a846e1d7b789c39ab9 HTTP/1.1" 200 3053 "http://lorfemglobal.shop/" "Mozilla/5.0 (iPhone; CPU iPhone OS 26_3 like Mac OS X) AppleWebKit/605.1.15 (KHTML, like Gecko) CriOS/144.0.7559.95 Mobile/15E148 Safari/604.1"
152.39.133.77 - - [22/Jul/2026:02:51:44 +0000] "GET /wp-content/plugins/pixelyoursite/dist/scripts/jquery.bind-first-0.2.3.min.js?ver=0.2.3 HTTP/1.1" 200 1317 "http://lorfemglobal.shop/" "Mozilla/5.0 (iPhone; CPU iPhone OS 26_3 like Mac OS X) AppleWebKit/605.1.15 (KHTML, like Gecko) CriOS/144.0.7559.95 Mobile/15E148 Safari/604.1"
152.39.208.210 - - [22/Jul/2026:02:51:45 +0000] "GET /wp-content/plugins/pixelyoursite/dist/scripts/tld.min.js?ver=2.3.1 HTTP/1.1" 200 141079 "http://lorfemglobal.shop/" "Mozilla/5.0 (iPhone; CPU iPhone OS 26_3 like Mac OS X) AppleWebKit/605.1.15 (KHTML, like Gecko) CriOS/144.0.7559.95 Mobile/15E148 Safari/604.1"
84.39.225.22 - - [22/Jul/2026:02:51:45 +0000] "GET /wp-content/themes/twentytwentyfour/assets/fonts/cardo/cardo_normal_400.woff2 HTTP/1.1" 200 146060 "http://lorfemglobal.shop/" "Mozilla/5.0 (iPhone; CPU iPhone OS 26_3 like Mac OS X) AppleWebKit/605.1.15 (KHTML, like Gecko) CriOS/144.0.7559.95 Mobile/15E148 Safari/604.1"
213.188.73.99 - - [22/Jul/2026:02:51:45 +0000] "GET /wp-content/themes/twentytwentyfour/assets/fonts/cardo/cardo_italic_400.woff2 HTTP/1.1" 200 105184 "http://lorfemglobal.shop/" "Mozilla/5.0 (iPhone; CPU iPhone OS 26_3 like Mac OS X) AppleWebKit/605.1.15 (KHTML, like Gecko) CriOS/144.0.7559.95 Mobile/15E148 Safari/604.1"
206.204.6.29 - - [22/Jul/2026:02:51:45 +0000] "GET /wp-content/themes/twentytwentyfour/assets/fonts/inter/Inter-VariableFont_slnt,wght.woff2 HTTP/1.1" 200 326628 "http://lorfemglobal.shop/" "Mozilla/5.0 (iPhone; CPU iPhone OS 26_3 like Mac OS X) AppleWebKit/605.1.15 (KHTML, like Gecko) CriOS/144.0.7559.95 Mobile/15E148 Safari/604.1"
152.39.171.93 - - [22/Jul/2026:02:51:45 +0000] "GET /wp-content/plugins/pixelyoursite/dist/scripts/public.js?ver=11.2.1 HTTP/1.1" 200 172979 "http://lorfemglobal.shop/" "Mozilla/5.0 (iPhone; CPU iPhone OS 26_3 like Mac OS X) AppleWebKit/605.1.15 (KHTML, like Gecko) CriOS/144.0.7559.95 Mobile/15E148 Safari/604.1"
149.19.238.115 - - [22/Jul/2026:02:51:46 +0000] "GET /favicon.ico HTTP/1.1" 302 - "http://lorfemglobal.shop/" "Mozilla/5.0 (iPhone; CPU iPhone OS 26_3 like Mac OS X) AppleWebKit/605.1.15 (KHTML, like Gecko) CriOS/144.0.7559.95 Mobile/15E148 Safari/604.1"
119.12.178.55 - - [22/Jul/2026:02:51:48 +0000] "GET /wp-includes/images/w-logo-blue-white-bg.png HTTP/1.1" 200 4119 "http://lorfemglobal.shop/" "Mozilla/5.0 (iPhone; CPU iPhone OS 26_3 like Mac OS X) AppleWebKit/605.1.15 (KHTML, like Gecko) CriOS/144.0.7559.95 Mobile/15E148 Safari/604.1"
198.177.124.148 - - [22/Jul/2026:02:58:02 +0000] "POST /wp-cron.php?doing_wp_cron=1784689082.0517649650573730468750 HTTP/1.1" 200 - "-" "WordPress/7.0.2; https://lorfemglobal.shop"
104.23.217.99 - - [22/Jul/2026:02:58:00 +0000] "GET /wp-admin/install.php?step=1 HTTP/1.1" 200 1390 "-" "http://lorfemglobal.shop/wp-admin/install.php?step=1"
198.177.124.148 - - [22/Jul/2026:02:58:13 +0000] "POST /wp-cron.php?doing_wp_cron=1784689093.2787458896636962890625 HTTP/1.1" 200 - "-" "WordPress/7.0.2; https://lorfemglobal.shop"
66.249.75.192 - - [22/Jul/2026:02:58:10 +0000] "GET /robots.txt HTTP/1.1" 200 118 "-" "Mozilla/5.0 (compatible; Googlebot/2.1; +http://www.google.com/bot.html)"
66.249.75.192 - - [22/Jul/2026:02:58:13 +0000] "GET /sitemap.xml HTTP/1.1" 200 546 "-" "Mozilla/5.0 (compatible; Googlebot/2.1; +http://www.google.com/bot.html)"
104.23.221.8 - - [22/Jul/2026:03:11:33 +0000] "GET /wp-admin/install.php?step=1 HTTP/1.1" 200 1390 "-" "http://lorfemglobal.shop/wp-admin/install.php?step=1"
198.177.124.148 - - [22/Jul/2026:03:25:01 +0000] "POST /wp-cron.php?doing_wp_cron=1784690701.5041379928588867187500 HTTP/1.1" 200 - "-" "WordPress/7.0.2; https://lorfemglobal.shop"
104.197.69.115 - - [22/Jul/2026:03:24:58 +0000] "GET / HTTP/1.1" 200 98541 "-" "Mozilla/5.0 (Windows NT 10.0; Win64; x64) AppleWebKit/537.36 (KHTML, like Gecko) Chrome/125.0.6422.60 Safari/537.36 Edge/12.246"
104.197.69.115 - - [22/Jul/2026:03:25:01 +0000] "GET /wp-includes/blocks/navigation/style.min.css?ver=7.0.2 HTTP/1.1" 200 20709 "http://lorfemglobal.shop/" "Mozilla/5.0 (Windows NT 10.0; Win64; x64) AppleWebKit/537.36 (KHTML, like Gecko) Chrome/125.0.6422.60 Safari/537.36 Edge/12.246"
34.122.147.229 - - [22/Jul/2026:03:25:01 +0000] "GET /wp-includes/js/jquery/jquery.min.js?ver=3.7.1 HTTP/1.1" 200 87553 "http://lorfemglobal.shop/" "Mozilla/5.0 (Windows NT 10.0; Win64; x64) AppleWebKit/537.36 (KHTML, like Gecko) Chrome/125.0.6422.60 Safari/537.36 Edge/12.246"
34.123.170.104 - - [22/Jul/2026:03:25:01 +0000] "GET /wp-includes/js/jquery/jquery-migrate.min.js?ver=3.4.1 HTTP/1.1" 200 13577 "http://lorfemglobal.shop/" "Mozilla/5.0 (Windows NT 10.0; Win64; x64) AppleWebKit/537.36 (KHTML, like Gecko) Chrome/125.0.6422.60 Safari/537.36 Edge/12.246"
34.123.170.104 - - [22/Jul/2026:03:25:01 +0000] "GET /wp-content/themes/twentytwentyfour/assets/images/tourist-and-building.webp HTTP/1.1" 200 66482 "http://lorfemglobal.shop/" "Mozilla/5.0 (Windows NT 10.0; Win64; x64) AppleWebKit/537.36 (KHTML, like Gecko) Chrome/125.0.6422.60 Safari/537.36 Edge/12.246"
34.123.170.104 - - [22/Jul/2026:03:25:01 +0000] "GET /wp-content/themes/twentytwentyfour/assets/images/building-exterior.webp HTTP/1.1" 200 199724 "http://lorfemglobal.shop/" "Mozilla/5.0 (Windows NT 10.0; Win64; x64) AppleWebKit/537.36 (KHTML, like Gecko) Chrome/125.0.6422.60 Safari/537.36 Edge/12.246"
34.123.170.104 - - [22/Jul/2026:03:25:02 +0000] "GET /wp-content/themes/twentytwentyfour/assets/images/windows.webp HTTP/1.1" 200 126244 "http://lorfemglobal.shop/" "Mozilla/5.0 (Windows NT 10.0; Win64; x64) AppleWebKit/537.36 (KHTML, like Gecko) Chrome/125.0.6422.60 Safari/537.36 Edge/12.246"
104.197.69.115 - - [22/Jul/2026:03:25:02 +0000] "GET /wp-includes/js/dist/script-modules/interactivity/index.min.js?ver=efaa5193bbad9c60ffd1 HTTP/1.1" 200 40106 "http://lorfemglobal.shop/" "Mozilla/5.0 (Windows NT 10.0; Win64; x64) AppleWebKit/537.36 (KHTML, like Gecko) Chrome/125.0.6422.60 Safari/537.36 Edge/12.246"
104.197.69.115 - - [22/Jul/2026:03:25:03 +0000] "GET /wp-includes/js/dist/script-modules/block-library/navigation/view.min.js?ver=96a846e1d7b789c39ab9 HTTP/1.1" 200 3053 "http://lorfemglobal.shop/" "Mozilla/5.0 (Windows NT 10.0; Win64; x64) AppleWebKit/537.36 (KHTML, like Gecko) Chrome/125.0.6422.60 Safari/537.36 Edge/12.246"
104.197.69.115 - - [22/Jul/2026:03:25:03 +0000] "GET /wp-content/plugins/pixelyoursite/dist/scripts/jquery.bind-first-0.2.3.min.js?ver=0.2.3 HTTP/1.1" 200 1317 "http://lorfemglobal.shop/" "Mozilla/5.0 (Windows NT 10.0; Win64; x64) AppleWebKit/537.36 (KHTML, like Gecko) Chrome/125.0.6422.60 Safari/537.36 Edge/12.246"
104.197.69.115 - - [22/Jul/2026:03:25:03 +0000] "GET /wp-content/plugins/pixelyoursite/dist/scripts/js.cookie-2.1.3.min.js?ver=2.1.3 HTTP/1.1" 200 1709 "http://lorfemglobal.shop/" "Mozilla/5.0 (Windows NT 10.0; Win64; x64) AppleWebKit/537.36 (KHTML, like Gecko) Chrome/125.0.6422.60 Safari/537.36 Edge/12.246"
104.197.69.115 - - [22/Jul/2026:03:25:03 +0000] "GET /wp-content/plugins/pixelyoursite/dist/scripts/tld.min.js?ver=2.3.1 HTTP/1.1" 200 141079 "http://lorfemglobal.shop/" "Mozilla/5.0 (Windows NT 10.0; Win64; x64) AppleWebKit/537.36 (KHTML, like Gecko) Chrome/125.0.6422.60 Safari/537.36 Edge/12.246"
104.197.69.115 - - [22/Jul/2026:03:25:03 +0000] "GET /wp-content/plugins/pixelyoursite/dist/scripts/public.js?ver=11.2.1 HTTP/1.1" 200 172979 "http://lorfemglobal.shop/" "Mozilla/5.0 (Windows NT 10.0; Win64; x64) AppleWebKit/537.36 (KHTML, like Gecko) Chrome/125.0.6422.60 Safari/537.36 Edge/12.246"
104.197.69.115 - - [22/Jul/2026:03:25:06 +0000] "GET /wp-content/themes/twentytwentyfour/assets/fonts/cardo/cardo_normal_400.woff2 HTTP/1.1" 200 146060 "http://lorfemglobal.shop/" "Mozilla/5.0 (Windows NT 10.0; Win64; x64) AppleWebKit/537.36 (KHTML, like Gecko) Chrome/125.0.6422.60 Safari/537.36 Edge/12.246"
34.123.170.104 - - [22/Jul/2026:03:25:06 +0000] "GET /wp-content/themes/twentytwentyfour/assets/fonts/cardo/cardo_italic_400.woff2 HTTP/1.1" 200 105184 "http://lorfemglobal.shop/" "Mozilla/5.0 (Windows NT 10.0; Win64; x64) AppleWebKit/537.36 (KHTML, like Gecko) Chrome/125.0.6422.60 Safari/537.36 Edge/12.246"
34.123.170.104 - - [22/Jul/2026:03:25:06 +0000] "GET /wp-includes/js/wp-emoji-release.min.js?ver=7.0.2 HTTP/1.1" 200 22752 "http://lorfemglobal.shop/" "Mozilla/5.0 (Windows NT 10.0; Win64; x64) AppleWebKit/537.36 (KHTML, like Gecko) Chrome/125.0.6422.60 Safari/537.36 Edge/12.246"
34.122.147.229 - - [22/Jul/2026:03:25:06 +0000] "GET /wp-content/themes/twentytwentyfour/assets/fonts/inter/Inter-VariableFont_slnt,wght.woff2 HTTP/1.1" 200 326628 "http://lorfemglobal.shop/" "Mozilla/5.0 (Windows NT 10.0; Win64; x64) AppleWebKit/537.36 (KHTML, like Gecko) Chrome/125.0.6422.60 Safari/537.36 Edge/12.246"
205.169.39.239 - - [22/Jul/2026:03:25:06 +0000] "GET / HTTP/1.1" 200 98541 "-" "Mozilla/5.0 (Windows NT 6.1; Win64; x64) AppleWebKit/537.36 (KHTML, like Gecko) Chrome/83.0.4103.61 Safari/537.36"
205.169.39.239 - - [22/Jul/2026:03:25:09 +0000] "GET /wp-includes/js/jquery/jquery.min.js?ver=3.7.1 HTTP/1.1" 200 87553 "http://lorfemglobal.shop/" "Mozilla/5.0 (Windows NT 6.1; Win64; x64) AppleWebKit/537.36 (KHTML, like Gecko) Chrome/83.0.4103.61 Safari/537.36"
205.169.39.239 - - [22/Jul/2026:03:25:09 +0000] "GET /wp-includes/js/jquery/jquery-migrate.min.js?ver=3.4.1 HTTP/1.1" 200 13577 "http://lorfemglobal.shop/" "Mozilla/5.0 (Windows NT 6.1; Win64; x64) AppleWebKit/537.36 (KHTML, like Gecko) Chrome/83.0.4103.61 Safari/537.36"
205.169.39.239 - - [22/Jul/2026:03:25:09 +0000] "GET /wp-content/plugins/pixelyoursite/dist/scripts/jquery.bind-first-0.2.3.min.js?ver=0.2.3 HTTP/1.1" 200 1317 "http://lorfemglobal.shop/" "Mozilla/5.0 (Windows NT 6.1; Win64; x64) AppleWebKit/537.36 (KHTML, like Gecko) Chrome/83.0.4103.61 Safari/537.36"
205.169.39.239 - - [22/Jul/2026:03:25:10 +0000] "GET /wp-content/plugins/pixelyoursite/dist/scripts/js.cookie-2.1.3.min.js?ver=2.1.3 HTTP/1.1" 200 1709 "http://lorfemglobal.shop/" "Mozilla/5.0 (Windows NT 6.1; Win64; x64) AppleWebKit/537.36 (KHTML, like Gecko) Chrome/83.0.4103.61 Safari/537.36"
205.169.39.239 - - [22/Jul/2026:03:25:10 +0000] "GET /wp-content/plugins/pixelyoursite/dist/scripts/tld.min.js?ver=2.3.1 HTTP/1.1" 200 141079 "http://lorfemglobal.shop/" "Mozilla/5.0 (Windows NT 6.1; Win64; x64) AppleWebKit/537.36 (KHTML, like Gecko) Chrome/83.0.4103.61 Safari/537.36"
205.169.39.239 - - [22/Jul/2026:03:25:10 +0000] "GET /wp-content/plugins/pixelyoursite/dist/scripts/public.js?ver=11.2.1 HTTP/1.1" 200 172979 "http://lorfemglobal.shop/" "Mozilla/5.0 (Windows NT 6.1; Win64; x64) AppleWebKit/537.36 (KHTML, like Gecko) Chrome/83.0.4103.61 Safari/537.36"
205.169.39.239 - - [22/Jul/2026:03:25:13 +0000] "GET / HTTP/1.1" 200 98541 "-" "Mozilla/5.0 (Windows NT 10.0; Win64; x64) AppleWebKit/537.36 (KHTML, like Gecko) Chrome/79.0.3945.79 Safari/537.36"
205.169.39.239 - - [22/Jul/2026:03:25:16 +0000] "GET /wp-includes/blocks/navigation/style.min.css?ver=7.0.2 HTTP/1.1" 200 20709 "http://lorfemglobal.shop/" "Mozilla/5.0 (Windows NT 10.0; Win64; x64) AppleWebKit/537.36 (KHTML, like Gecko) Chrome/79.0.3945.79 Safari/537.36"
205.169.39.239 - - [22/Jul/2026:03:25:16 +0000] "GET /wp-includes/js/dist/script-modules/interactivity/index.min.js?ver=efaa5193bbad9c60ffd1 HTTP/1.1" 200 40106 "http://lorfemglobal.shop/" "Mozilla/5.0 (Windows NT 10.0; Win64; x64) AppleWebKit/537.36 (KHTML, like Gecko) Chrome/79.0.3945.79 Safari/537.36"
205.169.39.239 - - [22/Jul/2026:03:25:16 +0000] "GET /wp-includes/js/jquery/jquery.min.js?ver=3.7.1 HTTP/1.1" 200 87553 "http://lorfemglobal.shop/" "Mozilla/5.0 (Windows NT 10.0; Win64; x64) AppleWebKit/537.36 (KHTML, like Gecko) Chrome/79.0.3945.79 Safari/537.36"
205.169.39.239 - - [22/Jul/2026:03:25:16 +0000] "GET /wp-includes/js/jquery/jquery-migrate.min.js?ver=3.4.1 HTTP/1.1" 200 13577 "http://lorfemglobal.shop/" "Mozilla/5.0 (Windows NT 10.0; Win64; x64) AppleWebKit/537.36 (KHTML, like Gecko) Chrome/79.0.3945.79 Safari/537.36"
205.169.39.239 - - [22/Jul/2026:03:25:16 +0000] "GET /wp-includes/js/dist/script-modules/block-library/navigation/view.min.js?ver=96a846e1d7b789c39ab9 HTTP/1.1" 200 3053 "http://lorfemglobal.shop/" "Mozilla/5.0 (Windows NT 10.0; Win64; x64) AppleWebKit/537.36 (KHTML, like Gecko) Chrome/79.0.3945.79 Safari/537.36"
205.169.39.239 - - [22/Jul/2026:03:25:16 +0000] "GET /wp-content/themes/twentytwentyfour/assets/images/building-exterior.webp HTTP/1.1" 200 199724 "http://lorfemglobal.shop/" "Mozilla/5.0 (Windows NT 10.0; Win64; x64) AppleWebKit/537.36 (KHTML, like Gecko) Chrome/79.0.3945.79 Safari/537.36"
205.169.39.239 - - [22/Jul/2026:03:25:16 +0000] "GET /wp-content/themes/twentytwentyfour/assets/images/tourist-and-building.webp HTTP/1.1" 200 66482 "http://lorfemglobal.shop/" "Mozilla/5.0 (Windows NT 10.0; Win64; x64) AppleWebKit/537.36 (KHTML, like Gecko) Chrome/79.0.3945.79 Safari/537.36"
205.169.39.239 - - [22/Jul/2026:03:25:16 +0000] "GET /wp-content/plugins/pixelyoursite/dist/scripts/js.cookie-2.1.3.min.js?ver=2.1.3 HTTP/1.1" 200 1709 "http://lorfemglobal.shop/" "Mozilla/5.0 (Windows NT 10.0; Win64; x64) AppleWebKit/537.36 (KHTML, like Gecko) Chrome/79.0.3945.79 Safari/537.36"
205.169.39.239 - - [22/Jul/2026:03:25:16 +0000] "GET /wp-content/themes/twentytwentyfour/assets/images/windows.webp HTTP/1.1" 200 126244 "http://lorfemglobal.shop/" "Mozilla/5.0 (Windows NT 10.0; Win64; x64) AppleWebKit/537.36 (KHTML, like Gecko) Chrome/79.0.3945.79 Safari/537.36"
205.169.39.239 - - [22/Jul/2026:03:25:16 +0000] "GET /wp-content/plugins/pixelyoursite/dist/scripts/jquery.bind-first-0.2.3.min.js?ver=0.2.3 HTTP/1.1" 200 1317 "http://lorfemglobal.shop/" "Mozilla/5.0 (Windows NT 10.0; Win64; x64) AppleWebKit/537.36 (KHTML, like Gecko) Chrome/79.0.3945.79 Safari/537.36"
205.169.39.239 - - [22/Jul/2026:03:25:16 +0000] "GET /wp-content/plugins/pixelyoursite/dist/scripts/tld.min.js?ver=2.3.1 HTTP/1.1" 200 141079 "http://lorfemglobal.shop/" "Mozilla/5.0 (Windows NT 10.0; Win64; x64) AppleWebKit/537.36 (KHTML, like Gecko) Chrome/79.0.3945.79 Safari/537.36"
205.169.39.239 - - [22/Jul/2026:03:25:16 +0000] "GET /wp-content/themes/twentytwentyfour/assets/fonts/inter/Inter-VariableFont_slnt,wght.woff2 HTTP/1.1" 200 326628 "http://lorfemglobal.shop/" "Mozilla/5.0 (Windows NT 10.0; Win64; x64) AppleWebKit/537.36 (KHTML, like Gecko) Chrome/79.0.3945.79 Safari/537.36"
205.169.39.239 - - [22/Jul/2026:03:25:16 +0000] "GET /wp-content/themes/twentytwentyfour/assets/fonts/cardo/cardo_normal_400.woff2 HTTP/1.1" 200 146060 "http://lorfemglobal.shop/" "Mozilla/5.0 (Windows NT 10.0; Win64; x64) AppleWebKit/537.36 (KHTML, like Gecko) Chrome/79.0.3945.79 Safari/537.36"
205.169.39.239 - - [22/Jul/2026:03:25:16 +0000] "GET /wp-content/themes/twentytwentyfour/assets/fonts/cardo/cardo_italic_400.woff2 HTTP/1.1" 200 105184 "http://lorfemglobal.shop/" "Mozilla/5.0 (Windows NT 10.0; Win64; x64) AppleWebKit/537.36 (KHTML, like Gecko) Chrome/79.0.3945.79 Safari/537.36"
205.169.39.239 - - [22/Jul/2026:03:25:16 +0000] "GET /wp-content/plugins/pixelyoursite/dist/scripts/public.js?ver=11.2.1 HTTP/1.1" 200 172979 "http://lorfemglobal.shop/" "Mozilla/5.0 (Windows NT 10.0; Win64; x64) AppleWebKit/537.36 (KHTML, like Gecko) Chrome/79.0.3945.79 Safari/537.36"
205.169.39.239 - - [22/Jul/2026:03:25:21 +0000] "GET /wp-includes/js/wp-emoji-release.min.js?ver=7.0.2 HTTP/1.1" 200 22752 "http://lorfemglobal.shop/" "Mozilla/5.0 (Windows NT 10.0; Win64; x64) AppleWebKit/537.36 (KHTML, like Gecko) Chrome/79.0.3945.79 Safari/537.36"
198.177.124.148 - - [22/Jul/2026:03:34:21 +0000] "POST /wp-cron.php?doing_wp_cron=1784691261.9183399677276611328125 HTTP/1.1" 200 - "-" "WordPress/7.0.2; https://lorfemglobal.shop"
52.167.144.170 - - [22/Jul/2026:03:34:18 +0000] "GET /?o=319425438 HTTP/1.1" 200 98541 "-" "Mozilla/5.0 AppleWebKit/537.36 (KHTML, like Gecko; compatible; bingbot/2.0; +http://www.bing.com/bingbot.htm) Chrome/116.0.1938.76 Safari/537.36"
198.177.124.148 - - [22/Jul/2026:03:36:17 +0000] "POST /wp-cron.php?doing_wp_cron=1784691377.6279408931732177734375 HTTP/1.1" 200 - "-" "WordPress/7.0.2; https://lorfemglobal.shop"
172.71.164.107 - - [22/Jul/2026:03:36:16 +0000] "GET /wp-admin/install.php?step=1 HTTP/1.1" 200 1390 "-" "http://lorfemglobal.shop/wp-admin/install.php?step=1"
101.33.80.42 - - [22/Jul/2026:03:42:21 +0000] "GET / HTTP/1.1" 200 98541 "-" "Mozilla/5.0 (iPhone; CPU iPhone OS 13_2_3 like Mac OS X) AppleWebKit/605.1.15 (KHTML, like Gecko) Version/13.0.3 Mobile/15E148 Safari/604.1"
198.177.124.148 - - [22/Jul/2026:03:46:36 +0000] "POST /wp-cron.php?doing_wp_cron=1784691996.2313919067382812500000 HTTP/1.1" 200 - "-" "WordPress/7.0.2; https://lorfemglobal.shop"
172.71.144.132 - - [22/Jul/2026:03:46:33 +0000] "GET /wp-admin/install.php?step=1 HTTP/1.1" 200 1390 "-" "http://lorfemglobal.shop/wp-admin/install.php?step=1"
198.177.124.148 - - [22/Jul/2026:04:02:27 +0000] "GET /.well-known/acme-challenge/NI69JOJA7EIPIK-LB939TJPAW3WAT1J7 HTTP/1.1" 200 64 "-" "Cpanel-HTTP-Client/1.0"
198.177.124.148 - - [22/Jul/2026:04:02:28 +0000] "GET /.well-known/acme-challenge/4A60HWVD2H6NHSI9J6BTAZLM0MB2LGY- HTTP/1.1" 200 64 "-" "Cpanel-HTTP-Client/1.0"
198.177.124.148 - - [22/Jul/2026:04:04:50 +0000] "POST /wp-cron.php?doing_wp_cron=1784693090.7598440647125244140625 HTTP/1.1" 200 - "-" "WordPress/7.0.2; https://lorfemglobal.shop"
162.158.182.95 - - [22/Jul/2026:04:04:49 +0000] "GET /wp-admin/install.php?step=1 HTTP/1.1" 200 1390 "-" "http://lorfemglobal.shop/wp-admin/install.php?step=1"
198.177.124.148 - - [22/Jul/2026:04:25:06 +0000] "POST /wp-cron.php?doing_wp_cron=1784694306.5344860553741455078125 HTTP/1.1" 200 - "-" "WordPress/7.0.2; https://lorfemglobal.shop"
43.165.65.117 - - [22/Jul/2026:04:25:03 +0000] "GET / HTTP/1.1" 301 - "-" "Mozilla/5.0 (iPhone; CPU iPhone OS 13_2_3 like Mac OS X) AppleWebKit/605.1.15 (KHTML, like Gecko) Version/13.0.3 Mobile/15E148 Safari/604.1"
43.165.65.117 - - [22/Jul/2026:04:25:07 +0000] "GET / HTTP/1.1" 200 98541 "http://www.lorfemglobal.shop" "Mozilla/5.0 (iPhone; CPU iPhone OS 13_2_3 like Mac OS X) AppleWebKit/605.1.15 (KHTML, like Gecko) Version/13.0.3 Mobile/15E148 Safari/604.1"
198.177.124.148 - - [22/Jul/2026:04:30:04 +0000] "POST /wp-cron.php?doing_wp_cron=1784694604.1045279502868652343750 HTTP/1.1" 200 - "-" "WordPress/7.0.2; https://lorfemglobal.shop"
162.158.216.169 - - [22/Jul/2026:04:30:01 +0000] "GET /wp-admin/install.php?step=1 HTTP/1.1" 200 1390 "-" "http://lorfemglobal.shop/wp-admin/install.php?step=1"
198.177.124.148 - - [22/Jul/2026:04:42:04 +0000] "POST /wp-cron.php?doing_wp_cron=1784695324.0749530792236328125000 HTTP/1.1" 200 - "-" "WordPress/7.0.2; https://lorfemglobal.shop"
172.71.172.176 - - [22/Jul/2026:04:42:03 +0000] "GET /wp-admin/install.php?step=1 HTTP/1.1" 200 1390 "-" "http://lorfemglobal.shop/wp-admin/install.php?step=1"
198.177.124.148 - - [22/Jul/2026:04:44:47 +0000] "POST /wp-cron.php?doing_wp_cron=1784695487.0933659076690673828125 HTTP/1.1" 200 - "-" "WordPress/7.0.2; https://lorfemglobal.shop"
172.71.98.37 - - [22/Jul/2026:04:44:45 +0000] "GET /wp-admin/install.php?step=1 HTTP/1.1" 200 1390 "-" "http://lorfemglobal.shop/wp-admin/install.php?step=1"
198.177.124.148 - - [22/Jul/2026:04:48:23 +0000] "POST /wp-cron.php?doing_wp_cron=1784695703.4510300159454345703125 HTTP/1.1" 200 - "-" "WordPress/7.0.2; https://lorfemglobal.shop"
52.167.144.193 - - [22/Jul/2026:04:48:21 +0000] "GET /?y=75710195211 HTTP/1.1" 200 98541 "-" "Mozilla/5.0 AppleWebKit/537.36 (KHTML, like Gecko; compatible; bingbot/2.0; +http://www.bing.com/bingbot.htm) Chrome/116.0.1938.76 Safari/537.36"
198.177.124.148 - - [22/Jul/2026:05:06:14 +0000] "POST /wp-cron.php?doing_wp_cron=1784696774.7154519557952880859375 HTTP/1.1" 200 - "-" "WordPress/7.0.2; https://lorfemglobal.shop"
104.23.166.29 - - [22/Jul/2026:05:06:13 +0000] "GET /wp-admin/install.php?step=1 HTTP/1.1" 200 1390 "-" "http://lorfemglobal.shop/wp-admin/install.php?step=1"
198.177.124.148 - - [22/Jul/2026:05:21:46 +0000] "POST /wp-cron.php?doing_wp_cron=1784697706.6915769577026367187500 HTTP/1.1" 200 - "-" "WordPress/7.0.2; https://lorfemglobal.shop"
104.23.217.98 - - [22/Jul/2026:05:21:44 +0000] "GET /wp-admin/install.php?step=1 HTTP/1.1" 200 1390 "-" "http://lorfemglobal.shop/wp-admin/install.php?step=1"
198.177.124.148 - - [22/Jul/2026:05:25:59 +0000] "POST /wp-cron.php?doing_wp_cron=1784697959.2751998901367187500000 HTTP/1.1" 200 - "-" "WordPress/7.0.2; https://lorfemglobal.shop"
18.210.209.197 - - [22/Jul/2026:05:25:55 +0000] "GET / HTTP/1.1" 200 98541 "-" "Mozilla"
35.219.228.28 - - [22/Jul/2026:05:29:22 +0000] "GET / HTTP/1.1" 200 98541 "-" "Mozilla/5.0 (Windows NT 10.0; Win64; x64) AppleWebKit/537.36 (KHTML, like Gecko; compatible; BuiltWith/1.4; rb.gy/xprgqj) Chrome/124.0.0.0 Safari/537.36"
198.177.124.148 - - [22/Jul/2026:05:33:45 +0000] "POST /wp-cron.php?doing_wp_cron=1784698425.7167370319366455078125 HTTP/1.1" 200 - "-" "WordPress/7.0.2; https://lorfemglobal.shop"
104.23.223.93 - - [22/Jul/2026:05:33:44 +0000] "GET /wp-admin/install.php?step=1 HTTP/1.1" 200 1390 "-" "http://lorfemglobal.shop/wp-admin/install.php?step=1"
198.177.124.148 - - [22/Jul/2026:05:53:53 +0000] "POST /wp-cron.php?doing_wp_cron=1784699633.9233911037445068359375 HTTP/1.1" 200 - "-" "WordPress/7.0.2; https://lorfemglobal.shop"
172.71.144.133 - - [22/Jul/2026:05:53:52 +0000] "GET /wp-admin/install.php?step=1 HTTP/1.1" 200 1390 "-" "http://lorfemglobal.shop/wp-admin/install.php?step=1"
198.177.124.148 - - [22/Jul/2026:06:12:26 +0000] "POST /wp-cron.php?doing_wp_cron=1784700746.0637118816375732421875 HTTP/1.1" 200 - "-" "WordPress/7.0.2; https://lorfemglobal.shop"
172.70.248.175 - - [22/Jul/2026:06:12:24 +0000] "GET /wp-admin/install.php?step=1 HTTP/1.1" 200 1390 "-" "http://lorfemglobal.shop/wp-admin/install.php?step=1"
198.177.124.148 - - [22/Jul/2026:06:19:58 +0000] "POST /wp-cron.php?doing_wp_cron=1784701198.7564520835876464843750 HTTP/1.1" 200 - "-" "WordPress/7.0.2; https://lorfemglobal.shop"
