106.52.49.148 - - [22/Jul/2026:06:19:53 +0000] "GET / HTTP/1.1" 301 - "-" "Mozilla/5.0 (iPhone; CPU iPhone OS 13_2_3 like Mac OS X) AppleWebKit/605.1.15 (KHTML, like Gecko) Version/13.0.3 Mobile/15E148 Safari/604.1"
106.52.49.148 - - [22/Jul/2026:06:20:02 +0000] "GET / HTTP/1.1" 200 98541 "http://www.lorfemglobal.shop" "Mozilla/5.0 (iPhone; CPU iPhone OS 13_2_3 like Mac OS X) AppleWebKit/605.1.15 (KHTML, like Gecko) Version/13.0.3 Mobile/15E148 Safari/604.1"
198.177.124.148 - - [22/Jul/2026:06:21:26 +0000] "POST /wp-cron.php?doing_wp_cron=1784701286.1234469413757324218750 HTTP/1.1" 200 - "-" "WordPress/7.0.2; https://lorfemglobal.shop"
172.71.164.106 - - [22/Jul/2026:06:21:25 +0000] "GET /wp-admin/install.php?step=1 HTTP/1.1" 200 1390 "-" "http://lorfemglobal.shop/wp-admin/install.php?step=1"
198.177.124.148 - - [22/Jul/2026:06:27:12 +0000] "POST /wp-cron.php?doing_wp_cron=1784701632.4776439666748046875000 HTTP/1.1" 200 - "-" "WordPress/7.0.2; https://lorfemglobal.shop"
162.158.182.95 - - [22/Jul/2026:06:27:11 +0000] "GET /wp-admin/install.php?step=1 HTTP/1.1" 200 1390 "-" "http://lorfemglobal.shop/wp-admin/install.php?step=1"
198.177.124.148 - - [22/Jul/2026:06:42:07 +0000] "POST /wp-cron.php?doing_wp_cron=1784702527.7790091037750244140625 HTTP/1.1" 200 - "-" "WordPress/7.0.2; https://lorfemglobal.shop"
45.92.85.41 - - [22/Jul/2026:06:42:02 +0000] "GET / HTTP/1.1" 200 98541 "-" "Mozilla/5.0 (Windows NT 10.0; Win64; x64) AppleWebKit/537.36 (KHTML, like Gecko) Chrome/94.0.4606.61 Safari/537.36"
198.177.124.148 - - [22/Jul/2026:06:42:53 +0000] "POST /wp-cron.php?doing_wp_cron=1784702573.2177729606628417968750 HTTP/1.1" 200 - "-" "WordPress/7.0.2; https://lorfemglobal.shop"
162.158.182.95 - - [22/Jul/2026:06:42:51 +0000] "GET /wp-admin/install.php?step=1 HTTP/1.1" 200 1390 "-" "http://lorfemglobal.shop/wp-admin/install.php?step=1"
198.177.124.148 - - [22/Jul/2026:06:56:48 +0000] "POST /wp-cron.php?doing_wp_cron=1784703408.7801849842071533203125 HTTP/1.1" 200 - "-" "WordPress/7.0.2; https://lorfemglobal.shop"
66.249.75.75 - - [22/Jul/2026:06:56:46 +0000] "GET /robots.txt HTTP/1.1" 200 118 "-" "Mozilla/5.0 (compatible; Googlebot/2.1; +http://www.google.com/bot.html)"
66.249.75.75 - - [22/Jul/2026:06:57:32 +0000] "GET /saiga.php?sitemap468.xml HTTP/1.1" 404 82171 "-" "Mozilla/5.0 (compatible; Googlebot/2.1; +http://www.google.com/bot.html)"
198.177.124.148 - - [22/Jul/2026:07:02:34 +0000] "GET /.well-known/acme-challenge/69LFQSFKYHPHMITX6MJ0Y_9EQJGTR502 HTTP/1.1" 200 64 "-" "Cpanel-HTTP-Client/1.0"
198.177.124.148 - - [22/Jul/2026:07:02:34 +0000] "GET /.well-known/acme-challenge/9VJUFAMIMGRN_0NZPFM3Q3BWPUKSW7-4 HTTP/1.1" 200 64 "-" "Cpanel-HTTP-Client/1.0"
198.177.124.148 - - [22/Jul/2026:07:08:51 +0000] "POST /wp-cron.php?doing_wp_cron=1784704131.0153560638427734375000 HTTP/1.1" 200 - "-" "WordPress/7.0.2; https://lorfemglobal.shop"
104.23.223.92 - - [22/Jul/2026:07:08:49 +0000] "GET /wp-admin/install.php?step=1 HTTP/1.1" 200 1390 "-" "http://lorfemglobal.shop/wp-admin/install.php?step=1"
198.177.124.148 - - [22/Jul/2026:07:15:44 +0000] "POST /wp-cron.php?doing_wp_cron=1784704544.8635649681091308593750 HTTP/1.1" 200 - "-" "WordPress/7.0.2; https://lorfemglobal.shop"
172.70.246.243 - - [22/Jul/2026:07:15:42 +0000] "GET /wp-admin/install.php?step=1 HTTP/1.1" 200 1390 "-" "http://lorfemglobal.shop/wp-admin/install.php?step=1"
172.70.243.153 - - [22/Jul/2026:07:32:14 +0000] "GET /wp-admin/install.php?step=1 HTTP/1.1" 404 82182 "-" "http://lorfemglobal.shop/wp-admin/install.php?step=1"
198.177.124.148 - - [22/Jul/2026:07:40:33 +0000] "POST /wp-cron.php?doing_wp_cron=1784706033.1250920295715332031250 HTTP/1.1" 200 - "-" "WordPress/7.0.2; https://lorfemglobal.shop"
43.134.15.174 - - [22/Jul/2026:07:40:28 +0000] "GET / HTTP/1.1" 200 98541 "-" "Mozilla/5.0 (iPhone; CPU iPhone OS 13_2_3 like Mac OS X) AppleWebKit/605.1.15 (KHTML, like Gecko) Version/13.0.3 Mobile/15E148 Safari/604.1"
104.23.221.9 - - [22/Jul/2026:07:58:08 +0000] "GET /wp-admin/install.php?step=1 HTTP/1.1" 404 82182 "-" "http://lorfemglobal.shop/wp-admin/install.php?step=1"
198.177.124.148 - - [22/Jul/2026:08:02:58 +0000] "POST /wp-cron.php?doing_wp_cron=1784707378.1307859420776367187500 HTTP/1.1" 200 - "-" "WordPress/7.0.2; https://lorfemglobal.shop"
104.23.221.9 - - [22/Jul/2026:08:02:53 +0000] "GET /wp-admin/install.php?step=1 HTTP/1.1" 404 82182 "-" "http://lorfemglobal.shop/wp-admin/install.php?step=1"
198.177.124.148 - - [22/Jul/2026:08:07:18 +0000] "POST /wp-cron.php?doing_wp_cron=1784707638.6001999378204345703125 HTTP/1.1" 200 - "-" "WordPress/7.0.2; https://lorfemglobal.shop"
104.23.221.9 - - [22/Jul/2026:08:07:11 +0000] "GET /wp-admin/install.php?step=1 HTTP/1.1" 404 82182 "-" "http://lorfemglobal.shop/wp-admin/install.php?step=1"
198.177.124.148 - - [22/Jul/2026:08:21:53 +0000] "POST /wp-cron.php?doing_wp_cron=1784708513.8535358905792236328125 HTTP/1.1" 200 - "-" "WordPress/7.0.2; https://lorfemglobal.shop"
52.167.144.19 - - [22/Jul/2026:08:21:50 +0000] "GET /?h=27229196641 HTTP/1.1" 200 98541 "-" "Mozilla/5.0 AppleWebKit/537.36 (KHTML, like Gecko; compatible; bingbot/2.0; +http://www.bing.com/bingbot.htm) Chrome/116.0.1938.76 Safari/537.36"
198.177.124.148 - - [22/Jul/2026:08:28:29 +0000] "POST /wp-cron.php?doing_wp_cron=1784708909.3834829330444335937500 HTTP/1.1" 200 - "-" "WordPress/7.0.2; https://lorfemglobal.shop"
172.70.248.174 - - [22/Jul/2026:08:28:25 +0000] "GET /wp-admin/install.php?step=1 HTTP/1.1" 404 82182 "-" "http://lorfemglobal.shop/wp-admin/install.php?step=1"
198.177.124.148 - - [22/Jul/2026:08:31:21 +0000] "POST /wp-cron.php?doing_wp_cron=1784709081.0494899749755859375000 HTTP/1.1" 200 - "-" "WordPress/7.0.2; https://lorfemglobal.shop"
43.165.7.74 - - [22/Jul/2026:08:31:16 +0000] "GET / HTTP/1.1" 301 - "-" "Mozilla/5.0 (iPhone; CPU iPhone OS 13_2_3 like Mac OS X) AppleWebKit/605.1.15 (KHTML, like Gecko) Version/13.0.3 Mobile/15E148 Safari/604.1"
43.165.7.74 - - [22/Jul/2026:08:31:21 +0000] "GET / HTTP/1.1" 200 98541 "http://www.lorfemglobal.shop" "Mozilla/5.0 (iPhone; CPU iPhone OS 13_2_3 like Mac OS X) AppleWebKit/605.1.15 (KHTML, like Gecko) Version/13.0.3 Mobile/15E148 Safari/604.1"
198.177.124.148 - - [22/Jul/2026:08:43:57 +0000] "POST /wp-cron.php?doing_wp_cron=1784709837.0671269893646240234375 HTTP/1.1" 200 - "-" "WordPress/7.0.2; https://lorfemglobal.shop"
52.167.144.146 - - [22/Jul/2026:08:43:52 +0000] "GET /?h=27229131430 HTTP/1.1" 200 98541 "-" "Mozilla/5.0 AppleWebKit/537.36 (KHTML, like Gecko; compatible; bingbot/2.0; +http://www.bing.com/bingbot.htm) Chrome/116.0.1938.76 Safari/537.36"
198.177.124.148 - - [22/Jul/2026:08:52:45 +0000] "POST /wp-cron.php?doing_wp_cron=1784710365.4092340469360351562500 HTTP/1.1" 200 - "-" "WordPress/7.0.2; https://lorfemglobal.shop"
162.158.94.65 - - [22/Jul/2026:08:52:41 +0000] "GET /wp-admin/install.php?step=1 HTTP/1.1" 404 82182 "-" "http://lorfemglobal.shop/wp-admin/install.php?step=1"
198.177.124.148 - - [22/Jul/2026:09:02:12 +0000] "POST /wp-cron.php?doing_wp_cron=1784710932.9593229293823242187500 HTTP/1.1" 200 - "-" "WordPress/7.0.2; https://lorfemglobal.shop"
104.23.221.9 - - [22/Jul/2026:09:02:09 +0000] "GET /wp-admin/install.php?step=1 HTTP/1.1" 404 82182 "-" "http://lorfemglobal.shop/wp-admin/install.php?step=1"
198.177.124.148 - - [22/Jul/2026:09:07:03 +0000] "POST /wp-cron.php?doing_wp_cron=1784711223.4256598949432373046875 HTTP/1.1" 200 - "-" "WordPress/7.0.2; https://lorfemglobal.shop"
172.69.151.178 - - [22/Jul/2026:09:06:59 +0000] "GET /wp-admin/install.php?step=1 HTTP/1.1" 404 82182 "-" "http://lorfemglobal.shop/wp-admin/install.php?step=1"
198.177.124.148 - - [22/Jul/2026:09:21:09 +0000] "POST /wp-cron.php?doing_wp_cron=1784712069.5624310970306396484375 HTTP/1.1" 200 - "-" "WordPress/7.0.2; https://lorfemglobal.shop"
172.69.151.178 - - [22/Jul/2026:09:21:03 +0000] "GET /wp-admin/install.php?step=1 HTTP/1.1" 404 82182 "-" "http://lorfemglobal.shop/wp-admin/install.php?step=1"
198.177.124.148 - - [22/Jul/2026:09:35:41 +0000] "POST /wp-cron.php?doing_wp_cron=1784712941.5394949913024902343750 HTTP/1.1" 200 - "-" "WordPress/7.0.2; https://lorfemglobal.shop"
104.23.223.92 - - [22/Jul/2026:09:35:36 +0000] "GET /wp-admin/install.php?step=1 HTTP/1.1" 404 82182 "-" "http://lorfemglobal.shop/wp-admin/install.php?step=1"
40.77.167.55 - - [22/Jul/2026:09:35:52 +0000] "GET /?o=31942229527 HTTP/1.1" 200 98541 "-" "Mozilla/5.0 AppleWebKit/537.36 (KHTML, like Gecko; compatible; bingbot/2.0; +http://www.bing.com/bingbot.htm) Chrome/116.0.1938.76 Safari/537.36"
198.177.124.148 - - [22/Jul/2026:09:40:22 +0000] "POST /wp-cron.php?doing_wp_cron=1784713222.4485371112823486328125 HTTP/1.1" 200 - "-" "WordPress/7.0.2; https://lorfemglobal.shop"
66.249.75.73 - - [22/Jul/2026:09:40:19 +0000] "GET /robots.txt HTTP/1.1" 200 118 "-" "Mozilla/5.0 (compatible; Googlebot/2.1; +http://www.google.com/bot.html)"
66.249.75.74 - - [22/Jul/2026:09:40:24 +0000] "GET /ammika.php?t=9455520419 HTTP/1.1" 404 82172 "-" "Mozilla/5.0 (compatible; Googlebot/2.1; +http://www.google.com/bot.html)"
198.177.124.148 - - [22/Jul/2026:09:45:07 +0000] "POST /wp-cron.php?doing_wp_cron=1784713507.3770370483398437500000 HTTP/1.1" 200 - "-" "WordPress/7.0.2; https://lorfemglobal.shop"
40.77.167.55 - - [22/Jul/2026:09:45:04 +0000] "GET /?y=39596176539 HTTP/1.1" 200 98541 "-" "Mozilla/5.0 AppleWebKit/537.36 (KHTML, like Gecko; compatible; bingbot/2.0; +http://www.bing.com/bingbot.htm) Chrome/116.0.1938.76 Safari/537.36"
198.177.124.148 - - [22/Jul/2026:09:47:57 +0000] "POST /wp-cron.php?doing_wp_cron=1784713677.6719489097595214843750 HTTP/1.1" 200 - "-" "WordPress/7.0.2; https://lorfemglobal.shop"
205.169.39.24 - - [22/Jul/2026:09:47:54 +0000] "GET / HTTP/1.1" 200 98541 "-" "Mozilla/5.0 (Windows NT 10.0; Win64; x64) AppleWebKit/537.36 (KHTML, like Gecko) Chrome/117.0.5938.132 Safari/537.36"
205.169.39.24 - - [22/Jul/2026:09:47:58 +0000] "GET /wp-includes/blocks/navigation/style.min.css?ver=7.0.2 HTTP/1.1" 200 20709 "http://lorfemglobal.shop/" "Mozilla/5.0 (Windows NT 10.0; Win64; x64) AppleWebKit/537.36 (KHTML, like Gecko) Chrome/117.0.5938.132 Safari/537.36"
205.169.39.24 - - [22/Jul/2026:09:47:58 +0000] "GET /wp-includes/js/jquery/jquery.min.js?ver=3.7.1 HTTP/1.1" 200 87553 "http://lorfemglobal.shop/" "Mozilla/5.0 (Windows NT 10.0; Win64; x64) AppleWebKit/537.36 (KHTML, like Gecko) Chrome/117.0.5938.132 Safari/537.36"
205.169.39.24 - - [22/Jul/2026:09:47:58 +0000] "GET /wp-includes/js/jquery/jquery-migrate.min.js?ver=3.4.1 HTTP/1.1" 200 13577 "http://lorfemglobal.shop/" "Mozilla/5.0 (Windows NT 10.0; Win64; x64) AppleWebKit/537.36 (KHTML, like Gecko) Chrome/117.0.5938.132 Safari/537.36"
205.169.39.24 - - [22/Jul/2026:09:47:59 +0000] "GET /wp-content/themes/twentytwentyfour/assets/images/tourist-and-building.webp HTTP/1.1" 200 66482 "http://lorfemglobal.shop/" "Mozilla/5.0 (Windows NT 10.0; Win64; x64) AppleWebKit/537.36 (KHTML, like Gecko) Chrome/117.0.5938.132 Safari/537.36"
205.169.39.24 - - [22/Jul/2026:09:48:00 +0000] "GET /wp-content/themes/twentytwentyfour/assets/images/windows.webp HTTP/1.1" 200 126244 "http://lorfemglobal.shop/" "Mozilla/5.0 (Windows NT 10.0; Win64; x64) AppleWebKit/537.36 (KHTML, like Gecko) Chrome/117.0.5938.132 Safari/537.36"
205.169.39.24 - - [22/Jul/2026:09:47:58 +0000] "GET /wp-content/themes/twentytwentyfour/assets/images/building-exterior.webp HTTP/1.1" 200 199724 "http://lorfemglobal.shop/" "Mozilla/5.0 (Windows NT 10.0; Win64; x64) AppleWebKit/537.36 (KHTML, like Gecko) Chrome/117.0.5938.132 Safari/537.36"
205.169.39.24 - - [22/Jul/2026:09:48:03 +0000] "GET /wp-includes/js/dist/script-modules/interactivity/index.min.js?ver=efaa5193bbad9c60ffd1 HTTP/1.1" 200 40106 "http://lorfemglobal.shop/" "Mozilla/5.0 (Windows NT 10.0; Win64; x64) AppleWebKit/537.36 (KHTML, like Gecko) Chrome/117.0.5938.132 Safari/537.36"
205.169.39.24 - - [22/Jul/2026:09:48:03 +0000] "GET /wp-includes/js/dist/script-modules/block-library/navigation/view.min.js?ver=96a846e1d7b789c39ab9 HTTP/1.1" 200 3053 "http://lorfemglobal.shop/" "Mozilla/5.0 (Windows NT 10.0; Win64; x64) AppleWebKit/537.36 (KHTML, like Gecko) Chrome/117.0.5938.132 Safari/537.36"
205.169.39.24 - - [22/Jul/2026:09:48:03 +0000] "GET /wp-content/plugins/pixelyoursite/dist/scripts/jquery.bind-first-0.2.3.min.js?ver=0.2.3 HTTP/1.1" 200 1317 "http://lorfemglobal.shop/" "Mozilla/5.0 (Windows NT 10.0; Win64; x64) AppleWebKit/537.36 (KHTML, like Gecko) Chrome/117.0.5938.132 Safari/537.36"
205.169.39.24 - - [22/Jul/2026:09:48:04 +0000] "GET /wp-content/plugins/pixelyoursite/dist/scripts/js.cookie-2.1.3.min.js?ver=2.1.3 HTTP/1.1" 200 1709 "http://lorfemglobal.shop/" "Mozilla/5.0 (Windows NT 10.0; Win64; x64) AppleWebKit/537.36 (KHTML, like Gecko) Chrome/117.0.5938.132 Safari/537.36"
205.169.39.24 - - [22/Jul/2026:09:48:04 +0000] "GET /wp-content/plugins/pixelyoursite/dist/scripts/tld.min.js?ver=2.3.1 HTTP/1.1" 200 141079 "http://lorfemglobal.shop/" "Mozilla/5.0 (Windows NT 10.0; Win64; x64) AppleWebKit/537.36 (KHTML, like Gecko) Chrome/117.0.5938.132 Safari/537.36"
205.169.39.54 - - [22/Jul/2026:09:50:55 +0000] "GET / HTTP/1.1" 200 98541 "-" "Mozilla/5.0 (Windows NT 10.0; Win64; x64) AppleWebKit/537.36 (KHTML, like Gecko) Chrome/117.0.5938.132 Safari/537.36"
205.169.39.54 - - [22/Jul/2026:09:51:00 +0000] "GET /wp-includes/blocks/navigation/style.min.css?ver=7.0.2 HTTP/1.1" 200 20709 "http://lorfemglobal.shop/" "Mozilla/5.0 (Windows NT 10.0; Win64; x64) AppleWebKit/537.36 (KHTML, like Gecko) Chrome/117.0.5938.132 Safari/537.36"
205.169.39.54 - - [22/Jul/2026:09:51:00 +0000] "GET /wp-includes/js/jquery/jquery-migrate.min.js?ver=3.4.1 HTTP/1.1" 200 13577 "http://lorfemglobal.shop/" "Mozilla/5.0 (Windows NT 10.0; Win64; x64) AppleWebKit/537.36 (KHTML, like Gecko) Chrome/117.0.5938.132 Safari/537.36"
205.169.39.54 - - [22/Jul/2026:09:51:00 +0000] "GET /wp-includes/js/jquery/jquery.min.js?ver=3.7.1 HTTP/1.1" 200 87553 "http://lorfemglobal.shop/" "Mozilla/5.0 (Windows NT 10.0; Win64; x64) AppleWebKit/537.36 (KHTML, like Gecko) Chrome/117.0.5938.132 Safari/537.36"
205.169.39.54 - - [22/Jul/2026:09:51:00 +0000] "GET /wp-content/themes/twentytwentyfour/assets/images/tourist-and-building.webp HTTP/1.1" 200 66482 "http://lorfemglobal.shop/" "Mozilla/5.0 (Windows NT 10.0; Win64; x64) AppleWebKit/537.36 (KHTML, like Gecko) Chrome/117.0.5938.132 Safari/537.36"
205.169.39.54 - - [22/Jul/2026:09:51:01 +0000] "GET /wp-content/themes/twentytwentyfour/assets/images/windows.webp HTTP/1.1" 200 126244 "http://lorfemglobal.shop/" "Mozilla/5.0 (Windows NT 10.0; Win64; x64) AppleWebKit/537.36 (KHTML, like Gecko) Chrome/117.0.5938.132 Safari/537.36"
205.169.39.54 - - [22/Jul/2026:09:51:00 +0000] "GET /wp-content/themes/twentytwentyfour/assets/images/building-exterior.webp HTTP/1.1" 200 199724 "http://lorfemglobal.shop/" "Mozilla/5.0 (Windows NT 10.0; Win64; x64) AppleWebKit/537.36 (KHTML, like Gecko) Chrome/117.0.5938.132 Safari/537.36"
198.177.124.148 - - [22/Jul/2026:10:02:35 +0000] "GET /.well-known/acme-challenge/_J_FY3YQ6X1QPB3CTNB0SFKG1XN1VK0- HTTP/1.1" 200 64 "-" "Cpanel-HTTP-Client/1.0"
198.177.124.148 - - [22/Jul/2026:10:02:35 +0000] "GET /.well-known/acme-challenge/XLARSJNOXMQZFNHYDNCHSPAAFDS_ED0N HTTP/1.1" 200 64 "-" "Cpanel-HTTP-Client/1.0"
198.177.124.148 - - [22/Jul/2026:10:03:23 +0000] "POST /wp-cron.php?doing_wp_cron=1784714603.9755489826202392578125 HTTP/1.1" 200 - "-" "WordPress/7.0.2; https://lorfemglobal.shop"
104.23.239.80 - - [22/Jul/2026:10:03:20 +0000] "GET /wp-admin/install.php?step=1 HTTP/1.1" 404 82182 "-" "http://lorfemglobal.shop/wp-admin/install.php?step=1"
66.249.75.73 - - [22/Jul/2026:10:16:38 +0000] "GET /saiga.php?sitemap836.xml HTTP/1.1" 404 82171 "-" "Mozilla/5.0 (compatible; Googlebot/2.1; +http://www.google.com/bot.html)"
198.177.124.148 - - [22/Jul/2026:10:16:41 +0000] "POST /wp-cron.php?doing_wp_cron=1784715400.0404779911041259765625 HTTP/1.1" 200 - "-" "WordPress/7.0.2; https://lorfemglobal.shop"
172.69.151.177 - - [22/Jul/2026:10:19:45 +0000] "GET /wp-admin/install.php?step=1 HTTP/1.1" 404 82182 "-" "http://lorfemglobal.shop/wp-admin/install.php?step=1"
198.177.124.148 - - [22/Jul/2026:10:19:53 +0000] "POST /wp-cron.php?doing_wp_cron=1784715586.4501960277557373046875 HTTP/1.1" 200 - "-" "WordPress/7.0.2; https://lorfemglobal.shop"
198.177.124.148 - - [22/Jul/2026:10:36:01 +0000] "POST /wp-cron.php?doing_wp_cron=1784716561.3489329814910888671875 HTTP/1.1" 200 - "-" "WordPress/7.0.2; https://lorfemglobal.shop"
104.23.217.98 - - [22/Jul/2026:10:35:58 +0000] "GET /wp-admin/install.php?step=1 HTTP/1.1" 404 82182 "-" "http://lorfemglobal.shop/wp-admin/install.php?step=1"
198.177.124.148 - - [22/Jul/2026:10:42:10 +0000] "POST /wp-cron.php?doing_wp_cron=1784716930.1522529125213623046875 HTTP/1.1" 200 - "-" "WordPress/7.0.2; https://lorfemglobal.shop"
162.158.94.65 - - [22/Jul/2026:10:42:07 +0000] "GET /wp-admin/install.php?step=1 HTTP/1.1" 404 82182 "-" "http://lorfemglobal.shop/wp-admin/install.php?step=1"
198.177.124.148 - - [22/Jul/2026:10:44:37 +0000] "POST /wp-cron.php?doing_wp_cron=1784717077.7818160057067871093750 HTTP/1.1" 200 - "-" "WordPress/7.0.2; https://lorfemglobal.shop"
52.167.144.140 - - [22/Jul/2026:10:44:35 +0000] "GET /?y=39596214290 HTTP/1.1" 200 98541 "-" "Mozilla/5.0 AppleWebKit/537.36 (KHTML, like Gecko; compatible; bingbot/2.0; +http://www.bing.com/bingbot.htm) Chrome/116.0.1938.76 Safari/537.36"
93.123.109.152 - - [22/Jul/2026:10:50:02 +0000] "GET /dev/.git/config HTTP/1.1" 301 - "-" "Mozilla/5.0 (Windows NT 10.0; Win64; x64) AppleWebKit/537.36 (KHTML, like Gecko) Chrome/123.0.0.0 Safari/537.36"
93.123.109.152 - - [22/Jul/2026:10:50:02 +0000] "GET /.git/config HTTP/1.1" 301 - "-" "Mozilla/5.0 (Windows NT 10.0; Win64; x64) AppleWebKit/537.36 (KHTML, like Gecko) Chrome/123.0.0.0 Safari/537.36"
93.123.109.152 - - [22/Jul/2026:10:50:02 +0000] "GET /git/.git/config HTTP/1.1" 301 - "-" "Mozilla/5.0 (Windows NT 10.0; Win64; x64) AppleWebKit/537.36 (KHTML, like Gecko) Chrome/123.0.0.0 Safari/537.36"
93.123.109.152 - - [22/Jul/2026:10:50:02 +0000] "GET /application/.git/config HTTP/1.1" 301 - "-" "Mozilla/5.0 (Windows NT 10.0; Win64; x64) AppleWebKit/537.36 (KHTML, like Gecko) Chrome/123.0.0.0 Safari/537.36"
93.123.109.152 - - [22/Jul/2026:10:50:02 +0000] "GET /public/.git/config HTTP/1.1" 301 - "-" "Mozilla/5.0 (Windows NT 10.0; Win64; x64) AppleWebKit/537.36 (KHTML, like Gecko) Chrome/123.0.0.0 Safari/537.36"
93.123.109.152 - - [22/Jul/2026:10:50:02 +0000] "GET /wp-content/.git/config HTTP/1.1" 301 - "-" "Mozilla/5.0 (Windows NT 10.0; Win64; x64) AppleWebKit/537.36 (KHTML, like Gecko) Chrome/123.0.0.0 Safari/537.36"
93.123.109.152 - - [22/Jul/2026:10:50:02 +0000] "GET /staging/.git/config HTTP/1.1" 301 - "-" "Mozilla/5.0 (Windows NT 10.0; Win64; x64) AppleWebKit/537.36 (KHTML, like Gecko) Chrome/123.0.0.0 Safari/537.36"
93.123.109.152 - - [22/Jul/2026:10:50:02 +0000] "GET /wp-admin/.git/config HTTP/1.1" 301 - "-" "Mozilla/5.0 (Windows NT 10.0; Win64; x64) AppleWebKit/537.36 (KHTML, like Gecko) Chrome/123.0.0.0 Safari/537.36"
93.123.109.152 - - [22/Jul/2026:10:50:02 +0000] "GET /mail/.git/config HTTP/1.1" 301 - "-" "Mozilla/5.0 (Windows NT 10.0; Win64; x64) AppleWebKit/537.36 (KHTML, like Gecko) Chrome/123.0.0.0 Safari/537.36"
93.123.109.152 - - [22/Jul/2026:10:50:02 +0000] "GET /backend/.git/config HTTP/1.1" 301 - "-" "Mozilla/5.0 (Windows NT 10.0; Win64; x64) AppleWebKit/537.36 (KHTML, like Gecko) Chrome/123.0.0.0 Safari/537.36"
93.123.109.152 - - [22/Jul/2026:10:50:02 +0000] "GET /backup/.git/config HTTP/1.1" 301 - "-" "Mozilla/5.0 (Windows NT 10.0; Win64; x64) AppleWebKit/537.36 (KHTML, like Gecko) Chrome/123.0.0.0 Safari/537.36"
93.123.109.152 - - [22/Jul/2026:10:50:02 +0000] "GET /wp/.git/config HTTP/1.1" 301 - "-" "Mozilla/5.0 (Windows NT 10.0; Win64; x64) AppleWebKit/537.36 (KHTML, like Gecko) Chrome/123.0.0.0 Safari/537.36"
93.123.109.152 - - [22/Jul/2026:10:50:02 +0000] "GET /admin/.git/config HTTP/1.1" 301 - "-" "Mozilla/5.0 (Windows NT 10.0; Win64; x64) AppleWebKit/537.36 (KHTML, like Gecko) Chrome/123.0.0.0 Safari/537.36"
198.177.124.148 - - [22/Jul/2026:10:50:11 +0000] "POST /wp-cron.php?doing_wp_cron=1784717409.6842730045318603515625 HTTP/1.1" 200 - "-" "WordPress/7.0.2; https://lorfemglobal.shop"
198.177.124.148 - - [22/Jul/2026:10:50:11 +0000] "POST /wp-cron.php?doing_wp_cron=1784717409.6800339221954345703125 HTTP/1.1" 200 - "-" "WordPress/7.0.2; https://lorfemglobal.shop"
198.177.124.148 - - [22/Jul/2026:10:50:11 +0000] "POST /wp-cron.php?doing_wp_cron=1784717409.6774239540100097656250 HTTP/1.1" 200 - "-" "WordPress/7.0.2; https://lorfemglobal.shop"
198.177.124.148 - - [22/Jul/2026:10:50:11 +0000] "POST /wp-cron.php?doing_wp_cron=1784717409.6859669685363769531250 HTTP/1.1" 200 - "-" "WordPress/7.0.2; https://lorfemglobal.shop"
93.123.109.152 - - [22/Jul/2026:10:50:05 +0000] "GET /v2/.git/config HTTP/1.1" 301 - "-" "Mozilla/5.0 (Windows NT 10.0; Win64; x64) AppleWebKit/537.36 (KHTML, like Gecko) Chrome/123.0.0.0 Safari/537.36"
93.123.109.152 - - [22/Jul/2026:10:50:10 +0000] "GET /app/.git/config HTTP/1.1" 301 - "-" "Mozilla/5.0 (Windows NT 10.0; Win64; x64) AppleWebKit/537.36 (KHTML, like Gecko) Chrome/123.0.0.0 Safari/537.36"
93.123.109.152 - - [22/Jul/2026:10:50:10 +0000] "GET /api/.git/config HTTP/1.1" 301 - "-" "Mozilla/5.0 (Windows NT 10.0; Win64; x64) AppleWebKit/537.36 (KHTML, like Gecko) Chrome/123.0.0.0 Safari/537.36"
172.70.243.154 - - [22/Jul/2026:10:55:53 +0000] "GET /wp-admin/install.php?step=1 HTTP/1.1" 404 82182 "-" "http://lorfemglobal.shop/wp-admin/install.php?step=1"
198.177.124.148 - - [22/Jul/2026:11:08:46 +0000] "POST /wp-cron.php?doing_wp_cron=1784718525.9956710338592529296875 HTTP/1.1" 200 - "-" "WordPress/7.0.2; https://lorfemglobal.shop"
104.23.221.8 - - [22/Jul/2026:11:08:42 +0000] "GET /wp-admin/install.php?step=1 HTTP/1.1" 404 82182 "-" "http://lorfemglobal.shop/wp-admin/install.php?step=1"
43.167.245.18 - - [22/Jul/2026:11:25:44 +0000] "GET / HTTP/1.1" 200 98541 "-" "Mozilla/5.0 (iPhone; CPU iPhone OS 13_2_3 like Mac OS X) AppleWebKit/605.1.15 (KHTML, like Gecko) Version/13.0.3 Mobile/15E148 Safari/604.1"
172.71.98.37 - - [22/Jul/2026:11:29:20 +0000] "GET /wp-admin/install.php?step=1 HTTP/1.1" 404 82182 "-" "http://lorfemglobal.shop/wp-admin/install.php?step=1"
46.138.250.165 - - [22/Jul/2026:11:37:33 +0000] "GET / HTTP/1.1" 200 98541 "http://aicrawler.store/" "Mozilla/5.0 (X11; Linux x86_64; rv:102.0) Gecko/20100101 Firefox/102.0"
46.138.250.165 - - [22/Jul/2026:11:37:36 +0000] "GET /wp-includes/blocks/navigation/style.min.css?ver=7.0.2 HTTP/1.1" 200 20709 "http://lorfemglobal.shop/" "Mozilla/5.0 (X11; Linux x86_64; rv:102.0) Gecko/20100101 Firefox/102.0"
46.138.250.165 - - [22/Jul/2026:11:37:37 +0000] "GET /wp-includes/js/jquery/jquery.min.js?ver=3.7.1 HTTP/1.1" 200 87553 "http://lorfemglobal.shop/" "Mozilla/5.0 (X11; Linux x86_64; rv:102.0) Gecko/20100101 Firefox/102.0"
46.138.250.165 - - [22/Jul/2026:11:37:37 +0000] "GET /wp-includes/js/jquery/jquery-migrate.min.js?ver=3.4.1 HTTP/1.1" 200 13577 "http://lorfemglobal.shop/" "Mozilla/5.0 (X11; Linux x86_64; rv:102.0) Gecko/20100101 Firefox/102.0"
46.138.250.165 - - [22/Jul/2026:11:37:37 +0000] "GET /wp-content/plugins/pixelyoursite/dist/scripts/js.cookie-2.1.3.min.js?ver=2.1.3 HTTP/1.1" 200 1709 "http://lorfemglobal.shop/" "Mozilla/5.0 (X11; Linux x86_64; rv:102.0) Gecko/20100101 Firefox/102.0"
46.138.250.165 - - [22/Jul/2026:11:37:37 +0000] "GET /wp-content/plugins/pixelyoursite/dist/scripts/jquery.bind-first-0.2.3.min.js?ver=0.2.3 HTTP/1.1" 200 1317 "http://lorfemglobal.shop/" "Mozilla/5.0 (X11; Linux x86_64; rv:102.0) Gecko/20100101 Firefox/102.0"
46.138.250.165 - - [22/Jul/2026:11:37:37 +0000] "GET /wp-includes/js/dist/script-modules/block-library/navigation/view.min.js?ver=96a846e1d7b789c39ab9 HTTP/1.1" 200 3053 "http://lorfemglobal.shop/" "Mozilla/5.0 (X11; Linux x86_64; rv:102.0) Gecko/20100101 Firefox/102.0"
46.138.250.165 - - [22/Jul/2026:11:37:37 +0000] "GET /wp-content/plugins/pixelyoursite/dist/scripts/public.js?ver=11.2.1 HTTP/1.1" 200 172979 "http://lorfemglobal.shop/" "Mozilla/5.0 (X11; Linux x86_64; rv:102.0) Gecko/20100101 Firefox/102.0"
46.138.250.165 - - [22/Jul/2026:11:37:38 +0000] "GET /wp-content/plugins/pixelyoursite/dist/scripts/tld.min.js?ver=2.3.1 HTTP/1.1" 200 141079 "http://lorfemglobal.shop/" "Mozilla/5.0 (X11; Linux x86_64; rv:102.0) Gecko/20100101 Firefox/102.0"
46.138.250.165 - - [22/Jul/2026:11:37:39 +0000] "GET /wp-includes/js/wp-emoji-release.min.js?ver=7.0.2 HTTP/1.1" 200 22752 "http://lorfemglobal.shop/" "Mozilla/5.0 (X11; Linux x86_64; rv:102.0) Gecko/20100101 Firefox/102.0"
46.138.250.165 - - [22/Jul/2026:11:37:40 +0000] "GET /wp-content/themes/twentytwentyfour/assets/fonts/inter/Inter-VariableFont_slnt,wght.woff2 HTTP/1.1" 200 326628 "http://lorfemglobal.shop/" "Mozilla/5.0 (X11; Linux x86_64; rv:102.0) Gecko/20100101 Firefox/102.0"
46.138.250.165 - - [22/Jul/2026:11:37:40 +0000] "GET /wp-content/themes/twentytwentyfour/assets/fonts/cardo/cardo_italic_400.woff2 HTTP/1.1" 200 105184 "http://lorfemglobal.shop/" "Mozilla/5.0 (X11; Linux x86_64; rv:102.0) Gecko/20100101 Firefox/102.0"
46.138.250.165 - - [22/Jul/2026:11:37:40 +0000] "GET /wp-content/themes/twentytwentyfour/assets/fonts/cardo/cardo_normal_400.woff2 HTTP/1.1" 200 146060 "http://lorfemglobal.shop/" "Mozilla/5.0 (X11; Linux x86_64; rv:102.0) Gecko/20100101 Firefox/102.0"
104.23.223.92 - - [22/Jul/2026:11:46:13 +0000] "GET /wp-admin/install.php?step=1 HTTP/1.1" 404 82583 "-" "http://lorfemglobal.shop/wp-admin/install.php?step=1"
104.23.221.9 - - [22/Jul/2026:11:52:26 +0000] "GET /wp-admin/install.php?step=1 HTTP/1.1" 404 82583 "-" "http://lorfemglobal.shop/wp-admin/install.php?step=1"
43.165.170.119 - - [22/Jul/2026:12:05:56 +0000] "GET / HTTP/1.1" 301 - "-" "Mozilla/5.0 (iPhone; CPU iPhone OS 13_2_3 like Mac OS X) AppleWebKit/605.1.15 (KHTML, like Gecko) Version/13.0.3 Mobile/15E148 Safari/604.1"
43.165.170.119 - - [22/Jul/2026:12:05:59 +0000] "GET / HTTP/1.1" 200 99030 "http://www.lorfemglobal.shop" "Mozilla/5.0 (iPhone; CPU iPhone OS 13_2_3 like Mac OS X) AppleWebKit/605.1.15 (KHTML, like Gecko) Version/13.0.3 Mobile/15E148 Safari/604.1"
49.51.47.100 - - [22/Jul/2026:12:10:25 +0000] "GET / HTTP/1.1" 301 - "-" "Mozilla/5.0 (iPhone; CPU iPhone OS 13_2_3 like Mac OS X) AppleWebKit/605.1.15 (KHTML, like Gecko) Version/13.0.3 Mobile/15E148 Safari/604.1"
49.51.47.100 - - [22/Jul/2026:12:10:28 +0000] "GET / HTTP/1.1" 200 99030 "http://www.lorfemglobal.shop" "Mozilla/5.0 (iPhone; CPU iPhone OS 13_2_3 like Mac OS X) AppleWebKit/605.1.15 (KHTML, like Gecko) Version/13.0.3 Mobile/15E148 Safari/604.1"
162.158.86.134 - - [22/Jul/2026:12:15:16 +0000] "GET /wp-admin/install.php?step=1 HTTP/1.1" 404 82583 "-" "http://lorfemglobal.shop/wp-admin/install.php?step=1"
172.64.192.169 - - [22/Jul/2026:12:25:25 +0000] "GET /wp-admin/install.php?step=1 HTTP/1.1" 404 82583 "-" "http://lorfemglobal.shop/wp-admin/install.php?step=1"
104.23.221.9 - - [22/Jul/2026:12:43:17 +0000] "GET /wp-admin/install.php?step=1 HTTP/1.1" 404 82583 "-" "http://lorfemglobal.shop/wp-admin/install.php?step=1"
13.221.6.158 - - [22/Jul/2026:12:47:21 +0000] "GET / HTTP/1.1" 200 99030 "-" "Mozilla/5.0 (iPhone; U; CPU iPhone OS 3_0 like Mac OS X; en-us) AppleWebKit/528.18 (KHTML, like Gecko) Version/4.0 Mobile/7A341 Safari/528.16"
198.177.124.148 - - [22/Jul/2026:12:49:47 +0000] "POST /wp-cron.php?doing_wp_cron=1784724587.0921730995178222656250 HTTP/1.1" 200 - "-" "WordPress/7.0.2; https://lorfemglobal.shop"
104.23.239.80 - - [22/Jul/2026:12:49:45 +0000] "GET /wp-admin/install.php?step=1 HTTP/1.1" 404 82583 "-" "http://lorfemglobal.shop/wp-admin/install.php?step=1"
129.204.188.64 - - [22/Jul/2026:12:58:35 +0000] "GET / HTTP/1.1" 200 99030 "-" "Mozilla/5.0 (iPhone; CPU iPhone OS 13_2_3 like Mac OS X) AppleWebKit/605.1.15 (KHTML, like Gecko) Version/13.0.3 Mobile/15E148 Safari/604.1"
198.177.124.148 - - [22/Jul/2026:13:02:23 +0000] "GET /.well-known/acme-challenge/_QJP2DJ42MNNH0FYQB09LDUHGED50ZHR HTTP/1.1" 200 64 "-" "Cpanel-HTTP-Client/1.0"
198.177.124.148 - - [22/Jul/2026:13:02:24 +0000] "GET /.well-known/acme-challenge/L__FZ09GT84EV-THOKMBJ232FOTIYVFK HTTP/1.1" 200 64 "-" "Cpanel-HTTP-Client/1.0"
104.165.194.20 - - [22/Jul/2026:13:02:55 +0000] "GET / HTTP/1.1" 301 - "-" "Mozilla/5.0 (X11; Ubuntu; Linux x86_64; rv:126.0) Gecko/20100101 Firefox/126.0"
104.165.194.20 - - [22/Jul/2026:13:02:55 +0000] "GET / HTTP/1.1" 200 99030 "-" "Mozilla/5.0 (X11; Ubuntu; Linux x86_64; rv:126.0) Gecko/20100101 Firefox/126.0"
104.165.194.20 - - [22/Jul/2026:13:02:57 +0000] "GET / HTTP/1.1" 200 99030 "-" "Mozilla/5.0 (X11; Ubuntu; Linux x86_64; rv:126.0) Gecko/20100101 Firefox/126.0"
104.23.221.8 - - [22/Jul/2026:13:09:49 +0000] "GET /wp-admin/install.php?step=1 HTTP/1.1" 404 82797 "-" "http://lorfemglobal.shop/wp-admin/install.php?step=1"
104.23.166.29 - - [22/Jul/2026:13:26:48 +0000] "GET /wp-admin/install.php?step=1 HTTP/1.1" 404 82797 "-" "http://lorfemglobal.shop/wp-admin/install.php?step=1"
104.23.239.80 - - [22/Jul/2026:13:50:12 +0000] "GET /wp-admin/install.php?step=1 HTTP/1.1" 404 82797 "-" "http://lorfemglobal.shop/wp-admin/install.php?step=1"
104.23.221.8 - - [22/Jul/2026:13:54:20 +0000] "GET /wp-admin/install.php?step=1 HTTP/1.1" 404 83028 "-" "http://lorfemglobal.shop/wp-admin/install.php?step=1"
162.158.94.64 - - [22/Jul/2026:14:13:24 +0000] "GET /wp-admin/install.php?step=1 HTTP/1.1" 404 83028 "-" "http://lorfemglobal.shop/wp-admin/install.php?step=1"
162.158.86.135 - - [22/Jul/2026:14:17:19 +0000] "GET /wp-admin/install.php?step=1 HTTP/1.1" 404 83028 "-" "http://lorfemglobal.shop/wp-admin/install.php?step=1"
172.71.144.133 - - [22/Jul/2026:14:37:55 +0000] "GET /wp-admin/install.php?step=1 HTTP/1.1" 404 83028 "-" "http://lorfemglobal.shop/wp-admin/install.php?step=1"
198.177.124.148 - - [22/Jul/2026:14:57:46 +0000] "POST /wp-cron.php?doing_wp_cron=1784732266.0011270046234130859375 HTTP/1.1" 200 - "-" "WordPress/7.0.2; https://lorfemglobal.shop"
66.249.75.75 - - [22/Jul/2026:14:57:44 +0000] "GET /robots.txt HTTP/1.1" 200 118 "-" "Mozilla/5.0 (compatible; Googlebot/2.1; +http://www.google.com/bot.html)"
66.249.75.74 - - [22/Jul/2026:14:57:46 +0000] "GET /ammika.php?sitemap622.xml HTTP/1.1" 404 83018 "-" "Mozilla/5.0 (compatible; Googlebot/2.1; +http://www.google.com/bot.html)"
198.177.124.148 - - [22/Jul/2026:15:03:41 +0000] "POST /wp-cron.php?doing_wp_cron=1784732621.3438179492950439453125 HTTP/1.1" 200 - "-" "WordPress/7.0.2; https://lorfemglobal.shop"
43.161.224.78 - - [22/Jul/2026:15:03:38 +0000] "GET / HTTP/1.1" 301 - "-" "Mozilla/5.0 (iPhone; CPU iPhone OS 13_2_3 like Mac OS X) AppleWebKit/605.1.15 (KHTML, like Gecko) Version/13.0.3 Mobile/15E148 Safari/604.1"
43.161.224.78 - - [22/Jul/2026:15:03:42 +0000] "GET / HTTP/1.1" 200 99475 "http://www.lorfemglobal.shop" "Mozilla/5.0 (iPhone; CPU iPhone OS 13_2_3 like Mac OS X) AppleWebKit/605.1.15 (KHTML, like Gecko) Version/13.0.3 Mobile/15E148 Safari/604.1"
104.23.221.9 - - [22/Jul/2026:15:04:21 +0000] "GET /wp-admin/install.php?step=1 HTTP/1.1" 404 83028 "-" "http://lorfemglobal.shop/wp-admin/install.php?step=1"
40.77.167.42 - - [22/Jul/2026:15:04:30 +0000] "GET /?o=3194289421 HTTP/1.1" 200 99475 "-" "Mozilla/5.0 AppleWebKit/537.36 (KHTML, like Gecko; compatible; bingbot/2.0; +http://www.bing.com/bingbot.htm) Chrome/116.0.1938.76 Safari/537.36"
104.23.217.98 - - [22/Jul/2026:15:04:51 +0000] "GET /wp-admin/install.php?step=1 HTTP/1.1" 404 83028 "-" "http://lorfemglobal.shop/wp-admin/install.php?step=1"
43.164.0.96 - - [22/Jul/2026:15:12:56 +0000] "GET / HTTP/1.1" 200 99475 "-" "Mozilla/5.0 (iPhone; CPU iPhone OS 13_2_3 like Mac OS X) AppleWebKit/605.1.15 (KHTML, like Gecko) Version/13.0.3 Mobile/15E148 Safari/604.1"
74.7.230.52 - - [22/Jul/2026:15:16:27 +0000] "GET /robots.txt HTTP/1.1" 200 118 "-" "Mozilla/5.0 (Macintosh; Intel Mac OS X 10_15_7) AppleWebKit/537.36 (KHTML, like Gecko) Chrome/131.0.0.0 Safari/537.36; compatible; OAI-SearchBot/1.4; robots.txt; +https://openai.com/searchbot"
74.7.241.56 - - [22/Jul/2026:15:16:27 +0000] "GET /sitemap817.xml HTTP/1.1" 404 83022 "-" "Mozilla/5.0 AppleWebKit/537.36 (KHTML, like Gecko; compatible; GPTBot/1.4; +https://openai.com/gptbot)"
74.7.241.56 - - [22/Jul/2026:15:18:11 +0000] "GET /sitemap522.xml HTTP/1.1" 404 83022 "-" "Mozilla/5.0 AppleWebKit/537.36 (KHTML, like Gecko; compatible; GPTBot/1.4; +https://openai.com/gptbot)"
74.7.241.56 - - [22/Jul/2026:15:20:08 +0000] "GET /sitemap549.xml HTTP/1.1" 404 83022 "-" "Mozilla/5.0 AppleWebKit/537.36 (KHTML, like Gecko; compatible; GPTBot/1.4; +https://openai.com/gptbot)"
74.7.241.56 - - [22/Jul/2026:15:20:38 +0000] "GET /sitemap948.xml HTTP/1.1" 404 83022 "-" "Mozilla/5.0 AppleWebKit/537.36 (KHTML, like Gecko; compatible; GPTBot/1.4; +https://openai.com/gptbot)"
172.69.151.177 - - [22/Jul/2026:15:22:29 +0000] "GET /wp-admin/install.php?step=1 HTTP/1.1" 404 83028 "-" "http://lorfemglobal.shop/wp-admin/install.php?step=1"
74.7.241.56 - - [22/Jul/2026:15:22:52 +0000] "GET /sitemap711.xml HTTP/1.1" 404 83022 "-" "Mozilla/5.0 AppleWebKit/537.36 (KHTML, like Gecko; compatible; GPTBot/1.4; +https://openai.com/gptbot)"
172.71.164.106 - - [22/Jul/2026:15:32:26 +0000] "GET /wp-admin/install.php?step=1 HTTP/1.1" 404 83028 "-" "http://lorfemglobal.shop/wp-admin/install.php?step=1"
198.177.124.148 - - [22/Jul/2026:15:40:01 +0000] "POST /wp-cron.php?doing_wp_cron=1784734801.0833790302276611328125 HTTP/1.1" 200 - "-" "WordPress/7.0.2; https://lorfemglobal.shop"
162.158.94.65 - - [22/Jul/2026:15:39:57 +0000] "GET /wp-admin/install.php?step=1 HTTP/1.1" 404 83028 "-" "http://lorfemglobal.shop/wp-admin/install.php?step=1"
198.177.124.148 - - [22/Jul/2026:15:54:06 +0000] "POST /wp-cron.php?doing_wp_cron=1784735646.7509360313415527343750 HTTP/1.1" 200 - "-" "WordPress/7.0.2; https://lorfemglobal.shop"
104.23.223.93 - - [22/Jul/2026:15:54:03 +0000] "GET /wp-admin/install.php?step=1 HTTP/1.1" 404 83028 "-" "http://lorfemglobal.shop/wp-admin/install.php?step=1"
198.177.124.148 - - [22/Jul/2026:15:58:25 +0000] "POST /wp-cron.php?doing_wp_cron=1784735905.0941290855407714843750 HTTP/1.1" 200 - "-" "WordPress/7.0.2; https://lorfemglobal.shop"
43.134.15.174 - - [22/Jul/2026:15:58:23 +0000] "GET / HTTP/1.1" 301 - "-" "Mozilla/5.0 (iPhone; CPU iPhone OS 13_2_3 like Mac OS X) AppleWebKit/605.1.15 (KHTML, like Gecko) Version/13.0.3 Mobile/15E148 Safari/604.1"
43.134.15.174 - - [22/Jul/2026:15:58:25 +0000] "GET / HTTP/1.1" 200 99475 "http://www.lorfemglobal.shop" "Mozilla/5.0 (iPhone; CPU iPhone OS 13_2_3 like Mac OS X) AppleWebKit/605.1.15 (KHTML, like Gecko) Version/13.0.3 Mobile/15E148 Safari/604.1"
198.177.124.148 - - [22/Jul/2026:16:02:27 +0000] "GET /.well-known/acme-challenge/Y0-9IBVAHIK4-308NXOGX4F1UE_40T9R HTTP/1.1" 200 64 "-" "Cpanel-HTTP-Client/1.0"
198.177.124.148 - - [22/Jul/2026:16:02:28 +0000] "GET /.well-known/acme-challenge/Z42GKXT-MGBDDN100208BWP00QJ1JJIM HTTP/1.1" 200 64 "-" "Cpanel-HTTP-Client/1.0"
162.159.113.104 - - [22/Jul/2026:16:09:10 +0000] "GET /wp-admin/install.php?step=1 HTTP/1.1" 404 83028 "-" "http://lorfemglobal.shop/wp-admin/install.php?step=1"
162.158.182.95 - - [22/Jul/2026:16:17:38 +0000] "GET /wp-admin/install.php?step=1 HTTP/1.1" 404 83028 "-" "http://lorfemglobal.shop/wp-admin/install.php?step=1"
104.23.217.99 - - [22/Jul/2026:16:33:08 +0000] "GET /wp-admin/install.php?step=1 HTTP/1.1" 404 83028 "-" "http://lorfemglobal.shop/wp-admin/install.php?step=1"
104.23.217.99 - - [22/Jul/2026:16:50:13 +0000] "GET /wp-admin/install.php?step=1 HTTP/1.1" 404 83028 "-" "http://lorfemglobal.shop/wp-admin/install.php?step=1"
104.23.217.99 - - [22/Jul/2026:17:15:36 +0000] "GET /wp-admin/install.php?step=1 HTTP/1.1" 404 83028 "-" "http://lorfemglobal.shop/wp-admin/install.php?step=1"
198.177.124.148 - - [22/Jul/2026:17:38:14 +0000] "POST /wp-cron.php?doing_wp_cron=1784741894.5407729148864746093750 HTTP/1.1" 200 - "-" "WordPress/7.0.2; https://lorfemglobal.shop"
162.158.86.135 - - [22/Jul/2026:17:38:10 +0000] "GET /wp-admin/install.php?step=1 HTTP/1.1" 404 83028 "-" "http://lorfemglobal.shop/wp-admin/install.php?step=1"
198.177.124.148 - - [22/Jul/2026:17:42:01 +0000] "POST /wp-cron.php?doing_wp_cron=1784742121.1568930149078369140625 HTTP/1.1" 200 - "-" "WordPress/7.0.2; https://lorfemglobal.shop"
13.219.67.125 - - [22/Jul/2026:17:41:57 +0000] "GET / HTTP/1.1" 301 - "-" "Mozilla/5.0 (Windows NT 6.1; WOW64) AppleWebKit/537.36 (KHTML, like Gecko) Chrome/46.0.2490.80 Safari/537.36"
54.164.167.77 - - [22/Jul/2026:17:42:01 +0000] "GET / HTTP/1.1" 200 99475 "-" "Mozilla/5.0 (Windows NT 6.1; WOW64) AppleWebKit/537.36 (KHTML, like Gecko) Chrome/46.0.2490.80 Safari/537.36"
172.70.162.197 - - [22/Jul/2026:17:42:33 +0000] "GET /wp-admin/install.php?step=1 HTTP/1.1" 404 83028 "-" "http://lorfemglobal.shop/wp-admin/install.php?step=1"
198.177.124.148 - - [22/Jul/2026:17:48:10 +0000] "POST /wp-cron.php?doing_wp_cron=1784742490.9910418987274169921875 HTTP/1.1" 200 - "-" "WordPress/7.0.2; https://lorfemglobal.shop"
172.69.151.177 - - [22/Jul/2026:17:48:08 +0000] "GET /wp-admin/install.php?step=1 HTTP/1.1" 404 83028 "-" "http://lorfemglobal.shop/wp-admin/install.php?step=1"
198.177.124.148 - - [22/Jul/2026:17:49:51 +0000] "POST /wp-cron.php?doing_wp_cron=1784742591.4436500072479248046875 HTTP/1.1" 200 - "-" "WordPress/7.0.2; https://lorfemglobal.shop"
52.167.144.172 - - [22/Jul/2026:17:49:49 +0000] "GET /?y=7571073430 HTTP/1.1" 200 99475 "-" "Mozilla/5.0 AppleWebKit/537.36 (KHTML, like Gecko; compatible; bingbot/2.0; +http://www.bing.com/bingbot.htm) Chrome/116.0.1938.76 Safari/537.36"
198.177.124.148 - - [22/Jul/2026:18:05:33 +0000] "POST /wp-cron.php?doing_wp_cron=1784743533.5157010555267333984375 HTTP/1.1" 200 - "-" "WordPress/7.0.2; https://lorfemglobal.shop"
104.23.217.99 - - [22/Jul/2026:18:05:29 +0000] "GET /wp-admin/install.php?step=1 HTTP/1.1" 404 83028 "-" "http://lorfemglobal.shop/wp-admin/install.php?step=1"
198.177.124.148 - - [22/Jul/2026:18:07:10 +0000] "POST /wp-cron.php?doing_wp_cron=1784743630.4102859497070312500000 HTTP/1.1" 200 - "-" "WordPress/7.0.2; https://lorfemglobal.shop"
40.77.167.7 - - [22/Jul/2026:18:07:06 +0000] "GET /?o=31942107838 HTTP/1.1" 200 99475 "-" "Mozilla/5.0 AppleWebKit/537.36 (KHTML, like Gecko; compatible; bingbot/2.0; +http://www.bing.com/bingbot.htm) Chrome/116.0.1938.76 Safari/537.36"
66.249.75.74 - - [22/Jul/2026:18:07:19 +0000] "GET /robots.txt HTTP/1.1" 200 118 "-" "Mozilla/5.0 (compatible; Googlebot/2.1; +http://www.google.com/bot.html)"
66.249.75.74 - - [22/Jul/2026:18:07:22 +0000] "GET /ammika.php?sitemap661.xml HTTP/1.1" 404 83018 "-" "Mozilla/5.0 (compatible; Googlebot/2.1; +http://www.google.com/bot.html)"
198.177.124.148 - - [22/Jul/2026:18:35:47 +0000] "POST /wp-cron.php?doing_wp_cron=1784745347.8168189525604248046875 HTTP/1.1" 200 - "-" "WordPress/7.0.2; https://lorfemglobal.shop"
172.71.144.132 - - [22/Jul/2026:18:35:45 +0000] "GET /wp-admin/install.php?step=1 HTTP/1.1" 404 83028 "-" "http://lorfemglobal.shop/wp-admin/install.php?step=1"
104.23.170.33 - - [22/Jul/2026:18:36:09 +0000] "GET /wp-admin/install.php?step=1 HTTP/1.1" 404 83028 "-" "http://lorfemglobal.shop/wp-admin/install.php?step=1"
198.177.124.148 - - [22/Jul/2026:18:54:05 +0000] "POST /wp-cron.php?doing_wp_cron=1784746445.7705340385437011718750 HTTP/1.1" 200 - "-" "WordPress/7.0.2; https://lorfemglobal.shop"
172.70.240.85 - - [22/Jul/2026:18:54:02 +0000] "GET /wp-admin/install.php?step=1 HTTP/1.1" 404 83028 "-" "http://lorfemglobal.shop/wp-admin/install.php?step=1"
198.177.124.148 - - [22/Jul/2026:18:57:53 +0000] "POST /wp-cron.php?doing_wp_cron=1784746673.0127980709075927734375 HTTP/1.1" 200 - "-" "WordPress/7.0.2; https://lorfemglobal.shop"
43.164.129.191 - - [22/Jul/2026:18:57:50 +0000] "GET / HTTP/1.1" 200 99475 "-" "Mozilla/5.0 (iPhone; CPU iPhone OS 13_2_3 like Mac OS X) AppleWebKit/605.1.15 (KHTML, like Gecko) Version/13.0.3 Mobile/15E148 Safari/604.1"
198.177.124.148 - - [22/Jul/2026:18:59:07 +0000] "POST /wp-cron.php?doing_wp_cron=1784746747.1715209484100341796875 HTTP/1.1" 200 - "-" "WordPress/7.0.2; https://lorfemglobal.shop"
104.23.170.32 - - [22/Jul/2026:18:59:03 +0000] "GET /wp-admin/install.php?step=1 HTTP/1.1" 404 83028 "-" "http://lorfemglobal.shop/wp-admin/install.php?step=1"
198.177.124.148 - - [22/Jul/2026:19:02:20 +0000] "GET /.well-known/acme-challenge/G64-SFB69Q1BGA3N231X7HEYN6AHZX7A HTTP/1.1" 200 64 "-" "Cpanel-HTTP-Client/1.0"
198.177.124.148 - - [22/Jul/2026:19:02:20 +0000] "GET /.well-known/acme-challenge/5MV_WH2U5X0ZE2IR78AVE66BCMHOD-_D HTTP/1.1" 200 64 "-" "Cpanel-HTTP-Client/1.0"
198.177.124.148 - - [22/Jul/2026:19:12:42 +0000] "POST /wp-cron.php?doing_wp_cron=1784747562.7500560283660888671875 HTTP/1.1" 200 - "-" "WordPress/7.0.2; https://lorfemglobal.shop"
80.94.92.206 - - [22/Jul/2026:19:12:41 +0000] "GET /.env HTTP/1.1" 404 83012 "-" "Mozilla/5.0 (X11; Linux x86_64) AppleWebKit/537.36 (KHTML, like Gecko) Chrome/81.0.4044.129 Safari/537.36"
80.94.92.206 - - [22/Jul/2026:19:12:43 +0000] "POST / HTTP/1.1" 200 99475 "-" "Mozilla/5.0 (X11; Linux x86_64) AppleWebKit/537.36 (KHTML, like Gecko) Chrome/81.0.4044.129 Safari/537.36"
172.71.164.106 - - [22/Jul/2026:19:25:32 +0000] "GET /wp-admin/install.php?step=1 HTTP/1.1" 404 83028 "-" "http://lorfemglobal.shop/wp-admin/install.php?step=1"
198.177.124.148 - - [22/Jul/2026:19:27:29 +0000] "POST /wp-cron.php?doing_wp_cron=1784748334.5021378993988037109375 HTTP/1.1" 200 - "-" "WordPress/7.0.2; https://lorfemglobal.shop"
35.231.101.231 - - [22/Jul/2026:19:27:57 +0000] "GET /wp-login.php HTTP/1.1" 302 - "-" "Mozilla/5.0 (Windows NT 10.0; Win64; x64) AppleWebKit/537.36 (KHTML, like Gecko) HeadlessChrome/150.0.0.0 Safari/537.36"
198.177.124.148 - - [22/Jul/2026:19:28:08 +0000] "POST /wp-cron.php?doing_wp_cron=1784748478.0279860496520996093750 HTTP/1.1" 200 - "-" "WordPress/7.0.2; https://lorfemglobal.shop"
82.156.116.86 - - [22/Jul/2026:19:29:51 +0000] "GET / HTTP/1.1" 301 - "-" "Mozilla/5.0 (iPhone; CPU iPhone OS 13_2_3 like Mac OS X) AppleWebKit/605.1.15 (KHTML, like Gecko) Version/13.0.3 Mobile/15E148 Safari/604.1"
198.177.124.148 - - [22/Jul/2026:19:29:57 +0000] "POST /wp-cron.php?doing_wp_cron=1784748593.2801370620727539062500 HTTP/1.1" 200 - "-" "WordPress/7.0.2; https://lorfemglobal.shop"
82.156.116.86 - - [22/Jul/2026:19:30:00 +0000] "GET / HTTP/1.1" 200 99475 "http://www.lorfemglobal.shop" "Mozilla/5.0 (iPhone; CPU iPhone OS 13_2_3 like Mac OS X) AppleWebKit/605.1.15 (KHTML, like Gecko) Version/13.0.3 Mobile/15E148 Safari/604.1"
172.69.195.11 - - [22/Jul/2026:19:35:09 +0000] "GET /wp-admin/install.php?step=1 HTTP/1.1" 404 83028 "-" "http://lorfemglobal.shop/wp-admin/install.php?step=1"
104.23.221.8 - - [22/Jul/2026:19:35:12 +0000] "GET /wp-admin/install.php?step=1 HTTP/1.1" 404 83028 "-" "http://lorfemglobal.shop/wp-admin/install.php?step=1"
198.177.124.148 - - [22/Jul/2026:19:35:19 +0000] "POST /wp-cron.php?doing_wp_cron=1784748911.4968640804290771484375 HTTP/1.1" 200 - "-" "WordPress/7.0.2; https://lorfemglobal.shop"
66.249.75.73 - - [22/Jul/2026:19:39:30 +0000] "GET /robots.txt HTTP/1.1" 200 118 "-" "Mozilla/5.0 (compatible; Googlebot/2.1; +http://www.google.com/bot.html)"
198.177.124.148 - - [22/Jul/2026:19:41:18 +0000] "POST /wp-cron.php?doing_wp_cron=1784749171.2845849990844726562500 HTTP/1.1" 200 - "-" "WordPress/7.0.2; https://lorfemglobal.shop"
198.177.124.148 - - [22/Jul/2026:20:09:04 +0000] "POST /wp-cron.php?doing_wp_cron=1784750944.3822050094604492187500 HTTP/1.1" 200 - "-" "WordPress/7.0.2; https://lorfemglobal.shop"
40.77.167.23 - - [22/Jul/2026:20:09:01 +0000] "GET /?v=18663145790 HTTP/1.1" 200 99475 "-" "Mozilla/5.0 AppleWebKit/537.36 (KHTML, like Gecko; compatible; bingbot/2.0; +http://www.bing.com/bingbot.htm) Chrome/116.0.1938.76 Safari/537.36"
198.177.124.148 - - [22/Jul/2026:20:10:04 +0000] "POST /wp-cron.php?doing_wp_cron=1784751004.4659450054168701171875 HTTP/1.1" 200 - "-" "WordPress/7.0.2; https://lorfemglobal.shop"
104.23.221.8 - - [22/Jul/2026:20:10:01 +0000] "GET /wp-admin/install.php?step=1 HTTP/1.1" 404 83028 "-" "http://lorfemglobal.shop/wp-admin/install.php?step=1"
198.177.124.148 - - [22/Jul/2026:20:28:57 +0000] "POST /wp-cron.php?doing_wp_cron=1784752137.5505750179290771484375 HTTP/1.1" 200 - "-" "WordPress/7.0.2; https://lorfemglobal.shop"
172.71.144.132 - - [22/Jul/2026:20:28:55 +0000] "GET /wp-admin/install.php?step=1 HTTP/1.1" 404 83028 "-" "http://lorfemglobal.shop/wp-admin/install.php?step=1"
198.177.124.148 - - [22/Jul/2026:20:46:16 +0000] "POST /wp-cron.php?doing_wp_cron=1784753176.4206910133361816406250 HTTP/1.1" 200 - "-" "WordPress/7.0.2; https://lorfemglobal.shop"
66.249.75.73 - - [22/Jul/2026:20:46:13 +0000] "GET /robots.txt HTTP/1.1" 200 118 "-" "Mozilla/5.0 (compatible; Googlebot/2.1; +http://www.google.com/bot.html)"
66.249.75.75 - - [22/Jul/2026:20:46:13 +0000] "GET /saiga.php?sitemap325.xml HTTP/1.1" 404 83017 "-" "Mozilla/5.0 (compatible; Googlebot/2.1; +http://www.google.com/bot.html)"
198.177.124.148 - - [22/Jul/2026:21:00:03 +0000] "POST /wp-cron.php?doing_wp_cron=1784754003.8108899593353271484375 HTTP/1.1" 200 - "-" "WordPress/7.0.2; https://lorfemglobal.shop"
172.64.192.169 - - [22/Jul/2026:20:59:59 +0000] "GET /wp-admin/install.php?step=1 HTTP/1.1" 404 83028 "-" "http://lorfemglobal.shop/wp-admin/install.php?step=1"
198.177.124.148 - - [22/Jul/2026:21:15:05 +0000] "POST /wp-cron.php?doing_wp_cron=1784754905.8951690196990966796875 HTTP/1.1" 200 - "-" "WordPress/7.0.2; https://lorfemglobal.shop"
172.71.164.106 - - [22/Jul/2026:21:14:58 +0000] "GET /wp-admin/install.php?step=1 HTTP/1.1" 404 83028 "-" "http://lorfemglobal.shop/wp-admin/install.php?step=1"
198.177.124.148 - - [22/Jul/2026:21:20:22 +0000] "POST /wp-cron.php?doing_wp_cron=1784755222.0860641002655029296875 HTTP/1.1" 200 - "-" "WordPress/7.0.2; https://lorfemglobal.shop"
172.71.178.104 - - [22/Jul/2026:21:20:18 +0000] "GET /wp-admin/install.php?step=1 HTTP/1.1" 404 83028 "-" "http://lorfemglobal.shop/wp-admin/install.php?step=1"
172.71.148.146 - - [22/Jul/2026:21:20:36 +0000] "GET /wp-admin/install.php?step=1 HTTP/1.1" 404 83028 "-" "http://lorfemglobal.shop/wp-admin/install.php?step=1"
162.158.94.64 - - [22/Jul/2026:17:39:04 +0000] "GET /wp-admin/install.php?step=1 HTTP/1.1" 404 83028 "-" "http://lorfemglobal.shop/wp-admin/install.php?step=1"
198.177.124.148 - - [22/Jul/2026:21:44:28 +0000] "POST /wp-cron.php?doing_wp_cron=1784756668.1269729137420654296875 HTTP/1.1" 200 - "-" "WordPress/7.0.2; https://lorfemglobal.shop"
35.188.228.128 - - [22/Jul/2026:21:44:24 +0000] "GET /bootstrap.php HTTP/1.1" 404 83021 "-" "Mozilla/5.0 (Windows NT 10.0; Win64; x64) AppleWebKit/537.36 (KHTML, like Gecko) Chrome/91.0.4472.124 Safari/537.36"
35.188.228.128 - - [22/Jul/2026:21:44:24 +0000] "GET /system/bootstrap.php HTTP/1.1" 404 83028 "-" "Mozilla/5.0 (Windows NT 10.0; Win64; x64) AppleWebKit/537.36 (KHTML, like Gecko) Chrome/91.0.4472.124 Safari/537.36"
198.177.124.148 - - [22/Jul/2026:22:02:14 +0000] "GET /.well-known/acme-challenge/KF51D17UOS9ZKGKVZBM64RF8BZH7CWH- HTTP/1.1" 200 64 "-" "Cpanel-HTTP-Client/1.0"
198.177.124.148 - - [22/Jul/2026:22:02:14 +0000] "GET /.well-known/acme-challenge/E4MWQMPMSIMNJLXZ096TT6HZXB-QW9W5 HTTP/1.1" 200 64 "-" "Cpanel-HTTP-Client/1.0"
198.177.124.148 - - [22/Jul/2026:22:08:24 +0000] "POST /wp-cron.php?doing_wp_cron=1784758104.7410919666290283203125 HTTP/1.1" 200 - "-" "WordPress/7.0.2; https://lorfemglobal.shop"
66.249.75.73 - - [22/Jul/2026:22:08:22 +0000] "GET /robots.txt HTTP/1.1" 200 118 "-" "Mozilla/5.0 (compatible; Googlebot/2.1; +http://www.google.com/bot.html)"
198.177.124.148 - - [22/Jul/2026:22:08:44 +0000] "POST /wp-cron.php?doing_wp_cron=1784758124.5222690105438232421875 HTTP/1.1" 200 - "-" "WordPress/7.0.2; https://lorfemglobal.shop"
66.249.75.73 - - [22/Jul/2026:22:08:43 +0000] "GET / HTTP/1.1" 200 99475 "-" "Mozilla/5.0 (Linux; Android 6.0.1; Nexus 5X Build/MMB29P) AppleWebKit/537.36 (KHTML, like Gecko) Chrome/150.0.7871.128 Mobile Safari/537.36 (compatible; Googlebot/2.1; +http://www.google.com/bot.html)"
198.177.124.148 - - [22/Jul/2026:22:11:29 +0000] "POST /wp-cron.php?doing_wp_cron=1784758289.0556559562683105468750 HTTP/1.1" 200 - "-" "WordPress/7.0.2; https://lorfemglobal.shop"
172.70.240.85 - - [22/Jul/2026:22:11:26 +0000] "GET /wp-admin/install.php?step=1 HTTP/1.1" 404 83028 "-" "http://lorfemglobal.shop/wp-admin/install.php?step=1"
66.249.75.75 - - [22/Jul/2026:18:20:18 +0000] "GET /ammika.php?b=59099254441 HTTP/1.1" 404 83018 "-" "Mozilla/5.0 (compatible; Googlebot/2.1; +http://www.google.com/bot.html)"
198.177.124.148 - - [22/Jul/2026:22:22:26 +0000] "POST /wp-cron.php?doing_wp_cron=1784758946.0856649875640869140625 HTTP/1.1" 200 - "-" "WordPress/7.0.2; https://lorfemglobal.shop"
172.70.243.153 - - [22/Jul/2026:22:22:24 +0000] "GET /wp-admin/install.php?step=1 HTTP/1.1" 404 83028 "-" "http://lorfemglobal.shop/wp-admin/install.php?step=1"
198.177.124.148 - - [22/Jul/2026:22:28:59 +0000] "POST /wp-cron.php?doing_wp_cron=1784759339.5150790214538574218750 HTTP/1.1" 200 - "-" "WordPress/7.0.2; https://lorfemglobal.shop"
104.23.221.8 - - [22/Jul/2026:22:28:57 +0000] "GET /wp-admin/install.php?step=1 HTTP/1.1" 404 83028 "-" "http://lorfemglobal.shop/wp-admin/install.php?step=1"
198.177.124.148 - - [22/Jul/2026:22:32:37 +0000] "POST /wp-cron.php?doing_wp_cron=1784759556.9922049045562744140625 HTTP/1.1" 200 - "-" "WordPress/7.0.2; https://lorfemglobal.shop"
45.92.85.197 - - [22/Jul/2026:22:32:31 +0000] "GET / HTTP/1.1" 200 99475 "-" "Mozilla/5.0 (Windows NT 10.0; Win64; x64) AppleWebKit/537.36 (KHTML, like Gecko) Chrome/94.0.4606.61 Safari/537.36"
198.177.124.148 - - [22/Jul/2026:22:50:40 +0000] "POST /wp-cron.php?doing_wp_cron=1784760640.2045640945434570312500 HTTP/1.1" 200 - "-" "WordPress/7.0.2; https://lorfemglobal.shop"
