HEX
Server: Apache
System: Linux server1.yalehafricanfoods.shop 5.14.0-687.15.1.el9_8.x86_64 #1 SMP PREEMPT_DYNAMIC Thu Jun 11 08:51:45 EDT 2026 x86_64
User: yalenocb (1002)
PHP: 8.1.34
Disabled: NONE
Upload Files
File: /home/yalenocb/access-logs/lorfemglobal.shop.yalehafricanfoods.shop
198.177.124.148 - - [21/Jul/2026:07:27:56 +0000] "POST /wp-cron.php?doing_wp_cron=1784618876.1917080879211425781250 HTTP/1.1" 200 - "-" "WordPress/7.0.2; https://lorfemglobal.shop"
104.23.239.81 - - [21/Jul/2026:07:27:55 +0000] "GET /wp-admin/install.php?step=1 HTTP/1.1" 200 1390 "-" "http://lorfemglobal.shop/wp-admin/install.php?step=1"
198.177.124.148 - - [21/Jul/2026:07:29:27 +0000] "POST /wp-cron.php?doing_wp_cron=1784618967.8589770793914794921875 HTTP/1.1" 200 - "-" "WordPress/7.0.2; https://lorfemglobal.shop"
165.232.156.30 - - [21/Jul/2026:07:29:24 +0000] "GET / HTTP/1.1" 200 98854 "-" "Mozilla/5.0 (X11; Linux x86_64) AppleWebKit/537.36 (KHTML, like Gecko) Chrome/142.0.0.0 Safari/537.36"
198.177.124.148 - - [21/Jul/2026:07:56:11 +0000] "POST /wp-cron.php?doing_wp_cron=1784620571.2038938999176025390625 HTTP/1.1" 200 - "-" "WordPress/7.0.2; https://lorfemglobal.shop"
104.23.221.9 - - [21/Jul/2026:07:56:10 +0000] "GET /wp-admin/install.php?step=1 HTTP/1.1" 200 1390 "-" "http://lorfemglobal.shop/wp-admin/install.php?step=1"
198.177.124.148 - - [21/Jul/2026:07:57:13 +0000] "POST /wp-cron.php?doing_wp_cron=1784620633.0196149349212646484375 HTTP/1.1" 200 - "-" "WordPress/7.0.2; https://lorfemglobal.shop"
162.158.182.94 - - [21/Jul/2026:07:57:11 +0000] "GET /wp-admin/install.php?step=1 HTTP/1.1" 200 1390 "-" "http://lorfemglobal.shop/wp-admin/install.php?step=1"
198.177.124.148 - - [21/Jul/2026:08:03:17 +0000] "POST /wp-cron.php?doing_wp_cron=1784620997.3878378868103027343750 HTTP/1.1" 200 - "-" "WordPress/7.0.2; https://lorfemglobal.shop"
104.23.223.92 - - [21/Jul/2026:08:03:15 +0000] "GET /wp-admin/install.php?step=1 HTTP/1.1" 200 1390 "-" "http://lorfemglobal.shop/wp-admin/install.php?step=1"
198.177.124.148 - - [21/Jul/2026:08:13:42 +0000] "POST /wp-cron.php?doing_wp_cron=1784621622.8826379776000976562500 HTTP/1.1" 200 - "-" "WordPress/7.0.2; https://lorfemglobal.shop"
162.158.86.134 - - [21/Jul/2026:08:13:41 +0000] "GET /wp-admin/install.php?step=1 HTTP/1.1" 200 1390 "-" "http://lorfemglobal.shop/wp-admin/install.php?step=1"
43.164.190.28 - - [21/Jul/2026:08:25:31 +0000] "GET / HTTP/1.1" 200 98854 "-" "Mozilla/5.0 (iPhone; CPU iPhone OS 13_2_3 like Mac OS X) AppleWebKit/605.1.15 (KHTML, like Gecko) Version/13.0.3 Mobile/15E148 Safari/604.1"
162.158.182.95 - - [21/Jul/2026:08:37:28 +0000] "GET /wp-admin/install.php?step=1 HTTP/1.1" 200 1390 "-" "http://lorfemglobal.shop/wp-admin/install.php?step=1"
198.177.124.148 - - [21/Jul/2026:08:38:30 +0000] "POST /wp-cron.php?doing_wp_cron=1784623110.0760331153869628906250 HTTP/1.1" 200 - "-" "WordPress/7.0.2; https://lorfemglobal.shop"
172.69.151.177 - - [21/Jul/2026:08:38:29 +0000] "GET /wp-admin/install.php?step=1 HTTP/1.1" 200 1390 "-" "http://lorfemglobal.shop/wp-admin/install.php?step=1"
198.177.124.148 - - [21/Jul/2026:09:11:46 +0000] "POST /wp-cron.php?doing_wp_cron=1784625106.4791269302368164062500 HTTP/1.1" 200 - "-" "WordPress/7.0.2; https://lorfemglobal.shop"
172.70.240.84 - - [21/Jul/2026:09:11:45 +0000] "GET /wp-admin/install.php?step=1 HTTP/1.1" 200 1390 "-" "http://lorfemglobal.shop/wp-admin/install.php?step=1"
198.177.124.148 - - [21/Jul/2026:09:12:35 +0000] "POST /wp-cron.php?doing_wp_cron=1784625155.3250410556793212890625 HTTP/1.1" 200 - "-" "WordPress/7.0.2; https://lorfemglobal.shop"
172.71.164.106 - - [21/Jul/2026:09:12:34 +0000] "GET /wp-admin/install.php?step=1 HTTP/1.1" 200 1390 "-" "http://lorfemglobal.shop/wp-admin/install.php?step=1"
198.177.124.148 - - [21/Jul/2026:09:14:55 +0000] "POST /wp-cron.php?doing_wp_cron=1784625295.8177120685577392578125 HTTP/1.1" 200 - "-" "WordPress/7.0.2; https://lorfemglobal.shop"
43.134.23.177 - - [21/Jul/2026:09:14:54 +0000] "GET / HTTP/1.1" 301 - "-" "Mozilla/5.0 (iPhone; CPU iPhone OS 13_2_3 like Mac OS X) AppleWebKit/605.1.15 (KHTML, like Gecko) Version/13.0.3 Mobile/15E148 Safari/604.1"
43.134.23.177 - - [21/Jul/2026:09:14:56 +0000] "GET / HTTP/1.1" 200 98854 "http://www.lorfemglobal.shop" "Mozilla/5.0 (iPhone; CPU iPhone OS 13_2_3 like Mac OS X) AppleWebKit/605.1.15 (KHTML, like Gecko) Version/13.0.3 Mobile/15E148 Safari/604.1"
198.177.124.148 - - [21/Jul/2026:09:15:38 +0000] "POST /wp-cron.php?doing_wp_cron=1784625338.6353449821472167968750 HTTP/1.1" 200 - "-" "WordPress/7.0.2; https://lorfemglobal.shop"
202.134.9.140 - - [21/Jul/2026:09:15:35 +0000] "POST /wp-login.php HTTP/1.1" 302 - "http://lorfemglobal.shop/wp-admin/" "Mozilla/5.0 (Windows NT 10.0; Win64; x64) AppleWebKit/537.36 (KHTML, like Gecko) Chrome/90.0.4430.85 Safari/537.36"
198.177.124.148 - - [21/Jul/2026:09:21:37 +0000] "POST /wp-cron.php?doing_wp_cron=1784625697.9795260429382324218750 HTTP/1.1" 200 - "-" "WordPress/7.0.2; https://lorfemglobal.shop"
151.115.100.29 - - [21/Jul/2026:09:21:34 +0000] "HEAD / HTTP/1.1" 200 - "-" "python-httpx/0.28.1"
151.115.100.29 - - [21/Jul/2026:09:21:48 +0000] "GET / HTTP/1.1" 200 98854 "-" "Mozilla/5.0 (X11; Linux x86_64) AppleWebKit/537.36 (KHTML, like Gecko) Chrome/134.0.0.0 Safari/537.3"
151.115.100.29 - - [21/Jul/2026:09:21:52 +0000] "GET /wp-includes/blocks/navigation/style.min.css?ver=7.0.2 HTTP/1.1" 200 20709 "http://lorfemglobal.shop/" "Mozilla/5.0 (X11; Linux x86_64) AppleWebKit/537.36 (KHTML, like Gecko) Chrome/134.0.0.0 Safari/537.3"
151.115.100.29 - - [21/Jul/2026:09:21:52 +0000] "GET /wp-includes/js/jquery/jquery.min.js?ver=3.7.1 HTTP/1.1" 200 87553 "http://lorfemglobal.shop/" "Mozilla/5.0 (X11; Linux x86_64) AppleWebKit/537.36 (KHTML, like Gecko) Chrome/134.0.0.0 Safari/537.3"
151.115.100.29 - - [21/Jul/2026:09:21:52 +0000] "GET /wp-includes/js/jquery/jquery-migrate.min.js?ver=3.4.1 HTTP/1.1" 200 13577 "http://lorfemglobal.shop/" "Mozilla/5.0 (X11; Linux x86_64) AppleWebKit/537.36 (KHTML, like Gecko) Chrome/134.0.0.0 Safari/537.3"
151.115.100.29 - - [21/Jul/2026:09:21:52 +0000] "GET /wp-content/themes/twentytwentyfour/assets/images/tourist-and-building.webp HTTP/1.1" 200 66482 "http://lorfemglobal.shop/" "Mozilla/5.0 (X11; Linux x86_64) AppleWebKit/537.36 (KHTML, like Gecko) Chrome/134.0.0.0 Safari/537.3"
151.115.100.29 - - [21/Jul/2026:09:21:52 +0000] "GET /wp-content/themes/twentytwentyfour/assets/images/building-exterior.webp HTTP/1.1" 200 199724 "http://lorfemglobal.shop/" "Mozilla/5.0 (X11; Linux x86_64) AppleWebKit/537.36 (KHTML, like Gecko) Chrome/134.0.0.0 Safari/537.3"
151.115.100.29 - - [21/Jul/2026:09:21:53 +0000] "GET /wp-content/themes/twentytwentyfour/assets/images/windows.webp HTTP/1.1" 200 126244 "http://lorfemglobal.shop/" "Mozilla/5.0 (X11; Linux x86_64) AppleWebKit/537.36 (KHTML, like Gecko) Chrome/134.0.0.0 Safari/537.3"
151.115.100.29 - - [21/Jul/2026:09:21:53 +0000] "GET /wp-includes/js/dist/script-modules/interactivity/index.min.js?ver=efaa5193bbad9c60ffd1 HTTP/1.1" 200 40106 "http://lorfemglobal.shop/" "Mozilla/5.0 (X11; Linux x86_64) AppleWebKit/537.36 (KHTML, like Gecko) Chrome/134.0.0.0 Safari/537.3"
151.115.100.29 - - [21/Jul/2026:09:21:53 +0000] "GET /wp-content/plugins/pixelyoursite/dist/scripts/jquery.bind-first-0.2.3.min.js?ver=0.2.3 HTTP/1.1" 200 1317 "http://lorfemglobal.shop/" "Mozilla/5.0 (X11; Linux x86_64) AppleWebKit/537.36 (KHTML, like Gecko) Chrome/134.0.0.0 Safari/537.3"
151.115.100.29 - - [21/Jul/2026:09:21:53 +0000] "GET /wp-includes/js/dist/script-modules/block-library/navigation/view.min.js?ver=96a846e1d7b789c39ab9 HTTP/1.1" 200 3053 "http://lorfemglobal.shop/" "Mozilla/5.0 (X11; Linux x86_64) AppleWebKit/537.36 (KHTML, like Gecko) Chrome/134.0.0.0 Safari/537.3"
151.115.100.29 - - [21/Jul/2026:09:21:53 +0000] "GET /wp-content/plugins/pixelyoursite/dist/scripts/tld.min.js?ver=2.3.1 HTTP/1.1" 200 141079 "http://lorfemglobal.shop/" "Mozilla/5.0 (X11; Linux x86_64) AppleWebKit/537.36 (KHTML, like Gecko) Chrome/134.0.0.0 Safari/537.3"
151.115.100.29 - - [21/Jul/2026:09:21:53 +0000] "GET /wp-content/themes/twentytwentyfour/assets/fonts/inter/Inter-VariableFont_slnt,wght.woff2 HTTP/1.1" 200 326628 "http://lorfemglobal.shop/" "Mozilla/5.0 (X11; Linux x86_64) AppleWebKit/537.36 (KHTML, like Gecko) Chrome/134.0.0.0 Safari/537.3"
151.115.100.29 - - [21/Jul/2026:09:21:53 +0000] "GET /wp-content/themes/twentytwentyfour/assets/fonts/cardo/cardo_normal_400.woff2 HTTP/1.1" 200 146060 "http://lorfemglobal.shop/" "Mozilla/5.0 (X11; Linux x86_64) AppleWebKit/537.36 (KHTML, like Gecko) Chrome/134.0.0.0 Safari/537.3"
151.115.100.29 - - [21/Jul/2026:09:21:53 +0000] "GET /wp-content/plugins/pixelyoursite/dist/scripts/js.cookie-2.1.3.min.js?ver=2.1.3 HTTP/1.1" 200 1709 "http://lorfemglobal.shop/" "Mozilla/5.0 (X11; Linux x86_64) AppleWebKit/537.36 (KHTML, like Gecko) Chrome/134.0.0.0 Safari/537.3"
151.115.100.29 - - [21/Jul/2026:09:21:53 +0000] "GET /wp-content/plugins/pixelyoursite/dist/scripts/public.js?ver=11.2.1 HTTP/1.1" 200 172979 "http://lorfemglobal.shop/" "Mozilla/5.0 (X11; Linux x86_64) AppleWebKit/537.36 (KHTML, like Gecko) Chrome/134.0.0.0 Safari/537.3"
151.115.100.29 - - [21/Jul/2026:09:21:53 +0000] "GET /wp-content/themes/twentytwentyfour/assets/fonts/cardo/cardo_italic_400.woff2 HTTP/1.1" 200 105184 "http://lorfemglobal.shop/" "Mozilla/5.0 (X11; Linux x86_64) AppleWebKit/537.36 (KHTML, like Gecko) Chrome/134.0.0.0 Safari/537.3"
151.115.100.29 - - [21/Jul/2026:09:21:53 +0000] "GET /wp-includes/js/wp-emoji-release.min.js?ver=7.0.2 HTTP/1.1" 200 22752 "http://lorfemglobal.shop/" "Mozilla/5.0 (X11; Linux x86_64) AppleWebKit/537.36 (KHTML, like Gecko) Chrome/134.0.0.0 Safari/537.3"
151.115.100.29 - - [21/Jul/2026:09:21:53 +0000] "GET /favicon.ico HTTP/1.1" 302 - "http://lorfemglobal.shop/" "Mozilla/5.0 (X11; Linux x86_64) AppleWebKit/537.36 (KHTML, like Gecko) Chrome/134.0.0.0 Safari/537.3"
151.115.100.29 - - [21/Jul/2026:09:21:56 +0000] "GET /wp-includes/images/w-logo-blue-white-bg.png HTTP/1.1" 200 4119 "http://lorfemglobal.shop/" "Mozilla/5.0 (X11; Linux x86_64) AppleWebKit/537.36 (KHTML, like Gecko) Chrome/134.0.0.0 Safari/537.3"
151.115.100.29 - - [21/Jul/2026:09:21:58 +0000] "GET /favicon.ico HTTP/1.1" 302 - "-" "Mozilla/5.0 (X11; Linux x86_64) AppleWebKit/537.36 (KHTML, like Gecko) Chrome/134.0.0.0 Safari/537.3"
151.115.100.29 - - [21/Jul/2026:09:21:59 +0000] "GET /wp-includes/images/w-logo-blue-white-bg.png HTTP/1.1" 200 4119 "-" "Mozilla/5.0 (X11; Linux x86_64) AppleWebKit/537.36 (KHTML, like Gecko) Chrome/134.0.0.0 Safari/537.3"
151.115.100.29 - - [21/Jul/2026:09:22:09 +0000] "GET /ads.txt HTTP/1.1" 404 82350 "-" "Mozilla/5.0 (X11; Linux x86_64) AppleWebKit/537.36 (KHTML, like Gecko) Chrome/134.0.0.0 Safari/537.3"
151.115.100.29 - - [21/Jul/2026:09:22:12 +0000] "GET /app-ads.txt HTTP/1.1" 404 82354 "-" "Mozilla/5.0 (X11; Linux x86_64) AppleWebKit/537.36 (KHTML, like Gecko) Chrome/134.0.0.0 Safari/537.3"
151.115.100.29 - - [21/Jul/2026:09:22:15 +0000] "GET /sellers.json HTTP/1.1" 404 82355 "-" "Mozilla/5.0 (X11; Linux x86_64) AppleWebKit/537.36 (KHTML, like Gecko) Chrome/134.0.0.0 Safari/537.3"
198.177.124.148 - - [21/Jul/2026:09:27:11 +0000] "POST /wp-cron.php?doing_wp_cron=1784626031.6375529766082763671875 HTTP/1.1" 200 - "-" "WordPress/7.0.2; https://lorfemglobal.shop"
51.158.203.181 - - [21/Jul/2026:09:27:09 +0000] "HEAD / HTTP/1.1" 200 - "-" "python-httpx/0.28.1"
51.158.203.181 - - [21/Jul/2026:09:27:16 +0000] "GET / HTTP/1.1" 200 98854 "-" "Mozilla/5.0 (X11; Linux x86_64) AppleWebKit/537.36 (KHTML, like Gecko) Chrome/134.0.0.0 Safari/537.3"
51.158.203.181 - - [21/Jul/2026:09:27:20 +0000] "GET /wp-includes/blocks/navigation/style.min.css?ver=7.0.2 HTTP/1.1" 200 20709 "http://lorfemglobal.shop/" "Mozilla/5.0 (X11; Linux x86_64) AppleWebKit/537.36 (KHTML, like Gecko) Chrome/134.0.0.0 Safari/537.3"
51.158.203.181 - - [21/Jul/2026:09:27:20 +0000] "GET /wp-content/themes/twentytwentyfour/assets/images/tourist-and-building.webp HTTP/1.1" 200 66482 "http://lorfemglobal.shop/" "Mozilla/5.0 (X11; Linux x86_64) AppleWebKit/537.36 (KHTML, like Gecko) Chrome/134.0.0.0 Safari/537.3"
51.158.203.181 - - [21/Jul/2026:09:27:20 +0000] "GET /wp-includes/js/jquery/jquery.min.js?ver=3.7.1 HTTP/1.1" 200 87553 "http://lorfemglobal.shop/" "Mozilla/5.0 (X11; Linux x86_64) AppleWebKit/537.36 (KHTML, like Gecko) Chrome/134.0.0.0 Safari/537.3"
51.158.203.181 - - [21/Jul/2026:09:27:20 +0000] "GET /wp-includes/js/jquery/jquery-migrate.min.js?ver=3.4.1 HTTP/1.1" 200 13577 "http://lorfemglobal.shop/" "Mozilla/5.0 (X11; Linux x86_64) AppleWebKit/537.36 (KHTML, like Gecko) Chrome/134.0.0.0 Safari/537.3"
51.158.203.181 - - [21/Jul/2026:09:27:20 +0000] "GET /wp-content/themes/twentytwentyfour/assets/images/building-exterior.webp HTTP/1.1" 200 199724 "http://lorfemglobal.shop/" "Mozilla/5.0 (X11; Linux x86_64) AppleWebKit/537.36 (KHTML, like Gecko) Chrome/134.0.0.0 Safari/537.3"
51.158.203.181 - - [21/Jul/2026:09:27:20 +0000] "GET /wp-content/themes/twentytwentyfour/assets/images/windows.webp HTTP/1.1" 200 126244 "http://lorfemglobal.shop/" "Mozilla/5.0 (X11; Linux x86_64) AppleWebKit/537.36 (KHTML, like Gecko) Chrome/134.0.0.0 Safari/537.3"
51.158.203.181 - - [21/Jul/2026:09:27:20 +0000] "GET /wp-includes/js/dist/script-modules/block-library/navigation/view.min.js?ver=96a846e1d7b789c39ab9 HTTP/1.1" 200 3053 "http://lorfemglobal.shop/" "Mozilla/5.0 (X11; Linux x86_64) AppleWebKit/537.36 (KHTML, like Gecko) Chrome/134.0.0.0 Safari/537.3"
51.158.203.181 - - [21/Jul/2026:09:27:20 +0000] "GET /wp-content/plugins/pixelyoursite/dist/scripts/jquery.bind-first-0.2.3.min.js?ver=0.2.3 HTTP/1.1" 200 1317 "http://lorfemglobal.shop/" "Mozilla/5.0 (X11; Linux x86_64) AppleWebKit/537.36 (KHTML, like Gecko) Chrome/134.0.0.0 Safari/537.3"
51.158.203.181 - - [21/Jul/2026:09:27:20 +0000] "GET /wp-includes/js/dist/script-modules/interactivity/index.min.js?ver=efaa5193bbad9c60ffd1 HTTP/1.1" 200 40106 "http://lorfemglobal.shop/" "Mozilla/5.0 (X11; Linux x86_64) AppleWebKit/537.36 (KHTML, like Gecko) Chrome/134.0.0.0 Safari/537.3"
51.158.203.181 - - [21/Jul/2026:09:27:21 +0000] "GET /wp-content/plugins/pixelyoursite/dist/scripts/js.cookie-2.1.3.min.js?ver=2.1.3 HTTP/1.1" 200 1709 "http://lorfemglobal.shop/" "Mozilla/5.0 (X11; Linux x86_64) AppleWebKit/537.36 (KHTML, like Gecko) Chrome/134.0.0.0 Safari/537.3"
51.158.203.181 - - [21/Jul/2026:09:27:21 +0000] "GET /wp-content/themes/twentytwentyfour/assets/fonts/inter/Inter-VariableFont_slnt,wght.woff2 HTTP/1.1" 200 326628 "http://lorfemglobal.shop/" "Mozilla/5.0 (X11; Linux x86_64) AppleWebKit/537.36 (KHTML, like Gecko) Chrome/134.0.0.0 Safari/537.3"
51.158.203.181 - - [21/Jul/2026:09:27:21 +0000] "GET /wp-content/themes/twentytwentyfour/assets/fonts/cardo/cardo_italic_400.woff2 HTTP/1.1" 200 105184 "http://lorfemglobal.shop/" "Mozilla/5.0 (X11; Linux x86_64) AppleWebKit/537.36 (KHTML, like Gecko) Chrome/134.0.0.0 Safari/537.3"
51.158.203.181 - - [21/Jul/2026:09:27:21 +0000] "GET /wp-content/plugins/pixelyoursite/dist/scripts/tld.min.js?ver=2.3.1 HTTP/1.1" 200 141079 "http://lorfemglobal.shop/" "Mozilla/5.0 (X11; Linux x86_64) AppleWebKit/537.36 (KHTML, like Gecko) Chrome/134.0.0.0 Safari/537.3"
51.158.203.181 - - [21/Jul/2026:09:27:21 +0000] "GET /wp-content/themes/twentytwentyfour/assets/fonts/cardo/cardo_normal_400.woff2 HTTP/1.1" 200 146060 "http://lorfemglobal.shop/" "Mozilla/5.0 (X11; Linux x86_64) AppleWebKit/537.36 (KHTML, like Gecko) Chrome/134.0.0.0 Safari/537.3"
51.158.203.181 - - [21/Jul/2026:09:27:21 +0000] "GET /wp-content/plugins/pixelyoursite/dist/scripts/public.js?ver=11.2.1 HTTP/1.1" 200 172979 "http://lorfemglobal.shop/" "Mozilla/5.0 (X11; Linux x86_64) AppleWebKit/537.36 (KHTML, like Gecko) Chrome/134.0.0.0 Safari/537.3"
51.158.203.181 - - [21/Jul/2026:09:27:21 +0000] "GET /wp-includes/js/wp-emoji-release.min.js?ver=7.0.2 HTTP/1.1" 200 22752 "http://lorfemglobal.shop/" "Mozilla/5.0 (X11; Linux x86_64) AppleWebKit/537.36 (KHTML, like Gecko) Chrome/134.0.0.0 Safari/537.3"
51.158.203.181 - - [21/Jul/2026:09:27:21 +0000] "GET /favicon.ico HTTP/1.1" 302 - "http://lorfemglobal.shop/" "Mozilla/5.0 (X11; Linux x86_64) AppleWebKit/537.36 (KHTML, like Gecko) Chrome/134.0.0.0 Safari/537.3"
51.158.203.181 - - [21/Jul/2026:09:27:23 +0000] "GET /wp-includes/images/w-logo-blue-white-bg.png HTTP/1.1" 200 4119 "http://lorfemglobal.shop/" "Mozilla/5.0 (X11; Linux x86_64) AppleWebKit/537.36 (KHTML, like Gecko) Chrome/134.0.0.0 Safari/537.3"
51.158.203.181 - - [21/Jul/2026:09:27:26 +0000] "GET /favicon.ico HTTP/1.1" 302 - "-" "Mozilla/5.0 (X11; Linux x86_64) AppleWebKit/537.36 (KHTML, like Gecko) Chrome/134.0.0.0 Safari/537.3"
51.158.203.181 - - [21/Jul/2026:09:27:29 +0000] "GET /wp-includes/images/w-logo-blue-white-bg.png HTTP/1.1" 200 4119 "-" "Mozilla/5.0 (X11; Linux x86_64) AppleWebKit/537.36 (KHTML, like Gecko) Chrome/134.0.0.0 Safari/537.3"
51.158.203.181 - - [21/Jul/2026:09:27:37 +0000] "GET /ads.txt HTTP/1.1" 404 82350 "-" "Mozilla/5.0 (X11; Linux x86_64) AppleWebKit/537.36 (KHTML, like Gecko) Chrome/134.0.0.0 Safari/537.3"
51.158.203.181 - - [21/Jul/2026:09:27:40 +0000] "GET /app-ads.txt HTTP/1.1" 404 82354 "-" "Mozilla/5.0 (X11; Linux x86_64) AppleWebKit/537.36 (KHTML, like Gecko) Chrome/134.0.0.0 Safari/537.3"
51.158.203.181 - - [21/Jul/2026:09:27:44 +0000] "GET /sellers.json HTTP/1.1" 404 82355 "-" "Mozilla/5.0 (X11; Linux x86_64) AppleWebKit/537.36 (KHTML, like Gecko) Chrome/134.0.0.0 Safari/537.3"
198.177.124.148 - - [21/Jul/2026:09:40:12 +0000] "POST /wp-cron.php?doing_wp_cron=1784626812.6379060745239257812500 HTTP/1.1" 200 - "-" "WordPress/7.0.2; https://lorfemglobal.shop"
104.23.223.92 - - [21/Jul/2026:09:40:11 +0000] "GET /wp-admin/install.php?step=1 HTTP/1.1" 200 1390 "-" "http://lorfemglobal.shop/wp-admin/install.php?step=1"
198.177.124.148 - - [21/Jul/2026:09:51:12 +0000] "POST /wp-cron.php?doing_wp_cron=1784627472.0965559482574462890625 HTTP/1.1" 200 - "-" "WordPress/7.0.2; https://lorfemglobal.shop"
172.71.148.146 - - [21/Jul/2026:09:51:11 +0000] "GET /wp-admin/install.php?step=1 HTTP/1.1" 200 1390 "-" "http://lorfemglobal.shop/wp-admin/install.php?step=1"
198.177.124.148 - - [21/Jul/2026:09:51:17 +0000] "POST /wp-cron.php?doing_wp_cron=1784627477.1960148811340332031250 HTTP/1.1" 200 - "-" "WordPress/7.0.2; https://lorfemglobal.shop"
104.23.217.98 - - [21/Jul/2026:09:51:16 +0000] "GET /wp-admin/install.php?step=1 HTTP/1.1" 200 1390 "-" "http://lorfemglobal.shop/wp-admin/install.php?step=1"
198.177.124.148 - - [21/Jul/2026:10:02:32 +0000] "GET /.well-known/acme-challenge/03FK55HEK6W1_GTIEQ30ZVFFINVPSPJH HTTP/1.1" 200 64 "-" "Cpanel-HTTP-Client/1.0"
198.177.124.148 - - [21/Jul/2026:10:02:32 +0000] "GET /.well-known/acme-challenge/46GYQVRHNCH8-G47_S9B-9MN1MRP-B5W HTTP/1.1" 200 64 "-" "Cpanel-HTTP-Client/1.0"
66.249.75.75 - - [21/Jul/2026:10:08:58 +0000] "GET /robots.txt HTTP/1.1" 200 118 "-" "Mozilla/5.0 (compatible; Googlebot/2.1; +http://www.google.com/bot.html)"
66.249.75.73 - - [21/Jul/2026:10:09:00 +0000] "GET /ammika.php?sitemap270.xml HTTP/1.1" 404 82353 "-" "Mozilla/5.0 (compatible; Googlebot/2.1; +http://www.google.com/bot.html)"
198.177.124.148 - - [21/Jul/2026:10:18:15 +0000] "POST /wp-cron.php?doing_wp_cron=1784629095.8152170181274414062500 HTTP/1.1" 200 - "-" "WordPress/7.0.2; https://lorfemglobal.shop"
104.23.221.8 - - [21/Jul/2026:10:18:13 +0000] "GET /wp-admin/install.php?step=1 HTTP/1.1" 404 82363 "-" "http://lorfemglobal.shop/wp-admin/install.php?step=1"
162.158.182.95 - - [21/Jul/2026:10:30:46 +0000] "GET /wp-admin/install.php?step=1 HTTP/1.1" 404 82363 "-" "http://lorfemglobal.shop/wp-admin/install.php?step=1"
198.177.124.148 - - [21/Jul/2026:10:57:39 +0000] "POST /wp-cron.php?doing_wp_cron=1784631459.1197071075439453125000 HTTP/1.1" 200 - "-" "WordPress/7.0.2; https://lorfemglobal.shop"
104.23.223.92 - - [21/Jul/2026:10:57:34 +0000] "GET /wp-admin/install.php?step=1 HTTP/1.1" 404 82363 "-" "http://lorfemglobal.shop/wp-admin/install.php?step=1"
198.177.124.148 - - [21/Jul/2026:10:58:31 +0000] "POST /wp-cron.php?doing_wp_cron=1784631511.8715450763702392578125 HTTP/1.1" 200 - "-" "WordPress/7.0.2; https://lorfemglobal.shop"
172.70.248.84 - - [21/Jul/2026:10:58:28 +0000] "GET /wp-admin/install.php?step=1 HTTP/1.1" 404 82363 "-" "http://lorfemglobal.shop/wp-admin/install.php?step=1"
198.177.124.148 - - [21/Jul/2026:11:00:57 +0000] "POST /wp-cron.php?doing_wp_cron=1784631657.2061400413513183593750 HTTP/1.1" 200 - "-" "WordPress/7.0.2; https://lorfemglobal.shop"
172.70.248.84 - - [21/Jul/2026:11:00:52 +0000] "GET /wp-admin/install.php?step=1 HTTP/1.1" 404 82363 "-" "http://lorfemglobal.shop/wp-admin/install.php?step=1"
198.177.124.148 - - [21/Jul/2026:11:17:40 +0000] "POST /wp-cron.php?doing_wp_cron=1784632660.5348930358886718750000 HTTP/1.1" 200 - "-" "WordPress/7.0.2; https://lorfemglobal.shop"
104.23.221.8 - - [21/Jul/2026:11:17:37 +0000] "GET /wp-admin/install.php?step=1 HTTP/1.1" 404 82363 "-" "http://lorfemglobal.shop/wp-admin/install.php?step=1"
198.177.124.148 - - [21/Jul/2026:11:33:30 +0000] "POST /wp-cron.php?doing_wp_cron=1784633610.8415451049804687500000 HTTP/1.1" 200 - "-" "WordPress/7.0.2; https://lorfemglobal.shop"
172.70.248.85 - - [21/Jul/2026:11:33:28 +0000] "GET /wp-admin/install.php?step=1 HTTP/1.1" 404 82363 "-" "http://lorfemglobal.shop/wp-admin/install.php?step=1"
198.177.124.148 - - [21/Jul/2026:11:41:36 +0000] "POST /wp-cron.php?doing_wp_cron=1784634096.9686419963836669921875 HTTP/1.1" 200 - "-" "WordPress/7.0.2; https://lorfemglobal.shop"
104.23.239.81 - - [21/Jul/2026:11:41:34 +0000] "GET /wp-admin/install.php?step=1 HTTP/1.1" 404 82363 "-" "http://lorfemglobal.shop/wp-admin/install.php?step=1"
43.136.167.197 - - [21/Jul/2026:11:55:30 +0000] "GET / HTTP/1.1" 200 98854 "-" "Mozilla/5.0 (iPhone; CPU iPhone OS 13_2_3 like Mac OS X) AppleWebKit/605.1.15 (KHTML, like Gecko) Version/13.0.3 Mobile/15E148 Safari/604.1"
104.23.223.92 - - [21/Jul/2026:11:58:18 +0000] "GET /wp-admin/install.php?step=1 HTTP/1.1" 404 82363 "-" "http://lorfemglobal.shop/wp-admin/install.php?step=1"
198.177.124.148 - - [21/Jul/2026:12:05:15 +0000] "POST /wp-cron.php?doing_wp_cron=1784635515.5245580673217773437500 HTTP/1.1" 200 - "-" "WordPress/7.0.2; https://lorfemglobal.shop"
43.156.37.91 - - [21/Jul/2026:12:05:09 +0000] "GET / HTTP/1.1" 301 - "-" "Mozilla/5.0 (iPhone; CPU iPhone OS 13_2_3 like Mac OS X) AppleWebKit/605.1.15 (KHTML, like Gecko) Version/13.0.3 Mobile/15E148 Safari/604.1"
43.156.37.91 - - [21/Jul/2026:12:05:16 +0000] "GET / HTTP/1.1" 200 98854 "http://www.lorfemglobal.shop" "Mozilla/5.0 (iPhone; CPU iPhone OS 13_2_3 like Mac OS X) AppleWebKit/605.1.15 (KHTML, like Gecko) Version/13.0.3 Mobile/15E148 Safari/604.1"
198.177.124.148 - - [21/Jul/2026:12:14:14 +0000] "POST /wp-cron.php?doing_wp_cron=1784636054.4991459846496582031250 HTTP/1.1" 200 - "-" "WordPress/7.0.2; https://lorfemglobal.shop"
43.165.67.31 - - [21/Jul/2026:12:14:11 +0000] "GET / HTTP/1.1" 200 98854 "-" "Mozilla/5.0 (iPhone; CPU iPhone OS 13_2_3 like Mac OS X) AppleWebKit/605.1.15 (KHTML, like Gecko) Version/13.0.3 Mobile/15E148 Safari/604.1"
104.23.221.9 - - [21/Jul/2026:12:20:50 +0000] "GET /wp-admin/install.php?step=1 HTTP/1.1" 404 82363 "-" "http://lorfemglobal.shop/wp-admin/install.php?step=1"
198.177.124.148 - - [21/Jul/2026:12:34:17 +0000] "POST /wp-cron.php?doing_wp_cron=1784637257.5913350582122802734375 HTTP/1.1" 200 - "-" "WordPress/7.0.2; https://lorfemglobal.shop"
172.71.182.116 - - [21/Jul/2026:12:34:14 +0000] "GET /wp-admin/install.php?step=1 HTTP/1.1" 404 82363 "-" "http://lorfemglobal.shop/wp-admin/install.php?step=1"
198.177.124.148 - - [21/Jul/2026:12:49:21 +0000] "POST /wp-cron.php?doing_wp_cron=1784638161.0800540447235107421875 HTTP/1.1" 200 - "-" "WordPress/7.0.2; https://lorfemglobal.shop"
66.249.75.75 - - [21/Jul/2026:12:49:19 +0000] "GET /robots.txt HTTP/1.1" 200 118 "-" "Mozilla/5.0 (compatible; Googlebot/2.1; +http://www.google.com/bot.html)"
198.177.124.148 - - [21/Jul/2026:12:49:50 +0000] "POST /wp-cron.php?doing_wp_cron=1784638190.3295218944549560546875 HTTP/1.1" 200 - "-" "WordPress/7.0.2; https://lorfemglobal.shop"
66.249.75.73 - - [21/Jul/2026:12:49:46 +0000] "GET /?p=5224987940 HTTP/1.1" 404 82343 "-" "Mozilla/5.0 (Linux; Android 6.0.1; Nexus 5X Build/MMB29P) AppleWebKit/537.36 (KHTML, like Gecko) Chrome/150.0.7871.128 Mobile Safari/537.36 (compatible; GoogleOther)"
198.177.124.148 - - [21/Jul/2026:13:00:12 +0000] "POST /wp-cron.php?doing_wp_cron=1784638812.0437679290771484375000 HTTP/1.1" 200 - "-" "WordPress/7.0.2; https://lorfemglobal.shop"
43.164.192.151 - - [21/Jul/2026:13:00:08 +0000] "GET / HTTP/1.1" 301 - "-" "Mozilla/5.0 (iPhone; CPU iPhone OS 13_2_3 like Mac OS X) AppleWebKit/605.1.15 (KHTML, like Gecko) Version/13.0.3 Mobile/15E148 Safari/604.1"
43.164.192.151 - - [21/Jul/2026:13:00:12 +0000] "GET / HTTP/1.1" 200 98318 "http://www.lorfemglobal.shop" "Mozilla/5.0 (iPhone; CPU iPhone OS 13_2_3 like Mac OS X) AppleWebKit/605.1.15 (KHTML, like Gecko) Version/13.0.3 Mobile/15E148 Safari/604.1"
104.23.221.9 - - [21/Jul/2026:13:01:55 +0000] "GET /wp-admin/install.php?step=1 HTTP/1.1" 404 81959 "-" "http://lorfemglobal.shop/wp-admin/install.php?step=1"
198.177.124.148 - - [21/Jul/2026:13:02:29 +0000] "GET /.well-known/acme-challenge/83R94FGOLMHAC9PZJGZR3P60-8C0VSQU HTTP/1.1" 200 64 "-" "Cpanel-HTTP-Client/1.0"
198.177.124.148 - - [21/Jul/2026:13:02:30 +0000] "GET /.well-known/acme-challenge/B65AXZU1MZFT4KUWI6K2HEMVMC99V6I4 HTTP/1.1" 200 64 "-" "Cpanel-HTTP-Client/1.0"
184.72.162.103 - - [21/Jul/2026:13:08:41 +0000] "GET / HTTP/1.1" 200 98810 "-" "Mozilla/5.0 (Windows NT 10.0; WOW64) AppleWebKit/537.36 (KHTML, like Gecko) Chrome/70.0.3538.25 Safari/537.36 Core/1.70.3883.400 QQBrowser/10.8.4559.400"
104.23.221.8 - - [21/Jul/2026:13:12:36 +0000] "GET /wp-admin/install.php?step=1 HTTP/1.1" 404 82363 "-" "http://lorfemglobal.shop/wp-admin/install.php?step=1"
172.64.192.169 - - [21/Jul/2026:13:18:04 +0000] "GET /wp-admin/install.php?step=1 HTTP/1.1" 404 81959 "-" "http://lorfemglobal.shop/wp-admin/install.php?step=1"
198.177.124.148 - - [21/Jul/2026:13:34:57 +0000] "POST /wp-cron.php?doing_wp_cron=1784640897.5264129638671875000000 HTTP/1.1" 200 - "-" "WordPress/7.0.2; https://lorfemglobal.shop"
162.158.182.95 - - [21/Jul/2026:13:34:56 +0000] "GET /wp-admin/install.php?step=1 HTTP/1.1" 200 1390 "-" "http://lorfemglobal.shop/wp-admin/install.php?step=1"
198.177.124.148 - - [21/Jul/2026:13:49:06 +0000] "POST /wp-cron.php?doing_wp_cron=1784641746.5024189949035644531250 HTTP/1.1" 200 - "-" "WordPress/7.0.2; https://lorfemglobal.shop"
104.23.239.81 - - [21/Jul/2026:13:49:04 +0000] "GET /wp-admin/install.php?step=1 HTTP/1.1" 200 1390 "-" "http://lorfemglobal.shop/wp-admin/install.php?step=1"
198.177.124.148 - - [21/Jul/2026:14:07:33 +0000] "POST /wp-cron.php?doing_wp_cron=1784642853.2753748893737792968750 HTTP/1.1" 200 - "-" "WordPress/7.0.2; https://lorfemglobal.shop"
104.23.223.92 - - [21/Jul/2026:14:07:32 +0000] "GET /wp-admin/install.php?step=1 HTTP/1.1" 200 1390 "-" "http://lorfemglobal.shop/wp-admin/install.php?step=1"
198.177.124.148 - - [21/Jul/2026:14:12:55 +0000] "POST /wp-cron.php?doing_wp_cron=1784643175.4385380744934082031250 HTTP/1.1" 200 - "-" "WordPress/7.0.2; https://lorfemglobal.shop"
162.158.110.234 - - [21/Jul/2026:14:12:53 +0000] "GET /wp-admin/install.php?step=1 HTTP/1.1" 200 1390 "-" "http://lorfemglobal.shop/wp-admin/install.php?step=1"
198.177.124.148 - - [21/Jul/2026:14:37:26 +0000] "POST /wp-cron.php?doing_wp_cron=1784644646.3304119110107421875000 HTTP/1.1" 200 - "-" "WordPress/7.0.2; https://lorfemglobal.shop"
172.71.172.176 - - [21/Jul/2026:14:37:25 +0000] "GET /wp-admin/install.php?step=1 HTTP/1.1" 200 1390 "-" "http://lorfemglobal.shop/wp-admin/install.php?step=1"
198.177.124.148 - - [21/Jul/2026:14:55:21 +0000] "POST /wp-cron.php?doing_wp_cron=1784645721.7296469211578369140625 HTTP/1.1" 200 - "-" "WordPress/7.0.2; https://lorfemglobal.shop"
104.23.223.93 - - [21/Jul/2026:14:55:19 +0000] "GET /wp-admin/install.php?step=1 HTTP/1.1" 200 1390 "-" "http://lorfemglobal.shop/wp-admin/install.php?step=1"
198.177.124.148 - - [21/Jul/2026:15:02:21 +0000] "POST /wp-cron.php?doing_wp_cron=1784646141.4602689743041992187500 HTTP/1.1" 200 - "-" "WordPress/7.0.2; https://lorfemglobal.shop"
104.23.168.105 - - [21/Jul/2026:15:02:21 +0000] "GET /wp-admin/install.php?step=1 HTTP/1.1" 200 1390 "-" "http://lorfemglobal.shop/wp-admin/install.php?step=1"
43.131.243.61 - - [21/Jul/2026:15:03:42 +0000] "GET / HTTP/1.1" 301 - "-" "Mozilla/5.0 (iPhone; CPU iPhone OS 13_2_3 like Mac OS X) AppleWebKit/605.1.15 (KHTML, like Gecko) Version/13.0.3 Mobile/15E148 Safari/604.1"
43.131.243.61 - - [21/Jul/2026:15:03:47 +0000] "GET / HTTP/1.1" 200 98318 "http://www.lorfemglobal.shop" "Mozilla/5.0 (iPhone; CPU iPhone OS 13_2_3 like Mac OS X) AppleWebKit/605.1.15 (KHTML, like Gecko) Version/13.0.3 Mobile/15E148 Safari/604.1"
74.7.230.52 - - [21/Jul/2026:15:12:10 +0000] "GET /robots.txt HTTP/1.1" 200 118 "-" "Mozilla/5.0 (Macintosh; Intel Mac OS X 10_15_7) AppleWebKit/537.36 (KHTML, like Gecko) Chrome/131.0.0.0 Safari/537.36; compatible; OAI-SearchBot/1.4; robots.txt; +https://openai.com/searchbot"
74.7.241.56 - - [21/Jul/2026:15:12:10 +0000] "GET /sitemap817.xml HTTP/1.1" 404 81953 "-" "Mozilla/5.0 AppleWebKit/537.36 (KHTML, like Gecko; compatible; GPTBot/1.4; +https://openai.com/gptbot)"
74.7.241.56 - - [21/Jul/2026:15:16:49 +0000] "GET /sitemap549.xml HTTP/1.1" 404 81953 "-" "Mozilla/5.0 AppleWebKit/537.36 (KHTML, like Gecko; compatible; GPTBot/1.4; +https://openai.com/gptbot)"
74.7.241.56 - - [21/Jul/2026:15:16:52 +0000] "GET /sitemap522.xml HTTP/1.1" 404 81953 "-" "Mozilla/5.0 AppleWebKit/537.36 (KHTML, like Gecko; compatible; GPTBot/1.4; +https://openai.com/gptbot)"
74.7.241.56 - - [21/Jul/2026:15:19:16 +0000] "GET /sitemap948.xml HTTP/1.1" 404 81953 "-" "Mozilla/5.0 AppleWebKit/537.36 (KHTML, like Gecko; compatible; GPTBot/1.4; +https://openai.com/gptbot)"
74.7.241.56 - - [21/Jul/2026:15:20:48 +0000] "GET /sitemap711.xml HTTP/1.1" 404 81953 "-" "Mozilla/5.0 AppleWebKit/537.36 (KHTML, like Gecko; compatible; GPTBot/1.4; +https://openai.com/gptbot)"
198.177.124.148 - - [21/Jul/2026:15:20:53 +0000] "POST /wp-cron.php?doing_wp_cron=1784647253.1266169548034667968750 HTTP/1.1" 200 - "-" "WordPress/7.0.2; https://lorfemglobal.shop"
162.158.110.234 - - [21/Jul/2026:15:20:51 +0000] "GET /wp-admin/install.php?step=1 HTTP/1.1" 200 1390 "-" "http://lorfemglobal.shop/wp-admin/install.php?step=1"
105.113.129.153 - - [21/Jul/2026:15:24:40 +0000] "GET / HTTP/1.1" 200 98318 "-" "Mozilla/5.0 (X11; Linux x86_64) AppleWebKit/537.36 (KHTML, like Gecko) Chrome/150.0.0.0 Safari/537.36"
105.113.129.153 - - [21/Jul/2026:15:24:45 +0000] "GET /wp-includes/blocks/navigation/style.min.css?ver=7.0.2 HTTP/1.1" 200 20709 "http://lorfemglobal.shop/" "Mozilla/5.0 (X11; Linux x86_64) AppleWebKit/537.36 (KHTML, like Gecko) Chrome/150.0.0.0 Safari/537.36"
105.113.129.153 - - [21/Jul/2026:15:24:46 +0000] "GET /wp-includes/js/jquery/jquery.min.js?ver=3.7.1 HTTP/1.1" 200 87553 "http://lorfemglobal.shop/" "Mozilla/5.0 (X11; Linux x86_64) AppleWebKit/537.36 (KHTML, like Gecko) Chrome/150.0.0.0 Safari/537.36"
105.113.129.153 - - [21/Jul/2026:15:24:46 +0000] "GET /wp-includes/js/jquery/jquery-migrate.min.js?ver=3.4.1 HTTP/1.1" 200 13577 "http://lorfemglobal.shop/" "Mozilla/5.0 (X11; Linux x86_64) AppleWebKit/537.36 (KHTML, like Gecko) Chrome/150.0.0.0 Safari/537.36"
105.113.129.153 - - [21/Jul/2026:15:24:47 +0000] "GET /wp-content/themes/twentytwentyfour/assets/images/tourist-and-building.webp HTTP/1.1" 200 66482 "http://lorfemglobal.shop/" "Mozilla/5.0 (X11; Linux x86_64) AppleWebKit/537.36 (KHTML, like Gecko) Chrome/150.0.0.0 Safari/537.36"
105.113.129.153 - - [21/Jul/2026:15:24:47 +0000] "GET /wp-content/themes/twentytwentyfour/assets/images/building-exterior.webp HTTP/1.1" 200 199724 "http://lorfemglobal.shop/" "Mozilla/5.0 (X11; Linux x86_64) AppleWebKit/537.36 (KHTML, like Gecko) Chrome/150.0.0.0 Safari/537.36"
105.113.129.153 - - [21/Jul/2026:15:24:47 +0000] "GET /wp-content/themes/twentytwentyfour/assets/images/windows.webp HTTP/1.1" 200 126244 "http://lorfemglobal.shop/" "Mozilla/5.0 (X11; Linux x86_64) AppleWebKit/537.36 (KHTML, like Gecko) Chrome/150.0.0.0 Safari/537.36"
105.113.129.153 - - [21/Jul/2026:15:24:47 +0000] "GET /wp-includes/js/dist/script-modules/interactivity/index.min.js?ver=efaa5193bbad9c60ffd1 HTTP/1.1" 200 40106 "http://lorfemglobal.shop/" "Mozilla/5.0 (X11; Linux x86_64) AppleWebKit/537.36 (KHTML, like Gecko) Chrome/150.0.0.0 Safari/537.36"
105.113.129.153 - - [21/Jul/2026:15:24:47 +0000] "GET /wp-includes/js/dist/script-modules/block-library/navigation/view.min.js?ver=96a846e1d7b789c39ab9 HTTP/1.1" 200 3053 "http://lorfemglobal.shop/" "Mozilla/5.0 (X11; Linux x86_64) AppleWebKit/537.36 (KHTML, like Gecko) Chrome/150.0.0.0 Safari/537.36"
105.113.129.153 - - [21/Jul/2026:15:24:49 +0000] "GET /wp-content/themes/twentytwentyfour/assets/fonts/inter/Inter-VariableFont_slnt,wght.woff2 HTTP/1.1" 200 326628 "http://lorfemglobal.shop/" "Mozilla/5.0 (X11; Linux x86_64) AppleWebKit/537.36 (KHTML, like Gecko) Chrome/150.0.0.0 Safari/537.36"
105.113.129.153 - - [21/Jul/2026:15:24:49 +0000] "GET /wp-content/themes/twentytwentyfour/assets/fonts/cardo/cardo_normal_400.woff2 HTTP/1.1" 200 146060 "http://lorfemglobal.shop/" "Mozilla/5.0 (X11; Linux x86_64) AppleWebKit/537.36 (KHTML, like Gecko) Chrome/150.0.0.0 Safari/537.36"
105.113.129.153 - - [21/Jul/2026:15:24:50 +0000] "GET /wp-content/themes/twentytwentyfour/assets/fonts/cardo/cardo_italic_400.woff2 HTTP/1.1" 200 105184 "http://lorfemglobal.shop/" "Mozilla/5.0 (X11; Linux x86_64) AppleWebKit/537.36 (KHTML, like Gecko) Chrome/150.0.0.0 Safari/537.36"
105.113.129.153 - - [21/Jul/2026:15:24:51 +0000] "GET /wp-content/plugins/pixelyoursite/dist/scripts/jquery.bind-first-0.2.3.min.js?ver=0.2.3 HTTP/1.1" 200 1317 "http://lorfemglobal.shop/" "Mozilla/5.0 (X11; Linux x86_64) AppleWebKit/537.36 (KHTML, like Gecko) Chrome/150.0.0.0 Safari/537.36"
105.113.129.153 - - [21/Jul/2026:15:24:53 +0000] "GET /wp-content/plugins/pixelyoursite/dist/scripts/js.cookie-2.1.3.min.js?ver=2.1.3 HTTP/1.1" 200 1709 "http://lorfemglobal.shop/" "Mozilla/5.0 (X11; Linux x86_64) AppleWebKit/537.36 (KHTML, like Gecko) Chrome/150.0.0.0 Safari/537.36"
105.113.129.153 - - [21/Jul/2026:15:24:54 +0000] "GET /wp-content/plugins/pixelyoursite/dist/scripts/tld.min.js?ver=2.3.1 HTTP/1.1" 200 141079 "http://lorfemglobal.shop/" "Mozilla/5.0 (X11; Linux x86_64) AppleWebKit/537.36 (KHTML, like Gecko) Chrome/150.0.0.0 Safari/537.36"
198.177.124.148 - - [21/Jul/2026:15:28:03 +0000] "POST /wp-cron.php?doing_wp_cron=1784647683.5982658863067626953125 HTTP/1.1" 200 - "-" "WordPress/7.0.2; https://lorfemglobal.shop"
172.64.192.168 - - [21/Jul/2026:15:28:03 +0000] "GET /wp-admin/install.php?step=1 HTTP/1.1" 200 1390 "-" "http://lorfemglobal.shop/wp-admin/install.php?step=1"
198.177.124.148 - - [21/Jul/2026:15:47:25 +0000] "POST /wp-cron.php?doing_wp_cron=1784648845.0760340690612792968750 HTTP/1.1" 200 - "-" "WordPress/7.0.2; https://lorfemglobal.shop"
172.71.178.105 - - [21/Jul/2026:15:47:23 +0000] "GET /wp-admin/install.php?step=1 HTTP/1.1" 200 1390 "-" "http://lorfemglobal.shop/wp-admin/install.php?step=1"
198.177.124.148 - - [21/Jul/2026:16:02:27 +0000] "GET /.well-known/acme-challenge/TA95XSNEWHU98BFL94UUWZGNNHJ4J2NV HTTP/1.1" 200 64 "-" "Cpanel-HTTP-Client/1.0"
198.177.124.148 - - [21/Jul/2026:16:02:27 +0000] "GET /.well-known/acme-challenge/HV_QM0X7S_2CYKB24QYXYLW1W6CCA2K1 HTTP/1.1" 200 64 "-" "Cpanel-HTTP-Client/1.0"
170.106.72.93 - - [21/Jul/2026:16:03:10 +0000] "GET / HTTP/1.1" 200 98541 "-" "Mozilla/5.0 (iPhone; CPU iPhone OS 13_2_3 like Mac OS X) AppleWebKit/605.1.15 (KHTML, like Gecko) Version/13.0.3 Mobile/15E148 Safari/604.1"
198.177.124.148 - - [21/Jul/2026:16:16:02 +0000] "POST /wp-cron.php?doing_wp_cron=1784650562.8502259254455566406250 HTTP/1.1" 200 - "-" "WordPress/7.0.2; https://lorfemglobal.shop"
172.69.151.178 - - [21/Jul/2026:16:16:00 +0000] "GET /wp-admin/install.php?step=1 HTTP/1.1" 200 1390 "-" "http://lorfemglobal.shop/wp-admin/install.php?step=1"
198.177.124.148 - - [21/Jul/2026:16:22:13 +0000] "POST /wp-cron.php?doing_wp_cron=1784650933.4802899360656738281250 HTTP/1.1" 200 - "-" "WordPress/7.0.2; https://lorfemglobal.shop"
104.23.217.99 - - [21/Jul/2026:16:22:12 +0000] "GET /wp-admin/install.php?step=1 HTTP/1.1" 200 1390 "-" "http://lorfemglobal.shop/wp-admin/install.php?step=1"
85.11.167.136 - - [21/Jul/2026:16:38:36 +0000] "GET / HTTP/1.1" 200 98541 "-" "Mozilla/5.0 (Macintosh; Intel Mac OS X 10_15_7) AppleWebKit/605.1.15 (KHTML, like Gecko) Version/15.1 Safari/605.1.15"
85.11.167.136 - - [21/Jul/2026:16:38:40 +0000] "GET /wp-includes/js/jquery/jquery.min.js?ver=3.7.1 HTTP/1.1" 200 87553 "-" "Mozilla/5.0 (Macintosh; Intel Mac OS X 10_15_7) AppleWebKit/605.1.15 (KHTML, like Gecko) Version/15.1 Safari/605.1.15"
85.11.167.136 - - [21/Jul/2026:16:38:44 +0000] "GET /wp-includes/js/dist/script-modules/interactivity/index.min.js?ver=efaa5193bbad9c60ffd1 HTTP/1.1" 200 40106 "-" "Mozilla/5.0 (Windows NT 10.0; Win64; x64) AppleWebKit/537.36 Chrome/114.0.5735.110 Safari/537.36"
85.11.167.136 - - [21/Jul/2026:16:38:44 +0000] "GET /pys-config-warning-script HTTP/1.1" 404 82187 "-" "Mozilla/5.0 (Macintosh; Intel Mac OS X 10_15_7) AppleWebKit/605.1.15 (KHTML, like Gecko) Version/15.1 Safari/605.1.15"
85.11.167.136 - - [21/Jul/2026:16:38:47 +0000] "GET /wp-content/plugins/pixelyoursite/dist/scripts/js.cookie-2.1.3.min.js?ver=2.1.3 HTTP/1.1" 200 1709 "-" "Mozilla/5.0 (Macintosh; Intel Mac OS X 10_15_7) AppleWebKit/605.1.15 (KHTML, like Gecko) Version/15.1 Safari/605.1.15"
85.11.167.136 - - [21/Jul/2026:16:38:47 +0000] "GET /core-block-supports-inline-css HTTP/1.1" 404 82192 "-" "Mozilla/5.0 (X11; Linux x86_64) AppleWebKit/537.36 Chrome/113.0.0.0 Safari/537.36"
85.11.167.136 - - [21/Jul/2026:16:38:49 +0000] "GET /wp-includes/js/jquery/jquery-migrate.min.js?ver=3.4.1 HTTP/1.1" 200 13577 "-" "Mozilla/5.0 (Windows NT 10.0; Win64; x64) AppleWebKit/537.36 Chrome/114.0.5735.110 Safari/537.36"
85.11.167.136 - - [21/Jul/2026:16:38:49 +0000] "GET /actions.handleMenuKeydown HTTP/1.1" 404 82187 "-" "Mozilla/5.0 (Windows NT 10.0; Win64; x64) AppleWebKit/537.36 Chrome/114.0.5735.110 Safari/537.36"
85.11.167.136 - - [21/Jul/2026:16:38:53 +0000] "GET /wp-block-post-author-name HTTP/1.1" 404 82187 "-" "Mozilla/5.0 (Macintosh; Intel Mac OS X 10_15_7) AppleWebKit/605.1.15 (KHTML, like Gecko) Version/15.1 Safari/605.1.15"
85.11.167.136 - - [21/Jul/2026:16:38:55 +0000] "GET /wp-block-post-author-name__link HTTP/1.1" 404 82193 "-" "Mozilla/5.0 (Macintosh; Intel Mac OS X 10_15_7) AppleWebKit/605.1.15 (KHTML, like Gecko) Version/15.1 Safari/605.1.15"
85.11.167.136 - - [21/Jul/2026:16:38:58 +0000] "GET /wp-includes/js/dist/script-modules/block-library/navigation/view.min.js?ver=96a846e1d7b789c39ab9 HTTP/1.1" 200 3053 "-" "Mozilla/5.0 (Windows NT 10.0; Win64; x64) AppleWebKit/537.36 Chrome/114.0.5735.110 Safari/537.36"
85.11.167.136 - - [21/Jul/2026:16:38:58 +0000] "GET /wp-content/plugins/pixelyoursite/dist/scripts/tld.min.js?ver=2.3.1 HTTP/1.1" 200 141079 "-" "Mozilla/5.0 (X11; Linux x86_64) AppleWebKit/537.36 Chrome/113.0.0.0 Safari/537.36"
85.11.167.136 - - [21/Jul/2026:16:38:59 +0000] "GET /wp-includes/js/wp-emoji-loader.min.js HTTP/1.1" 200 2890 "-" "Mozilla/5.0 (Windows NT 10.0; Win64; x64) AppleWebKit/537.36 Chrome/114.0.5735.110 Safari/537.36"
85.11.167.136 - - [21/Jul/2026:16:39:05 +0000] "GET /wp-content/plugins/pixelyoursite/dist/scripts/public.js?ver=11.2.1 HTTP/1.1" 200 172979 "-" "Mozilla/5.0 (Macintosh; Intel Mac OS X 10_15_7) AppleWebKit/605.1.15 (KHTML, like Gecko) Version/15.1 Safari/605.1.15"
85.11.167.136 - - [21/Jul/2026:16:39:08 +0000] "GET /wp-includes/js/wp-emoji-release.min.js?ver=7.0.2 HTTP/1.1" 200 22752 "-" "Mozilla/5.0 (X11; Linux x86_64) AppleWebKit/537.36 Chrome/113.0.0.0 Safari/537.36"
85.11.167.136 - - [21/Jul/2026:16:39:08 +0000] "GET /wp-block-post-author-name-inline-css HTTP/1.1" 404 82198 "-" "Mozilla/5.0 (Macintosh; Intel Mac OS X 10_15_7) AppleWebKit/605.1.15 (KHTML, like Gecko) Version/15.1 Safari/605.1.15"
85.11.167.136 - - [21/Jul/2026:16:39:13 +0000] "GET /wp-content/plugins/pixelyoursite/dist/scripts/jquery.bind-first-0.2.3.min.js?ver=0.2.3 HTTP/1.1" 200 1317 "-" "Mozilla/5.0 (Macintosh; Intel Mac OS X 10_15_7) AppleWebKit/605.1.15 (KHTML, like Gecko) Version/15.1 Safari/605.1.15"
85.11.167.136 - - [21/Jul/2026:16:39:14 +0000] "GET /wp-emoji-settings HTTP/1.1" 404 82179 "-" "Mozilla/5.0 (X11; Linux x86_64) AppleWebKit/537.36 Chrome/113.0.0.0 Safari/537.36"
198.177.124.148 - - [21/Jul/2026:16:40:17 +0000] "POST /wp-cron.php?doing_wp_cron=1784652017.3556818962097167968750 HTTP/1.1" 200 - "-" "WordPress/7.0.2; https://lorfemglobal.shop"
104.23.223.92 - - [21/Jul/2026:16:40:16 +0000] "GET /wp-admin/install.php?step=1 HTTP/1.1" 200 1390 "-" "http://lorfemglobal.shop/wp-admin/install.php?step=1"
198.177.124.148 - - [21/Jul/2026:16:45:21 +0000] "POST /wp-cron.php?doing_wp_cron=1784652321.3325579166412353515625 HTTP/1.1" 200 - "-" "WordPress/7.0.2; https://lorfemglobal.shop"
104.23.217.98 - - [21/Jul/2026:16:45:19 +0000] "GET /wp-admin/install.php?step=1 HTTP/1.1" 200 1390 "-" "http://lorfemglobal.shop/wp-admin/install.php?step=1"
198.177.124.148 - - [21/Jul/2026:16:49:31 +0000] "POST /wp-cron.php?doing_wp_cron=1784652571.9618160724639892578125 HTTP/1.1" 200 - "-" "WordPress/7.0.2; https://lorfemglobal.shop"
43.130.72.177 - - [21/Jul/2026:16:49:27 +0000] "GET / HTTP/1.1" 301 - "-" "Mozilla/5.0 (iPhone; CPU iPhone OS 13_2_3 like Mac OS X) AppleWebKit/605.1.15 (KHTML, like Gecko) Version/13.0.3 Mobile/15E148 Safari/604.1"
43.130.72.177 - - [21/Jul/2026:16:49:32 +0000] "GET / HTTP/1.1" 200 98541 "http://www.lorfemglobal.shop" "Mozilla/5.0 (iPhone; CPU iPhone OS 13_2_3 like Mac OS X) AppleWebKit/605.1.15 (KHTML, like Gecko) Version/13.0.3 Mobile/15E148 Safari/604.1"
198.177.124.148 - - [21/Jul/2026:16:59:56 +0000] "POST /wp-cron.php?doing_wp_cron=1784653196.1950221061706542968750 HTTP/1.1" 200 - "-" "WordPress/7.0.2; https://lorfemglobal.shop"
104.23.223.93 - - [21/Jul/2026:16:59:54 +0000] "GET /wp-admin/install.php?step=1 HTTP/1.1" 200 1390 "-" "http://lorfemglobal.shop/wp-admin/install.php?step=1"
147.185.132.36 - - [21/Jul/2026:17:04:27 +0000] "GET / HTTP/1.1" 301 - "-" "Hello from Palo Alto Networks, find out more about our scans in https://docs-cortex.paloaltonetworks.com/r/1/Cortex-Xpanse/Scanning-activity"
104.23.217.98 - - [21/Jul/2026:17:23:36 +0000] "GET /wp-admin/install.php?step=1 HTTP/1.1" 200 1390 "-" "http://lorfemglobal.shop/wp-admin/install.php?step=1"
172.71.164.106 - - [21/Jul/2026:17:33:15 +0000] "GET /wp-admin/install.php?step=1 HTTP/1.1" 200 1390 "-" "http://lorfemglobal.shop/wp-admin/install.php?step=1"
66.249.75.75 - - [21/Jul/2026:17:38:39 +0000] "GET /robots.txt HTTP/1.1" 200 118 "-" "Mozilla/5.0 (compatible; Googlebot/2.1; +http://www.google.com/bot.html)"
66.249.75.73 - - [21/Jul/2026:17:38:43 +0000] "GET /ammika.php?sitemap.xml HTTP/1.1" 404 82172 "-" "Mozilla/5.0 (compatible; Googlebot/2.1; +http://www.google.com/bot.html)"
198.177.124.148 - - [21/Jul/2026:17:59:27 +0000] "POST /wp-cron.php?doing_wp_cron=1784656767.6304490566253662109375 HTTP/1.1" 200 - "-" "WordPress/7.0.2; https://lorfemglobal.shop"
104.23.221.8 - - [21/Jul/2026:17:59:25 +0000] "GET /wp-admin/install.php?step=1 HTTP/1.1" 200 1390 "-" "http://lorfemglobal.shop/wp-admin/install.php?step=1"
198.177.124.148 - - [21/Jul/2026:18:03:47 +0000] "POST /wp-cron.php?doing_wp_cron=1784657027.1401910781860351562500 HTTP/1.1" 200 - "-" "WordPress/7.0.2; https://lorfemglobal.shop"
104.23.239.80 - - [21/Jul/2026:18:03:45 +0000] "GET /wp-admin/install.php?step=1 HTTP/1.1" 200 1390 "-" "http://lorfemglobal.shop/wp-admin/install.php?step=1"
198.177.124.148 - - [21/Jul/2026:18:11:50 +0000] "POST /wp-cron.php?doing_wp_cron=1784657510.5963521003723144531250 HTTP/1.1" 200 - "-" "WordPress/7.0.2; https://lorfemglobal.shop"
66.249.75.73 - - [21/Jul/2026:18:11:49 +0000] "GET /saiga.php?vaginal/40700dhbnpostepileptic HTTP/1.1" 404 82171 "-" "Mozilla/5.0 (compatible; Googlebot/2.1; +http://www.google.com/bot.html)"
198.177.124.148 - - [21/Jul/2026:18:13:44 +0000] "POST /wp-cron.php?doing_wp_cron=1784657624.0254418849945068359375 HTTP/1.1" 200 - "-" "WordPress/7.0.2; https://lorfemglobal.shop"
49.235.136.28 - - [21/Jul/2026:18:13:41 +0000] "GET / HTTP/1.1" 301 - "-" "Mozilla/5.0 (iPhone; CPU iPhone OS 13_2_3 like Mac OS X) AppleWebKit/605.1.15 (KHTML, like Gecko) Version/13.0.3 Mobile/15E148 Safari/604.1"
49.235.136.28 - - [21/Jul/2026:18:13:44 +0000] "GET / HTTP/1.1" 200 98541 "http://www.lorfemglobal.shop" "Mozilla/5.0 (iPhone; CPU iPhone OS 13_2_3 like Mac OS X) AppleWebKit/605.1.15 (KHTML, like Gecko) Version/13.0.3 Mobile/15E148 Safari/604.1"
198.177.124.148 - - [21/Jul/2026:18:15:46 +0000] "POST /wp-cron.php?doing_wp_cron=1784657746.8760690689086914062500 HTTP/1.1" 200 - "-" "WordPress/7.0.2; https://lorfemglobal.shop"
104.23.223.93 - - [21/Jul/2026:18:15:46 +0000] "GET /wp-admin/install.php?step=1 HTTP/1.1" 200 1390 "-" "http://lorfemglobal.shop/wp-admin/install.php?step=1"
198.177.124.148 - - [21/Jul/2026:18:20:46 +0000] "POST /wp-cron.php?doing_wp_cron=1784658046.4120929241180419921875 HTTP/1.1" 200 - "-" "WordPress/7.0.2; https://lorfemglobal.shop"
52.167.144.55 - - [21/Jul/2026:18:20:43 +0000] "GET /robots.txt HTTP/1.1" 200 118 "-" "Mozilla/5.0 AppleWebKit/537.36 (KHTML, like Gecko; compatible; bingbot/2.0; +http://www.bing.com/bingbot.htm) Chrome/116.0.1938.76 Safari/537.36"
52.167.144.172 - - [21/Jul/2026:18:20:52 +0000] "GET /?y=39596110967 HTTP/1.1" 200 98541 "-" "Mozilla/5.0 AppleWebKit/537.36 (KHTML, like Gecko; compatible; bingbot/2.0; +http://www.bing.com/bingbot.htm) Chrome/116.0.1938.76 Safari/537.36"
198.177.124.148 - - [21/Jul/2026:18:28:47 +0000] "POST /wp-cron.php?doing_wp_cron=1784658527.0138230323791503906250 HTTP/1.1" 200 - "-" "WordPress/7.0.2; https://lorfemglobal.shop"
104.23.223.92 - - [21/Jul/2026:18:28:46 +0000] "GET /wp-admin/install.php?step=1 HTTP/1.1" 200 1390 "-" "http://lorfemglobal.shop/wp-admin/install.php?step=1"
198.177.124.148 - - [21/Jul/2026:18:41:28 +0000] "POST /wp-cron.php?doing_wp_cron=1784659288.0391271114349365234375 HTTP/1.1" 200 - "-" "WordPress/7.0.2; https://lorfemglobal.shop"
172.70.240.85 - - [21/Jul/2026:18:41:26 +0000] "GET /wp-admin/install.php?step=1 HTTP/1.1" 200 1390 "-" "http://lorfemglobal.shop/wp-admin/install.php?step=1"
198.177.124.148 - - [21/Jul/2026:18:57:37 +0000] "POST /wp-cron.php?doing_wp_cron=1784660257.7311360836029052734375 HTTP/1.1" 200 - "-" "WordPress/7.0.2; https://lorfemglobal.shop"
172.71.178.85 - - [21/Jul/2026:18:57:35 +0000] "GET /wp-admin/install.php?step=1 HTTP/1.1" 200 1390 "-" "http://lorfemglobal.shop/wp-admin/install.php?step=1"
198.177.124.148 - - [21/Jul/2026:19:02:27 +0000] "GET /.well-known/acme-challenge/Q94NFKY5A4W2-EIJJDSDQB8AVP8CXCHV HTTP/1.1" 200 64 "-" "Cpanel-HTTP-Client/1.0"
198.177.124.148 - - [21/Jul/2026:19:02:27 +0000] "GET /.well-known/acme-challenge/_2HTFEU_024LPJXL2DRHUI_RRZNH8DU- HTTP/1.1" 200 64 "-" "Cpanel-HTTP-Client/1.0"
198.177.124.148 - - [21/Jul/2026:19:07:48 +0000] "POST /wp-cron.php?doing_wp_cron=1784660868.2962601184844970703125 HTTP/1.1" 200 - "-" "WordPress/7.0.2; https://lorfemglobal.shop"
172.70.243.154 - - [21/Jul/2026:19:07:47 +0000] "GET /wp-admin/install.php?step=1 HTTP/1.1" 200 1390 "-" "http://lorfemglobal.shop/wp-admin/install.php?step=1"
198.177.124.148 - - [21/Jul/2026:19:34:56 +0000] "POST /wp-cron.php?doing_wp_cron=1784662496.4213140010833740234375 HTTP/1.1" 200 - "-" "WordPress/7.0.2; https://lorfemglobal.shop"
172.71.172.177 - - [21/Jul/2026:19:34:55 +0000] "GET /wp-admin/install.php?step=1 HTTP/1.1" 200 1390 "-" "http://lorfemglobal.shop/wp-admin/install.php?step=1"
198.177.124.148 - - [21/Jul/2026:19:36:24 +0000] "POST /wp-cron.php?doing_wp_cron=1784662584.4730041027069091796875 HTTP/1.1" 200 - "-" "WordPress/7.0.2; https://lorfemglobal.shop"
104.23.221.8 - - [21/Jul/2026:19:36:23 +0000] "GET /wp-admin/install.php?step=1 HTTP/1.1" 200 1390 "-" "http://lorfemglobal.shop/wp-admin/install.php?step=1"
198.177.124.148 - - [21/Jul/2026:19:48:03 +0000] "POST /wp-cron.php?doing_wp_cron=1784663283.6147348880767822265625 HTTP/1.1" 200 - "-" "WordPress/7.0.2; https://lorfemglobal.shop"
43.167.245.18 - - [21/Jul/2026:19:47:57 +0000] "GET / HTTP/1.1" 200 98541 "-" "Mozilla/5.0 (iPhone; CPU iPhone OS 13_2_3 like Mac OS X) AppleWebKit/605.1.15 (KHTML, like Gecko) Version/13.0.3 Mobile/15E148 Safari/604.1"
198.177.124.148 - - [21/Jul/2026:20:05:39 +0000] "POST /wp-cron.php?doing_wp_cron=1784664339.9826838970184326171875 HTTP/1.1" 200 - "-" "WordPress/7.0.2; https://lorfemglobal.shop"
172.69.151.178 - - [21/Jul/2026:20:05:38 +0000] "GET /wp-admin/install.php?step=1 HTTP/1.1" 200 1390 "-" "http://lorfemglobal.shop/wp-admin/install.php?step=1"
198.177.124.148 - - [21/Jul/2026:20:09:50 +0000] "POST /wp-cron.php?doing_wp_cron=1784664590.0175409317016601562500 HTTP/1.1" 200 - "-" "WordPress/7.0.2; https://lorfemglobal.shop"
172.68.186.88 - - [21/Jul/2026:20:09:48 +0000] "GET /wp-admin/install.php?step=1 HTTP/1.1" 200 1390 "-" "http://lorfemglobal.shop/wp-admin/install.php?step=1"
198.177.124.148 - - [21/Jul/2026:20:23:50 +0000] "POST /wp-cron.php?doing_wp_cron=1784665430.5071420669555664062500 HTTP/1.1" 200 - "-" "WordPress/7.0.2; https://lorfemglobal.shop"
172.71.172.176 - - [21/Jul/2026:20:23:49 +0000] "GET /wp-admin/install.php?step=1 HTTP/1.1" 200 1390 "-" "http://lorfemglobal.shop/wp-admin/install.php?step=1"
136.66.77.85 - - [21/Jul/2026:20:30:04 +0000] "GET /wp-login.php HTTP/1.1" 302 - "-" "Mozilla/5.0 (Windows NT 10.0; Win64; x64) AppleWebKit/537.36 (KHTML, like Gecko) HeadlessChrome/150.0.0.0 Safari/537.36"
