66.249.91.13 - - [21/Jul/2026:11:37:39 +0000] "GET /wp-admin/load-scripts.php?c=1&load%5Bchunk_0%5D=clipboard,jquery-core,jquery-migrate,zxcvbn-async,wp-hooks&ver=7.0.2 HTTP/1.1" 200 115545 "https://impactspherefoundation.shop/wp-login.php?redirect_to=https%3A%2F%2Fimpactspherefoundation.shop%2Fwp-admin%2Fadmin.php&reauth=1" "AdsBot-Google (+http://www.google.com/adsbot.html)"
66.249.91.13 - - [21/Jul/2026:11:37:41 +0000] "GET /wp-includes/js/dist/dom-ready.min.js?ver=a06281ae5cf5500e9317 HTTP/1.1" 200 818 "https://impactspherefoundation.shop/wp-login.php?redirect_to=https%3A%2F%2Fimpactspherefoundation.shop%2Fwp-admin%2Fadmin.php&reauth=1" "AdsBot-Google (+http://www.google.com/adsbot.html)"
66.249.91.13 - - [21/Jul/2026:11:37:42 +0000] "GET /wp-includes/js/zxcvbn.min.js HTTP/1.1" 200 822237 "https://impactspherefoundation.shop/wp-login.php?redirect_to=https%3A%2F%2Fimpactspherefoundation.shop%2Fwp-admin%2Fadmin.php&reauth=1" "AdsBot-Google (+http://www.google.com/adsbot.html)"
202.91.43.34 - - [21/Jul/2026:11:37:45 +0000] "POST /xmlrpc.php HTTP/1.1" 200 403 "-" "Mozilla/5.0 (X11; Ubuntu; Linux x86_64; x64) AppleWebKit/537.36 (KHTML, like Gecko) Edge/99.0.0.0 Safari/537.36"
202.91.43.34 - - [21/Jul/2026:11:37:57 +0000] "POST /xmlrpc.php HTTP/1.1" 200 403 "-" "Mozilla/5.0 (Windows NT 6.2; arm64) AppleWebKit/537.36 (KHTML, like Gecko) Safari/14.0.0.0 Safari/537.36"
202.91.43.34 - - [21/Jul/2026:11:38:09 +0000] "POST /xmlrpc.php HTTP/1.1" 200 403 "-" "Mozilla/5.0 (Windows NT 10.0; x64) AppleWebKit/537.36 (KHTML, like Gecko) Safari/14.0.0.0 Safari/537.36"
202.91.43.34 - - [21/Jul/2026:11:38:21 +0000] "POST /xmlrpc.php HTTP/1.1" 200 403 "-" "Mozilla/5.0 (Linux; Android 10; x64) AppleWebKit/537.36 (KHTML, like Gecko) Firefox/85.0.0.0 Safari/537.36"
202.91.43.34 - - [21/Jul/2026:11:38:36 +0000] "POST /xmlrpc.php HTTP/1.1" 200 403 "-" "Mozilla/5.0 (Macintosh; Intel Mac OS X 10_15_7; x64) AppleWebKit/537.36 (KHTML, like Gecko) Chrome/92.0.0.0 Safari/537.36"
202.91.43.34 - - [21/Jul/2026:11:38:48 +0000] "POST /xmlrpc.php HTTP/1.1" 200 403 "-" "Mozilla/5.0 (Windows NT 6.3; x86) AppleWebKit/537.36 (KHTML, like Gecko) Safari/13.0.0.0 Safari/537.36"
202.91.43.34 - - [21/Jul/2026:11:39:00 +0000] "POST /xmlrpc.php HTTP/1.1" 200 403 "-" "Mozilla/5.0 (Windows NT 6.2; arm64) AppleWebKit/537.36 (KHTML, like Gecko) Chrome/82.0.0.0 Safari/537.36"
202.91.43.34 - - [21/Jul/2026:11:39:13 +0000] "POST /xmlrpc.php HTTP/1.1" 200 403 "-" "Mozilla/5.0 (Windows NT 10.0; arm64) AppleWebKit/537.36 (KHTML, like Gecko) Firefox/71.0.0.0 Safari/537.36"
202.91.43.34 - - [21/Jul/2026:11:39:32 +0000] "POST /xmlrpc.php HTTP/1.1" 200 403 "-" "Mozilla/5.0 (Windows NT 10.0; x64) AppleWebKit/537.36 (KHTML, like Gecko) Opera/79.0.0.0 Safari/537.36"
202.91.43.34 - - [21/Jul/2026:11:39:44 +0000] "POST /xmlrpc.php HTTP/1.1" 200 403 "-" "Mozilla/5.0 (X11; Ubuntu; Linux x86_64; x86) AppleWebKit/537.36 (KHTML, like Gecko) Opera/77.0.0.0 Safari/537.36"
202.91.43.34 - - [21/Jul/2026:11:39:56 +0000] "POST /xmlrpc.php HTTP/1.1" 200 403 "-" "Mozilla/5.0 (Windows NT 10.0; x86) AppleWebKit/537.36 (KHTML, like Gecko) Edge/97.0.0.0 Safari/537.36"
202.91.43.34 - - [21/Jul/2026:11:40:09 +0000] "POST /xmlrpc.php HTTP/1.1" 200 403 "-" "Mozilla/5.0 (Windows NT 10.0; x86) AppleWebKit/537.36 (KHTML, like Gecko) Edge/98.0.0.0 Safari/537.36"
202.91.43.34 - - [21/Jul/2026:11:40:24 +0000] "POST /xmlrpc.php HTTP/1.1" 200 403 "-" "Mozilla/5.0 (Macintosh; Intel Mac OS X 10_15_7; arm64) AppleWebKit/537.36 (KHTML, like Gecko) Firefox/82.0.0.0 Safari/537.36"
202.91.43.34 - - [21/Jul/2026:11:40:38 +0000] "POST /xmlrpc.php HTTP/1.1" 200 403 "-" "Mozilla/5.0 (X11; Ubuntu; Linux x86_64; arm64) AppleWebKit/537.36 (KHTML, like Gecko) Chrome/111.0.0.0 Safari/537.36"
202.91.43.34 - - [21/Jul/2026:11:40:51 +0000] "POST /xmlrpc.php HTTP/1.1" 200 403 "-" "Mozilla/5.0 (Macintosh; Intel Mac OS X 10_15_7; x86) AppleWebKit/537.36 (KHTML, like Gecko) Opera/62.0.0.0 Safari/537.36"
202.91.43.34 - - [21/Jul/2026:11:41:05 +0000] "POST /xmlrpc.php HTTP/1.1" 200 403 "-" "Mozilla/5.0 (X11; Ubuntu; Linux x86_64; x64) AppleWebKit/537.36 (KHTML, like Gecko) Firefox/78.0.0.0 Safari/537.36"
202.91.43.34 - - [21/Jul/2026:11:41:21 +0000] "POST /xmlrpc.php HTTP/1.1" 200 403 "-" "Mozilla/5.0 (X11; Ubuntu; Linux x86_64; x86) AppleWebKit/537.36 (KHTML, like Gecko) Opera/65.0.0.0 Safari/537.36"
202.91.43.34 - - [21/Jul/2026:11:41:37 +0000] "POST /xmlrpc.php HTTP/1.1" 200 403 "-" "Mozilla/5.0 (Macintosh; Intel Mac OS X 10_15_7; x64) AppleWebKit/537.36 (KHTML, like Gecko) Firefox/74.0.0.0 Safari/537.36"
202.91.43.34 - - [21/Jul/2026:11:41:49 +0000] "POST /xmlrpc.php HTTP/1.1" 200 403 "-" "Mozilla/5.0 (Windows NT 6.3; arm64) AppleWebKit/537.36 (KHTML, like Gecko) Edge/95.0.0.0 Safari/537.36"
105.113.65.234 - - [21/Jul/2026:12:13:27 +0000] "POST /wp-login.php HTTP/1.1" 200 5226 "https://impactspherefoundation.shop/wp-login.php" "Mozilla/5.0 (Windows NT 10.0; Win64; x64) AppleWebKit/537.36 (KHTML, like Gecko) Chrome/150.0.0.0 Safari/537.36 Edg/150.0.0.0"
198.177.124.148 - - [21/Jul/2026:12:42:59 +0000] "POST /wp-cron.php?doing_wp_cron=1784637779.2651410102844238281250 HTTP/1.1" 200 - "-" "WordPress/7.0.2; https://impactspherefoundation.shop"
74.7.243.225 - - [21/Jul/2026:12:42:58 +0000] "GET / HTTP/1.1" 301 - "-" "Mozilla/5.0 AppleWebKit/537.36 (KHTML, like Gecko; compatible; GPTBot/1.4; +https://openai.com/gptbot)"
74.7.241.180 - - [21/Jul/2026:12:42:58 +0000] "GET /robots.txt HTTP/1.1" 301 - "-" "Mozilla/5.0 (Macintosh; Intel Mac OS X 10_15_7) AppleWebKit/537.36 (KHTML, like Gecko) Chrome/131.0.0.0 Safari/537.36; compatible; OAI-SearchBot/1.4; robots.txt; +https://openai.com/searchbot"
74.7.230.50 - - [21/Jul/2026:12:42:59 +0000] "GET /robots.txt HTTP/1.1" 200 128 "-" "Mozilla/5.0 (Macintosh; Intel Mac OS X 10_15_7) AppleWebKit/537.36 (KHTML, like Gecko) Chrome/131.0.0.0 Safari/537.36; compatible; OAI-SearchBot/1.4; robots.txt; +https://openai.com/searchbot"
74.7.243.244 - - [21/Jul/2026:12:42:59 +0000] "GET / HTTP/1.1" 200 - "https://www.impactspherefoundation.shop" "Mozilla/5.0 AppleWebKit/537.36 (KHTML, like Gecko; compatible; GPTBot/1.4; +https://openai.com/gptbot)"
74.7.241.180 - - [21/Jul/2026:12:42:59 +0000] "GET /robots.txt HTTP/1.1" 200 128 "https://www.impactspherefoundation.shop/robots.txt" "Mozilla/5.0 (Macintosh; Intel Mac OS X 10_15_7) AppleWebKit/537.36 (KHTML, like Gecko) Chrome/131.0.0.0 Safari/537.36; compatible; OAI-SearchBot/1.4; robots.txt; +https://openai.com/searchbot"
129.227.55.149 - - [21/Jul/2026:13:00:14 +0000] "GET /wp-login.php HTTP/1.1" 200 4855 "-" "Mozilla/5.0"
129.227.55.149 - - [21/Jul/2026:13:00:16 +0000] "GET /?author=1 HTTP/1.1" 301 - "-" "Mozilla/5.0"
129.227.55.149 - - [21/Jul/2026:13:00:18 +0000] "GET /?rest_route=/wp/v2/users HTTP/1.1" 200 773 "-" "Mozilla/5.0"
13.60.224.18 - - [21/Jul/2026:13:18:22 +0000] "GET /wp-login.php HTTP/1.1" 200 4855 "-" "Mozilla/5.0 (Windows NT 10.0; Win64; x64) AppleWebKit/537.36 Chrome/129.0.0.0 Safari/537.36"
13.60.224.18 - - [21/Jul/2026:13:18:24 +0000] "GET /?author=1 HTTP/1.1" 301 - "-" "Mozilla/5.0 (Macintosh; Intel Mac OS X 10_15_7) AppleWebKit/605.1.15 Version/17.0 Safari/605.1.15"
13.60.224.18 - - [21/Jul/2026:13:18:25 +0000] "GET /?rest_route=/wp/v2/users HTTP/1.1" 200 773 "-" "Mozilla/5.0 (Windows NT 10.0; Win64; x64) AppleWebKit/537.36 Chrome/129.0.0.0 Safari/537.36"
98.98.190.57 - - [21/Jul/2026:13:30:35 +0000] "POST /wp-login.php HTTP/1.1" 200 5279 "-" "Mozilla/5.0"
129.227.55.149 - - [21/Jul/2026:13:51:42 +0000] "POST /wp-login.php HTTP/1.1" 200 5279 "-" "Mozilla/5.0"
129.227.55.149 - - [21/Jul/2026:13:55:59 +0000] "POST /wp-login.php HTTP/1.1" 200 5279 "-" "Mozilla/5.0"
129.227.55.149 - - [21/Jul/2026:14:00:27 +0000] "POST /wp-login.php HTTP/1.1" 200 5279 "-" "Mozilla/5.0"
129.227.55.149 - - [21/Jul/2026:14:04:59 +0000] "POST /wp-login.php HTTP/1.1" 200 5279 "-" "Mozilla/5.0"
129.227.55.149 - - [21/Jul/2026:14:09:31 +0000] "POST /wp-login.php HTTP/1.1" 200 5279 "-" "Mozilla/5.0"
129.227.55.149 - - [21/Jul/2026:14:14:04 +0000] "POST /wp-login.php HTTP/1.1" 200 5279 "-" "Mozilla/5.0"
129.227.55.149 - - [21/Jul/2026:14:19:15 +0000] "POST /wp-login.php HTTP/1.1" 200 5279 "-" "Mozilla/5.0"
129.227.55.149 - - [21/Jul/2026:14:24:32 +0000] "POST /wp-login.php HTTP/1.1" 200 5279 "-" "Mozilla/5.0"
129.227.55.149 - - [21/Jul/2026:14:29:53 +0000] "POST /wp-login.php HTTP/1.1" 200 5279 "-" "Mozilla/5.0"
198.177.124.148 - - [21/Jul/2026:14:35:10 +0000] "POST /wp-cron.php?doing_wp_cron=1784644510.6145830154418945312500 HTTP/1.1" 200 - "-" "WordPress/7.0.2; https://impactspherefoundation.shop"
129.227.55.149 - - [21/Jul/2026:14:35:09 +0000] "POST /wp-login.php HTTP/1.1" 200 5279 "-" "Mozilla/5.0"
129.227.55.149 - - [21/Jul/2026:14:40:29 +0000] "POST /wp-login.php HTTP/1.1" 200 5279 "-" "Mozilla/5.0"
2.139.14.217 - - [21/Jul/2026:14:42:12 +0000] "GET / HTTP/1.1" 200 - "-" "Mozilla/5.0 (Macintosh; Intel Mac OS X 108) AppleWebKit/536.15 (KHTML like Gecko) Version/6.0 Safari/536.16"
129.227.55.149 - - [21/Jul/2026:14:45:49 +0000] "POST /wp-login.php HTTP/1.1" 200 5279 "-" "Mozilla/5.0"
129.227.55.149 - - [21/Jul/2026:14:51:16 +0000] "POST /wp-login.php HTTP/1.1" 200 5279 "-" "Mozilla/5.0"
86.107.21.84 - - [21/Jul/2026:14:51:46 +0000] "GET /wp-login.php HTTP/1.1" 200 4855 "-" "Mozilla/5.0 (Macintosh; Intel Mac OS X 10_15_7) AppleWebKit/605.1.15 Version/17.0 Safari/605.1.15"
86.107.21.84 - - [21/Jul/2026:14:51:48 +0000] "GET /?author=1 HTTP/1.1" 301 - "-" "Mozilla/5.0 (Macintosh; Intel Mac OS X 10_15_7) AppleWebKit/605.1.15 Version/17.0 Safari/605.1.15"
86.107.21.84 - - [21/Jul/2026:14:51:50 +0000] "GET /?rest_route=/wp/v2/users HTTP/1.1" 200 773 "-" "Mozilla/5.0 (Windows NT 10.0; Win64; rv:143.0) Gecko/20100101 Firefox/143.0"
86.107.21.84 - - [21/Jul/2026:14:53:56 +0000] "POST /wp-login.php HTTP/1.1" 200 5279 "-" "Mozilla/5.0 (Windows NT 10.0; Win64; rv:143.0) Gecko/20100101 Firefox/143.0"
86.107.21.84 - - [21/Jul/2026:14:54:47 +0000] "POST /wp-login.php HTTP/1.1" 200 5279 "-" "Mozilla/5.0 (Windows NT 10.0; Win64; x64) AppleWebKit/537.36 Chrome/129.0.0.0 Safari/537.36"
86.107.21.84 - - [21/Jul/2026:14:55:40 +0000] "POST /wp-login.php HTTP/1.1" 200 5279 "-" "Mozilla/5.0 (Macintosh; Intel Mac OS X 10_15_7) AppleWebKit/605.1.15 Version/17.0 Safari/605.1.15"
86.107.21.84 - - [21/Jul/2026:14:56:34 +0000] "POST /wp-login.php HTTP/1.1" 200 5279 "-" "Mozilla/5.0 (Windows NT 10.0; Win64; x64) AppleWebKit/537.36 Chrome/129.0.0.0 Safari/537.36"
129.227.55.149 - - [21/Jul/2026:14:56:39 +0000] "POST /wp-login.php HTTP/1.1" 200 5279 "-" "Mozilla/5.0"
86.107.21.84 - - [21/Jul/2026:14:57:28 +0000] "POST /wp-login.php HTTP/1.1" 200 5279 "-" "Mozilla/5.0 (Macintosh; Intel Mac OS X 10_15_7) AppleWebKit/605.1.15 Version/17.0 Safari/605.1.15"
86.107.21.84 - - [21/Jul/2026:14:58:18 +0000] "POST /wp-login.php HTTP/1.1" 200 5279 "-" "Mozilla/5.0 (Windows NT 10.0; Win64; rv:143.0) Gecko/20100101 Firefox/143.0"
86.107.21.84 - - [21/Jul/2026:14:59:09 +0000] "POST /wp-login.php HTTP/1.1" 200 5279 "-" "Mozilla/5.0 (Windows NT 10.0; Win64; rv:143.0) Gecko/20100101 Firefox/143.0"
86.107.21.84 - - [21/Jul/2026:15:00:07 +0000] "POST /wp-login.php HTTP/1.1" 200 5279 "-" "Mozilla/5.0 (Macintosh; Intel Mac OS X 10_15_7) AppleWebKit/605.1.15 Version/17.0 Safari/605.1.15"
104.105.80.153 - - [21/Jul/2026:15:00:16 +0000] "GET / HTTP/1.1" 200 - "-" "Mozilla/5.0 (Windows NT 10.0; Win64; x64) AppleWebKit/537.36 (KHTML, like Gecko) Chrome/120.0.0.0 Safari/537.36"
104.105.80.153 - - [21/Jul/2026:15:00:19 +0000] "GET /?rest_route=/wp/v2/users HTTP/1.1" 200 773 "-" "Mozilla/5.0 (Macintosh; Intel Mac OS X 10.15; rv:121.0) Gecko/20100101 Firefox/121.0"
104.105.80.153 - - [21/Jul/2026:15:00:21 +0000] "POST /xmlrpc.php HTTP/1.1" 200 403 "-" "Mozilla/5.0 (Macintosh; Intel Mac OS X 10.15; rv:121.0) Gecko/20100101 Firefox/121.0"
104.105.80.153 - - [21/Jul/2026:15:00:26 +0000] "POST /xmlrpc.php HTTP/1.1" 200 403 "-" "Mozilla/5.0 (Windows NT 10.0; Win64; x64; rv:121.0) Gecko/20100101 Firefox/121.0"
104.105.80.153 - - [21/Jul/2026:15:00:31 +0000] "POST /xmlrpc.php HTTP/1.1" 200 403 "-" "Mozilla/5.0 (Macintosh; Intel Mac OS X 10.15; rv:121.0) Gecko/20100101 Firefox/121.0"
104.105.80.153 - - [21/Jul/2026:15:00:34 +0000] "POST /xmlrpc.php HTTP/1.1" 200 403 "-" "Mozilla/5.0 (Macintosh; Intel Mac OS X 14_6_1) AppleWebKit/537.36 (KHTML, like Gecko) Chrome/128.0.0.0 Safari/537.36 OPR/114.0.0.0"
104.105.80.153 - - [21/Jul/2026:15:00:36 +0000] "POST /xmlrpc.php HTTP/1.1" 200 403 "-" "Mozilla/5.0 (Windows NT 10.0; Win64; x64; rv:121.0) Gecko/20100101 Firefox/121.0"
104.105.80.153 - - [21/Jul/2026:15:00:41 +0000] "POST /xmlrpc.php HTTP/1.1" 200 403 "-" "Mozilla/5.0 (Macintosh; Intel Mac OS X 10.15; rv:121.0) Gecko/20100101 Firefox/121.0"
104.105.80.153 - - [21/Jul/2026:15:00:44 +0000] "POST /xmlrpc.php HTTP/1.1" 200 403 "-" "Mozilla/5.0 (Windows NT 10.0; Win64; x64) AppleWebKit/537.36 (KHTML, like Gecko) Chrome/120.0.0.0 Safari/537.36"
104.105.80.153 - - [21/Jul/2026:15:00:47 +0000] "POST /xmlrpc.php HTTP/1.1" 200 403 "-" "Mozilla/5.0 (Macintosh; Intel Mac OS X 10_15_7) AppleWebKit/537.36 (KHTML, like Gecko) Chrome/120.0.0.0 Safari/537.36"
104.105.80.153 - - [21/Jul/2026:15:00:50 +0000] "POST /xmlrpc.php HTTP/1.1" 200 403 "-" "Mozilla/5.0 (Macintosh; Intel Mac OS X 10_15_7) AppleWebKit/537.36 (KHTML, like Gecko) Chrome/120.0.0.0 Safari/537.36"
104.105.80.153 - - [21/Jul/2026:15:00:52 +0000] "POST /xmlrpc.php HTTP/1.1" 200 403 "-" "Mozilla/5.0 (Linux; Android 11; Nokia G50) AppleWebKit/537.36 (KHTML, like Gecko) Chrome/123.0.6312.61 Mobile Safari/537.36"
104.105.80.153 - - [21/Jul/2026:15:00:54 +0000] "POST /xmlrpc.php HTTP/1.1" 200 403 "-" "Mozilla/5.0 (Macintosh; Intel Mac OS X 10_15_7) AppleWebKit/537.36 (KHTML, like Gecko) Chrome/120.0.0.0 Safari/537.36"
104.105.80.153 - - [21/Jul/2026:15:00:56 +0000] "POST /xmlrpc.php HTTP/1.1" 200 403 "-" "Mozilla/5.0 (Macintosh; Intel Mac OS X 10_15_7) AppleWebKit/537.36 (KHTML, like Gecko) Chrome/120.0.0.0 Safari/537.36"
104.105.80.153 - - [21/Jul/2026:15:00:59 +0000] "POST /xmlrpc.php HTTP/1.1" 200 403 "-" "Mozilla/5.0 (Macintosh; Intel Mac OS X 14_6_1) AppleWebKit/537.36 (KHTML, like Gecko) Chrome/128.0.0.0 Safari/537.36 OPR/114.0.0.0"
104.105.80.153 - - [21/Jul/2026:15:01:01 +0000] "POST /xmlrpc.php HTTP/1.1" 200 403 "-" "Mozilla/5.0 (Macintosh; Intel Mac OS X 14_6_1) AppleWebKit/537.36 (KHTML, like Gecko) Chrome/128.0.0.0 Safari/537.36 OPR/114.0.0.0"
104.105.80.153 - - [21/Jul/2026:15:01:03 +0000] "POST /xmlrpc.php HTTP/1.1" 200 403 "-" "Mozilla/5.0 (Windows NT 10.0; Win64; x64; rv:121.0) Gecko/20100101 Firefox/121.0"
86.107.21.84 - - [21/Jul/2026:15:01:05 +0000] "POST /wp-login.php HTTP/1.1" 200 5279 "-" "Mozilla/5.0 (Windows NT 10.0; Win64; rv:143.0) Gecko/20100101 Firefox/143.0"
104.105.80.153 - - [21/Jul/2026:15:01:05 +0000] "POST /xmlrpc.php HTTP/1.1" 200 403 "-" "Mozilla/5.0 (Windows NT 10.0; Win64; x64) AppleWebKit/537.36 (KHTML, like Gecko) Chrome/120.0.0.0 Safari/537.36"
104.105.80.153 - - [21/Jul/2026:15:01:07 +0000] "POST /xmlrpc.php HTTP/1.1" 200 403 "-" "Mozilla/5.0 (Windows NT 10.0; Win64; x64) AppleWebKit/537.36 (KHTML, like Gecko) Chrome/120.0.0.0 Safari/537.36"
104.105.80.153 - - [21/Jul/2026:15:01:09 +0000] "POST /xmlrpc.php HTTP/1.1" 200 403 "-" "Mozilla/5.0 (X11; Linux x86_64) AppleWebKit/537.36 (KHTML, like Gecko) Chrome/120.0.0.0 Safari/537.36"
104.105.80.153 - - [21/Jul/2026:15:01:11 +0000] "POST /xmlrpc.php HTTP/1.1" 200 403 "-" "Mozilla/5.0 (Windows NT 10.0; Win64; x64; rv:121.0) Gecko/20100101 Firefox/121.0"
104.105.80.153 - - [21/Jul/2026:15:01:12 +0000] "POST /xmlrpc.php HTTP/1.1" 200 403 "-" "Mozilla/5.0 (Windows NT 10.0; Win64; x64) AppleWebKit/537.36 (KHTML, like Gecko) Chrome/120.0.0.0 Safari/537.36"
104.105.80.153 - - [21/Jul/2026:15:01:14 +0000] "POST /xmlrpc.php HTTP/1.1" 200 403 "-" "Mozilla/5.0 (Macintosh; Intel Mac OS X 14_6_1) AppleWebKit/537.36 (KHTML, like Gecko) Chrome/128.0.0.0 Safari/537.36 OPR/114.0.0.0"
104.105.80.153 - - [21/Jul/2026:15:01:16 +0000] "POST /xmlrpc.php HTTP/1.1" 200 403 "-" "Mozilla/5.0 (Macintosh; Intel Mac OS X 14_6_1) AppleWebKit/537.36 (KHTML, like Gecko) Chrome/128.0.0.0 Safari/537.36 OPR/114.0.0.0"
104.105.80.153 - - [21/Jul/2026:15:01:18 +0000] "POST /xmlrpc.php HTTP/1.1" 200 403 "-" "Mozilla/5.0 (Linux; Android 11; Nokia G50) AppleWebKit/537.36 (KHTML, like Gecko) Chrome/123.0.6312.61 Mobile Safari/537.36"
104.105.80.153 - - [21/Jul/2026:15:01:20 +0000] "POST /xmlrpc.php HTTP/1.1" 200 403 "-" "Mozilla/5.0 (Macintosh; Intel Mac OS X 10.15; rv:121.0) Gecko/20100101 Firefox/121.0"
104.105.80.153 - - [21/Jul/2026:15:01:23 +0000] "POST /xmlrpc.php HTTP/1.1" 200 403 "-" "Mozilla/5.0 (X11; Linux x86_64) AppleWebKit/537.36 (KHTML, like Gecko) Chrome/120.0.0.0 Safari/537.36"
104.105.80.153 - - [21/Jul/2026:15:01:24 +0000] "POST /xmlrpc.php HTTP/1.1" 200 403 "-" "Mozilla/5.0 (X11; Linux x86_64) AppleWebKit/537.36 (KHTML, like Gecko) Chrome/120.0.0.0 Safari/537.36"
104.105.80.153 - - [21/Jul/2026:15:01:27 +0000] "POST /xmlrpc.php HTTP/1.1" 200 403 "-" "Mozilla/5.0 (Macintosh; Intel Mac OS X 10.15; rv:121.0) Gecko/20100101 Firefox/121.0"
104.105.80.153 - - [21/Jul/2026:15:01:28 +0000] "POST /xmlrpc.php HTTP/1.1" 200 403 "-" "Mozilla/5.0 (X11; Linux x86_64) AppleWebKit/537.36 (KHTML, like Gecko) Chrome/120.0.0.0 Safari/537.36"
104.105.80.153 - - [21/Jul/2026:15:01:30 +0000] "POST /xmlrpc.php HTTP/1.1" 200 403 "-" "Mozilla/5.0 (X11; Linux x86_64) AppleWebKit/537.36 (KHTML, like Gecko) Chrome/120.0.0.0 Safari/537.36"
104.105.80.153 - - [21/Jul/2026:15:01:32 +0000] "POST /xmlrpc.php HTTP/1.1" 200 403 "-" "Mozilla/5.0 (Windows NT 10.0; Win64; x64; rv:121.0) Gecko/20100101 Firefox/121.0"
129.227.55.149 - - [21/Jul/2026:15:02:01 +0000] "POST /wp-login.php HTTP/1.1" 200 5279 "-" "Mozilla/5.0"
86.107.21.84 - - [21/Jul/2026:15:02:04 +0000] "POST /wp-login.php HTTP/1.1" 200 5279 "-" "Mozilla/5.0 (Windows NT 10.0; Win64; x64) AppleWebKit/537.36 Chrome/129.0.0.0 Safari/537.36"
86.107.21.84 - - [21/Jul/2026:15:03:08 +0000] "POST /wp-login.php HTTP/1.1" 200 5279 "-" "Mozilla/5.0 (Windows NT 10.0; Win64; rv:143.0) Gecko/20100101 Firefox/143.0"
86.107.21.84 - - [21/Jul/2026:15:04:11 +0000] "POST /wp-login.php HTTP/1.1" 200 5279 "-" "Mozilla/5.0 (Windows NT 10.0; Win64; x64) AppleWebKit/537.36 Chrome/129.0.0.0 Safari/537.36"
86.107.21.84 - - [21/Jul/2026:15:05:14 +0000] "POST /wp-login.php HTTP/1.1" 200 5279 "-" "Mozilla/5.0 (Macintosh; Intel Mac OS X 10_15_7) AppleWebKit/605.1.15 Version/17.0 Safari/605.1.15"
86.107.21.84 - - [21/Jul/2026:15:06:17 +0000] "POST /wp-login.php HTTP/1.1" 200 5279 "-" "Mozilla/5.0 (Windows NT 10.0; Win64; rv:143.0) Gecko/20100101 Firefox/143.0"
86.107.21.84 - - [21/Jul/2026:15:07:20 +0000] "POST /wp-login.php HTTP/1.1" 200 5279 "-" "Mozilla/5.0 (Windows NT 10.0; Win64; rv:143.0) Gecko/20100101 Firefox/143.0"
129.227.55.149 - - [21/Jul/2026:15:07:44 +0000] "POST /wp-login.php HTTP/1.1" 200 5279 "-" "Mozilla/5.0"
86.107.21.84 - - [21/Jul/2026:15:08:24 +0000] "POST /wp-login.php HTTP/1.1" 200 5279 "-" "Mozilla/5.0 (Windows NT 10.0; Win64; rv:143.0) Gecko/20100101 Firefox/143.0"
86.107.21.84 - - [21/Jul/2026:15:09:25 +0000] "POST /wp-login.php HTTP/1.1" 200 5279 "-" "Mozilla/5.0 (Windows NT 10.0; Win64; x64) AppleWebKit/537.36 Chrome/129.0.0.0 Safari/537.36"
86.107.21.84 - - [21/Jul/2026:15:10:27 +0000] "POST /wp-login.php HTTP/1.1" 200 5279 "-" "Mozilla/5.0 (Windows NT 10.0; Win64; rv:143.0) Gecko/20100101 Firefox/143.0"
86.107.21.84 - - [21/Jul/2026:15:11:28 +0000] "POST /wp-login.php HTTP/1.1" 200 5279 "-" "Mozilla/5.0 (Windows NT 10.0; Win64; x64) AppleWebKit/537.36 Chrome/129.0.0.0 Safari/537.36"
86.107.21.84 - - [21/Jul/2026:15:12:30 +0000] "POST /wp-login.php HTTP/1.1" 200 5279 "-" "Mozilla/5.0 (Macintosh; Intel Mac OS X 10_15_7) AppleWebKit/605.1.15 Version/17.0 Safari/605.1.15"
129.227.55.149 - - [21/Jul/2026:15:13:05 +0000] "POST /wp-login.php HTTP/1.1" 200 5279 "-" "Mozilla/5.0"
86.107.21.84 - - [21/Jul/2026:15:13:31 +0000] "POST /wp-login.php HTTP/1.1" 200 5279 "-" "Mozilla/5.0 (Windows NT 10.0; Win64; x64) AppleWebKit/537.36 Chrome/129.0.0.0 Safari/537.36"
86.107.21.84 - - [21/Jul/2026:15:14:32 +0000] "POST /wp-login.php HTTP/1.1" 200 5279 "-" "Mozilla/5.0 (Macintosh; Intel Mac OS X 10_15_7) AppleWebKit/605.1.15 Version/17.0 Safari/605.1.15"
104.28.159.50 - - [21/Jul/2026:15:15:00 +0000] "GET /wp-login.php HTTP/1.1" 200 4855 "-" "Mozilla/5.0 (Windows NT 10.0; WOW64) AppleWebKit/537.36 (KHTML, like Gecko) Chrome/118.0.0.0 Safari/537.36"
104.28.159.50 - - [21/Jul/2026:15:15:04 +0000] "GET /?author=1 HTTP/1.1" 301 - "-" "Mozilla/5.0 (X11; Linux x86_64) AppleWebKit/537.36 (KHTML, like Gecko) Chrome/124.0.0.0 Safari/537.36 Vivaldi/6.7"
104.28.159.50 - - [21/Jul/2026:15:15:07 +0000] "GET /?rest_route=/wp/v2/users HTTP/1.1" 200 773 "-" "Mozilla/5.0 (X11; Linux x86_64) AppleWebKit/537.36 (KHTML, like Gecko) Chrome/124.0.0.0 Safari/537.36"
86.107.21.84 - - [21/Jul/2026:15:15:36 +0000] "POST /wp-login.php HTTP/1.1" 200 5279 "-" "Mozilla/5.0 (Macintosh; Intel Mac OS X 10_15_7) AppleWebKit/605.1.15 Version/17.0 Safari/605.1.15"
86.107.21.84 - - [21/Jul/2026:15:16:41 +0000] "POST /wp-login.php HTTP/1.1" 200 5279 "-" "Mozilla/5.0 (Windows NT 10.0; Win64; x64) AppleWebKit/537.36 Chrome/129.0.0.0 Safari/537.36"
86.107.21.84 - - [21/Jul/2026:15:17:46 +0000] "POST /wp-login.php HTTP/1.1" 200 5279 "-" "Mozilla/5.0 (Windows NT 10.0; Win64; rv:143.0) Gecko/20100101 Firefox/143.0"
86.107.21.84 - - [21/Jul/2026:15:18:53 +0000] "POST /wp-login.php HTTP/1.1" 200 5279 "-" "Mozilla/5.0 (Windows NT 10.0; Win64; rv:143.0) Gecko/20100101 Firefox/143.0"
104.28.159.50 - - [21/Jul/2026:15:19:20 +0000] "POST /wp-login.php HTTP/1.1" 200 5279 "-" "Mozilla/5.0 (Windows NT 11.0; Win64; x64) AppleWebKit/537.36 (KHTML, like Gecko) Chrome/123.0.0.0 Safari/537.36"
104.28.159.50 - - [21/Jul/2026:15:19:50 +0000] "POST /wp-login.php HTTP/1.1" 200 5279 "-" "Mozilla/5.0 (Macintosh; Intel Mac OS X 10_15_7) AppleWebKit/537.36 (KHTML, like Gecko) Chrome/124.0.0.0 Safari/537.36"
86.107.21.84 - - [21/Jul/2026:15:19:59 +0000] "POST /wp-login.php HTTP/1.1" 200 5279 "-" "Mozilla/5.0 (Macintosh; Intel Mac OS X 10_15_7) AppleWebKit/605.1.15 Version/17.0 Safari/605.1.15"
103.139.144.206 - - [21/Jul/2026:15:20:16 +0000] "POST /wp-login.php HTTP/1.1" 200 5279 "-" "Mozilla/5.0"
104.28.159.50 - - [21/Jul/2026:15:20:53 +0000] "POST /wp-login.php HTTP/1.1" 200 5279 "-" "Mozilla/5.0 (X11; Linux x86_64) AppleWebKit/537.36 (KHTML, like Gecko) Chrome/123.0.0.0 Safari/537.36"
86.107.21.84 - - [21/Jul/2026:15:21:04 +0000] "POST /wp-login.php HTTP/1.1" 200 5279 "-" "Mozilla/5.0 (Macintosh; Intel Mac OS X 10_15_7) AppleWebKit/605.1.15 Version/17.0 Safari/605.1.15"
104.28.159.50 - - [21/Jul/2026:15:21:45 +0000] "POST /wp-login.php HTTP/1.1" 200 5279 "-" "Mozilla/5.0 (Macintosh; Intel Mac OS X 14_3) AppleWebKit/605.1.15 (KHTML, like Gecko) Version/17.3 Safari/605.1.15"
86.107.21.84 - - [21/Jul/2026:15:22:09 +0000] "POST /wp-login.php HTTP/1.1" 200 5279 "-" "Mozilla/5.0 (Macintosh; Intel Mac OS X 10_15_7) AppleWebKit/605.1.15 Version/17.0 Safari/605.1.15"
104.28.159.50 - - [21/Jul/2026:15:22:38 +0000] "POST /wp-login.php HTTP/1.1" 200 5279 "-" "Mozilla/5.0 (X11; Linux x86_64) AppleWebKit/537.36 (KHTML, like Gecko) Chrome/124.0.0.0 Safari/537.36 Brave/1.65.0"
86.107.21.84 - - [21/Jul/2026:15:23:16 +0000] "POST /wp-login.php HTTP/1.1" 200 5279 "-" "Mozilla/5.0 (Windows NT 10.0; Win64; x64) AppleWebKit/537.36 Chrome/129.0.0.0 Safari/537.36"
104.28.159.50 - - [21/Jul/2026:15:23:39 +0000] "POST /wp-login.php HTTP/1.1" 200 5279 "-" "Mozilla/5.0 (X11; Linux x86_64; rv:125.0) Gecko/20100101 Firefox/125.0"
86.107.21.84 - - [21/Jul/2026:15:24:22 +0000] "POST /wp-login.php HTTP/1.1" 200 5279 "-" "Mozilla/5.0 (Windows NT 10.0; Win64; rv:143.0) Gecko/20100101 Firefox/143.0"
104.28.159.50 - - [21/Jul/2026:15:24:42 +0000] "POST /wp-login.php HTTP/1.1" 200 5279 "-" "Mozilla/5.0 (Windows NT 10.0; Win64; x64) AppleWebKit/537.36 (KHTML, like Gecko) Chrome/124.0.0.0 Safari/537.36 Brave/1.65.0"
86.107.21.84 - - [21/Jul/2026:15:25:28 +0000] "POST /wp-login.php HTTP/1.1" 200 5279 "-" "Mozilla/5.0 (Windows NT 10.0; Win64; rv:143.0) Gecko/20100101 Firefox/143.0"
104.28.159.50 - - [21/Jul/2026:15:25:42 +0000] "POST /wp-login.php HTTP/1.1" 200 5279 "-" "Mozilla/5.0 (X11; Linux x86_64; rv:125.0) Gecko/20100101 Firefox/125.0"
86.107.21.84 - - [21/Jul/2026:15:26:37 +0000] "POST /wp-login.php HTTP/1.1" 200 5279 "-" "Mozilla/5.0 (Windows NT 10.0; Win64; rv:143.0) Gecko/20100101 Firefox/143.0"
104.28.159.50 - - [21/Jul/2026:15:26:44 +0000] "POST /wp-login.php HTTP/1.1" 200 5279 "-" "Mozilla/5.0 (X11; Linux x86_64) AppleWebKit/537.36 (KHTML, like Gecko) Chrome/124.0.0.0 Safari/537.36 Vivaldi/6.7"
104.28.159.50 - - [21/Jul/2026:15:27:43 +0000] "POST /wp-login.php HTTP/1.1" 200 5279 "-" "Mozilla/5.0 (X11; Linux x86_64) AppleWebKit/537.36 (KHTML, like Gecko) Chrome/123.0.0.0 Safari/537.36 OPR/107.0.0.0"
86.107.21.84 - - [21/Jul/2026:15:27:45 +0000] "POST /wp-login.php HTTP/1.1" 200 5279 "-" "Mozilla/5.0 (Macintosh; Intel Mac OS X 10_15_7) AppleWebKit/605.1.15 Version/17.0 Safari/605.1.15"
104.28.159.50 - - [21/Jul/2026:15:28:51 +0000] "POST /wp-login.php HTTP/1.1" 200 5279 "-" "Mozilla/5.0 (X11; Linux x86_64) AppleWebKit/537.36 (KHTML, like Gecko) Chrome/124.0.0.0 Safari/537.36 Vivaldi/6.7"
104.28.159.50 - - [21/Jul/2026:15:29:55 +0000] "POST /wp-login.php HTTP/1.1" 200 5279 "-" "Mozilla/5.0 (Windows NT 11.0; Win64; x64) AppleWebKit/537.36 (KHTML, like Gecko) Chrome/123.0.0.0 Safari/537.36"
104.28.159.50 - - [21/Jul/2026:15:30:59 +0000] "POST /wp-login.php HTTP/1.1" 200 5279 "-" "Mozilla/5.0 (Macintosh; Intel Mac OS X 10_15_7) AppleWebKit/605.1.15 (KHTML, like Gecko) Version/17.5 Safari/605.1.15"
104.28.159.50 - - [21/Jul/2026:15:31:48 +0000] "POST /wp-login.php HTTP/1.1" 200 5279 "-" "Mozilla/5.0 (Windows NT 10.0; Win64; x64) AppleWebKit/537.36 (KHTML, like Gecko) Chrome/124.0.0.0 Safari/537.36 Edg/124.0.0.0"
104.28.159.50 - - [21/Jul/2026:15:32:44 +0000] "POST /wp-login.php HTTP/1.1" 200 5279 "-" "Mozilla/5.0 (Macintosh; Intel Mac OS X 10_15_7) AppleWebKit/537.36 (KHTML, like Gecko) Chrome/124.0.0.0 Safari/537.36"
198.177.124.148 - - [21/Jul/2026:15:33:44 +0000] "POST /wp-cron.php?doing_wp_cron=1784648023.9722390174865722656250 HTTP/1.1" 200 - "-" "WordPress/7.0.2; https://impactspherefoundation.shop"
104.28.159.50 - - [21/Jul/2026:15:33:42 +0000] "POST /wp-login.php HTTP/1.1" 200 5279 "-" "Mozilla/5.0 (Windows NT 6.1; Win64; x64) AppleWebKit/537.36 (KHTML, like Gecko) Chrome/120.0.0.0 Safari/537.36"
104.28.159.50 - - [21/Jul/2026:15:34:39 +0000] "POST /wp-login.php HTTP/1.1" 200 5279 "-" "Mozilla/5.0 (X11; Linux x86_64) AppleWebKit/537.36 (KHTML, like Gecko) Chrome/123.0.0.0 Safari/537.36 OPR/107.0.0.0"
104.28.159.50 - - [21/Jul/2026:15:35:26 +0000] "POST /wp-login.php HTTP/1.1" 200 5279 "-" "Mozilla/5.0 (Windows NT 10.0; WOW64) AppleWebKit/537.36 (KHTML, like Gecko) Chrome/118.0.0.0 Safari/537.36"
104.28.159.50 - - [21/Jul/2026:15:36:26 +0000] "POST /wp-login.php HTTP/1.1" 200 5279 "-" "Mozilla/5.0 (Windows NT 10.0; Win64; x64) AppleWebKit/537.36 (KHTML, like Gecko) Chrome/124.0.0.0 Safari/537.36"
104.28.159.50 - - [21/Jul/2026:15:37:28 +0000] "POST /wp-login.php HTTP/1.1" 200 5279 "-" "Mozilla/5.0 (X11; Linux x86_64) AppleWebKit/537.36 (KHTML, like Gecko) Chrome/123.0.0.0 Safari/537.36 OPR/107.0.0.0"
104.28.159.50 - - [21/Jul/2026:15:38:23 +0000] "POST /wp-login.php HTTP/1.1" 200 5279 "-" "Mozilla/5.0 (Macintosh; Intel Mac OS X 10_15_7) AppleWebKit/605.1.15 (KHTML, like Gecko) Version/17.5 Safari/605.1.15"
104.28.159.50 - - [21/Jul/2026:15:39:22 +0000] "POST /wp-login.php HTTP/1.1" 200 5279 "-" "Mozilla/5.0 (Windows NT 10.0; Win64; x64) AppleWebKit/537.36 (KHTML, like Gecko) Chrome/124.0.0.0 Safari/537.36"
104.28.159.50 - - [21/Jul/2026:15:40:16 +0000] "POST /wp-login.php HTTP/1.1" 200 5279 "-" "Mozilla/5.0 (Windows NT 10.0; Win64; x64) AppleWebKit/537.36 (KHTML, like Gecko) Chrome/124.0.0.0 Safari/537.36"
104.28.159.50 - - [21/Jul/2026:15:41:07 +0000] "POST /wp-login.php HTTP/1.1" 200 5279 "-" "Mozilla/5.0 (X11; Linux x86_64) AppleWebKit/537.36 (KHTML, like Gecko) Chrome/125.0.0.0 Safari/537.36"
104.28.159.50 - - [21/Jul/2026:15:41:57 +0000] "POST /wp-login.php HTTP/1.1" 200 5279 "-" "Mozilla/5.0 (Windows NT 10.0; Win64; x64; rv:124.0) Gecko/20100101 Firefox/124.0"
104.28.159.50 - - [21/Jul/2026:15:42:49 +0000] "POST /wp-login.php HTTP/1.1" 200 5279 "-" "Mozilla/5.0 (Windows NT 11.0; Win64; x64) AppleWebKit/537.36 (KHTML, like Gecko) Chrome/123.0.0.0 Safari/537.36"
104.28.159.50 - - [21/Jul/2026:15:43:44 +0000] "POST /wp-login.php HTTP/1.1" 200 5279 "-" "Mozilla/5.0 (Windows NT 10.0; Win64; x64) AppleWebKit/537.36 (KHTML, like Gecko) Chrome/124.0.0.0 Safari/537.36 Edg/124.0.0.0"
104.28.159.50 - - [21/Jul/2026:15:44:30 +0000] "POST /wp-login.php HTTP/1.1" 200 5279 "-" "Mozilla/5.0 (Windows NT 10.0; Win64; x64; rv:124.0) Gecko/20100101 Firefox/124.0"
104.28.159.50 - - [21/Jul/2026:15:45:21 +0000] "POST /wp-login.php HTTP/1.1" 200 5279 "-" "Mozilla/5.0 (Macintosh; Intel Mac OS X 13_6) AppleWebKit/605.1.15 (KHTML, like Gecko) Version/17.2 Safari/605.1.15"
104.28.159.50 - - [21/Jul/2026:15:46:13 +0000] "POST /wp-login.php HTTP/1.1" 200 5279 "-" "Mozilla/5.0 (Windows NT 11.0; Win64; x64) AppleWebKit/537.36 (KHTML, like Gecko) Chrome/125.0.0.0 Safari/537.36 Edg/125.0.0.0"
104.28.159.50 - - [21/Jul/2026:15:47:03 +0000] "POST /wp-login.php HTTP/1.1" 200 5279 "-" "Mozilla/5.0 (Windows NT 10.0; WOW64) AppleWebKit/537.36 (KHTML, like Gecko) Chrome/118.0.0.0 Safari/537.36"
104.28.159.50 - - [21/Jul/2026:15:47:53 +0000] "POST /wp-login.php HTTP/1.1" 200 5279 "-" "Mozilla/5.0 (Windows NT 10.0; Win64; x64) AppleWebKit/537.36 (KHTML, like Gecko) Chrome/125.0.0.0 Safari/537.36"
104.28.159.50 - - [21/Jul/2026:15:48:41 +0000] "POST /wp-login.php HTTP/1.1" 200 5279 "-" "Mozilla/5.0 (Windows NT 6.3; Win64; x64; rv:118.0) Gecko/20100101 Firefox/118.0"
104.28.159.50 - - [21/Jul/2026:15:49:30 +0000] "POST /wp-login.php HTTP/1.1" 200 5279 "-" "Mozilla/5.0 (Macintosh; Intel Mac OS X 10_15_7) AppleWebKit/537.36 (KHTML, like Gecko) Chrome/124.0.0.0 Safari/537.36"
104.28.159.50 - - [21/Jul/2026:15:50:20 +0000] "POST /wp-login.php HTTP/1.1" 200 5279 "-" "Mozilla/5.0 (Windows NT 10.0; Win64; x64) AppleWebKit/537.36 (KHTML, like Gecko) Chrome/123.0.0.0 Safari/537.36 Vivaldi/6.7"
104.28.159.50 - - [21/Jul/2026:15:51:19 +0000] "POST /wp-login.php HTTP/1.1" 200 5279 "-" "Mozilla/5.0 (Windows NT 6.1; Win64; x64) AppleWebKit/537.36 (KHTML, like Gecko) Chrome/120.0.0.0 Safari/537.36"
104.28.159.50 - - [21/Jul/2026:15:52:18 +0000] "POST /wp-login.php HTTP/1.1" 200 5279 "-" "Mozilla/5.0 (Macintosh; Intel Mac OS X 13_6) AppleWebKit/605.1.15 (KHTML, like Gecko) Version/17.2 Safari/605.1.15"
104.28.159.50 - - [21/Jul/2026:15:53:20 +0000] "POST /wp-login.php HTTP/1.1" 200 5279 "-" "Mozilla/5.0 (Windows NT 11.0; Win64; x64) AppleWebKit/537.36 (KHTML, like Gecko) Chrome/123.0.0.0 Safari/537.36"
104.28.159.50 - - [21/Jul/2026:15:54:14 +0000] "POST /wp-login.php HTTP/1.1" 200 5279 "-" "Mozilla/5.0 (X11; Linux x86_64; rv:124.0) Gecko/20100101 Firefox/124.0"
104.28.159.50 - - [21/Jul/2026:15:55:11 +0000] "POST /wp-login.php HTTP/1.1" 200 5279 "-" "Mozilla/5.0 (Macintosh; Intel Mac OS X 14_2) AppleWebKit/537.36 (KHTML, like Gecko) Chrome/124.0.0.0 Safari/537.36 OPR/108.0.0.0"
104.28.159.50 - - [21/Jul/2026:15:56:05 +0000] "POST /wp-login.php HTTP/1.1" 200 5279 "-" "Mozilla/5.0 (Macintosh; Intel Mac OS X 14_2) AppleWebKit/537.36 (KHTML, like Gecko) Chrome/124.0.0.0 Safari/537.36 OPR/108.0.0.0"
104.28.159.50 - - [21/Jul/2026:15:56:49 +0000] "POST /wp-login.php HTTP/1.1" 200 5279 "-" "Mozilla/5.0 (Macintosh; Intel Mac OS X 10_15_7) AppleWebKit/605.1.15 (KHTML, like Gecko) Version/17.5 Safari/605.1.15"
13.60.224.18 - - [21/Jul/2026:15:57:38 +0000] "POST /wp-login.php HTTP/1.1" 200 5279 "-" "Mozilla/5.0 (Windows NT 10.0; Win64; x64) AppleWebKit/537.36 Chrome/129.0.0.0 Safari/537.36"
104.28.159.50 - - [21/Jul/2026:15:57:39 +0000] "POST /wp-login.php HTTP/1.1" 200 5279 "-" "Mozilla/5.0 (Windows NT 10.0; Win64; x64) AppleWebKit/537.36 (KHTML, like Gecko) Chrome/125.0.0.0 Safari/537.36"
104.28.159.50 - - [21/Jul/2026:15:58:26 +0000] "POST /wp-login.php HTTP/1.1" 200 5279 "-" "Mozilla/5.0 (Windows NT 10.0; Win64; x64) AppleWebKit/537.36 (KHTML, like Gecko) Chrome/125.0.0.0 Safari/537.36"
45.146.54.32 - - [21/Jul/2026:15:59:17 +0000] "GET /wp-login.php HTTP/1.1" 200 4855 "-" "Mozilla/5.0 (Linux; Android 11; SM-G973F Build/RP1A.200720.012; wv) AppleWebKit/537.36 (KHTML, like Gecko) Version/4.0 Chrome/95.0.4638.50 Mobile Safari/537.36"
104.28.159.50 - - [21/Jul/2026:15:59:17 +0000] "POST /wp-login.php HTTP/1.1" 200 5279 "-" "Mozilla/5.0 (Macintosh; Intel Mac OS X 14_3) AppleWebKit/537.36 (KHTML, like Gecko) Chrome/125.0.0.0 Safari/537.36"
45.146.54.32 - - [21/Jul/2026:15:59:21 +0000] "GET /?author=1 HTTP/1.1" 301 - "-" "Mozilla/5.0 (Linux; Android 9; SAMSUNG SM-J610FN) AppleWebKit/537.36 (KHTML, like Gecko) SamsungBrowser/12.0 Chrome/79.0.3945.136 Mobile Safari/537.36"
45.146.54.32 - - [21/Jul/2026:15:59:23 +0000] "GET /?rest_route=/wp/v2/users HTTP/1.1" 200 773 "-" "windows|Mozilla/5.0 (compatible; MSIE 9.0; Windows; U; Windows NT 10.1; x64 Trident/5.0)"
13.60.224.18 - - [21/Jul/2026:16:00:02 +0000] "POST /wp-login.php HTTP/1.1" 200 5279 "-" "Mozilla/5.0 (Windows NT 10.0; Win64; rv:143.0) Gecko/20100101 Firefox/143.0"
104.28.159.50 - - [21/Jul/2026:16:00:04 +0000] "POST /wp-login.php HTTP/1.1" 200 5279 "-" "Mozilla/5.0 (Macintosh; Intel Mac OS X 14_3) AppleWebKit/537.36 (KHTML, like Gecko) Chrome/125.0.0.0 Safari/537.36"
104.28.159.50 - - [21/Jul/2026:16:00:55 +0000] "POST /wp-login.php HTTP/1.1" 200 5279 "-" "Mozilla/5.0 (X11; Linux x86_64) AppleWebKit/537.36 (KHTML, like Gecko) Chrome/124.0.0.0 Safari/537.36"
104.28.159.50 - - [21/Jul/2026:16:01:45 +0000] "POST /wp-login.php HTTP/1.1" 200 5279 "-" "Mozilla/5.0 (Windows NT 11.0; Win64; x64) AppleWebKit/537.36 (KHTML, like Gecko) Chrome/123.0.0.0 Safari/537.36"
104.28.159.50 - - [21/Jul/2026:16:02:29 +0000] "POST /wp-login.php HTTP/1.1" 200 5279 "-" "Mozilla/5.0 (X11; Linux x86_64) AppleWebKit/537.36 (KHTML, like Gecko) Chrome/124.0.0.0 Safari/537.36 Brave/1.65.0"
104.28.159.50 - - [21/Jul/2026:16:03:17 +0000] "POST /wp-login.php HTTP/1.1" 200 5279 "-" "Mozilla/5.0 (Macintosh; Intel Mac OS X 10_15_7) AppleWebKit/605.1.15 (KHTML, like Gecko) Version/17.5 Safari/605.1.15"
13.60.224.18 - - [21/Jul/2026:16:03:56 +0000] "POST /wp-login.php HTTP/1.1" 200 5279 "-" "Mozilla/5.0 (Windows NT 10.0; Win64; x64) AppleWebKit/537.36 Chrome/129.0.0.0 Safari/537.36"
104.28.159.50 - - [21/Jul/2026:16:04:03 +0000] "POST /wp-login.php HTTP/1.1" 200 5279 "-" "Mozilla/5.0 (Windows NT 10.0; Win64; x64; rv:125.0) Gecko/20100101 Firefox/125.0"
104.28.159.50 - - [21/Jul/2026:16:04:50 +0000] "POST /wp-login.php HTTP/1.1" 200 5279 "-" "Mozilla/5.0 (X11; Linux x86_64) AppleWebKit/537.36 (KHTML, like Gecko) Chrome/124.0.0.0 Safari/537.36"
104.28.159.50 - - [21/Jul/2026:16:05:34 +0000] "POST /wp-login.php HTTP/1.1" 200 5279 "-" "Mozilla/5.0 (Windows NT 10.0; Win64; x64) AppleWebKit/537.36 (KHTML, like Gecko) Chrome/124.0.0.0 Safari/537.36 Edg/124.0.0.0"
104.28.159.50 - - [21/Jul/2026:16:06:22 +0000] "POST /wp-login.php HTTP/1.1" 200 5279 "-" "Mozilla/5.0 (Macintosh; Intel Mac OS X 10_15_7) AppleWebKit/605.1.15 (KHTML, like Gecko) Version/17.5 Safari/605.1.15"
13.60.224.18 - - [21/Jul/2026:16:06:27 +0000] "POST /wp-login.php HTTP/1.1" 200 5279 "-" "Mozilla/5.0 (Windows NT 10.0; Win64; rv:143.0) Gecko/20100101 Firefox/143.0"
104.28.159.50 - - [21/Jul/2026:16:07:12 +0000] "POST /wp-login.php HTTP/1.1" 200 5279 "-" "Mozilla/5.0 (X11; Linux x86_64) AppleWebKit/537.36 (KHTML, like Gecko) Chrome/124.0.0.0 Safari/537.36 Edg/124.0.0.0"
104.28.159.50 - - [21/Jul/2026:16:07:55 +0000] "POST /wp-login.php HTTP/1.1" 200 5279 "-" "Mozilla/5.0 (Windows NT 10.0; Win64; x64) AppleWebKit/537.36 (KHTML, like Gecko) Chrome/124.0.0.0 Safari/537.36 OPR/108.0.0.0"
45.146.54.28 - - [21/Jul/2026:16:07:58 +0000] "POST /wp-login.php HTTP/1.1" 200 5279 "-" "Mozilla/5.0 (iPhone; CPU iPhone OS 16_1_2 like Mac OS X) AppleWebKit/605.1.15 (KHTML, like Gecko) Mobile/15E148 Instagram 272.0.0.14.74 (iPhone14,5; iOS 16_1_2; en_SK; en-SK; scale=3.00; 1170x2532; 450101762)"
104.28.159.50 - - [21/Jul/2026:16:08:42 +0000] "POST /wp-login.php HTTP/1.1" 200 5279 "-" "Mozilla/5.0 (Windows NT 11.0; Win64; x64) AppleWebKit/537.36 (KHTML, like Gecko) Chrome/125.0.0.0 Safari/537.36 Edg/125.0.0.0"
13.60.224.18 - - [21/Jul/2026:16:08:58 +0000] "POST /wp-login.php HTTP/1.1" 200 5279 "-" "Mozilla/5.0 (Macintosh; Intel Mac OS X 10_15_7) AppleWebKit/605.1.15 Version/17.0 Safari/605.1.15"
104.28.159.50 - - [21/Jul/2026:16:09:32 +0000] "POST /wp-login.php HTTP/1.1" 200 5279 "-" "Mozilla/5.0 (Windows NT 10.0; Win64; x64) AppleWebKit/537.36 (KHTML, like Gecko) Chrome/124.0.0.0 Safari/537.36 Brave/1.65.0"
104.28.159.50 - - [21/Jul/2026:16:10:20 +0000] "POST /wp-login.php HTTP/1.1" 200 5279 "-" "Mozilla/5.0 (Macintosh; Intel Mac OS X 13_6) AppleWebKit/605.1.15 (KHTML, like Gecko) Version/17.2 Safari/605.1.15"
104.28.159.50 - - [21/Jul/2026:16:11:04 +0000] "POST /wp-login.php HTTP/1.1" 200 5279 "-" "Mozilla/5.0 (Macintosh; Intel Mac OS X 10_15_7) AppleWebKit/537.36 (KHTML, like Gecko) Chrome/124.0.0.0 Safari/537.36"
13.60.224.18 - - [21/Jul/2026:16:11:33 +0000] "POST /wp-login.php HTTP/1.1" 200 5279 "-" "Mozilla/5.0 (Macintosh; Intel Mac OS X 10_15_7) AppleWebKit/605.1.15 Version/17.0 Safari/605.1.15"
104.28.159.50 - - [21/Jul/2026:16:11:49 +0000] "POST /wp-login.php HTTP/1.1" 200 5279 "-" "Mozilla/5.0 (Windows NT 10.0; Win64; x64) AppleWebKit/537.36 (KHTML, like Gecko) Chrome/123.0.0.0 Safari/537.36 Vivaldi/6.7"
104.28.159.50 - - [21/Jul/2026:16:12:38 +0000] "POST /wp-login.php HTTP/1.1" 200 5279 "-" "Mozilla/5.0 (Windows NT 11.0; Win64; x64) AppleWebKit/537.36 (KHTML, like Gecko) Chrome/123.0.0.0 Safari/537.36"
104.28.159.50 - - [21/Jul/2026:16:13:26 +0000] "POST /wp-login.php HTTP/1.1" 200 5279 "-" "Mozilla/5.0 (Macintosh; Intel Mac OS X 13_6) AppleWebKit/605.1.15 (KHTML, like Gecko) Version/17.2 Safari/605.1.15"
104.28.159.50 - - [21/Jul/2026:16:14:08 +0000] "POST /wp-login.php HTTP/1.1" 200 5279 "-" "Mozilla/5.0 (X11; Linux x86_64) AppleWebKit/537.36 (KHTML, like Gecko) Chrome/123.0.0.0 Safari/537.36 OPR/107.0.0.0"
13.60.224.18 - - [21/Jul/2026:16:14:14 +0000] "POST /wp-login.php HTTP/1.1" 200 5279 "-" "Mozilla/5.0 (Windows NT 10.0; Win64; x64) AppleWebKit/537.36 Chrome/129.0.0.0 Safari/537.36"
104.28.159.50 - - [21/Jul/2026:16:14:55 +0000] "POST /wp-login.php HTTP/1.1" 200 5279 "-" "Mozilla/5.0 (Windows NT 10.0; Win64; x64) AppleWebKit/537.36 (KHTML, like Gecko) Chrome/124.0.0.0 Safari/537.36 Edg/124.0.0.0"
104.28.159.50 - - [21/Jul/2026:16:15:48 +0000] "POST /wp-login.php HTTP/1.1" 200 5279 "-" "Mozilla/5.0 (Windows NT 10.0; WOW64) AppleWebKit/537.36 (KHTML, like Gecko) Chrome/118.0.0.0 Safari/537.36"
104.28.159.50 - - [21/Jul/2026:16:16:30 +0000] "POST /wp-login.php HTTP/1.1" 200 5279 "-" "Mozilla/5.0 (Windows NT 10.0; Win64; x64) AppleWebKit/537.36 (KHTML, like Gecko) Chrome/124.0.0.0 Safari/537.36"
13.60.224.18 - - [21/Jul/2026:16:17:05 +0000] "POST /wp-login.php HTTP/1.1" 200 5279 "-" "Mozilla/5.0 (Macintosh; Intel Mac OS X 10_15_7) AppleWebKit/605.1.15 Version/17.0 Safari/605.1.15"
104.28.159.50 - - [21/Jul/2026:16:17:15 +0000] "POST /wp-login.php HTTP/1.1" 200 5279 "-" "Mozilla/5.0 (Windows NT 10.0; Win64; x64) AppleWebKit/537.36 (KHTML, like Gecko) Chrome/124.0.0.0 Safari/537.36 Brave/1.65.0"
104.28.159.50 - - [21/Jul/2026:16:18:02 +0000] "POST /wp-login.php HTTP/1.1" 200 5279 "-" "Mozilla/5.0 (Macintosh; Intel Mac OS X 10_15_7) AppleWebKit/605.1.15 (KHTML, like Gecko) Version/17.5 Safari/605.1.15"
104.28.159.50 - - [21/Jul/2026:16:18:52 +0000] "POST /wp-login.php HTTP/1.1" 200 5279 "-" "Mozilla/5.0 (X11; Linux x86_64) AppleWebKit/537.36 (KHTML, like Gecko) Chrome/124.0.0.0 Safari/537.36 Edg/124.0.0.0"
104.28.159.50 - - [21/Jul/2026:16:19:34 +0000] "POST /wp-login.php HTTP/1.1" 200 5279 "-" "Mozilla/5.0 (Macintosh; Intel Mac OS X 14_2) AppleWebKit/537.36 (KHTML, like Gecko) Chrome/124.0.0.0 Safari/537.36 OPR/108.0.0.0"
13.60.224.18 - - [21/Jul/2026:16:19:57 +0000] "POST /wp-login.php HTTP/1.1" 200 5279 "-" "Mozilla/5.0 (Windows NT 10.0; Win64; rv:143.0) Gecko/20100101 Firefox/143.0"
104.28.159.50 - - [21/Jul/2026:16:20:23 +0000] "POST /wp-login.php HTTP/1.1" 200 5279 "-" "Mozilla/5.0 (Windows NT 10.0; Win64; x64; rv:125.0) Gecko/20100101 Firefox/125.0"
104.28.159.50 - - [21/Jul/2026:16:21:13 +0000] "POST /wp-login.php HTTP/1.1" 200 5279 "-" "Mozilla/5.0 (Windows NT 6.3; Win64; x64; rv:118.0) Gecko/20100101 Firefox/118.0"
104.28.159.50 - - [21/Jul/2026:16:22:00 +0000] "POST /wp-login.php HTTP/1.1" 200 5279 "-" "Mozilla/5.0 (Windows NT 6.1; Win64; x64) AppleWebKit/537.36 (KHTML, like Gecko) Chrome/120.0.0.0 Safari/537.36"
104.28.159.50 - - [21/Jul/2026:16:22:46 +0000] "POST /wp-login.php HTTP/1.1" 200 5279 "-" "Mozilla/5.0 (X11; Linux x86_64; rv:124.0) Gecko/20100101 Firefox/124.0"
13.60.224.18 - - [21/Jul/2026:16:22:57 +0000] "POST /wp-login.php HTTP/1.1" 200 5279 "-" "Mozilla/5.0 (Windows NT 10.0; Win64; rv:143.0) Gecko/20100101 Firefox/143.0"
104.28.159.50 - - [21/Jul/2026:16:23:36 +0000] "POST /wp-login.php HTTP/1.1" 200 5279 "-" "Mozilla/5.0 (Windows NT 11.0; Win64; x64) AppleWebKit/537.36 (KHTML, like Gecko) Chrome/123.0.0.0 Safari/537.36"
104.28.159.50 - - [21/Jul/2026:16:24:25 +0000] "POST /wp-login.php HTTP/1.1" 200 5279 "-" "Mozilla/5.0 (Windows NT 10.0; Win64; x64) AppleWebKit/537.36 (KHTML, like Gecko) Chrome/124.0.0.0 Safari/537.36 Brave/1.65.0"
104.28.159.50 - - [21/Jul/2026:16:25:07 +0000] "POST /wp-login.php HTTP/1.1" 200 5279 "-" "Mozilla/5.0 (Windows NT 10.0; Win64; x64) AppleWebKit/537.36 (KHTML, like Gecko) Chrome/124.0.0.0 Safari/537.36 Brave/1.65.0"
104.28.159.50 - - [21/Jul/2026:16:25:54 +0000] "POST /wp-login.php HTTP/1.1" 200 5279 "-" "Mozilla/5.0 (Macintosh; Intel Mac OS X 14_2) AppleWebKit/537.36 (KHTML, like Gecko) Chrome/124.0.0.0 Safari/537.36 OPR/108.0.0.0"
13.60.224.18 - - [21/Jul/2026:16:26:06 +0000] "POST /wp-login.php HTTP/1.1" 200 5279 "-" "Mozilla/5.0 (Windows NT 10.0; Win64; x64) AppleWebKit/537.36 Chrome/129.0.0.0 Safari/537.36"
104.28.159.50 - - [21/Jul/2026:16:26:45 +0000] "POST /wp-login.php HTTP/1.1" 200 5279 "-" "Mozilla/5.0 (Macintosh; Intel Mac OS X 14_3) AppleWebKit/605.1.15 (KHTML, like Gecko) Version/17.3 Safari/605.1.15"
104.28.159.50 - - [21/Jul/2026:16:27:28 +0000] "POST /wp-login.php HTTP/1.1" 200 5279 "-" "Mozilla/5.0 (Windows NT 10.0; Win64; x64) AppleWebKit/537.36 (KHTML, like Gecko) Chrome/124.0.0.0 Safari/537.36 Edg/124.0.0.0"
104.28.159.50 - - [21/Jul/2026:16:28:10 +0000] "POST /wp-login.php HTTP/1.1" 200 5279 "-" "Mozilla/5.0 (X11; Linux x86_64; rv:124.0) Gecko/20100101 Firefox/124.0"
104.28.159.50 - - [21/Jul/2026:16:28:57 +0000] "POST /wp-login.php HTTP/1.1" 200 5279 "-" "Mozilla/5.0 (Macintosh; Intel Mac OS X 14_3) AppleWebKit/605.1.15 (KHTML, like Gecko) Version/17.3 Safari/605.1.15"
13.60.224.18 - - [21/Jul/2026:16:29:12 +0000] "POST /wp-login.php HTTP/1.1" 200 5279 "-" "Mozilla/5.0 (Macintosh; Intel Mac OS X 10_15_7) AppleWebKit/605.1.15 Version/17.0 Safari/605.1.15"
104.28.159.50 - - [21/Jul/2026:16:29:43 +0000] "POST /wp-login.php HTTP/1.1" 200 5279 "-" "Mozilla/5.0 (Macintosh; Intel Mac OS X 10_15_7) AppleWebKit/537.36 (KHTML, like Gecko) Chrome/124.0.0.0 Safari/537.36"
104.28.159.50 - - [21/Jul/2026:16:30:31 +0000] "POST /wp-login.php HTTP/1.1" 200 5279 "-" "Mozilla/5.0 (Macintosh; Intel Mac OS X 13_6) AppleWebKit/605.1.15 (KHTML, like Gecko) Version/17.2 Safari/605.1.15"
104.28.159.50 - - [21/Jul/2026:16:31:14 +0000] "POST /wp-login.php HTTP/1.1" 200 5279 "-" "Mozilla/5.0 (Windows NT 10.0; Win64; x64) AppleWebKit/537.36 (KHTML, like Gecko) Chrome/124.0.0.0 Safari/537.36 Brave/1.65.0"
45.146.54.35 - - [21/Jul/2026:16:31:45 +0000] "POST /wp-login.php HTTP/1.1" 200 5279 "-" "firefox|Mozilla/5.0 (Macintosh; Intel Mac OS X 9_6_1) Gecko/20100101 Firefox/60.8"
104.28.159.50 - - [21/Jul/2026:16:32:01 +0000] "POST /wp-login.php HTTP/1.1" 200 5279 "-" "Mozilla/5.0 (Windows NT 10.0; Win64; x64) AppleWebKit/537.36 (KHTML, like Gecko) Chrome/124.0.0.0 Safari/537.36 Edg/124.0.0.0"
13.60.224.18 - - [21/Jul/2026:16:32:26 +0000] "POST /wp-login.php HTTP/1.1" 200 5279 "-" "Mozilla/5.0 (Windows NT 10.0; Win64; x64) AppleWebKit/537.36 Chrome/129.0.0.0 Safari/537.36"
104.28.159.50 - - [21/Jul/2026:16:32:47 +0000] "POST /wp-login.php HTTP/1.1" 200 5279 "-" "Mozilla/5.0 (X11; Linux x86_64; rv:125.0) Gecko/20100101 Firefox/125.0"
104.28.159.50 - - [21/Jul/2026:16:33:30 +0000] "POST /wp-login.php HTTP/1.1" 200 5279 "-" "Mozilla/5.0 (Windows NT 11.0; Win64; x64) AppleWebKit/537.36 (KHTML, like Gecko) Chrome/123.0.0.0 Safari/537.36"
104.28.159.50 - - [21/Jul/2026:16:34:11 +0000] "POST /wp-login.php HTTP/1.1" 200 5279 "-" "Mozilla/5.0 (X11; Linux x86_64; rv:125.0) Gecko/20100101 Firefox/125.0"
104.28.159.50 - - [21/Jul/2026:16:34:55 +0000] "POST /wp-login.php HTTP/1.1" 200 5279 "-" "Mozilla/5.0 (X11; Linux x86_64) AppleWebKit/537.36 (KHTML, like Gecko) Chrome/124.0.0.0 Safari/537.36 Vivaldi/6.7"
104.28.159.50 - - [21/Jul/2026:16:35:42 +0000] "POST /wp-login.php HTTP/1.1" 200 5279 "-" "Mozilla/5.0 (Windows NT 6.3; Win64; x64; rv:118.0) Gecko/20100101 Firefox/118.0"
13.60.224.18 - - [21/Jul/2026:16:35:49 +0000] "POST /wp-login.php HTTP/1.1" 200 5279 "-" "Mozilla/5.0 (Macintosh; Intel Mac OS X 10_15_7) AppleWebKit/605.1.15 Version/17.0 Safari/605.1.15"
104.28.159.50 - - [21/Jul/2026:16:36:28 +0000] "POST /wp-login.php HTTP/1.1" 200 5279 "-" "Mozilla/5.0 (Windows NT 10.0; Win64; x64) AppleWebKit/537.36 (KHTML, like Gecko) Chrome/124.0.0.0 Safari/537.36 Edg/124.0.0.0"
104.28.159.50 - - [21/Jul/2026:16:37:12 +0000] "POST /wp-login.php HTTP/1.1" 200 5279 "-" "Mozilla/5.0 (Windows NT 6.3; Win64; x64; rv:118.0) Gecko/20100101 Firefox/118.0"
104.28.159.50 - - [21/Jul/2026:16:37:56 +0000] "POST /wp-login.php HTTP/1.1" 200 5279 "-" "Mozilla/5.0 (Macintosh; Intel Mac OS X 13.5; rv:124.0) Gecko/20100101 Firefox/124.0"
104.28.159.50 - - [21/Jul/2026:16:38:45 +0000] "POST /wp-login.php HTTP/1.1" 200 5279 "-" "Mozilla/5.0 (Windows NT 10.0; Win64; x64; rv:125.0) Gecko/20100101 Firefox/125.0"
13.60.224.18 - - [21/Jul/2026:16:39:14 +0000] "POST /wp-login.php HTTP/1.1" 200 5279 "-" "Mozilla/5.0 (Windows NT 10.0; Win64; rv:143.0) Gecko/20100101 Firefox/143.0"
104.28.159.50 - - [21/Jul/2026:16:39:31 +0000] "POST /wp-login.php HTTP/1.1" 200 5279 "-" "Mozilla/5.0 (Macintosh; Intel Mac OS X 13_6) AppleWebKit/605.1.15 (KHTML, like Gecko) Version/17.2 Safari/605.1.15"
104.28.159.50 - - [21/Jul/2026:16:40:13 +0000] "POST /wp-login.php HTTP/1.1" 200 5279 "-" "Mozilla/5.0 (X11; Linux x86_64) AppleWebKit/537.36 (KHTML, like Gecko) Chrome/123.0.0.0 Safari/537.36 OPR/107.0.0.0"
104.28.159.50 - - [21/Jul/2026:16:41:03 +0000] "POST /wp-login.php HTTP/1.1" 200 5279 "-" "Mozilla/5.0 (Windows NT 10.0; Win64; x64) AppleWebKit/537.36 (KHTML, like Gecko) Chrome/125.0.0.0 Safari/537.36"
104.28.159.50 - - [21/Jul/2026:16:41:53 +0000] "POST /wp-login.php HTTP/1.1" 200 5279 "-" "Mozilla/5.0 (Macintosh; Intel Mac OS X 13_6) AppleWebKit/605.1.15 (KHTML, like Gecko) Version/17.2 Safari/605.1.15"
104.28.159.50 - - [21/Jul/2026:16:42:38 +0000] "POST /wp-login.php HTTP/1.1" 200 5279 "-" "Mozilla/5.0 (Macintosh; Intel Mac OS X 13.5; rv:124.0) Gecko/20100101 Firefox/124.0"
13.60.224.18 - - [21/Jul/2026:16:42:37 +0000] "POST /wp-login.php HTTP/1.1" 200 5279 "-" "Mozilla/5.0 (Macintosh; Intel Mac OS X 10_15_7) AppleWebKit/605.1.15 Version/17.0 Safari/605.1.15"
104.28.159.50 - - [21/Jul/2026:16:43:21 +0000] "POST /wp-login.php HTTP/1.1" 200 5279 "-" "Mozilla/5.0 (Windows NT 6.3; Win64; x64; rv:118.0) Gecko/20100101 Firefox/118.0"
104.28.159.50 - - [21/Jul/2026:16:44:07 +0000] "POST /wp-login.php HTTP/1.1" 200 5279 "-" "Mozilla/5.0 (Macintosh; Intel Mac OS X 13_6) AppleWebKit/605.1.15 (KHTML, like Gecko) Version/17.2 Safari/605.1.15"
104.28.159.50 - - [21/Jul/2026:16:44:54 +0000] "POST /wp-login.php HTTP/1.1" 200 5279 "-" "Mozilla/5.0 (Windows NT 11.0; Win64; x64) AppleWebKit/537.36 (KHTML, like Gecko) Chrome/123.0.0.0 Safari/537.36"
104.28.159.50 - - [21/Jul/2026:16:45:39 +0000] "POST /wp-login.php HTTP/1.1" 200 5279 "-" "Mozilla/5.0 (X11; Linux x86_64; rv:124.0) Gecko/20100101 Firefox/124.0"
13.60.224.18 - - [21/Jul/2026:16:46:04 +0000] "POST /wp-login.php HTTP/1.1" 200 5279 "-" "Mozilla/5.0 (Macintosh; Intel Mac OS X 10_15_7) AppleWebKit/605.1.15 Version/17.0 Safari/605.1.15"
104.28.159.50 - - [21/Jul/2026:16:46:22 +0000] "POST /wp-login.php HTTP/1.1" 200 5279 "-" "Mozilla/5.0 (Macintosh; Intel Mac OS X 10_15_7) AppleWebKit/605.1.15 (KHTML, like Gecko) Version/17.5 Safari/605.1.15"
104.28.159.50 - - [21/Jul/2026:16:47:12 +0000] "POST /wp-login.php HTTP/1.1" 200 5279 "-" "Mozilla/5.0 (Windows NT 6.1; Win64; x64) AppleWebKit/537.36 (KHTML, like Gecko) Chrome/120.0.0.0 Safari/537.36"
104.28.159.50 - - [21/Jul/2026:16:48:02 +0000] "POST /wp-login.php HTTP/1.1" 200 5279 "-" "Mozilla/5.0 (Windows NT 10.0; WOW64) AppleWebKit/537.36 (KHTML, like Gecko) Chrome/118.0.0.0 Safari/537.36"
13.60.224.18 - - [21/Jul/2026:16:49:27 +0000] "POST /wp-login.php HTTP/1.1" 200 5279 "-" "Mozilla/5.0 (Macintosh; Intel Mac OS X 10_15_7) AppleWebKit/605.1.15 Version/17.0 Safari/605.1.15"
13.60.224.18 - - [21/Jul/2026:16:52:58 +0000] "POST /wp-login.php HTTP/1.1" 200 5279 "-" "Mozilla/5.0 (Windows NT 10.0; Win64; x64) AppleWebKit/537.36 Chrome/129.0.0.0 Safari/537.36"
45.131.194.246 - - [21/Jul/2026:16:55:47 +0000] "POST /wp-login.php HTTP/1.1" 200 5279 "-" "Mozilla/5.0 (Macintosh; U; PPC Mac OS; en-en) AppleWebKit/412 (KHTML, like Gecko) Safari/412"
