HEX
Server: Apache
System: Linux server1.yalehafricanfoods.shop 5.14.0-687.15.1.el9_8.x86_64 #1 SMP PREEMPT_DYNAMIC Thu Jun 11 08:51:45 EDT 2026 x86_64
User: yalenocb (1002)
PHP: 8.1.34
Disabled: NONE
Upload Files
File: /home/yalenocb/access-logs/greentevaconsult.shop.yalehafricanfoods.shop
104.23.223.106 - - [21/Jul/2026:08:18:11 +0000] "GET /wp-admin/install.php?step=1 HTTP/1.1" 200 1418 "-" "http://greentevaconsult.shop/wp-admin/install.php?step=1"
5.133.192.173 - - [21/Jul/2026:09:51:22 +0000] "GET / HTTP/1.1" 200 82756 "-" "Mozilla/5.0 (Macintosh; Intel Mac OS X 10_15_7) AppleWebKit/605.1.15 (KHTML, like Gecko) Version/17.3.1 Safari/605.1.1"
49.235.136.28 - - [21/Jul/2026:09:52:50 +0000] "GET / HTTP/1.1" 200 82756 "-" "Mozilla/5.0 (iPhone; CPU iPhone OS 13_2_3 like Mac OS X) AppleWebKit/605.1.15 (KHTML, like Gecko) Version/13.0.3 Mobile/15E148 Safari/604.1"
198.177.124.148 - - [21/Jul/2026:09:59:36 +0000] "POST /wp-cron.php?doing_wp_cron=1784627976.2948410511016845703125 HTTP/1.1" 200 - "-" "WordPress/7.0.2; https://greentevaconsult.shop"
172.69.224.77 - - [21/Jul/2026:09:59:34 +0000] "GET /wp-admin/install.php?step=1 HTTP/1.1" 200 1418 "-" "http://greentevaconsult.shop/wp-admin/install.php?step=1"
43.135.211.148 - - [21/Jul/2026:10:48:34 +0000] "GET / HTTP/1.1" 200 82756 "-" "Mozilla/5.0 (iPhone; CPU iPhone OS 13_2_3 like Mac OS X) AppleWebKit/605.1.15 (KHTML, like Gecko) Version/13.0.3 Mobile/15E148 Safari/604.1"
104.23.223.106 - - [21/Jul/2026:11:42:09 +0000] "GET /wp-admin/install.php?step=1 HTTP/1.1" 404 75751 "-" "http://greentevaconsult.shop/wp-admin/install.php?step=1"
104.23.223.107 - - [21/Jul/2026:13:27:59 +0000] "GET /wp-admin/install.php?step=1 HTTP/1.1" 404 75751 "-" "http://greentevaconsult.shop/wp-admin/install.php?step=1"
66.249.69.173 - - [21/Jul/2026:14:18:57 +0000] "GET /robots.txt HTTP/1.1" 200 122 "-" "Mozilla/5.0 (compatible; Googlebot/2.1; +http://www.google.com/bot.html)"
43.153.67.21 - - [21/Jul/2026:14:23:44 +0000] "GET / HTTP/1.1" 200 82756 "-" "Mozilla/5.0 (iPhone; CPU iPhone OS 13_2_3 like Mac OS X) AppleWebKit/605.1.15 (KHTML, like Gecko) Version/13.0.3 Mobile/15E148 Safari/604.1"
172.71.144.27 - - [21/Jul/2026:15:14:04 +0000] "GET /wp-admin/install.php?step=1 HTTP/1.1" 404 75751 "-" "http://greentevaconsult.shop/wp-admin/install.php?step=1"
199.244.88.230 - - [21/Jul/2026:15:20:01 +0000] "GET / HTTP/1.1" 200 82756 "-" "Mozilla/5.0 (Macintosh; Intel Mac OS X 10_15_7) AppleWebKit/537.36 (KHTML, like Gecko) Chrome/106.0.0.0 Safari/537.36"
199.244.88.231 - - [21/Jul/2026:15:20:03 +0000] "GET /wp-includes/blocks/navigation/style.min.css?ver=7.0.2 HTTP/1.1" 200 20709 "http://greentevaconsult.shop/" "Mozilla/5.0 (Macintosh; Intel Mac OS X 10_15_7) AppleWebKit/537.36 (KHTML, like Gecko) Chrome/106.0.0.0 Safari/537.36"
199.244.88.230 - - [21/Jul/2026:15:20:03 +0000] "GET /wp-includes/js/dist/script-modules/interactivity/index.min.js?ver=efaa5193bbad9c60ffd1 HTTP/1.1" 200 40106 "-" "Mozilla/5.0 (Macintosh; Intel Mac OS X 10_15_7) AppleWebKit/537.36 (KHTML, like Gecko) Chrome/106.0.0.0 Safari/537.36"
199.244.88.231 - - [21/Jul/2026:15:20:03 +0000] "GET /wp-content/themes/twentytwentyfour/assets/images/tourist-and-building.webp HTTP/1.1" 200 66482 "http://greentevaconsult.shop/" "Mozilla/5.0 (Macintosh; Intel Mac OS X 10_15_7) AppleWebKit/537.36 (KHTML, like Gecko) Chrome/106.0.0.0 Safari/537.36"
199.244.88.223 - - [21/Jul/2026:15:20:03 +0000] "GET /wp-includes/js/dist/script-modules/block-library/navigation/view.min.js?ver=96a846e1d7b789c39ab9 HTTP/1.1" 200 3053 "http://greentevaconsult.shop/" "Mozilla/5.0 (Macintosh; Intel Mac OS X 10_15_7) AppleWebKit/537.36 (KHTML, like Gecko) Chrome/106.0.0.0 Safari/537.36"
199.244.88.219 - - [21/Jul/2026:15:20:03 +0000] "GET /wp-content/themes/twentytwentyfour/assets/images/building-exterior.webp HTTP/1.1" 200 199724 "http://greentevaconsult.shop/" "Mozilla/5.0 (Macintosh; Intel Mac OS X 10_15_7) AppleWebKit/537.36 (KHTML, like Gecko) Chrome/106.0.0.0 Safari/537.36"
199.244.88.224 - - [21/Jul/2026:15:20:03 +0000] "GET /wp-content/themes/twentytwentyfour/assets/images/windows.webp HTTP/1.1" 200 126244 "http://greentevaconsult.shop/" "Mozilla/5.0 (Macintosh; Intel Mac OS X 10_15_7) AppleWebKit/537.36 (KHTML, like Gecko) Chrome/106.0.0.0 Safari/537.36"
199.244.88.224 - - [21/Jul/2026:15:20:03 +0000] "GET /wp-content/themes/twentytwentyfour/assets/fonts/inter/Inter-VariableFont_slnt,wght.woff2 HTTP/1.1" 200 326628 "http://greentevaconsult.shop/" "Mozilla/5.0 (Macintosh; Intel Mac OS X 10_15_7) AppleWebKit/537.36 (KHTML, like Gecko) Chrome/106.0.0.0 Safari/537.36"
199.244.88.231 - - [21/Jul/2026:15:20:03 +0000] "GET /wp-content/themes/twentytwentyfour/assets/fonts/cardo/cardo_normal_400.woff2 HTTP/1.1" 200 146060 "http://greentevaconsult.shop/" "Mozilla/5.0 (Macintosh; Intel Mac OS X 10_15_7) AppleWebKit/537.36 (KHTML, like Gecko) Chrome/106.0.0.0 Safari/537.36"
199.244.88.223 - - [21/Jul/2026:15:20:03 +0000] "GET /wp-content/themes/twentytwentyfour/assets/fonts/cardo/cardo_italic_400.woff2 HTTP/1.1" 200 105184 "http://greentevaconsult.shop/" "Mozilla/5.0 (Macintosh; Intel Mac OS X 10_15_7) AppleWebKit/537.36 (KHTML, like Gecko) Chrome/106.0.0.0 Safari/537.36"
199.244.88.225 - - [21/Jul/2026:15:21:05 +0000] "GET / HTTP/1.1" 200 82756 "-" "Mozilla/5.0 (X11; Linux x86_64) AppleWebKit/537.36 (KHTML, like Gecko) Chrome/105.0.0.0 Safari/537.36"
199.244.88.228 - - [21/Jul/2026:15:21:17 +0000] "GET / HTTP/1.1" 200 82756 "-" "Mozilla/5.0 (Macintosh; Intel Mac OS X 10_15_7) AppleWebKit/537.36 (KHTML, like Gecko) Chrome/106.0.0.0 Safari/537.36"
199.244.88.229 - - [21/Jul/2026:15:21:18 +0000] "GET /wp-includes/blocks/navigation/style.min.css?ver=7.0.2 HTTP/1.1" 200 20709 "http://greentevaconsult.shop/" "Mozilla/5.0 (Macintosh; Intel Mac OS X 10_15_7) AppleWebKit/537.36 (KHTML, like Gecko) Chrome/106.0.0.0 Safari/537.36"
199.244.88.228 - - [21/Jul/2026:15:21:18 +0000] "GET /wp-includes/js/dist/script-modules/interactivity/index.min.js?ver=efaa5193bbad9c60ffd1 HTTP/1.1" 200 40106 "-" "Mozilla/5.0 (Macintosh; Intel Mac OS X 10_15_7) AppleWebKit/537.36 (KHTML, like Gecko) Chrome/106.0.0.0 Safari/537.36"
199.244.88.219 - - [21/Jul/2026:15:21:18 +0000] "GET /wp-content/themes/twentytwentyfour/assets/images/tourist-and-building.webp HTTP/1.1" 200 66482 "http://greentevaconsult.shop/" "Mozilla/5.0 (Macintosh; Intel Mac OS X 10_15_7) AppleWebKit/537.36 (KHTML, like Gecko) Chrome/106.0.0.0 Safari/537.36"
199.244.88.225 - - [21/Jul/2026:15:21:18 +0000] "GET /wp-includes/js/dist/script-modules/block-library/navigation/view.min.js?ver=96a846e1d7b789c39ab9 HTTP/1.1" 200 3053 "http://greentevaconsult.shop/" "Mozilla/5.0 (Macintosh; Intel Mac OS X 10_15_7) AppleWebKit/537.36 (KHTML, like Gecko) Chrome/106.0.0.0 Safari/537.36"
199.244.88.221 - - [21/Jul/2026:15:21:18 +0000] "GET /wp-content/themes/twentytwentyfour/assets/images/windows.webp HTTP/1.1" 200 126244 "http://greentevaconsult.shop/" "Mozilla/5.0 (Macintosh; Intel Mac OS X 10_15_7) AppleWebKit/537.36 (KHTML, like Gecko) Chrome/106.0.0.0 Safari/537.36"
199.244.88.229 - - [21/Jul/2026:15:21:18 +0000] "GET /wp-content/themes/twentytwentyfour/assets/fonts/cardo/cardo_normal_400.woff2 HTTP/1.1" 200 146060 "http://greentevaconsult.shop/" "Mozilla/5.0 (Macintosh; Intel Mac OS X 10_15_7) AppleWebKit/537.36 (KHTML, like Gecko) Chrome/106.0.0.0 Safari/537.36"
199.244.88.228 - - [21/Jul/2026:15:21:18 +0000] "GET /wp-content/themes/twentytwentyfour/assets/fonts/cardo/cardo_italic_400.woff2 HTTP/1.1" 200 105184 "http://greentevaconsult.shop/" "Mozilla/5.0 (Macintosh; Intel Mac OS X 10_15_7) AppleWebKit/537.36 (KHTML, like Gecko) Chrome/106.0.0.0 Safari/537.36"
199.244.88.230 - - [21/Jul/2026:15:21:18 +0000] "GET /wp-content/themes/twentytwentyfour/assets/images/building-exterior.webp HTTP/1.1" 200 199724 "http://greentevaconsult.shop/" "Mozilla/5.0 (Macintosh; Intel Mac OS X 10_15_7) AppleWebKit/537.36 (KHTML, like Gecko) Chrome/106.0.0.0 Safari/537.36"
199.244.88.225 - - [21/Jul/2026:15:21:18 +0000] "GET /wp-content/themes/twentytwentyfour/assets/fonts/inter/Inter-VariableFont_slnt,wght.woff2 HTTP/1.1" 200 326628 "http://greentevaconsult.shop/" "Mozilla/5.0 (Macintosh; Intel Mac OS X 10_15_7) AppleWebKit/537.36 (KHTML, like Gecko) Chrome/106.0.0.0 Safari/537.36"
199.244.88.219 - - [21/Jul/2026:15:21:42 +0000] "GET / HTTP/1.1" 200 82756 "-" "Mozilla/5.0 (X11; Linux x86_64) AppleWebKit/537.36 (KHTML, like Gecko) Chrome/105.0.0.0 Safari/537.36"
198.177.124.148 - - [21/Jul/2026:16:54:56 +0000] "POST /wp-cron.php?doing_wp_cron=1784652896.6477680206298828125000 HTTP/1.1" 200 - "-" "WordPress/7.0.2; https://greentevaconsult.shop"
172.70.248.56 - - [21/Jul/2026:16:54:55 +0000] "GET /wp-admin/install.php?step=1 HTTP/1.1" 404 75751 "-" "http://greentevaconsult.shop/wp-admin/install.php?step=1"
198.177.124.148 - - [21/Jul/2026:18:02:20 +0000] "POST /wp-cron.php?doing_wp_cron=1784656940.1669380664825439453125 HTTP/1.1" 200 - "-" "WordPress/7.0.2; https://greentevaconsult.shop"
43.166.130.123 - - [21/Jul/2026:18:02:18 +0000] "GET / HTTP/1.1" 200 82756 "-" "Mozilla/5.0 (iPhone; CPU iPhone OS 13_2_3 like Mac OS X) AppleWebKit/605.1.15 (KHTML, like Gecko) Version/13.0.3 Mobile/15E148 Safari/604.1"
104.23.223.107 - - [21/Jul/2026:18:36:32 +0000] "GET /wp-admin/install.php?step=1 HTTP/1.1" 404 75751 "-" "http://greentevaconsult.shop/wp-admin/install.php?step=1"
92.118.39.171 - - [21/Jul/2026:18:41:01 +0000] "GET /.env HTTP/1.1" 404 75751 "-" "Mozilla/5.0 (X11; Linux x86_64) AppleWebKit/537.36 (KHTML, like Gecko) Chrome/81.0.4044.129 Safari/537.36"
92.118.39.171 - - [21/Jul/2026:18:41:04 +0000] "POST / HTTP/1.1" 200 82756 "-" "Mozilla/5.0 (X11; Linux x86_64) AppleWebKit/537.36 (KHTML, like Gecko) Chrome/81.0.4044.129 Safari/537.36"
198.177.124.148 - - [21/Jul/2026:20:22:53 +0000] "POST /wp-cron.php?doing_wp_cron=1784665373.2275888919830322265625 HTTP/1.1" 200 - "-" "WordPress/7.0.2; https://greentevaconsult.shop"
172.71.95.38 - - [21/Jul/2026:20:22:52 +0000] "GET /wp-admin/install.php?step=1 HTTP/1.1" 404 75751 "-" "http://greentevaconsult.shop/wp-admin/install.php?step=1"
43.156.232.154 - - [21/Jul/2026:21:41:06 +0000] "GET / HTTP/1.1" 200 82756 "-" "Mozilla/5.0 (iPhone; CPU iPhone OS 13_2_3 like Mac OS X) AppleWebKit/605.1.15 (KHTML, like Gecko) Version/13.0.3 Mobile/15E148 Safari/604.1"
198.177.124.148 - - [21/Jul/2026:22:06:39 +0000] "POST /wp-cron.php?doing_wp_cron=1784671599.5676798820495605468750 HTTP/1.1" 200 - "-" "WordPress/7.0.2; https://greentevaconsult.shop"
104.23.221.56 - - [21/Jul/2026:22:06:38 +0000] "GET /wp-admin/install.php?step=1 HTTP/1.1" 404 75751 "-" "http://greentevaconsult.shop/wp-admin/install.php?step=1"
198.177.124.148 - - [21/Jul/2026:22:19:32 +0000] "POST /wp-cron.php?doing_wp_cron=1784672372.3459360599517822265625 HTTP/1.1" 200 - "-" "WordPress/7.0.2; https://greentevaconsult.shop"
124.221.163.189 - - [21/Jul/2026:22:19:31 +0000] "GET / HTTP/1.1" 200 82756 "-" "Mozilla/5.0 (iPhone; CPU iPhone OS 13_2_3 like Mac OS X) AppleWebKit/605.1.15 (KHTML, like Gecko) Version/13.0.3 Mobile/15E148 Safari/604.1"
198.177.124.148 - - [21/Jul/2026:23:15:47 +0000] "POST /wp-cron.php?doing_wp_cron=1784675747.4082159996032714843750 HTTP/1.1" 200 - "-" "WordPress/7.0.2; https://greentevaconsult.shop"
136.67.60.28 - - [21/Jul/2026:23:15:40 +0000] "GET /bootstrap.php HTTP/1.1" 404 75751 "-" "Mozilla/5.0 (Windows NT 10.0; Win64; x64) AppleWebKit/537.36 (KHTML, like Gecko) Chrome/91.0.4472.124 Safari/537.36"
136.67.60.28 - - [21/Jul/2026:23:15:54 +0000] "GET /system/bootstrap.php HTTP/1.1" 404 75751 "-" "Mozilla/5.0 (Windows NT 10.0; Win64; x64) AppleWebKit/537.36 (KHTML, like Gecko) Chrome/91.0.4472.124 Safari/537.36"
63.141.250.58 - - [22/Jul/2026:00:49:41 +0000] "GET /index.php?params=1 HTTP/1.1" 301 - "-" "Mozilla/5.0 (Windows NT 10.0; Win64; x64) AppleWebKit/537.36 (KHTML, like Gecko) Chrome/131.0.0.0 Safari/537.36"
63.141.250.58 - - [22/Jul/2026:00:49:42 +0000] "GET /?params=1 HTTP/1.1" 200 82756 "-" "Mozilla/5.0 (Windows NT 10.0; Win64; x64) AppleWebKit/537.36 (KHTML, like Gecko) Chrome/131.0.0.0 Safari/537.36"
63.141.250.58 - - [22/Jul/2026:00:51:09 +0000] "GET /index.php?params=1 HTTP/1.1" 301 - "-" "Mozilla/5.0 (Windows NT 10.0; Win64; x64) AppleWebKit/537.36 (KHTML, like Gecko) Chrome/131.0.0.0 Safari/537.36"
63.141.250.58 - - [22/Jul/2026:00:51:10 +0000] "GET /?params=1 HTTP/1.1" 200 82756 "-" "Mozilla/5.0 (Windows NT 10.0; Win64; x64) AppleWebKit/537.36 (KHTML, like Gecko) Chrome/131.0.0.0 Safari/537.36"
198.177.124.148 - - [22/Jul/2026:01:10:42 +0000] "POST /wp-cron.php?doing_wp_cron=1784682642.3069870471954345703125 HTTP/1.1" 200 - "-" "WordPress/7.0.2; https://greentevaconsult.shop"
43.157.62.101 - - [22/Jul/2026:01:10:40 +0000] "GET / HTTP/1.1" 200 82756 "-" "Mozilla/5.0 (iPhone; CPU iPhone OS 13_2_3 like Mac OS X) AppleWebKit/605.1.15 (KHTML, like Gecko) Version/13.0.3 Mobile/15E148 Safari/604.1"
172.71.164.207 - - [22/Jul/2026:01:27:20 +0000] "GET /wp-admin/install.php?step=1 HTTP/1.1" 404 75751 "-" "http://greentevaconsult.shop/wp-admin/install.php?step=1"
43.161.217.205 - - [22/Jul/2026:01:28:30 +0000] "GET / HTTP/1.1" 200 82756 "-" "Mozilla/5.0 (iPhone; CPU iPhone OS 13_2_3 like Mac OS X) AppleWebKit/605.1.15 (KHTML, like Gecko) Version/13.0.3 Mobile/15E148 Safari/604.1"
172.71.164.206 - - [22/Jul/2026:03:11:38 +0000] "GET /wp-admin/install.php?step=1 HTTP/1.1" 404 75751 "-" "http://greentevaconsult.shop/wp-admin/install.php?step=1"
106.75.7.134 - - [22/Jul/2026:04:33:32 +0000] "GET / HTTP/1.1" 200 82756 "-" "Mozilla/5.0 (X11; Linux x86_64) AppleWebKit/592.46 (KHTML, like Gecko) Chrome/107.0.588 Safari/537.36"
106.75.7.134 - - [22/Jul/2026:04:33:40 +0000] "GET /favicon.ico HTTP/1.1" 302 - "-" "Go-http-client/1.1"
106.75.7.134 - - [22/Jul/2026:04:33:43 +0000] "GET /wp-includes/images/w-logo-blue-white-bg.png HTTP/1.1" 200 4119 "http://greentevaconsult.shop/favicon.ico" "Go-http-client/1.1"
106.75.7.134 - - [22/Jul/2026:04:33:44 +0000] "GET /robots.txt HTTP/1.1" 200 122 "-" "Go-http-client/1.1"
106.75.7.134 - - [22/Jul/2026:04:33:44 +0000] "GET /sitemap.xml HTTP/1.1" 301 - "-" "Go-http-client/1.1"
172.70.248.57 - - [22/Jul/2026:04:49:34 +0000] "GET /wp-admin/install.php?step=1 HTTP/1.1" 404 75751 "-" "http://greentevaconsult.shop/wp-admin/install.php?step=1"
198.177.124.148 - - [22/Jul/2026:05:18:34 +0000] "POST /wp-cron.php?doing_wp_cron=1784697514.1190519332885742187500 HTTP/1.1" 200 - "-" "WordPress/7.0.2; https://greentevaconsult.shop"
43.131.23.154 - - [22/Jul/2026:05:18:31 +0000] "GET / HTTP/1.1" 200 82756 "-" "Mozilla/5.0 (iPhone; CPU iPhone OS 13_2_3 like Mac OS X) AppleWebKit/605.1.15 (KHTML, like Gecko) Version/13.0.3 Mobile/15E148 Safari/604.1"
198.177.124.148 - - [22/Jul/2026:06:30:37 +0000] "POST /wp-cron.php?doing_wp_cron=1784701837.4411420822143554687500 HTTP/1.1" 200 - "-" "WordPress/7.0.2; https://greentevaconsult.shop"
104.23.170.56 - - [22/Jul/2026:06:30:35 +0000] "GET /wp-admin/install.php?step=1 HTTP/1.1" 404 75751 "-" "http://greentevaconsult.shop/wp-admin/install.php?step=1"
198.177.124.148 - - [22/Jul/2026:07:12:55 +0000] "POST /wp-cron.php?doing_wp_cron=1784704375.6730940341949462890625 HTTP/1.1" 200 - "-" "WordPress/7.0.2; https://greentevaconsult.shop"
159.223.212.83 - - [22/Jul/2026:07:12:53 +0000] "GET / HTTP/1.1" 200 82756 "-" "Mozilla/5.0 (X11; Linux x86_64; rv:142.0) Gecko/20100101 Firefox/142.0"
159.223.212.83 - - [22/Jul/2026:07:12:56 +0000] "GET /favicon.ico HTTP/1.1" 302 - "http://greentevaconsult.shop/" "Mozilla/5.0 (X11; Linux x86_64; rv:142.0) Gecko/20100101 Firefox/142.0"
185.177.72.49 - - [22/Jul/2026:07:16:46 +0000] "GET /wp-json/gravitysmtp/v1/tests/mock-data?page=gravitysmtp-settings HTTP/1.1" 404 114 "-" "curl/8.7.1"
185.177.72.49 - - [22/Jul/2026:07:16:48 +0000] "GET / HTTP/1.1" 200 82756 "-" "curl/8.7.1"
185.177.72.49 - - [22/Jul/2026:07:16:51 +0000] "GET /admin HTTP/1.1" 302 - "-" "curl/8.7.1"
185.177.72.17 - - [22/Jul/2026:07:46:12 +0000] "GET /wp-includes/js/dist/script-modules/block-library/navigation/view.min.js HTTP/1.1" 200 3053 "-" "curl/8.7.1"
185.177.72.17 - - [22/Jul/2026:07:46:13 +0000] "POST / HTTP/1.1" 200 82756 "-" "Mozilla/5.0 (Windows NT 10.0; Win64; x64) AppleWebKit/537.36"
185.177.72.17 - - [22/Jul/2026:07:46:15 +0000] "POST / HTTP/1.1" 200 82756 "-" "Mozilla/5.0 (Windows NT 10.0; Win64; x64) AppleWebKit/537.36"
185.177.72.17 - - [22/Jul/2026:07:46:17 +0000] "POST /_next HTTP/1.1" 404 75751 "-" "Mozilla/5.0 (Windows NT 10.0; Win64; x64) AppleWebKit/537.36"
185.177.72.17 - - [22/Jul/2026:07:46:19 +0000] "POST /api HTTP/1.1" 404 75751 "-" "Mozilla/5.0 (Windows NT 10.0; Win64; x64) AppleWebKit/537.36"
185.177.72.17 - - [22/Jul/2026:07:46:21 +0000] "POST /api/auth HTTP/1.1" 404 75751 "-" "Mozilla/5.0 (Windows NT 10.0; Win64; x64) AppleWebKit/537.36"
185.177.72.17 - - [22/Jul/2026:07:46:23 +0000] "POST /api/auth/callback HTTP/1.1" 404 75751 "-" "Mozilla/5.0 (Windows NT 10.0; Win64; x64) AppleWebKit/537.36"
185.177.72.17 - - [22/Jul/2026:07:46:25 +0000] "POST /api/auth/session HTTP/1.1" 404 75751 "-" "Mozilla/5.0 (Windows NT 10.0; Win64; x64) AppleWebKit/537.36"
185.177.72.17 - - [22/Jul/2026:07:46:26 +0000] "POST /_rsc HTTP/1.1" 404 75751 "-" "Mozilla/5.0 (Windows NT 10.0; Win64; x64) AppleWebKit/537.36"
185.177.72.17 - - [22/Jul/2026:07:46:28 +0000] "POST /__rsc HTTP/1.1" 404 75751 "-" "Mozilla/5.0 (Windows NT 10.0; Win64; x64) AppleWebKit/537.36"
185.177.72.17 - - [22/Jul/2026:07:46:30 +0000] "POST /.action HTTP/1.1" 404 75751 "-" "Mozilla/5.0 (Windows NT 10.0; Win64; x64) AppleWebKit/537.36"
185.177.72.17 - - [22/Jul/2026:07:46:32 +0000] "POST /__nextjs_action HTTP/1.1" 404 75751 "-" "Mozilla/5.0 (Windows NT 10.0; Win64; x64) AppleWebKit/537.36"
185.177.72.17 - - [22/Jul/2026:07:46:34 +0000] "POST /_middleware HTTP/1.1" 404 75751 "-" "Mozilla/5.0 (Windows NT 10.0; Win64; x64) AppleWebKit/537.36"
185.177.72.17 - - [22/Jul/2026:07:46:35 +0000] "POST /_next/image HTTP/1.1" 404 75751 "-" "Mozilla/5.0 (Windows NT 10.0; Win64; x64) AppleWebKit/537.36"
185.177.72.17 - - [22/Jul/2026:07:46:37 +0000] "POST /RSC/jr9xtni4aplxbyi.txt HTTP/1.1" 404 75751 "-" "Mozilla/5.0 (Windows NT 10.0; Win64; x64) AppleWebKit/537.36"
185.177.72.17 - - [22/Jul/2026:07:46:39 +0000] "POST /RSC/R/f19ubekp0scbig5.txt HTTP/1.1" 404 75751 "-" "Mozilla/5.0 (Windows NT 10.0; Win64; x64) AppleWebKit/537.36"
185.177.72.17 - - [22/Jul/2026:07:46:40 +0000] "POST /vendor/phpunit/phpunit/src/Util/PHP/eval-stdin.php HTTP/1.1" 404 75751 "-" "curl/8.7.1"
185.177.72.17 - - [22/Jul/2026:07:46:42 +0000] "POST /vendor/phpunit/phpunit/Util/PHP/eval-stdin.php HTTP/1.1" 404 75751 "-" "curl/8.7.1"
185.177.72.17 - - [22/Jul/2026:07:46:44 +0000] "POST /laravel/vendor/phpunit/phpunit/src/Util/PHP/eval-stdin.php HTTP/1.1" 404 75751 "-" "curl/8.7.1"
185.177.72.17 - - [22/Jul/2026:07:46:45 +0000] "POST /yii/vendor/phpunit/phpunit/src/Util/PHP/eval-stdin.php HTTP/1.1" 404 75751 "-" "curl/8.7.1"
185.177.72.17 - - [22/Jul/2026:07:46:47 +0000] "POST /zend/vendor/phpunit/phpunit/src/Util/PHP/eval-stdin.php HTTP/1.1" 404 75751 "-" "curl/8.7.1"
185.177.72.17 - - [22/Jul/2026:07:46:49 +0000] "POST /lib/vendor/phpunit/phpunit/src/Util/PHP/eval-stdin.php HTTP/1.1" 404 75751 "-" "curl/8.7.1"
104.23.217.30 - - [22/Jul/2026:08:14:57 +0000] "GET /wp-admin/install.php?step=1 HTTP/1.1" 404 75751 "-" "http://greentevaconsult.shop/wp-admin/install.php?step=1"
185.177.72.49 - - [22/Jul/2026:08:32:48 +0000] "POST / HTTP/1.1" 200 82756 "-" "Mozilla/5.0 (Windows NT 10.0; Win64; x64) AppleWebKit/537.36"
185.177.72.49 - - [22/Jul/2026:08:32:49 +0000] "POST / HTTP/1.1" 200 82756 "-" "Mozilla/5.0 (Windows NT 10.0; Win64; x64) AppleWebKit/537.36"
185.177.72.49 - - [22/Jul/2026:08:32:51 +0000] "POST /_next HTTP/1.1" 404 75751 "-" "Mozilla/5.0 (Windows NT 10.0; Win64; x64) AppleWebKit/537.36"
185.177.72.49 - - [22/Jul/2026:08:32:53 +0000] "POST /api HTTP/1.1" 404 75751 "-" "Mozilla/5.0 (Windows NT 10.0; Win64; x64) AppleWebKit/537.36"
185.177.72.49 - - [22/Jul/2026:08:32:55 +0000] "POST /api/auth HTTP/1.1" 404 75751 "-" "Mozilla/5.0 (Windows NT 10.0; Win64; x64) AppleWebKit/537.36"
185.177.72.49 - - [22/Jul/2026:08:32:57 +0000] "POST /api/auth/callback HTTP/1.1" 404 75751 "-" "Mozilla/5.0 (Windows NT 10.0; Win64; x64) AppleWebKit/537.36"
185.177.72.49 - - [22/Jul/2026:08:32:58 +0000] "POST /api/auth/session HTTP/1.1" 404 75751 "-" "Mozilla/5.0 (Windows NT 10.0; Win64; x64) AppleWebKit/537.36"
185.177.72.49 - - [22/Jul/2026:08:32:59 +0000] "POST /_rsc HTTP/1.1" 404 75751 "-" "Mozilla/5.0 (Windows NT 10.0; Win64; x64) AppleWebKit/537.36"
185.177.72.49 - - [22/Jul/2026:08:33:01 +0000] "POST /__rsc HTTP/1.1" 404 75751 "-" "Mozilla/5.0 (Windows NT 10.0; Win64; x64) AppleWebKit/537.36"
185.177.72.49 - - [22/Jul/2026:08:33:03 +0000] "POST /.action HTTP/1.1" 404 75751 "-" "Mozilla/5.0 (Windows NT 10.0; Win64; x64) AppleWebKit/537.36"
185.177.72.49 - - [22/Jul/2026:08:33:04 +0000] "POST /__nextjs_action HTTP/1.1" 404 75751 "-" "Mozilla/5.0 (Windows NT 10.0; Win64; x64) AppleWebKit/537.36"
185.177.72.49 - - [22/Jul/2026:08:33:05 +0000] "POST /_middleware HTTP/1.1" 404 75751 "-" "Mozilla/5.0 (Windows NT 10.0; Win64; x64) AppleWebKit/537.36"
185.177.72.49 - - [22/Jul/2026:08:33:07 +0000] "POST /_next/image HTTP/1.1" 404 75751 "-" "Mozilla/5.0 (Windows NT 10.0; Win64; x64) AppleWebKit/537.36"
185.177.72.49 - - [22/Jul/2026:08:33:09 +0000] "POST /RSC/jbfi1qigfpdxwz6.txt HTTP/1.1" 404 75751 "-" "Mozilla/5.0 (Windows NT 10.0; Win64; x64) AppleWebKit/537.36"
185.177.72.49 - - [22/Jul/2026:08:33:10 +0000] "POST /RSC/R/8uzkdazcxt1qr2l.txt HTTP/1.1" 404 75751 "-" "Mozilla/5.0 (Windows NT 10.0; Win64; x64) AppleWebKit/537.36"
185.177.72.49 - - [22/Jul/2026:08:33:12 +0000] "POST /vendor/phpunit/phpunit/src/Util/PHP/eval-stdin.php HTTP/1.1" 404 75751 "-" "curl/8.7.1"
185.177.72.49 - - [22/Jul/2026:08:33:14 +0000] "POST /vendor/phpunit/phpunit/Util/PHP/eval-stdin.php HTTP/1.1" 404 75751 "-" "curl/8.7.1"
185.177.72.49 - - [22/Jul/2026:08:33:15 +0000] "POST /laravel/vendor/phpunit/phpunit/src/Util/PHP/eval-stdin.php HTTP/1.1" 404 75751 "-" "curl/8.7.1"
185.177.72.49 - - [22/Jul/2026:08:33:16 +0000] "POST /yii/vendor/phpunit/phpunit/src/Util/PHP/eval-stdin.php HTTP/1.1" 404 75751 "-" "curl/8.7.1"
185.177.72.49 - - [22/Jul/2026:08:33:18 +0000] "POST /zend/vendor/phpunit/phpunit/src/Util/PHP/eval-stdin.php HTTP/1.1" 404 75751 "-" "curl/8.7.1"
185.177.72.49 - - [22/Jul/2026:08:33:19 +0000] "POST /lib/vendor/phpunit/phpunit/src/Util/PHP/eval-stdin.php HTTP/1.1" 404 75751 "-" "curl/8.7.1"
185.177.72.29 - - [22/Jul/2026:09:00:55 +0000] "GET /wp-includes/js/dist/script-modules/block-library/navigation/view.min.js HTTP/1.1" 200 3053 "-" "curl/8.7.1"
198.177.124.148 - - [22/Jul/2026:09:00:57 +0000] "POST /wp-cron.php?doing_wp_cron=1784710857.1287190914154052734375 HTTP/1.1" 200 - "-" "WordPress/7.0.2; https://greentevaconsult.shop"
185.177.72.29 - - [22/Jul/2026:09:00:56 +0000] "POST / HTTP/1.1" 200 82756 "-" "Mozilla/5.0 (Windows NT 10.0; Win64; x64) AppleWebKit/537.36"
185.177.72.29 - - [22/Jul/2026:09:00:57 +0000] "POST / HTTP/1.1" 200 82756 "-" "Mozilla/5.0 (Windows NT 10.0; Win64; x64) AppleWebKit/537.36"
185.177.72.29 - - [22/Jul/2026:09:00:59 +0000] "POST /_next HTTP/1.1" 404 75751 "-" "Mozilla/5.0 (Windows NT 10.0; Win64; x64) AppleWebKit/537.36"
185.177.72.29 - - [22/Jul/2026:09:01:00 +0000] "POST /api HTTP/1.1" 404 75751 "-" "Mozilla/5.0 (Windows NT 10.0; Win64; x64) AppleWebKit/537.36"
185.177.72.29 - - [22/Jul/2026:09:01:01 +0000] "POST /api/auth HTTP/1.1" 404 75751 "-" "Mozilla/5.0 (Windows NT 10.0; Win64; x64) AppleWebKit/537.36"
185.177.72.29 - - [22/Jul/2026:09:01:03 +0000] "POST /api/auth/callback HTTP/1.1" 404 75751 "-" "Mozilla/5.0 (Windows NT 10.0; Win64; x64) AppleWebKit/537.36"
185.177.72.29 - - [22/Jul/2026:09:01:05 +0000] "POST /api/auth/session HTTP/1.1" 404 75751 "-" "Mozilla/5.0 (Windows NT 10.0; Win64; x64) AppleWebKit/537.36"
185.177.72.29 - - [22/Jul/2026:09:01:06 +0000] "POST /_rsc HTTP/1.1" 404 75751 "-" "Mozilla/5.0 (Windows NT 10.0; Win64; x64) AppleWebKit/537.36"
185.177.72.29 - - [22/Jul/2026:09:01:07 +0000] "POST /__rsc HTTP/1.1" 404 75751 "-" "Mozilla/5.0 (Windows NT 10.0; Win64; x64) AppleWebKit/537.36"
185.177.72.29 - - [22/Jul/2026:09:01:09 +0000] "POST /.action HTTP/1.1" 404 75751 "-" "Mozilla/5.0 (Windows NT 10.0; Win64; x64) AppleWebKit/537.36"
185.177.72.29 - - [22/Jul/2026:09:01:10 +0000] "POST /__nextjs_action HTTP/1.1" 404 75751 "-" "Mozilla/5.0 (Windows NT 10.0; Win64; x64) AppleWebKit/537.36"
185.177.72.29 - - [22/Jul/2026:09:01:12 +0000] "POST /_middleware HTTP/1.1" 404 75751 "-" "Mozilla/5.0 (Windows NT 10.0; Win64; x64) AppleWebKit/537.36"
185.177.72.29 - - [22/Jul/2026:09:01:13 +0000] "POST /_next/image HTTP/1.1" 404 75751 "-" "Mozilla/5.0 (Windows NT 10.0; Win64; x64) AppleWebKit/537.36"
185.177.72.29 - - [22/Jul/2026:09:01:15 +0000] "POST /RSC/w2maxzgfy422y6p.txt HTTP/1.1" 404 75751 "-" "Mozilla/5.0 (Windows NT 10.0; Win64; x64) AppleWebKit/537.36"
185.177.72.29 - - [22/Jul/2026:09:01:17 +0000] "POST /RSC/R/ff8d7pioqofaoq6.txt HTTP/1.1" 404 75751 "-" "Mozilla/5.0 (Windows NT 10.0; Win64; x64) AppleWebKit/537.36"
185.177.72.29 - - [22/Jul/2026:09:01:18 +0000] "POST /vendor/phpunit/phpunit/src/Util/PHP/eval-stdin.php HTTP/1.1" 404 75751 "-" "curl/8.7.1"
185.177.72.29 - - [22/Jul/2026:09:01:19 +0000] "POST /vendor/phpunit/phpunit/Util/PHP/eval-stdin.php HTTP/1.1" 404 75751 "-" "curl/8.7.1"
185.177.72.29 - - [22/Jul/2026:09:01:21 +0000] "POST /laravel/vendor/phpunit/phpunit/src/Util/PHP/eval-stdin.php HTTP/1.1" 404 75751 "-" "curl/8.7.1"
185.177.72.29 - - [22/Jul/2026:09:01:22 +0000] "POST /yii/vendor/phpunit/phpunit/src/Util/PHP/eval-stdin.php HTTP/1.1" 404 75751 "-" "curl/8.7.1"
185.177.72.29 - - [22/Jul/2026:09:01:24 +0000] "POST /zend/vendor/phpunit/phpunit/src/Util/PHP/eval-stdin.php HTTP/1.1" 404 75751 "-" "curl/8.7.1"
185.177.72.29 - - [22/Jul/2026:09:01:25 +0000] "POST /lib/vendor/phpunit/phpunit/src/Util/PHP/eval-stdin.php HTTP/1.1" 404 75751 "-" "curl/8.7.1"
185.177.72.17 - - [22/Jul/2026:09:02:34 +0000] "GET /wp-includes/js/dist/script-modules/block-library/navigation/view.min.js HTTP/1.1" 200 3053 "-" "curl/8.7.1"
185.177.72.17 - - [22/Jul/2026:09:02:34 +0000] "POST / HTTP/1.1" 200 82756 "-" "Mozilla/5.0 (Windows NT 10.0; Win64; x64) AppleWebKit/537.36"
185.177.72.17 - - [22/Jul/2026:09:02:36 +0000] "POST / HTTP/1.1" 200 82756 "-" "Mozilla/5.0 (Windows NT 10.0; Win64; x64) AppleWebKit/537.36"
185.177.72.17 - - [22/Jul/2026:09:02:38 +0000] "POST /_next HTTP/1.1" 404 75751 "-" "Mozilla/5.0 (Windows NT 10.0; Win64; x64) AppleWebKit/537.36"
185.177.72.17 - - [22/Jul/2026:09:02:39 +0000] "POST /api HTTP/1.1" 404 75751 "-" "Mozilla/5.0 (Windows NT 10.0; Win64; x64) AppleWebKit/537.36"
185.177.72.17 - - [22/Jul/2026:09:02:41 +0000] "POST /api/auth HTTP/1.1" 404 75751 "-" "Mozilla/5.0 (Windows NT 10.0; Win64; x64) AppleWebKit/537.36"
185.177.72.17 - - [22/Jul/2026:09:02:42 +0000] "POST /api/auth/callback HTTP/1.1" 404 75751 "-" "Mozilla/5.0 (Windows NT 10.0; Win64; x64) AppleWebKit/537.36"
185.177.72.17 - - [22/Jul/2026:09:02:44 +0000] "POST /api/auth/session HTTP/1.1" 404 75751 "-" "Mozilla/5.0 (Windows NT 10.0; Win64; x64) AppleWebKit/537.36"
185.177.72.17 - - [22/Jul/2026:09:02:45 +0000] "POST /_rsc HTTP/1.1" 404 75751 "-" "Mozilla/5.0 (Windows NT 10.0; Win64; x64) AppleWebKit/537.36"
185.177.72.17 - - [22/Jul/2026:09:02:46 +0000] "POST /__rsc HTTP/1.1" 404 75751 "-" "Mozilla/5.0 (Windows NT 10.0; Win64; x64) AppleWebKit/537.36"
185.177.72.17 - - [22/Jul/2026:09:02:48 +0000] "POST /.action HTTP/1.1" 404 75751 "-" "Mozilla/5.0 (Windows NT 10.0; Win64; x64) AppleWebKit/537.36"
185.177.72.17 - - [22/Jul/2026:09:02:49 +0000] "POST /__nextjs_action HTTP/1.1" 404 75751 "-" "Mozilla/5.0 (Windows NT 10.0; Win64; x64) AppleWebKit/537.36"
185.177.72.17 - - [22/Jul/2026:09:02:51 +0000] "POST /_middleware HTTP/1.1" 404 75751 "-" "Mozilla/5.0 (Windows NT 10.0; Win64; x64) AppleWebKit/537.36"
185.177.72.17 - - [22/Jul/2026:09:02:53 +0000] "POST /_next/image HTTP/1.1" 404 75751 "-" "Mozilla/5.0 (Windows NT 10.0; Win64; x64) AppleWebKit/537.36"
185.177.72.17 - - [22/Jul/2026:09:02:54 +0000] "POST /RSC/awyqu2tog33i8xf.txt HTTP/1.1" 404 75751 "-" "Mozilla/5.0 (Windows NT 10.0; Win64; x64) AppleWebKit/537.36"
185.177.72.17 - - [22/Jul/2026:09:02:56 +0000] "POST /RSC/R/ndhpmgbsr25b71u.txt HTTP/1.1" 404 75751 "-" "Mozilla/5.0 (Windows NT 10.0; Win64; x64) AppleWebKit/537.36"
185.177.72.17 - - [22/Jul/2026:09:02:57 +0000] "POST /vendor/phpunit/phpunit/src/Util/PHP/eval-stdin.php HTTP/1.1" 404 75751 "-" "curl/8.7.1"
185.177.72.17 - - [22/Jul/2026:09:02:59 +0000] "POST /vendor/phpunit/phpunit/Util/PHP/eval-stdin.php HTTP/1.1" 404 75751 "-" "curl/8.7.1"
185.177.72.17 - - [22/Jul/2026:09:03:01 +0000] "POST /laravel/vendor/phpunit/phpunit/src/Util/PHP/eval-stdin.php HTTP/1.1" 404 75751 "-" "curl/8.7.1"
185.177.72.17 - - [22/Jul/2026:09:03:04 +0000] "POST /yii/vendor/phpunit/phpunit/src/Util/PHP/eval-stdin.php HTTP/1.1" 404 75751 "-" "curl/8.7.1"
185.177.72.17 - - [22/Jul/2026:09:03:05 +0000] "POST /zend/vendor/phpunit/phpunit/src/Util/PHP/eval-stdin.php HTTP/1.1" 404 75751 "-" "curl/8.7.1"
185.177.72.17 - - [22/Jul/2026:09:03:07 +0000] "POST /lib/vendor/phpunit/phpunit/src/Util/PHP/eval-stdin.php HTTP/1.1" 404 75751 "-" "curl/8.7.1"
43.159.139.164 - - [22/Jul/2026:09:06:45 +0000] "GET / HTTP/1.1" 200 82756 "-" "Mozilla/5.0 (iPhone; CPU iPhone OS 13_2_3 like Mac OS X) AppleWebKit/605.1.15 (KHTML, like Gecko) Version/13.0.3 Mobile/15E148 Safari/604.1"
104.23.221.57 - - [22/Jul/2026:09:11:13 +0000] "GET /wp-admin/install.php?step=1 HTTP/1.1" 404 75751 "-" "http://greentevaconsult.shop/wp-admin/install.php?step=1"
198.177.124.148 - - [22/Jul/2026:10:00:21 +0000] "POST /wp-cron.php?doing_wp_cron=1784714421.2854180335998535156250 HTTP/1.1" 200 - "-" "WordPress/7.0.2; https://greentevaconsult.shop"
199.244.88.226 - - [22/Jul/2026:10:00:19 +0000] "GET / HTTP/1.1" 200 82756 "-" "Mozilla/5.0 (X11; Linux x86_64) AppleWebKit/537.36 (KHTML, like Gecko) Chrome/105.0.0.0 Safari/537.36"
46.138.250.165 - - [22/Jul/2026:10:09:11 +0000] "GET / HTTP/1.1" 200 82756 "https://aicrawler.store" "Mozilla/5.0 (Windows NT 10.0; Win64; x64) AppleWebKit/537.36 (KHTML, like Gecko) Chrome/123.0.0.0 Safari/537.36 Edg/123.0.2420.81"
46.138.250.165 - - [22/Jul/2026:10:09:13 +0000] "GET / HTTP/1.1" 200 82756 "-" "-"
162.158.111.71 - - [22/Jul/2026:10:57:09 +0000] "GET /wp-admin/install.php?step=1 HTTP/1.1" 404 75751 "-" "http://greentevaconsult.shop/wp-admin/install.php?step=1"
106.52.216.13 - - [22/Jul/2026:10:59:27 +0000] "GET / HTTP/1.1" 200 82756 "-" "Mozilla/5.0 (iPhone; CPU iPhone OS 13_2_3 like Mac OS X) AppleWebKit/605.1.15 (KHTML, like Gecko) Version/13.0.3 Mobile/15E148 Safari/604.1"
3.85.1.91 - - [22/Jul/2026:11:50:37 +0000] "GET / HTTP/1.1" 200 82756 "-" "Mozilla/5.0 (X11; Linux x86_64) AppleWebKit/537.36 (KHTML, like Gecko) Chrome/95.0.4638.69 Safari/537.36"
198.177.124.148 - - [22/Jul/2026:12:32:37 +0000] "POST /wp-cron.php?doing_wp_cron=1784723557.6983079910278320312500 HTTP/1.1" 200 - "-" "WordPress/7.0.2; https://greentevaconsult.shop"
170.106.35.137 - - [22/Jul/2026:12:32:35 +0000] "GET / HTTP/1.1" 200 82756 "-" "Mozilla/5.0 (iPhone; CPU iPhone OS 13_2_3 like Mac OS X) AppleWebKit/605.1.15 (KHTML, like Gecko) Version/13.0.3 Mobile/15E148 Safari/604.1"
104.23.239.57 - - [22/Jul/2026:12:37:01 +0000] "GET /wp-admin/install.php?step=1 HTTP/1.1" 404 75751 "-" "http://greentevaconsult.shop/wp-admin/install.php?step=1"
172.70.240.20 - - [22/Jul/2026:14:21:16 +0000] "GET /wp-admin/install.php?step=1 HTTP/1.1" 404 75751 "-" "http://greentevaconsult.shop/wp-admin/install.php?step=1"
198.177.124.148 - - [22/Jul/2026:16:05:58 +0000] "POST /wp-cron.php?doing_wp_cron=1784736358.4460780620574951171875 HTTP/1.1" 200 - "-" "WordPress/7.0.2; https://greentevaconsult.shop"
172.69.150.226 - - [22/Jul/2026:16:05:56 +0000] "GET /wp-admin/install.php?step=1 HTTP/1.1" 404 75751 "-" "http://greentevaconsult.shop/wp-admin/install.php?step=1"
43.163.112.239 - - [22/Jul/2026:16:07:10 +0000] "GET / HTTP/1.1" 200 82756 "-" "Mozilla/5.0 (iPhone; CPU iPhone OS 13_2_3 like Mac OS X) AppleWebKit/605.1.15 (KHTML, like Gecko) Version/13.0.3 Mobile/15E148 Safari/604.1"
198.177.124.148 - - [22/Jul/2026:17:04:38 +0000] "POST /wp-cron.php?doing_wp_cron=1784739878.5670289993286132812500 HTTP/1.1" 200 - "-" "WordPress/7.0.2; https://greentevaconsult.shop"
66.249.69.171 - - [22/Jul/2026:17:04:36 +0000] "GET /robots.txt HTTP/1.1" 200 122 "-" "Mozilla/5.0 (compatible; Googlebot/2.1; +http://www.google.com/bot.html)"
49.12.147.139 - - [22/Jul/2026:17:26:00 +0000] "GET / HTTP/1.1" 200 82756 "-" "Mozilla/5.0 (Macintosh; Intel Mac OS X 10_15_7) AppleWebKit/537.36 (KHTML, like Gecko) Chrome/122.0.0.0 Safari/537.36"
198.177.124.148 - - [22/Jul/2026:17:53:17 +0000] "POST /wp-cron.php?doing_wp_cron=1784742797.0028929710388183593750 HTTP/1.1" 200 - "-" "WordPress/7.0.2; https://greentevaconsult.shop"
162.158.182.191 - - [22/Jul/2026:17:53:15 +0000] "GET /wp-admin/install.php?step=1 HTTP/1.1" 404 75751 "-" "http://greentevaconsult.shop/wp-admin/install.php?step=1"
104.23.172.17 - - [22/Jul/2026:21:34:46 +0000] "GET /wp-admin/install.php?step=1 HTTP/1.1" 404 75751 "-" "http://greentevaconsult.shop/wp-admin/install.php?step=1"
66.249.69.171 - - [22/Jul/2026:22:59:03 +0000] "GET /robots.txt HTTP/1.1" 200 122 "-" "Mozilla/5.0 (compatible; Googlebot/2.1; +http://www.google.com/bot.html)"
66.249.69.173 - - [22/Jul/2026:22:59:06 +0000] "GET / HTTP/1.1" 200 82756 "-" "Mozilla/5.0 (Linux; Android 6.0.1; Nexus 5X Build/MMB29P) AppleWebKit/537.36 (KHTML, like Gecko) Chrome/150.0.7871.128 Mobile Safari/537.36 (compatible; Googlebot/2.1; +http://www.google.com/bot.html)"
104.23.221.56 - - [22/Jul/2026:23:16:37 +0000] "GET /wp-admin/install.php?step=1 HTTP/1.1" 404 75751 "-" "http://greentevaconsult.shop/wp-admin/install.php?step=1"
101.33.80.42 - - [22/Jul/2026:23:18:42 +0000] "GET / HTTP/1.1" 200 82756 "-" "Mozilla/5.0 (iPhone; CPU iPhone OS 13_2_3 like Mac OS X) AppleWebKit/605.1.15 (KHTML, like Gecko) Version/13.0.3 Mobile/15E148 Safari/604.1"
43.140.247.223 - - [22/Jul/2026:23:35:36 +0000] "GET / HTTP/1.1" 200 82756 "-" "Mozilla/5.0 (iPhone; CPU iPhone OS 13_2_3 like Mac OS X) AppleWebKit/605.1.15 (KHTML, like Gecko) Version/13.0.3 Mobile/15E148 Safari/604.1"
66.249.69.171 - - [22/Jul/2026:23:39:47 +0000] "GET /wp-includes/js/dist/script-modules/block-library/navigation/view.min.js?ver=96a846e1d7b789c39ab9 HTTP/1.1" 200 3053 "http://greentevaconsult.shop/" "Mozilla/5.0 (Linux; Android 6.0.1; Nexus 5X Build/MMB29P) AppleWebKit/537.36 (KHTML, like Gecko) Chrome/150.0.7871.128 Mobile Safari/537.36 (compatible; Googlebot/2.1; +http://www.google.com/bot.html)"
66.249.69.171 - - [22/Jul/2026:23:39:48 +0000] "GET /wp-includes/js/dist/script-modules/interactivity/index.min.js?ver=efaa5193bbad9c60ffd1 HTTP/1.1" 200 40106 "-" "Mozilla/5.0 (Linux; Android 6.0.1; Nexus 5X Build/MMB29P) AppleWebKit/537.36 (KHTML, like Gecko) Chrome/150.0.7871.128 Mobile Safari/537.36 (compatible; Googlebot/2.1; +http://www.google.com/bot.html)"
66.249.69.171 - - [22/Jul/2026:23:39:48 +0000] "GET /wp-includes/blocks/navigation/style.min.css?ver=7.0.2 HTTP/1.1" 200 20709 "http://greentevaconsult.shop/" "Mozilla/5.0 (Linux; Android 6.0.1; Nexus 5X Build/MMB29P) AppleWebKit/537.36 (KHTML, like Gecko) Chrome/150.0.7871.128 Mobile Safari/537.36 (compatible; Googlebot/2.1; +http://www.google.com/bot.html)"
198.177.124.148 - - [23/Jul/2026:00:59:19 +0000] "POST /wp-cron.php?doing_wp_cron=1784768359.1857519149780273437500 HTTP/1.1" 200 - "-" "WordPress/7.0.2; https://greentevaconsult.shop"
172.71.172.192 - - [23/Jul/2026:00:59:17 +0000] "GET /wp-admin/install.php?step=1 HTTP/1.1" 404 75751 "-" "http://greentevaconsult.shop/wp-admin/install.php?step=1"
43.130.116.87 - - [23/Jul/2026:01:11:41 +0000] "GET / HTTP/1.1" 200 82756 "-" "Mozilla/5.0 (iPhone; CPU iPhone OS 13_2_3 like Mac OS X) AppleWebKit/605.1.15 (KHTML, like Gecko) Version/13.0.3 Mobile/15E148 Safari/604.1"
172.70.248.56 - - [23/Jul/2026:02:13:06 +0000] "GET /wp-admin/install.php?step=1 HTTP/1.1" 404 75751 "-" "http://greentevaconsult.shop/wp-admin/install.php?step=1"