File: /home/yalenocb/access-logs/godunaikeinsurance.shop.yalehafricanfoods.shop
43.165.197.116 - - [21/Jul/2026:07:56:53 +0000] "GET / HTTP/1.1" 200 82582 "-" "Mozilla/5.0 (iPhone; CPU iPhone OS 13_2_3 like Mac OS X) AppleWebKit/605.1.15 (KHTML, like Gecko) Version/13.0.3 Mobile/15E148 Safari/604.1"
172.70.163.88 - - [21/Jul/2026:08:36:26 +0000] "GET /wp-admin/install.php?step=1 HTTP/1.1" 200 1432 "-" "http://godunaikeinsurance.shop/wp-admin/install.php?step=1"
111.230.233.46 - - [21/Jul/2026:09:05:05 +0000] "GET / HTTP/1.1" 200 82582 "-" "Mozilla/5.0 (iPhone; CPU iPhone OS 13_2_3 like Mac OS X) AppleWebKit/605.1.15 (KHTML, like Gecko) Version/13.0.3 Mobile/15E148 Safari/604.1"
172.69.150.226 - - [21/Jul/2026:10:21:57 +0000] "GET /wp-admin/install.php?step=1 HTTP/1.1" 404 75565 "-" "http://godunaikeinsurance.shop/wp-admin/install.php?step=1"
43.130.91.95 - - [21/Jul/2026:11:32:03 +0000] "GET / HTTP/1.1" 200 82582 "-" "Mozilla/5.0 (iPhone; CPU iPhone OS 13_2_3 like Mac OS X) AppleWebKit/605.1.15 (KHTML, like Gecko) Version/13.0.3 Mobile/15E148 Safari/604.1"
198.177.124.148 - - [21/Jul/2026:12:05:17 +0000] "POST /wp-cron.php?doing_wp_cron=1784635517.2709410190582275390625 HTTP/1.1" 200 - "-" "WordPress/7.0.2; https://godunaikeinsurance.shop"
172.71.164.182 - - [21/Jul/2026:12:05:14 +0000] "GET /wp-admin/install.php?step=1 HTTP/1.1" 404 75565 "-" "http://godunaikeinsurance.shop/wp-admin/install.php?step=1"
194.103.212.184 - - [21/Jul/2026:12:44:00 +0000] "GET / HTTP/1.1" 200 82582 "-" "Mozilla/5.0 (Windows NT 6.3; Win64; x64; rv:109.0) Gecko/20100101 Firefox/115"
162.158.111.170 - - [21/Jul/2026:13:52:00 +0000] "GET /wp-admin/install.php?step=1 HTTP/1.1" 404 75565 "-" "http://godunaikeinsurance.shop/wp-admin/install.php?step=1"
198.177.124.148 - - [21/Jul/2026:14:58:19 +0000] "POST /wp-cron.php?doing_wp_cron=1784645899.0605490207672119140625 HTTP/1.1" 200 - "-" "WordPress/7.0.2; https://godunaikeinsurance.shop"
43.135.145.73 - - [21/Jul/2026:14:58:17 +0000] "GET / HTTP/1.1" 200 82582 "-" "Mozilla/5.0 (iPhone; CPU iPhone OS 13_2_3 like Mac OS X) AppleWebKit/605.1.15 (KHTML, like Gecko) Version/13.0.3 Mobile/15E148 Safari/604.1"
162.158.183.10 - - [21/Jul/2026:15:34:50 +0000] "GET /wp-admin/install.php?step=1 HTTP/1.1" 404 75565 "-" "http://godunaikeinsurance.shop/wp-admin/install.php?step=1"
198.177.124.148 - - [21/Jul/2026:17:16:31 +0000] "POST /wp-cron.php?doing_wp_cron=1784654191.5257270336151123046875 HTTP/1.1" 200 - "-" "WordPress/7.0.2; https://godunaikeinsurance.shop"
104.23.223.57 - - [21/Jul/2026:17:16:30 +0000] "GET /wp-admin/install.php?step=1 HTTP/1.1" 404 75565 "-" "http://godunaikeinsurance.shop/wp-admin/install.php?step=1"
170.106.163.84 - - [21/Jul/2026:18:25:41 +0000] "GET / HTTP/1.1" 200 82582 "-" "Mozilla/5.0 (iPhone; CPU iPhone OS 13_2_3 like Mac OS X) AppleWebKit/605.1.15 (KHTML, like Gecko) Version/13.0.3 Mobile/15E148 Safari/604.1"
198.177.124.148 - - [21/Jul/2026:19:02:22 +0000] "POST /wp-cron.php?doing_wp_cron=1784660542.9592421054840087890625 HTTP/1.1" 200 - "-" "WordPress/7.0.2; https://godunaikeinsurance.shop"
104.23.239.57 - - [21/Jul/2026:19:02:21 +0000] "GET /wp-admin/install.php?step=1 HTTP/1.1" 404 75565 "-" "http://godunaikeinsurance.shop/wp-admin/install.php?step=1"
162.158.183.10 - - [21/Jul/2026:20:43:03 +0000] "GET /wp-admin/install.php?step=1 HTTP/1.1" 404 75565 "-" "http://godunaikeinsurance.shop/wp-admin/install.php?step=1"
198.177.124.148 - - [21/Jul/2026:21:19:02 +0000] "POST /wp-cron.php?doing_wp_cron=1784668742.4031341075897216796875 HTTP/1.1" 200 - "-" "WordPress/7.0.2; https://godunaikeinsurance.shop"
175.27.171.245 - - [21/Jul/2026:21:19:00 +0000] "GET / HTTP/1.1" 200 82582 "-" "Mozilla/5.0 (iPhone; CPU iPhone OS 13_2_3 like Mac OS X) AppleWebKit/605.1.15 (KHTML, like Gecko) Version/13.0.3 Mobile/15E148 Safari/604.1"
198.177.124.148 - - [21/Jul/2026:21:56:07 +0000] "POST /wp-cron.php?doing_wp_cron=1784670967.8703839778900146484375 HTTP/1.1" 200 - "-" "WordPress/7.0.2; https://godunaikeinsurance.shop"
43.164.3.182 - - [21/Jul/2026:21:56:06 +0000] "GET / HTTP/1.1" 200 82582 "-" "Mozilla/5.0 (iPhone; CPU iPhone OS 13_2_3 like Mac OS X) AppleWebKit/605.1.15 (KHTML, like Gecko) Version/13.0.3 Mobile/15E148 Safari/604.1"
104.23.221.130 - - [21/Jul/2026:22:28:18 +0000] "GET /wp-admin/install.php?step=1 HTTP/1.1" 404 75565 "-" "http://godunaikeinsurance.shop/wp-admin/install.php?step=1"
198.177.124.148 - - [21/Jul/2026:23:15:48 +0000] "POST /wp-cron.php?doing_wp_cron=1784675748.0167300701141357421875 HTTP/1.1" 200 - "-" "WordPress/7.0.2; https://godunaikeinsurance.shop"
136.67.60.28 - - [21/Jul/2026:23:15:40 +0000] "GET /system/bootstrap.php HTTP/1.1" 404 75565 "-" "Mozilla/5.0 (Windows NT 10.0; Win64; x64) AppleWebKit/537.36 (KHTML, like Gecko) Chrome/91.0.4472.124 Safari/537.36"
136.67.60.28 - - [21/Jul/2026:23:15:57 +0000] "GET /bootstrap.php HTTP/1.1" 404 75565 "-" "Mozilla/5.0 (Windows NT 10.0; Win64; x64) AppleWebKit/537.36 (KHTML, like Gecko) Chrome/91.0.4472.124 Safari/537.36"
198.177.124.148 - - [22/Jul/2026:00:10:10 +0000] "POST /wp-cron.php?doing_wp_cron=1784679010.6371109485626220703125 HTTP/1.1" 200 - "-" "WordPress/7.0.2; https://godunaikeinsurance.shop"
104.23.223.56 - - [22/Jul/2026:00:10:09 +0000] "GET /wp-admin/install.php?step=1 HTTP/1.1" 404 75565 "-" "http://godunaikeinsurance.shop/wp-admin/install.php?step=1"
63.141.250.58 - - [22/Jul/2026:00:49:32 +0000] "GET /index.php?params=1 HTTP/1.1" 301 - "-" "Mozilla/5.0 (Windows NT 10.0; Win64; x64) AppleWebKit/537.36 (KHTML, like Gecko) Chrome/131.0.0.0 Safari/537.36"
63.141.250.58 - - [22/Jul/2026:00:49:33 +0000] "GET /?params=1 HTTP/1.1" 200 82582 "-" "Mozilla/5.0 (Windows NT 10.0; Win64; x64) AppleWebKit/537.36 (KHTML, like Gecko) Chrome/131.0.0.0 Safari/537.36"
63.141.250.58 - - [22/Jul/2026:00:51:04 +0000] "GET /index.php?params=1 HTTP/1.1" 301 - "-" "Mozilla/5.0 (Windows NT 10.0; Win64; x64) AppleWebKit/537.36 (KHTML, like Gecko) Chrome/131.0.0.0 Safari/537.36"
63.141.250.58 - - [22/Jul/2026:00:51:04 +0000] "GET /?params=1 HTTP/1.1" 200 82582 "-" "Mozilla/5.0 (Windows NT 10.0; Win64; x64) AppleWebKit/537.36 (KHTML, like Gecko) Chrome/131.0.0.0 Safari/537.36"
170.106.15.3 - - [22/Jul/2026:01:11:44 +0000] "GET / HTTP/1.1" 200 82582 "-" "Mozilla/5.0 (iPhone; CPU iPhone OS 13_2_3 like Mac OS X) AppleWebKit/605.1.15 (KHTML, like Gecko) Version/13.0.3 Mobile/15E148 Safari/604.1"
43.165.174.53 - - [22/Jul/2026:01:39:03 +0000] "GET / HTTP/1.1" 200 82582 "-" "Mozilla/5.0 (iPhone; CPU iPhone OS 13_2_3 like Mac OS X) AppleWebKit/605.1.15 (KHTML, like Gecko) Version/13.0.3 Mobile/15E148 Safari/604.1"
198.177.124.148 - - [22/Jul/2026:01:47:36 +0000] "POST /wp-cron.php?doing_wp_cron=1784684856.5619969367980957031250 HTTP/1.1" 200 - "-" "WordPress/7.0.2; https://godunaikeinsurance.shop"
172.71.144.90 - - [22/Jul/2026:01:47:34 +0000] "GET /wp-admin/install.php?step=1 HTTP/1.1" 404 75565 "-" "http://godunaikeinsurance.shop/wp-admin/install.php?step=1"
104.22.123.83 - - [22/Jul/2026:03:29:47 +0000] "GET /wp-admin/install.php?step=1 HTTP/1.1" 404 75565 "-" "http://godunaikeinsurance.shop/wp-admin/install.php?step=1"
106.75.66.241 - - [22/Jul/2026:04:33:26 +0000] "GET / HTTP/1.1" 200 82582 "-" "Mozilla/5.0 (Macintosh; Intel Mac OS X 9_2) AppleWebKit/566.38 (KHTML, like Gecko) Chrome/72.0.2017 Safari/537.36"
106.75.66.241 - - [22/Jul/2026:04:33:34 +0000] "GET /favicon.ico HTTP/1.1" 302 - "-" "Go-http-client/1.1"
106.75.66.241 - - [22/Jul/2026:04:33:36 +0000] "GET /wp-includes/images/w-logo-blue-white-bg.png HTTP/1.1" 200 4119 "http://godunaikeinsurance.shop/favicon.ico" "Go-http-client/1.1"
106.75.66.241 - - [22/Jul/2026:04:33:37 +0000] "GET /robots.txt HTTP/1.1" 200 124 "-" "Go-http-client/1.1"
106.75.66.241 - - [22/Jul/2026:04:33:38 +0000] "GET /sitemap.xml HTTP/1.1" 301 - "-" "Go-http-client/1.1"
104.23.239.56 - - [22/Jul/2026:05:09:35 +0000] "GET /wp-admin/install.php?step=1 HTTP/1.1" 404 75565 "-" "http://godunaikeinsurance.shop/wp-admin/install.php?step=1"
170.106.113.159 - - [22/Jul/2026:05:22:12 +0000] "GET / HTTP/1.1" 200 82582 "-" "Mozilla/5.0 (iPhone; CPU iPhone OS 13_2_3 like Mac OS X) AppleWebKit/605.1.15 (KHTML, like Gecko) Version/13.0.3 Mobile/15E148 Safari/604.1"
162.158.95.188 - - [22/Jul/2026:06:51:01 +0000] "GET /wp-admin/install.php?step=1 HTTP/1.1" 404 75565 "-" "http://godunaikeinsurance.shop/wp-admin/install.php?step=1"
185.177.72.31 - - [22/Jul/2026:06:55:44 +0000] "GET /wp-json/gravitysmtp/v1/tests/mock-data?page=gravitysmtp-settings HTTP/1.1" 404 114 "-" "curl/8.7.1"
185.177.72.31 - - [22/Jul/2026:06:55:45 +0000] "GET / HTTP/1.1" 200 82582 "-" "curl/8.7.1"
185.177.72.31 - - [22/Jul/2026:06:55:47 +0000] "GET /admin HTTP/1.1" 302 - "-" "curl/8.7.1"
185.177.72.22 - - [22/Jul/2026:07:24:15 +0000] "GET /wp-includes/js/dist/script-modules/block-library/navigation/view.min.js HTTP/1.1" 200 3053 "-" "curl/8.7.1"
185.177.72.22 - - [22/Jul/2026:07:24:15 +0000] "POST / HTTP/1.1" 200 82582 "-" "Mozilla/5.0 (Windows NT 10.0; Win64; x64) AppleWebKit/537.36"
185.177.72.22 - - [22/Jul/2026:07:24:17 +0000] "POST / HTTP/1.1" 200 82582 "-" "Mozilla/5.0 (Windows NT 10.0; Win64; x64) AppleWebKit/537.36"
185.177.72.22 - - [22/Jul/2026:07:24:19 +0000] "POST /_next HTTP/1.1" 404 75565 "-" "Mozilla/5.0 (Windows NT 10.0; Win64; x64) AppleWebKit/537.36"
185.177.72.22 - - [22/Jul/2026:07:24:21 +0000] "POST /api HTTP/1.1" 404 75565 "-" "Mozilla/5.0 (Windows NT 10.0; Win64; x64) AppleWebKit/537.36"
185.177.72.22 - - [22/Jul/2026:07:24:23 +0000] "POST /api/auth HTTP/1.1" 404 75565 "-" "Mozilla/5.0 (Windows NT 10.0; Win64; x64) AppleWebKit/537.36"
185.177.72.22 - - [22/Jul/2026:07:24:26 +0000] "POST /api/auth/callback HTTP/1.1" 404 75565 "-" "Mozilla/5.0 (Windows NT 10.0; Win64; x64) AppleWebKit/537.36"
185.177.72.22 - - [22/Jul/2026:07:24:28 +0000] "POST /api/auth/session HTTP/1.1" 404 75565 "-" "Mozilla/5.0 (Windows NT 10.0; Win64; x64) AppleWebKit/537.36"
185.177.72.22 - - [22/Jul/2026:07:24:30 +0000] "POST /_rsc HTTP/1.1" 404 75565 "-" "Mozilla/5.0 (Windows NT 10.0; Win64; x64) AppleWebKit/537.36"
185.177.72.22 - - [22/Jul/2026:07:24:32 +0000] "POST /__rsc HTTP/1.1" 404 75565 "-" "Mozilla/5.0 (Windows NT 10.0; Win64; x64) AppleWebKit/537.36"
185.177.72.22 - - [22/Jul/2026:07:24:34 +0000] "POST /.action HTTP/1.1" 404 75565 "-" "Mozilla/5.0 (Windows NT 10.0; Win64; x64) AppleWebKit/537.36"
185.177.72.22 - - [22/Jul/2026:07:24:36 +0000] "POST /__nextjs_action HTTP/1.1" 404 75565 "-" "Mozilla/5.0 (Windows NT 10.0; Win64; x64) AppleWebKit/537.36"
185.177.72.22 - - [22/Jul/2026:07:24:39 +0000] "POST /_middleware HTTP/1.1" 404 75565 "-" "Mozilla/5.0 (Windows NT 10.0; Win64; x64) AppleWebKit/537.36"
185.177.72.22 - - [22/Jul/2026:07:24:41 +0000] "POST /_next/image HTTP/1.1" 404 75565 "-" "Mozilla/5.0 (Windows NT 10.0; Win64; x64) AppleWebKit/537.36"
185.177.72.22 - - [22/Jul/2026:07:24:43 +0000] "POST /RSC/sqxi2njrsotkheh.txt HTTP/1.1" 404 75565 "-" "Mozilla/5.0 (Windows NT 10.0; Win64; x64) AppleWebKit/537.36"
185.177.72.22 - - [22/Jul/2026:07:24:45 +0000] "POST /vendor/phpunit/phpunit/src/Util/PHP/eval-stdin.php HTTP/1.1" 404 75565 "-" "curl/8.7.1"
185.177.72.22 - - [22/Jul/2026:07:24:47 +0000] "POST /vendor/phpunit/phpunit/Util/PHP/eval-stdin.php HTTP/1.1" 404 75565 "-" "curl/8.7.1"
185.177.72.22 - - [22/Jul/2026:07:24:49 +0000] "POST /laravel/vendor/phpunit/phpunit/src/Util/PHP/eval-stdin.php HTTP/1.1" 404 75565 "-" "curl/8.7.1"
185.177.72.22 - - [22/Jul/2026:07:24:51 +0000] "POST /yii/vendor/phpunit/phpunit/src/Util/PHP/eval-stdin.php HTTP/1.1" 404 75565 "-" "curl/8.7.1"
185.177.72.22 - - [22/Jul/2026:07:24:54 +0000] "POST /zend/vendor/phpunit/phpunit/src/Util/PHP/eval-stdin.php HTTP/1.1" 404 75565 "-" "curl/8.7.1"
185.177.72.22 - - [22/Jul/2026:07:24:56 +0000] "POST /lib/vendor/phpunit/phpunit/src/Util/PHP/eval-stdin.php HTTP/1.1" 404 75565 "-" "curl/8.7.1"
185.177.72.31 - - [22/Jul/2026:08:12:14 +0000] "POST / HTTP/1.1" 200 82582 "-" "Mozilla/5.0 (Windows NT 10.0; Win64; x64) AppleWebKit/537.36"
185.177.72.31 - - [22/Jul/2026:08:12:15 +0000] "POST / HTTP/1.1" 200 82582 "-" "Mozilla/5.0 (Windows NT 10.0; Win64; x64) AppleWebKit/537.36"
185.177.72.31 - - [22/Jul/2026:08:12:17 +0000] "POST /_next HTTP/1.1" 404 75565 "-" "Mozilla/5.0 (Windows NT 10.0; Win64; x64) AppleWebKit/537.36"
185.177.72.31 - - [22/Jul/2026:08:12:19 +0000] "POST /api HTTP/1.1" 404 75565 "-" "Mozilla/5.0 (Windows NT 10.0; Win64; x64) AppleWebKit/537.36"
185.177.72.31 - - [22/Jul/2026:08:12:22 +0000] "POST /api/auth HTTP/1.1" 404 75565 "-" "Mozilla/5.0 (Windows NT 10.0; Win64; x64) AppleWebKit/537.36"
185.177.72.31 - - [22/Jul/2026:08:12:25 +0000] "POST /api/auth/callback HTTP/1.1" 404 75565 "-" "Mozilla/5.0 (Windows NT 10.0; Win64; x64) AppleWebKit/537.36"
185.177.72.31 - - [22/Jul/2026:08:12:27 +0000] "POST /api/auth/session HTTP/1.1" 404 75565 "-" "Mozilla/5.0 (Windows NT 10.0; Win64; x64) AppleWebKit/537.36"
185.177.72.31 - - [22/Jul/2026:08:12:29 +0000] "POST /_rsc HTTP/1.1" 404 75565 "-" "Mozilla/5.0 (Windows NT 10.0; Win64; x64) AppleWebKit/537.36"
185.177.72.31 - - [22/Jul/2026:08:12:30 +0000] "POST /__rsc HTTP/1.1" 404 75565 "-" "Mozilla/5.0 (Windows NT 10.0; Win64; x64) AppleWebKit/537.36"
185.177.72.31 - - [22/Jul/2026:08:12:31 +0000] "POST /.action HTTP/1.1" 404 75565 "-" "Mozilla/5.0 (Windows NT 10.0; Win64; x64) AppleWebKit/537.36"
185.177.72.31 - - [22/Jul/2026:08:12:33 +0000] "POST /__nextjs_action HTTP/1.1" 404 75565 "-" "Mozilla/5.0 (Windows NT 10.0; Win64; x64) AppleWebKit/537.36"
185.177.72.31 - - [22/Jul/2026:08:12:34 +0000] "POST /_middleware HTTP/1.1" 404 75565 "-" "Mozilla/5.0 (Windows NT 10.0; Win64; x64) AppleWebKit/537.36"
185.177.72.31 - - [22/Jul/2026:08:12:35 +0000] "POST /_next/image HTTP/1.1" 404 75565 "-" "Mozilla/5.0 (Windows NT 10.0; Win64; x64) AppleWebKit/537.36"
185.177.72.31 - - [22/Jul/2026:08:12:36 +0000] "POST /RSC/qkpqdte9mzmnxtd.txt HTTP/1.1" 404 75565 "-" "Mozilla/5.0 (Windows NT 10.0; Win64; x64) AppleWebKit/537.36"
185.177.72.31 - - [22/Jul/2026:08:12:38 +0000] "POST /RSC/R/lmdmwzrg0ezgy7c.txt HTTP/1.1" 404 75565 "-" "Mozilla/5.0 (Windows NT 10.0; Win64; x64) AppleWebKit/537.36"
185.177.72.31 - - [22/Jul/2026:08:12:39 +0000] "POST /vendor/phpunit/phpunit/src/Util/PHP/eval-stdin.php HTTP/1.1" 404 75565 "-" "curl/8.7.1"
185.177.72.31 - - [22/Jul/2026:08:12:41 +0000] "POST /vendor/phpunit/phpunit/Util/PHP/eval-stdin.php HTTP/1.1" 404 75565 "-" "curl/8.7.1"
185.177.72.31 - - [22/Jul/2026:08:12:42 +0000] "POST /laravel/vendor/phpunit/phpunit/src/Util/PHP/eval-stdin.php HTTP/1.1" 404 75565 "-" "curl/8.7.1"
185.177.72.31 - - [22/Jul/2026:08:12:43 +0000] "POST /yii/vendor/phpunit/phpunit/src/Util/PHP/eval-stdin.php HTTP/1.1" 404 75565 "-" "curl/8.7.1"
185.177.72.31 - - [22/Jul/2026:08:12:45 +0000] "POST /zend/vendor/phpunit/phpunit/src/Util/PHP/eval-stdin.php HTTP/1.1" 404 75565 "-" "curl/8.7.1"
185.177.72.31 - - [22/Jul/2026:08:12:47 +0000] "POST /lib/vendor/phpunit/phpunit/src/Util/PHP/eval-stdin.php HTTP/1.1" 404 75565 "-" "curl/8.7.1"
104.23.223.57 - - [22/Jul/2026:08:35:00 +0000] "GET /wp-admin/install.php?step=1 HTTP/1.1" 404 75565 "-" "http://godunaikeinsurance.shop/wp-admin/install.php?step=1"
185.177.72.100 - - [22/Jul/2026:08:37:45 +0000] "GET /wp-includes/js/dist/script-modules/block-library/navigation/view.min.js HTTP/1.1" 200 3053 "-" "curl/8.7.1"
185.177.72.100 - - [22/Jul/2026:08:37:46 +0000] "POST / HTTP/1.1" 200 82582 "-" "Mozilla/5.0 (Windows NT 10.0; Win64; x64) AppleWebKit/537.36"
185.177.72.100 - - [22/Jul/2026:08:37:49 +0000] "POST / HTTP/1.1" 200 82582 "-" "Mozilla/5.0 (Windows NT 10.0; Win64; x64) AppleWebKit/537.36"
185.177.72.100 - - [22/Jul/2026:08:37:51 +0000] "POST /_next HTTP/1.1" 404 75565 "-" "Mozilla/5.0 (Windows NT 10.0; Win64; x64) AppleWebKit/537.36"
185.177.72.100 - - [22/Jul/2026:08:37:53 +0000] "POST /api HTTP/1.1" 404 75565 "-" "Mozilla/5.0 (Windows NT 10.0; Win64; x64) AppleWebKit/537.36"
185.177.72.100 - - [22/Jul/2026:08:37:56 +0000] "POST /api/auth HTTP/1.1" 404 75565 "-" "Mozilla/5.0 (Windows NT 10.0; Win64; x64) AppleWebKit/537.36"
185.177.72.100 - - [22/Jul/2026:08:37:58 +0000] "POST /api/auth/callback HTTP/1.1" 404 75565 "-" "Mozilla/5.0 (Windows NT 10.0; Win64; x64) AppleWebKit/537.36"
185.177.72.100 - - [22/Jul/2026:08:38:00 +0000] "POST /api/auth/session HTTP/1.1" 404 75565 "-" "Mozilla/5.0 (Windows NT 10.0; Win64; x64) AppleWebKit/537.36"
185.177.72.100 - - [22/Jul/2026:08:38:03 +0000] "POST /_rsc HTTP/1.1" 404 75565 "-" "Mozilla/5.0 (Windows NT 10.0; Win64; x64) AppleWebKit/537.36"
185.177.72.100 - - [22/Jul/2026:08:38:04 +0000] "POST /__rsc HTTP/1.1" 404 75565 "-" "Mozilla/5.0 (Windows NT 10.0; Win64; x64) AppleWebKit/537.36"
185.177.72.100 - - [22/Jul/2026:08:38:06 +0000] "POST /.action HTTP/1.1" 404 75565 "-" "Mozilla/5.0 (Windows NT 10.0; Win64; x64) AppleWebKit/537.36"
185.177.72.100 - - [22/Jul/2026:08:38:08 +0000] "POST /__nextjs_action HTTP/1.1" 404 75565 "-" "Mozilla/5.0 (Windows NT 10.0; Win64; x64) AppleWebKit/537.36"
185.177.72.100 - - [22/Jul/2026:08:38:09 +0000] "POST /_middleware HTTP/1.1" 404 75565 "-" "Mozilla/5.0 (Windows NT 10.0; Win64; x64) AppleWebKit/537.36"
185.177.72.100 - - [22/Jul/2026:08:38:11 +0000] "POST /_next/image HTTP/1.1" 404 75565 "-" "Mozilla/5.0 (Windows NT 10.0; Win64; x64) AppleWebKit/537.36"
185.177.72.100 - - [22/Jul/2026:08:38:12 +0000] "POST /RSC/d7exvnnyxcbdkhk.txt HTTP/1.1" 404 75565 "-" "Mozilla/5.0 (Windows NT 10.0; Win64; x64) AppleWebKit/537.36"
185.177.72.100 - - [22/Jul/2026:08:38:13 +0000] "POST /RSC/R/jtzz87z61vrm72v.txt HTTP/1.1" 404 75565 "-" "Mozilla/5.0 (Windows NT 10.0; Win64; x64) AppleWebKit/537.36"
185.177.72.100 - - [22/Jul/2026:08:38:15 +0000] "POST /vendor/phpunit/phpunit/src/Util/PHP/eval-stdin.php HTTP/1.1" 404 75565 "-" "curl/8.7.1"
185.177.72.100 - - [22/Jul/2026:08:38:16 +0000] "POST /vendor/phpunit/phpunit/Util/PHP/eval-stdin.php HTTP/1.1" 404 75565 "-" "curl/8.7.1"
185.177.72.100 - - [22/Jul/2026:08:38:17 +0000] "POST /laravel/vendor/phpunit/phpunit/src/Util/PHP/eval-stdin.php HTTP/1.1" 404 75565 "-" "curl/8.7.1"
185.177.72.100 - - [22/Jul/2026:08:38:19 +0000] "POST /yii/vendor/phpunit/phpunit/src/Util/PHP/eval-stdin.php HTTP/1.1" 404 75565 "-" "curl/8.7.1"
185.177.72.100 - - [22/Jul/2026:08:38:20 +0000] "POST /zend/vendor/phpunit/phpunit/src/Util/PHP/eval-stdin.php HTTP/1.1" 404 75565 "-" "curl/8.7.1"
185.177.72.100 - - [22/Jul/2026:08:38:23 +0000] "POST /lib/vendor/phpunit/phpunit/src/Util/PHP/eval-stdin.php HTTP/1.1" 404 75565 "-" "curl/8.7.1"
185.177.72.12 - - [22/Jul/2026:08:45:43 +0000] "GET /wp-includes/js/dist/script-modules/block-library/navigation/view.min.js HTTP/1.1" 200 3053 "-" "curl/8.7.1"
185.177.72.12 - - [22/Jul/2026:08:45:43 +0000] "POST / HTTP/1.1" 200 82582 "-" "Mozilla/5.0 (Windows NT 10.0; Win64; x64) AppleWebKit/537.36"
185.177.72.12 - - [22/Jul/2026:08:45:46 +0000] "POST / HTTP/1.1" 200 82582 "-" "Mozilla/5.0 (Windows NT 10.0; Win64; x64) AppleWebKit/537.36"
185.177.72.12 - - [22/Jul/2026:08:45:47 +0000] "POST /_next HTTP/1.1" 404 75565 "-" "Mozilla/5.0 (Windows NT 10.0; Win64; x64) AppleWebKit/537.36"
185.177.72.12 - - [22/Jul/2026:08:45:48 +0000] "POST /api HTTP/1.1" 404 75565 "-" "Mozilla/5.0 (Windows NT 10.0; Win64; x64) AppleWebKit/537.36"
185.177.72.12 - - [22/Jul/2026:08:45:50 +0000] "POST /api/auth HTTP/1.1" 404 75565 "-" "Mozilla/5.0 (Windows NT 10.0; Win64; x64) AppleWebKit/537.36"
185.177.72.12 - - [22/Jul/2026:08:45:51 +0000] "POST /api/auth/callback HTTP/1.1" 404 75565 "-" "Mozilla/5.0 (Windows NT 10.0; Win64; x64) AppleWebKit/537.36"
185.177.72.12 - - [22/Jul/2026:08:45:52 +0000] "POST /api/auth/session HTTP/1.1" 404 75565 "-" "Mozilla/5.0 (Windows NT 10.0; Win64; x64) AppleWebKit/537.36"
185.177.72.12 - - [22/Jul/2026:08:45:53 +0000] "POST /_rsc HTTP/1.1" 404 75565 "-" "Mozilla/5.0 (Windows NT 10.0; Win64; x64) AppleWebKit/537.36"
185.177.72.12 - - [22/Jul/2026:08:45:55 +0000] "POST /__rsc HTTP/1.1" 404 75565 "-" "Mozilla/5.0 (Windows NT 10.0; Win64; x64) AppleWebKit/537.36"
185.177.72.12 - - [22/Jul/2026:08:45:56 +0000] "POST /.action HTTP/1.1" 404 75565 "-" "Mozilla/5.0 (Windows NT 10.0; Win64; x64) AppleWebKit/537.36"
185.177.72.12 - - [22/Jul/2026:08:45:57 +0000] "POST /__nextjs_action HTTP/1.1" 404 75565 "-" "Mozilla/5.0 (Windows NT 10.0; Win64; x64) AppleWebKit/537.36"
185.177.72.12 - - [22/Jul/2026:08:45:58 +0000] "POST /_middleware HTTP/1.1" 404 75565 "-" "Mozilla/5.0 (Windows NT 10.0; Win64; x64) AppleWebKit/537.36"
185.177.72.12 - - [22/Jul/2026:08:45:59 +0000] "POST /_next/image HTTP/1.1" 404 75565 "-" "Mozilla/5.0 (Windows NT 10.0; Win64; x64) AppleWebKit/537.36"
185.177.72.12 - - [22/Jul/2026:08:46:01 +0000] "POST /RSC/7nu0ris3tt85z6p.txt HTTP/1.1" 404 75565 "-" "Mozilla/5.0 (Windows NT 10.0; Win64; x64) AppleWebKit/537.36"
185.177.72.12 - - [22/Jul/2026:08:46:02 +0000] "POST /RSC/R/rej49k99c4u1i76.txt HTTP/1.1" 404 75565 "-" "Mozilla/5.0 (Windows NT 10.0; Win64; x64) AppleWebKit/537.36"
185.177.72.12 - - [22/Jul/2026:08:46:03 +0000] "POST /vendor/phpunit/phpunit/src/Util/PHP/eval-stdin.php HTTP/1.1" 404 75565 "-" "curl/8.7.1"
185.177.72.12 - - [22/Jul/2026:08:46:04 +0000] "POST /vendor/phpunit/phpunit/Util/PHP/eval-stdin.php HTTP/1.1" 404 75565 "-" "curl/8.7.1"
185.177.72.12 - - [22/Jul/2026:08:46:06 +0000] "POST /laravel/vendor/phpunit/phpunit/src/Util/PHP/eval-stdin.php HTTP/1.1" 404 75565 "-" "curl/8.7.1"
185.177.72.12 - - [22/Jul/2026:08:46:08 +0000] "POST /yii/vendor/phpunit/phpunit/src/Util/PHP/eval-stdin.php HTTP/1.1" 404 75565 "-" "curl/8.7.1"
185.177.72.12 - - [22/Jul/2026:08:46:09 +0000] "POST /zend/vendor/phpunit/phpunit/src/Util/PHP/eval-stdin.php HTTP/1.1" 404 75565 "-" "curl/8.7.1"
185.177.72.12 - - [22/Jul/2026:08:46:10 +0000] "POST /lib/vendor/phpunit/phpunit/src/Util/PHP/eval-stdin.php HTTP/1.1" 404 75565 "-" "curl/8.7.1"
43.157.22.109 - - [22/Jul/2026:09:04:52 +0000] "GET / HTTP/1.1" 200 82582 "-" "Mozilla/5.0 (iPhone; CPU iPhone OS 13_2_3 like Mac OS X) AppleWebKit/605.1.15 (KHTML, like Gecko) Version/13.0.3 Mobile/15E148 Safari/604.1"
172.70.248.93 - - [22/Jul/2026:09:33:54 +0000] "GET /wp-admin/install.php?step=1 HTTP/1.1" 404 75565 "-" "http://godunaikeinsurance.shop/wp-admin/install.php?step=1"
129.204.188.64 - - [22/Jul/2026:09:37:27 +0000] "GET / HTTP/1.1" 200 82582 "-" "Mozilla/5.0 (iPhone; CPU iPhone OS 13_2_3 like Mac OS X) AppleWebKit/605.1.15 (KHTML, like Gecko) Version/13.0.3 Mobile/15E148 Safari/604.1"
172.71.144.90 - - [22/Jul/2026:11:16:03 +0000] "GET /wp-admin/install.php?step=1 HTTP/1.1" 404 75565 "-" "http://godunaikeinsurance.shop/wp-admin/install.php?step=1"
198.177.124.148 - - [22/Jul/2026:12:25:46 +0000] "POST /wp-cron.php?doing_wp_cron=1784723146.0106399059295654296875 HTTP/1.1" 200 - "-" "WordPress/7.0.2; https://godunaikeinsurance.shop"
49.51.233.46 - - [22/Jul/2026:12:25:43 +0000] "GET / HTTP/1.1" 200 82582 "-" "Mozilla/5.0 (iPhone; CPU iPhone OS 13_2_3 like Mac OS X) AppleWebKit/605.1.15 (KHTML, like Gecko) Version/13.0.3 Mobile/15E148 Safari/604.1"
64.23.132.22 - - [22/Jul/2026:12:30:10 +0000] "GET / HTTP/1.1" 200 82582 "-" "Mozilla/5.0 (X11; Linux x86_64) AppleWebKit/537.36 (KHTML, like Gecko) Chrome/142.0.0.0 Safari/537.36"
64.23.132.22 - - [22/Jul/2026:12:30:13 +0000] "GET /favicon.ico HTTP/1.1" 302 - "http://godunaikeinsurance.shop/" "Mozilla/5.0 (X11; Linux x86_64) AppleWebKit/537.36 (KHTML, like Gecko) Chrome/142.0.0.0 Safari/537.36"
198.177.124.148 - - [22/Jul/2026:12:59:49 +0000] "POST /wp-cron.php?doing_wp_cron=1784725189.8046109676361083984375 HTTP/1.1" 200 - "-" "WordPress/7.0.2; https://godunaikeinsurance.shop"
172.71.148.38 - - [22/Jul/2026:12:59:48 +0000] "GET /wp-admin/install.php?step=1 HTTP/1.1" 404 75565 "-" "http://godunaikeinsurance.shop/wp-admin/install.php?step=1"
198.177.124.148 - - [22/Jul/2026:12:59:52 +0000] "POST /wp-cron.php HTTP/1.1" 200 - "-" "WordPress/7.0.2; https://godunaikeinsurance.shop"
172.70.240.193 - - [22/Jul/2026:14:45:10 +0000] "GET /wp-admin/install.php?step=1 HTTP/1.1" 404 75565 "-" "http://godunaikeinsurance.shop/wp-admin/install.php?step=1"
66.249.75.195 - - [22/Jul/2026:14:55:36 +0000] "GET /robots.txt HTTP/1.1" 200 124 "-" "Mozilla/5.0 (compatible; Googlebot/2.1; +http://www.google.com/bot.html)"
66.249.75.196 - - [22/Jul/2026:14:56:28 +0000] "GET /wp-includes/js/dist/script-modules/interactivity/index.min.js?ver=efaa5193bbad9c60ffd1 HTTP/1.1" 200 40106 "-" "Mozilla/5.0 (Linux; Android 6.0.1; Nexus 5X Build/MMB29P) AppleWebKit/537.36 (KHTML, like Gecko) Chrome/150.0.7871.128 Mobile Safari/537.36 (compatible; GoogleOther)"
66.249.75.196 - - [22/Jul/2026:15:25:14 +0000] "GET / HTTP/1.1" 200 82582 "-" "Mozilla/5.0 (Linux; Android 6.0.1; Nexus 5X Build/MMB29P) AppleWebKit/537.36 (KHTML, like Gecko) Chrome/150.0.7871.128 Mobile Safari/537.36 (compatible; Googlebot/2.1; +http://www.google.com/bot.html)"
43.167.239.66 - - [22/Jul/2026:15:56:45 +0000] "GET / HTTP/1.1" 200 82582 "-" "Mozilla/5.0 (iPhone; CPU iPhone OS 13_2_3 like Mac OS X) AppleWebKit/605.1.15 (KHTML, like Gecko) Version/13.0.3 Mobile/15E148 Safari/604.1"
172.70.248.93 - - [22/Jul/2026:16:29:07 +0000] "GET /wp-admin/install.php?step=1 HTTP/1.1" 500 2482 "-" "http://godunaikeinsurance.shop/wp-admin/install.php?step=1"
198.177.124.148 - - [22/Jul/2026:18:16:18 +0000] "POST /wp-cron.php?doing_wp_cron=1784744178.7535541057586669921875 HTTP/1.1" 200 - "-" "WordPress/7.0.2; https://godunaikeinsurance.shop"
104.23.223.56 - - [22/Jul/2026:18:16:17 +0000] "GET /wp-admin/install.php?step=1 HTTP/1.1" 404 75565 "-" "http://godunaikeinsurance.shop/wp-admin/install.php?step=1"
43.165.186.188 - - [22/Jul/2026:19:21:31 +0000] "GET / HTTP/1.1" 200 82582 "-" "Mozilla/5.0 (iPhone; CPU iPhone OS 13_2_3 like Mac OS X) AppleWebKit/605.1.15 (KHTML, like Gecko) Version/13.0.3 Mobile/15E148 Safari/604.1"
198.177.124.148 - - [22/Jul/2026:20:09:28 +0000] "POST /wp-cron.php?doing_wp_cron=1784750968.4418430328369140625000 HTTP/1.1" 200 - "-" "WordPress/7.0.2; https://godunaikeinsurance.shop"
172.69.194.158 - - [22/Jul/2026:20:09:27 +0000] "GET /wp-admin/install.php?step=1 HTTP/1.1" 404 75565 "-" "http://godunaikeinsurance.shop/wp-admin/install.php?step=1"
199.244.88.221 - - [22/Jul/2026:21:06:49 +0000] "GET / HTTP/1.1" 200 82582 "-" "Mozilla/5.0 (Macintosh; Intel Mac OS X 10_15_7) AppleWebKit/537.36 (KHTML, like Gecko) Chrome/106.0.0.0 Safari/537.36"
199.244.88.228 - - [22/Jul/2026:21:06:50 +0000] "GET /wp-includes/blocks/navigation/style.min.css?ver=7.0.2 HTTP/1.1" 200 20709 "http://godunaikeinsurance.shop/" "Mozilla/5.0 (Macintosh; Intel Mac OS X 10_15_7) AppleWebKit/537.36 (KHTML, like Gecko) Chrome/106.0.0.0 Safari/537.36"
199.244.88.221 - - [22/Jul/2026:21:06:50 +0000] "GET /wp-includes/js/dist/script-modules/interactivity/index.min.js?ver=efaa5193bbad9c60ffd1 HTTP/1.1" 200 40106 "-" "Mozilla/5.0 (Macintosh; Intel Mac OS X 10_15_7) AppleWebKit/537.36 (KHTML, like Gecko) Chrome/106.0.0.0 Safari/537.36"
199.244.88.221 - - [22/Jul/2026:21:06:50 +0000] "GET /wp-includes/js/dist/script-modules/block-library/navigation/view.min.js?ver=96a846e1d7b789c39ab9 HTTP/1.1" 200 3053 "http://godunaikeinsurance.shop/" "Mozilla/5.0 (Macintosh; Intel Mac OS X 10_15_7) AppleWebKit/537.36 (KHTML, like Gecko) Chrome/106.0.0.0 Safari/537.36"
199.244.88.227 - - [22/Jul/2026:21:06:50 +0000] "GET /wp-content/themes/twentytwentyfour/assets/images/tourist-and-building.webp HTTP/1.1" 200 66482 "http://godunaikeinsurance.shop/" "Mozilla/5.0 (Macintosh; Intel Mac OS X 10_15_7) AppleWebKit/537.36 (KHTML, like Gecko) Chrome/106.0.0.0 Safari/537.36"
199.244.88.229 - - [22/Jul/2026:21:06:50 +0000] "GET /wp-content/themes/twentytwentyfour/assets/images/windows.webp HTTP/1.1" 200 126244 "http://godunaikeinsurance.shop/" "Mozilla/5.0 (Macintosh; Intel Mac OS X 10_15_7) AppleWebKit/537.36 (KHTML, like Gecko) Chrome/106.0.0.0 Safari/537.36"
199.244.88.225 - - [22/Jul/2026:21:06:50 +0000] "GET /wp-content/themes/twentytwentyfour/assets/images/building-exterior.webp HTTP/1.1" 200 199724 "http://godunaikeinsurance.shop/" "Mozilla/5.0 (Macintosh; Intel Mac OS X 10_15_7) AppleWebKit/537.36 (KHTML, like Gecko) Chrome/106.0.0.0 Safari/537.36"
199.244.88.221 - - [22/Jul/2026:21:06:50 +0000] "GET /wp-content/themes/twentytwentyfour/assets/fonts/inter/Inter-VariableFont_slnt,wght.woff2 HTTP/1.1" 200 326628 "http://godunaikeinsurance.shop/" "Mozilla/5.0 (Macintosh; Intel Mac OS X 10_15_7) AppleWebKit/537.36 (KHTML, like Gecko) Chrome/106.0.0.0 Safari/537.36"
199.244.88.228 - - [22/Jul/2026:21:06:50 +0000] "GET /wp-content/themes/twentytwentyfour/assets/fonts/cardo/cardo_normal_400.woff2 HTTP/1.1" 200 146060 "http://godunaikeinsurance.shop/" "Mozilla/5.0 (Macintosh; Intel Mac OS X 10_15_7) AppleWebKit/537.36 (KHTML, like Gecko) Chrome/106.0.0.0 Safari/537.36"
199.244.88.227 - - [22/Jul/2026:21:06:50 +0000] "GET /wp-content/themes/twentytwentyfour/assets/fonts/cardo/cardo_italic_400.woff2 HTTP/1.1" 200 105184 "http://godunaikeinsurance.shop/" "Mozilla/5.0 (Macintosh; Intel Mac OS X 10_15_7) AppleWebKit/537.36 (KHTML, like Gecko) Chrome/106.0.0.0 Safari/537.36"
199.244.88.221 - - [22/Jul/2026:21:07:34 +0000] "GET / HTTP/1.1" 200 82582 "-" "Mozilla/5.0 (X11; Linux x86_64) AppleWebKit/537.36 (KHTML, like Gecko) Chrome/105.0.0.0 Safari/537.36"
199.244.88.220 - - [22/Jul/2026:21:08:32 +0000] "GET / HTTP/1.1" 200 82582 "-" "Mozilla/5.0 (Macintosh; Intel Mac OS X 10_15_7) AppleWebKit/537.36 (KHTML, like Gecko) Chrome/106.0.0.0 Safari/537.36"
199.244.88.228 - - [22/Jul/2026:21:08:33 +0000] "GET /wp-includes/blocks/navigation/style.min.css?ver=7.0.2 HTTP/1.1" 200 20709 "http://godunaikeinsurance.shop/" "Mozilla/5.0 (Macintosh; Intel Mac OS X 10_15_7) AppleWebKit/537.36 (KHTML, like Gecko) Chrome/106.0.0.0 Safari/537.36"
199.244.88.220 - - [22/Jul/2026:21:08:33 +0000] "GET /wp-content/themes/twentytwentyfour/assets/images/building-exterior.webp HTTP/1.1" 200 199724 "http://godunaikeinsurance.shop/" "Mozilla/5.0 (Macintosh; Intel Mac OS X 10_15_7) AppleWebKit/537.36 (KHTML, like Gecko) Chrome/106.0.0.0 Safari/537.36"
199.244.88.218 - - [22/Jul/2026:21:08:33 +0000] "GET /wp-includes/js/dist/script-modules/interactivity/index.min.js?ver=efaa5193bbad9c60ffd1 HTTP/1.1" 200 40106 "-" "Mozilla/5.0 (Macintosh; Intel Mac OS X 10_15_7) AppleWebKit/537.36 (KHTML, like Gecko) Chrome/106.0.0.0 Safari/537.36"
199.244.88.228 - - [22/Jul/2026:21:08:33 +0000] "GET /wp-content/themes/twentytwentyfour/assets/images/windows.webp HTTP/1.1" 200 126244 "http://godunaikeinsurance.shop/" "Mozilla/5.0 (Macintosh; Intel Mac OS X 10_15_7) AppleWebKit/537.36 (KHTML, like Gecko) Chrome/106.0.0.0 Safari/537.36"
199.244.88.220 - - [22/Jul/2026:21:08:33 +0000] "GET /wp-content/themes/twentytwentyfour/assets/images/tourist-and-building.webp HTTP/1.1" 200 66482 "http://godunaikeinsurance.shop/" "Mozilla/5.0 (Macintosh; Intel Mac OS X 10_15_7) AppleWebKit/537.36 (KHTML, like Gecko) Chrome/106.0.0.0 Safari/537.36"
199.244.88.225 - - [22/Jul/2026:21:08:33 +0000] "GET /wp-includes/js/dist/script-modules/block-library/navigation/view.min.js?ver=96a846e1d7b789c39ab9 HTTP/1.1" 200 3053 "http://godunaikeinsurance.shop/" "Mozilla/5.0 (Macintosh; Intel Mac OS X 10_15_7) AppleWebKit/537.36 (KHTML, like Gecko) Chrome/106.0.0.0 Safari/537.36"
199.244.88.220 - - [22/Jul/2026:21:08:33 +0000] "GET /wp-content/themes/twentytwentyfour/assets/fonts/inter/Inter-VariableFont_slnt,wght.woff2 HTTP/1.1" 200 326628 "http://godunaikeinsurance.shop/" "Mozilla/5.0 (Macintosh; Intel Mac OS X 10_15_7) AppleWebKit/537.36 (KHTML, like Gecko) Chrome/106.0.0.0 Safari/537.36"
199.244.88.228 - - [22/Jul/2026:21:08:33 +0000] "GET /wp-content/themes/twentytwentyfour/assets/fonts/cardo/cardo_normal_400.woff2 HTTP/1.1" 200 146060 "http://godunaikeinsurance.shop/" "Mozilla/5.0 (Macintosh; Intel Mac OS X 10_15_7) AppleWebKit/537.36 (KHTML, like Gecko) Chrome/106.0.0.0 Safari/537.36"
199.244.88.225 - - [22/Jul/2026:21:08:33 +0000] "GET /wp-content/themes/twentytwentyfour/assets/fonts/cardo/cardo_italic_400.woff2 HTTP/1.1" 200 105184 "http://godunaikeinsurance.shop/" "Mozilla/5.0 (Macintosh; Intel Mac OS X 10_15_7) AppleWebKit/537.36 (KHTML, like Gecko) Chrome/106.0.0.0 Safari/537.36"
199.244.88.223 - - [22/Jul/2026:21:08:39 +0000] "GET / HTTP/1.1" 200 82582 "-" "Mozilla/5.0 (X11; Linux x86_64) AppleWebKit/537.36 (KHTML, like Gecko) Chrome/105.0.0.0 Safari/537.36"
52.15.101.102 - - [22/Jul/2026:21:22:37 +0000] "GET /robots.txt HTTP/1.1" 200 124 "-" "CheckMarkNetwork/1.0 (+http://www.checkmarknetwork.com/spider.html)"
52.15.101.102 - - [22/Jul/2026:21:22:37 +0000] "HEAD / HTTP/1.1" 200 - "-" "CheckMarkNetwork/1.0 (+http://www.checkmarknetwork.com/spider.html)"
52.15.101.102 - - [22/Jul/2026:21:22:39 +0000] "GET / HTTP/1.1" 200 82582 "-" "CheckMarkNetwork/1.0 (+http://www.checkmarknetwork.com/spider.html)"
52.15.101.102 - - [22/Jul/2026:21:22:39 +0000] "GET /wp-includes/blocks/navigation/style.min.css?ver=7.0.2 HTTP/1.1" 200 20709 "-" "CheckMarkNetwork/1.0 (+http://www.checkmarknetwork.com/spider.html)"
172.70.247.66 - - [22/Jul/2026:21:52:57 +0000] "GET /wp-admin/install.php?step=1 HTTP/1.1" 404 75565 "-" "http://godunaikeinsurance.shop/wp-admin/install.php?step=1"
111.230.233.46 - - [22/Jul/2026:22:12:04 +0000] "GET / HTTP/1.1" 200 82582 "-" "Mozilla/5.0 (iPhone; CPU iPhone OS 13_2_3 like Mac OS X) AppleWebKit/605.1.15 (KHTML, like Gecko) Version/13.0.3 Mobile/15E148 Safari/604.1"
43.160.240.216 - - [22/Jul/2026:22:58:02 +0000] "GET / HTTP/1.1" 200 82582 "-" "Mozilla/5.0 (iPhone; CPU iPhone OS 13_2_3 like Mac OS X) AppleWebKit/605.1.15 (KHTML, like Gecko) Version/13.0.3 Mobile/15E148 Safari/604.1"
104.23.239.56 - - [22/Jul/2026:23:38:37 +0000] "GET /wp-admin/install.php?step=1 HTTP/1.1" 404 75565 "-" "http://godunaikeinsurance.shop/wp-admin/install.php?step=1"
198.177.124.148 - - [23/Jul/2026:01:12:18 +0000] "POST /wp-cron.php?doing_wp_cron=1784769138.9118518829345703125000 HTTP/1.1" 200 - "-" "WordPress/7.0.2; https://godunaikeinsurance.shop"
43.166.253.94 - - [23/Jul/2026:01:12:16 +0000] "GET / HTTP/1.1" 200 82582 "-" "Mozilla/5.0 (iPhone; CPU iPhone OS 13_2_3 like Mac OS X) AppleWebKit/605.1.15 (KHTML, like Gecko) Version/13.0.3 Mobile/15E148 Safari/604.1"
172.68.192.181 - - [23/Jul/2026:01:21:52 +0000] "GET /wp-admin/install.php?step=1 HTTP/1.1" 404 75565 "-" "http://godunaikeinsurance.shop/wp-admin/install.php?step=1"
198.177.124.148 - - [23/Jul/2026:02:32:59 +0000] "POST /wp-cron.php?doing_wp_cron=1784773979.4453210830688476562500 HTTP/1.1" 200 - "-" "WordPress/7.0.2; https://godunaikeinsurance.shop"
162.158.95.187 - - [23/Jul/2026:02:32:57 +0000] "GET /wp-admin/install.php?step=1 HTTP/1.1" 404 75565 "-" "http://godunaikeinsurance.shop/wp-admin/install.php?step=1"
43.130.102.223 - - [23/Jul/2026:02:45:28 +0000] "GET / HTTP/1.1" 200 82582 "-" "Mozilla/5.0 (iPhone; CPU iPhone OS 13_2_3 like Mac OS X) AppleWebKit/605.1.15 (KHTML, like Gecko) Version/13.0.3 Mobile/15E148 Safari/604.1"
198.177.124.148 - - [23/Jul/2026:03:20:22 +0000] "POST /wp-cron.php?doing_wp_cron=1784776822.5737380981445312500000 HTTP/1.1" 200 - "-" "WordPress/7.0.2; https://godunaikeinsurance.shop"
43.164.129.191 - - [23/Jul/2026:03:20:21 +0000] "GET / HTTP/1.1" 200 82582 "-" "Mozilla/5.0 (iPhone; CPU iPhone OS 13_2_3 like Mac OS X) AppleWebKit/605.1.15 (KHTML, like Gecko) Version/13.0.3 Mobile/15E148 Safari/604.1"
198.177.124.148 - - [23/Jul/2026:04:18:30 +0000] "POST /wp-cron.php?doing_wp_cron=1784780310.7318120002746582031250 HTTP/1.1" 200 - "-" "WordPress/7.0.2; https://godunaikeinsurance.shop"
104.23.223.57 - - [23/Jul/2026:04:18:28 +0000] "GET /wp-admin/install.php?step=1 HTTP/1.1" 404 75565 "-" "http://godunaikeinsurance.shop/wp-admin/install.php?step=1"