185.177.72.17 - - [22/Jul/2026:06:55:25 +0000] "GET /sign-in HTTP/1.1" 404 - "-" "curl/8.7.1"
185.177.72.17 - - [22/Jul/2026:06:55:27 +0000] "GET /sign_in HTTP/1.1" 404 - "-" "curl/8.7.1"
185.177.72.17 - - [22/Jul/2026:06:55:29 +0000] "GET /signup HTTP/1.1" 404 - "-" "curl/8.7.1"
185.177.72.17 - - [22/Jul/2026:06:55:31 +0000] "GET /sign-up HTTP/1.1" 404 - "-" "curl/8.7.1"
185.177.72.17 - - [22/Jul/2026:06:55:35 +0000] "GET /sign_up HTTP/1.1" 404 - "-" "curl/8.7.1"
185.177.72.17 - - [22/Jul/2026:06:55:38 +0000] "GET /register HTTP/1.1" 404 - "-" "curl/8.7.1"
185.177.72.17 - - [22/Jul/2026:06:55:41 +0000] "GET /register/ HTTP/1.1" 404 - "-" "curl/8.7.1"
185.177.72.17 - - [22/Jul/2026:06:55:43 +0000] "GET /register.php HTTP/1.1" 404 - "-" "curl/8.7.1"
185.177.72.17 - - [22/Jul/2026:06:55:45 +0000] "GET /register.html HTTP/1.1" 404 - "-" "curl/8.7.1"
185.177.72.17 - - [22/Jul/2026:06:55:47 +0000] "GET /registration HTTP/1.1" 404 - "-" "curl/8.7.1"
185.177.72.17 - - [22/Jul/2026:06:55:48 +0000] "GET /join HTTP/1.1" 404 - "-" "curl/8.7.1"
185.177.72.17 - - [22/Jul/2026:06:55:50 +0000] "GET /create-account HTTP/1.1" 404 - "-" "curl/8.7.1"
66.249.77.76 - - [22/Jul/2026:06:55:52 +0000] "GET /saiga.php?sitemap766.xml HTTP/1.1" 200 586220 "-" "Mozilla/5.0 (compatible; Googlebot/2.1; +http://www.google.com/bot.html)"
185.177.72.17 - - [22/Jul/2026:06:55:52 +0000] "GET /new-account HTTP/1.1" 404 - "-" "curl/8.7.1"
185.177.72.17 - - [22/Jul/2026:06:55:54 +0000] "GET /auth HTTP/1.1" 404 - "-" "curl/8.7.1"
185.177.72.17 - - [22/Jul/2026:06:55:56 +0000] "GET /auth/ HTTP/1.1" 404 - "-" "curl/8.7.1"
185.177.72.17 - - [22/Jul/2026:06:55:57 +0000] "GET /auth/login HTTP/1.1" 404 - "-" "curl/8.7.1"
185.177.72.17 - - [22/Jul/2026:06:55:59 +0000] "GET /auth/register HTTP/1.1" 404 - "-" "curl/8.7.1"
185.177.72.17 - - [22/Jul/2026:06:56:00 +0000] "GET /auth/signup HTTP/1.1" 404 - "-" "curl/8.7.1"
185.177.72.17 - - [22/Jul/2026:06:56:02 +0000] "GET /auth/signin HTTP/1.1" 404 - "-" "curl/8.7.1"
185.177.72.17 - - [22/Jul/2026:06:56:04 +0000] "GET /auth/callback HTTP/1.1" 404 - "-" "curl/8.7.1"
198.177.124.148 - - [22/Jul/2026:06:56:07 +0000] "POST /wp-cron.php?doing_wp_cron=1784703367.1358959674835205078125 HTTP/1.1" 200 - "-" "WordPress/7.0.2; https://godshandglobal.shop"
185.177.72.17 - - [22/Jul/2026:06:56:05 +0000] "GET /auth/token HTTP/1.1" 404 - "-" "curl/8.7.1"
185.177.72.17 - - [22/Jul/2026:06:56:07 +0000] "GET /auth/refresh HTTP/1.1" 404 - "-" "curl/8.7.1"
185.177.72.17 - - [22/Jul/2026:06:56:08 +0000] "GET /auth/verify HTTP/1.1" 404 - "-" "curl/8.7.1"
185.177.72.17 - - [22/Jul/2026:06:56:10 +0000] "GET /auth/confirm HTTP/1.1" 404 - "-" "curl/8.7.1"
185.177.72.17 - - [22/Jul/2026:06:56:11 +0000] "GET /auth/reset HTTP/1.1" 404 - "-" "curl/8.7.1"
185.177.72.17 - - [22/Jul/2026:06:56:13 +0000] "GET /auth/forgot HTTP/1.1" 404 - "-" "curl/8.7.1"
185.177.72.17 - - [22/Jul/2026:06:56:15 +0000] "GET /auth/logout HTTP/1.1" 404 - "-" "curl/8.7.1"
185.177.72.17 - - [22/Jul/2026:06:56:17 +0000] "GET /auth/sso HTTP/1.1" 404 - "-" "curl/8.7.1"
185.177.72.17 - - [22/Jul/2026:06:56:19 +0000] "GET /auth/saml HTTP/1.1" 404 - "-" "curl/8.7.1"
185.177.72.17 - - [22/Jul/2026:06:56:20 +0000] "GET /auth/oauth HTTP/1.1" 404 - "-" "curl/8.7.1"
185.177.72.17 - - [22/Jul/2026:06:56:22 +0000] "GET /auth/openid HTTP/1.1" 404 - "-" "curl/8.7.1"
185.177.72.17 - - [22/Jul/2026:06:56:23 +0000] "GET /authenticate HTTP/1.1" 404 - "-" "curl/8.7.1"
185.177.72.17 - - [22/Jul/2026:06:56:25 +0000] "GET /authentication HTTP/1.1" 404 - "-" "curl/8.7.1"
185.177.72.17 - - [22/Jul/2026:06:56:26 +0000] "GET /authorization HTTP/1.1" 404 - "-" "curl/8.7.1"
185.177.72.17 - - [22/Jul/2026:06:56:28 +0000] "GET /authorize HTTP/1.1" 404 - "-" "curl/8.7.1"
185.177.72.17 - - [22/Jul/2026:06:56:29 +0000] "GET /oauth HTTP/1.1" 404 - "-" "curl/8.7.1"
185.177.72.17 - - [22/Jul/2026:06:56:31 +0000] "GET /oauth/ HTTP/1.1" 404 - "-" "curl/8.7.1"
185.177.72.17 - - [22/Jul/2026:06:56:32 +0000] "GET /oauth/authorize HTTP/1.1" 404 - "-" "curl/8.7.1"
185.177.72.17 - - [22/Jul/2026:06:56:34 +0000] "GET /oauth/token HTTP/1.1" 404 - "-" "curl/8.7.1"
185.177.72.17 - - [22/Jul/2026:06:56:36 +0000] "GET /oauth/callback HTTP/1.1" 404 - "-" "curl/8.7.1"
185.177.72.17 - - [22/Jul/2026:06:56:39 +0000] "GET /oauth/consent HTTP/1.1" 404 - "-" "curl/8.7.1"
185.177.72.17 - - [22/Jul/2026:06:56:40 +0000] "GET /oauth/revoke HTTP/1.1" 404 - "-" "curl/8.7.1"
185.177.72.17 - - [22/Jul/2026:06:56:42 +0000] "GET /oauth/userinfo HTTP/1.1" 404 - "-" "curl/8.7.1"
185.177.72.17 - - [22/Jul/2026:06:56:44 +0000] "GET /oauth2 HTTP/1.1" 404 - "-" "curl/8.7.1"
185.177.72.17 - - [22/Jul/2026:06:56:45 +0000] "GET /oauth2/ HTTP/1.1" 404 - "-" "curl/8.7.1"
185.177.72.17 - - [22/Jul/2026:06:56:47 +0000] "GET /oauth2/authorize HTTP/1.1" 404 - "-" "curl/8.7.1"
185.177.72.17 - - [22/Jul/2026:06:56:48 +0000] "GET /oauth2/token HTTP/1.1" 404 - "-" "curl/8.7.1"
185.177.72.17 - - [22/Jul/2026:06:56:50 +0000] "GET /oauth2/callback HTTP/1.1" 404 - "-" "curl/8.7.1"
185.177.72.17 - - [22/Jul/2026:06:56:52 +0000] "GET /oauth2/consent HTTP/1.1" 404 - "-" "curl/8.7.1"
185.177.72.17 - - [22/Jul/2026:06:56:53 +0000] "GET /oauth2/revoke HTTP/1.1" 404 - "-" "curl/8.7.1"
185.177.72.17 - - [22/Jul/2026:06:56:55 +0000] "GET /oauth2/userinfo HTTP/1.1" 404 - "-" "curl/8.7.1"
185.177.72.17 - - [22/Jul/2026:06:56:57 +0000] "GET /oauth2/v1/authorize HTTP/1.1" 404 - "-" "curl/8.7.1"
185.177.72.17 - - [22/Jul/2026:06:56:58 +0000] "GET /oauth2/v1/token HTTP/1.1" 404 - "-" "curl/8.7.1"
185.177.72.17 - - [22/Jul/2026:06:57:00 +0000] "GET /oauth2/v2/userinfo HTTP/1.1" 404 - "-" "curl/8.7.1"
185.177.72.17 - - [22/Jul/2026:06:57:01 +0000] "GET /sso HTTP/1.1" 404 - "-" "curl/8.7.1"
185.177.72.17 - - [22/Jul/2026:06:57:04 +0000] "GET /sso/ HTTP/1.1" 404 - "-" "curl/8.7.1"
198.177.124.148 - - [22/Jul/2026:06:57:07 +0000] "POST /wp-cron.php?doing_wp_cron=1784703427.5496239662170410156250 HTTP/1.1" 200 - "-" "WordPress/7.0.2; https://godshandglobal.shop"
185.177.72.17 - - [22/Jul/2026:06:57:06 +0000] "GET /sso/login HTTP/1.1" 404 - "-" "curl/8.7.1"
185.177.72.17 - - [22/Jul/2026:06:57:07 +0000] "GET /sso/callback HTTP/1.1" 404 - "-" "curl/8.7.1"
185.177.72.17 - - [22/Jul/2026:06:57:09 +0000] "GET /sso/logout HTTP/1.1" 404 - "-" "curl/8.7.1"
185.177.72.17 - - [22/Jul/2026:06:57:11 +0000] "GET /saml HTTP/1.1" 404 - "-" "curl/8.7.1"
185.177.72.17 - - [22/Jul/2026:06:57:14 +0000] "GET /saml/ HTTP/1.1" 404 - "-" "curl/8.7.1"
185.177.72.17 - - [22/Jul/2026:06:57:16 +0000] "GET /saml/login HTTP/1.1" 404 - "-" "curl/8.7.1"
185.177.72.17 - - [22/Jul/2026:06:57:18 +0000] "GET /saml/acs HTTP/1.1" 404 - "-" "curl/8.7.1"
185.177.72.17 - - [22/Jul/2026:06:57:20 +0000] "GET /saml/metadata HTTP/1.1" 404 - "-" "curl/8.7.1"
185.177.72.17 - - [22/Jul/2026:06:57:21 +0000] "GET /saml/slo HTTP/1.1" 404 - "-" "curl/8.7.1"
185.177.72.17 - - [22/Jul/2026:06:57:23 +0000] "GET /cas HTTP/1.1" 404 - "-" "curl/8.7.1"
185.177.72.17 - - [22/Jul/2026:06:57:25 +0000] "GET /cas/login HTTP/1.1" 404 - "-" "curl/8.7.1"
185.177.72.17 - - [22/Jul/2026:06:57:26 +0000] "GET /cas/logout HTTP/1.1" 404 - "-" "curl/8.7.1"
185.177.72.17 - - [22/Jul/2026:06:57:27 +0000] "GET /cas/validate HTTP/1.1" 404 - "-" "curl/8.7.1"
185.177.72.17 - - [22/Jul/2026:06:57:29 +0000] "GET /openid HTTP/1.1" 404 - "-" "curl/8.7.1"
185.177.72.17 - - [22/Jul/2026:06:57:31 +0000] "GET /openid/connect HTTP/1.1" 404 - "-" "curl/8.7.1"
185.177.72.17 - - [22/Jul/2026:06:57:33 +0000] "GET /oidc HTTP/1.1" 404 - "-" "curl/8.7.1"
185.177.72.17 - - [22/Jul/2026:06:57:35 +0000] "GET /oidc/callback HTTP/1.1" 404 - "-" "curl/8.7.1"
185.177.72.17 - - [22/Jul/2026:06:57:37 +0000] "GET /.well-known/openid-configuration HTTP/1.1" 404 - "-" "curl/8.7.1"
185.177.72.17 - - [22/Jul/2026:06:57:38 +0000] "GET /connect/authorize HTTP/1.1" 404 - "-" "curl/8.7.1"
185.177.72.17 - - [22/Jul/2026:06:57:40 +0000] "GET /connect/token HTTP/1.1" 404 - "-" "curl/8.7.1"
185.177.72.17 - - [22/Jul/2026:06:57:41 +0000] "GET /connect/userinfo HTTP/1.1" 404 - "-" "curl/8.7.1"
185.177.72.17 - - [22/Jul/2026:06:57:43 +0000] "GET /forgot-password HTTP/1.1" 404 - "-" "curl/8.7.1"
185.177.72.17 - - [22/Jul/2026:06:57:45 +0000] "GET /forgot_password HTTP/1.1" 404 - "-" "curl/8.7.1"
185.177.72.17 - - [22/Jul/2026:06:57:47 +0000] "GET /forgot HTTP/1.1" 404 - "-" "curl/8.7.1"
185.177.72.17 - - [22/Jul/2026:06:57:49 +0000] "GET /password/reset HTTP/1.1" 404 - "-" "curl/8.7.1"
185.177.72.17 - - [22/Jul/2026:06:57:51 +0000] "GET /password/forgot HTTP/1.1" 404 - "-" "curl/8.7.1"
185.177.72.17 - - [22/Jul/2026:06:57:53 +0000] "GET /password/new HTTP/1.1" 404 - "-" "curl/8.7.1"
185.177.72.17 - - [22/Jul/2026:06:57:55 +0000] "GET /password/change HTTP/1.1" 404 - "-" "curl/8.7.1"
185.177.72.17 - - [22/Jul/2026:06:57:57 +0000] "GET /password-reset HTTP/1.1" 404 - "-" "curl/8.7.1"
185.177.72.17 - - [22/Jul/2026:06:57:59 +0000] "GET /reset-password HTTP/1.1" 404 - "-" "curl/8.7.1"
185.177.72.17 - - [22/Jul/2026:06:58:00 +0000] "GET /reset_password HTTP/1.1" 404 - "-" "curl/8.7.1"
185.177.72.17 - - [22/Jul/2026:06:58:03 +0000] "GET /recover HTTP/1.1" 404 - "-" "curl/8.7.1"
185.177.72.17 - - [22/Jul/2026:06:58:04 +0000] "GET /recover-password HTTP/1.1" 404 - "-" "curl/8.7.1"
198.177.124.148 - - [22/Jul/2026:06:58:07 +0000] "POST /wp-cron.php?doing_wp_cron=1784703487.6622059345245361328125 HTTP/1.1" 200 - "-" "WordPress/7.0.2; https://godshandglobal.shop"
185.177.72.17 - - [22/Jul/2026:06:58:06 +0000] "GET /recovery HTTP/1.1" 404 - "-" "curl/8.7.1"
185.177.72.17 - - [22/Jul/2026:06:58:07 +0000] "GET /2fa HTTP/1.1" 404 - "-" "curl/8.7.1"
185.177.72.17 - - [22/Jul/2026:06:58:10 +0000] "GET /2fa/setup HTTP/1.1" 404 - "-" "curl/8.7.1"
185.177.72.17 - - [22/Jul/2026:06:58:11 +0000] "GET /2fa/verify HTTP/1.1" 404 - "-" "curl/8.7.1"
185.177.72.17 - - [22/Jul/2026:06:58:12 +0000] "GET /mfa HTTP/1.1" 404 - "-" "curl/8.7.1"
185.177.72.17 - - [22/Jul/2026:06:58:14 +0000] "GET /totp HTTP/1.1" 404 - "-" "curl/8.7.1"
185.177.72.17 - - [22/Jul/2026:06:58:16 +0000] "GET /otp HTTP/1.1" 404 - "-" "curl/8.7.1"
185.177.72.17 - - [22/Jul/2026:06:58:18 +0000] "GET /verify HTTP/1.1" 404 - "-" "curl/8.7.1"
185.177.72.17 - - [22/Jul/2026:06:58:20 +0000] "GET /verify-email HTTP/1.1" 404 - "-" "curl/8.7.1"
185.177.72.17 - - [22/Jul/2026:06:58:21 +0000] "GET /verify-phone HTTP/1.1" 404 - "-" "curl/8.7.1"
185.177.72.17 - - [22/Jul/2026:06:58:23 +0000] "GET /confirm HTTP/1.1" 404 - "-" "curl/8.7.1"
185.177.72.17 - - [22/Jul/2026:06:58:25 +0000] "GET /confirm-email HTTP/1.1" 404 - "-" "curl/8.7.1"
185.177.72.17 - - [22/Jul/2026:06:58:27 +0000] "GET /confirmation HTTP/1.1" 404 - "-" "curl/8.7.1"
185.177.72.17 - - [22/Jul/2026:06:58:29 +0000] "GET /activation HTTP/1.1" 404 - "-" "curl/8.7.1"
185.177.72.17 - - [22/Jul/2026:06:58:30 +0000] "GET /activate HTTP/1.1" 404 - "-" "curl/8.7.1"
185.177.72.17 - - [22/Jul/2026:06:58:32 +0000] "GET /email-verification HTTP/1.1" 404 - "-" "curl/8.7.1"
185.177.72.17 - - [22/Jul/2026:06:58:33 +0000] "GET /token HTTP/1.1" 404 - "-" "curl/8.7.1"
185.177.72.17 - - [22/Jul/2026:06:58:35 +0000] "GET /tokens HTTP/1.1" 404 - "-" "curl/8.7.1"
185.177.72.17 - - [22/Jul/2026:06:58:37 +0000] "GET /session HTTP/1.1" 404 - "-" "curl/8.7.1"
185.177.72.17 - - [22/Jul/2026:06:58:38 +0000] "GET /sessions HTTP/1.1" 404 - "-" "curl/8.7.1"
185.177.72.17 - - [22/Jul/2026:06:58:40 +0000] "GET /logout HTTP/1.1" 404 - "-" "curl/8.7.1"
185.177.72.17 - - [22/Jul/2026:06:58:42 +0000] "GET /signout HTTP/1.1" 404 - "-" "curl/8.7.1"
185.177.72.17 - - [22/Jul/2026:06:58:43 +0000] "GET /sign-out HTTP/1.1" 404 - "-" "curl/8.7.1"
185.177.72.17 - - [22/Jul/2026:06:58:45 +0000] "GET /sign_out HTTP/1.1" 404 - "-" "curl/8.7.1"
185.177.72.17 - - [22/Jul/2026:06:58:46 +0000] "GET /exit HTTP/1.1" 404 - "-" "curl/8.7.1"
185.177.72.17 - - [22/Jul/2026:06:58:48 +0000] "GET /api HTTP/1.1" 404 - "-" "curl/8.7.1"
185.177.72.17 - - [22/Jul/2026:06:58:50 +0000] "GET /api/ HTTP/1.1" 404 - "-" "curl/8.7.1"
185.177.72.17 - - [22/Jul/2026:06:58:52 +0000] "GET /api/v1 HTTP/1.1" 404 - "-" "curl/8.7.1"
185.177.72.17 - - [22/Jul/2026:06:58:54 +0000] "GET /api/v1/ HTTP/1.1" 404 - "-" "curl/8.7.1"
185.177.72.17 - - [22/Jul/2026:06:58:56 +0000] "GET /api/v2 HTTP/1.1" 404 - "-" "curl/8.7.1"
185.177.72.17 - - [22/Jul/2026:06:58:58 +0000] "GET /api/v2/ HTTP/1.1" 404 - "-" "curl/8.7.1"
185.177.72.17 - - [22/Jul/2026:06:59:01 +0000] "GET /api/v3 HTTP/1.1" 404 - "-" "curl/8.7.1"
185.177.72.17 - - [22/Jul/2026:06:59:03 +0000] "GET /api/v3/ HTTP/1.1" 404 - "-" "curl/8.7.1"
185.177.72.17 - - [22/Jul/2026:06:59:04 +0000] "GET /api/v4 HTTP/1.1" 404 - "-" "curl/8.7.1"
198.177.124.148 - - [22/Jul/2026:06:59:08 +0000] "POST /wp-cron.php?doing_wp_cron=1784703548.7487170696258544921875 HTTP/1.1" 200 - "-" "WordPress/7.0.2; https://godshandglobal.shop"
185.177.72.17 - - [22/Jul/2026:06:59:06 +0000] "GET /api/latest HTTP/1.1" 404 - "-" "curl/8.7.1"
185.177.72.17 - - [22/Jul/2026:06:59:08 +0000] "GET /api/current HTTP/1.1" 404 - "-" "curl/8.7.1"
185.177.72.17 - - [22/Jul/2026:06:59:11 +0000] "GET /api/stable HTTP/1.1" 404 - "-" "curl/8.7.1"
185.177.72.17 - - [22/Jul/2026:06:59:13 +0000] "GET /api/beta HTTP/1.1" 404 - "-" "curl/8.7.1"
185.177.72.17 - - [22/Jul/2026:06:59:15 +0000] "GET /api/alpha HTTP/1.1" 404 - "-" "curl/8.7.1"
185.177.72.17 - - [22/Jul/2026:06:59:17 +0000] "GET /api/internal HTTP/1.1" 404 - "-" "curl/8.7.1"
185.177.72.17 - - [22/Jul/2026:06:59:19 +0000] "GET /api/private HTTP/1.1" 404 - "-" "curl/8.7.1"
185.177.72.17 - - [22/Jul/2026:06:59:20 +0000] "GET /api/public HTTP/1.1" 404 - "-" "curl/8.7.1"
185.177.72.17 - - [22/Jul/2026:06:59:22 +0000] "GET /api/external HTTP/1.1" 404 - "-" "curl/8.7.1"
185.177.72.17 - - [22/Jul/2026:06:59:23 +0000] "GET /api/docs HTTP/1.1" 404 - "-" "curl/8.7.1"
185.177.72.17 - - [22/Jul/2026:06:59:25 +0000] "GET /api/doc HTTP/1.1" 404 - "-" "curl/8.7.1"
185.177.72.17 - - [22/Jul/2026:06:59:27 +0000] "GET /api/documentation HTTP/1.1" 404 - "-" "curl/8.7.1"
185.177.72.17 - - [22/Jul/2026:06:59:28 +0000] "GET /api/swagger HTTP/1.1" 404 - "-" "curl/8.7.1"
185.177.72.17 - - [22/Jul/2026:06:59:30 +0000] "GET /api/swagger.json HTTP/1.1" 404 - "-" "curl/8.7.1"
66.249.77.76 - - [22/Jul/2026:06:59:33 +0000] "GET /ammika.php?sitemap378.xml HTTP/1.1" 200 536154 "-" "Mozilla/5.0 (compatible; Googlebot/2.1; +http://www.google.com/bot.html)"
185.177.72.17 - - [22/Jul/2026:06:59:32 +0000] "GET /api/swagger.yaml HTTP/1.1" 404 - "-" "curl/8.7.1"
185.177.72.17 - - [22/Jul/2026:06:59:35 +0000] "GET /api/swagger/ui HTTP/1.1" 404 - "-" "curl/8.7.1"
185.177.72.17 - - [22/Jul/2026:06:59:37 +0000] "GET /api/openapi HTTP/1.1" 404 - "-" "curl/8.7.1"
185.177.72.17 - - [22/Jul/2026:06:59:40 +0000] "GET /api/openapi.json HTTP/1.1" 404 - "-" "curl/8.7.1"
185.177.72.17 - - [22/Jul/2026:06:59:42 +0000] "GET /api/openapi.yaml HTTP/1.1" 404 - "-" "curl/8.7.1"
185.177.72.17 - - [22/Jul/2026:06:59:44 +0000] "GET /api/spec HTTP/1.1" 404 - "-" "curl/8.7.1"
185.177.72.17 - - [22/Jul/2026:06:59:47 +0000] "GET /api/schema HTTP/1.1" 404 - "-" "curl/8.7.1"
185.177.72.17 - - [22/Jul/2026:06:59:49 +0000] "GET /api/graphql HTTP/1.1" 404 - "-" "curl/8.7.1"
185.177.72.17 - - [22/Jul/2026:06:59:51 +0000] "GET /api/graphiql HTTP/1.1" 404 - "-" "curl/8.7.1"
185.177.72.17 - - [22/Jul/2026:06:59:54 +0000] "GET /api/explorer HTTP/1.1" 404 - "-" "curl/8.7.1"
185.177.72.17 - - [22/Jul/2026:06:59:56 +0000] "GET /api/console HTTP/1.1" 404 - "-" "curl/8.7.1"
185.177.72.17 - - [22/Jul/2026:06:59:57 +0000] "GET /api/playground HTTP/1.1" 404 - "-" "curl/8.7.1"
185.177.72.17 - - [22/Jul/2026:06:59:58 +0000] "GET /api/health HTTP/1.1" 404 - "-" "curl/8.7.1"
185.177.72.17 - - [22/Jul/2026:07:00:01 +0000] "GET /api/healthcheck HTTP/1.1" 404 - "-" "curl/8.7.1"
198.177.124.148 - - [22/Jul/2026:07:00:08 +0000] "POST /wp-cron.php?doing_wp_cron=1784703608.5439169406890869140625 HTTP/1.1" 200 - "-" "WordPress/7.0.2; https://godshandglobal.shop"
185.177.72.17 - - [22/Jul/2026:07:00:05 +0000] "GET /api/health-check HTTP/1.1" 404 - "-" "curl/8.7.1"
185.177.72.17 - - [22/Jul/2026:07:00:08 +0000] "GET /api/status HTTP/1.1" 404 - "-" "curl/8.7.1"
185.177.72.17 - - [22/Jul/2026:07:00:12 +0000] "GET /api/info HTTP/1.1" 404 - "-" "curl/8.7.1"
185.177.72.17 - - [22/Jul/2026:07:00:14 +0000] "GET /api/version HTTP/1.1" 404 - "-" "curl/8.7.1"
185.177.72.17 - - [22/Jul/2026:07:00:18 +0000] "GET /api/ping HTTP/1.1" 404 - "-" "curl/8.7.1"
185.177.72.17 - - [22/Jul/2026:07:00:19 +0000] "GET /api/config HTTP/1.1" 404 - "-" "curl/8.7.1"
185.177.72.17 - - [22/Jul/2026:07:00:21 +0000] "GET /api/configuration HTTP/1.1" 404 - "-" "curl/8.7.1"
185.177.72.17 - - [22/Jul/2026:07:00:23 +0000] "GET /api/settings HTTP/1.1" 404 - "-" "curl/8.7.1"
185.177.72.17 - - [22/Jul/2026:07:00:25 +0000] "GET /api/env HTTP/1.1" 404 - "-" "curl/8.7.1"
185.177.72.17 - - [22/Jul/2026:07:00:27 +0000] "GET /api/environment HTTP/1.1" 404 - "-" "curl/8.7.1"
185.177.72.17 - - [22/Jul/2026:07:00:30 +0000] "GET /api/debug HTTP/1.1" 404 - "-" "curl/8.7.1"
185.177.72.17 - - [22/Jul/2026:07:00:32 +0000] "GET /api/test HTTP/1.1" 404 - "-" "curl/8.7.1"
185.177.72.17 - - [22/Jul/2026:07:00:34 +0000] "GET /api/echo HTTP/1.1" 404 - "-" "curl/8.7.1"
185.177.72.17 - - [22/Jul/2026:07:00:36 +0000] "GET /api/whoami HTTP/1.1" 404 - "-" "curl/8.7.1"
185.177.72.17 - - [22/Jul/2026:07:00:38 +0000] "GET /api/me HTTP/1.1" 404 - "-" "curl/8.7.1"
185.177.72.17 - - [22/Jul/2026:07:00:40 +0000] "GET /api/self HTTP/1.1" 404 - "-" "curl/8.7.1"
185.177.72.17 - - [22/Jul/2026:07:00:41 +0000] "GET /api/user HTTP/1.1" 404 - "-" "curl/8.7.1"
185.177.72.17 - - [22/Jul/2026:07:00:43 +0000] "GET /api/users HTTP/1.1" 404 - "-" "curl/8.7.1"
185.177.72.17 - - [22/Jul/2026:07:00:45 +0000] "GET /api/users/1 HTTP/1.1" 404 - "-" "curl/8.7.1"
185.177.72.17 - - [22/Jul/2026:07:00:46 +0000] "GET /api/users/admin HTTP/1.1" 404 - "-" "curl/8.7.1"
185.177.72.17 - - [22/Jul/2026:07:00:48 +0000] "GET /api/profile HTTP/1.1" 404 - "-" "curl/8.7.1"
185.177.72.17 - - [22/Jul/2026:07:00:49 +0000] "GET /api/profiles HTTP/1.1" 404 - "-" "curl/8.7.1"
185.177.72.17 - - [22/Jul/2026:07:00:51 +0000] "GET /api/account HTTP/1.1" 404 - "-" "curl/8.7.1"
185.177.72.17 - - [22/Jul/2026:07:00:52 +0000] "GET /api/accounts HTTP/1.1" 404 - "-" "curl/8.7.1"
185.177.72.17 - - [22/Jul/2026:07:00:54 +0000] "GET /api/admin HTTP/1.1" 404 - "-" "curl/8.7.1"
185.177.72.17 - - [22/Jul/2026:07:00:56 +0000] "GET /api/admin/users HTTP/1.1" 404 - "-" "curl/8.7.1"
185.177.72.17 - - [22/Jul/2026:07:00:57 +0000] "GET /api/admin/settings HTTP/1.1" 404 - "-" "curl/8.7.1"
185.177.72.17 - - [22/Jul/2026:07:00:59 +0000] "GET /api/admin/config HTTP/1.1" 404 - "-" "curl/8.7.1"
185.177.72.17 - - [22/Jul/2026:07:01:02 +0000] "GET /api/auth HTTP/1.1" 404 - "-" "curl/8.7.1"
198.177.124.148 - - [22/Jul/2026:07:01:07 +0000] "POST /wp-cron.php?doing_wp_cron=1784703667.5595090389251708984375 HTTP/1.1" 200 - "-" "WordPress/7.0.2; https://godshandglobal.shop"
185.177.72.17 - - [22/Jul/2026:07:01:05 +0000] "GET /api/auth/login HTTP/1.1" 404 - "-" "curl/8.7.1"
185.177.72.17 - - [22/Jul/2026:07:01:07 +0000] "GET /api/auth/register HTTP/1.1" 404 - "-" "curl/8.7.1"
185.177.72.17 - - [22/Jul/2026:07:01:09 +0000] "GET /api/auth/token HTTP/1.1" 404 - "-" "curl/8.7.1"
185.177.72.17 - - [22/Jul/2026:07:01:12 +0000] "GET /api/auth/refresh HTTP/1.1" 404 - "-" "curl/8.7.1"
185.177.72.17 - - [22/Jul/2026:07:01:14 +0000] "GET /api/auth/verify HTTP/1.1" 404 - "-" "curl/8.7.1"
185.177.72.17 - - [22/Jul/2026:07:01:15 +0000] "GET /api/login HTTP/1.1" 404 - "-" "curl/8.7.1"
185.177.72.17 - - [22/Jul/2026:07:01:18 +0000] "GET /api/register HTTP/1.1" 404 - "-" "curl/8.7.1"
185.177.72.17 - - [22/Jul/2026:07:01:20 +0000] "GET /api/signup HTTP/1.1" 404 - "-" "curl/8.7.1"
198.177.124.148 - - [22/Jul/2026:07:02:11 +0000] "POST /wp-cron.php?doing_wp_cron=1784703731.4296870231628417968750 HTTP/1.1" 200 - "-" "WordPress/7.0.2; https://godshandglobal.shop"
185.177.72.17 - - [22/Jul/2026:07:01:32 +0000] "GET /api/token HTTP/1.1" 404 - "-" "curl/8.7.1"
185.177.72.17 - - [22/Jul/2026:07:01:22 +0000] "GET /api/token HTTP/1.1" 404 - "-" "curl/8.7.1"
198.177.124.148 - - [22/Jul/2026:07:02:34 +0000] "GET /.well-known/acme-challenge/ACV3OYUTMRLUBANKVYZBB_-NT__O7C9R HTTP/1.1" 200 64 "-" "Cpanel-HTTP-Client/1.0"
198.177.124.148 - - [22/Jul/2026:07:02:35 +0000] "GET /.well-known/acme-challenge/4EG42DUAO3ZQ5T0I82KA1KB4G54UC1E7 HTTP/1.1" 200 64 "-" "Cpanel-HTTP-Client/1.0"
66.249.77.75 - - [22/Jul/2026:07:04:57 +0000] "GET /saiga.php?sitemap403.xml HTTP/1.1" 200 586266 "-" "Mozilla/5.0 (compatible; Googlebot/2.1; +http://www.google.com/bot.html)"
198.177.124.148 - - [22/Jul/2026:07:10:31 +0000] "POST /wp-cron.php?doing_wp_cron=1784704231.3923759460449218750000 HTTP/1.1" 200 - "-" "WordPress/7.0.2; https://godshandglobal.shop"
172.70.243.138 - - [22/Jul/2026:07:10:29 +0000] "GET /wp-admin/install.php?step=1 HTTP/1.1" 404 - "-" "http://godshandglobal.shop/wp-admin/install.php?step=1"
198.177.124.148 - - [22/Jul/2026:07:14:49 +0000] "POST /wp-cron.php?doing_wp_cron=1784704489.6953990459442138671875 HTTP/1.1" 200 - "-" "WordPress/7.0.2; https://godshandglobal.shop"
172.71.164.230 - - [22/Jul/2026:07:14:45 +0000] "GET /wp-admin/install.php?step=1 HTTP/1.1" 404 - "-" "http://godshandglobal.shop/wp-admin/install.php?step=1"
198.177.124.148 - - [22/Jul/2026:07:30:11 +0000] "POST /wp-cron.php?doing_wp_cron=1784705411.3980979919433593750000 HTTP/1.1" 200 - "-" "WordPress/7.0.2; https://godshandglobal.shop"
205.169.39.26 - - [22/Jul/2026:07:30:07 +0000] "GET / HTTP/1.1" 200 - "-" "Mozilla/5.0 (Windows NT 10.0; Win64; x64) AppleWebKit/537.36 (KHTML, like Gecko) Chrome/117.0.5938.132 Safari/537.36"
205.169.39.26 - - [22/Jul/2026:07:30:11 +0000] "GET /favicon.ico HTTP/1.1" 302 - "http://godshandglobal.shop/" "Mozilla/5.0 (Windows NT 10.0; Win64; x64) AppleWebKit/537.36 (KHTML, like Gecko) Chrome/117.0.5938.132 Safari/537.36"
205.169.39.26 - - [22/Jul/2026:07:30:15 +0000] "GET /wp-includes/images/w-logo-blue-white-bg.png HTTP/1.1" 200 4119 "http://godshandglobal.shop/" "Mozilla/5.0 (Windows NT 10.0; Win64; x64) AppleWebKit/537.36 (KHTML, like Gecko) Chrome/117.0.5938.132 Safari/537.36"
198.177.124.148 - - [22/Jul/2026:07:35:50 +0000] "POST /wp-cron.php?doing_wp_cron=1784705750.5975348949432373046875 HTTP/1.1" 200 - "-" "WordPress/7.0.2; https://godshandglobal.shop"
162.158.183.79 - - [22/Jul/2026:07:35:47 +0000] "GET /wp-admin/install.php?step=1 HTTP/1.1" 404 - "-" "http://godshandglobal.shop/wp-admin/install.php?step=1"
66.249.77.75 - - [22/Jul/2026:07:53:41 +0000] "GET /saiga.php?sitemap663.xml HTTP/1.1" 403 533195 "-" "Mozilla/5.0 (compatible; Googlebot/2.1; +http://www.google.com/bot.html)"
66.249.77.75 - - [22/Jul/2026:07:57:27 +0000] "GET /saiga.php?sitemap807.xml HTTP/1.1" 403 533160 "-" "Mozilla/5.0 (compatible; Googlebot/2.1; +http://www.google.com/bot.html)"
198.177.124.148 - - [22/Jul/2026:08:00:06 +0000] "POST /wp-cron.php?doing_wp_cron=1784707206.1705720424652099609375 HTTP/1.1" 200 - "-" "WordPress/7.0.2; https://godshandglobal.shop"
172.71.172.153 - - [22/Jul/2026:07:59:59 +0000] "GET /wp-admin/install.php?step=1 HTTP/1.1" 404 - "-" "http://godshandglobal.shop/wp-admin/install.php?step=1"
104.23.223.101 - - [22/Jul/2026:08:00:29 +0000] "GET /wp-admin/install.php?step=1 HTTP/1.1" 404 - "-" "http://godshandglobal.shop/wp-admin/install.php?step=1"
205.169.39.47 - - [22/Jul/2026:08:02:12 +0000] "GET / HTTP/1.1" 200 - "-" "Mozilla/5.0 (Windows NT 10.0; Win64; x64) AppleWebKit/537.36 (KHTML, like Gecko) Chrome/117.0.5938.132 Safari/537.36"
205.169.39.47 - - [22/Jul/2026:08:02:16 +0000] "GET /favicon.ico HTTP/1.1" 302 - "http://godshandglobal.shop/" "Mozilla/5.0 (Windows NT 10.0; Win64; x64) AppleWebKit/537.36 (KHTML, like Gecko) Chrome/117.0.5938.132 Safari/537.36"
205.169.39.47 - - [22/Jul/2026:08:02:19 +0000] "GET /wp-includes/images/w-logo-blue-white-bg.png HTTP/1.1" 200 4119 "http://godshandglobal.shop/" "Mozilla/5.0 (Windows NT 10.0; Win64; x64) AppleWebKit/537.36 (KHTML, like Gecko) Chrome/117.0.5938.132 Safari/537.36"
198.177.124.148 - - [22/Jul/2026:08:11:17 +0000] "POST /wp-cron.php?doing_wp_cron=1784707877.4678299427032470703125 HTTP/1.1" 200 - "-" "WordPress/7.0.2; https://godshandglobal.shop"
172.70.248.24 - - [22/Jul/2026:08:11:12 +0000] "GET /wp-admin/install.php?step=1 HTTP/1.1" 404 - "-" "http://godshandglobal.shop/wp-admin/install.php?step=1"
66.249.77.75 - - [22/Jul/2026:08:16:29 +0000] "GET /saiga.php?sitemap831.xml HTTP/1.1" 403 533173 "-" "Mozilla/5.0 (compatible; Googlebot/2.1; +http://www.google.com/bot.html)"
66.249.77.75 - - [22/Jul/2026:08:23:05 +0000] "GET /saiga.php?sitemap435.xml HTTP/1.1" 403 533143 "-" "Mozilla/5.0 (compatible; Googlebot/2.1; +http://www.google.com/bot.html)"
198.177.124.148 - - [22/Jul/2026:08:29:53 +0000] "POST /wp-cron.php?doing_wp_cron=1784708993.5374810695648193359375 HTTP/1.1" 200 - "-" "WordPress/7.0.2; https://godshandglobal.shop"
104.23.217.24 - - [22/Jul/2026:08:29:50 +0000] "GET /wp-admin/install.php?step=1 HTTP/1.1" 404 - "-" "http://godshandglobal.shop/wp-admin/install.php?step=1"
102.88.108.12 - - [22/Jul/2026:08:37:32 +0000] "GET /wp-admin/ HTTP/1.1" 302 - "-" "Mozilla/5.0 (Windows NT 10.0; Win64; x64) AppleWebKit/537.36 (KHTML, like Gecko) Chrome/150.0.0.0 Safari/537.36"
102.88.108.12 - - [22/Jul/2026:08:37:43 +0000] "GET /wp-admin/ HTTP/1.1" 302 - "-" "Mozilla/5.0 (Windows NT 10.0; Win64; x64) AppleWebKit/537.36 (KHTML, like Gecko) Chrome/150.0.0.0 Safari/537.36"
102.88.108.12 - - [22/Jul/2026:08:37:44 +0000] "GET /wp-admin/ HTTP/1.1" 302 - "-" "Mozilla/5.0 (Windows NT 10.0; Win64; x64) AppleWebKit/537.36 (KHTML, like Gecko) Chrome/150.0.0.0 Safari/537.36"
102.88.108.12 - - [22/Jul/2026:08:37:58 +0000] "GET / HTTP/1.1" 200 - "-" "Mozilla/5.0 (Windows NT 10.0; Win64; x64) AppleWebKit/537.36 (KHTML, like Gecko) Chrome/150.0.0.0 Safari/537.36"
66.249.77.76 - - [22/Jul/2026:08:38:49 +0000] "GET /ammika.php?sitemap654.xml HTTP/1.1" 403 536112 "-" "Mozilla/5.0 (compatible; Googlebot/2.1; +http://www.google.com/bot.html)"
66.249.77.75 - - [22/Jul/2026:08:44:04 +0000] "GET /ammika.php?m=9623844443 HTTP/1.1" 403 197602 "-" "Mozilla/5.0 (compatible; Googlebot/2.1; +http://www.google.com/bot.html)"
66.249.77.76 - - [22/Jul/2026:08:44:26 +0000] "GET /saiga.php?sitemap583.xml HTTP/1.1" 403 533158 "-" "Mozilla/5.0 (compatible; Googlebot/2.1; +http://www.google.com/bot.html)"
198.177.124.148 - - [22/Jul/2026:08:55:55 +0000] "POST /wp-cron.php?doing_wp_cron=1784710555.4900500774383544921875 HTTP/1.1" 200 - "-" "WordPress/7.0.2; https://godshandglobal.shop"
104.23.168.111 - - [22/Jul/2026:08:55:53 +0000] "GET /wp-admin/install.php?step=1 HTTP/1.1" 404 - "-" "http://godshandglobal.shop/wp-admin/install.php?step=1"
198.177.124.148 - - [22/Jul/2026:09:01:14 +0000] "POST /wp-cron.php?doing_wp_cron=1784710874.8144750595092773437500 HTTP/1.1" 200 - "-" "WordPress/7.0.2; https://godshandglobal.shop"
104.23.223.100 - - [22/Jul/2026:09:01:11 +0000] "GET /wp-admin/install.php?step=1 HTTP/1.1" 404 - "-" "http://godshandglobal.shop/wp-admin/install.php?step=1"
66.249.77.77 - - [22/Jul/2026:09:02:23 +0000] "GET /ammika.php?sitemap226.xml HTTP/1.1" 403 536171 "-" "Mozilla/5.0 (compatible; Googlebot/2.1; +http://www.google.com/bot.html)"
66.249.77.77 - - [22/Jul/2026:09:06:22 +0000] "GET /saiga.php?sitemap606.xml HTTP/1.1" 403 533186 "-" "Mozilla/5.0 (compatible; Googlebot/2.1; +http://www.google.com/bot.html)"
198.177.124.148 - - [22/Jul/2026:09:06:36 +0000] "POST /wp-cron.php?doing_wp_cron=1784711196.7778549194335937500000 HTTP/1.1" 200 - "-" "WordPress/7.0.2; https://godshandglobal.shop"
104.23.223.101 - - [22/Jul/2026:09:06:34 +0000] "GET /wp-admin/install.php?step=1 HTTP/1.1" 404 - "-" "http://godshandglobal.shop/wp-admin/install.php?step=1"
66.249.77.75 - - [22/Jul/2026:09:10:49 +0000] "GET /saiga.php?sitemap729.xml HTTP/1.1" 403 533173 "-" "Mozilla/5.0 (compatible; Googlebot/2.1; +http://www.google.com/bot.html)"
198.177.124.148 - - [22/Jul/2026:09:21:28 +0000] "POST /wp-cron.php?doing_wp_cron=1784712088.8258030414581298828125 HTTP/1.1" 200 - "-" "WordPress/7.0.2; https://godshandglobal.shop"
104.23.221.106 - - [22/Jul/2026:09:21:26 +0000] "GET /wp-admin/install.php?step=1 HTTP/1.1" 404 - "-" "http://godshandglobal.shop/wp-admin/install.php?step=1"
66.249.77.76 - - [22/Jul/2026:09:31:59 +0000] "GET /saiga.php?sitemap486.xml HTTP/1.1" 403 533191 "-" "Mozilla/5.0 (compatible; Googlebot/2.1; +http://www.google.com/bot.html)"
198.177.124.148 - - [22/Jul/2026:09:33:05 +0000] "POST /wp-cron.php?doing_wp_cron=1784712785.0958170890808105468750 HTTP/1.1" 200 - "-" "WordPress/7.0.2; https://godshandglobal.shop"
101.32.208.70 - - [22/Jul/2026:09:33:02 +0000] "GET / HTTP/1.1" 200 - "-" "Mozilla/5.0 (iPhone; CPU iPhone OS 13_2_3 like Mac OS X) AppleWebKit/605.1.15 (KHTML, like Gecko) Version/13.0.3 Mobile/15E148 Safari/604.1"
198.177.124.148 - - [22/Jul/2026:09:38:08 +0000] "POST /wp-cron.php?doing_wp_cron=1784713088.0012919902801513671875 HTTP/1.1" 200 - "-" "WordPress/7.0.2; https://godshandglobal.shop"
172.70.243.137 - - [22/Jul/2026:09:38:06 +0000] "GET /wp-admin/install.php?step=1 HTTP/1.1" 404 - "-" "http://godshandglobal.shop/wp-admin/install.php?step=1"
66.249.77.77 - - [22/Jul/2026:09:44:38 +0000] "GET /saiga.php?sitemap778.xml HTTP/1.1" 403 533174 "-" "Mozilla/5.0 (compatible; Googlebot/2.1; +http://www.google.com/bot.html)"
66.249.77.77 - - [22/Jul/2026:09:51:38 +0000] "GET /saiga.php?sitemap753.xml HTTP/1.1" 403 533175 "-" "Mozilla/5.0 (compatible; Googlebot/2.1; +http://www.google.com/bot.html)"
66.249.77.76 - - [22/Jul/2026:09:54:08 +0000] "GET /saiga.php?sitemap1.xml HTTP/1.1" 403 533167 "-" "Mozilla/5.0 (compatible; Googlebot/2.1; +http://www.google.com/bot.html)"
198.177.124.148 - - [22/Jul/2026:10:02:35 +0000] "GET /.well-known/acme-challenge/VUUGCK9IEDZR4HQPU5RXWT1KG_H4AI5C HTTP/1.1" 200 64 "-" "Cpanel-HTTP-Client/1.0"
198.177.124.148 - - [22/Jul/2026:10:02:35 +0000] "GET /.well-known/acme-challenge/_GX37XJXY7K50MBQVDQGKJFNYJNT0TSB HTTP/1.1" 200 64 "-" "Cpanel-HTTP-Client/1.0"
198.177.124.148 - - [22/Jul/2026:10:03:26 +0000] "POST /wp-cron.php?doing_wp_cron=1784714606.5629460811614990234375 HTTP/1.1" 200 - "-" "WordPress/7.0.2; https://godshandglobal.shop"
172.70.250.230 - - [22/Jul/2026:10:03:24 +0000] "GET /wp-admin/install.php?step=1 HTTP/1.1" 404 - "-" "http://godshandglobal.shop/wp-admin/install.php?step=1"
66.249.77.77 - - [22/Jul/2026:10:06:18 +0000] "GET /saiga.php?sitemap873.xml HTTP/1.1" 403 533127 "-" "Mozilla/5.0 (compatible; Googlebot/2.1; +http://www.google.com/bot.html)"
198.177.124.148 - - [22/Jul/2026:10:10:09 +0000] "POST /wp-cron.php?doing_wp_cron=1784715009.1585919857025146484375 HTTP/1.1" 200 - "-" "WordPress/7.0.2; https://godshandglobal.shop"
43.159.148.221 - - [22/Jul/2026:10:10:07 +0000] "GET / HTTP/1.1" 200 - "-" "Mozilla/5.0 (iPhone; CPU iPhone OS 13_2_3 like Mac OS X) AppleWebKit/605.1.15 (KHTML, like Gecko) Version/13.0.3 Mobile/15E148 Safari/604.1"
66.249.77.76 - - [22/Jul/2026:10:12:41 +0000] "GET /ammika.php?e=83256205879 HTTP/1.1" 403 196930 "-" "Mozilla/5.0 (compatible; Googlebot/2.1; +http://www.google.com/bot.html)"
198.177.124.148 - - [22/Jul/2026:10:22:30 +0000] "POST /wp-cron.php?doing_wp_cron=1784715750.8276801109313964843750 HTTP/1.1" 200 - "-" "WordPress/7.0.2; https://godshandglobal.shop"
104.23.170.56 - - [22/Jul/2026:10:22:29 +0000] "GET /wp-admin/install.php?step=1 HTTP/1.1" 404 - "-" "http://godshandglobal.shop/wp-admin/install.php?step=1"
66.249.77.75 - - [22/Jul/2026:10:27:10 +0000] "GET /ammika.php?sitemap269.xml HTTP/1.1" 403 536167 "-" "Mozilla/5.0 (compatible; Googlebot/2.1; +http://www.google.com/bot.html)"
66.249.77.75 - - [22/Jul/2026:10:29:39 +0000] "GET /saiga.php?sitemap738.xml HTTP/1.1" 403 533155 "-" "Mozilla/5.0 (compatible; Googlebot/2.1; +http://www.google.com/bot.html)"
66.249.77.75 - - [22/Jul/2026:10:30:48 +0000] "GET /saiga.php?sitemap687.xml HTTP/1.1" 403 533237 "-" "Mozilla/5.0 (compatible; Googlebot/2.1; +http://www.google.com/bot.html)"
198.177.124.148 - - [22/Jul/2026:10:39:39 +0000] "POST /wp-cron.php?doing_wp_cron=1784716779.2953600883483886718750 HTTP/1.1" 200 - "-" "WordPress/7.0.2; https://godshandglobal.shop"
172.71.172.153 - - [22/Jul/2026:10:39:37 +0000] "GET /wp-admin/install.php?step=1 HTTP/1.1" 404 - "-" "http://godshandglobal.shop/wp-admin/install.php?step=1"
198.177.124.148 - - [22/Jul/2026:10:42:25 +0000] "POST /wp-cron.php?doing_wp_cron=1784716945.6624870300292968750000 HTTP/1.1" 200 - "-" "WordPress/7.0.2; https://godshandglobal.shop"
162.158.95.7 - - [22/Jul/2026:10:42:24 +0000] "GET /wp-admin/install.php?step=1 HTTP/1.1" 404 - "-" "http://godshandglobal.shop/wp-admin/install.php?step=1"
66.249.77.75 - - [22/Jul/2026:10:42:46 +0000] "GET /saiga.php?sitemap744.xml HTTP/1.1" 403 533177 "-" "Mozilla/5.0 (compatible; Googlebot/2.1; +http://www.google.com/bot.html)"
66.249.77.75 - - [22/Jul/2026:10:59:26 +0000] "GET /saiga.php?sitemap572.xml HTTP/1.1" 403 533162 "-" "Mozilla/5.0 (compatible; Googlebot/2.1; +http://www.google.com/bot.html)"
198.177.124.148 - - [22/Jul/2026:11:00:02 +0000] "POST /wp-cron.php?doing_wp_cron=1784718002.8433198928833007812500 HTTP/1.1" 200 - "-" "WordPress/7.0.2; https://godshandglobal.shop"
162.158.183.80 - - [22/Jul/2026:10:59:59 +0000] "GET /wp-admin/install.php?step=1 HTTP/1.1" 404 - "-" "http://godshandglobal.shop/wp-admin/install.php?step=1"
66.249.77.76 - - [22/Jul/2026:11:03:34 +0000] "GET /ammika.php?sitemap658.xml HTTP/1.1" 403 536165 "-" "Mozilla/5.0 (compatible; Googlebot/2.1; +http://www.google.com/bot.html)"
198.177.124.148 - - [22/Jul/2026:11:09:34 +0000] "POST /wp-cron.php?doing_wp_cron=1784718574.0189640522003173828125 HTTP/1.1" 200 - "-" "WordPress/7.0.2; https://godshandglobal.shop"
172.70.162.82 - - [22/Jul/2026:11:09:30 +0000] "GET /wp-admin/install.php?step=1 HTTP/1.1" 404 - "-" "http://godshandglobal.shop/wp-admin/install.php?step=1"
198.177.124.148 - - [22/Jul/2026:11:11:12 +0000] "POST /wp-cron.php?doing_wp_cron=1784718672.3338220119476318359375 HTTP/1.1" 200 - "-" "WordPress/7.0.2; https://godshandglobal.shop"
122.51.236.174 - - [22/Jul/2026:11:11:09 +0000] "GET / HTTP/1.1" 200 - "-" "Mozilla/5.0 (iPhone; CPU iPhone OS 13_2_3 like Mac OS X) AppleWebKit/605.1.15 (KHTML, like Gecko) Version/13.0.3 Mobile/15E148 Safari/604.1"
66.249.77.77 - - [22/Jul/2026:11:15:55 +0000] "GET /saiga.php?unim/mdb187680dpocreengage.htm HTTP/1.1" 403 198910 "-" "Mozilla/5.0 (compatible; Googlebot/2.1; +http://www.google.com/bot.html)"
198.177.124.148 - - [22/Jul/2026:11:26:33 +0000] "POST /wp-cron.php?doing_wp_cron=1784719593.6627318859100341796875 HTTP/1.1" 200 - "-" "WordPress/7.0.2; https://godshandglobal.shop"
104.23.217.24 - - [22/Jul/2026:11:26:32 +0000] "GET /wp-admin/install.php?step=1 HTTP/1.1" 404 - "-" "http://godshandglobal.shop/wp-admin/install.php?step=1"
66.249.77.75 - - [22/Jul/2026:11:38:51 +0000] "GET /saiga.php?sitemap791.xml HTTP/1.1" 403 533135 "-" "Mozilla/5.0 (compatible; Googlebot/2.1; +http://www.google.com/bot.html)"
198.177.124.148 - - [22/Jul/2026:11:46:45 +0000] "POST /wp-cron.php?doing_wp_cron=1784720805.9540400505065917968750 HTTP/1.1" 200 - "-" "WordPress/7.0.2; https://godshandglobal.shop"
162.158.95.8 - - [22/Jul/2026:11:46:44 +0000] "GET /wp-admin/install.php?step=1 HTTP/1.1" 404 - "-" "http://godshandglobal.shop/wp-admin/install.php?step=1"
198.177.124.148 - - [22/Jul/2026:11:52:28 +0000] "POST /wp-cron.php?doing_wp_cron=1784721148.0165810585021972656250 HTTP/1.1" 200 - "-" "WordPress/7.0.2; https://godshandglobal.shop"
162.158.95.8 - - [22/Jul/2026:11:52:27 +0000] "GET /wp-admin/install.php?step=1 HTTP/1.1" 404 - "-" "http://godshandglobal.shop/wp-admin/install.php?step=1"
66.249.77.77 - - [22/Jul/2026:11:53:18 +0000] "GET /saiga.php?hyper/wpl274790paprinocoele.html HTTP/1.1" 403 199211 "-" "Mozilla/5.0 (compatible; Googlebot/2.1; +http://www.google.com/bot.html)"
66.249.77.75 - - [22/Jul/2026:11:58:40 +0000] "GET /ammika.php?n=38727178071 HTTP/1.1" 403 199437 "-" "Mozilla/5.0 (compatible; Googlebot/2.1; +http://www.google.com/bot.html)"
43.155.195.141 - - [22/Jul/2026:12:06:44 +0000] "GET / HTTP/1.1" 200 - "-" "Mozilla/5.0 (iPhone; CPU iPhone OS 13_2_3 like Mac OS X) AppleWebKit/605.1.15 (KHTML, like Gecko) Version/13.0.3 Mobile/15E148 Safari/604.1"
66.249.77.76 - - [22/Jul/2026:12:12:59 +0000] "GET /ammika.php?sitemap97.xml HTTP/1.1" 403 536191 "-" "Mozilla/5.0 (compatible; Googlebot/2.1; +http://www.google.com/bot.html)"
198.177.124.148 - - [22/Jul/2026:12:16:17 +0000] "POST /wp-cron.php?doing_wp_cron=1784722577.6723599433898925781250 HTTP/1.1" 200 - "-" "WordPress/7.0.2; https://godshandglobal.shop"
172.70.91.162 - - [22/Jul/2026:12:16:15 +0000] "GET /wp-admin/install.php?step=1 HTTP/1.1" 404 - "-" "http://godshandglobal.shop/wp-admin/install.php?step=1"
198.177.124.148 - - [22/Jul/2026:12:27:05 +0000] "POST /wp-cron.php?doing_wp_cron=1784723225.8929579257965087890625 HTTP/1.1" 200 - "-" "WordPress/7.0.2; https://godshandglobal.shop"
172.70.248.24 - - [22/Jul/2026:12:27:02 +0000] "GET /wp-admin/install.php?step=1 HTTP/1.1" 404 - "-" "http://godshandglobal.shop/wp-admin/install.php?step=1"
104.23.239.105 - - [22/Jul/2026:12:44:01 +0000] "GET /wp-admin/install.php?step=1 HTTP/1.1" 404 - "-" "http://godshandglobal.shop/wp-admin/install.php?step=1"
172.71.172.153 - - [22/Jul/2026:12:50:05 +0000] "GET /wp-admin/install.php?step=1 HTTP/1.1" 404 - "-" "http://godshandglobal.shop/wp-admin/install.php?step=1"
198.177.124.148 - - [22/Jul/2026:12:50:52 +0000] "POST /wp-cron.php?doing_wp_cron=1784724652.4641780853271484375000 HTTP/1.1" 200 - "-" "WordPress/7.0.2; https://godshandglobal.shop"
104.23.221.107 - - [22/Jul/2026:12:50:51 +0000] "GET /wp-admin/install.php?step=1 HTTP/1.1" 404 - "-" "http://godshandglobal.shop/wp-admin/install.php?step=1"
66.249.77.77 - - [22/Jul/2026:12:51:31 +0000] "GET /ammika.php?sitemap476.xml HTTP/1.1" 403 536150 "-" "Mozilla/5.0 (compatible; Googlebot/2.1; +http://www.google.com/bot.html)"
198.177.124.148 - - [22/Jul/2026:12:52:17 +0000] "POST /wp-cron.php?doing_wp_cron=1784724737.7118539810180664062500 HTTP/1.1" 200 - "-" "WordPress/7.0.2; https://godshandglobal.shop"
43.161.224.78 - - [22/Jul/2026:12:52:16 +0000] "GET / HTTP/1.1" 200 - "-" "Mozilla/5.0 (iPhone; CPU iPhone OS 13_2_3 like Mac OS X) AppleWebKit/605.1.15 (KHTML, like Gecko) Version/13.0.3 Mobile/15E148 Safari/604.1"
198.177.124.148 - - [22/Jul/2026:13:02:23 +0000] "GET /.well-known/acme-challenge/SC6HW6OQELY1UHP6-U91NAB7FB-Z9MU7 HTTP/1.1" 200 64 "-" "Cpanel-HTTP-Client/1.0"
198.177.124.148 - - [22/Jul/2026:13:02:24 +0000] "GET /.well-known/acme-challenge/84UEVQZRSUY0G06B5HDI83DJ-Q2Z-OZX HTTP/1.1" 200 64 "-" "Cpanel-HTTP-Client/1.0"
198.177.124.148 - - [22/Jul/2026:13:12:54 +0000] "POST /wp-cron.php?doing_wp_cron=1784725974.4830610752105712890625 HTTP/1.1" 200 - "-" "WordPress/7.0.2; https://godshandglobal.shop"
104.23.223.101 - - [22/Jul/2026:13:12:51 +0000] "GET /wp-admin/install.php?step=1 HTTP/1.1" 404 - "-" "http://godshandglobal.shop/wp-admin/install.php?step=1"
198.177.124.148 - - [22/Jul/2026:13:15:36 +0000] "POST /wp-cron.php?doing_wp_cron=1784726136.0630359649658203125000 HTTP/1.1" 200 - "-" "WordPress/7.0.2; https://godshandglobal.shop"
212.32.69.212 - - [22/Jul/2026:13:15:29 +0000] "GET / HTTP/1.1" 200 - "-" "Mozilla/5.0 (X11; Ubuntu; Linux x86_64; rv:126.0) Gecko/20100101 Firefox/126.0"
212.32.69.212 - - [22/Jul/2026:13:15:29 +0000] "GET / HTTP/1.1" 200 - "-" "Mozilla/5.0 (X11; Ubuntu; Linux x86_64; rv:126.0) Gecko/20100101 Firefox/126.0"
102.129.145.108 - - [22/Jul/2026:13:15:34 +0000] "GET / HTTP/1.1" 200 - "-" "Mozilla/5.0 (X11; Ubuntu; Linux x86_64; rv:126.0) Gecko/20100101 Firefox/126.0"
102.129.145.108 - - [22/Jul/2026:13:15:34 +0000] "GET / HTTP/1.1" 200 - "-" "Mozilla/5.0 (X11; Ubuntu; Linux x86_64; rv:126.0) Gecko/20100101 Firefox/126.0"
102.129.235.14 - - [22/Jul/2026:13:15:38 +0000] "GET / HTTP/1.1" 200 - "-" "Mozilla/5.0 (X11; Ubuntu; Linux x86_64; rv:126.0) Gecko/20100101 Firefox/126.0"
102.129.235.14 - - [22/Jul/2026:13:15:38 +0000] "GET / HTTP/1.1" 200 - "-" "Mozilla/5.0 (X11; Ubuntu; Linux x86_64; rv:126.0) Gecko/20100101 Firefox/126.0"
173.239.198.59 - - [22/Jul/2026:13:15:43 +0000] "GET / HTTP/1.1" 200 - "-" "Mozilla/5.0 (X11; Ubuntu; Linux x86_64; rv:126.0) Gecko/20100101 Firefox/126.0"
173.239.198.59 - - [22/Jul/2026:13:15:43 +0000] "GET / HTTP/1.1" 200 - "-" "Mozilla/5.0 (X11; Ubuntu; Linux x86_64; rv:126.0) Gecko/20100101 Firefox/126.0"
104.165.194.20 - - [22/Jul/2026:13:15:48 +0000] "GET / HTTP/1.1" 200 - "-" "Mozilla/5.0 (X11; Ubuntu; Linux x86_64; rv:126.0) Gecko/20100101 Firefox/126.0"
104.165.194.20 - - [22/Jul/2026:13:15:48 +0000] "GET / HTTP/1.1" 200 - "-" "Mozilla/5.0 (X11; Ubuntu; Linux x86_64; rv:126.0) Gecko/20100101 Firefox/126.0"
104.143.84.60 - - [22/Jul/2026:13:15:52 +0000] "GET / HTTP/1.1" 200 - "-" "Mozilla/5.0 (X11; Ubuntu; Linux x86_64; rv:126.0) Gecko/20100101 Firefox/126.0"
104.143.84.60 - - [22/Jul/2026:13:15:52 +0000] "GET / HTTP/1.1" 200 - "-" "Mozilla/5.0 (X11; Ubuntu; Linux x86_64; rv:126.0) Gecko/20100101 Firefox/126.0"
104.143.84.74 - - [22/Jul/2026:13:15:57 +0000] "GET / HTTP/1.1" 200 - "-" "Mozilla/5.0 (X11; Ubuntu; Linux x86_64; rv:126.0) Gecko/20100101 Firefox/126.0"
104.143.84.74 - - [22/Jul/2026:13:15:57 +0000] "GET / HTTP/1.1" 200 - "-" "Mozilla/5.0 (X11; Ubuntu; Linux x86_64; rv:126.0) Gecko/20100101 Firefox/126.0"
104.143.84.8 - - [22/Jul/2026:13:16:02 +0000] "GET / HTTP/1.1" 200 - "-" "Mozilla/5.0 (X11; Ubuntu; Linux x86_64; rv:126.0) Gecko/20100101 Firefox/126.0"
104.143.84.8 - - [22/Jul/2026:13:16:02 +0000] "GET / HTTP/1.1" 200 - "-" "Mozilla/5.0 (X11; Ubuntu; Linux x86_64; rv:126.0) Gecko/20100101 Firefox/126.0"
104.143.84.9 - - [22/Jul/2026:13:16:06 +0000] "GET / HTTP/1.1" 200 - "-" "Mozilla/5.0 (X11; Ubuntu; Linux x86_64; rv:126.0) Gecko/20100101 Firefox/126.0"
104.143.84.9 - - [22/Jul/2026:13:16:06 +0000] "GET / HTTP/1.1" 200 - "-" "Mozilla/5.0 (X11; Ubuntu; Linux x86_64; rv:126.0) Gecko/20100101 Firefox/126.0"
45.14.82.99 - - [22/Jul/2026:13:16:10 +0000] "GET / HTTP/1.1" 200 - "-" "Mozilla/5.0 (X11; Ubuntu; Linux x86_64; rv:126.0) Gecko/20100101 Firefox/126.0"
45.14.82.99 - - [22/Jul/2026:13:16:10 +0000] "GET / HTTP/1.1" 200 - "-" "Mozilla/5.0 (X11; Ubuntu; Linux x86_64; rv:126.0) Gecko/20100101 Firefox/126.0"
66.249.77.77 - - [22/Jul/2026:13:19:35 +0000] "GET /saiga.php?sitemap427.xml HTTP/1.1" 403 533177 "-" "Mozilla/5.0 (compatible; Googlebot/2.1; +http://www.google.com/bot.html)"
66.249.77.76 - - [22/Jul/2026:13:21:42 +0000] "GET /ammika.php?sitemap851.xml HTTP/1.1" 403 536170 "-" "Mozilla/5.0 (compatible; Googlebot/2.1; +http://www.google.com/bot.html)"
198.177.124.148 - - [22/Jul/2026:13:24:53 +0000] "POST /wp-cron.php?doing_wp_cron=1784726693.5460059642791748046875 HTTP/1.1" 200 - "-" "WordPress/7.0.2; https://godshandglobal.shop"
104.165.194.20 - - [22/Jul/2026:13:24:51 +0000] "GET / HTTP/1.1" 200 - "-" "Mozilla/5.0 (X11; Linux x86_64) AppleWebKit/537.36 (KHTML, like Gecko) HeadlessChrome/139.0.7258.5 Safari/537.36"
198.177.124.148 - - [22/Jul/2026:13:26:02 +0000] "POST /wp-cron.php?doing_wp_cron=1784726762.0364499092102050781250 HTTP/1.1" 200 - "-" "WordPress/7.0.2; https://godshandglobal.shop"
146.70.194.228 - - [22/Jul/2026:13:26:00 +0000] "GET / HTTP/1.1" 200 - "-" "Mozilla/5.0 (Windows NT 10.0; Win64; x64) AppleWebKit/537.36 (KHTML, like Gecko) Chrome/78.0.3904.108 Safari/537.36"
146.70.194.228 - - [22/Jul/2026:13:26:02 +0000] "GET / HTTP/1.1" 200 - "-" "Mozilla/5.0 (Windows NT 10.0; Win64; x64) AppleWebKit/537.36 (KHTML, like Gecko) Chrome/78.0.3904.108 Safari/537.36"
198.177.124.148 - - [22/Jul/2026:13:26:08 +0000] "POST /wp-cron.php?doing_wp_cron=1784726768.1193139553070068359375 HTTP/1.1" 200 - "-" "WordPress/7.0.2; https://godshandglobal.shop"
146.70.194.228 - - [22/Jul/2026:13:26:05 +0000] "GET /wp-includes/wlwmanifest.xml HTTP/1.1" 404 - "-" "Mozilla/5.0 (Windows NT 10.0; Win64; x64) AppleWebKit/537.36 (KHTML, like Gecko) Chrome/78.0.3904.108 Safari/537.36"
146.70.194.228 - - [22/Jul/2026:13:26:08 +0000] "GET /xmlrpc.php?rsd HTTP/1.1" 200 828 "-" "Mozilla/5.0 (Windows NT 10.0; Win64; x64) AppleWebKit/537.36 (KHTML, like Gecko) Chrome/78.0.3904.108 Safari/537.36"
146.70.194.228 - - [22/Jul/2026:13:26:10 +0000] "GET /?author=1 HTTP/1.1" 200 - "-" "Mozilla/5.0 (Windows NT 10.0; Win64; x64) AppleWebKit/537.36 (KHTML, like Gecko) Chrome/78.0.3904.108 Safari/537.36"
146.70.194.228 - - [22/Jul/2026:13:26:13 +0000] "GET /?author=2 HTTP/1.1" 200 - "-" "Mozilla/5.0 (Windows NT 10.0; Win64; x64) AppleWebKit/537.36 (KHTML, like Gecko) Chrome/78.0.3904.108 Safari/537.36"
146.70.194.228 - - [22/Jul/2026:13:26:16 +0000] "GET /wp-json/wp/v2/users/ HTTP/1.1" 200 807 "-" "Mozilla/5.0 (Windows NT 10.0; Win64; x64) AppleWebKit/537.36 (KHTML, like Gecko) Chrome/78.0.3904.108 Safari/537.36"
146.70.194.228 - - [22/Jul/2026:13:26:18 +0000] "POST /xmlrpc.php HTTP/1.1" 200 401 "-" "Mozilla/5.0 (Windows NT 10.0; Win64; x64) AppleWebKit/537.36 (KHTML, like Gecko) Chrome/78.0.3904.108 Safari/537.36"
146.70.194.228 - - [22/Jul/2026:13:26:21 +0000] "POST /xmlrpc.php HTTP/1.1" 200 401 "-" "Mozilla/5.0 (Windows NT 10.0; Win64; x64) AppleWebKit/537.36 (KHTML, like Gecko) Chrome/78.0.3904.108 Safari/537.36"
146.70.194.228 - - [22/Jul/2026:13:26:24 +0000] "POST /xmlrpc.php HTTP/1.1" 200 401 "-" "Mozilla/5.0 (Windows NT 10.0; Win64; x64) AppleWebKit/537.36 (KHTML, like Gecko) Chrome/78.0.3904.108 Safari/537.36"
146.70.194.228 - - [22/Jul/2026:13:26:27 +0000] "POST /xmlrpc.php HTTP/1.1" 200 401 "-" "Mozilla/5.0 (Windows NT 10.0; Win64; x64) AppleWebKit/537.36 (KHTML, like Gecko) Chrome/78.0.3904.108 Safari/537.36"
146.70.194.228 - - [22/Jul/2026:13:26:30 +0000] "POST /xmlrpc.php HTTP/1.1" 200 401 "-" "Mozilla/5.0 (Windows NT 10.0; Win64; x64) AppleWebKit/537.36 (KHTML, like Gecko) Chrome/78.0.3904.108 Safari/537.36"
146.70.194.228 - - [22/Jul/2026:13:26:34 +0000] "POST /xmlrpc.php HTTP/1.1" 200 401 "-" "Mozilla/5.0 (Windows NT 10.0; Win64; x64) AppleWebKit/537.36 (KHTML, like Gecko) Chrome/78.0.3904.108 Safari/537.36"
146.70.194.228 - - [22/Jul/2026:13:26:37 +0000] "POST /xmlrpc.php HTTP/1.1" 200 401 "-" "Mozilla/5.0 (Windows NT 10.0; Win64; x64) AppleWebKit/537.36 (KHTML, like Gecko) Chrome/78.0.3904.108 Safari/537.36"
146.70.194.228 - - [22/Jul/2026:13:26:40 +0000] "POST /xmlrpc.php HTTP/1.1" 200 401 "-" "Mozilla/5.0 (Windows NT 10.0; Win64; x64) AppleWebKit/537.36 (KHTML, like Gecko) Chrome/78.0.3904.108 Safari/537.36"
146.70.194.228 - - [22/Jul/2026:13:26:42 +0000] "POST /xmlrpc.php HTTP/1.1" 200 401 "-" "Mozilla/5.0 (Windows NT 10.0; Win64; x64) AppleWebKit/537.36 (KHTML, like Gecko) Chrome/78.0.3904.108 Safari/537.36"
146.70.194.228 - - [22/Jul/2026:13:26:46 +0000] "POST /xmlrpc.php HTTP/1.1" 200 401 "-" "Mozilla/5.0 (Windows NT 10.0; Win64; x64) AppleWebKit/537.36 (KHTML, like Gecko) Chrome/78.0.3904.108 Safari/537.36"
146.70.194.228 - - [22/Jul/2026:13:26:50 +0000] "POST /xmlrpc.php HTTP/1.1" 200 401 "-" "Mozilla/5.0 (Windows NT 10.0; Win64; x64) AppleWebKit/537.36 (KHTML, like Gecko) Chrome/78.0.3904.108 Safari/537.36"
146.70.194.228 - - [22/Jul/2026:13:26:55 +0000] "POST /xmlrpc.php HTTP/1.1" 200 401 "-" "Mozilla/5.0 (Windows NT 10.0; Win64; x64) AppleWebKit/537.36 (KHTML, like Gecko) Chrome/78.0.3904.108 Safari/537.36"
146.70.194.228 - - [22/Jul/2026:13:27:01 +0000] "POST /xmlrpc.php HTTP/1.1" 200 401 "-" "Mozilla/5.0 (Windows NT 10.0; Win64; x64) AppleWebKit/537.36 (KHTML, like Gecko) Chrome/78.0.3904.108 Safari/537.36"
198.177.124.148 - - [22/Jul/2026:13:27:08 +0000] "POST /wp-cron.php?doing_wp_cron=1784726828.8436141014099121093750 HTTP/1.1" 200 - "-" "WordPress/7.0.2; https://godshandglobal.shop"
146.70.194.228 - - [22/Jul/2026:13:27:04 +0000] "POST /xmlrpc.php HTTP/1.1" 200 401 "-" "Mozilla/5.0 (Windows NT 10.0; Win64; x64) AppleWebKit/537.36 (KHTML, like Gecko) Chrome/78.0.3904.108 Safari/537.36"
146.70.194.228 - - [22/Jul/2026:13:27:09 +0000] "POST /xmlrpc.php HTTP/1.1" 200 401 "-" "Mozilla/5.0 (Windows NT 10.0; Win64; x64) AppleWebKit/537.36 (KHTML, like Gecko) Chrome/78.0.3904.108 Safari/537.36"
146.70.194.228 - - [22/Jul/2026:13:27:12 +0000] "POST /xmlrpc.php HTTP/1.1" 200 401 "-" "Mozilla/5.0 (Windows NT 10.0; Win64; x64) AppleWebKit/537.36 (KHTML, like Gecko) Chrome/78.0.3904.108 Safari/537.36"
146.70.194.228 - - [22/Jul/2026:13:27:16 +0000] "POST /xmlrpc.php HTTP/1.1" 200 401 "-" "Mozilla/5.0 (Windows NT 10.0; Win64; x64) AppleWebKit/537.36 (KHTML, like Gecko) Chrome/78.0.3904.108 Safari/537.36"
146.70.194.228 - - [22/Jul/2026:13:27:18 +0000] "POST /xmlrpc.php HTTP/1.1" 200 401 "-" "Mozilla/5.0 (Windows NT 10.0; Win64; x64) AppleWebKit/537.36 (KHTML, like Gecko) Chrome/78.0.3904.108 Safari/537.36"
146.70.194.228 - - [22/Jul/2026:13:27:26 +0000] "POST /xmlrpc.php HTTP/1.1" 200 401 "-" "Mozilla/5.0 (Windows NT 10.0; Win64; x64) AppleWebKit/537.36 (KHTML, like Gecko) Chrome/78.0.3904.108 Safari/537.36"
146.70.194.228 - - [22/Jul/2026:13:27:31 +0000] "POST /xmlrpc.php HTTP/1.1" 200 401 "-" "Mozilla/5.0 (Windows NT 10.0; Win64; x64) AppleWebKit/537.36 (KHTML, like Gecko) Chrome/78.0.3904.108 Safari/537.36"
146.70.194.228 - - [22/Jul/2026:13:27:37 +0000] "POST /xmlrpc.php HTTP/1.1" 200 401 "-" "Mozilla/5.0 (Windows NT 10.0; Win64; x64) AppleWebKit/537.36 (KHTML, like Gecko) Chrome/78.0.3904.108 Safari/537.36"
146.70.194.228 - - [22/Jul/2026:13:27:43 +0000] "POST /xmlrpc.php HTTP/1.1" 200 401 "-" "Mozilla/5.0 (Windows NT 10.0; Win64; x64) AppleWebKit/537.36 (KHTML, like Gecko) Chrome/78.0.3904.108 Safari/537.36"
146.70.194.228 - - [22/Jul/2026:13:27:54 +0000] "POST /xmlrpc.php HTTP/1.1" 200 401 "-" "Mozilla/5.0 (Windows NT 10.0; Win64; x64) AppleWebKit/537.36 (KHTML, like Gecko) Chrome/78.0.3904.108 Safari/537.36"
