146.70.194.228 - - [22/Jul/2026:13:27:56 +0000] "POST /xmlrpc.php HTTP/1.1" 200 401 "-" "Mozilla/5.0 (Windows NT 10.0; Win64; x64) AppleWebKit/537.36 (KHTML, like Gecko) Chrome/78.0.3904.108 Safari/537.36"
146.70.194.228 - - [22/Jul/2026:13:27:58 +0000] "POST /xmlrpc.php HTTP/1.1" 200 401 "-" "Mozilla/5.0 (Windows NT 10.0; Win64; x64) AppleWebKit/537.36 (KHTML, like Gecko) Chrome/78.0.3904.108 Safari/537.36"
146.70.194.228 - - [22/Jul/2026:13:28:01 +0000] "POST /xmlrpc.php HTTP/1.1" 200 401 "-" "Mozilla/5.0 (Windows NT 10.0; Win64; x64) AppleWebKit/537.36 (KHTML, like Gecko) Chrome/78.0.3904.108 Safari/537.36"
198.177.124.148 - - [22/Jul/2026:13:28:07 +0000] "POST /wp-cron.php?doing_wp_cron=1784726887.8067519664764404296875 HTTP/1.1" 200 - "-" "WordPress/7.0.2; https://godshandglobal.shop"
146.70.194.228 - - [22/Jul/2026:13:28:06 +0000] "POST /xmlrpc.php HTTP/1.1" 200 401 "-" "Mozilla/5.0 (Windows NT 10.0; Win64; x64) AppleWebKit/537.36 (KHTML, like Gecko) Chrome/78.0.3904.108 Safari/537.36"
146.70.194.228 - - [22/Jul/2026:13:28:08 +0000] "POST /xmlrpc.php HTTP/1.1" 200 401 "-" "Mozilla/5.0 (Windows NT 10.0; Win64; x64) AppleWebKit/537.36 (KHTML, like Gecko) Chrome/78.0.3904.108 Safari/537.36"
146.70.194.228 - - [22/Jul/2026:13:28:10 +0000] "POST /xmlrpc.php HTTP/1.1" 200 401 "-" "Mozilla/5.0 (Windows NT 10.0; Win64; x64) AppleWebKit/537.36 (KHTML, like Gecko) Chrome/78.0.3904.108 Safari/537.36"
146.70.194.228 - - [22/Jul/2026:13:28:14 +0000] "POST /xmlrpc.php HTTP/1.1" 200 401 "-" "Mozilla/5.0 (Windows NT 10.0; Win64; x64) AppleWebKit/537.36 (KHTML, like Gecko) Chrome/78.0.3904.108 Safari/537.36"
104.23.166.34 - - [22/Jul/2026:13:28:16 +0000] "GET /wp-admin/install.php?step=1 HTTP/1.1" 404 - "-" "http://godshandglobal.shop/wp-admin/install.php?step=1"
146.70.194.228 - - [22/Jul/2026:13:28:17 +0000] "POST /xmlrpc.php HTTP/1.1" 200 401 "-" "Mozilla/5.0 (Windows NT 10.0; Win64; x64) AppleWebKit/537.36 (KHTML, like Gecko) Chrome/78.0.3904.108 Safari/537.36"
146.70.194.228 - - [22/Jul/2026:13:28:19 +0000] "POST /xmlrpc.php HTTP/1.1" 200 401 "-" "Mozilla/5.0 (Windows NT 10.0; Win64; x64) AppleWebKit/537.36 (KHTML, like Gecko) Chrome/78.0.3904.108 Safari/537.36"
146.70.194.228 - - [22/Jul/2026:13:28:23 +0000] "POST /xmlrpc.php HTTP/1.1" 200 401 "-" "Mozilla/5.0 (Windows NT 10.0; Win64; x64) AppleWebKit/537.36 (KHTML, like Gecko) Chrome/78.0.3904.108 Safari/537.36"
146.70.194.228 - - [22/Jul/2026:13:28:26 +0000] "POST /xmlrpc.php HTTP/1.1" 200 401 "-" "Mozilla/5.0 (Windows NT 10.0; Win64; x64) AppleWebKit/537.36 (KHTML, like Gecko) Chrome/78.0.3904.108 Safari/537.36"
146.70.194.228 - - [22/Jul/2026:13:28:30 +0000] "POST /xmlrpc.php HTTP/1.1" 200 401 "-" "Mozilla/5.0 (Windows NT 10.0; Win64; x64) AppleWebKit/537.36 (KHTML, like Gecko) Chrome/78.0.3904.108 Safari/537.36"
146.70.194.228 - - [22/Jul/2026:13:28:33 +0000] "POST /xmlrpc.php HTTP/1.1" 200 401 "-" "Mozilla/5.0 (Windows NT 10.0; Win64; x64) AppleWebKit/537.36 (KHTML, like Gecko) Chrome/78.0.3904.108 Safari/537.36"
146.70.194.228 - - [22/Jul/2026:13:28:37 +0000] "POST /xmlrpc.php HTTP/1.1" 200 401 "-" "Mozilla/5.0 (Windows NT 10.0; Win64; x64) AppleWebKit/537.36 (KHTML, like Gecko) Chrome/78.0.3904.108 Safari/537.36"
146.70.194.228 - - [22/Jul/2026:13:28:41 +0000] "POST /xmlrpc.php HTTP/1.1" 200 401 "-" "Mozilla/5.0 (Windows NT 10.0; Win64; x64) AppleWebKit/537.36 (KHTML, like Gecko) Chrome/78.0.3904.108 Safari/537.36"
146.70.194.228 - - [22/Jul/2026:13:28:46 +0000] "POST /xmlrpc.php HTTP/1.1" 200 401 "-" "Mozilla/5.0 (Windows NT 10.0; Win64; x64) AppleWebKit/537.36 (KHTML, like Gecko) Chrome/78.0.3904.108 Safari/537.36"
146.70.194.228 - - [22/Jul/2026:13:28:53 +0000] "POST /xmlrpc.php HTTP/1.1" 200 401 "-" "Mozilla/5.0 (Windows NT 10.0; Win64; x64) AppleWebKit/537.36 (KHTML, like Gecko) Chrome/78.0.3904.108 Safari/537.36"
146.70.194.228 - - [22/Jul/2026:13:28:55 +0000] "POST /xmlrpc.php HTTP/1.1" 200 401 "-" "Mozilla/5.0 (Windows NT 10.0; Win64; x64) AppleWebKit/537.36 (KHTML, like Gecko) Chrome/78.0.3904.108 Safari/537.36"
146.70.194.228 - - [22/Jul/2026:13:28:58 +0000] "POST /xmlrpc.php HTTP/1.1" 200 401 "-" "Mozilla/5.0 (Windows NT 10.0; Win64; x64) AppleWebKit/537.36 (KHTML, like Gecko) Chrome/78.0.3904.108 Safari/537.36"
146.70.194.228 - - [22/Jul/2026:13:29:00 +0000] "POST /xmlrpc.php HTTP/1.1" 200 401 "-" "Mozilla/5.0 (Windows NT 10.0; Win64; x64) AppleWebKit/537.36 (KHTML, like Gecko) Chrome/78.0.3904.108 Safari/537.36"
198.177.124.148 - - [22/Jul/2026:13:29:10 +0000] "POST /wp-cron.php?doing_wp_cron=1784726950.9212079048156738281250 HTTP/1.1" 200 - "-" "WordPress/7.0.2; https://godshandglobal.shop"
146.70.194.228 - - [22/Jul/2026:13:29:08 +0000] "POST /xmlrpc.php HTTP/1.1" 200 401 "-" "Mozilla/5.0 (Windows NT 10.0; Win64; x64) AppleWebKit/537.36 (KHTML, like Gecko) Chrome/78.0.3904.108 Safari/537.36"
146.70.194.228 - - [22/Jul/2026:13:29:11 +0000] "POST /xmlrpc.php HTTP/1.1" 200 401 "-" "Mozilla/5.0 (Windows NT 10.0; Win64; x64) AppleWebKit/537.36 (KHTML, like Gecko) Chrome/78.0.3904.108 Safari/537.36"
146.70.194.228 - - [22/Jul/2026:13:29:16 +0000] "POST /xmlrpc.php HTTP/1.1" 200 401 "-" "Mozilla/5.0 (Windows NT 10.0; Win64; x64) AppleWebKit/537.36 (KHTML, like Gecko) Chrome/78.0.3904.108 Safari/537.36"
146.70.194.228 - - [22/Jul/2026:13:29:21 +0000] "POST /xmlrpc.php HTTP/1.1" 200 401 "-" "Mozilla/5.0 (Windows NT 10.0; Win64; x64) AppleWebKit/537.36 (KHTML, like Gecko) Chrome/78.0.3904.108 Safari/537.36"
146.70.194.228 - - [22/Jul/2026:13:29:27 +0000] "POST /xmlrpc.php HTTP/1.1" 200 401 "-" "Mozilla/5.0 (Windows NT 10.0; Win64; x64) AppleWebKit/537.36 (KHTML, like Gecko) Chrome/78.0.3904.108 Safari/537.36"
146.70.194.228 - - [22/Jul/2026:13:29:29 +0000] "POST /xmlrpc.php HTTP/1.1" 200 401 "-" "Mozilla/5.0 (Windows NT 10.0; Win64; x64) AppleWebKit/537.36 (KHTML, like Gecko) Chrome/78.0.3904.108 Safari/537.36"
146.70.194.228 - - [22/Jul/2026:13:29:33 +0000] "POST /xmlrpc.php HTTP/1.1" 200 401 "-" "Mozilla/5.0 (Windows NT 10.0; Win64; x64) AppleWebKit/537.36 (KHTML, like Gecko) Chrome/78.0.3904.108 Safari/537.36"
146.70.194.228 - - [22/Jul/2026:13:29:42 +0000] "POST /xmlrpc.php HTTP/1.1" 200 401 "-" "Mozilla/5.0 (Windows NT 10.0; Win64; x64) AppleWebKit/537.36 (KHTML, like Gecko) Chrome/78.0.3904.108 Safari/537.36"
146.70.194.228 - - [22/Jul/2026:13:29:48 +0000] "POST /xmlrpc.php HTTP/1.1" 200 401 "-" "Mozilla/5.0 (Windows NT 10.0; Win64; x64) AppleWebKit/537.36 (KHTML, like Gecko) Chrome/78.0.3904.108 Safari/537.36"
146.70.194.228 - - [22/Jul/2026:13:29:56 +0000] "POST /xmlrpc.php HTTP/1.1" 200 401 "-" "Mozilla/5.0 (Windows NT 10.0; Win64; x64) AppleWebKit/537.36 (KHTML, like Gecko) Chrome/78.0.3904.108 Safari/537.36"
198.177.124.148 - - [22/Jul/2026:13:30:10 +0000] "POST /wp-cron.php?doing_wp_cron=1784727010.2658340930938720703125 HTTP/1.1" 200 - "-" "WordPress/7.0.2; https://godshandglobal.shop"
146.70.194.228 - - [22/Jul/2026:13:30:01 +0000] "POST /xmlrpc.php HTTP/1.1" 200 401 "-" "Mozilla/5.0 (Windows NT 10.0; Win64; x64) AppleWebKit/537.36 (KHTML, like Gecko) Chrome/78.0.3904.108 Safari/537.36"
146.70.194.228 - - [22/Jul/2026:13:30:10 +0000] "POST /xmlrpc.php HTTP/1.1" 200 401 "-" "Mozilla/5.0 (Windows NT 10.0; Win64; x64) AppleWebKit/537.36 (KHTML, like Gecko) Chrome/78.0.3904.108 Safari/537.36"
146.70.194.228 - - [22/Jul/2026:13:30:23 +0000] "POST /xmlrpc.php HTTP/1.1" 200 401 "-" "Mozilla/5.0 (Windows NT 10.0; Win64; x64) AppleWebKit/537.36 (KHTML, like Gecko) Chrome/78.0.3904.108 Safari/537.36"
146.70.194.228 - - [22/Jul/2026:13:30:26 +0000] "POST /xmlrpc.php HTTP/1.1" 200 401 "-" "Mozilla/5.0 (Windows NT 10.0; Win64; x64) AppleWebKit/537.36 (KHTML, like Gecko) Chrome/78.0.3904.108 Safari/537.36"
146.70.194.228 - - [22/Jul/2026:13:30:37 +0000] "POST /xmlrpc.php HTTP/1.1" 200 401 "-" "Mozilla/5.0 (Windows NT 10.0; Win64; x64) AppleWebKit/537.36 (KHTML, like Gecko) Chrome/78.0.3904.108 Safari/537.36"
43.160.241.129 - - [22/Jul/2026:13:30:40 +0000] "GET / HTTP/1.1" 200 - "-" "Mozilla/5.0 (iPhone; CPU iPhone OS 13_2_3 like Mac OS X) AppleWebKit/605.1.15 (KHTML, like Gecko) Version/13.0.3 Mobile/15E148 Safari/604.1"
146.70.194.228 - - [22/Jul/2026:13:30:42 +0000] "POST /xmlrpc.php HTTP/1.1" 200 401 "-" "Mozilla/5.0 (Windows NT 10.0; Win64; x64) AppleWebKit/537.36 (KHTML, like Gecko) Chrome/78.0.3904.108 Safari/537.36"
146.70.194.228 - - [22/Jul/2026:13:30:51 +0000] "POST /xmlrpc.php HTTP/1.1" 200 401 "-" "Mozilla/5.0 (Windows NT 10.0; Win64; x64) AppleWebKit/537.36 (KHTML, like Gecko) Chrome/78.0.3904.108 Safari/537.36"
66.249.77.77 - - [22/Jul/2026:13:34:28 +0000] "GET /ammika.php?sitemap853.xml HTTP/1.1" 403 536180 "-" "Mozilla/5.0 (compatible; Googlebot/2.1; +http://www.google.com/bot.html)"
198.177.124.148 - - [22/Jul/2026:13:47:59 +0000] "POST /wp-cron.php?doing_wp_cron=1784728079.0937530994415283203125 HTTP/1.1" 200 - "-" "WordPress/7.0.2; https://godshandglobal.shop"
104.23.217.25 - - [22/Jul/2026:13:47:56 +0000] "GET /wp-admin/install.php?step=1 HTTP/1.1" 404 - "-" "http://godshandglobal.shop/wp-admin/install.php?step=1"
162.158.183.80 - - [22/Jul/2026:13:58:04 +0000] "GET /wp-admin/install.php?step=1 HTTP/1.1" 404 - "-" "http://godshandglobal.shop/wp-admin/install.php?step=1"
198.177.124.148 - - [22/Jul/2026:14:13:00 +0000] "POST /wp-cron.php?doing_wp_cron=1784729580.8198220729827880859375 HTTP/1.1" 200 - "-" "WordPress/7.0.2; https://godshandglobal.shop"
102.89.34.226 - - [22/Jul/2026:14:12:54 +0000] "GET / HTTP/1.1" 200 - "-" "Mozilla/5.0 (Windows NT 10.0; Win64; x64) AppleWebKit/537.36 (KHTML, like Gecko) Chrome/150.0.0.0 Safari/537.36"
198.177.124.148 - - [22/Jul/2026:14:13:23 +0000] "POST /wp-cron.php?doing_wp_cron=1784729603.7039899826049804687500 HTTP/1.1" 200 - "-" "WordPress/7.0.2; https://godshandglobal.shop"
104.23.223.100 - - [22/Jul/2026:14:13:19 +0000] "GET /wp-admin/install.php?step=1 HTTP/1.1" 404 - "-" "http://godshandglobal.shop/wp-admin/install.php?step=1"
198.177.124.148 - - [22/Jul/2026:14:20:38 +0000] "POST /wp-cron.php?doing_wp_cron=1784730037.9972760677337646484375 HTTP/1.1" 200 - "-" "WordPress/7.0.2; https://godshandglobal.shop"
104.23.221.107 - - [22/Jul/2026:14:20:35 +0000] "GET /wp-admin/install.php?step=1 HTTP/1.1" 404 - "-" "http://godshandglobal.shop/wp-admin/install.php?step=1"
198.177.124.148 - - [22/Jul/2026:14:38:36 +0000] "POST /wp-cron.php?doing_wp_cron=1784731115.9863860607147216796875 HTTP/1.1" 200 - "-" "WordPress/7.0.2; https://godshandglobal.shop"
172.71.148.104 - - [22/Jul/2026:14:38:33 +0000] "GET /wp-admin/install.php?step=1 HTTP/1.1" 404 - "-" "http://godshandglobal.shop/wp-admin/install.php?step=1"
198.177.124.148 - - [22/Jul/2026:15:04:23 +0000] "POST /wp-cron.php?doing_wp_cron=1784732663.1994318962097167968750 HTTP/1.1" 200 - "-" "WordPress/7.0.2; https://godshandglobal.shop"
172.71.172.153 - - [22/Jul/2026:15:04:19 +0000] "GET /wp-admin/install.php?step=1 HTTP/1.1" 404 - "-" "http://godshandglobal.shop/wp-admin/install.php?step=1"
170.106.181.163 - - [22/Jul/2026:15:04:24 +0000] "GET / HTTP/1.1" 200 - "-" "Mozilla/5.0 (iPhone; CPU iPhone OS 13_2_3 like Mac OS X) AppleWebKit/605.1.15 (KHTML, like Gecko) Version/13.0.3 Mobile/15E148 Safari/604.1"
198.177.124.148 - - [22/Jul/2026:15:16:15 +0000] "POST /wp-cron.php?doing_wp_cron=1784733375.6127951145172119140625 HTTP/1.1" 200 - "-" "WordPress/7.0.2; https://godshandglobal.shop"
54.90.205.80 - - [22/Jul/2026:15:16:12 +0000] "GET / HTTP/1.1" 200 - "-" "HTC-ST7377/1.59.502.3 (67150) Opera/9.50 (Windows NT 5.1; U; en) UP.Link/6.3.1.17.0"
198.177.124.148 - - [22/Jul/2026:15:21:45 +0000] "POST /wp-cron.php?doing_wp_cron=1784733705.2510049343109130859375 HTTP/1.1" 200 - "-" "WordPress/7.0.2; https://godshandglobal.shop"
104.23.221.106 - - [22/Jul/2026:15:21:37 +0000] "GET /wp-admin/install.php?step=1 HTTP/1.1" 404 - "-" "http://godshandglobal.shop/wp-admin/install.php?step=1"
198.177.124.148 - - [22/Jul/2026:15:32:08 +0000] "POST /wp-cron.php?doing_wp_cron=1784734328.4359939098358154296875 HTTP/1.1" 200 - "-" "WordPress/7.0.2; https://godshandglobal.shop"
172.71.241.34 - - [22/Jul/2026:15:32:05 +0000] "GET /wp-admin/install.php?step=1 HTTP/1.1" 404 - "-" "http://godshandglobal.shop/wp-admin/install.php?step=1"
198.177.124.148 - - [22/Jul/2026:15:40:46 +0000] "POST /wp-cron.php?doing_wp_cron=1784734846.1440029144287109375000 HTTP/1.1" 200 - "-" "WordPress/7.0.2; https://godshandglobal.shop"
172.71.164.230 - - [22/Jul/2026:15:40:44 +0000] "GET /wp-admin/install.php?step=1 HTTP/1.1" 404 - "-" "http://godshandglobal.shop/wp-admin/install.php?step=1"
198.177.124.148 - - [22/Jul/2026:15:53:01 +0000] "POST /wp-cron.php?doing_wp_cron=1784735581.0132000446319580078125 HTTP/1.1" 200 - "-" "WordPress/7.0.2; https://godshandglobal.shop"
172.71.148.105 - - [22/Jul/2026:15:52:58 +0000] "GET /wp-admin/install.php?step=1 HTTP/1.1" 404 - "-" "http://godshandglobal.shop/wp-admin/install.php?step=1"
66.249.77.75 - - [22/Jul/2026:15:56:58 +0000] "GET /saiga.php?snorer/mjb64180jsvdstrobilaceous HTTP/1.1" 403 199932 "-" "Mozilla/5.0 (compatible; Googlebot/2.1; +http://www.google.com/bot.html)"
198.177.124.148 - - [22/Jul/2026:16:02:27 +0000] "GET /.well-known/acme-challenge/SSOBIQ5-3SR5K9XN-UY2V8FQGVYM3FPL HTTP/1.1" 200 64 "-" "Cpanel-HTTP-Client/1.0"
198.177.124.148 - - [22/Jul/2026:16:02:28 +0000] "GET /.well-known/acme-challenge/HCLRF3ZNJ7B_7NEJ8QT0PN0GGG9KL0QL HTTP/1.1" 200 64 "-" "Cpanel-HTTP-Client/1.0"
198.177.124.148 - - [22/Jul/2026:16:08:01 +0000] "POST /wp-cron.php?doing_wp_cron=1784736481.3392050266265869140625 HTTP/1.1" 200 - "-" "WordPress/7.0.2; https://godshandglobal.shop"
104.23.221.107 - - [22/Jul/2026:16:07:58 +0000] "GET /wp-admin/install.php?step=1 HTTP/1.1" 404 - "-" "http://godshandglobal.shop/wp-admin/install.php?step=1"
198.177.124.148 - - [22/Jul/2026:16:13:25 +0000] "POST /wp-cron.php?doing_wp_cron=1784736805.6553540229797363281250 HTTP/1.1" 200 - "-" "WordPress/7.0.2; https://godshandglobal.shop"
43.166.224.244 - - [22/Jul/2026:16:13:18 +0000] "GET / HTTP/1.1" 200 - "-" "Mozilla/5.0 (iPhone; CPU iPhone OS 13_2_3 like Mac OS X) AppleWebKit/605.1.15 (KHTML, like Gecko) Version/13.0.3 Mobile/15E148 Safari/604.1"
66.249.77.76 - - [22/Jul/2026:16:13:38 +0000] "GET /ammika.php?sitemap629.xml HTTP/1.1" 403 536222 "-" "Mozilla/5.0 (compatible; Googlebot/2.1; +http://www.google.com/bot.html)"
198.177.124.148 - - [22/Jul/2026:16:19:33 +0000] "POST /wp-cron.php?doing_wp_cron=1784737173.2033441066741943359375 HTTP/1.1" 200 - "-" "WordPress/7.0.2; https://godshandglobal.shop"
104.23.221.107 - - [22/Jul/2026:16:19:31 +0000] "GET /wp-admin/install.php?step=1 HTTP/1.1" 404 - "-" "http://godshandglobal.shop/wp-admin/install.php?step=1"
198.177.124.148 - - [22/Jul/2026:16:34:33 +0000] "POST /wp-cron.php?doing_wp_cron=1784738073.7235629558563232421875 HTTP/1.1" 200 - "-" "WordPress/7.0.2; https://godshandglobal.shop"
172.70.248.25 - - [22/Jul/2026:16:34:31 +0000] "GET /wp-admin/install.php?step=1 HTTP/1.1" 404 - "-" "http://godshandglobal.shop/wp-admin/install.php?step=1"
66.249.77.76 - - [22/Jul/2026:16:35:25 +0000] "GET /ammika.php?sitemap446.xml HTTP/1.1" 403 536137 "-" "Mozilla/5.0 (compatible; Googlebot/2.1; +http://www.google.com/bot.html)"
198.177.124.148 - - [22/Jul/2026:16:49:48 +0000] "POST /wp-cron.php?doing_wp_cron=1784738988.0868229866027832031250 HTTP/1.1" 200 - "-" "WordPress/7.0.2; https://godshandglobal.shop"
162.158.87.246 - - [22/Jul/2026:16:49:43 +0000] "GET /wp-admin/install.php?step=1 HTTP/1.1" 404 - "-" "http://godshandglobal.shop/wp-admin/install.php?step=1"
198.177.124.148 - - [22/Jul/2026:16:55:20 +0000] "POST /wp-cron.php?doing_wp_cron=1784739320.0436611175537109375000 HTTP/1.1" 200 - "-" "WordPress/7.0.2; https://godshandglobal.shop"
43.131.45.213 - - [22/Jul/2026:16:55:12 +0000] "GET / HTTP/1.1" 200 - "-" "Mozilla/5.0 (iPhone; CPU iPhone OS 13_2_3 like Mac OS X) AppleWebKit/605.1.15 (KHTML, like Gecko) Version/13.0.3 Mobile/15E148 Safari/604.1"
198.177.124.148 - - [22/Jul/2026:17:16:04 +0000] "POST /wp-cron.php?doing_wp_cron=1784740564.4666829109191894531250 HTTP/1.1" 200 - "-" "WordPress/7.0.2; https://godshandglobal.shop"
104.23.221.106 - - [22/Jul/2026:17:16:01 +0000] "GET /wp-admin/install.php?step=1 HTTP/1.1" 404 - "-" "http://godshandglobal.shop/wp-admin/install.php?step=1"
198.177.124.148 - - [22/Jul/2026:17:39:14 +0000] "POST /wp-cron.php?doing_wp_cron=1784741954.6783020496368408203125 HTTP/1.1" 200 - "-" "WordPress/7.0.2; https://godshandglobal.shop"
172.69.150.141 - - [22/Jul/2026:17:39:12 +0000] "GET /wp-admin/install.php?step=1 HTTP/1.1" 404 - "-" "http://godshandglobal.shop/wp-admin/install.php?step=1"
198.177.124.148 - - [22/Jul/2026:17:40:39 +0000] "POST /wp-cron.php?doing_wp_cron=1784742039.4707839488983154296875 HTTP/1.1" 200 - "-" "WordPress/7.0.2; https://godshandglobal.shop"
162.158.183.79 - - [22/Jul/2026:17:40:37 +0000] "GET /wp-admin/install.php?step=1 HTTP/1.1" 404 - "-" "http://godshandglobal.shop/wp-admin/install.php?step=1"
198.177.124.148 - - [22/Jul/2026:17:42:09 +0000] "POST /wp-cron.php?doing_wp_cron=1784742129.0543730258941650390625 HTTP/1.1" 200 - "-" "WordPress/7.0.2; https://godshandglobal.shop"
100.50.152.193 - - [22/Jul/2026:17:42:06 +0000] "GET / HTTP/1.1" 200 - "-" "Mozilla/5.0 (Macintosh; Intel Mac OS X 10_15_7) AppleWebKit/537.36 (KHTML, like Gecko) Chrome/138.0.0.0 Safari/537.36"
66.249.77.75 - - [22/Jul/2026:17:49:52 +0000] "GET /saiga.php?alum/zpo273675eynpperiesophageal.htm HTTP/1.1" 403 199309 "-" "Mozilla/5.0 (compatible; Googlebot/2.1; +http://www.google.com/bot.html)"
198.177.124.148 - - [22/Jul/2026:17:51:04 +0000] "POST /wp-cron.php?doing_wp_cron=1784742664.3898119926452636718750 HTTP/1.1" 200 - "-" "WordPress/7.0.2; https://godshandglobal.shop"
162.158.111.87 - - [22/Jul/2026:17:51:03 +0000] "GET /wp-admin/install.php?step=1 HTTP/1.1" 404 - "-" "http://godshandglobal.shop/wp-admin/install.php?step=1"
198.177.124.148 - - [22/Jul/2026:18:04:01 +0000] "POST /wp-cron.php?doing_wp_cron=1784743441.3247420787811279296875 HTTP/1.1" 200 - "-" "WordPress/7.0.2; https://godshandglobal.shop"
104.23.223.100 - - [22/Jul/2026:18:03:59 +0000] "GET /wp-admin/install.php?step=1 HTTP/1.1" 404 - "-" "http://godshandglobal.shop/wp-admin/install.php?step=1"
198.177.124.148 - - [22/Jul/2026:18:11:42 +0000] "POST /wp-cron.php?doing_wp_cron=1784743902.8425021171569824218750 HTTP/1.1" 200 - "-" "WordPress/7.0.2; https://godshandglobal.shop"
162.14.109.170 - - [22/Jul/2026:18:11:40 +0000] "GET / HTTP/1.1" 200 - "-" "Mozilla/5.0 (iPhone; CPU iPhone OS 13_2_3 like Mac OS X) AppleWebKit/605.1.15 (KHTML, like Gecko) Version/13.0.3 Mobile/15E148 Safari/604.1"
66.249.77.77 - - [22/Jul/2026:18:13:02 +0000] "GET /ammika.php?sitemap381.xml HTTP/1.1" 403 536152 "-" "Mozilla/5.0 (compatible; Googlebot/2.1; +http://www.google.com/bot.html)"
198.177.124.148 - - [22/Jul/2026:18:33:00 +0000] "POST /wp-cron.php?doing_wp_cron=1784745180.1743829250335693359375 HTTP/1.1" 200 - "-" "WordPress/7.0.2; https://godshandglobal.shop"
162.158.111.87 - - [22/Jul/2026:18:32:58 +0000] "GET /wp-admin/install.php?step=1 HTTP/1.1" 404 - "-" "http://godshandglobal.shop/wp-admin/install.php?step=1"
66.249.77.75 - - [22/Jul/2026:18:34:51 +0000] "GET /saiga.php?peace/rcg63691dpockadder HTTP/1.1" 403 199033 "-" "Mozilla/5.0 (compatible; Googlebot/2.1; +http://www.google.com/bot.html)"
198.177.124.148 - - [22/Jul/2026:18:51:02 +0000] "POST /wp-cron.php?doing_wp_cron=1784746262.0835869312286376953125 HTTP/1.1" 200 - "-" "WordPress/7.0.2; https://godshandglobal.shop"
162.158.95.7 - - [22/Jul/2026:18:51:00 +0000] "GET /wp-admin/install.php?step=1 HTTP/1.1" 404 - "-" "http://godshandglobal.shop/wp-admin/install.php?step=1"
198.177.124.148 - - [22/Jul/2026:18:59:02 +0000] "POST /wp-cron.php?doing_wp_cron=1784746742.3281700611114501953125 HTTP/1.1" 200 - "-" "WordPress/7.0.2; https://godshandglobal.shop"
172.70.243.138 - - [22/Jul/2026:18:59:00 +0000] "GET /wp-admin/install.php?step=1 HTTP/1.1" 404 - "-" "http://godshandglobal.shop/wp-admin/install.php?step=1"
198.177.124.148 - - [22/Jul/2026:19:02:20 +0000] "GET /.well-known/acme-challenge/F6WISMWIENQNW2UXS6_ZFWP2096ZXM60 HTTP/1.1" 200 64 "-" "Cpanel-HTTP-Client/1.0"
198.177.124.148 - - [22/Jul/2026:19:02:20 +0000] "GET /.well-known/acme-challenge/8SK4MW3DLAITMVJKT5U_52MTL-XE0GG- HTTP/1.1" 200 64 "-" "Cpanel-HTTP-Client/1.0"
66.249.77.76 - - [22/Jul/2026:19:12:27 +0000] "GET /ammika.php?sitemap720.xml HTTP/1.1" 403 536136 "-" "Mozilla/5.0 (compatible; Googlebot/2.1; +http://www.google.com/bot.html)"
66.249.77.77 - - [22/Jul/2026:19:18:30 +0000] "GET /ammika.php?sitemap738.xml HTTP/1.1" 403 536186 "-" "Mozilla/5.0 (compatible; Googlebot/2.1; +http://www.google.com/bot.html)"
172.71.148.104 - - [22/Jul/2026:19:27:40 +0000] "GET /wp-admin/install.php?step=1 HTTP/1.1" 404 - "-" "http://godshandglobal.shop/wp-admin/install.php?step=1"
35.231.101.231 - - [22/Jul/2026:19:27:43 +0000] "GET /wp-login.php HTTP/1.1" 302 - "-" "Mozilla/5.0 (Windows NT 10.0; Win64; x64) AppleWebKit/537.36 (KHTML, like Gecko) HeadlessChrome/150.0.0.0 Safari/537.36"
198.177.124.148 - - [22/Jul/2026:19:28:05 +0000] "POST /wp-cron.php?doing_wp_cron=1784748462.8559269905090332031250 HTTP/1.1" 200 - "-" "WordPress/7.0.2; https://godshandglobal.shop"
104.23.239.104 - - [22/Jul/2026:19:35:12 +0000] "GET /wp-admin/install.php?step=1 HTTP/1.1" 404 - "-" "http://godshandglobal.shop/wp-admin/install.php?step=1"
198.177.124.148 - - [22/Jul/2026:19:35:20 +0000] "POST /wp-cron.php?doing_wp_cron=1784748914.3415880203247070312500 HTTP/1.1" 200 - "-" "WordPress/7.0.2; https://godshandglobal.shop"
43.166.238.12 - - [22/Jul/2026:19:35:19 +0000] "GET / HTTP/1.1" 200 - "-" "Mozilla/5.0 (iPhone; CPU iPhone OS 13_2_3 like Mac OS X) AppleWebKit/605.1.15 (KHTML, like Gecko) Version/13.0.3 Mobile/15E148 Safari/604.1"
66.249.77.76 - - [22/Jul/2026:19:36:37 +0000] "GET /sitemap.xml HTTP/1.1" 200 8513 "-" "Mozilla/5.0 (compatible; Googlebot/2.1; +http://www.google.com/bot.html)"
172.71.95.77 - - [22/Jul/2026:19:36:44 +0000] "GET /wp-admin/install.php?step=1 HTTP/1.1" 404 - "-" "http://godshandglobal.shop/wp-admin/install.php?step=1"
198.177.124.148 - - [22/Jul/2026:19:36:51 +0000] "POST /wp-cron.php?doing_wp_cron=1784749005.3010790348052978515625 HTTP/1.1" 200 - "-" "WordPress/7.0.2; https://godshandglobal.shop"
198.177.124.148 - - [22/Jul/2026:20:09:20 +0000] "POST /wp-cron.php?doing_wp_cron=1784750960.9618260860443115234375 HTTP/1.1" 200 - "-" "WordPress/7.0.2; https://godshandglobal.shop"
197.210.28.170 - - [22/Jul/2026:20:09:19 +0000] "GET / HTTP/1.1" 200 - "-" "Mozilla/5.0 (Windows NT 10.0; Win64; x64) AppleWebKit/537.36 (KHTML, like Gecko) Chrome/150.0.0.0 Safari/537.36"
197.210.28.170 - - [22/Jul/2026:20:09:27 +0000] "GET /wp-admin/ HTTP/1.1" 302 - "-" "Mozilla/5.0 (Windows NT 10.0; Win64; x64) AppleWebKit/537.36 (KHTML, like Gecko) Chrome/150.0.0.0 Safari/537.36"
197.210.28.170 - - [22/Jul/2026:20:09:27 +0000] "GET /wp-admin/ HTTP/1.1" 302 - "-" "Mozilla/5.0 (Windows NT 10.0; Win64; x64) AppleWebKit/537.36 (KHTML, like Gecko) Chrome/150.0.0.0 Safari/537.36"
198.177.124.148 - - [22/Jul/2026:20:14:23 +0000] "POST /wp-cron.php?doing_wp_cron=1784751263.2848238945007324218750 HTTP/1.1" 200 - "-" "WordPress/7.0.2; https://godshandglobal.shop"
104.23.223.100 - - [22/Jul/2026:20:14:22 +0000] "GET /wp-admin/install.php?step=1 HTTP/1.1" 404 - "-" "http://godshandglobal.shop/wp-admin/install.php?step=1"
66.249.77.75 - - [22/Jul/2026:20:16:56 +0000] "GET /ammika.php?k=98108259248 HTTP/1.1" 403 199540 "-" "Mozilla/5.0 (compatible; Googlebot/2.1; +http://www.google.com/bot.html)"
66.249.77.75 - - [22/Jul/2026:20:16:57 +0000] "GET /sitemap69.xml HTTP/1.1" 200 506162 "-" "Mozilla/5.0 (compatible; Googlebot/2.1; +http://www.google.com/bot.html)"
66.249.77.75 - - [22/Jul/2026:20:17:06 +0000] "GET /sitemap47.xml HTTP/1.1" 200 506142 "-" "Mozilla/5.0 (compatible; Googlebot/2.1; +http://www.google.com/bot.html)"
198.177.124.148 - - [22/Jul/2026:20:18:56 +0000] "POST /wp-cron.php?doing_wp_cron=1784751536.6641058921813964843750 HTTP/1.1" 200 - "-" "WordPress/7.0.2; https://godshandglobal.shop"
43.165.198.224 - - [22/Jul/2026:20:18:55 +0000] "GET / HTTP/1.1" 200 - "-" "Mozilla/5.0 (iPhone; CPU iPhone OS 13_2_3 like Mac OS X) AppleWebKit/605.1.15 (KHTML, like Gecko) Version/13.0.3 Mobile/15E148 Safari/604.1"
198.177.124.148 - - [22/Jul/2026:20:28:06 +0000] "POST /wp-cron.php?doing_wp_cron=1784752086.1204218864440917968750 HTTP/1.1" 200 - "-" "WordPress/7.0.2; https://godshandglobal.shop"
104.23.223.100 - - [22/Jul/2026:20:28:05 +0000] "GET /wp-admin/install.php?step=1 HTTP/1.1" 404 - "-" "http://godshandglobal.shop/wp-admin/install.php?step=1"
66.249.77.77 - - [22/Jul/2026:20:32:25 +0000] "GET /sitemap27.xml HTTP/1.1" 200 506208 "-" "Mozilla/5.0 (compatible; Googlebot/2.1; +http://www.google.com/bot.html)"
66.249.77.77 - - [22/Jul/2026:20:33:20 +0000] "GET /sitemap39.xml HTTP/1.1" 200 506205 "-" "Mozilla/5.0 (compatible; Googlebot/2.1; +http://www.google.com/bot.html)"
66.249.77.75 - - [22/Jul/2026:20:36:34 +0000] "GET /sitemap15.xml HTTP/1.1" 200 506173 "-" "Mozilla/5.0 (compatible; Googlebot/2.1; +http://www.google.com/bot.html)"
66.249.77.76 - - [22/Jul/2026:20:36:42 +0000] "GET /sitemap6.xml HTTP/1.1" 200 506181 "-" "Mozilla/5.0 (compatible; Googlebot/2.1; +http://www.google.com/bot.html)"
66.249.77.75 - - [22/Jul/2026:20:42:15 +0000] "GET /sitemap20.xml HTTP/1.1" 200 506184 "-" "Mozilla/5.0 (compatible; Googlebot/2.1; +http://www.google.com/bot.html)"
66.249.77.75 - - [22/Jul/2026:20:42:41 +0000] "GET /sitemap37.xml HTTP/1.1" 200 506144 "-" "Mozilla/5.0 (compatible; Googlebot/2.1; +http://www.google.com/bot.html)"
66.249.77.76 - - [22/Jul/2026:20:43:33 +0000] "GET /sitemap96.xml HTTP/1.1" 200 506188 "-" "Mozilla/5.0 (compatible; Googlebot/2.1; +http://www.google.com/bot.html)"
104.23.223.101 - - [22/Jul/2026:21:01:52 +0000] "GET /wp-admin/install.php?step=1 HTTP/1.1" 404 - "-" "http://godshandglobal.shop/wp-admin/install.php?step=1"
66.249.77.77 - - [22/Jul/2026:21:13:37 +0000] "GET /sitemap96.xml HTTP/1.1" 200 506128 "-" "Mozilla/5.0 (compatible; Googlebot/2.1; +http://www.google.com/bot.html)"
104.23.223.101 - - [22/Jul/2026:21:16:07 +0000] "GET /wp-admin/install.php?step=1 HTTP/1.1" 404 - "-" "http://godshandglobal.shop/wp-admin/install.php?step=1"
198.177.124.148 - - [22/Jul/2026:21:23:48 +0000] "POST /wp-cron.php?doing_wp_cron=1784755428.3041920661926269531250 HTTP/1.1" 200 - "-" "WordPress/7.0.2; https://godshandglobal.shop"
104.23.221.107 - - [22/Jul/2026:21:23:46 +0000] "GET /wp-admin/install.php?step=1 HTTP/1.1" 404 - "-" "http://godshandglobal.shop/wp-admin/install.php?step=1"
198.177.124.148 - - [22/Jul/2026:21:24:30 +0000] "POST /wp-cron.php?doing_wp_cron=1784755470.1070940494537353515625 HTTP/1.1" 200 - "-" "WordPress/7.0.2; https://godshandglobal.shop"
104.23.221.106 - - [22/Jul/2026:21:24:28 +0000] "GET /wp-admin/install.php?step=1 HTTP/1.1" 404 - "-" "http://godshandglobal.shop/wp-admin/install.php?step=1"
141.101.99.122 - - [22/Jul/2026:17:39:31 +0000] "GET /wp-admin/install.php?step=1 HTTP/1.1" 503 - "-" "http://godshandglobal.shop/wp-admin/install.php?step=1"
66.249.77.75 - - [22/Jul/2026:21:44:00 +0000] "GET /sitemap96.xml HTTP/1.1" 200 506166 "-" "Mozilla/5.0 (compatible; Googlebot/2.1; +http://www.google.com/bot.html)"
198.177.124.148 - - [22/Jul/2026:21:44:27 +0000] "POST /wp-cron.php?doing_wp_cron=1784756667.8732221126556396484375 HTTP/1.1" 200 - "-" "WordPress/7.0.2; https://godshandglobal.shop"
35.188.228.128 - - [22/Jul/2026:21:44:24 +0000] "GET /bootstrap.php HTTP/1.1" 404 - "-" "Mozilla/5.0 (Windows NT 10.0; Win64; x64) AppleWebKit/537.36 (KHTML, like Gecko) Chrome/91.0.4472.124 Safari/537.36"
35.188.228.128 - - [22/Jul/2026:21:44:25 +0000] "GET /system/bootstrap.php HTTP/1.1" 404 - "-" "Mozilla/5.0 (Windows NT 10.0; Win64; x64) AppleWebKit/537.36 (KHTML, like Gecko) Chrome/91.0.4472.124 Safari/537.36"
35.188.228.128 - - [22/Jul/2026:21:46:24 +0000] "GET /wp-content/plugins/config-cs/bootstrap.php HTTP/1.1" 302 38187 "-" "Mozilla/5.0 (Windows NT 10.0; Win64; x64) AppleWebKit/537.36 (KHTML, like Gecko) Chrome/91.0.4472.124 Safari/537.36"
35.188.228.128 - - [22/Jul/2026:21:46:25 +0000] "GET /wp-content/plugins/config-cs/bootstrap.php?p= HTTP/1.1" 200 38187 "http://godshandglobal.shop/wp-content/plugins/config-cs/bootstrap.php" "Mozilla/5.0 (Windows NT 10.0; Win64; x64) AppleWebKit/537.36 (KHTML, like Gecko) Chrome/91.0.4472.124 Safari/537.36"
198.177.124.148 - - [22/Jul/2026:22:02:14 +0000] "GET /.well-known/acme-challenge/L4ZJE622IG_NKJGVSKEUEEIN5R4L1N9H HTTP/1.1" 200 64 "-" "Cpanel-HTTP-Client/1.0"
198.177.124.148 - - [22/Jul/2026:22:02:14 +0000] "GET /.well-known/acme-challenge/OLH7WKVEFHILPE7R7_G4VQDS9MMMDF6L HTTP/1.1" 200 64 "-" "Cpanel-HTTP-Client/1.0"
198.177.124.148 - - [22/Jul/2026:22:09:33 +0000] "POST /wp-cron.php?doing_wp_cron=1784758173.2682809829711914062500 HTTP/1.1" 200 - "-" "WordPress/7.0.2; https://godshandglobal.shop"
172.71.164.230 - - [22/Jul/2026:22:09:31 +0000] "GET /wp-admin/install.php?step=1 HTTP/1.1" 404 - "-" "http://godshandglobal.shop/wp-admin/install.php?step=1"
66.249.77.76 - - [22/Jul/2026:22:10:36 +0000] "GET /saiga.php?sitemap736.xml HTTP/1.1" 403 533185 "-" "Mozilla/5.0 (compatible; Googlebot/2.1; +http://www.google.com/bot.html)"
66.249.77.77 - - [22/Jul/2026:22:13:42 +0000] "GET /sitemap96.xml HTTP/1.1" 200 506166 "-" "Mozilla/5.0 (compatible; Googlebot/2.1; +http://www.google.com/bot.html)"
198.177.124.148 - - [22/Jul/2026:22:15:15 +0000] "POST /wp-cron.php?doing_wp_cron=1784758515.3064799308776855468750 HTTP/1.1" 200 - "-" "WordPress/7.0.2; https://godshandglobal.shop"
64.64.112.146 - - [22/Jul/2026:22:15:13 +0000] "GET / HTTP/1.1" 200 - "-" "Mozilla/5.0 (Windows NT 10.0; Win64; x64) AppleWebKit/537.36 (KHTML, like Gecko) Chrome/84.0.4147.89 Safari/537.36"
198.177.124.148 - - [22/Jul/2026:22:20:57 +0000] "POST /wp-cron.php?doing_wp_cron=1784758857.8379080295562744140625 HTTP/1.1" 200 - "-" "WordPress/7.0.2; https://godshandglobal.shop"
104.23.221.107 - - [22/Jul/2026:22:20:56 +0000] "GET /wp-admin/install.php?step=1 HTTP/1.1" 404 - "-" "http://godshandglobal.shop/wp-admin/install.php?step=1"
198.177.124.148 - - [22/Jul/2026:22:28:40 +0000] "POST /wp-cron.php?doing_wp_cron=1784759320.3560829162597656250000 HTTP/1.1" 200 - "-" "WordPress/7.0.2; https://godshandglobal.shop"
45.92.84.51 - - [22/Jul/2026:22:28:39 +0000] "GET / HTTP/1.1" 200 - "-" "Mozilla/5.0 (Windows NT 10.0; Win64; x64) AppleWebKit/537.36 (KHTML, like Gecko) Chrome/94.0.4606.61 Safari/537.36"
198.177.124.148 - - [22/Jul/2026:22:31:47 +0000] "POST /wp-cron.php?doing_wp_cron=1784759507.8601069450378417968750 HTTP/1.1" 200 - "-" "WordPress/7.0.2; https://godshandglobal.shop"
104.23.217.25 - - [22/Jul/2026:22:31:46 +0000] "GET /wp-admin/install.php?step=1 HTTP/1.1" 404 - "-" "http://godshandglobal.shop/wp-admin/install.php?step=1"
66.249.77.77 - - [22/Jul/2026:22:44:30 +0000] "GET /ammika.php?sitemap486.xml HTTP/1.1" 403 536175 "-" "Mozilla/5.0 (compatible; Googlebot/2.1; +http://www.google.com/bot.html)"
198.177.124.148 - - [22/Jul/2026:22:58:35 +0000] "POST /wp-cron.php?doing_wp_cron=1784761115.5783410072326660156250 HTTP/1.1" 200 - "-" "WordPress/7.0.2; https://godshandglobal.shop"
104.23.221.106 - - [22/Jul/2026:22:58:33 +0000] "GET /wp-admin/install.php?step=1 HTTP/1.1" 404 - "-" "http://godshandglobal.shop/wp-admin/install.php?step=1"
66.249.77.75 - - [22/Jul/2026:22:59:41 +0000] "GET /ammika.php?sitemap794.xml HTTP/1.1" 403 536192 "-" "Mozilla/5.0 (compatible; Googlebot/2.1; +http://www.google.com/bot.html)"
198.177.124.148 - - [22/Jul/2026:23:01:49 +0000] "POST /wp-cron.php?doing_wp_cron=1784761309.4772200584411621093750 HTTP/1.1" 200 - "-" "WordPress/7.0.2; https://godshandglobal.shop"
43.159.149.216 - - [22/Jul/2026:23:01:48 +0000] "GET / HTTP/1.1" 200 - "-" "Mozilla/5.0 (iPhone; CPU iPhone OS 13_2_3 like Mac OS X) AppleWebKit/605.1.15 (KHTML, like Gecko) Version/13.0.3 Mobile/15E148 Safari/604.1"
66.249.77.76 - - [22/Jul/2026:23:02:12 +0000] "GET / HTTP/1.1" 200 198246 "-" "Mozilla/5.0 (Linux; Android 6.0.1; Nexus 5X Build/MMB29P) AppleWebKit/537.36 (KHTML, like Gecko) Chrome/150.0.7871.128 Mobile Safari/537.36 (compatible; Googlebot/2.1; +http://www.google.com/bot.html)"
198.177.124.148 - - [22/Jul/2026:23:07:44 +0000] "POST /wp-cron.php?doing_wp_cron=1784761664.4159350395202636718750 HTTP/1.1" 200 - "-" "WordPress/7.0.2; https://godshandglobal.shop"
172.69.150.140 - - [22/Jul/2026:23:07:42 +0000] "GET /wp-admin/install.php?step=1 HTTP/1.1" 404 - "-" "http://godshandglobal.shop/wp-admin/install.php?step=1"
198.177.124.148 - - [22/Jul/2026:23:09:26 +0000] "POST /wp-cron.php?doing_wp_cron=1784761765.9300038814544677734375 HTTP/1.1" 200 - "-" "WordPress/7.0.2; https://godshandglobal.shop"
172.69.195.184 - - [22/Jul/2026:23:09:24 +0000] "GET /wp-admin/install.php?step=1 HTTP/1.1" 404 - "-" "http://godshandglobal.shop/wp-admin/install.php?step=1"
66.249.77.75 - - [22/Jul/2026:23:09:35 +0000] "GET /ammika.php?sitemap585.xml HTTP/1.1" 403 536143 "-" "Mozilla/5.0 (compatible; Googlebot/2.1; +http://www.google.com/bot.html)"
198.177.124.148 - - [22/Jul/2026:23:35:25 +0000] "POST /wp-cron.php?doing_wp_cron=1784763325.8063108921051025390625 HTTP/1.1" 200 - "-" "WordPress/7.0.2; https://godshandglobal.shop"
172.69.150.140 - - [22/Jul/2026:23:35:23 +0000] "GET /wp-admin/install.php?step=1 HTTP/1.1" 404 - "-" "http://godshandglobal.shop/wp-admin/install.php?step=1"
66.249.77.76 - - [22/Jul/2026:23:39:45 +0000] "GET /ammika.php?sitemap711.xml HTTP/1.1" 403 536208 "-" "Mozilla/5.0 (compatible; Googlebot/2.1; +http://www.google.com/bot.html)"
198.177.124.148 - - [22/Jul/2026:23:43:40 +0000] "POST /wp-cron.php?doing_wp_cron=1784763820.4164779186248779296875 HTTP/1.1" 200 - "-" "WordPress/7.0.2; https://godshandglobal.shop"
43.130.141.193 - - [22/Jul/2026:23:43:38 +0000] "GET / HTTP/1.1" 200 - "-" "Mozilla/5.0 (iPhone; CPU iPhone OS 13_2_3 like Mac OS X) AppleWebKit/605.1.15 (KHTML, like Gecko) Version/13.0.3 Mobile/15E148 Safari/604.1"
66.249.77.77 - - [22/Jul/2026:23:58:55 +0000] "GET /ammika.php?sitemap915.xml HTTP/1.1" 403 536171 "-" "Mozilla/5.0 (compatible; Googlebot/2.1; +http://www.google.com/bot.html)"
198.177.124.148 - - [23/Jul/2026:00:06:29 +0000] "POST /wp-cron.php?doing_wp_cron=1784765189.0165469646453857421875 HTTP/1.1" 200 - "-" "WordPress/7.0.2; https://godshandglobal.shop"
172.70.243.138 - - [23/Jul/2026:00:06:27 +0000] "GET /wp-admin/install.php?step=1 HTTP/1.1" 404 - "-" "http://godshandglobal.shop/wp-admin/install.php?step=1"
66.249.77.77 - - [23/Jul/2026:00:09:56 +0000] "GET /saiga.php?sitemap926.xml HTTP/1.1" 403 533177 "-" "Mozilla/5.0 (compatible; Googlebot/2.1; +http://www.google.com/bot.html)"
198.177.124.148 - - [23/Jul/2026:00:18:37 +0000] "POST /wp-cron.php?doing_wp_cron=1784765917.6394910812377929687500 HTTP/1.1" 200 - "-" "WordPress/7.0.2; https://godshandglobal.shop"
172.71.172.43 - - [23/Jul/2026:00:18:36 +0000] "GET /wp-admin/install.php?step=1 HTTP/1.1" 404 - "-" "http://godshandglobal.shop/wp-admin/install.php?step=1"
198.177.124.148 - - [23/Jul/2026:00:35:15 +0000] "POST /wp-cron.php?doing_wp_cron=1784766915.7911319732666015625000 HTTP/1.1" 200 - "-" "WordPress/7.0.2; https://godshandglobal.shop"
162.14.81.106 - - [23/Jul/2026:00:35:12 +0000] "GET / HTTP/1.1" 200 - "-" "Mozilla/5.0 (iPhone; CPU iPhone OS 13_2_3 like Mac OS X) AppleWebKit/605.1.15 (KHTML, like Gecko) Version/13.0.3 Mobile/15E148 Safari/604.1"
142.54.166.194 - - [23/Jul/2026:00:36:17 +0000] "GET /ammika.php?8047qkwaaqo56mewttmx14 HTTP/1.0" 403 4 "-" "Googlebot/2.1 (+http://www.google.com/bot.html)"
198.177.124.148 - - [23/Jul/2026:00:43:49 +0000] "POST /wp-cron.php?doing_wp_cron=1784767429.8160190582275390625000 HTTP/1.1" 200 - "-" "WordPress/7.0.2; https://godshandglobal.shop"
172.70.246.31 - - [23/Jul/2026:00:43:47 +0000] "GET /wp-admin/install.php?step=1 HTTP/1.1" 404 - "-" "http://godshandglobal.shop/wp-admin/install.php?step=1"
66.249.77.77 - - [23/Jul/2026:00:44:22 +0000] "GET /saiga.php?sitemap.xml HTTP/1.1" 403 9213 "-" "Mozilla/5.0 (compatible; Googlebot/2.1; +http://www.google.com/bot.html)"
198.177.124.148 - - [23/Jul/2026:00:46:54 +0000] "POST /wp-cron.php?doing_wp_cron=1784767614.3953080177307128906250 HTTP/1.1" 200 - "-" "WordPress/7.0.2; https://godshandglobal.shop"
172.70.240.95 - - [23/Jul/2026:00:46:53 +0000] "GET /wp-admin/install.php?step=1 HTTP/1.1" 404 - "-" "http://godshandglobal.shop/wp-admin/install.php?step=1"
66.249.77.76 - - [23/Jul/2026:00:55:50 +0000] "GET /ammika.php?m=96238199147 HTTP/1.1" 403 196771 "-" "Mozilla/5.0 (compatible; Googlebot/2.1; +http://www.google.com/bot.html)"
198.177.124.148 - - [23/Jul/2026:00:58:12 +0000] "POST /wp-cron.php?doing_wp_cron=1784768292.1515729427337646484375 HTTP/1.1" 200 - "-" "WordPress/7.0.2; https://godshandglobal.shop"
104.23.221.30 - - [23/Jul/2026:00:58:11 +0000] "GET /wp-admin/install.php?step=1 HTTP/1.1" 404 - "-" "http://godshandglobal.shop/wp-admin/install.php?step=1"
198.177.124.148 - - [23/Jul/2026:01:02:26 +0000] "GET /.well-known/acme-challenge/72O0AQ_8G7M8JY1-Y053URSP2WMPUZ14 HTTP/1.1" 200 64 "-" "Cpanel-HTTP-Client/1.0"
198.177.124.148 - - [23/Jul/2026:01:02:26 +0000] "GET /.well-known/acme-challenge/FXDSAAFDA11V6AMSLI7LHKJIB1-UID07 HTTP/1.1" 200 64 "-" "Cpanel-HTTP-Client/1.0"
198.177.124.148 - - [23/Jul/2026:01:06:00 +0000] "POST /wp-cron.php?doing_wp_cron=1784768760.8881649971008300781250 HTTP/1.1" 200 - "-" "WordPress/7.0.2; https://godshandglobal.shop"
43.159.143.187 - - [23/Jul/2026:01:05:59 +0000] "GET / HTTP/1.1" 200 - "-" "Mozilla/5.0 (iPhone; CPU iPhone OS 13_2_3 like Mac OS X) AppleWebKit/605.1.15 (KHTML, like Gecko) Version/13.0.3 Mobile/15E148 Safari/604.1"
66.249.77.75 - - [23/Jul/2026:01:07:38 +0000] "GET /saiga.php?sitemap710.xml HTTP/1.1" 403 533170 "-" "Mozilla/5.0 (compatible; Googlebot/2.1; +http://www.google.com/bot.html)"
198.177.124.148 - - [23/Jul/2026:01:13:42 +0000] "POST /wp-cron.php?doing_wp_cron=1784769222.8615100383758544921875 HTTP/1.1" 200 - "-" "WordPress/7.0.2; https://godshandglobal.shop"
172.71.164.230 - - [23/Jul/2026:01:13:41 +0000] "GET /wp-admin/install.php?step=1 HTTP/1.1" 404 - "-" "http://godshandglobal.shop/wp-admin/install.php?step=1"
66.249.77.76 - - [23/Jul/2026:01:27:19 +0000] "GET /ammika.php?sitemap553.xml HTTP/1.1" 403 536120 "-" "Mozilla/5.0 (compatible; Googlebot/2.1; +http://www.google.com/bot.html)"
66.249.77.75 - - [23/Jul/2026:01:31:40 +0000] "GET /saiga.php?sitemap312.xml HTTP/1.1" 403 533190 "-" "Mozilla/5.0 (compatible; Googlebot/2.1; +http://www.google.com/bot.html)"
198.177.124.148 - - [23/Jul/2026:01:36:36 +0000] "POST /wp-cron.php?doing_wp_cron=1784770596.4462950229644775390625 HTTP/1.1" 200 - "-" "WordPress/7.0.2; https://godshandglobal.shop"
104.23.223.101 - - [23/Jul/2026:01:36:34 +0000] "GET /wp-admin/install.php?step=1 HTTP/1.1" 404 - "-" "http://godshandglobal.shop/wp-admin/install.php?step=1"
198.177.124.148 - - [23/Jul/2026:01:37:40 +0000] "POST /wp-cron.php?doing_wp_cron=1784770660.8825349807739257812500 HTTP/1.1" 200 - "-" "WordPress/7.0.2; https://godshandglobal.shop"
162.158.183.80 - - [23/Jul/2026:01:37:38 +0000] "GET /wp-admin/install.php?step=1 HTTP/1.1" 404 - "-" "http://godshandglobal.shop/wp-admin/install.php?step=1"
198.177.124.148 - - [23/Jul/2026:01:49:38 +0000] "POST /wp-cron.php?doing_wp_cron=1784771378.6350851058959960937500 HTTP/1.1" 200 - "-" "WordPress/7.0.2; https://godshandglobal.shop"
198.177.124.148 - - [23/Jul/2026:01:49:38 +0000] "POST /wp-cron.php?doing_wp_cron=1784771378.6360170841217041015625 HTTP/1.1" 200 - "-" "WordPress/7.0.2; https://godshandglobal.shop"
18.210.209.197 - - [23/Jul/2026:01:49:36 +0000] "GET / HTTP/1.1" 200 - "-" "Mozilla"
18.210.209.197 - - [23/Jul/2026:01:49:36 +0000] "GET / HTTP/1.1" 200 - "-" "Mozilla"
198.177.124.148 - - [23/Jul/2026:01:57:04 +0000] "POST /wp-cron.php?doing_wp_cron=1784771824.6546928882598876953125 HTTP/1.1" 200 - "-" "WordPress/7.0.2; https://godshandglobal.shop"
104.23.223.100 - - [23/Jul/2026:01:57:02 +0000] "GET /wp-admin/install.php?step=1 HTTP/1.1" 404 - "-" "http://godshandglobal.shop/wp-admin/install.php?step=1"
198.177.124.148 - - [23/Jul/2026:02:02:10 +0000] "POST /wp-cron.php?doing_wp_cron=1784772130.7033939361572265625000 HTTP/1.1" 200 - "-" "WordPress/7.0.2; https://godshandglobal.shop"
104.23.239.105 - - [23/Jul/2026:02:02:08 +0000] "GET /wp-admin/install.php?step=1 HTTP/1.1" 404 - "-" "http://godshandglobal.shop/wp-admin/install.php?step=1"
172.71.99.203 - - [23/Jul/2026:02:02:19 +0000] "GET /wp-admin/install.php?step=1 HTTP/1.1" 404 - "-" "http://godshandglobal.shop/wp-admin/install.php?step=1"
43.133.91.48 - - [23/Jul/2026:02:02:48 +0000] "GET / HTTP/1.1" 200 - "-" "Mozilla/5.0 (iPhone; CPU iPhone OS 13_2_3 like Mac OS X) AppleWebKit/605.1.15 (KHTML, like Gecko) Version/13.0.3 Mobile/15E148 Safari/604.1"
66.249.77.76 - - [23/Jul/2026:02:05:11 +0000] "GET /ammika.php?sitemap869.xml HTTP/1.1" 403 536113 "-" "Mozilla/5.0 (compatible; Googlebot/2.1; +http://www.google.com/bot.html)"
198.177.124.148 - - [23/Jul/2026:02:06:02 +0000] "POST /wp-cron.php?doing_wp_cron=1784772362.7128829956054687500000 HTTP/1.1" 200 - "-" "WordPress/7.0.2; https://godshandglobal.shop"
172.69.150.140 - - [23/Jul/2026:02:06:00 +0000] "GET /wp-admin/install.php?step=1 HTTP/1.1" 404 - "-" "http://godshandglobal.shop/wp-admin/install.php?step=1"
66.249.77.76 - - [23/Jul/2026:02:17:23 +0000] "GET /ammika.php?sitemap951.xml HTTP/1.1" 403 536179 "-" "Mozilla/5.0 (compatible; Googlebot/2.1; +http://www.google.com/bot.html)"
198.177.124.148 - - [23/Jul/2026:02:30:56 +0000] "POST /wp-cron.php?doing_wp_cron=1784773856.3813529014587402343750 HTTP/1.1" 200 - "-" "WordPress/7.0.2; https://godshandglobal.shop"
172.71.144.23 - - [23/Jul/2026:02:30:54 +0000] "GET /wp-admin/install.php?step=1 HTTP/1.1" 404 - "-" "http://godshandglobal.shop/wp-admin/install.php?step=1"
198.177.124.148 - - [23/Jul/2026:02:41:49 +0000] "POST /wp-cron.php?doing_wp_cron=1784774509.2787969112396240234375 HTTP/1.1" 200 - "-" "WordPress/7.0.2; https://godshandglobal.shop"
43.165.186.188 - - [23/Jul/2026:02:41:48 +0000] "GET / HTTP/1.1" 200 - "-" "Mozilla/5.0 (iPhone; CPU iPhone OS 13_2_3 like Mac OS X) AppleWebKit/605.1.15 (KHTML, like Gecko) Version/13.0.3 Mobile/15E148 Safari/604.1"
198.177.124.148 - - [23/Jul/2026:02:43:50 +0000] "POST /wp-cron.php?doing_wp_cron=1784774630.9244821071624755859375 HTTP/1.1" 200 - "-" "WordPress/7.0.2; https://godshandglobal.shop"
104.23.223.100 - - [23/Jul/2026:02:43:49 +0000] "GET /wp-admin/install.php?step=1 HTTP/1.1" 404 - "-" "http://godshandglobal.shop/wp-admin/install.php?step=1"
66.249.77.76 - - [23/Jul/2026:02:46:56 +0000] "GET /ammika.php?sitemap342.xml HTTP/1.1" 403 536182 "-" "Mozilla/5.0 (compatible; Googlebot/2.1; +http://www.google.com/bot.html)"
81.196.20.141 - - [23/Jul/2026:02:50:41 +0000] "GET / HTTP/1.1" 200 - "-" "Mozilla/5.0 (Windows NT 10.0; Win64; x64) AppleWebKit/537.36 (KHTML, like Gecko) Chrome/124.0.0.0 Safari/537.36"
66.249.77.75 - - [23/Jul/2026:02:58:42 +0000] "GET /saiga.php?sitemap963.xml HTTP/1.1" 403 533151 "-" "Mozilla/5.0 (compatible; Googlebot/2.1; +http://www.google.com/bot.html)"
198.177.124.148 - - [23/Jul/2026:03:22:26 +0000] "POST /wp-cron.php?doing_wp_cron=1784776946.4696118831634521484375 HTTP/1.1" 200 - "-" "WordPress/7.0.2; https://godshandglobal.shop"
43.166.247.82 - - [23/Jul/2026:03:22:25 +0000] "GET / HTTP/1.1" 200 - "-" "Mozilla/5.0 (iPhone; CPU iPhone OS 13_2_3 like Mac OS X) AppleWebKit/605.1.15 (KHTML, like Gecko) Version/13.0.3 Mobile/15E148 Safari/604.1"
198.177.124.148 - - [23/Jul/2026:03:29:37 +0000] "POST /wp-cron.php?doing_wp_cron=1784777377.9448580741882324218750 HTTP/1.1" 200 - "-" "WordPress/7.0.2; https://godshandglobal.shop"
43.131.243.61 - - [23/Jul/2026:03:29:36 +0000] "GET / HTTP/1.1" 200 - "-" "Mozilla/5.0 (iPhone; CPU iPhone OS 13_2_3 like Mac OS X) AppleWebKit/605.1.15 (KHTML, like Gecko) Version/13.0.3 Mobile/15E148 Safari/604.1"
198.177.124.148 - - [23/Jul/2026:03:39:19 +0000] "POST /wp-cron.php?doing_wp_cron=1784777959.4365229606628417968750 HTTP/1.1" 200 - "-" "WordPress/7.0.2; https://godshandglobal.shop"
104.23.223.100 - - [23/Jul/2026:03:39:17 +0000] "GET /wp-admin/install.php?step=1 HTTP/1.1" 404 - "-" "http://godshandglobal.shop/wp-admin/install.php?step=1"
66.249.77.76 - - [23/Jul/2026:03:39:50 +0000] "GET /ammika.php?sitemap823.xml HTTP/1.1" 403 536163 "-" "Mozilla/5.0 (compatible; Googlebot/2.1; +http://www.google.com/bot.html)"
66.249.77.76 - - [23/Jul/2026:03:44:44 +0000] "GET /saiga.php?sitemap496.xml HTTP/1.1" 403 533154 "-" "Mozilla/5.0 (compatible; Googlebot/2.1; +http://www.google.com/bot.html)"
198.177.124.148 - - [23/Jul/2026:03:44:53 +0000] "POST /wp-cron.php?doing_wp_cron=1784778293.3772211074829101562500 HTTP/1.1" 200 - "-" "WordPress/7.0.2; https://godshandglobal.shop"
162.158.183.80 - - [23/Jul/2026:03:44:52 +0000] "GET /wp-admin/install.php?step=1 HTTP/1.1" 404 - "-" "http://godshandglobal.shop/wp-admin/install.php?step=1"
66.249.77.75 - - [23/Jul/2026:03:47:48 +0000] "GET /saiga.php?sitemap579.xml HTTP/1.1" 403 533111 "-" "Mozilla/5.0 (compatible; Googlebot/2.1; +http://www.google.com/bot.html)"
66.249.77.76 - - [23/Jul/2026:03:48:06 +0000] "GET /saiga.php?sitemap917.xml HTTP/1.1" 403 533152 "-" "Mozilla/5.0 (compatible; Googlebot/2.1; +http://www.google.com/bot.html)"
198.177.124.148 - - [23/Jul/2026:03:49:08 +0000] "POST /wp-cron.php?doing_wp_cron=1784778547.9839770793914794921875 HTTP/1.1" 200 - "-" "WordPress/7.0.2; https://godshandglobal.shop"
104.23.221.106 - - [23/Jul/2026:03:49:03 +0000] "GET /wp-admin/install.php?step=1 HTTP/1.1" 404 - "-" "http://godshandglobal.shop/wp-admin/install.php?step=1"
66.249.77.76 - - [23/Jul/2026:03:49:09 +0000] "GET /saiga.php?sitemap725.xml HTTP/1.1" 403 533172 "-" "Mozilla/5.0 (compatible; Googlebot/2.1; +http://www.google.com/bot.html)"
198.177.124.148 - - [23/Jul/2026:04:02:30 +0000] "GET /.well-known/acme-challenge/JATL9K8T85WCBDRZ4GI39_W4UHARR2Q4 HTTP/1.1" 200 64 "-" "Cpanel-HTTP-Client/1.0"
198.177.124.148 - - [23/Jul/2026:04:02:31 +0000] "GET /.well-known/acme-challenge/DK_TXO1XCV06MMV28UFCLA-I_2UHNTZ9 HTTP/1.1" 200 64 "-" "Cpanel-HTTP-Client/1.0"
104.23.223.101 - - [23/Jul/2026:04:09:54 +0000] "GET /wp-admin/install.php?step=1 HTTP/1.1" 404 - "-" "http://godshandglobal.shop/wp-admin/install.php?step=1"
66.249.77.76 - - [23/Jul/2026:04:25:52 +0000] "GET /saiga.php?sitemap663.xml HTTP/1.1" 403 533157 "-" "Mozilla/5.0 (compatible; Googlebot/2.1; +http://www.google.com/bot.html)"