198.177.124.148 - - [22/Jul/2026:00:06:37 +0000] "POST /wp-cron.php?doing_wp_cron=1784678797.4897449016571044921875 HTTP/1.1" 200 - "-" "WordPress/7.0.2; https://godshandglobal.shop"
172.71.172.152 - - [22/Jul/2026:00:06:35 +0000] "GET /wp-admin/install.php?step=1 HTTP/1.1" 404 81487 "-" "http://godshandglobal.shop/wp-admin/install.php?step=1"
198.177.124.148 - - [22/Jul/2026:00:10:09 +0000] "POST /wp-cron.php?doing_wp_cron=1784679009.0264010429382324218750 HTTP/1.1" 200 - "-" "WordPress/7.0.2; https://godshandglobal.shop"
66.249.77.75 - - [22/Jul/2026:00:10:07 +0000] "GET /robots.txt HTTP/1.1" 200 120 "-" "Mozilla/5.0 (compatible; Googlebot/2.1; +http://www.google.com/bot.html)"
66.249.77.76 - - [22/Jul/2026:00:10:12 +0000] "GET /ammika.php?sitemap342.xml HTTP/1.1" 200 536132 "-" "Mozilla/5.0 (compatible; Googlebot/2.1; +http://www.google.com/bot.html)"
104.23.221.107 - - [22/Jul/2026:00:15:32 +0000] "GET /wp-admin/install.php?step=1 HTTP/1.1" 404 81487 "-" "http://godshandglobal.shop/wp-admin/install.php?step=1"
142.54.166.194 - - [22/Jul/2026:00:27:50 +0000] "GET /ammika.php?8047qkwaaqo56mewttmx14 HTTP/1.0" 200 5842 "-" "Googlebot/2.1 (+http://www.google.com/bot.html)"
172.70.46.212 - - [22/Jul/2026:00:32:16 +0000] "GET /wp-admin/install.php?step=1 HTTP/1.1" 404 81487 "-" "http://godshandglobal.shop/wp-admin/install.php?step=1"
23.160.56.155 - - [22/Jul/2026:00:36:37 +0000] "GET /ammika.php?8047qkwaaqo56mewttmx14 HTTP/1.0" 200 5842 "-" "Googlebot/2.1 (+http://www.google.com/bot.html)"
63.141.250.58 - - [22/Jul/2026:00:49:35 +0000] "GET /index.php?params=1 HTTP/1.1" 301 - "-" "Mozilla/5.0 (Windows NT 10.0; Win64; x64) AppleWebKit/537.36 (KHTML, like Gecko) Chrome/131.0.0.0 Safari/537.36"
63.141.250.58 - - [22/Jul/2026:00:49:39 +0000] "GET /?params=1 HTTP/1.1" 200 100250 "-" "Mozilla/5.0 (Windows NT 10.0; Win64; x64) AppleWebKit/537.36 (KHTML, like Gecko) Chrome/131.0.0.0 Safari/537.36"
63.141.250.58 - - [22/Jul/2026:00:51:05 +0000] "GET /index.php?params=1 HTTP/1.1" 301 - "-" "Mozilla/5.0 (Windows NT 10.0; Win64; x64) AppleWebKit/537.36 (KHTML, like Gecko) Chrome/131.0.0.0 Safari/537.36"
63.141.250.58 - - [22/Jul/2026:00:51:07 +0000] "GET /?params=1 HTTP/1.1" 200 100250 "-" "Mozilla/5.0 (Windows NT 10.0; Win64; x64) AppleWebKit/537.36 (KHTML, like Gecko) Chrome/131.0.0.0 Safari/537.36"
66.249.75.235 - - [22/Jul/2026:00:55:37 +0000] "GET /ammika.php?sitemap823.xml HTTP/1.1" 200 536171 "-" "Mozilla/5.0 (compatible; Googlebot/2.1; +http://www.google.com/bot.html)"
172.68.229.107 - - [22/Jul/2026:00:57:44 +0000] "GET /wp-admin/install.php?step=1 HTTP/1.1" 404 81487 "-" "http://godshandglobal.shop/wp-admin/install.php?step=1"
66.249.75.234 - - [22/Jul/2026:00:58:50 +0000] "GET /saiga.php?sitemap736.xml HTTP/1.1" 200 586227 "-" "Mozilla/5.0 (compatible; Googlebot/2.1; +http://www.google.com/bot.html)"
84.32.41.136 - - [22/Jul/2026:00:59:19 +0000] "GET / HTTP/1.1" 200 100241 "-" "Mozilla/5.0 (X11; Ubuntu; Linux x86_64; rv:136.0) Gecko/20100101 Firefox/136.0"
84.32.41.136 - - [22/Jul/2026:00:59:25 +0000] "GET / HTTP/1.1" 200 100241 "http://godshandglobal.shop" "Mozilla/5.0 (X11; Ubuntu; Linux x86_64; rv:136.0) Gecko/20100101 Firefox/136.0"
84.32.41.136 - - [22/Jul/2026:00:59:29 +0000] "GET /wp-content/themes/twentytwentyfour/assets/fonts/cardo/cardo_italic_400.woff2 HTTP/1.1" 200 105184 "http://godshandglobal.shop" "Mozilla/5.0 (X11; Ubuntu; Linux x86_64; rv:136.0) Gecko/20100101 Firefox/136.0"
84.32.41.136 - - [22/Jul/2026:00:59:33 +0000] "GET /wp-content/themes/twentytwentyfour/assets/fonts/cardo/cardo_normal_400.woff2 HTTP/1.1" 200 146060 "http://godshandglobal.shop" "Mozilla/5.0 (X11; Ubuntu; Linux x86_64; rv:136.0) Gecko/20100101 Firefox/136.0"
84.32.41.136 - - [22/Jul/2026:00:59:36 +0000] "GET /wp-content/themes/twentytwentyfour/assets/fonts/cardo/cardo_normal_700.woff2 HTTP/1.1" 200 132564 "http://godshandglobal.shop" "Mozilla/5.0 (X11; Ubuntu; Linux x86_64; rv:136.0) Gecko/20100101 Firefox/136.0"
84.32.41.136 - - [22/Jul/2026:00:59:39 +0000] "GET /wp-content/themes/twentytwentyfour/assets/fonts/inter/Inter-VariableFont_slnt,wght.woff2 HTTP/1.1" 200 326628 "http://godshandglobal.shop" "Mozilla/5.0 (X11; Ubuntu; Linux x86_64; rv:136.0) Gecko/20100101 Firefox/136.0"
84.32.41.136 - - [22/Jul/2026:00:59:42 +0000] "GET /wp-content/themes/twentytwentyfour/assets/images/building-exterior.webp HTTP/1.1" 200 199724 "http://godshandglobal.shop" "Mozilla/5.0 (X11; Ubuntu; Linux x86_64; rv:136.0) Gecko/20100101 Firefox/136.0"
84.32.41.136 - - [22/Jul/2026:00:59:46 +0000] "GET /wp-content/themes/twentytwentyfour/assets/images/tourist-and-building.webp HTTP/1.1" 200 66482 "http://godshandglobal.shop" "Mozilla/5.0 (X11; Ubuntu; Linux x86_64; rv:136.0) Gecko/20100101 Firefox/136.0"
84.32.41.136 - - [22/Jul/2026:00:59:49 +0000] "GET /wp-content/themes/twentytwentyfour/assets/images/windows.webp HTTP/1.1" 200 126244 "http://godshandglobal.shop" "Mozilla/5.0 (X11; Ubuntu; Linux x86_64; rv:136.0) Gecko/20100101 Firefox/136.0"
84.32.41.136 - - [22/Jul/2026:00:59:54 +0000] "GET / HTTP/1.1" 200 100241 "http://godshandglobal.shop" "Mozilla/5.0 (X11; Ubuntu; Linux x86_64; rv:136.0) Gecko/20100101 Firefox/136.0"
198.177.124.148 - - [22/Jul/2026:01:01:22 +0000] "GET /.well-known/acme-challenge/50APTLZ592R4VUOFR-TZ_OOEEXAWJ3Z_ HTTP/1.1" 200 64 "-" "Cpanel-HTTP-Client/1.0"
198.177.124.148 - - [22/Jul/2026:01:01:23 +0000] "GET /.well-known/acme-challenge/U64C2Z2S4S9L0AZ9KKQKR_C_0_XLA2JQ HTTP/1.1" 200 64 "-" "Cpanel-HTTP-Client/1.0"
43.130.37.243 - - [22/Jul/2026:01:08:21 +0000] "GET / HTTP/1.1" 200 100241 "-" "Mozilla/5.0 (iPhone; CPU iPhone OS 13_2_3 like Mac OS X) AppleWebKit/605.1.15 (KHTML, like Gecko) Version/13.0.3 Mobile/15E148 Safari/604.1"
137.184.1.7 - - [22/Jul/2026:01:11:23 +0000] "GET / HTTP/1.1" 200 100241 "-" "Mozilla/5.0 (X11; Linux x86_64; rv:142.0) Gecko/20100101 Firefox/142.0"
137.184.1.7 - - [22/Jul/2026:01:11:26 +0000] "GET /favicon.ico HTTP/1.1" 302 - "http://godshandglobal.shop/" "Mozilla/5.0 (X11; Linux x86_64; rv:142.0) Gecko/20100101 Firefox/142.0"
162.158.183.80 - - [22/Jul/2026:01:16:25 +0000] "GET /wp-admin/install.php?step=1 HTTP/1.1" 404 81487 "-" "http://godshandglobal.shop/wp-admin/install.php?step=1"
162.158.87.247 - - [22/Jul/2026:01:20:30 +0000] "GET /wp-admin/install.php?step=1 HTTP/1.1" 404 81487 "-" "http://godshandglobal.shop/wp-admin/install.php?step=1"
104.23.223.100 - - [22/Jul/2026:01:36:55 +0000] "GET /wp-admin/install.php?step=1 HTTP/1.1" 404 81487 "-" "http://godshandglobal.shop/wp-admin/install.php?step=1"
66.249.75.235 - - [22/Jul/2026:01:38:47 +0000] "GET /robots.txt HTTP/1.1" 200 120 "-" "Mozilla/5.0 (compatible; Googlebot/2.1; +http://www.google.com/bot.html)"
66.249.75.233 - - [22/Jul/2026:01:38:49 +0000] "GET /saiga.php?sitemap725.xml HTTP/1.1" 200 586523 "-" "Mozilla/5.0 (compatible; Googlebot/2.1; +http://www.google.com/bot.html)"
66.249.75.234 - - [22/Jul/2026:01:47:45 +0000] "GET /saiga.php?sitemap.xml HTTP/1.1" 200 9218 "-" "Mozilla/5.0 (compatible; Googlebot/2.1; +http://www.google.com/bot.html)"
18.210.209.197 - - [22/Jul/2026:01:48:24 +0000] "GET / HTTP/1.1" 200 100241 "-" "Mozilla"
18.210.209.197 - - [22/Jul/2026:01:48:25 +0000] "GET / HTTP/1.1" 200 100241 "-" "Mozilla"
66.249.75.233 - - [22/Jul/2026:01:54:55 +0000] "GET /sitemap56.xml HTTP/1.1" 404 81480 "-" "Mozilla/5.0 (compatible; Googlebot/2.1; +http://www.google.com/bot.html)"
172.71.241.35 - - [22/Jul/2026:02:02:10 +0000] "GET /wp-admin/install.php?step=1 HTTP/1.1" 404 81487 "-" "http://godshandglobal.shop/wp-admin/install.php?step=1"
43.161.234.148 - - [22/Jul/2026:02:02:25 +0000] "GET / HTTP/1.1" 301 - "-" "Mozilla/5.0 (iPhone; CPU iPhone OS 13_2_3 like Mac OS X) AppleWebKit/605.1.15 (KHTML, like Gecko) Version/13.0.3 Mobile/15E148 Safari/604.1"
43.161.234.148 - - [22/Jul/2026:02:02:31 +0000] "GET / HTTP/1.1" 200 100241 "http://www.godshandglobal.shop" "Mozilla/5.0 (iPhone; CPU iPhone OS 13_2_3 like Mac OS X) AppleWebKit/605.1.15 (KHTML, like Gecko) Version/13.0.3 Mobile/15E148 Safari/604.1"
66.249.75.233 - - [22/Jul/2026:02:09:20 +0000] "GET /saiga.php?sitemap926.xml HTTP/1.1" 200 586031 "-" "Mozilla/5.0 (compatible; Googlebot/2.1; +http://www.google.com/bot.html)"
66.249.75.234 - - [22/Jul/2026:02:21:27 +0000] "GET /saiga.php?sitemap557.xml HTTP/1.1" 200 586312 "-" "Mozilla/5.0 (compatible; Googlebot/2.1; +http://www.google.com/bot.html)"
66.249.75.234 - - [22/Jul/2026:02:21:40 +0000] "GET /ammika.php?sitemap957.xml HTTP/1.1" 200 536187 "-" "Mozilla/5.0 (compatible; Googlebot/2.1; +http://www.google.com/bot.html)"
162.158.111.88 - - [22/Jul/2026:02:21:41 +0000] "GET /wp-admin/install.php?step=1 HTTP/1.1" 404 81487 "-" "http://godshandglobal.shop/wp-admin/install.php?step=1"
43.135.139.165 - - [22/Jul/2026:02:25:56 +0000] "GET / HTTP/1.1" 200 100241 "-" "Mozilla/5.0 (iPhone; CPU iPhone OS 13_2_3 like Mac OS X) AppleWebKit/605.1.15 (KHTML, like Gecko) Version/13.0.3 Mobile/15E148 Safari/604.1"
34.123.170.104 - - [22/Jul/2026:02:34:12 +0000] "GET / HTTP/1.1" 200 100241 "-" "Mozilla/5.0 (Windows NT 10.0; Win64; x64) AppleWebKit/537.36 (KHTML, like Gecko) Chrome/125.0.6422.60 Safari/537.36 Edge/12.246"
34.123.170.104 - - [22/Jul/2026:02:34:14 +0000] "GET /wp-includes/blocks/navigation/style.min.css?ver=7.0.2 HTTP/1.1" 200 20709 "http://godshandglobal.shop/" "Mozilla/5.0 (Windows NT 10.0; Win64; x64) AppleWebKit/537.36 (KHTML, like Gecko) Chrome/125.0.6422.60 Safari/537.36 Edge/12.246"
34.72.176.129 - - [22/Jul/2026:02:34:14 +0000] "GET /wp-includes/js/jquery/jquery.min.js?ver=3.7.1 HTTP/1.1" 200 87553 "http://godshandglobal.shop/" "Mozilla/5.0 (Windows NT 10.0; Win64; x64) AppleWebKit/537.36 (KHTML, like Gecko) Chrome/125.0.6422.60 Safari/537.36 Edge/12.246"
34.123.170.104 - - [22/Jul/2026:02:34:14 +0000] "GET /wp-includes/js/jquery/jquery-migrate.min.js?ver=3.4.1 HTTP/1.1" 200 13577 "http://godshandglobal.shop/" "Mozilla/5.0 (Windows NT 10.0; Win64; x64) AppleWebKit/537.36 (KHTML, like Gecko) Chrome/125.0.6422.60 Safari/537.36 Edge/12.246"
34.123.170.104 - - [22/Jul/2026:02:34:14 +0000] "GET /wp-content/themes/twentytwentyfour/assets/images/building-exterior.webp HTTP/1.1" 200 199724 "http://godshandglobal.shop/" "Mozilla/5.0 (Windows NT 10.0; Win64; x64) AppleWebKit/537.36 (KHTML, like Gecko) Chrome/125.0.6422.60 Safari/537.36 Edge/12.246"
34.123.170.104 - - [22/Jul/2026:02:34:14 +0000] "GET /wp-content/themes/twentytwentyfour/assets/images/tourist-and-building.webp HTTP/1.1" 200 66482 "http://godshandglobal.shop/" "Mozilla/5.0 (Windows NT 10.0; Win64; x64) AppleWebKit/537.36 (KHTML, like Gecko) Chrome/125.0.6422.60 Safari/537.36 Edge/12.246"
34.123.170.104 - - [22/Jul/2026:02:34:14 +0000] "GET /wp-content/themes/twentytwentyfour/assets/images/windows.webp HTTP/1.1" 200 126244 "http://godshandglobal.shop/" "Mozilla/5.0 (Windows NT 10.0; Win64; x64) AppleWebKit/537.36 (KHTML, like Gecko) Chrome/125.0.6422.60 Safari/537.36 Edge/12.246"
34.123.170.104 - - [22/Jul/2026:02:34:14 +0000] "GET /wp-includes/js/dist/script-modules/interactivity/index.min.js?ver=efaa5193bbad9c60ffd1 HTTP/1.1" 200 40106 "http://godshandglobal.shop/" "Mozilla/5.0 (Windows NT 10.0; Win64; x64) AppleWebKit/537.36 (KHTML, like Gecko) Chrome/125.0.6422.60 Safari/537.36 Edge/12.246"
34.123.170.104 - - [22/Jul/2026:02:34:15 +0000] "GET /wp-includes/js/dist/script-modules/block-library/navigation/view.min.js?ver=96a846e1d7b789c39ab9 HTTP/1.1" 200 3053 "http://godshandglobal.shop/" "Mozilla/5.0 (Windows NT 10.0; Win64; x64) AppleWebKit/537.36 (KHTML, like Gecko) Chrome/125.0.6422.60 Safari/537.36 Edge/12.246"
34.123.170.104 - - [22/Jul/2026:02:34:15 +0000] "GET /wp-content/plugins/pixelyoursite/dist/scripts/jquery.bind-first-0.2.3.min.js?ver=0.2.3 HTTP/1.1" 200 1317 "http://godshandglobal.shop/" "Mozilla/5.0 (Windows NT 10.0; Win64; x64) AppleWebKit/537.36 (KHTML, like Gecko) Chrome/125.0.6422.60 Safari/537.36 Edge/12.246"
34.123.170.104 - - [22/Jul/2026:02:34:15 +0000] "GET /wp-content/plugins/pixelyoursite/dist/scripts/js.cookie-2.1.3.min.js?ver=2.1.3 HTTP/1.1" 200 1709 "http://godshandglobal.shop/" "Mozilla/5.0 (Windows NT 10.0; Win64; x64) AppleWebKit/537.36 (KHTML, like Gecko) Chrome/125.0.6422.60 Safari/537.36 Edge/12.246"
34.123.170.104 - - [22/Jul/2026:02:34:15 +0000] "GET /wp-content/plugins/pixelyoursite/dist/scripts/tld.min.js?ver=2.3.1 HTTP/1.1" 200 141079 "http://godshandglobal.shop/" "Mozilla/5.0 (Windows NT 10.0; Win64; x64) AppleWebKit/537.36 (KHTML, like Gecko) Chrome/125.0.6422.60 Safari/537.36 Edge/12.246"
34.123.170.104 - - [22/Jul/2026:02:34:15 +0000] "GET /wp-content/plugins/pixelyoursite/dist/scripts/public.js?ver=11.2.1 HTTP/1.1" 200 172979 "http://godshandglobal.shop/" "Mozilla/5.0 (Windows NT 10.0; Win64; x64) AppleWebKit/537.36 (KHTML, like Gecko) Chrome/125.0.6422.60 Safari/537.36 Edge/12.246"
34.123.170.104 - - [22/Jul/2026:02:34:19 +0000] "GET /wp-content/themes/twentytwentyfour/assets/fonts/cardo/cardo_normal_400.woff2 HTTP/1.1" 200 146060 "http://godshandglobal.shop/" "Mozilla/5.0 (Windows NT 10.0; Win64; x64) AppleWebKit/537.36 (KHTML, like Gecko) Chrome/125.0.6422.60 Safari/537.36 Edge/12.246"
34.123.170.104 - - [22/Jul/2026:02:34:19 +0000] "GET /wp-content/themes/twentytwentyfour/assets/fonts/cardo/cardo_italic_400.woff2 HTTP/1.1" 200 105184 "http://godshandglobal.shop/" "Mozilla/5.0 (Windows NT 10.0; Win64; x64) AppleWebKit/537.36 (KHTML, like Gecko) Chrome/125.0.6422.60 Safari/537.36 Edge/12.246"
34.123.170.104 - - [22/Jul/2026:02:34:19 +0000] "GET /wp-includes/js/wp-emoji-release.min.js?ver=7.0.2 HTTP/1.1" 200 22752 "http://godshandglobal.shop/" "Mozilla/5.0 (Windows NT 10.0; Win64; x64) AppleWebKit/537.36 (KHTML, like Gecko) Chrome/125.0.6422.60 Safari/537.36 Edge/12.246"
34.72.176.129 - - [22/Jul/2026:02:34:19 +0000] "GET /wp-content/themes/twentytwentyfour/assets/fonts/inter/Inter-VariableFont_slnt,wght.woff2 HTTP/1.1" 200 326628 "http://godshandglobal.shop/" "Mozilla/5.0 (Windows NT 10.0; Win64; x64) AppleWebKit/537.36 (KHTML, like Gecko) Chrome/125.0.6422.60 Safari/537.36 Edge/12.246"
205.169.39.72 - - [22/Jul/2026:02:34:23 +0000] "GET / HTTP/1.1" 200 100241 "-" "Mozilla/5.0 (Windows NT 6.1; Win64; x64) AppleWebKit/537.36 (KHTML, like Gecko) Chrome/83.0.4103.61 Safari/537.36"
205.169.39.72 - - [22/Jul/2026:02:34:25 +0000] "GET /wp-includes/js/jquery/jquery.min.js?ver=3.7.1 HTTP/1.1" 200 87553 "http://godshandglobal.shop/" "Mozilla/5.0 (Windows NT 6.1; Win64; x64) AppleWebKit/537.36 (KHTML, like Gecko) Chrome/83.0.4103.61 Safari/537.36"
205.169.39.72 - - [22/Jul/2026:02:34:25 +0000] "GET /wp-includes/js/jquery/jquery-migrate.min.js?ver=3.4.1 HTTP/1.1" 200 13577 "http://godshandglobal.shop/" "Mozilla/5.0 (Windows NT 6.1; Win64; x64) AppleWebKit/537.36 (KHTML, like Gecko) Chrome/83.0.4103.61 Safari/537.36"
205.169.39.72 - - [22/Jul/2026:02:34:26 +0000] "GET /wp-content/plugins/pixelyoursite/dist/scripts/jquery.bind-first-0.2.3.min.js?ver=0.2.3 HTTP/1.1" 200 1317 "http://godshandglobal.shop/" "Mozilla/5.0 (Windows NT 6.1; Win64; x64) AppleWebKit/537.36 (KHTML, like Gecko) Chrome/83.0.4103.61 Safari/537.36"
205.169.39.72 - - [22/Jul/2026:02:34:26 +0000] "GET /wp-content/plugins/pixelyoursite/dist/scripts/js.cookie-2.1.3.min.js?ver=2.1.3 HTTP/1.1" 200 1709 "http://godshandglobal.shop/" "Mozilla/5.0 (Windows NT 6.1; Win64; x64) AppleWebKit/537.36 (KHTML, like Gecko) Chrome/83.0.4103.61 Safari/537.36"
205.169.39.72 - - [22/Jul/2026:02:34:26 +0000] "GET /wp-content/plugins/pixelyoursite/dist/scripts/tld.min.js?ver=2.3.1 HTTP/1.1" 200 141079 "http://godshandglobal.shop/" "Mozilla/5.0 (Windows NT 6.1; Win64; x64) AppleWebKit/537.36 (KHTML, like Gecko) Chrome/83.0.4103.61 Safari/537.36"
205.169.39.72 - - [22/Jul/2026:02:34:26 +0000] "GET /wp-content/plugins/pixelyoursite/dist/scripts/public.js?ver=11.2.1 HTTP/1.1" 200 172979 "http://godshandglobal.shop/" "Mozilla/5.0 (Windows NT 6.1; Win64; x64) AppleWebKit/537.36 (KHTML, like Gecko) Chrome/83.0.4103.61 Safari/537.36"
205.169.39.72 - - [22/Jul/2026:02:34:30 +0000] "GET / HTTP/1.1" 200 100241 "-" "Mozilla/5.0 (Windows NT 10.0; Win64; x64) AppleWebKit/537.36 (KHTML, like Gecko) Chrome/79.0.3945.79 Safari/537.36"
205.169.39.72 - - [22/Jul/2026:02:34:34 +0000] "GET /wp-includes/blocks/navigation/style.min.css?ver=7.0.2 HTTP/1.1" 200 20709 "http://godshandglobal.shop/" "Mozilla/5.0 (Windows NT 10.0; Win64; x64) AppleWebKit/537.36 (KHTML, like Gecko) Chrome/79.0.3945.79 Safari/537.36"
205.169.39.72 - - [22/Jul/2026:02:34:34 +0000] "GET /wp-includes/js/dist/script-modules/interactivity/index.min.js?ver=efaa5193bbad9c60ffd1 HTTP/1.1" 200 40106 "http://godshandglobal.shop/" "Mozilla/5.0 (Windows NT 10.0; Win64; x64) AppleWebKit/537.36 (KHTML, like Gecko) Chrome/79.0.3945.79 Safari/537.36"
205.169.39.72 - - [22/Jul/2026:02:34:34 +0000] "GET /wp-includes/js/jquery/jquery.min.js?ver=3.7.1 HTTP/1.1" 200 87553 "http://godshandglobal.shop/" "Mozilla/5.0 (Windows NT 10.0; Win64; x64) AppleWebKit/537.36 (KHTML, like Gecko) Chrome/79.0.3945.79 Safari/537.36"
205.169.39.72 - - [22/Jul/2026:02:34:34 +0000] "GET /wp-includes/js/jquery/jquery-migrate.min.js?ver=3.4.1 HTTP/1.1" 200 13577 "http://godshandglobal.shop/" "Mozilla/5.0 (Windows NT 10.0; Win64; x64) AppleWebKit/537.36 (KHTML, like Gecko) Chrome/79.0.3945.79 Safari/537.36"
205.169.39.72 - - [22/Jul/2026:02:34:34 +0000] "GET /wp-includes/js/dist/script-modules/block-library/navigation/view.min.js?ver=96a846e1d7b789c39ab9 HTTP/1.1" 200 3053 "http://godshandglobal.shop/" "Mozilla/5.0 (Windows NT 10.0; Win64; x64) AppleWebKit/537.36 (KHTML, like Gecko) Chrome/79.0.3945.79 Safari/537.36"
205.169.39.72 - - [22/Jul/2026:02:34:34 +0000] "GET /wp-content/themes/twentytwentyfour/assets/images/tourist-and-building.webp HTTP/1.1" 200 66482 "http://godshandglobal.shop/" "Mozilla/5.0 (Windows NT 10.0; Win64; x64) AppleWebKit/537.36 (KHTML, like Gecko) Chrome/79.0.3945.79 Safari/537.36"
205.169.39.72 - - [22/Jul/2026:02:34:34 +0000] "GET /wp-content/themes/twentytwentyfour/assets/images/windows.webp HTTP/1.1" 200 126244 "http://godshandglobal.shop/" "Mozilla/5.0 (Windows NT 10.0; Win64; x64) AppleWebKit/537.36 (KHTML, like Gecko) Chrome/79.0.3945.79 Safari/537.36"
205.169.39.72 - - [22/Jul/2026:02:34:34 +0000] "GET /wp-content/plugins/pixelyoursite/dist/scripts/jquery.bind-first-0.2.3.min.js?ver=0.2.3 HTTP/1.1" 200 1317 "http://godshandglobal.shop/" "Mozilla/5.0 (Windows NT 10.0; Win64; x64) AppleWebKit/537.36 (KHTML, like Gecko) Chrome/79.0.3945.79 Safari/537.36"
205.169.39.72 - - [22/Jul/2026:02:34:34 +0000] "GET /wp-content/themes/twentytwentyfour/assets/images/building-exterior.webp HTTP/1.1" 200 199724 "http://godshandglobal.shop/" "Mozilla/5.0 (Windows NT 10.0; Win64; x64) AppleWebKit/537.36 (KHTML, like Gecko) Chrome/79.0.3945.79 Safari/537.36"
205.169.39.72 - - [22/Jul/2026:02:34:34 +0000] "GET /wp-content/plugins/pixelyoursite/dist/scripts/js.cookie-2.1.3.min.js?ver=2.1.3 HTTP/1.1" 200 1709 "http://godshandglobal.shop/" "Mozilla/5.0 (Windows NT 10.0; Win64; x64) AppleWebKit/537.36 (KHTML, like Gecko) Chrome/79.0.3945.79 Safari/537.36"
205.169.39.72 - - [22/Jul/2026:02:34:34 +0000] "GET /wp-content/plugins/pixelyoursite/dist/scripts/public.js?ver=11.2.1 HTTP/1.1" 200 172979 "http://godshandglobal.shop/" "Mozilla/5.0 (Windows NT 10.0; Win64; x64) AppleWebKit/537.36 (KHTML, like Gecko) Chrome/79.0.3945.79 Safari/537.36"
205.169.39.72 - - [22/Jul/2026:02:34:34 +0000] "GET /wp-content/themes/twentytwentyfour/assets/fonts/inter/Inter-VariableFont_slnt,wght.woff2 HTTP/1.1" 200 326628 "http://godshandglobal.shop/" "Mozilla/5.0 (Windows NT 10.0; Win64; x64) AppleWebKit/537.36 (KHTML, like Gecko) Chrome/79.0.3945.79 Safari/537.36"
205.169.39.72 - - [22/Jul/2026:02:34:34 +0000] "GET /wp-content/themes/twentytwentyfour/assets/fonts/cardo/cardo_normal_400.woff2 HTTP/1.1" 200 146060 "http://godshandglobal.shop/" "Mozilla/5.0 (Windows NT 10.0; Win64; x64) AppleWebKit/537.36 (KHTML, like Gecko) Chrome/79.0.3945.79 Safari/537.36"
205.169.39.72 - - [22/Jul/2026:02:34:34 +0000] "GET /wp-content/themes/twentytwentyfour/assets/fonts/cardo/cardo_italic_400.woff2 HTTP/1.1" 200 105184 "http://godshandglobal.shop/" "Mozilla/5.0 (Windows NT 10.0; Win64; x64) AppleWebKit/537.36 (KHTML, like Gecko) Chrome/79.0.3945.79 Safari/537.36"
205.169.39.72 - - [22/Jul/2026:02:34:34 +0000] "GET /wp-content/plugins/pixelyoursite/dist/scripts/tld.min.js?ver=2.3.1 HTTP/1.1" 200 141079 "http://godshandglobal.shop/" "Mozilla/5.0 (Windows NT 10.0; Win64; x64) AppleWebKit/537.36 (KHTML, like Gecko) Chrome/79.0.3945.79 Safari/537.36"
205.169.39.72 - - [22/Jul/2026:02:34:39 +0000] "GET /wp-includes/js/wp-emoji-release.min.js?ver=7.0.2 HTTP/1.1" 200 22752 "http://godshandglobal.shop/" "Mozilla/5.0 (Windows NT 10.0; Win64; x64) AppleWebKit/537.36 (KHTML, like Gecko) Chrome/79.0.3945.79 Safari/537.36"
66.249.75.235 - - [22/Jul/2026:02:38:05 +0000] "GET /ammika.php?sitemap1.xml HTTP/1.1" 200 536153 "-" "Mozilla/5.0 (compatible; Googlebot/2.1; +http://www.google.com/bot.html)"
172.71.164.230 - - [22/Jul/2026:02:43:50 +0000] "GET /wp-admin/install.php?step=1 HTTP/1.1" 404 81487 "-" "http://godshandglobal.shop/wp-admin/install.php?step=1"
172.71.182.51 - - [22/Jul/2026:02:50:37 +0000] "GET /wp-admin/install.php?step=1 HTTP/1.1" 404 81487 "-" "http://godshandglobal.shop/wp-admin/install.php?step=1"
66.249.75.234 - - [22/Jul/2026:02:55:57 +0000] "GET /robots.txt HTTP/1.1" 200 120 "-" "Mozilla/5.0 (compatible; Googlebot/2.1; +http://www.google.com/bot.html)"
66.249.75.234 - - [22/Jul/2026:02:56:00 +0000] "GET /saiga.php?sitemap710.xml HTTP/1.1" 200 586200 "-" "Mozilla/5.0 (compatible; Googlebot/2.1; +http://www.google.com/bot.html)"
162.158.111.87 - - [22/Jul/2026:02:57:25 +0000] "GET /wp-admin/install.php?step=1 HTTP/1.1" 404 81487 "-" "http://godshandglobal.shop/wp-admin/install.php?step=1"
101.32.49.171 - - [22/Jul/2026:03:07:38 +0000] "GET / HTTP/1.1" 301 - "-" "Mozilla/5.0 (iPhone; CPU iPhone OS 13_2_3 like Mac OS X) AppleWebKit/605.1.15 (KHTML, like Gecko) Version/13.0.3 Mobile/15E148 Safari/604.1"
101.32.49.171 - - [22/Jul/2026:03:07:41 +0000] "GET / HTTP/1.1" 200 100241 "http://www.godshandglobal.shop" "Mozilla/5.0 (iPhone; CPU iPhone OS 13_2_3 like Mac OS X) AppleWebKit/605.1.15 (KHTML, like Gecko) Version/13.0.3 Mobile/15E148 Safari/604.1"
104.23.223.100 - - [22/Jul/2026:03:13:35 +0000] "GET /wp-admin/install.php?step=1 HTTP/1.1" 404 81487 "-" "http://godshandglobal.shop/wp-admin/install.php?step=1"
66.249.75.234 - - [22/Jul/2026:03:17:30 +0000] "GET /saiga.php?sitemap388.xml HTTP/1.1" 200 586315 "-" "Mozilla/5.0 (compatible; Googlebot/2.1; +http://www.google.com/bot.html)"
66.249.75.234 - - [22/Jul/2026:03:17:59 +0000] "GET /ammika.php?sitemap743.xml HTTP/1.1" 200 536141 "-" "Mozilla/5.0 (compatible; Googlebot/2.1; +http://www.google.com/bot.html)"
195.178.110.223 - - [22/Jul/2026:03:27:09 +0000] "GET /.git/config HTTP/1.1" 301 - "-" "Opera/9.80 (Android; Opera Mini/43.3.2254/150.36; U; en) Presto/2.12.423 Version/12.16"
66.249.75.234 - - [22/Jul/2026:03:30:43 +0000] "GET /saiga.php?sitemap496.xml HTTP/1.1" 200 586476 "-" "Mozilla/5.0 (compatible; Googlebot/2.1; +http://www.google.com/bot.html)"
104.23.217.25 - - [22/Jul/2026:03:35:22 +0000] "GET /wp-admin/install.php?step=1 HTTP/1.1" 404 81487 "-" "http://godshandglobal.shop/wp-admin/install.php?step=1"
173.232.230.137 - - [22/Jul/2026:03:44:00 +0000] "GET http://godshandglobal.shop/wp-login.php HTTP/1.1" 302 - "http://may.mhqzwphbcueqxoaxlssilfufo.xyz/" "Mozilla/5.0 (Windows NT 10.0; Win64; x64) AppleWebKit/537.36 (KHTML, like Gecko) Chrome/148.0.0.0 Safari/537.36"
172.71.164.230 - - [22/Jul/2026:03:45:22 +0000] "GET /wp-admin/install.php?step=1 HTTP/1.1" 404 81487 "-" "http://godshandglobal.shop/wp-admin/install.php?step=1"
66.249.77.76 - - [22/Jul/2026:03:50:19 +0000] "GET /saiga.php?sitemap882.xml HTTP/1.1" 200 586402 "-" "Mozilla/5.0 (compatible; Googlebot/2.1; +http://www.google.com/bot.html)"
198.177.124.148 - - [22/Jul/2026:04:02:27 +0000] "GET /.well-known/acme-challenge/-HTGKED_GHNE5BS1D8CZ9NXALUOL2-QD HTTP/1.1" 200 64 "-" "Cpanel-HTTP-Client/1.0"
198.177.124.148 - - [22/Jul/2026:04:02:28 +0000] "GET /.well-known/acme-challenge/WVAB8RJ1P20KZ24JMB6U-WPX3-QHAH4Y HTTP/1.1" 200 64 "-" "Cpanel-HTTP-Client/1.0"
198.177.124.148 - - [22/Jul/2026:04:06:04 +0000] "POST /wp-cron.php?doing_wp_cron=1784693164.4217350482940673828125 HTTP/1.1" 200 - "-" "WordPress/7.0.2; https://godshandglobal.shop"
104.23.223.100 - - [22/Jul/2026:04:06:03 +0000] "GET /wp-admin/install.php?step=1 HTTP/1.1" 404 - "-" "http://godshandglobal.shop/wp-admin/install.php?step=1"
198.177.124.148 - - [22/Jul/2026:04:14:41 +0000] "POST /wp-cron.php?doing_wp_cron=1784693681.5656421184539794921875 HTTP/1.1" 200 - "-" "WordPress/7.0.2; https://godshandglobal.shop"
82.156.88.97 - - [22/Jul/2026:04:14:39 +0000] "GET / HTTP/1.1" 200 - "-" "Mozilla/5.0 (iPhone; CPU iPhone OS 13_2_3 like Mac OS X) AppleWebKit/605.1.15 (KHTML, like Gecko) Version/13.0.3 Mobile/15E148 Safari/604.1"
66.249.77.76 - - [22/Jul/2026:04:28:18 +0000] "GET /robots.txt HTTP/1.1" 200 196954 "-" "Mozilla/5.0 (compatible; Googlebot/2.1; +http://www.google.com/bot.html)"
66.249.77.75 - - [22/Jul/2026:04:28:20 +0000] "GET /saiga.php?sitemap917.xml HTTP/1.1" 200 586259 "-" "Mozilla/5.0 (compatible; Googlebot/2.1; +http://www.google.com/bot.html)"
198.177.124.148 - - [22/Jul/2026:04:31:48 +0000] "POST /wp-cron.php?doing_wp_cron=1784694708.6836850643157958984375 HTTP/1.1" 200 - "-" "WordPress/7.0.2; https://godshandglobal.shop"
162.158.87.246 - - [22/Jul/2026:04:31:47 +0000] "GET /wp-admin/install.php?step=1 HTTP/1.1" 404 - "-" "http://godshandglobal.shop/wp-admin/install.php?step=1"
198.177.124.148 - - [22/Jul/2026:04:41:21 +0000] "POST /wp-cron.php?doing_wp_cron=1784695281.7134211063385009765625 HTTP/1.1" 200 - "-" "WordPress/7.0.2; https://godshandglobal.shop"
172.70.248.24 - - [22/Jul/2026:04:41:19 +0000] "GET /wp-admin/install.php?step=1 HTTP/1.1" 404 - "-" "http://godshandglobal.shop/wp-admin/install.php?step=1"
66.249.77.77 - - [22/Jul/2026:04:43:17 +0000] "GET /saiga.php?sitemap732.xml HTTP/1.1" 200 586203 "-" "Mozilla/5.0 (compatible; Googlebot/2.1; +http://www.google.com/bot.html)"
66.249.77.75 - - [22/Jul/2026:04:45:00 +0000] "GET /saiga.php?sitemap337.xml HTTP/1.1" 200 586077 "-" "Mozilla/5.0 (compatible; Googlebot/2.1; +http://www.google.com/bot.html)"
66.249.77.77 - - [22/Jul/2026:04:47:54 +0000] "GET /saiga.php?sitemap660.xml HTTP/1.1" 200 586243 "-" "Mozilla/5.0 (compatible; Googlebot/2.1; +http://www.google.com/bot.html)"
66.249.77.75 - - [22/Jul/2026:04:48:21 +0000] "GET /saiga.php?sitemap312.xml HTTP/1.1" 200 586178 "-" "Mozilla/5.0 (compatible; Googlebot/2.1; +http://www.google.com/bot.html)"
198.177.124.148 - - [22/Jul/2026:04:48:46 +0000] "POST /wp-cron.php?doing_wp_cron=1784695726.2336709499359130859375 HTTP/1.1" 200 - "-" "WordPress/7.0.2; https://godshandglobal.shop"
162.158.183.79 - - [22/Jul/2026:04:48:44 +0000] "GET /wp-admin/install.php?step=1 HTTP/1.1" 404 - "-" "http://godshandglobal.shop/wp-admin/install.php?step=1"
66.249.77.76 - - [22/Jul/2026:04:51:53 +0000] "GET /saiga.php?sitemap853.xml HTTP/1.1" 200 586248 "-" "Mozilla/5.0 (compatible; Googlebot/2.1; +http://www.google.com/bot.html)"
198.177.124.148 - - [22/Jul/2026:05:04:21 +0000] "POST /wp-cron.php?doing_wp_cron=1784696661.4749600887298583984375 HTTP/1.1" 200 - "-" "WordPress/7.0.2; https://godshandglobal.shop"
4.43.184.113 - - [22/Jul/2026:05:04:19 +0000] "GET / HTTP/1.1" 200 - "-" "Mozilla/5.0 (X11; Linux x86_64) AppleWebKit/537.36 (KHTML, like Gecko) Chrome/44.0.2403.157 Safari/537.36"
198.177.124.148 - - [22/Jul/2026:05:08:05 +0000] "POST /wp-cron.php?doing_wp_cron=1784696885.6360731124877929687500 HTTP/1.1" 200 - "-" "WordPress/7.0.2; https://godshandglobal.shop"
172.71.178.102 - - [22/Jul/2026:05:08:03 +0000] "GET /wp-admin/install.php?step=1 HTTP/1.1" 404 - "-" "http://godshandglobal.shop/wp-admin/install.php?step=1"
66.249.77.77 - - [22/Jul/2026:05:11:35 +0000] "GET /saiga.php?sitemap730.xml HTTP/1.1" 200 586406 "-" "Mozilla/5.0 (compatible; Googlebot/2.1; +http://www.google.com/bot.html)"
66.249.77.75 - - [22/Jul/2026:05:13:14 +0000] "GET /saiga.php?sitemap443.xml HTTP/1.1" 200 586396 "-" "Mozilla/5.0 (compatible; Googlebot/2.1; +http://www.google.com/bot.html)"
66.249.77.75 - - [22/Jul/2026:05:21:10 +0000] "GET /saiga.php?sitemap401.xml HTTP/1.1" 200 586194 "-" "Mozilla/5.0 (compatible; Googlebot/2.1; +http://www.google.com/bot.html)"
198.177.124.148 - - [22/Jul/2026:05:24:15 +0000] "POST /wp-cron.php?doing_wp_cron=1784697855.7023561000823974609375 HTTP/1.1" 200 - "-" "WordPress/7.0.2; https://godshandglobal.shop"
172.71.144.22 - - [22/Jul/2026:05:24:12 +0000] "GET /wp-admin/install.php?step=1 HTTP/1.1" 404 - "-" "http://godshandglobal.shop/wp-admin/install.php?step=1"
198.177.124.148 - - [22/Jul/2026:05:26:29 +0000] "POST /wp-cron.php?doing_wp_cron=1784697988.9725968837738037109375 HTTP/1.1" 200 - "-" "WordPress/7.0.2; https://godshandglobal.shop"
18.210.209.197 - - [22/Jul/2026:05:26:24 +0000] "GET / HTTP/1.1" 200 - "-" "Mozilla"
18.210.209.197 - - [22/Jul/2026:05:26:25 +0000] "GET / HTTP/1.1" 200 - "-" "Mozilla"
66.249.77.76 - - [22/Jul/2026:05:28:36 +0000] "GET /saiga.php?sitemap579.xml HTTP/1.1" 200 586219 "-" "Mozilla/5.0 (compatible; Googlebot/2.1; +http://www.google.com/bot.html)"
66.249.77.77 - - [22/Jul/2026:05:31:55 +0000] "GET /ammika.php?sitemap303.xml HTTP/1.1" 200 536151 "-" "Mozilla/5.0 (compatible; Googlebot/2.1; +http://www.google.com/bot.html)"
198.177.124.148 - - [22/Jul/2026:05:35:12 +0000] "POST /wp-cron.php?doing_wp_cron=1784698512.3367450237274169921875 HTTP/1.1" 200 - "-" "WordPress/7.0.2; https://godshandglobal.shop"
104.23.223.101 - - [22/Jul/2026:05:35:11 +0000] "GET /wp-admin/install.php?step=1 HTTP/1.1" 404 - "-" "http://godshandglobal.shop/wp-admin/install.php?step=1"
66.249.77.77 - - [22/Jul/2026:05:39:14 +0000] "GET /saiga.php?sitemap781.xml HTTP/1.1" 200 586104 "-" "Mozilla/5.0 (compatible; Googlebot/2.1; +http://www.google.com/bot.html)"
198.177.124.148 - - [22/Jul/2026:05:55:19 +0000] "POST /wp-cron.php?doing_wp_cron=1784699719.4002430438995361328125 HTTP/1.1" 200 - "-" "WordPress/7.0.2; https://godshandglobal.shop"
162.158.95.7 - - [22/Jul/2026:05:55:17 +0000] "GET /wp-admin/install.php?step=1 HTTP/1.1" 404 - "-" "http://godshandglobal.shop/wp-admin/install.php?step=1"
66.249.77.77 - - [22/Jul/2026:05:58:20 +0000] "GET /saiga.php?sitemap787.xml HTTP/1.1" 200 586240 "-" "Mozilla/5.0 (compatible; Googlebot/2.1; +http://www.google.com/bot.html)"
66.249.77.75 - - [22/Jul/2026:06:01:03 +0000] "GET /ammika.php?sitemap814.xml HTTP/1.1" 200 536178 "-" "Mozilla/5.0 (compatible; Googlebot/2.1; +http://www.google.com/bot.html)"
198.177.124.148 - - [22/Jul/2026:06:05:38 +0000] "POST /wp-cron.php?doing_wp_cron=1784700338.3528940677642822265625 HTTP/1.1" 200 - "-" "WordPress/7.0.2; https://godshandglobal.shop"
49.51.204.74 - - [22/Jul/2026:06:05:36 +0000] "GET / HTTP/1.1" 200 - "-" "Mozilla/5.0 (iPhone; CPU iPhone OS 13_2_3 like Mac OS X) AppleWebKit/605.1.15 (KHTML, like Gecko) Version/13.0.3 Mobile/15E148 Safari/604.1"
198.177.124.148 - - [22/Jul/2026:06:14:19 +0000] "POST /wp-cron.php?doing_wp_cron=1784700859.5076959133148193359375 HTTP/1.1" 200 - "-" "WordPress/7.0.2; https://godshandglobal.shop"
172.71.144.22 - - [22/Jul/2026:06:14:18 +0000] "GET /wp-admin/install.php?step=1 HTTP/1.1" 404 - "-" "http://godshandglobal.shop/wp-admin/install.php?step=1"
66.249.77.77 - - [22/Jul/2026:06:14:22 +0000] "GET /saiga.php?sitemap618.xml HTTP/1.1" 200 585832 "-" "Mozilla/5.0 (compatible; Googlebot/2.1; +http://www.google.com/bot.html)"
66.249.77.76 - - [22/Jul/2026:06:19:28 +0000] "GET /saiga.php?sitemap747.xml HTTP/1.1" 200 586359 "-" "Mozilla/5.0 (compatible; Googlebot/2.1; +http://www.google.com/bot.html)"
198.177.124.148 - - [22/Jul/2026:06:20:57 +0000] "POST /wp-cron.php?doing_wp_cron=1784701257.2785549163818359375000 HTTP/1.1" 200 - "-" "WordPress/7.0.2; https://godshandglobal.shop"
104.23.221.107 - - [22/Jul/2026:06:20:55 +0000] "GET /wp-admin/install.php?step=1 HTTP/1.1" 404 - "-" "http://godshandglobal.shop/wp-admin/install.php?step=1"
66.249.77.75 - - [22/Jul/2026:06:26:15 +0000] "GET /saiga.php?sitemap963.xml HTTP/1.1" 200 586490 "-" "Mozilla/5.0 (compatible; Googlebot/2.1; +http://www.google.com/bot.html)"
198.177.124.148 - - [22/Jul/2026:06:27:50 +0000] "POST /wp-cron.php?doing_wp_cron=1784701670.0593030452728271484375 HTTP/1.1" 200 - "-" "WordPress/7.0.2; https://godshandglobal.shop"
172.69.150.141 - - [22/Jul/2026:06:27:47 +0000] "GET /wp-admin/install.php?step=1 HTTP/1.1" 404 - "-" "http://godshandglobal.shop/wp-admin/install.php?step=1"
66.249.77.75 - - [22/Jul/2026:06:28:55 +0000] "GET /saiga.php?sitemap80.xml HTTP/1.1" 200 586254 "-" "Mozilla/5.0 (compatible; Googlebot/2.1; +http://www.google.com/bot.html)"
198.177.124.148 - - [22/Jul/2026:06:33:47 +0000] "POST /wp-cron.php?doing_wp_cron=1784702027.5022840499877929687500 HTTP/1.1" 200 - "-" "WordPress/7.0.2; https://godshandglobal.shop"
45.92.87.56 - - [22/Jul/2026:06:33:46 +0000] "GET / HTTP/1.1" 200 - "-" "Mozilla/5.0 (Windows NT 10.0; Win64; x64) AppleWebKit/537.36 (KHTML, like Gecko) Chrome/94.0.4606.61 Safari/537.36"
198.177.124.148 - - [22/Jul/2026:06:43:26 +0000] "POST /wp-cron.php?doing_wp_cron=1784702606.8863859176635742187500 HTTP/1.1" 200 - "-" "WordPress/7.0.2; https://godshandglobal.shop"
104.23.168.111 - - [22/Jul/2026:06:43:25 +0000] "GET /wp-admin/install.php?step=1 HTTP/1.1" 404 - "-" "http://godshandglobal.shop/wp-admin/install.php?step=1"
198.177.124.148 - - [22/Jul/2026:06:45:11 +0000] "POST /wp-cron.php?doing_wp_cron=1784702711.3456161022186279296875 HTTP/1.1" 200 - "-" "WordPress/7.0.2; https://godshandglobal.shop"
129.226.146.146 - - [22/Jul/2026:06:45:09 +0000] "GET / HTTP/1.1" 200 - "-" "Mozilla/5.0 (iPhone; CPU iPhone OS 13_2_3 like Mac OS X) AppleWebKit/605.1.15 (KHTML, like Gecko) Version/13.0.3 Mobile/15E148 Safari/604.1"
198.177.124.148 - - [22/Jul/2026:06:50:27 +0000] "POST /wp-cron.php?doing_wp_cron=1784703027.1192700862884521484375 HTTP/1.1" 200 - "-" "WordPress/7.0.2; https://godshandglobal.shop"
185.177.72.17 - - [22/Jul/2026:06:50:24 +0000] "GET /wp-json/gravitysmtp/v1/tests/mock-data?page=gravitysmtp-settings HTTP/1.1" 404 114 "-" "curl/8.7.1"
185.177.72.17 - - [22/Jul/2026:06:50:27 +0000] "GET / HTTP/1.1" 200 - "-" "curl/8.7.1"
185.177.72.17 - - [22/Jul/2026:06:50:29 +0000] "GET /admin HTTP/1.1" 404 - "-" "curl/8.7.1"
185.177.72.17 - - [22/Jul/2026:06:50:31 +0000] "GET /admin/ HTTP/1.1" 404 - "-" "curl/8.7.1"
185.177.72.17 - - [22/Jul/2026:06:50:33 +0000] "GET /admin/login HTTP/1.1" 404 - "-" "curl/8.7.1"
185.177.72.17 - - [22/Jul/2026:06:50:35 +0000] "GET /admin/dashboard HTTP/1.1" 404 - "-" "curl/8.7.1"
185.177.72.17 - - [22/Jul/2026:06:50:37 +0000] "GET /admin/config HTTP/1.1" 404 - "-" "curl/8.7.1"
185.177.72.17 - - [22/Jul/2026:06:50:38 +0000] "GET /admin/settings HTTP/1.1" 404 - "-" "curl/8.7.1"
185.177.72.17 - - [22/Jul/2026:06:50:40 +0000] "GET /admin/users HTTP/1.1" 404 - "-" "curl/8.7.1"
185.177.72.17 - - [22/Jul/2026:06:50:42 +0000] "GET /admin/logs HTTP/1.1" 404 - "-" "curl/8.7.1"
185.177.72.17 - - [22/Jul/2026:06:50:43 +0000] "GET /admin/api HTTP/1.1" 404 - "-" "curl/8.7.1"
185.177.72.17 - - [22/Jul/2026:06:50:45 +0000] "GET /admin/backup HTTP/1.1" 404 - "-" "curl/8.7.1"
185.177.72.17 - - [22/Jul/2026:06:50:47 +0000] "GET /admin/export HTTP/1.1" 404 - "-" "curl/8.7.1"
185.177.72.17 - - [22/Jul/2026:06:50:50 +0000] "GET /admin/import HTTP/1.1" 404 - "-" "curl/8.7.1"
185.177.72.17 - - [22/Jul/2026:06:50:52 +0000] "GET /admin/upload HTTP/1.1" 404 - "-" "curl/8.7.1"
185.177.72.17 - - [22/Jul/2026:06:50:54 +0000] "GET /admin/file HTTP/1.1" 404 - "-" "curl/8.7.1"
185.177.72.17 - - [22/Jul/2026:06:50:56 +0000] "GET /admin/files HTTP/1.1" 404 - "-" "curl/8.7.1"
185.177.72.17 - - [22/Jul/2026:06:50:58 +0000] "GET /admin/media HTTP/1.1" 404 - "-" "curl/8.7.1"
185.177.72.17 - - [22/Jul/2026:06:51:00 +0000] "GET /admin/images HTTP/1.1" 404 - "-" "curl/8.7.1"
185.177.72.17 - - [22/Jul/2026:06:51:02 +0000] "GET /admin/db HTTP/1.1" 404 - "-" "curl/8.7.1"
198.177.124.148 - - [22/Jul/2026:06:51:07 +0000] "POST /wp-cron.php?doing_wp_cron=1784703067.3197009563446044921875 HTTP/1.1" 200 - "-" "WordPress/7.0.2; https://godshandglobal.shop"
185.177.72.17 - - [22/Jul/2026:06:51:05 +0000] "GET /admin/database HTTP/1.1" 404 - "-" "curl/8.7.1"
185.177.72.17 - - [22/Jul/2026:06:51:07 +0000] "GET /admin/sql HTTP/1.1" 404 - "-" "curl/8.7.1"
185.177.72.17 - - [22/Jul/2026:06:51:09 +0000] "GET /admin/cache HTTP/1.1" 404 - "-" "curl/8.7.1"
185.177.72.17 - - [22/Jul/2026:06:51:11 +0000] "GET /admin/cron HTTP/1.1" 404 - "-" "curl/8.7.1"
185.177.72.17 - - [22/Jul/2026:06:51:13 +0000] "GET /admin/jobs HTTP/1.1" 404 - "-" "curl/8.7.1"
185.177.72.17 - - [22/Jul/2026:06:51:15 +0000] "GET /admin/queue HTTP/1.1" 404 - "-" "curl/8.7.1"
185.177.72.17 - - [22/Jul/2026:06:51:17 +0000] "GET /admin/tasks HTTP/1.1" 404 - "-" "curl/8.7.1"
185.177.72.17 - - [22/Jul/2026:06:51:20 +0000] "GET /admin/reports HTTP/1.1" 404 - "-" "curl/8.7.1"
185.177.72.17 - - [22/Jul/2026:06:51:21 +0000] "GET /admin/analytics HTTP/1.1" 404 - "-" "curl/8.7.1"
185.177.72.17 - - [22/Jul/2026:06:51:23 +0000] "GET /admin/stats HTTP/1.1" 404 - "-" "curl/8.7.1"
185.177.72.17 - - [22/Jul/2026:06:51:25 +0000] "GET /admin/monitoring HTTP/1.1" 404 - "-" "curl/8.7.1"
185.177.72.17 - - [22/Jul/2026:06:51:28 +0000] "GET /admin/health HTTP/1.1" 404 - "-" "curl/8.7.1"
185.177.72.17 - - [22/Jul/2026:06:51:29 +0000] "GET /admin/debug HTTP/1.1" 404 - "-" "curl/8.7.1"
185.177.72.17 - - [22/Jul/2026:06:51:31 +0000] "GET /admin/test HTTP/1.1" 404 - "-" "curl/8.7.1"
185.177.72.17 - - [22/Jul/2026:06:51:33 +0000] "GET /admin/phpinfo HTTP/1.1" 404 - "-" "curl/8.7.1"
185.177.72.17 - - [22/Jul/2026:06:51:34 +0000] "GET /admin/info HTTP/1.1" 404 - "-" "curl/8.7.1"
185.177.72.17 - - [22/Jul/2026:06:51:36 +0000] "GET /admin/system HTTP/1.1" 404 - "-" "curl/8.7.1"
185.177.72.17 - - [22/Jul/2026:06:51:38 +0000] "GET /admin/tools HTTP/1.1" 404 - "-" "curl/8.7.1"
185.177.72.17 - - [22/Jul/2026:06:51:40 +0000] "GET /admin/console HTTP/1.1" 404 - "-" "curl/8.7.1"
185.177.72.17 - - [22/Jul/2026:06:51:43 +0000] "GET /admin/terminal HTTP/1.1" 404 - "-" "curl/8.7.1"
185.177.72.17 - - [22/Jul/2026:06:51:45 +0000] "GET /admin/shell HTTP/1.1" 404 - "-" "curl/8.7.1"
185.177.72.17 - - [22/Jul/2026:06:51:47 +0000] "GET /admin/cms HTTP/1.1" 404 - "-" "curl/8.7.1"
185.177.72.17 - - [22/Jul/2026:06:51:50 +0000] "GET /admin/content HTTP/1.1" 404 - "-" "curl/8.7.1"
185.177.72.17 - - [22/Jul/2026:06:51:52 +0000] "GET /admin/pages HTTP/1.1" 404 - "-" "curl/8.7.1"
185.177.72.17 - - [22/Jul/2026:06:51:54 +0000] "GET /admin/posts HTTP/1.1" 404 - "-" "curl/8.7.1"
185.177.72.17 - - [22/Jul/2026:06:51:56 +0000] "GET /admin/comments HTTP/1.1" 404 - "-" "curl/8.7.1"
185.177.72.17 - - [22/Jul/2026:06:51:58 +0000] "GET /admin/plugins HTTP/1.1" 404 - "-" "curl/8.7.1"
185.177.72.17 - - [22/Jul/2026:06:52:00 +0000] "GET /admin/themes HTTP/1.1" 404 - "-" "curl/8.7.1"
185.177.72.17 - - [22/Jul/2026:06:52:03 +0000] "GET /admin/modules HTTP/1.1" 404 - "-" "curl/8.7.1"
185.177.72.17 - - [22/Jul/2026:06:52:04 +0000] "GET /admin/extensions HTTP/1.1" 404 - "-" "curl/8.7.1"
198.177.124.148 - - [22/Jul/2026:06:52:08 +0000] "POST /wp-cron.php?doing_wp_cron=1784703128.8468399047851562500000 HTTP/1.1" 200 - "-" "WordPress/7.0.2; https://godshandglobal.shop"
185.177.72.17 - - [22/Jul/2026:06:52:07 +0000] "GET /admin/addons HTTP/1.1" 404 - "-" "curl/8.7.1"
185.177.72.17 - - [22/Jul/2026:06:52:09 +0000] "GET /admin/accounts HTTP/1.1" 404 - "-" "curl/8.7.1"
185.177.72.17 - - [22/Jul/2026:06:52:11 +0000] "GET /admin/roles HTTP/1.1" 404 - "-" "curl/8.7.1"
185.177.72.17 - - [22/Jul/2026:06:52:13 +0000] "GET /admin/permissions HTTP/1.1" 404 - "-" "curl/8.7.1"
185.177.72.17 - - [22/Jul/2026:06:52:15 +0000] "GET /admin/groups HTTP/1.1" 404 - "-" "curl/8.7.1"
185.177.72.17 - - [22/Jul/2026:06:52:17 +0000] "GET /admin/members HTTP/1.1" 404 - "-" "curl/8.7.1"
185.177.72.17 - - [22/Jul/2026:06:52:19 +0000] "GET /admin/customers HTTP/1.1" 404 - "-" "curl/8.7.1"
185.177.72.17 - - [22/Jul/2026:06:52:22 +0000] "GET /admin/orders HTTP/1.1" 404 - "-" "curl/8.7.1"
185.177.72.17 - - [22/Jul/2026:06:52:25 +0000] "GET /admin/products HTTP/1.1" 404 - "-" "curl/8.7.1"
185.177.72.17 - - [22/Jul/2026:06:52:27 +0000] "GET /admin/categories HTTP/1.1" 404 - "-" "curl/8.7.1"
185.177.72.17 - - [22/Jul/2026:06:52:28 +0000] "GET /admin/invoices HTTP/1.1" 404 - "-" "curl/8.7.1"
185.177.72.17 - - [22/Jul/2026:06:52:31 +0000] "GET /admin/payments HTTP/1.1" 404 - "-" "curl/8.7.1"
185.177.72.17 - - [22/Jul/2026:06:52:33 +0000] "GET /admin/transactions HTTP/1.1" 404 - "-" "curl/8.7.1"
185.177.72.17 - - [22/Jul/2026:06:52:34 +0000] "GET /admin/billing HTTP/1.1" 404 - "-" "curl/8.7.1"
185.177.72.17 - - [22/Jul/2026:06:52:36 +0000] "GET /admin/subscriptions HTTP/1.1" 404 - "-" "curl/8.7.1"
185.177.72.17 - - [22/Jul/2026:06:52:38 +0000] "GET /admin/coupons HTTP/1.1" 404 - "-" "curl/8.7.1"
185.177.72.17 - - [22/Jul/2026:06:52:40 +0000] "GET /admin/discounts HTTP/1.1" 404 - "-" "curl/8.7.1"
185.177.72.17 - - [22/Jul/2026:06:52:42 +0000] "GET /admin/shipping HTTP/1.1" 404 - "-" "curl/8.7.1"
185.177.72.17 - - [22/Jul/2026:06:52:44 +0000] "GET /admin/tax HTTP/1.1" 404 - "-" "curl/8.7.1"
185.177.72.17 - - [22/Jul/2026:06:52:46 +0000] "GET /admin/emails HTTP/1.1" 404 - "-" "curl/8.7.1"
185.177.72.17 - - [22/Jul/2026:06:52:48 +0000] "GET /admin/notifications HTTP/1.1" 404 - "-" "curl/8.7.1"
185.177.72.17 - - [22/Jul/2026:06:52:50 +0000] "GET /admin/messages HTTP/1.1" 404 - "-" "curl/8.7.1"
185.177.72.17 - - [22/Jul/2026:06:52:52 +0000] "GET /admin/tickets HTTP/1.1" 404 - "-" "curl/8.7.1"
185.177.72.17 - - [22/Jul/2026:06:52:54 +0000] "GET /admin/support HTTP/1.1" 404 - "-" "curl/8.7.1"
185.177.72.17 - - [22/Jul/2026:06:52:56 +0000] "GET /admin/feedback HTTP/1.1" 404 - "-" "curl/8.7.1"
185.177.72.17 - - [22/Jul/2026:06:52:58 +0000] "GET /admin/reviews HTTP/1.1" 404 - "-" "curl/8.7.1"
185.177.72.17 - - [22/Jul/2026:06:53:00 +0000] "GET /admin/webhooks HTTP/1.1" 404 - "-" "curl/8.7.1"
185.177.72.17 - - [22/Jul/2026:06:53:02 +0000] "GET /admin/integrations HTTP/1.1" 404 - "-" "curl/8.7.1"
185.177.72.17 - - [22/Jul/2026:06:53:04 +0000] "GET /admin/api-keys HTTP/1.1" 404 - "-" "curl/8.7.1"
198.177.124.148 - - [22/Jul/2026:06:53:08 +0000] "POST /wp-cron.php?doing_wp_cron=1784703188.6787118911743164062500 HTTP/1.1" 200 - "-" "WordPress/7.0.2; https://godshandglobal.shop"
185.177.72.17 - - [22/Jul/2026:06:53:06 +0000] "GET /admin/tokens HTTP/1.1" 404 - "-" "curl/8.7.1"
185.177.72.17 - - [22/Jul/2026:06:53:08 +0000] "GET /admin/sessions HTTP/1.1" 404 - "-" "curl/8.7.1"
185.177.72.17 - - [22/Jul/2026:06:53:11 +0000] "GET /admin/security HTTP/1.1" 404 - "-" "curl/8.7.1"
185.177.72.17 - - [22/Jul/2026:06:53:12 +0000] "GET /admin/audit HTTP/1.1" 404 - "-" "curl/8.7.1"
185.177.72.17 - - [22/Jul/2026:06:53:14 +0000] "GET /admin/changelog HTTP/1.1" 404 - "-" "curl/8.7.1"
185.177.72.17 - - [22/Jul/2026:06:53:16 +0000] "GET /administrator HTTP/1.1" 404 - "-" "curl/8.7.1"
185.177.72.17 - - [22/Jul/2026:06:53:18 +0000] "GET /administrator/login HTTP/1.1" 404 - "-" "curl/8.7.1"
185.177.72.17 - - [22/Jul/2026:06:53:20 +0000] "GET /administrator/index.php HTTP/1.1" 404 - "-" "curl/8.7.1"
185.177.72.17 - - [22/Jul/2026:06:53:21 +0000] "GET /adminpanel HTTP/1.1" 404 - "-" "curl/8.7.1"
185.177.72.17 - - [22/Jul/2026:06:53:23 +0000] "GET /admin-panel HTTP/1.1" 404 - "-" "curl/8.7.1"
185.177.72.17 - - [22/Jul/2026:06:53:25 +0000] "GET /admin-console HTTP/1.1" 404 - "-" "curl/8.7.1"
185.177.72.17 - - [22/Jul/2026:06:53:27 +0000] "GET /admin-portal HTTP/1.1" 404 - "-" "curl/8.7.1"
185.177.72.17 - - [22/Jul/2026:06:53:29 +0000] "GET /admin.php HTTP/1.1" 404 - "-" "curl/8.7.1"
185.177.72.17 - - [22/Jul/2026:06:53:30 +0000] "GET /admin.html HTTP/1.1" 404 - "-" "curl/8.7.1"
185.177.72.17 - - [22/Jul/2026:06:53:32 +0000] "GET /admin.asp HTTP/1.1" 404 - "-" "curl/8.7.1"
185.177.72.17 - - [22/Jul/2026:06:53:34 +0000] "GET /admin.aspx HTTP/1.1" 404 - "-" "curl/8.7.1"
185.177.72.17 - - [22/Jul/2026:06:53:36 +0000] "GET /admin.jsp HTTP/1.1" 404 - "-" "curl/8.7.1"
185.177.72.17 - - [22/Jul/2026:06:53:39 +0000] "GET /admin.cgi HTTP/1.1" 404 - "-" "curl/8.7.1"
185.177.72.17 - - [22/Jul/2026:06:53:41 +0000] "GET /adm HTTP/1.1" 404 - "-" "curl/8.7.1"
185.177.72.17 - - [22/Jul/2026:06:53:44 +0000] "GET /adm/ HTTP/1.1" 404 - "-" "curl/8.7.1"
185.177.72.17 - - [22/Jul/2026:06:53:46 +0000] "GET /administer HTTP/1.1" 404 - "-" "curl/8.7.1"
185.177.72.17 - - [22/Jul/2026:06:53:48 +0000] "GET /admins HTTP/1.1" 404 - "-" "curl/8.7.1"
185.177.72.17 - - [22/Jul/2026:06:53:49 +0000] "GET /sysadmin HTTP/1.1" 404 - "-" "curl/8.7.1"
185.177.72.17 - - [22/Jul/2026:06:53:51 +0000] "GET /superadmin HTTP/1.1" 404 - "-" "curl/8.7.1"
185.177.72.17 - - [22/Jul/2026:06:53:53 +0000] "GET /super-admin HTTP/1.1" 404 - "-" "curl/8.7.1"
185.177.72.17 - - [22/Jul/2026:06:53:55 +0000] "GET /root HTTP/1.1" 404 - "-" "curl/8.7.1"
185.177.72.17 - - [22/Jul/2026:06:53:57 +0000] "GET /root/ HTTP/1.1" 404 - "-" "curl/8.7.1"
185.177.72.17 - - [22/Jul/2026:06:53:58 +0000] "GET /master HTTP/1.1" 404 - "-" "curl/8.7.1"
185.177.72.17 - - [22/Jul/2026:06:54:00 +0000] "GET /manage HTTP/1.1" 404 - "-" "curl/8.7.1"
185.177.72.17 - - [22/Jul/2026:06:54:03 +0000] "GET /manager HTTP/1.1" 404 - "-" "curl/8.7.1"
185.177.72.17 - - [22/Jul/2026:06:54:05 +0000] "GET /management HTTP/1.1" 404 - "-" "curl/8.7.1"
198.177.124.148 - - [22/Jul/2026:06:54:08 +0000] "POST /wp-cron.php?doing_wp_cron=1784703248.7257459163665771484375 HTTP/1.1" 200 - "-" "WordPress/7.0.2; https://godshandglobal.shop"
185.177.72.17 - - [22/Jul/2026:06:54:07 +0000] "GET /control HTTP/1.1" 404 - "-" "curl/8.7.1"
185.177.72.17 - - [22/Jul/2026:06:54:08 +0000] "GET /controlpanel HTTP/1.1" 200 34704 "-" "curl/8.7.1"
185.177.72.17 - - [22/Jul/2026:06:54:09 +0000] "GET /control-panel HTTP/1.1" 404 - "-" "curl/8.7.1"
185.177.72.17 - - [22/Jul/2026:06:54:12 +0000] "GET /cp HTTP/1.1" 404 - "-" "curl/8.7.1"
185.177.72.17 - - [22/Jul/2026:06:54:13 +0000] "GET /cpanel HTTP/1.1" 200 34704 "-" "curl/8.7.1"
185.177.72.17 - - [22/Jul/2026:06:54:14 +0000] "GET /panel HTTP/1.1" 404 - "-" "curl/8.7.1"
185.177.72.17 - - [22/Jul/2026:06:54:15 +0000] "GET /panel/login HTTP/1.1" 404 - "-" "curl/8.7.1"
185.177.72.17 - - [22/Jul/2026:06:54:17 +0000] "GET /portal HTTP/1.1" 404 - "-" "curl/8.7.1"
185.177.72.17 - - [22/Jul/2026:06:54:19 +0000] "GET /portal/ HTTP/1.1" 404 - "-" "curl/8.7.1"
185.177.72.17 - - [22/Jul/2026:06:54:21 +0000] "GET /portal/login HTTP/1.1" 404 - "-" "curl/8.7.1"
185.177.72.17 - - [22/Jul/2026:06:54:22 +0000] "GET /backoffice HTTP/1.1" 404 - "-" "curl/8.7.1"
185.177.72.17 - - [22/Jul/2026:06:54:24 +0000] "GET /back-office HTTP/1.1" 404 - "-" "curl/8.7.1"
185.177.72.17 - - [22/Jul/2026:06:54:25 +0000] "GET /backend HTTP/1.1" 404 - "-" "curl/8.7.1"
185.177.72.17 - - [22/Jul/2026:06:54:27 +0000] "GET /back-end HTTP/1.1" 404 - "-" "curl/8.7.1"
185.177.72.17 - - [22/Jul/2026:06:54:29 +0000] "GET /internal HTTP/1.1" 404 - "-" "curl/8.7.1"
185.177.72.17 - - [22/Jul/2026:06:54:31 +0000] "GET /intranet HTTP/1.1" 404 - "-" "curl/8.7.1"
185.177.72.17 - - [22/Jul/2026:06:54:33 +0000] "GET /private HTTP/1.1" 404 - "-" "curl/8.7.1"
185.177.72.17 - - [22/Jul/2026:06:54:34 +0000] "GET /staff HTTP/1.1" 404 - "-" "curl/8.7.1"
185.177.72.17 - - [22/Jul/2026:06:54:37 +0000] "GET /employee HTTP/1.1" 404 - "-" "curl/8.7.1"
185.177.72.17 - - [22/Jul/2026:06:54:39 +0000] "GET /operator HTTP/1.1" 404 - "-" "curl/8.7.1"
185.177.72.17 - - [22/Jul/2026:06:54:42 +0000] "GET /moderator HTTP/1.1" 404 - "-" "curl/8.7.1"
185.177.72.17 - - [22/Jul/2026:06:54:44 +0000] "GET /supervisor HTTP/1.1" 404 - "-" "curl/8.7.1"
185.177.72.17 - - [22/Jul/2026:06:54:47 +0000] "GET /webmaster HTTP/1.1" 404 - "-" "curl/8.7.1"
185.177.72.17 - - [22/Jul/2026:06:54:49 +0000] "GET /webadmin HTTP/1.1" 404 - "-" "curl/8.7.1"
185.177.72.17 - - [22/Jul/2026:06:54:51 +0000] "GET /siteadmin HTTP/1.1" 404 - "-" "curl/8.7.1"
185.177.72.17 - - [22/Jul/2026:06:54:53 +0000] "GET /dashboard HTTP/1.1" 404 - "-" "curl/8.7.1"
185.177.72.17 - - [22/Jul/2026:06:54:55 +0000] "GET /dashboard/ HTTP/1.1" 404 - "-" "curl/8.7.1"
185.177.72.17 - - [22/Jul/2026:06:54:56 +0000] "GET /dashboard/login HTTP/1.1" 404 - "-" "curl/8.7.1"
185.177.72.17 - - [22/Jul/2026:06:54:58 +0000] "GET /dashboard/admin HTTP/1.1" 404 - "-" "curl/8.7.1"
185.177.72.17 - - [22/Jul/2026:06:54:59 +0000] "GET /dashboard/api HTTP/1.1" 404 - "-" "curl/8.7.1"
185.177.72.17 - - [22/Jul/2026:06:55:01 +0000] "GET /dashboard/settings HTTP/1.1" 404 - "-" "curl/8.7.1"
185.177.72.17 - - [22/Jul/2026:06:55:04 +0000] "GET /login HTTP/1.1" 404 - "-" "curl/8.7.1"
198.177.124.148 - - [22/Jul/2026:06:55:08 +0000] "POST /wp-cron.php?doing_wp_cron=1784703308.1592609882354736328125 HTTP/1.1" 200 - "-" "WordPress/7.0.2; https://godshandglobal.shop"
185.177.72.17 - - [22/Jul/2026:06:55:06 +0000] "GET /login/ HTTP/1.1" 404 - "-" "curl/8.7.1"
185.177.72.17 - - [22/Jul/2026:06:55:08 +0000] "GET /login.php HTTP/1.1" 404 - "-" "curl/8.7.1"
185.177.72.17 - - [22/Jul/2026:06:55:10 +0000] "GET /login.html HTTP/1.1" 404 - "-" "curl/8.7.1"
185.177.72.17 - - [22/Jul/2026:06:55:12 +0000] "GET /login.asp HTTP/1.1" 404 - "-" "curl/8.7.1"
185.177.72.17 - - [22/Jul/2026:06:55:14 +0000] "GET /login.aspx HTTP/1.1" 404 - "-" "curl/8.7.1"
185.177.72.17 - - [22/Jul/2026:06:55:17 +0000] "GET /login.jsp HTTP/1.1" 404 - "-" "curl/8.7.1"
185.177.72.17 - - [22/Jul/2026:06:55:19 +0000] "GET /log-in HTTP/1.1" 404 - "-" "curl/8.7.1"
185.177.72.17 - - [22/Jul/2026:06:55:21 +0000] "GET /log_in HTTP/1.1" 404 - "-" "curl/8.7.1"
185.177.72.17 - - [22/Jul/2026:06:55:22 +0000] "GET /signin HTTP/1.1" 404 - "-" "curl/8.7.1"
