HEX
Server: Apache
System: Linux server1.yalehafricanfoods.shop 5.14.0-687.15.1.el9_8.x86_64 #1 SMP PREEMPT_DYNAMIC Thu Jun 11 08:51:45 EDT 2026 x86_64
User: yalenocb (1002)
PHP: 8.1.34
Disabled: NONE
Upload Files
File: /home/yalenocb/access-logs/godsgraceprinting.shop.yalehafricanfoods.shop
172.69.150.210 - - [21/Jul/2026:08:38:45 +0000] "GET /wp-admin/install.php?step=1 HTTP/1.1" 200 1425 "-" "http://godsgraceprinting.shop/wp-admin/install.php?step=1"
110.42.208.131 - - [21/Jul/2026:08:51:39 +0000] "GET / HTTP/1.1" 200 83363 "-" "Mozilla/5.0 (iPhone; CPU iPhone OS 13_2_3 like Mac OS X) AppleWebKit/605.1.15 (KHTML, like Gecko) Version/13.0.3 Mobile/15E148 Safari/604.1"
198.177.124.148 - - [21/Jul/2026:09:07:32 +0000] "POST /wp-cron.php?doing_wp_cron=1784624852.7192580699920654296875 HTTP/1.1" 200 - "-" "WordPress/7.0.2; https://godsgraceprinting.shop"
37.46.199.70 - - [21/Jul/2026:09:07:31 +0000] "POST /xmlrpc.php HTTP/1.1" 404 76352 "-" "Go-http-client/1.1"
172.70.248.97 - - [21/Jul/2026:10:25:39 +0000] "GET /wp-admin/install.php?step=1 HTTP/1.1" 404 76352 "-" "http://godsgraceprinting.shop/wp-admin/install.php?step=1"
185.13.96.91 - - [21/Jul/2026:10:27:13 +0000] "GET / HTTP/1.1" 200 83363 "-" "Mozilla/5.0 (X11; CrOS x86_64 14541.0.0) AppleWebKit/537.36 (KHTML, like Gecko) Chrome/121.0.0.0 Safari/537.3"
43.135.140.225 - - [21/Jul/2026:10:32:18 +0000] "GET / HTTP/1.1" 200 83363 "-" "Mozilla/5.0 (iPhone; CPU iPhone OS 13_2_3 like Mac OS X) AppleWebKit/605.1.15 (KHTML, like Gecko) Version/13.0.3 Mobile/15E148 Safari/604.1"
198.177.124.148 - - [21/Jul/2026:12:08:45 +0000] "POST /wp-cron.php?doing_wp_cron=1784635725.2855160236358642578125 HTTP/1.1" 200 - "-" "WordPress/7.0.2; https://godsgraceprinting.shop"
104.23.221.72 - - [21/Jul/2026:12:08:43 +0000] "GET /wp-admin/install.php?step=1 HTTP/1.1" 404 76352 "-" "http://godsgraceprinting.shop/wp-admin/install.php?step=1"
172.71.164.139 - - [21/Jul/2026:13:51:38 +0000] "GET /wp-admin/install.php?step=1 HTTP/1.1" 404 76352 "-" "http://godsgraceprinting.shop/wp-admin/install.php?step=1"
66.249.66.78 - - [21/Jul/2026:13:57:45 +0000] "GET /robots.txt HTTP/1.1" 200 123 "-" "Mozilla/5.0 (compatible; Googlebot/2.1; +http://www.google.com/bot.html)"
54.237.54.235 - - [21/Jul/2026:14:02:36 +0000] "GET / HTTP/1.1" 200 83363 "-" "Mozilla/5.0 (X11; Linux x86_64) AppleWebKit/537.36 (KHTML, like Gecko) Chrome/96.0.4664.93 Safari/537.36"
43.132.214.228 - - [21/Jul/2026:14:41:10 +0000] "GET / HTTP/1.1" 200 83363 "-" "Mozilla/5.0 (iPhone; CPU iPhone OS 13_2_3 like Mac OS X) AppleWebKit/605.1.15 (KHTML, like Gecko) Version/13.0.3 Mobile/15E148 Safari/604.1"
172.70.250.14 - - [21/Jul/2026:15:37:55 +0000] "GET /wp-admin/install.php?step=1 HTTP/1.1" 404 76352 "-" "http://godsgraceprinting.shop/wp-admin/install.php?step=1"
104.23.239.144 - - [21/Jul/2026:17:23:02 +0000] "GET /wp-admin/install.php?step=1 HTTP/1.1" 404 76352 "-" "http://godsgraceprinting.shop/wp-admin/install.php?step=1"
198.177.124.148 - - [21/Jul/2026:18:52:39 +0000] "POST /wp-cron.php?doing_wp_cron=1784659959.3076710700988769531250 HTTP/1.1" 200 - "-" "WordPress/7.0.2; https://godsgraceprinting.shop"
43.135.130.202 - - [21/Jul/2026:18:52:38 +0000] "GET / HTTP/1.1" 200 83363 "-" "Mozilla/5.0 (iPhone; CPU iPhone OS 13_2_3 like Mac OS X) AppleWebKit/605.1.15 (KHTML, like Gecko) Version/13.0.3 Mobile/15E148 Safari/604.1"
198.177.124.148 - - [21/Jul/2026:19:03:43 +0000] "POST /wp-cron.php?doing_wp_cron=1784660623.3820660114288330078125 HTTP/1.1" 200 - "-" "WordPress/7.0.2; https://godsgraceprinting.shop"
104.23.239.145 - - [21/Jul/2026:19:03:42 +0000] "GET /wp-admin/install.php?step=1 HTTP/1.1" 404 76352 "-" "http://godsgraceprinting.shop/wp-admin/install.php?step=1"
198.177.124.148 - - [21/Jul/2026:19:55:18 +0000] "POST /wp-cron.php?doing_wp_cron=1784663718.6830799579620361328125 HTTP/1.1" 200 - "-" "WordPress/7.0.2; https://godsgraceprinting.shop"
138.197.24.29 - - [21/Jul/2026:19:55:17 +0000] "GET / HTTP/1.1" 200 83363 "-" "Mozilla/5.0 (X11; Linux x86_64) AppleWebKit/537.36 (KHTML, like Gecko) Chrome/142.0.0.0 Safari/537.36"
138.197.24.29 - - [21/Jul/2026:19:55:18 +0000] "GET /favicon.ico HTTP/1.1" 302 - "http://godsgraceprinting.shop/" "Mozilla/5.0 (X11; Linux x86_64) AppleWebKit/537.36 (KHTML, like Gecko) Chrome/142.0.0.0 Safari/537.36"
104.22.104.48 - - [21/Jul/2026:20:48:30 +0000] "GET /wp-admin/install.php?step=1 HTTP/1.1" 404 76352 "-" "http://godsgraceprinting.shop/wp-admin/install.php?step=1"
198.177.124.148 - - [21/Jul/2026:21:06:28 +0000] "POST /wp-cron.php?doing_wp_cron=1784667988.8586039543151855468750 HTTP/1.1" 200 - "-" "WordPress/7.0.2; https://godsgraceprinting.shop"
129.28.84.30 - - [21/Jul/2026:21:06:26 +0000] "GET / HTTP/1.1" 200 83363 "-" "Mozilla/5.0 (iPhone; CPU iPhone OS 13_2_3 like Mac OS X) AppleWebKit/605.1.15 (KHTML, like Gecko) Version/13.0.3 Mobile/15E148 Safari/604.1"
198.177.124.148 - - [21/Jul/2026:22:29:28 +0000] "POST /wp-cron.php?doing_wp_cron=1784672968.7101130485534667968750 HTTP/1.1" 200 - "-" "WordPress/7.0.2; https://godsgraceprinting.shop"
172.68.192.207 - - [21/Jul/2026:22:29:27 +0000] "GET /wp-admin/install.php?step=1 HTTP/1.1" 404 76352 "-" "http://godsgraceprinting.shop/wp-admin/install.php?step=1"
198.177.124.148 - - [21/Jul/2026:23:03:01 +0000] "POST /wp-cron.php?doing_wp_cron=1784674981.1400198936462402343750 HTTP/1.1" 200 - "-" "WordPress/7.0.2; https://godsgraceprinting.shop"
43.130.14.245 - - [21/Jul/2026:23:02:59 +0000] "GET / HTTP/1.1" 200 83363 "-" "Mozilla/5.0 (iPhone; CPU iPhone OS 13_2_3 like Mac OS X) AppleWebKit/605.1.15 (KHTML, like Gecko) Version/13.0.3 Mobile/15E148 Safari/604.1"
136.67.60.28 - - [21/Jul/2026:23:15:25 +0000] "GET /bootstrap.php HTTP/1.1" 404 76352 "-" "Mozilla/5.0 (Windows NT 10.0; Win64; x64) AppleWebKit/537.36 (KHTML, like Gecko) Chrome/91.0.4472.124 Safari/537.36"
136.67.60.28 - - [21/Jul/2026:23:15:38 +0000] "GET /system/bootstrap.php HTTP/1.1" 404 76352 "-" "Mozilla/5.0 (Windows NT 10.0; Win64; x64) AppleWebKit/537.36 (KHTML, like Gecko) Chrome/91.0.4472.124 Safari/537.36"
198.177.124.148 - - [22/Jul/2026:00:10:08 +0000] "POST /wp-cron.php?doing_wp_cron=1784679008.9427430629730224609375 HTTP/1.1" 200 - "-" "WordPress/7.0.2; https://godsgraceprinting.shop"
172.71.241.53 - - [22/Jul/2026:00:10:07 +0000] "GET /wp-admin/install.php?step=1 HTTP/1.1" 404 76352 "-" "http://godsgraceprinting.shop/wp-admin/install.php?step=1"
63.141.250.58 - - [22/Jul/2026:00:49:31 +0000] "GET /index.php?params=1 HTTP/1.1" 301 - "-" "Mozilla/5.0 (Windows NT 10.0; Win64; x64) AppleWebKit/537.36 (KHTML, like Gecko) Chrome/131.0.0.0 Safari/537.36"
63.141.250.58 - - [22/Jul/2026:00:49:32 +0000] "GET /?params=1 HTTP/1.1" 200 83363 "-" "Mozilla/5.0 (Windows NT 10.0; Win64; x64) AppleWebKit/537.36 (KHTML, like Gecko) Chrome/131.0.0.0 Safari/537.36"
63.141.250.58 - - [22/Jul/2026:00:51:01 +0000] "GET /index.php?params=1 HTTP/1.1" 301 - "-" "Mozilla/5.0 (Windows NT 10.0; Win64; x64) AppleWebKit/537.36 (KHTML, like Gecko) Chrome/131.0.0.0 Safari/537.36"
63.141.250.58 - - [22/Jul/2026:00:51:03 +0000] "GET /?params=1 HTTP/1.1" 200 83363 "-" "Mozilla/5.0 (Windows NT 10.0; Win64; x64) AppleWebKit/537.36 (KHTML, like Gecko) Chrome/131.0.0.0 Safari/537.36"
198.177.124.148 - - [22/Jul/2026:01:10:05 +0000] "POST /wp-cron.php?doing_wp_cron=1784682605.0331571102142333984375 HTTP/1.1" 200 - "-" "WordPress/7.0.2; https://godsgraceprinting.shop"
124.156.157.91 - - [22/Jul/2026:01:10:02 +0000] "GET / HTTP/1.1" 200 83363 "-" "Mozilla/5.0 (iPhone; CPU iPhone OS 13_2_3 like Mac OS X) AppleWebKit/605.1.15 (KHTML, like Gecko) Version/13.0.3 Mobile/15E148 Safari/604.1"
198.177.124.148 - - [22/Jul/2026:01:53:25 +0000] "POST /wp-cron.php?doing_wp_cron=1784685205.9781329631805419921875 HTTP/1.1" 200 - "-" "WordPress/7.0.2; https://godsgraceprinting.shop"
104.23.223.118 - - [22/Jul/2026:01:53:24 +0000] "GET /wp-admin/install.php?step=1 HTTP/1.1" 404 76352 "-" "http://godsgraceprinting.shop/wp-admin/install.php?step=1"
198.177.124.148 - - [22/Jul/2026:02:05:26 +0000] "POST /wp-cron.php?doing_wp_cron=1784685926.0529661178588867187500 HTTP/1.1" 200 - "-" "WordPress/7.0.2; https://godsgraceprinting.shop"
17.246.19.101 - - [22/Jul/2026:02:05:24 +0000] "GET /robots.txt HTTP/1.1" 200 123 "-" "Mozilla/5.0 (Macintosh; Intel Mac OS X 10_15_7) AppleWebKit/605.1.15 (KHTML, like Gecko) Version/17.4 Safari/605.1.15 (Applebot/0.1; +http://www.apple.com/go/applebot)"
198.177.124.148 - - [22/Jul/2026:03:32:43 +0000] "POST /wp-cron.php?doing_wp_cron=1784691163.0207688808441162109375 HTTP/1.1" 200 - "-" "WordPress/7.0.2; https://godsgraceprinting.shop"
43.130.116.87 - - [22/Jul/2026:03:32:40 +0000] "GET / HTTP/1.1" 200 83363 "-" "Mozilla/5.0 (iPhone; CPU iPhone OS 13_2_3 like Mac OS X) AppleWebKit/605.1.15 (KHTML, like Gecko) Version/13.0.3 Mobile/15E148 Safari/604.1"
172.71.102.86 - - [22/Jul/2026:03:32:47 +0000] "GET /wp-admin/install.php?step=1 HTTP/1.1" 404 76352 "-" "http://godsgraceprinting.shop/wp-admin/install.php?step=1"
106.75.66.169 - - [22/Jul/2026:04:32:16 +0000] "GET / HTTP/1.1" 200 83363 "-" "Mozilla/5.0 (Windows NT 7_1; Win64; x64) AppleWebKit/595.41 (KHTML, like Gecko) Chrome/57.0.1577 Safari/537.36"
106.75.66.169 - - [22/Jul/2026:04:32:28 +0000] "GET /favicon.ico HTTP/1.1" 302 - "-" "Go-http-client/1.1"
106.75.66.169 - - [22/Jul/2026:04:32:29 +0000] "GET /wp-includes/images/w-logo-blue-white-bg.png HTTP/1.1" 200 4119 "http://godsgraceprinting.shop/favicon.ico" "Go-http-client/1.1"
106.75.66.169 - - [22/Jul/2026:04:32:29 +0000] "GET /sitemap.xml HTTP/1.1" 301 - "-" "Go-http-client/1.1"
106.75.66.169 - - [22/Jul/2026:04:32:30 +0000] "GET /robots.txt HTTP/1.1" 200 123 "-" "Go-http-client/1.1"
198.177.124.148 - - [22/Jul/2026:05:13:38 +0000] "POST /wp-cron.php?doing_wp_cron=1784697218.5117399692535400390625 HTTP/1.1" 200 - "-" "WordPress/7.0.2; https://godsgraceprinting.shop"
162.158.111.22 - - [22/Jul/2026:05:13:36 +0000] "GET /wp-admin/install.php?step=1 HTTP/1.1" 404 76352 "-" "http://godsgraceprinting.shop/wp-admin/install.php?step=1"
185.177.72.17 - - [22/Jul/2026:06:50:22 +0000] "GET /wp-json/gravitysmtp/v1/tests/mock-data?page=gravitysmtp-settings HTTP/1.1" 404 114 "-" "curl/8.7.1"
185.177.72.17 - - [22/Jul/2026:06:50:24 +0000] "GET / HTTP/1.1" 200 83363 "-" "curl/8.7.1"
185.177.72.17 - - [22/Jul/2026:06:50:26 +0000] "GET /admin HTTP/1.1" 302 - "-" "curl/8.7.1"
104.23.217.57 - - [22/Jul/2026:06:56:05 +0000] "GET /wp-admin/install.php?step=1 HTTP/1.1" 404 76352 "-" "http://godsgraceprinting.shop/wp-admin/install.php?step=1"
185.177.72.53 - - [22/Jul/2026:07:25:27 +0000] "GET /wp-includes/js/dist/script-modules/block-library/navigation/view.min.js HTTP/1.1" 200 3053 "-" "curl/8.7.1"
185.177.72.53 - - [22/Jul/2026:07:25:27 +0000] "POST / HTTP/1.1" 200 83363 "-" "Mozilla/5.0 (Windows NT 10.0; Win64; x64) AppleWebKit/537.36"
185.177.72.53 - - [22/Jul/2026:07:25:29 +0000] "POST / HTTP/1.1" 200 83363 "-" "Mozilla/5.0 (Windows NT 10.0; Win64; x64) AppleWebKit/537.36"
185.177.72.53 - - [22/Jul/2026:07:25:32 +0000] "POST /_next HTTP/1.1" 404 76352 "-" "Mozilla/5.0 (Windows NT 10.0; Win64; x64) AppleWebKit/537.36"
185.177.72.53 - - [22/Jul/2026:07:25:34 +0000] "POST /api HTTP/1.1" 404 76352 "-" "Mozilla/5.0 (Windows NT 10.0; Win64; x64) AppleWebKit/537.36"
185.177.72.53 - - [22/Jul/2026:07:25:35 +0000] "POST /api/auth HTTP/1.1" 404 76352 "-" "Mozilla/5.0 (Windows NT 10.0; Win64; x64) AppleWebKit/537.36"
185.177.72.53 - - [22/Jul/2026:07:25:37 +0000] "POST /api/auth/callback HTTP/1.1" 404 76352 "-" "Mozilla/5.0 (Windows NT 10.0; Win64; x64) AppleWebKit/537.36"
185.177.72.53 - - [22/Jul/2026:07:25:40 +0000] "POST /api/auth/session HTTP/1.1" 404 76352 "-" "Mozilla/5.0 (Windows NT 10.0; Win64; x64) AppleWebKit/537.36"
185.177.72.53 - - [22/Jul/2026:07:25:41 +0000] "POST /_rsc HTTP/1.1" 404 76352 "-" "Mozilla/5.0 (Windows NT 10.0; Win64; x64) AppleWebKit/537.36"
185.177.72.53 - - [22/Jul/2026:07:25:43 +0000] "POST /__rsc HTTP/1.1" 404 76352 "-" "Mozilla/5.0 (Windows NT 10.0; Win64; x64) AppleWebKit/537.36"
185.177.72.53 - - [22/Jul/2026:07:25:45 +0000] "POST /.action HTTP/1.1" 404 76352 "-" "Mozilla/5.0 (Windows NT 10.0; Win64; x64) AppleWebKit/537.36"
185.177.72.53 - - [22/Jul/2026:07:25:47 +0000] "POST /__nextjs_action HTTP/1.1" 404 76352 "-" "Mozilla/5.0 (Windows NT 10.0; Win64; x64) AppleWebKit/537.36"
185.177.72.53 - - [22/Jul/2026:07:25:48 +0000] "POST /_middleware HTTP/1.1" 404 76352 "-" "Mozilla/5.0 (Windows NT 10.0; Win64; x64) AppleWebKit/537.36"
185.177.72.53 - - [22/Jul/2026:07:25:50 +0000] "POST /_next/image HTTP/1.1" 404 76352 "-" "Mozilla/5.0 (Windows NT 10.0; Win64; x64) AppleWebKit/537.36"
185.177.72.53 - - [22/Jul/2026:07:25:52 +0000] "POST /RSC/rf9nh5dles8rnky.txt HTTP/1.1" 404 76352 "-" "Mozilla/5.0 (Windows NT 10.0; Win64; x64) AppleWebKit/537.36"
185.177.72.53 - - [22/Jul/2026:07:25:53 +0000] "POST /RSC/R/119wm6bhmm2bg1b.txt HTTP/1.1" 404 76352 "-" "Mozilla/5.0 (Windows NT 10.0; Win64; x64) AppleWebKit/537.36"
185.177.72.53 - - [22/Jul/2026:07:25:55 +0000] "POST /vendor/phpunit/phpunit/src/Util/PHP/eval-stdin.php HTTP/1.1" 404 76352 "-" "curl/8.7.1"
185.177.72.53 - - [22/Jul/2026:07:25:57 +0000] "POST /vendor/phpunit/phpunit/Util/PHP/eval-stdin.php HTTP/1.1" 404 76352 "-" "curl/8.7.1"
185.177.72.53 - - [22/Jul/2026:07:25:58 +0000] "POST /laravel/vendor/phpunit/phpunit/src/Util/PHP/eval-stdin.php HTTP/1.1" 404 76352 "-" "curl/8.7.1"
185.177.72.53 - - [22/Jul/2026:07:26:00 +0000] "POST /yii/vendor/phpunit/phpunit/src/Util/PHP/eval-stdin.php HTTP/1.1" 404 76352 "-" "curl/8.7.1"
185.177.72.53 - - [22/Jul/2026:07:26:02 +0000] "POST /zend/vendor/phpunit/phpunit/src/Util/PHP/eval-stdin.php HTTP/1.1" 404 76352 "-" "curl/8.7.1"
185.177.72.53 - - [22/Jul/2026:07:26:03 +0000] "POST /lib/vendor/phpunit/phpunit/src/Util/PHP/eval-stdin.php HTTP/1.1" 404 76352 "-" "curl/8.7.1"
124.156.157.91 - - [22/Jul/2026:07:52:25 +0000] "GET / HTTP/1.1" 200 83363 "-" "Mozilla/5.0 (iPhone; CPU iPhone OS 13_2_3 like Mac OS X) AppleWebKit/605.1.15 (KHTML, like Gecko) Version/13.0.3 Mobile/15E148 Safari/604.1"
185.177.72.17 - - [22/Jul/2026:08:05:20 +0000] "POST / HTTP/1.1" 200 83363 "-" "Mozilla/5.0 (Windows NT 10.0; Win64; x64) AppleWebKit/537.36"
185.177.72.17 - - [22/Jul/2026:08:05:22 +0000] "POST / HTTP/1.1" 200 83363 "-" "Mozilla/5.0 (Windows NT 10.0; Win64; x64) AppleWebKit/537.36"
185.177.72.17 - - [22/Jul/2026:08:05:24 +0000] "POST /_next HTTP/1.1" 404 76352 "-" "Mozilla/5.0 (Windows NT 10.0; Win64; x64) AppleWebKit/537.36"
185.177.72.17 - - [22/Jul/2026:08:05:26 +0000] "POST /api HTTP/1.1" 404 76352 "-" "Mozilla/5.0 (Windows NT 10.0; Win64; x64) AppleWebKit/537.36"
185.177.72.17 - - [22/Jul/2026:08:05:28 +0000] "POST /api/auth HTTP/1.1" 404 76352 "-" "Mozilla/5.0 (Windows NT 10.0; Win64; x64) AppleWebKit/537.36"
185.177.72.17 - - [22/Jul/2026:08:05:29 +0000] "POST /api/auth/callback HTTP/1.1" 404 76352 "-" "Mozilla/5.0 (Windows NT 10.0; Win64; x64) AppleWebKit/537.36"
185.177.72.17 - - [22/Jul/2026:08:05:31 +0000] "POST /api/auth/session HTTP/1.1" 404 76352 "-" "Mozilla/5.0 (Windows NT 10.0; Win64; x64) AppleWebKit/537.36"
185.177.72.17 - - [22/Jul/2026:08:05:33 +0000] "POST /_rsc HTTP/1.1" 404 76352 "-" "Mozilla/5.0 (Windows NT 10.0; Win64; x64) AppleWebKit/537.36"
185.177.72.17 - - [22/Jul/2026:08:05:34 +0000] "POST /__rsc HTTP/1.1" 404 76352 "-" "Mozilla/5.0 (Windows NT 10.0; Win64; x64) AppleWebKit/537.36"
185.177.72.17 - - [22/Jul/2026:08:05:36 +0000] "POST /.action HTTP/1.1" 404 76352 "-" "Mozilla/5.0 (Windows NT 10.0; Win64; x64) AppleWebKit/537.36"
185.177.72.17 - - [22/Jul/2026:08:05:38 +0000] "POST /__nextjs_action HTTP/1.1" 404 76352 "-" "Mozilla/5.0 (Windows NT 10.0; Win64; x64) AppleWebKit/537.36"
185.177.72.17 - - [22/Jul/2026:08:05:39 +0000] "POST /_middleware HTTP/1.1" 404 76352 "-" "Mozilla/5.0 (Windows NT 10.0; Win64; x64) AppleWebKit/537.36"
185.177.72.17 - - [22/Jul/2026:08:05:41 +0000] "POST /_next/image HTTP/1.1" 404 76352 "-" "Mozilla/5.0 (Windows NT 10.0; Win64; x64) AppleWebKit/537.36"
185.177.72.17 - - [22/Jul/2026:08:05:43 +0000] "POST /RSC/91c84a946zx09fo.txt HTTP/1.1" 404 76352 "-" "Mozilla/5.0 (Windows NT 10.0; Win64; x64) AppleWebKit/537.36"
185.177.72.17 - - [22/Jul/2026:08:05:44 +0000] "POST /RSC/R/lt57hu6uvsd5udy.txt HTTP/1.1" 404 76352 "-" "Mozilla/5.0 (Windows NT 10.0; Win64; x64) AppleWebKit/537.36"
185.177.72.17 - - [22/Jul/2026:08:05:46 +0000] "POST /vendor/phpunit/phpunit/src/Util/PHP/eval-stdin.php HTTP/1.1" 404 76352 "-" "curl/8.7.1"
185.177.72.17 - - [22/Jul/2026:08:05:47 +0000] "POST /vendor/phpunit/phpunit/Util/PHP/eval-stdin.php HTTP/1.1" 404 76352 "-" "curl/8.7.1"
185.177.72.17 - - [22/Jul/2026:08:05:49 +0000] "POST /laravel/vendor/phpunit/phpunit/src/Util/PHP/eval-stdin.php HTTP/1.1" 404 76352 "-" "curl/8.7.1"
185.177.72.17 - - [22/Jul/2026:08:05:51 +0000] "POST /yii/vendor/phpunit/phpunit/src/Util/PHP/eval-stdin.php HTTP/1.1" 404 76352 "-" "curl/8.7.1"
185.177.72.17 - - [22/Jul/2026:08:05:52 +0000] "POST /zend/vendor/phpunit/phpunit/src/Util/PHP/eval-stdin.php HTTP/1.1" 404 76352 "-" "curl/8.7.1"
185.177.72.17 - - [22/Jul/2026:08:05:54 +0000] "POST /lib/vendor/phpunit/phpunit/src/Util/PHP/eval-stdin.php HTTP/1.1" 404 76352 "-" "curl/8.7.1"
185.177.72.54 - - [22/Jul/2026:08:26:19 +0000] "GET /wp-includes/js/dist/script-modules/block-library/navigation/view.min.js HTTP/1.1" 200 3053 "-" "curl/8.7.1"
185.177.72.54 - - [22/Jul/2026:08:26:19 +0000] "POST / HTTP/1.1" 200 83363 "-" "Mozilla/5.0 (Windows NT 10.0; Win64; x64) AppleWebKit/537.36"
185.177.72.54 - - [22/Jul/2026:08:26:21 +0000] "POST / HTTP/1.1" 200 83363 "-" "Mozilla/5.0 (Windows NT 10.0; Win64; x64) AppleWebKit/537.36"
185.177.72.54 - - [22/Jul/2026:08:26:23 +0000] "POST /_next HTTP/1.1" 404 76352 "-" "Mozilla/5.0 (Windows NT 10.0; Win64; x64) AppleWebKit/537.36"
185.177.72.54 - - [22/Jul/2026:08:26:24 +0000] "POST /api HTTP/1.1" 404 76352 "-" "Mozilla/5.0 (Windows NT 10.0; Win64; x64) AppleWebKit/537.36"
185.177.72.54 - - [22/Jul/2026:08:26:26 +0000] "POST /api/auth HTTP/1.1" 404 76352 "-" "Mozilla/5.0 (Windows NT 10.0; Win64; x64) AppleWebKit/537.36"
185.177.72.54 - - [22/Jul/2026:08:26:27 +0000] "POST /api/auth/callback HTTP/1.1" 404 76352 "-" "Mozilla/5.0 (Windows NT 10.0; Win64; x64) AppleWebKit/537.36"
185.177.72.54 - - [22/Jul/2026:08:26:28 +0000] "POST /api/auth/session HTTP/1.1" 404 76352 "-" "Mozilla/5.0 (Windows NT 10.0; Win64; x64) AppleWebKit/537.36"
185.177.72.54 - - [22/Jul/2026:08:26:29 +0000] "POST /_rsc HTTP/1.1" 404 76352 "-" "Mozilla/5.0 (Windows NT 10.0; Win64; x64) AppleWebKit/537.36"
185.177.72.54 - - [22/Jul/2026:08:26:31 +0000] "POST /__rsc HTTP/1.1" 404 76352 "-" "Mozilla/5.0 (Windows NT 10.0; Win64; x64) AppleWebKit/537.36"
185.177.72.54 - - [22/Jul/2026:08:26:32 +0000] "POST /.action HTTP/1.1" 404 76352 "-" "Mozilla/5.0 (Windows NT 10.0; Win64; x64) AppleWebKit/537.36"
185.177.72.54 - - [22/Jul/2026:08:26:33 +0000] "POST /__nextjs_action HTTP/1.1" 404 76352 "-" "Mozilla/5.0 (Windows NT 10.0; Win64; x64) AppleWebKit/537.36"
185.177.72.54 - - [22/Jul/2026:08:26:34 +0000] "POST /_middleware HTTP/1.1" 404 76352 "-" "Mozilla/5.0 (Windows NT 10.0; Win64; x64) AppleWebKit/537.36"
185.177.72.54 - - [22/Jul/2026:08:26:36 +0000] "POST /_next/image HTTP/1.1" 404 76352 "-" "Mozilla/5.0 (Windows NT 10.0; Win64; x64) AppleWebKit/537.36"
185.177.72.54 - - [22/Jul/2026:08:26:38 +0000] "POST /RSC/my0t9jv1t2awi7j.txt HTTP/1.1" 404 76352 "-" "Mozilla/5.0 (Windows NT 10.0; Win64; x64) AppleWebKit/537.36"
185.177.72.54 - - [22/Jul/2026:08:26:40 +0000] "POST /RSC/R/mb9fp17vn6dncse.txt HTTP/1.1" 404 76352 "-" "Mozilla/5.0 (Windows NT 10.0; Win64; x64) AppleWebKit/537.36"
185.177.72.54 - - [22/Jul/2026:08:26:42 +0000] "POST /vendor/phpunit/phpunit/src/Util/PHP/eval-stdin.php HTTP/1.1" 404 76352 "-" "curl/8.7.1"
185.177.72.54 - - [22/Jul/2026:08:26:44 +0000] "POST /vendor/phpunit/phpunit/Util/PHP/eval-stdin.php HTTP/1.1" 404 76352 "-" "curl/8.7.1"
185.177.72.54 - - [22/Jul/2026:08:26:45 +0000] "POST /laravel/vendor/phpunit/phpunit/src/Util/PHP/eval-stdin.php HTTP/1.1" 404 76352 "-" "curl/8.7.1"
185.177.72.54 - - [22/Jul/2026:08:26:47 +0000] "POST /yii/vendor/phpunit/phpunit/src/Util/PHP/eval-stdin.php HTTP/1.1" 404 76352 "-" "curl/8.7.1"
185.177.72.54 - - [22/Jul/2026:08:26:49 +0000] "POST /zend/vendor/phpunit/phpunit/src/Util/PHP/eval-stdin.php HTTP/1.1" 404 76352 "-" "curl/8.7.1"
185.177.72.54 - - [22/Jul/2026:08:26:50 +0000] "POST /lib/vendor/phpunit/phpunit/src/Util/PHP/eval-stdin.php HTTP/1.1" 404 76352 "-" "curl/8.7.1"
185.177.72.54 - - [22/Jul/2026:08:26:55 +0000] "GET /wp-includes/js/dist/script-modules/block-library/navigation/view.min.js HTTP/1.1" 200 3053 "-" "curl/8.7.1"
185.177.72.54 - - [22/Jul/2026:08:26:55 +0000] "POST / HTTP/1.1" 200 83363 "-" "Mozilla/5.0 (Windows NT 10.0; Win64; x64) AppleWebKit/537.36"
185.177.72.54 - - [22/Jul/2026:08:26:57 +0000] "POST / HTTP/1.1" 200 83363 "-" "Mozilla/5.0 (Windows NT 10.0; Win64; x64) AppleWebKit/537.36"
185.177.72.54 - - [22/Jul/2026:08:26:58 +0000] "POST /_next HTTP/1.1" 404 76352 "-" "Mozilla/5.0 (Windows NT 10.0; Win64; x64) AppleWebKit/537.36"
185.177.72.54 - - [22/Jul/2026:08:27:00 +0000] "POST /api HTTP/1.1" 404 76352 "-" "Mozilla/5.0 (Windows NT 10.0; Win64; x64) AppleWebKit/537.36"
185.177.72.54 - - [22/Jul/2026:08:27:01 +0000] "POST /api/auth HTTP/1.1" 404 76352 "-" "Mozilla/5.0 (Windows NT 10.0; Win64; x64) AppleWebKit/537.36"
185.177.72.54 - - [22/Jul/2026:08:27:03 +0000] "POST /api/auth/callback HTTP/1.1" 404 76352 "-" "Mozilla/5.0 (Windows NT 10.0; Win64; x64) AppleWebKit/537.36"
185.177.72.54 - - [22/Jul/2026:08:27:05 +0000] "POST /api/auth/session HTTP/1.1" 404 76352 "-" "Mozilla/5.0 (Windows NT 10.0; Win64; x64) AppleWebKit/537.36"
185.177.72.54 - - [22/Jul/2026:08:27:07 +0000] "POST /_rsc HTTP/1.1" 404 76352 "-" "Mozilla/5.0 (Windows NT 10.0; Win64; x64) AppleWebKit/537.36"
185.177.72.54 - - [22/Jul/2026:08:27:08 +0000] "POST /__rsc HTTP/1.1" 404 76352 "-" "Mozilla/5.0 (Windows NT 10.0; Win64; x64) AppleWebKit/537.36"
185.177.72.54 - - [22/Jul/2026:08:27:10 +0000] "POST /.action HTTP/1.1" 404 76352 "-" "Mozilla/5.0 (Windows NT 10.0; Win64; x64) AppleWebKit/537.36"
185.177.72.54 - - [22/Jul/2026:08:27:11 +0000] "POST /__nextjs_action HTTP/1.1" 404 76352 "-" "Mozilla/5.0 (Windows NT 10.0; Win64; x64) AppleWebKit/537.36"
185.177.72.54 - - [22/Jul/2026:08:27:13 +0000] "POST /_middleware HTTP/1.1" 404 76352 "-" "Mozilla/5.0 (Windows NT 10.0; Win64; x64) AppleWebKit/537.36"
185.177.72.54 - - [22/Jul/2026:08:27:14 +0000] "POST /_next/image HTTP/1.1" 404 76352 "-" "Mozilla/5.0 (Windows NT 10.0; Win64; x64) AppleWebKit/537.36"
185.177.72.54 - - [22/Jul/2026:08:27:16 +0000] "POST /RSC/njxq5hywwrzkt29.txt HTTP/1.1" 404 76352 "-" "Mozilla/5.0 (Windows NT 10.0; Win64; x64) AppleWebKit/537.36"
185.177.72.54 - - [22/Jul/2026:08:27:18 +0000] "POST /RSC/R/12f6opisynznmiw.txt HTTP/1.1" 404 76352 "-" "Mozilla/5.0 (Windows NT 10.0; Win64; x64) AppleWebKit/537.36"
185.177.72.54 - - [22/Jul/2026:08:27:20 +0000] "POST /vendor/phpunit/phpunit/src/Util/PHP/eval-stdin.php HTTP/1.1" 404 76352 "-" "curl/8.7.1"
185.177.72.54 - - [22/Jul/2026:08:27:22 +0000] "POST /vendor/phpunit/phpunit/Util/PHP/eval-stdin.php HTTP/1.1" 404 76352 "-" "curl/8.7.1"
185.177.72.54 - - [22/Jul/2026:08:27:23 +0000] "POST /laravel/vendor/phpunit/phpunit/src/Util/PHP/eval-stdin.php HTTP/1.1" 404 76352 "-" "curl/8.7.1"
185.177.72.54 - - [22/Jul/2026:08:27:25 +0000] "POST /yii/vendor/phpunit/phpunit/src/Util/PHP/eval-stdin.php HTTP/1.1" 404 76352 "-" "curl/8.7.1"
185.177.72.54 - - [22/Jul/2026:08:27:26 +0000] "POST /zend/vendor/phpunit/phpunit/src/Util/PHP/eval-stdin.php HTTP/1.1" 404 76352 "-" "curl/8.7.1"
185.177.72.54 - - [22/Jul/2026:08:27:28 +0000] "POST /lib/vendor/phpunit/phpunit/src/Util/PHP/eval-stdin.php HTTP/1.1" 404 76352 "-" "curl/8.7.1"
172.71.164.139 - - [22/Jul/2026:08:39:05 +0000] "GET /wp-admin/install.php?step=1 HTTP/1.1" 404 76352 "-" "http://godsgraceprinting.shop/wp-admin/install.php?step=1"
198.177.124.148 - - [22/Jul/2026:09:22:18 +0000] "POST /wp-cron.php?doing_wp_cron=1784712138.9450459480285644531250 HTTP/1.1" 200 - "-" "WordPress/7.0.2; https://godsgraceprinting.shop"
162.14.66.219 - - [22/Jul/2026:09:22:16 +0000] "GET / HTTP/1.1" 200 83363 "-" "Mozilla/5.0 (iPhone; CPU iPhone OS 13_2_3 like Mac OS X) AppleWebKit/605.1.15 (KHTML, like Gecko) Version/13.0.3 Mobile/15E148 Safari/604.1"
104.23.223.118 - - [22/Jul/2026:09:36:11 +0000] "GET /wp-admin/install.php?step=1 HTTP/1.1" 404 76352 "-" "http://godsgraceprinting.shop/wp-admin/install.php?step=1"
172.71.241.52 - - [22/Jul/2026:11:20:44 +0000] "GET /wp-admin/install.php?step=1 HTTP/1.1" 404 76352 "-" "http://godsgraceprinting.shop/wp-admin/install.php?step=1"
198.177.124.148 - - [22/Jul/2026:11:20:50 +0000] "POST /wp-cron.php?doing_wp_cron=1784719245.4059989452362060546875 HTTP/1.1" 200 - "-" "WordPress/7.0.2; https://godsgraceprinting.shop"
198.177.124.148 - - [22/Jul/2026:12:02:23 +0000] "POST /wp-cron.php?doing_wp_cron=1784721743.8008460998535156250000 HTTP/1.1" 200 - "-" "WordPress/7.0.2; https://godsgraceprinting.shop"
43.157.149.188 - - [22/Jul/2026:12:02:21 +0000] "GET / HTTP/1.1" 200 83363 "-" "Mozilla/5.0 (iPhone; CPU iPhone OS 13_2_3 like Mac OS X) AppleWebKit/605.1.15 (KHTML, like Gecko) Version/13.0.3 Mobile/15E148 Safari/604.1"
198.177.124.148 - - [22/Jul/2026:13:00:35 +0000] "POST /wp-cron.php?doing_wp_cron=1784725235.1819789409637451171875 HTTP/1.1" 200 - "-" "WordPress/7.0.2; https://godsgraceprinting.shop"
104.23.223.119 - - [22/Jul/2026:13:00:33 +0000] "GET /wp-admin/install.php?step=1 HTTP/1.1" 404 76352 "-" "http://godsgraceprinting.shop/wp-admin/install.php?step=1"
198.177.124.148 - - [22/Jul/2026:13:00:38 +0000] "POST /wp-cron.php HTTP/1.1" 200 - "-" "WordPress/7.0.2; https://godsgraceprinting.shop"
198.177.124.148 - - [22/Jul/2026:14:46:18 +0000] "POST /wp-cron.php?doing_wp_cron=1784731578.3977251052856445312500 HTTP/1.1" 200 - "-" "WordPress/7.0.2; https://godsgraceprinting.shop"
172.68.192.206 - - [22/Jul/2026:14:46:16 +0000] "GET /wp-admin/install.php?step=1 HTTP/1.1" 404 76352 "-" "http://godsgraceprinting.shop/wp-admin/install.php?step=1"
43.155.157.239 - - [22/Jul/2026:16:13:02 +0000] "GET / HTTP/1.1" 200 83363 "-" "Mozilla/5.0 (iPhone; CPU iPhone OS 13_2_3 like Mac OS X) AppleWebKit/605.1.15 (KHTML, like Gecko) Version/13.0.3 Mobile/15E148 Safari/604.1"
104.23.223.118 - - [22/Jul/2026:16:32:20 +0000] "GET /wp-admin/install.php?step=1 HTTP/1.1" 404 76352 "-" "http://godsgraceprinting.shop/wp-admin/install.php?step=1"
66.249.66.206 - - [22/Jul/2026:19:28:29 +0000] "GET /robots.txt HTTP/1.1" 200 123 "-" "Mozilla/5.0 (compatible; Googlebot/2.1; +http://www.google.com/bot.html)"
198.177.124.148 - - [22/Jul/2026:20:13:13 +0000] "POST /wp-cron.php?doing_wp_cron=1784751193.1630859375000000000000 HTTP/1.1" 200 - "-" "WordPress/7.0.2; https://godsgraceprinting.shop"
141.101.98.25 - - [22/Jul/2026:20:13:12 +0000] "GET /wp-admin/install.php?step=1 HTTP/1.1" 404 76352 "-" "http://godsgraceprinting.shop/wp-admin/install.php?step=1"
43.153.49.151 - - [22/Jul/2026:20:35:31 +0000] "GET / HTTP/1.1" 200 83363 "-" "Mozilla/5.0 (iPhone; CPU iPhone OS 13_2_3 like Mac OS X) AppleWebKit/605.1.15 (KHTML, like Gecko) Version/13.0.3 Mobile/15E148 Safari/604.1"
129.28.84.30 - - [22/Jul/2026:21:58:31 +0000] "GET / HTTP/1.1" 200 83363 "-" "Mozilla/5.0 (iPhone; CPU iPhone OS 13_2_3 like Mac OS X) AppleWebKit/605.1.15 (KHTML, like Gecko) Version/13.0.3 Mobile/15E148 Safari/604.1"
104.23.221.73 - - [22/Jul/2026:21:59:23 +0000] "GET /wp-admin/install.php?step=1 HTTP/1.1" 404 76352 "-" "http://godsgraceprinting.shop/wp-admin/install.php?step=1"
35.85.229.111 - - [22/Jul/2026:22:28:59 +0000] "GET /robots.txt HTTP/1.1" 200 123 "-" "CheckMarkNetwork/1.0 (+http://www.checkmarknetwork.com/spider.html)"
35.85.229.111 - - [22/Jul/2026:22:29:00 +0000] "HEAD / HTTP/1.1" 200 - "-" "CheckMarkNetwork/1.0 (+http://www.checkmarknetwork.com/spider.html)"
35.85.229.111 - - [22/Jul/2026:22:29:02 +0000] "GET / HTTP/1.1" 200 83363 "-" "CheckMarkNetwork/1.0 (+http://www.checkmarknetwork.com/spider.html)"
35.85.229.111 - - [22/Jul/2026:22:29:03 +0000] "GET /wp-includes/blocks/navigation/style.min.css?ver=7.0.2 HTTP/1.1" 200 20709 "-" "CheckMarkNetwork/1.0 (+http://www.checkmarknetwork.com/spider.html)"
198.177.124.148 - - [22/Jul/2026:23:40:53 +0000] "POST /wp-cron.php?doing_wp_cron=1784763653.4140338897705078125000 HTTP/1.1" 200 - "-" "WordPress/7.0.2; https://godsgraceprinting.shop"
172.69.150.211 - - [22/Jul/2026:23:40:52 +0000] "GET /wp-admin/install.php?step=1 HTTP/1.1" 404 76352 "-" "http://godsgraceprinting.shop/wp-admin/install.php?step=1"
198.177.124.148 - - [23/Jul/2026:00:55:04 +0000] "POST /wp-cron.php?doing_wp_cron=1784768104.6919209957122802734375 HTTP/1.1" 200 - "-" "WordPress/7.0.2; https://godsgraceprinting.shop"
43.166.1.243 - - [23/Jul/2026:00:55:03 +0000] "GET / HTTP/1.1" 200 83363 "-" "Mozilla/5.0 (iPhone; CPU iPhone OS 13_2_3 like Mac OS X) AppleWebKit/605.1.15 (KHTML, like Gecko) Version/13.0.3 Mobile/15E148 Safari/604.1"
43.166.253.94 - - [23/Jul/2026:01:12:16 +0000] "GET / HTTP/1.1" 200 83363 "-" "Mozilla/5.0 (iPhone; CPU iPhone OS 13_2_3 like Mac OS X) AppleWebKit/605.1.15 (KHTML, like Gecko) Version/13.0.3 Mobile/15E148 Safari/604.1"
46.138.250.165 - - [23/Jul/2026:01:13:54 +0000] "GET / HTTP/1.1" 200 83363 "https://dataindex.pro" "Mozilla/5.0 (Windows NT 10.0; Win64; x64) AppleWebKit/537.36 (KHTML, like Gecko) Chrome/123.0.0.0 Safari/537.36 Edg/123.0.2420.81"
46.138.250.165 - - [23/Jul/2026:01:13:56 +0000] "GET / HTTP/1.1" 200 83363 "-" "-"
162.158.183.65 - - [23/Jul/2026:01:21:32 +0000] "GET /wp-admin/install.php?step=1 HTTP/1.1" 404 76352 "-" "http://godsgraceprinting.shop/wp-admin/install.php?step=1"
198.177.124.148 - - [23/Jul/2026:02:38:21 +0000] "POST /wp-cron.php?doing_wp_cron=1784774301.4449770450592041015625 HTTP/1.1" 200 - "-" "WordPress/7.0.2; https://godsgraceprinting.shop"
172.71.172.76 - - [23/Jul/2026:02:38:20 +0000] "GET /wp-admin/install.php?step=1 HTTP/1.1" 404 76352 "-" "http://godsgraceprinting.shop/wp-admin/install.php?step=1"