74.7.242.45 - - [21/Jul/2026:08:24:19 +0000] "GET /?i=34614276749 HTTP/1.1" 200 98622 "https://globallegacygroup.shop/?b=8364349713" "Mozilla/5.0 AppleWebKit/537.36 (KHTML, like Gecko; compatible; GPTBot/1.4; +https://openai.com/gptbot)"
216.73.217.123 - - [21/Jul/2026:08:24:19 +0000] "GET /?i=3461472312 HTTP/1.1" 200 98622 "-" "Mozilla/5.0 AppleWebKit/537.36 (KHTML, like Gecko; compatible; ClaudeBot/1.0; +claudebot@anthropic.com)"
216.73.217.123 - - [21/Jul/2026:08:24:20 +0000] "GET /?b=8364364004 HTTP/1.1" 200 98622 "-" "Mozilla/5.0 AppleWebKit/537.36 (KHTML, like Gecko; compatible; ClaudeBot/1.0; +claudebot@anthropic.com)"
216.73.217.123 - - [21/Jul/2026:08:24:20 +0000] "GET /?f=48625128145 HTTP/1.1" 200 98622 "-" "Mozilla/5.0 AppleWebKit/537.36 (KHTML, like Gecko; compatible; ClaudeBot/1.0; +claudebot@anthropic.com)"
74.7.242.45 - - [21/Jul/2026:08:24:20 +0000] "GET /?b=83643145935 HTTP/1.1" 200 98622 "https://globallegacygroup.shop/?w=46172212164" "Mozilla/5.0 AppleWebKit/537.36 (KHTML, like Gecko; compatible; GPTBot/1.4; +https://openai.com/gptbot)"
216.73.217.123 - - [21/Jul/2026:08:24:21 +0000] "GET /?b=83643120183 HTTP/1.1" 200 98622 "-" "Mozilla/5.0 AppleWebKit/537.36 (KHTML, like Gecko; compatible; ClaudeBot/1.0; +claudebot@anthropic.com)"
216.73.217.123 - - [21/Jul/2026:08:24:22 +0000] "GET /?l=17613100602 HTTP/1.1" 200 98622 "-" "Mozilla/5.0 AppleWebKit/537.36 (KHTML, like Gecko; compatible; ClaudeBot/1.0; +claudebot@anthropic.com)"
74.7.242.45 - - [21/Jul/2026:08:24:22 +0000] "GET /?w=46172140809 HTTP/1.1" 404 83591 "https://globallegacygroup.shop/?l=17613102161" "Mozilla/5.0 AppleWebKit/537.36 (KHTML, like Gecko; compatible; GPTBot/1.4; +https://openai.com/gptbot)"
216.73.217.123 - - [21/Jul/2026:08:24:22 +0000] "GET /?b=8008149364 HTTP/1.1" 200 98622 "-" "Mozilla/5.0 AppleWebKit/537.36 (KHTML, like Gecko; compatible; ClaudeBot/1.0; +claudebot@anthropic.com)"
216.73.217.123 - - [21/Jul/2026:08:24:23 +0000] "GET /?r=98297130265 HTTP/1.1" 200 98622 "-" "Mozilla/5.0 AppleWebKit/537.36 (KHTML, like Gecko; compatible; ClaudeBot/1.0; +claudebot@anthropic.com)"
216.73.217.123 - - [21/Jul/2026:08:24:23 +0000] "GET /?l=1761339602 HTTP/1.1" 200 98622 "-" "Mozilla/5.0 AppleWebKit/537.36 (KHTML, like Gecko; compatible; ClaudeBot/1.0; +claudebot@anthropic.com)"
74.7.242.45 - - [21/Jul/2026:08:24:24 +0000] "GET /?l=2296914319 HTTP/1.1" 200 98622 "https://globallegacygroup.shop/?b=83643119160" "Mozilla/5.0 AppleWebKit/537.36 (KHTML, like Gecko; compatible; GPTBot/1.4; +https://openai.com/gptbot)"
216.73.217.123 - - [21/Jul/2026:08:24:25 +0000] "GET /?w=461729573 HTTP/1.1" 404 83591 "-" "Mozilla/5.0 AppleWebKit/537.36 (KHTML, like Gecko; compatible; ClaudeBot/1.0; +claudebot@anthropic.com)"
216.73.217.123 - - [21/Jul/2026:08:24:25 +0000] "GET /?f=4862550569 HTTP/1.1" 200 98622 "-" "Mozilla/5.0 AppleWebKit/537.36 (KHTML, like Gecko; compatible; ClaudeBot/1.0; +claudebot@anthropic.com)"
216.73.217.123 - - [21/Jul/2026:08:24:25 +0000] "GET /?l=1761345496 HTTP/1.1" 200 98622 "-" "Mozilla/5.0 AppleWebKit/537.36 (KHTML, like Gecko; compatible; ClaudeBot/1.0; +claudebot@anthropic.com)"
74.7.242.45 - - [21/Jul/2026:08:24:25 +0000] "GET /?b=8008173362 HTTP/1.1" 200 98622 "https://globallegacygroup.shop/?u=5716862655" "Mozilla/5.0 AppleWebKit/537.36 (KHTML, like Gecko; compatible; GPTBot/1.4; +https://openai.com/gptbot)"
216.73.217.123 - - [21/Jul/2026:08:24:26 +0000] "GET /?f=48625240101 HTTP/1.1" 200 98622 "-" "Mozilla/5.0 AppleWebKit/537.36 (KHTML, like Gecko; compatible; ClaudeBot/1.0; +claudebot@anthropic.com)"
216.73.217.123 - - [21/Jul/2026:08:24:27 +0000] "GET /?r=98297289682 HTTP/1.1" 200 98622 "-" "Mozilla/5.0 AppleWebKit/537.36 (KHTML, like Gecko; compatible; ClaudeBot/1.0; +claudebot@anthropic.com)"
216.73.217.123 - - [21/Jul/2026:08:24:27 +0000] "GET /?f=4862523295 HTTP/1.1" 200 98622 "-" "Mozilla/5.0 AppleWebKit/537.36 (KHTML, like Gecko; compatible; ClaudeBot/1.0; +claudebot@anthropic.com)"
74.7.242.45 - - [21/Jul/2026:08:24:27 +0000] "GET /?v=35875130979 HTTP/1.1" 200 98622 "https://globallegacygroup.shop/sitemap316.xml" "Mozilla/5.0 AppleWebKit/537.36 (KHTML, like Gecko; compatible; GPTBot/1.4; +https://openai.com/gptbot)"
216.73.217.123 - - [21/Jul/2026:08:24:28 +0000] "GET /?b=8364394011 HTTP/1.1" 200 98622 "-" "Mozilla/5.0 AppleWebKit/537.36 (KHTML, like Gecko; compatible; ClaudeBot/1.0; +claudebot@anthropic.com)"
216.73.217.123 - - [21/Jul/2026:08:24:29 +0000] "GET /?f=4862522986 HTTP/1.1" 200 98622 "-" "Mozilla/5.0 AppleWebKit/537.36 (KHTML, like Gecko; compatible; ClaudeBot/1.0; +claudebot@anthropic.com)"
74.7.242.45 - - [21/Jul/2026:08:24:29 +0000] "GET /?f=48625189405 HTTP/1.1" 200 98622 "https://globallegacygroup.shop/?w=4617276527" "Mozilla/5.0 AppleWebKit/537.36 (KHTML, like Gecko; compatible; GPTBot/1.4; +https://openai.com/gptbot)"
216.73.217.123 - - [21/Jul/2026:08:24:29 +0000] "GET /?f=48625261561 HTTP/1.1" 200 98622 "-" "Mozilla/5.0 AppleWebKit/537.36 (KHTML, like Gecko; compatible; ClaudeBot/1.0; +claudebot@anthropic.com)"
216.73.217.123 - - [21/Jul/2026:08:24:30 +0000] "GET /?w=46172265293 HTTP/1.1" 404 83591 "-" "Mozilla/5.0 AppleWebKit/537.36 (KHTML, like Gecko; compatible; ClaudeBot/1.0; +claudebot@anthropic.com)"
216.73.217.123 - - [21/Jul/2026:08:24:31 +0000] "GET /?f=4862524425 HTTP/1.1" 200 98622 "-" "Mozilla/5.0 AppleWebKit/537.36 (KHTML, like Gecko; compatible; ClaudeBot/1.0; +claudebot@anthropic.com)"
74.7.242.45 - - [21/Jul/2026:08:24:31 +0000] "GET /?w=46172272418 HTTP/1.1" 404 83591 "https://globallegacygroup.shop/?r=982978926" "Mozilla/5.0 AppleWebKit/537.36 (KHTML, like Gecko; compatible; GPTBot/1.4; +https://openai.com/gptbot)"
216.73.217.123 - - [21/Jul/2026:08:24:31 +0000] "GET /?f=48625190950 HTTP/1.1" 200 98622 "-" "Mozilla/5.0 AppleWebKit/537.36 (KHTML, like Gecko; compatible; ClaudeBot/1.0; +claudebot@anthropic.com)"
74.7.242.45 - - [21/Jul/2026:08:24:32 +0000] "GET /?u=57168106056 HTTP/1.1" 200 98622 "https://globallegacygroup.shop/?w=4617270238" "Mozilla/5.0 AppleWebKit/537.36 (KHTML, like Gecko; compatible; GPTBot/1.4; +https://openai.com/gptbot)"
216.73.217.123 - - [21/Jul/2026:08:24:32 +0000] "GET /?i=34614219835 HTTP/1.1" 200 98622 "-" "Mozilla/5.0 AppleWebKit/537.36 (KHTML, like Gecko; compatible; ClaudeBot/1.0; +claudebot@anthropic.com)"
216.73.217.123 - - [21/Jul/2026:08:24:32 +0000] "GET /?r=9829778469 HTTP/1.1" 200 98622 "-" "Mozilla/5.0 AppleWebKit/537.36 (KHTML, like Gecko; compatible; ClaudeBot/1.0; +claudebot@anthropic.com)"
198.177.124.148 - - [21/Jul/2026:08:24:35 +0000] "POST /wp-cron.php?doing_wp_cron=1784622275.1600019931793212890625 HTTP/1.1" 200 - "-" "WordPress/7.0.2; https://globallegacygroup.shop"
216.73.217.123 - - [21/Jul/2026:08:24:33 +0000] "GET /?b=8008133883 HTTP/1.1" 200 98622 "-" "Mozilla/5.0 AppleWebKit/537.36 (KHTML, like Gecko; compatible; ClaudeBot/1.0; +claudebot@anthropic.com)"
74.7.242.45 - - [21/Jul/2026:08:24:34 +0000] "GET /?l=1761391703 HTTP/1.1" 200 98622 "https://globallegacygroup.shop/?u=57168197015" "Mozilla/5.0 AppleWebKit/537.36 (KHTML, like Gecko; compatible; GPTBot/1.4; +https://openai.com/gptbot)"
216.73.217.123 - - [21/Jul/2026:08:24:34 +0000] "GET /?i=34614181550 HTTP/1.1" 200 98622 "-" "Mozilla/5.0 AppleWebKit/537.36 (KHTML, like Gecko; compatible; ClaudeBot/1.0; +claudebot@anthropic.com)"
198.177.124.148 - - [21/Jul/2026:08:24:36 +0000] "POST /wp-cron.php?doing_wp_cron=1784622276.5657229423522949218750 HTTP/1.1" 200 - "-" "WordPress/7.0.2; https://globallegacygroup.shop"
216.73.217.123 - - [21/Jul/2026:08:24:34 +0000] "GET /?l=1761358049 HTTP/1.1" 200 98622 "-" "Mozilla/5.0 AppleWebKit/537.36 (KHTML, like Gecko; compatible; ClaudeBot/1.0; +claudebot@anthropic.com)"
216.73.217.123 - - [21/Jul/2026:08:24:35 +0000] "GET /?b=80081151289 HTTP/1.1" 200 98622 "-" "Mozilla/5.0 AppleWebKit/537.36 (KHTML, like Gecko; compatible; ClaudeBot/1.0; +claudebot@anthropic.com)"
74.7.242.45 - - [21/Jul/2026:08:24:35 +0000] "GET /?u=57168236210 HTTP/1.1" 200 98622 "https://globallegacygroup.shop/?u=5716886584" "Mozilla/5.0 AppleWebKit/537.36 (KHTML, like Gecko; compatible; GPTBot/1.4; +https://openai.com/gptbot)"
216.73.217.123 - - [21/Jul/2026:08:24:36 +0000] "GET /?b=8364361218 HTTP/1.1" 200 98622 "-" "Mozilla/5.0 AppleWebKit/537.36 (KHTML, like Gecko; compatible; ClaudeBot/1.0; +claudebot@anthropic.com)"
216.73.217.123 - - [21/Jul/2026:08:24:36 +0000] "GET /?b=80081197894 HTTP/1.1" 200 98622 "-" "Mozilla/5.0 AppleWebKit/537.36 (KHTML, like Gecko; compatible; ClaudeBot/1.0; +claudebot@anthropic.com)"
74.7.242.45 - - [21/Jul/2026:08:24:37 +0000] "GET /?b=83643120414 HTTP/1.1" 200 98622 "https://globallegacygroup.shop/?b=8364313474" "Mozilla/5.0 AppleWebKit/537.36 (KHTML, like Gecko; compatible; GPTBot/1.4; +https://openai.com/gptbot)"
216.73.217.123 - - [21/Jul/2026:08:24:37 +0000] "GET /?b=80081144375 HTTP/1.1" 200 98622 "-" "Mozilla/5.0 AppleWebKit/537.36 (KHTML, like Gecko; compatible; ClaudeBot/1.0; +claudebot@anthropic.com)"
216.73.217.123 - - [21/Jul/2026:08:24:38 +0000] "GET /?l=22969248498 HTTP/1.1" 200 98622 "-" "Mozilla/5.0 AppleWebKit/537.36 (KHTML, like Gecko; compatible; ClaudeBot/1.0; +claudebot@anthropic.com)"
216.73.217.123 - - [21/Jul/2026:08:24:38 +0000] "GET /?b=8008190440 HTTP/1.1" 200 98622 "-" "Mozilla/5.0 AppleWebKit/537.36 (KHTML, like Gecko; compatible; ClaudeBot/1.0; +claudebot@anthropic.com)"
74.7.242.45 - - [21/Jul/2026:08:24:39 +0000] "GET /?r=98297108835 HTTP/1.1" 200 98622 "https://globallegacygroup.shop/?b=83643209687" "Mozilla/5.0 AppleWebKit/537.36 (KHTML, like Gecko; compatible; GPTBot/1.4; +https://openai.com/gptbot)"
216.73.217.123 - - [21/Jul/2026:08:24:39 +0000] "GET /?f=48625153200 HTTP/1.1" 200 98622 "-" "Mozilla/5.0 AppleWebKit/537.36 (KHTML, like Gecko; compatible; ClaudeBot/1.0; +claudebot@anthropic.com)"
216.73.217.123 - - [21/Jul/2026:08:24:40 +0000] "GET /?l=22969228872 HTTP/1.1" 200 98622 "-" "Mozilla/5.0 AppleWebKit/537.36 (KHTML, like Gecko; compatible; ClaudeBot/1.0; +claudebot@anthropic.com)"
216.73.217.123 - - [21/Jul/2026:08:24:41 +0000] "GET /?b=80081290323 HTTP/1.1" 200 98622 "-" "Mozilla/5.0 AppleWebKit/537.36 (KHTML, like Gecko; compatible; ClaudeBot/1.0; +claudebot@anthropic.com)"
74.7.242.45 - - [21/Jul/2026:08:24:41 +0000] "GET /?r=98297206399 HTTP/1.1" 200 98622 "https://globallegacygroup.shop/?l=1761320995" "Mozilla/5.0 AppleWebKit/537.36 (KHTML, like Gecko; compatible; GPTBot/1.4; +https://openai.com/gptbot)"
216.73.217.123 - - [21/Jul/2026:08:24:42 +0000] "GET /?l=1761320056 HTTP/1.1" 200 98622 "-" "Mozilla/5.0 AppleWebKit/537.36 (KHTML, like Gecko; compatible; ClaudeBot/1.0; +claudebot@anthropic.com)"
216.73.217.123 - - [21/Jul/2026:08:24:43 +0000] "GET /?b=80081297362 HTTP/1.1" 200 98622 "-" "Mozilla/5.0 AppleWebKit/537.36 (KHTML, like Gecko; compatible; ClaudeBot/1.0; +claudebot@anthropic.com)"
74.7.242.45 - - [21/Jul/2026:08:24:44 +0000] "GET /?u=57168189184 HTTP/1.1" 200 98622 "https://globallegacygroup.shop/?u=57168185709" "Mozilla/5.0 AppleWebKit/537.36 (KHTML, like Gecko; compatible; GPTBot/1.4; +https://openai.com/gptbot)"
216.73.217.123 - - [21/Jul/2026:08:24:44 +0000] "GET /?w=461728679 HTTP/1.1" 404 83591 "-" "Mozilla/5.0 AppleWebKit/537.36 (KHTML, like Gecko; compatible; ClaudeBot/1.0; +claudebot@anthropic.com)"
216.73.217.123 - - [21/Jul/2026:08:24:44 +0000] "GET /?b=8364326025 HTTP/1.1" 200 98622 "-" "Mozilla/5.0 AppleWebKit/537.36 (KHTML, like Gecko; compatible; ClaudeBot/1.0; +claudebot@anthropic.com)"
216.73.217.123 - - [21/Jul/2026:08:24:45 +0000] "GET /?l=22969285320 HTTP/1.1" 200 98622 "-" "Mozilla/5.0 AppleWebKit/537.36 (KHTML, like Gecko; compatible; ClaudeBot/1.0; +claudebot@anthropic.com)"
74.7.242.45 - - [21/Jul/2026:08:24:45 +0000] "GET /?v=35875103996 HTTP/1.1" 200 98622 "https://globallegacygroup.shop/?l=22969127293" "Mozilla/5.0 AppleWebKit/537.36 (KHTML, like Gecko; compatible; GPTBot/1.4; +https://openai.com/gptbot)"
216.73.217.123 - - [21/Jul/2026:08:24:46 +0000] "GET /?l=2296918198 HTTP/1.1" 200 98622 "-" "Mozilla/5.0 AppleWebKit/537.36 (KHTML, like Gecko; compatible; ClaudeBot/1.0; +claudebot@anthropic.com)"
216.73.217.123 - - [21/Jul/2026:08:24:46 +0000] "GET /?f=48625108545 HTTP/1.1" 200 98622 "-" "Mozilla/5.0 AppleWebKit/537.36 (KHTML, like Gecko; compatible; ClaudeBot/1.0; +claudebot@anthropic.com)"
216.73.217.123 - - [21/Jul/2026:08:24:47 +0000] "GET /?l=2296982985 HTTP/1.1" 200 98622 "-" "Mozilla/5.0 AppleWebKit/537.36 (KHTML, like Gecko; compatible; ClaudeBot/1.0; +claudebot@anthropic.com)"
74.7.242.45 - - [21/Jul/2026:08:24:47 +0000] "GET /?v=3587532948 HTTP/1.1" 200 98622 "https://globallegacygroup.shop/?i=34614155780" "Mozilla/5.0 AppleWebKit/537.36 (KHTML, like Gecko; compatible; GPTBot/1.4; +https://openai.com/gptbot)"
216.73.217.123 - - [21/Jul/2026:08:24:48 +0000] "GET /?f=48625108906 HTTP/1.1" 200 98622 "-" "Mozilla/5.0 AppleWebKit/537.36 (KHTML, like Gecko; compatible; ClaudeBot/1.0; +claudebot@anthropic.com)"
216.73.217.123 - - [21/Jul/2026:08:24:48 +0000] "GET /?f=48625228191 HTTP/1.1" 200 98622 "-" "Mozilla/5.0 AppleWebKit/537.36 (KHTML, like Gecko; compatible; ClaudeBot/1.0; +claudebot@anthropic.com)"
216.73.217.123 - - [21/Jul/2026:08:24:49 +0000] "GET /?b=8364351762 HTTP/1.1" 200 98622 "-" "Mozilla/5.0 AppleWebKit/537.36 (KHTML, like Gecko; compatible; ClaudeBot/1.0; +claudebot@anthropic.com)"
74.7.242.45 - - [21/Jul/2026:08:24:49 +0000] "GET /?b=80081129523 HTTP/1.1" 200 98622 "https://globallegacygroup.shop/?v=35875127344" "Mozilla/5.0 AppleWebKit/537.36 (KHTML, like Gecko; compatible; GPTBot/1.4; +https://openai.com/gptbot)"
216.73.217.123 - - [21/Jul/2026:08:24:50 +0000] "GET /?r=98297225869 HTTP/1.1" 200 98622 "-" "Mozilla/5.0 AppleWebKit/537.36 (KHTML, like Gecko; compatible; ClaudeBot/1.0; +claudebot@anthropic.com)"
216.73.217.123 - - [21/Jul/2026:08:24:50 +0000] "GET /?f=4862540036 HTTP/1.1" 200 98622 "-" "Mozilla/5.0 AppleWebKit/537.36 (KHTML, like Gecko; compatible; ClaudeBot/1.0; +claudebot@anthropic.com)"
216.73.217.123 - - [21/Jul/2026:08:24:50 +0000] "GET /?b=8364354658 HTTP/1.1" 200 98622 "-" "Mozilla/5.0 AppleWebKit/537.36 (KHTML, like Gecko; compatible; ClaudeBot/1.0; +claudebot@anthropic.com)"
74.7.242.45 - - [21/Jul/2026:08:24:50 +0000] "GET /?u=57168124410 HTTP/1.1" 200 98622 "https://globallegacygroup.shop/?u=57168140870" "Mozilla/5.0 AppleWebKit/537.36 (KHTML, like Gecko; compatible; GPTBot/1.4; +https://openai.com/gptbot)"
216.73.217.123 - - [21/Jul/2026:08:24:51 +0000] "GET /?i=34614224259 HTTP/1.1" 200 98622 "-" "Mozilla/5.0 AppleWebKit/537.36 (KHTML, like Gecko; compatible; ClaudeBot/1.0; +claudebot@anthropic.com)"
216.73.217.123 - - [21/Jul/2026:08:24:52 +0000] "GET /?f=48625141343 HTTP/1.1" 200 98622 "-" "Mozilla/5.0 AppleWebKit/537.36 (KHTML, like Gecko; compatible; ClaudeBot/1.0; +claudebot@anthropic.com)"
216.73.217.123 - - [21/Jul/2026:08:24:52 +0000] "GET /?b=8008110375 HTTP/1.1" 200 98622 "-" "Mozilla/5.0 AppleWebKit/537.36 (KHTML, like Gecko; compatible; ClaudeBot/1.0; +claudebot@anthropic.com)"
74.7.242.45 - - [21/Jul/2026:08:24:53 +0000] "GET /?l=1761360904 HTTP/1.1" 200 98622 "https://globallegacygroup.shop/?r=98297259335" "Mozilla/5.0 AppleWebKit/537.36 (KHTML, like Gecko; compatible; GPTBot/1.4; +https://openai.com/gptbot)"
216.73.217.123 - - [21/Jul/2026:08:24:53 +0000] "GET /?w=46172201435 HTTP/1.1" 404 83591 "-" "Mozilla/5.0 AppleWebKit/537.36 (KHTML, like Gecko; compatible; ClaudeBot/1.0; +claudebot@anthropic.com)"
216.73.217.123 - - [21/Jul/2026:08:24:53 +0000] "GET /?f=48625111154 HTTP/1.1" 200 98622 "-" "Mozilla/5.0 AppleWebKit/537.36 (KHTML, like Gecko; compatible; ClaudeBot/1.0; +claudebot@anthropic.com)"
216.73.217.123 - - [21/Jul/2026:08:24:54 +0000] "GET /?r=9829713609 HTTP/1.1" 200 98622 "-" "Mozilla/5.0 AppleWebKit/537.36 (KHTML, like Gecko; compatible; ClaudeBot/1.0; +claudebot@anthropic.com)"
74.7.242.45 - - [21/Jul/2026:08:24:54 +0000] "GET /?l=17613206831 HTTP/1.1" 200 98622 "https://globallegacygroup.shop/?l=22969200823" "Mozilla/5.0 AppleWebKit/537.36 (KHTML, like Gecko; compatible; GPTBot/1.4; +https://openai.com/gptbot)"
216.73.217.123 - - [21/Jul/2026:08:24:55 +0000] "GET /?f=48625261702 HTTP/1.1" 200 98622 "-" "Mozilla/5.0 AppleWebKit/537.36 (KHTML, like Gecko; compatible; ClaudeBot/1.0; +claudebot@anthropic.com)"
216.73.217.123 - - [21/Jul/2026:08:24:55 +0000] "GET /?l=22969204997 HTTP/1.1" 200 98622 "-" "Mozilla/5.0 AppleWebKit/537.36 (KHTML, like Gecko; compatible; ClaudeBot/1.0; +claudebot@anthropic.com)"
216.73.217.123 - - [21/Jul/2026:08:24:56 +0000] "GET /?i=3461489898 HTTP/1.1" 200 98622 "-" "Mozilla/5.0 AppleWebKit/537.36 (KHTML, like Gecko; compatible; ClaudeBot/1.0; +claudebot@anthropic.com)"
216.73.217.123 - - [21/Jul/2026:08:24:57 +0000] "GET /?f=48625188045 HTTP/1.1" 200 98622 "-" "Mozilla/5.0 AppleWebKit/537.36 (KHTML, like Gecko; compatible; ClaudeBot/1.0; +claudebot@anthropic.com)"
74.7.242.45 - - [21/Jul/2026:08:24:56 +0000] "GET /?b=8364370637 HTTP/1.1" 200 98622 "https://globallegacygroup.shop/?l=17613265396" "Mozilla/5.0 AppleWebKit/537.36 (KHTML, like Gecko; compatible; GPTBot/1.4; +https://openai.com/gptbot)"
216.73.217.123 - - [21/Jul/2026:08:24:57 +0000] "GET /?l=22969277930 HTTP/1.1" 200 98622 "-" "Mozilla/5.0 AppleWebKit/537.36 (KHTML, like Gecko; compatible; ClaudeBot/1.0; +claudebot@anthropic.com)"
216.73.217.123 - - [21/Jul/2026:08:24:58 +0000] "GET /?r=98297124113 HTTP/1.1" 200 98622 "-" "Mozilla/5.0 AppleWebKit/537.36 (KHTML, like Gecko; compatible; ClaudeBot/1.0; +claudebot@anthropic.com)"
74.7.242.45 - - [21/Jul/2026:08:24:58 +0000] "GET /?b=8008139622 HTTP/1.1" 200 98622 "https://globallegacygroup.shop/?l=17613196543" "Mozilla/5.0 AppleWebKit/537.36 (KHTML, like Gecko; compatible; GPTBot/1.4; +https://openai.com/gptbot)"
216.73.217.123 - - [21/Jul/2026:08:24:58 +0000] "GET /?i=3461464766 HTTP/1.1" 200 98622 "-" "Mozilla/5.0 AppleWebKit/537.36 (KHTML, like Gecko; compatible; ClaudeBot/1.0; +claudebot@anthropic.com)"
216.73.217.123 - - [21/Jul/2026:08:24:59 +0000] "GET /?r=9829730036 HTTP/1.1" 200 98622 "-" "Mozilla/5.0 AppleWebKit/537.36 (KHTML, like Gecko; compatible; ClaudeBot/1.0; +claudebot@anthropic.com)"
209.127.35.109 - - [21/Jul/2026:08:25:00 +0000] "GET /wp-login.php HTTP/1.1" 200 5336 "-" "Mozilla/5.0 (Windows NT 10.0; Win64; x64) AppleWebKit/537.36 Chrome/129.0.0.0 Safari/537.36"
216.73.217.123 - - [21/Jul/2026:08:25:00 +0000] "GET /?r=9829714047 HTTP/1.1" 200 98622 "-" "Mozilla/5.0 AppleWebKit/537.36 (KHTML, like Gecko; compatible; ClaudeBot/1.0; +claudebot@anthropic.com)"
74.7.242.45 - - [21/Jul/2026:08:25:00 +0000] "GET /?v=35875190902 HTTP/1.1" 200 98622 "https://globallegacygroup.shop/?i=34614249733" "Mozilla/5.0 AppleWebKit/537.36 (KHTML, like Gecko; compatible; GPTBot/1.4; +https://openai.com/gptbot)"
216.73.217.123 - - [21/Jul/2026:08:25:02 +0000] "GET /?l=22969287510 HTTP/1.1" 200 98622 "-" "Mozilla/5.0 AppleWebKit/537.36 (KHTML, like Gecko; compatible; ClaudeBot/1.0; +claudebot@anthropic.com)"
216.73.217.123 - - [21/Jul/2026:08:25:05 +0000] "GET /?f=4862510933 HTTP/1.1" 200 98622 "-" "Mozilla/5.0 AppleWebKit/537.36 (KHTML, like Gecko; compatible; ClaudeBot/1.0; +claudebot@anthropic.com)"
216.73.217.123 - - [21/Jul/2026:08:25:06 +0000] "GET /?b=80081295849 HTTP/1.1" 200 98622 "-" "Mozilla/5.0 AppleWebKit/537.36 (KHTML, like Gecko; compatible; ClaudeBot/1.0; +claudebot@anthropic.com)"
216.73.217.123 - - [21/Jul/2026:08:25:06 +0000] "GET /?r=98297140441 HTTP/1.1" 200 98622 "-" "Mozilla/5.0 AppleWebKit/537.36 (KHTML, like Gecko; compatible; ClaudeBot/1.0; +claudebot@anthropic.com)"
216.73.217.123 - - [21/Jul/2026:08:25:07 +0000] "GET /?l=2296966160 HTTP/1.1" 200 98622 "-" "Mozilla/5.0 AppleWebKit/537.36 (KHTML, like Gecko; compatible; ClaudeBot/1.0; +claudebot@anthropic.com)"
209.127.35.109 - - [21/Jul/2026:08:25:09 +0000] "GET /?author=1 HTTP/1.1" 404 80000 "-" "Mozilla/5.0 (Windows NT 10.0; Win64; x64) AppleWebKit/537.36 Chrome/129.0.0.0 Safari/537.36"
74.7.242.45 - - [21/Jul/2026:08:25:12 +0000] "GET /?l=1761349326 HTTP/1.1" 200 98622 "https://globallegacygroup.shop/?b=8008162171" "Mozilla/5.0 AppleWebKit/537.36 (KHTML, like Gecko; compatible; GPTBot/1.4; +https://openai.com/gptbot)"
216.73.217.123 - - [21/Jul/2026:08:25:16 +0000] "GET /?b=83643132524 HTTP/1.1" 200 98622 "-" "Mozilla/5.0 AppleWebKit/537.36 (KHTML, like Gecko; compatible; ClaudeBot/1.0; +claudebot@anthropic.com)"
216.73.217.123 - - [21/Jul/2026:08:25:16 +0000] "GET /?b=80081217845 HTTP/1.1" 200 98622 "-" "Mozilla/5.0 AppleWebKit/537.36 (KHTML, like Gecko; compatible; ClaudeBot/1.0; +claudebot@anthropic.com)"
209.127.35.109 - - [21/Jul/2026:08:25:18 +0000] "GET /?rest_route=/wp/v2/users HTTP/1.1" 401 108 "-" "Mozilla/5.0 (Windows NT 10.0; Win64; rv:143.0) Gecko/20100101 Firefox/143.0"
216.73.217.123 - - [21/Jul/2026:08:25:17 +0000] "GET /?r=98297229604 HTTP/1.1" 200 98622 "-" "Mozilla/5.0 AppleWebKit/537.36 (KHTML, like Gecko; compatible; ClaudeBot/1.0; +claudebot@anthropic.com)"
74.7.242.45 - - [21/Jul/2026:08:25:18 +0000] "GET /?u=57168197209 HTTP/1.1" 200 98622 "https://globallegacygroup.shop/?l=22969124018" "Mozilla/5.0 AppleWebKit/537.36 (KHTML, like Gecko; compatible; GPTBot/1.4; +https://openai.com/gptbot)"
216.73.217.123 - - [21/Jul/2026:08:25:19 +0000] "GET /?l=22969254728 HTTP/1.1" 200 98622 "-" "Mozilla/5.0 AppleWebKit/537.36 (KHTML, like Gecko; compatible; ClaudeBot/1.0; +claudebot@anthropic.com)"
209.127.35.109 - - [21/Jul/2026:08:25:19 +0000] "GET /feed HTTP/1.1" 301 - "-" "Mozilla/5.0 (Windows NT 10.0; Win64; x64) AppleWebKit/537.36 Chrome/129.0.0.0 Safari/537.36"
216.73.217.123 - - [21/Jul/2026:08:25:19 +0000] "GET /?r=9829731322 HTTP/1.1" 200 98622 "-" "Mozilla/5.0 AppleWebKit/537.36 (KHTML, like Gecko; compatible; ClaudeBot/1.0; +claudebot@anthropic.com)"
74.7.242.45 - - [21/Jul/2026:08:25:20 +0000] "GET /?r=98297190903 HTTP/1.1" 200 98622 "https://globallegacygroup.shop/?r=98297284012" "Mozilla/5.0 AppleWebKit/537.36 (KHTML, like Gecko; compatible; GPTBot/1.4; +https://openai.com/gptbot)"
209.127.35.109 - - [21/Jul/2026:08:25:21 +0000] "GET /feed/ HTTP/1.1" 200 2600 "-" "Mozilla/5.0 (Windows NT 10.0; Win64; x64) AppleWebKit/537.36 Chrome/129.0.0.0 Safari/537.36"
216.73.217.123 - - [21/Jul/2026:08:25:21 +0000] "GET /?b=8008187612 HTTP/1.1" 200 98622 "-" "Mozilla/5.0 AppleWebKit/537.36 (KHTML, like Gecko; compatible; ClaudeBot/1.0; +claudebot@anthropic.com)"
74.7.242.45 - - [21/Jul/2026:08:25:22 +0000] "GET /?b=80081271739 HTTP/1.1" 200 98622 "https://globallegacygroup.shop/?u=5716812611" "Mozilla/5.0 AppleWebKit/537.36 (KHTML, like Gecko; compatible; GPTBot/1.4; +https://openai.com/gptbot)"
216.144.245.71 - - [21/Jul/2026:08:25:23 +0000] "POST /wp-login.php HTTP/1.1" 503 18953 "-" "Mozilla/5.0"
74.7.242.45 - - [21/Jul/2026:08:25:24 +0000] "GET /?u=5716886506 HTTP/1.1" 200 98622 "https://globallegacygroup.shop/?f=48625127037" "Mozilla/5.0 AppleWebKit/537.36 (KHTML, like Gecko; compatible; GPTBot/1.4; +https://openai.com/gptbot)"
216.73.217.123 - - [21/Jul/2026:08:25:24 +0000] "GET /?b=8008178469 HTTP/1.1" 200 98622 "-" "Mozilla/5.0 AppleWebKit/537.36 (KHTML, like Gecko; compatible; ClaudeBot/1.0; +claudebot@anthropic.com)"
74.7.242.45 - - [21/Jul/2026:08:25:25 +0000] "GET /?u=5716891060 HTTP/1.1" 200 98622 "https://globallegacygroup.shop/?l=22969216136" "Mozilla/5.0 AppleWebKit/537.36 (KHTML, like Gecko; compatible; GPTBot/1.4; +https://openai.com/gptbot)"
74.7.242.45 - - [21/Jul/2026:08:25:26 +0000] "GET /?w=46172232380 HTTP/1.1" 404 83591 "https://globallegacygroup.shop/?l=17613193127" "Mozilla/5.0 AppleWebKit/537.36 (KHTML, like Gecko; compatible; GPTBot/1.4; +https://openai.com/gptbot)"
216.73.217.123 - - [21/Jul/2026:08:25:26 +0000] "GET /?f=48625230441 HTTP/1.1" 200 98622 "-" "Mozilla/5.0 AppleWebKit/537.36 (KHTML, like Gecko; compatible; ClaudeBot/1.0; +claudebot@anthropic.com)"
74.7.242.45 - - [21/Jul/2026:08:25:27 +0000] "GET /?b=83643160299 HTTP/1.1" 200 98622 "https://globallegacygroup.shop/?f=4862530863" "Mozilla/5.0 AppleWebKit/537.36 (KHTML, like Gecko; compatible; GPTBot/1.4; +https://openai.com/gptbot)"
216.73.217.123 - - [21/Jul/2026:08:25:28 +0000] "GET /?l=22969148576 HTTP/1.1" 200 98622 "-" "Mozilla/5.0 AppleWebKit/537.36 (KHTML, like Gecko; compatible; ClaudeBot/1.0; +claudebot@anthropic.com)"
74.7.242.45 - - [21/Jul/2026:08:25:28 +0000] "GET /?f=48625142413 HTTP/1.1" 200 98622 "https://globallegacygroup.shop/?f=48625132903" "Mozilla/5.0 AppleWebKit/537.36 (KHTML, like Gecko; compatible; GPTBot/1.4; +https://openai.com/gptbot)"
216.73.217.123 - - [21/Jul/2026:08:25:29 +0000] "GET /?l=2296911305 HTTP/1.1" 200 98622 "-" "Mozilla/5.0 AppleWebKit/537.36 (KHTML, like Gecko; compatible; ClaudeBot/1.0; +claudebot@anthropic.com)"
74.7.242.45 - - [21/Jul/2026:08:25:29 +0000] "GET /?v=3587530493 HTTP/1.1" 200 98622 "https://globallegacygroup.shop/?b=83643129132" "Mozilla/5.0 AppleWebKit/537.36 (KHTML, like Gecko; compatible; GPTBot/1.4; +https://openai.com/gptbot)"
216.73.217.123 - - [21/Jul/2026:08:25:30 +0000] "GET /?f=48625244181 HTTP/1.1" 200 98622 "-" "Mozilla/5.0 AppleWebKit/537.36 (KHTML, like Gecko; compatible; ClaudeBot/1.0; +claudebot@anthropic.com)"
74.7.242.45 - - [21/Jul/2026:08:25:30 +0000] "GET /?b=83643238527 HTTP/1.1" 200 98622 "https://globallegacygroup.shop/?i=34614149300" "Mozilla/5.0 AppleWebKit/537.36 (KHTML, like Gecko; compatible; GPTBot/1.4; +https://openai.com/gptbot)"
216.73.217.123 - - [21/Jul/2026:08:25:32 +0000] "GET /?l=17613227634 HTTP/1.1" 200 98622 "-" "Mozilla/5.0 AppleWebKit/537.36 (KHTML, like Gecko; compatible; ClaudeBot/1.0; +claudebot@anthropic.com)"
74.7.242.45 - - [21/Jul/2026:08:25:32 +0000] "GET /?l=22969105368 HTTP/1.1" 200 98622 "https://globallegacygroup.shop/?v=3587532429" "Mozilla/5.0 AppleWebKit/537.36 (KHTML, like Gecko; compatible; GPTBot/1.4; +https://openai.com/gptbot)"
216.73.217.123 - - [21/Jul/2026:08:25:33 +0000] "GET /?l=1761358758 HTTP/1.1" 200 98622 "-" "Mozilla/5.0 AppleWebKit/537.36 (KHTML, like Gecko; compatible; ClaudeBot/1.0; +claudebot@anthropic.com)"
74.7.242.45 - - [21/Jul/2026:08:25:33 +0000] "GET /?b=80081278274 HTTP/1.1" 200 98622 "https://globallegacygroup.shop/?b=83643249424" "Mozilla/5.0 AppleWebKit/537.36 (KHTML, like Gecko; compatible; GPTBot/1.4; +https://openai.com/gptbot)"
216.73.217.123 - - [21/Jul/2026:08:25:34 +0000] "GET /?i=3461498902 HTTP/1.1" 200 98622 "-" "Mozilla/5.0 AppleWebKit/537.36 (KHTML, like Gecko; compatible; ClaudeBot/1.0; +claudebot@anthropic.com)"
74.7.242.45 - - [21/Jul/2026:08:25:34 +0000] "GET /?f=4862535038 HTTP/1.1" 200 98622 "https://globallegacygroup.shop/?b=8364347308" "Mozilla/5.0 AppleWebKit/537.36 (KHTML, like Gecko; compatible; GPTBot/1.4; +https://openai.com/gptbot)"
198.177.124.148 - - [21/Jul/2026:08:25:36 +0000] "POST /wp-cron.php?doing_wp_cron=1784622336.9098598957061767578125 HTTP/1.1" 200 - "-" "WordPress/7.0.2; https://globallegacygroup.shop"
216.73.217.123 - - [21/Jul/2026:08:25:35 +0000] "GET /?l=2296990014 HTTP/1.1" 200 98622 "-" "Mozilla/5.0 AppleWebKit/537.36 (KHTML, like Gecko; compatible; ClaudeBot/1.0; +claudebot@anthropic.com)"
198.177.124.148 - - [21/Jul/2026:08:25:37 +0000] "POST /wp-cron.php?doing_wp_cron=1784622337.1622579097747802734375 HTTP/1.1" 200 - "-" "WordPress/7.0.2; https://globallegacygroup.shop"
74.7.242.45 - - [21/Jul/2026:08:25:36 +0000] "GET /?b=80081196893 HTTP/1.1" 200 98622 "https://globallegacygroup.shop/?b=80081129050" "Mozilla/5.0 AppleWebKit/537.36 (KHTML, like Gecko; compatible; GPTBot/1.4; +https://openai.com/gptbot)"
198.177.124.148 - - [21/Jul/2026:08:25:37 +0000] "POST /wp-cron.php?doing_wp_cron=1784622337.7951400279998779296875 HTTP/1.1" 200 - "-" "WordPress/7.0.2; https://globallegacygroup.shop"
216.73.217.123 - - [21/Jul/2026:08:25:36 +0000] "GET /?l=22969159116 HTTP/1.1" 200 98622 "-" "Mozilla/5.0 AppleWebKit/537.36 (KHTML, like Gecko; compatible; ClaudeBot/1.0; +claudebot@anthropic.com)"
74.7.242.45 - - [21/Jul/2026:08:25:37 +0000] "GET /?b=80081252649 HTTP/1.1" 200 98622 "https://globallegacygroup.shop/?r=98297231486" "Mozilla/5.0 AppleWebKit/537.36 (KHTML, like Gecko; compatible; GPTBot/1.4; +https://openai.com/gptbot)"
216.73.217.123 - - [21/Jul/2026:08:25:38 +0000] "GET /?b=8008125869 HTTP/1.1" 200 98622 "-" "Mozilla/5.0 AppleWebKit/537.36 (KHTML, like Gecko; compatible; ClaudeBot/1.0; +claudebot@anthropic.com)"
74.7.242.45 - - [21/Jul/2026:08:25:38 +0000] "GET /?b=80081127407 HTTP/1.1" 200 98622 "https://globallegacygroup.shop/?i=34614275534" "Mozilla/5.0 AppleWebKit/537.36 (KHTML, like Gecko; compatible; GPTBot/1.4; +https://openai.com/gptbot)"
216.73.217.123 - - [21/Jul/2026:08:25:39 +0000] "GET /?l=22969106348 HTTP/1.1" 200 98622 "-" "Mozilla/5.0 AppleWebKit/537.36 (KHTML, like Gecko; compatible; ClaudeBot/1.0; +claudebot@anthropic.com)"
74.7.242.45 - - [21/Jul/2026:08:25:39 +0000] "GET /?b=83643150595 HTTP/1.1" 200 98622 "https://globallegacygroup.shop/?l=17613247746" "Mozilla/5.0 AppleWebKit/537.36 (KHTML, like Gecko; compatible; GPTBot/1.4; +https://openai.com/gptbot)"
216.73.217.123 - - [21/Jul/2026:08:25:41 +0000] "GET /?b=8008124195 HTTP/1.1" 200 98622 "-" "Mozilla/5.0 AppleWebKit/537.36 (KHTML, like Gecko; compatible; ClaudeBot/1.0; +claudebot@anthropic.com)"
74.7.242.45 - - [21/Jul/2026:08:25:41 +0000] "GET /?u=57168157064 HTTP/1.1" 200 98622 "https://globallegacygroup.shop/?f=4862571316" "Mozilla/5.0 AppleWebKit/537.36 (KHTML, like Gecko; compatible; GPTBot/1.4; +https://openai.com/gptbot)"
74.7.242.45 - - [21/Jul/2026:08:25:42 +0000] "GET /?l=17613183964 HTTP/1.1" 200 98622 "https://globallegacygroup.shop/?l=17613172641" "Mozilla/5.0 AppleWebKit/537.36 (KHTML, like Gecko; compatible; GPTBot/1.4; +https://openai.com/gptbot)"
216.73.217.123 - - [21/Jul/2026:08:25:42 +0000] "GET /?b=80081186147 HTTP/1.1" 200 98622 "-" "Mozilla/5.0 AppleWebKit/537.36 (KHTML, like Gecko; compatible; ClaudeBot/1.0; +claudebot@anthropic.com)"
74.7.242.45 - - [21/Jul/2026:08:25:43 +0000] "GET /?i=34614251637 HTTP/1.1" 200 98622 "https://globallegacygroup.shop/?b=8364332698" "Mozilla/5.0 AppleWebKit/537.36 (KHTML, like Gecko; compatible; GPTBot/1.4; +https://openai.com/gptbot)"
216.73.217.123 - - [21/Jul/2026:08:25:44 +0000] "GET /?l=17613222272 HTTP/1.1" 200 98622 "-" "Mozilla/5.0 AppleWebKit/537.36 (KHTML, like Gecko; compatible; ClaudeBot/1.0; +claudebot@anthropic.com)"
74.7.242.45 - - [21/Jul/2026:08:25:45 +0000] "GET /?r=98297133747 HTTP/1.1" 200 98622 "https://globallegacygroup.shop/?i=34614132836" "Mozilla/5.0 AppleWebKit/537.36 (KHTML, like Gecko; compatible; GPTBot/1.4; +https://openai.com/gptbot)"
216.73.217.123 - - [21/Jul/2026:08:25:45 +0000] "GET /?l=1761310027 HTTP/1.1" 200 98622 "-" "Mozilla/5.0 AppleWebKit/537.36 (KHTML, like Gecko; compatible; ClaudeBot/1.0; +claudebot@anthropic.com)"
74.7.242.45 - - [21/Jul/2026:08:25:46 +0000] "GET /?v=35875284819 HTTP/1.1" 200 98622 "https://globallegacygroup.shop/?v=35875279945" "Mozilla/5.0 AppleWebKit/537.36 (KHTML, like Gecko; compatible; GPTBot/1.4; +https://openai.com/gptbot)"
216.73.217.123 - - [21/Jul/2026:08:25:47 +0000] "GET /?b=83643233428 HTTP/1.1" 200 98622 "-" "Mozilla/5.0 AppleWebKit/537.36 (KHTML, like Gecko; compatible; ClaudeBot/1.0; +claudebot@anthropic.com)"
74.7.242.45 - - [21/Jul/2026:08:25:47 +0000] "GET /?i=34614173880 HTTP/1.1" 200 98622 "https://globallegacygroup.shop/?w=46172128183" "Mozilla/5.0 AppleWebKit/537.36 (KHTML, like Gecko; compatible; GPTBot/1.4; +https://openai.com/gptbot)"
216.73.217.123 - - [21/Jul/2026:08:25:48 +0000] "GET /?l=22969222183 HTTP/1.1" 200 98622 "-" "Mozilla/5.0 AppleWebKit/537.36 (KHTML, like Gecko; compatible; ClaudeBot/1.0; +claudebot@anthropic.com)"
74.7.242.45 - - [21/Jul/2026:08:25:48 +0000] "GET /?r=9829752628 HTTP/1.1" 200 98622 "https://globallegacygroup.shop/?r=9829732147" "Mozilla/5.0 AppleWebKit/537.36 (KHTML, like Gecko; compatible; GPTBot/1.4; +https://openai.com/gptbot)"
74.7.242.45 - - [21/Jul/2026:08:25:50 +0000] "GET /?r=98297175412 HTTP/1.1" 200 98622 "https://globallegacygroup.shop/?r=98297191758" "Mozilla/5.0 AppleWebKit/537.36 (KHTML, like Gecko; compatible; GPTBot/1.4; +https://openai.com/gptbot)"
216.73.217.123 - - [21/Jul/2026:08:25:50 +0000] "GET /?b=8008130835 HTTP/1.1" 200 98622 "-" "Mozilla/5.0 AppleWebKit/537.36 (KHTML, like Gecko; compatible; ClaudeBot/1.0; +claudebot@anthropic.com)"
74.7.242.45 - - [21/Jul/2026:08:25:51 +0000] "GET /?u=5716824574 HTTP/1.1" 200 98622 "https://globallegacygroup.shop/?l=1761350250" "Mozilla/5.0 AppleWebKit/537.36 (KHTML, like Gecko; compatible; GPTBot/1.4; +https://openai.com/gptbot)"
216.73.217.123 - - [21/Jul/2026:08:25:51 +0000] "GET /?r=98297260980 HTTP/1.1" 200 98622 "-" "Mozilla/5.0 AppleWebKit/537.36 (KHTML, like Gecko; compatible; ClaudeBot/1.0; +claudebot@anthropic.com)"
74.7.242.45 - - [21/Jul/2026:08:25:52 +0000] "GET /?u=57168224084 HTTP/1.1" 200 98622 "https://globallegacygroup.shop/?l=1761383485" "Mozilla/5.0 AppleWebKit/537.36 (KHTML, like Gecko; compatible; GPTBot/1.4; +https://openai.com/gptbot)"
216.73.217.123 - - [21/Jul/2026:08:25:52 +0000] "GET /?l=22969210741 HTTP/1.1" 200 98622 "-" "Mozilla/5.0 AppleWebKit/537.36 (KHTML, like Gecko; compatible; ClaudeBot/1.0; +claudebot@anthropic.com)"
74.7.242.45 - - [21/Jul/2026:08:25:53 +0000] "GET /?b=83643249616 HTTP/1.1" 200 98622 "https://globallegacygroup.shop/?w=46172202353" "Mozilla/5.0 AppleWebKit/537.36 (KHTML, like Gecko; compatible; GPTBot/1.4; +https://openai.com/gptbot)"
216.73.217.123 - - [21/Jul/2026:08:25:54 +0000] "GET /?u=571689873 HTTP/1.1" 200 98622 "-" "Mozilla/5.0 AppleWebKit/537.36 (KHTML, like Gecko; compatible; ClaudeBot/1.0; +claudebot@anthropic.com)"
74.7.242.45 - - [21/Jul/2026:08:25:54 +0000] "GET /?l=17613277843 HTTP/1.1" 200 98622 "https://globallegacygroup.shop/?r=9829759845" "Mozilla/5.0 AppleWebKit/537.36 (KHTML, like Gecko; compatible; GPTBot/1.4; +https://openai.com/gptbot)"
216.73.217.123 - - [21/Jul/2026:08:25:55 +0000] "GET /?l=2296930513 HTTP/1.1" 200 98622 "-" "Mozilla/5.0 AppleWebKit/537.36 (KHTML, like Gecko; compatible; ClaudeBot/1.0; +claudebot@anthropic.com)"
74.7.242.45 - - [21/Jul/2026:08:25:56 +0000] "GET /?u=57168198125 HTTP/1.1" 200 98622 "https://globallegacygroup.shop/?b=8364337759" "Mozilla/5.0 AppleWebKit/537.36 (KHTML, like Gecko; compatible; GPTBot/1.4; +https://openai.com/gptbot)"
216.73.217.123 - - [21/Jul/2026:08:25:57 +0000] "GET /?l=2296971274 HTTP/1.1" 200 98622 "-" "Mozilla/5.0 AppleWebKit/537.36 (KHTML, like Gecko; compatible; ClaudeBot/1.0; +claudebot@anthropic.com)"
74.7.242.45 - - [21/Jul/2026:08:25:57 +0000] "GET /?u=5716834814 HTTP/1.1" 200 98622 "https://globallegacygroup.shop/?u=57168144213" "Mozilla/5.0 AppleWebKit/537.36 (KHTML, like Gecko; compatible; GPTBot/1.4; +https://openai.com/gptbot)"
216.73.217.123 - - [21/Jul/2026:08:25:58 +0000] "GET /?f=48625200003 HTTP/1.1" 200 98622 "-" "Mozilla/5.0 AppleWebKit/537.36 (KHTML, like Gecko; compatible; ClaudeBot/1.0; +claudebot@anthropic.com)"
74.7.242.45 - - [21/Jul/2026:08:25:58 +0000] "GET /?f=4862581512 HTTP/1.1" 200 98622 "https://globallegacygroup.shop/?w=4617229064" "Mozilla/5.0 AppleWebKit/537.36 (KHTML, like Gecko; compatible; GPTBot/1.4; +https://openai.com/gptbot)"
74.7.242.45 - - [21/Jul/2026:08:25:59 +0000] "GET /?l=1761354275 HTTP/1.1" 200 98622 "https://globallegacygroup.shop/?b=80081295341" "Mozilla/5.0 AppleWebKit/537.36 (KHTML, like Gecko; compatible; GPTBot/1.4; +https://openai.com/gptbot)"
216.73.217.123 - - [21/Jul/2026:08:26:00 +0000] "GET /?r=9829750445 HTTP/1.1" 200 98622 "-" "Mozilla/5.0 AppleWebKit/537.36 (KHTML, like Gecko; compatible; ClaudeBot/1.0; +claudebot@anthropic.com)"
74.7.242.45 - - [21/Jul/2026:08:26:00 +0000] "GET /?w=46172237162 HTTP/1.1" 404 83591 "https://globallegacygroup.shop/?b=8364393940" "Mozilla/5.0 AppleWebKit/537.36 (KHTML, like Gecko; compatible; GPTBot/1.4; +https://openai.com/gptbot)"
216.73.217.123 - - [21/Jul/2026:08:26:01 +0000] "GET /?f=48625100491 HTTP/1.1" 200 98622 "-" "Mozilla/5.0 AppleWebKit/537.36 (KHTML, like Gecko; compatible; ClaudeBot/1.0; +claudebot@anthropic.com)"
74.7.242.45 - - [21/Jul/2026:08:26:01 +0000] "GET /?b=8364381703 HTTP/1.1" 200 98622 "https://globallegacygroup.shop/?f=4862552013" "Mozilla/5.0 AppleWebKit/537.36 (KHTML, like Gecko; compatible; GPTBot/1.4; +https://openai.com/gptbot)"
74.7.242.45 - - [21/Jul/2026:08:26:02 +0000] "GET /?i=3461442591 HTTP/1.1" 200 98622 "https://globallegacygroup.shop/?b=80081183638" "Mozilla/5.0 AppleWebKit/537.36 (KHTML, like Gecko; compatible; GPTBot/1.4; +https://openai.com/gptbot)"
216.73.217.123 - - [21/Jul/2026:08:26:03 +0000] "GET /?l=2296950725 HTTP/1.1" 200 98622 "-" "Mozilla/5.0 AppleWebKit/537.36 (KHTML, like Gecko; compatible; ClaudeBot/1.0; +claudebot@anthropic.com)"
74.7.242.45 - - [21/Jul/2026:08:26:04 +0000] "GET /?i=34614177301 HTTP/1.1" 200 98622 "https://globallegacygroup.shop/?i=3461459612" "Mozilla/5.0 AppleWebKit/537.36 (KHTML, like Gecko; compatible; GPTBot/1.4; +https://openai.com/gptbot)"
216.73.217.123 - - [21/Jul/2026:08:26:04 +0000] "GET /?b=8008152901 HTTP/1.1" 200 98622 "-" "Mozilla/5.0 AppleWebKit/537.36 (KHTML, like Gecko; compatible; ClaudeBot/1.0; +claudebot@anthropic.com)"
74.7.242.45 - - [21/Jul/2026:08:26:05 +0000] "GET /?f=48625235383 HTTP/1.1" 200 98622 "https://globallegacygroup.shop/?l=17613264526" "Mozilla/5.0 AppleWebKit/537.36 (KHTML, like Gecko; compatible; GPTBot/1.4; +https://openai.com/gptbot)"
216.73.217.123 - - [21/Jul/2026:08:26:06 +0000] "GET /?l=1761344717 HTTP/1.1" 200 98622 "-" "Mozilla/5.0 AppleWebKit/537.36 (KHTML, like Gecko; compatible; ClaudeBot/1.0; +claudebot@anthropic.com)"
74.7.242.45 - - [21/Jul/2026:08:26:06 +0000] "GET /?w=46172100588 HTTP/1.1" 404 83591 "https://globallegacygroup.shop/?v=358758825" "Mozilla/5.0 AppleWebKit/537.36 (KHTML, like Gecko; compatible; GPTBot/1.4; +https://openai.com/gptbot)"
209.127.35.109 - - [21/Jul/2026:08:26:07 +0000] "POST /wp-login.php HTTP/1.1" 200 5757 "-" "Mozilla/5.0 (Windows NT 10.0; Win64; rv:143.0) Gecko/20100101 Firefox/143.0"
216.73.217.123 - - [21/Jul/2026:08:26:07 +0000] "GET /?l=22969116537 HTTP/1.1" 200 98622 "-" "Mozilla/5.0 AppleWebKit/537.36 (KHTML, like Gecko; compatible; ClaudeBot/1.0; +claudebot@anthropic.com)"
74.7.242.45 - - [21/Jul/2026:08:26:08 +0000] "GET /?l=2296911835 HTTP/1.1" 200 98622 "https://globallegacygroup.shop/?l=22969123602" "Mozilla/5.0 AppleWebKit/537.36 (KHTML, like Gecko; compatible; GPTBot/1.4; +https://openai.com/gptbot)"
74.7.242.45 - - [21/Jul/2026:08:26:09 +0000] "GET /?l=17613143802 HTTP/1.1" 200 98622 "https://globallegacygroup.shop/?b=80081159103" "Mozilla/5.0 AppleWebKit/537.36 (KHTML, like Gecko; compatible; GPTBot/1.4; +https://openai.com/gptbot)"
216.73.217.123 - - [21/Jul/2026:08:26:09 +0000] "GET /?l=22969165869 HTTP/1.1" 200 98622 "-" "Mozilla/5.0 AppleWebKit/537.36 (KHTML, like Gecko; compatible; ClaudeBot/1.0; +claudebot@anthropic.com)"
74.7.242.45 - - [21/Jul/2026:08:26:10 +0000] "GET /?i=3461469506 HTTP/1.1" 200 98622 "https://globallegacygroup.shop/?l=22969128876" "Mozilla/5.0 AppleWebKit/537.36 (KHTML, like Gecko; compatible; GPTBot/1.4; +https://openai.com/gptbot)"
216.73.217.123 - - [21/Jul/2026:08:26:11 +0000] "GET /?r=9829767538 HTTP/1.1" 200 98622 "-" "Mozilla/5.0 AppleWebKit/537.36 (KHTML, like Gecko; compatible; ClaudeBot/1.0; +claudebot@anthropic.com)"
74.7.242.45 - - [21/Jul/2026:08:26:11 +0000] "GET /?r=98297202136 HTTP/1.1" 200 98622 "https://globallegacygroup.shop/?v=35875196705" "Mozilla/5.0 AppleWebKit/537.36 (KHTML, like Gecko; compatible; GPTBot/1.4; +https://openai.com/gptbot)"
216.73.217.123 - - [21/Jul/2026:08:26:12 +0000] "GET /?l=17613196362 HTTP/1.1" 200 98622 "-" "Mozilla/5.0 AppleWebKit/537.36 (KHTML, like Gecko; compatible; ClaudeBot/1.0; +claudebot@anthropic.com)"
216.73.217.123 - - [21/Jul/2026:08:26:13 +0000] "GET /?b=83643218677 HTTP/1.1" 200 98622 "-" "Mozilla/5.0 AppleWebKit/537.36 (KHTML, like Gecko; compatible; ClaudeBot/1.0; +claudebot@anthropic.com)"
74.7.242.45 - - [21/Jul/2026:08:26:13 +0000] "GET /?b=8364340478 HTTP/1.1" 200 98622 "https://globallegacygroup.shop/?w=46172283935" "Mozilla/5.0 AppleWebKit/537.36 (KHTML, like Gecko; compatible; GPTBot/1.4; +https://openai.com/gptbot)"
216.73.217.123 - - [21/Jul/2026:08:26:14 +0000] "GET /?r=98297233103 HTTP/1.1" 200 98622 "-" "Mozilla/5.0 AppleWebKit/537.36 (KHTML, like Gecko; compatible; ClaudeBot/1.0; +claudebot@anthropic.com)"
216.73.217.123 - - [21/Jul/2026:08:26:15 +0000] "GET /?l=2296917716 HTTP/1.1" 200 98622 "-" "Mozilla/5.0 AppleWebKit/537.36 (KHTML, like Gecko; compatible; ClaudeBot/1.0; +claudebot@anthropic.com)"
74.7.242.45 - - [21/Jul/2026:08:26:15 +0000] "GET /?w=46172215528 HTTP/1.1" 404 83591 "https://globallegacygroup.shop/?r=9829738085" "Mozilla/5.0 AppleWebKit/537.36 (KHTML, like Gecko; compatible; GPTBot/1.4; +https://openai.com/gptbot)"
216.73.217.123 - - [21/Jul/2026:08:26:15 +0000] "GET /?i=34614228686 HTTP/1.1" 200 98622 "-" "Mozilla/5.0 AppleWebKit/537.36 (KHTML, like Gecko; compatible; ClaudeBot/1.0; +claudebot@anthropic.com)"
216.73.217.123 - - [21/Jul/2026:08:26:16 +0000] "GET /?l=1761350370 HTTP/1.1" 200 98622 "-" "Mozilla/5.0 AppleWebKit/537.36 (KHTML, like Gecko; compatible; ClaudeBot/1.0; +claudebot@anthropic.com)"
216.73.217.123 - - [21/Jul/2026:08:26:17 +0000] "GET /?b=8008114475 HTTP/1.1" 200 98622 "-" "Mozilla/5.0 AppleWebKit/537.36 (KHTML, like Gecko; compatible; ClaudeBot/1.0; +claudebot@anthropic.com)"
74.7.242.45 - - [21/Jul/2026:08:26:16 +0000] "GET /?b=80081299472 HTTP/1.1" 200 98622 "https://globallegacygroup.shop/?l=229693767" "Mozilla/5.0 AppleWebKit/537.36 (KHTML, like Gecko; compatible; GPTBot/1.4; +https://openai.com/gptbot)"
216.73.217.123 - - [21/Jul/2026:08:26:18 +0000] "GET /?l=22969187749 HTTP/1.1" 200 98622 "-" "Mozilla/5.0 AppleWebKit/537.36 (KHTML, like Gecko; compatible; ClaudeBot/1.0; +claudebot@anthropic.com)"
74.7.242.45 - - [21/Jul/2026:08:26:19 +0000] "GET /?f=48625119565 HTTP/1.1" 200 98622 "https://globallegacygroup.shop/?b=80081197028" "Mozilla/5.0 AppleWebKit/537.36 (KHTML, like Gecko; compatible; GPTBot/1.4; +https://openai.com/gptbot)"
216.73.217.123 - - [21/Jul/2026:08:26:19 +0000] "GET /?l=2296949631 HTTP/1.1" 200 98622 "-" "Mozilla/5.0 AppleWebKit/537.36 (KHTML, like Gecko; compatible; ClaudeBot/1.0; +claudebot@anthropic.com)"
216.73.217.123 - - [21/Jul/2026:08:26:19 +0000] "GET /?l=22969126097 HTTP/1.1" 200 98622 "-" "Mozilla/5.0 AppleWebKit/537.36 (KHTML, like Gecko; compatible; ClaudeBot/1.0; +claudebot@anthropic.com)"
74.7.242.45 - - [21/Jul/2026:08:26:20 +0000] "GET /?b=80081290721 HTTP/1.1" 200 98622 "https://globallegacygroup.shop/?b=80081281726" "Mozilla/5.0 AppleWebKit/537.36 (KHTML, like Gecko; compatible; GPTBot/1.4; +https://openai.com/gptbot)"
216.73.217.123 - - [21/Jul/2026:08:26:21 +0000] "GET /?b=8364343664 HTTP/1.1" 200 98622 "-" "Mozilla/5.0 AppleWebKit/537.36 (KHTML, like Gecko; compatible; ClaudeBot/1.0; +claudebot@anthropic.com)"
216.73.217.123 - - [21/Jul/2026:08:26:21 +0000] "GET /?f=4862536708 HTTP/1.1" 200 98622 "-" "Mozilla/5.0 AppleWebKit/537.36 (KHTML, like Gecko; compatible; ClaudeBot/1.0; +claudebot@anthropic.com)"
74.7.242.45 - - [21/Jul/2026:08:26:21 +0000] "GET /?v=35875311727 HTTP/1.1" 200 98622 "https://globallegacygroup.shop/?b=8364369494" "Mozilla/5.0 AppleWebKit/537.36 (KHTML, like Gecko; compatible; GPTBot/1.4; +https://openai.com/gptbot)"
216.73.217.123 - - [21/Jul/2026:08:26:22 +0000] "GET /?l=22969126145 HTTP/1.1" 200 98622 "-" "Mozilla/5.0 AppleWebKit/537.36 (KHTML, like Gecko; compatible; ClaudeBot/1.0; +claudebot@anthropic.com)"
216.73.217.123 - - [21/Jul/2026:08:26:23 +0000] "GET /?f=48625188735 HTTP/1.1" 200 98622 "-" "Mozilla/5.0 AppleWebKit/537.36 (KHTML, like Gecko; compatible; ClaudeBot/1.0; +claudebot@anthropic.com)"
74.7.242.45 - - [21/Jul/2026:08:26:23 +0000] "GET /?u=57168207062 HTTP/1.1" 200 98622 "https://globallegacygroup.shop/?l=2296984189" "Mozilla/5.0 AppleWebKit/537.36 (KHTML, like Gecko; compatible; GPTBot/1.4; +https://openai.com/gptbot)"
216.73.217.123 - - [21/Jul/2026:08:26:23 +0000] "GET /?b=80081144971 HTTP/1.1" 200 98622 "-" "Mozilla/5.0 AppleWebKit/537.36 (KHTML, like Gecko; compatible; ClaudeBot/1.0; +claudebot@anthropic.com)"
216.73.217.123 - - [21/Jul/2026:08:26:23 +0000] "GET /?b=8364317086 HTTP/1.1" 200 98622 "-" "Mozilla/5.0 AppleWebKit/537.36 (KHTML, like Gecko; compatible; ClaudeBot/1.0; +claudebot@anthropic.com)"
74.7.242.45 - - [21/Jul/2026:08:26:24 +0000] "GET /?b=8008162047 HTTP/1.1" 200 98622 "https://globallegacygroup.shop/?i=34614129224" "Mozilla/5.0 AppleWebKit/537.36 (KHTML, like Gecko; compatible; GPTBot/1.4; +https://openai.com/gptbot)"
216.73.217.123 - - [21/Jul/2026:08:26:24 +0000] "GET /?b=83643247217 HTTP/1.1" 200 98622 "-" "Mozilla/5.0 AppleWebKit/537.36 (KHTML, like Gecko; compatible; ClaudeBot/1.0; +claudebot@anthropic.com)"
216.73.217.123 - - [21/Jul/2026:08:26:25 +0000] "GET /?l=22969273138 HTTP/1.1" 200 98622 "-" "Mozilla/5.0 AppleWebKit/537.36 (KHTML, like Gecko; compatible; ClaudeBot/1.0; +claudebot@anthropic.com)"
216.73.217.123 - - [21/Jul/2026:08:26:25 +0000] "GET /?l=22969188592 HTTP/1.1" 200 98622 "-" "Mozilla/5.0 AppleWebKit/537.36 (KHTML, like Gecko; compatible; ClaudeBot/1.0; +claudebot@anthropic.com)"
209.127.35.109 - - [21/Jul/2026:08:26:26 +0000] "POST /wp-login.php HTTP/1.1" 200 5757 "-" "Mozilla/5.0 (Windows NT 10.0; Win64; x64) AppleWebKit/537.36 Chrome/129.0.0.0 Safari/537.36"
74.7.242.45 - - [21/Jul/2026:08:26:26 +0000] "GET /?l=17613164993 HTTP/1.1" 200 98622 "https://globallegacygroup.shop/?u=57168132563" "Mozilla/5.0 AppleWebKit/537.36 (KHTML, like Gecko; compatible; GPTBot/1.4; +https://openai.com/gptbot)"
216.73.217.123 - - [21/Jul/2026:08:26:26 +0000] "GET /?b=8364343305 HTTP/1.1" 200 98622 "-" "Mozilla/5.0 AppleWebKit/537.36 (KHTML, like Gecko; compatible; ClaudeBot/1.0; +claudebot@anthropic.com)"
216.73.217.123 - - [21/Jul/2026:08:26:27 +0000] "GET /?b=83643275553 HTTP/1.1" 200 98622 "-" "Mozilla/5.0 AppleWebKit/537.36 (KHTML, like Gecko; compatible; ClaudeBot/1.0; +claudebot@anthropic.com)"
216.73.217.123 - - [21/Jul/2026:08:26:27 +0000] "GET /?l=17613159205 HTTP/1.1" 200 98622 "-" "Mozilla/5.0 AppleWebKit/537.36 (KHTML, like Gecko; compatible; ClaudeBot/1.0; +claudebot@anthropic.com)"
74.7.242.45 - - [21/Jul/2026:08:26:28 +0000] "GET /?l=1761376470 HTTP/1.1" 200 98622 "https://globallegacygroup.shop/?l=22969172508" "Mozilla/5.0 AppleWebKit/537.36 (KHTML, like Gecko; compatible; GPTBot/1.4; +https://openai.com/gptbot)"
216.73.217.123 - - [21/Jul/2026:08:26:28 +0000] "GET /?l=22969198611 HTTP/1.1" 200 98622 "-" "Mozilla/5.0 AppleWebKit/537.36 (KHTML, like Gecko; compatible; ClaudeBot/1.0; +claudebot@anthropic.com)"
216.73.217.123 - - [21/Jul/2026:08:26:29 +0000] "GET /?i=34614217709 HTTP/1.1" 200 98622 "-" "Mozilla/5.0 AppleWebKit/537.36 (KHTML, like Gecko; compatible; ClaudeBot/1.0; +claudebot@anthropic.com)"
216.73.217.123 - - [21/Jul/2026:08:26:30 +0000] "GET /?b=8008189289 HTTP/1.1" 200 98622 "-" "Mozilla/5.0 AppleWebKit/537.36 (KHTML, like Gecko; compatible; ClaudeBot/1.0; +claudebot@anthropic.com)"
74.7.242.45 - - [21/Jul/2026:08:26:30 +0000] "GET /?l=22969287145 HTTP/1.1" 200 98622 "https://globallegacygroup.shop/?i=34614112295" "Mozilla/5.0 AppleWebKit/537.36 (KHTML, like Gecko; compatible; GPTBot/1.4; +https://openai.com/gptbot)"
216.73.217.123 - - [21/Jul/2026:08:26:30 +0000] "GET /?i=3461493594 HTTP/1.1" 200 98622 "-" "Mozilla/5.0 AppleWebKit/537.36 (KHTML, like Gecko; compatible; ClaudeBot/1.0; +claudebot@anthropic.com)"
216.73.217.123 - - [21/Jul/2026:08:26:30 +0000] "GET /?f=48625220072 HTTP/1.1" 200 98622 "-" "Mozilla/5.0 AppleWebKit/537.36 (KHTML, like Gecko; compatible; ClaudeBot/1.0; +claudebot@anthropic.com)"
216.73.217.123 - - [21/Jul/2026:08:26:31 +0000] "GET /?b=80081208424 HTTP/1.1" 200 98622 "-" "Mozilla/5.0 AppleWebKit/537.36 (KHTML, like Gecko; compatible; ClaudeBot/1.0; +claudebot@anthropic.com)"
74.7.242.45 - - [21/Jul/2026:08:26:32 +0000] "GET /?r=9829764261 HTTP/1.1" 200 98622 "https://globallegacygroup.shop/?v=35875270055" "Mozilla/5.0 AppleWebKit/537.36 (KHTML, like Gecko; compatible; GPTBot/1.4; +https://openai.com/gptbot)"
216.73.217.123 - - [21/Jul/2026:08:26:32 +0000] "GET /?l=22969291544 HTTP/1.1" 200 98622 "-" "Mozilla/5.0 AppleWebKit/537.36 (KHTML, like Gecko; compatible; ClaudeBot/1.0; +claudebot@anthropic.com)"
216.73.217.123 - - [21/Jul/2026:08:26:32 +0000] "GET /?l=1761358819 HTTP/1.1" 200 98622 "-" "Mozilla/5.0 AppleWebKit/537.36 (KHTML, like Gecko; compatible; ClaudeBot/1.0; +claudebot@anthropic.com)"
74.7.242.45 - - [21/Jul/2026:08:26:33 +0000] "GET /?l=17613230105 HTTP/1.1" 200 98622 "https://globallegacygroup.shop/?b=80081192433" "Mozilla/5.0 AppleWebKit/537.36 (KHTML, like Gecko; compatible; GPTBot/1.4; +https://openai.com/gptbot)"
216.73.217.123 - - [21/Jul/2026:08:26:33 +0000] "GET /?f=48625231972 HTTP/1.1" 200 98622 "-" "Mozilla/5.0 AppleWebKit/537.36 (KHTML, like Gecko; compatible; ClaudeBot/1.0; +claudebot@anthropic.com)"
216.73.217.123 - - [21/Jul/2026:08:26:33 +0000] "GET /?b=8364363694 HTTP/1.1" 200 98622 "-" "Mozilla/5.0 AppleWebKit/537.36 (KHTML, like Gecko; compatible; ClaudeBot/1.0; +claudebot@anthropic.com)"
216.73.217.123 - - [21/Jul/2026:08:26:34 +0000] "GET /?b=8008179112 HTTP/1.1" 200 98622 "-" "Mozilla/5.0 AppleWebKit/537.36 (KHTML, like Gecko; compatible; ClaudeBot/1.0; +claudebot@anthropic.com)"
216.73.217.123 - - [21/Jul/2026:08:26:35 +0000] "GET /?b=8364389758 HTTP/1.1" 200 98622 "-" "Mozilla/5.0 AppleWebKit/537.36 (KHTML, like Gecko; compatible; ClaudeBot/1.0; +claudebot@anthropic.com)"
74.7.242.45 - - [21/Jul/2026:08:26:35 +0000] "GET /?v=3587550546 HTTP/1.1" 200 98622 "https://globallegacygroup.shop/?b=83643135217" "Mozilla/5.0 AppleWebKit/537.36 (KHTML, like Gecko; compatible; GPTBot/1.4; +https://openai.com/gptbot)"
