216.73.217.123 - - [21/Jul/2026:08:32:31 +0000] "GET /?b=8008161395 HTTP/1.1" 200 98622 "-" "Mozilla/5.0 AppleWebKit/537.36 (KHTML, like Gecko; compatible; ClaudeBot/1.0; +claudebot@anthropic.com)"
74.7.242.45 - - [21/Jul/2026:08:32:31 +0000] "GET /?f=4862580242 HTTP/1.1" 200 98622 "https://globallegacygroup.shop/?b=80081166608" "Mozilla/5.0 AppleWebKit/537.36 (KHTML, like Gecko; compatible; GPTBot/1.4; +https://openai.com/gptbot)"
216.73.217.123 - - [21/Jul/2026:08:32:31 +0000] "GET /?l=17613189744 HTTP/1.1" 200 98622 "-" "Mozilla/5.0 AppleWebKit/537.36 (KHTML, like Gecko; compatible; ClaudeBot/1.0; +claudebot@anthropic.com)"
216.73.217.123 - - [21/Jul/2026:08:32:32 +0000] "GET /?f=4862526038 HTTP/1.1" 200 98622 "-" "Mozilla/5.0 AppleWebKit/537.36 (KHTML, like Gecko; compatible; ClaudeBot/1.0; +claudebot@anthropic.com)"
74.7.242.45 - - [21/Jul/2026:08:32:33 +0000] "GET /?w=4617248443 HTTP/1.1" 404 83591 "https://globallegacygroup.shop/?r=98297136987" "Mozilla/5.0 AppleWebKit/537.36 (KHTML, like Gecko; compatible; GPTBot/1.4; +https://openai.com/gptbot)"
198.177.124.148 - - [21/Jul/2026:08:32:35 +0000] "POST /wp-cron.php?doing_wp_cron=1784622755.0696790218353271484375 HTTP/1.1" 200 - "-" "WordPress/7.0.2; https://globallegacygroup.shop"
216.73.217.123 - - [21/Jul/2026:08:32:33 +0000] "GET /?l=1761390840 HTTP/1.1" 200 98622 "-" "Mozilla/5.0 AppleWebKit/537.36 (KHTML, like Gecko; compatible; ClaudeBot/1.0; +claudebot@anthropic.com)"
216.73.217.123 - - [21/Jul/2026:08:32:33 +0000] "GET /?r=982972724 HTTP/1.1" 200 98622 "-" "Mozilla/5.0 AppleWebKit/537.36 (KHTML, like Gecko; compatible; ClaudeBot/1.0; +claudebot@anthropic.com)"
216.73.217.123 - - [21/Jul/2026:08:32:34 +0000] "GET /?b=8008169105 HTTP/1.1" 200 98622 "-" "Mozilla/5.0 AppleWebKit/537.36 (KHTML, like Gecko; compatible; ClaudeBot/1.0; +claudebot@anthropic.com)"
74.7.242.45 - - [21/Jul/2026:08:32:35 +0000] "GET /?i=34614279848 HTTP/1.1" 200 98622 "https://globallegacygroup.shop/?v=35875230550" "Mozilla/5.0 AppleWebKit/537.36 (KHTML, like Gecko; compatible; GPTBot/1.4; +https://openai.com/gptbot)"
216.73.217.123 - - [21/Jul/2026:08:32:35 +0000] "GET /?b=83643224183 HTTP/1.1" 200 98622 "-" "Mozilla/5.0 AppleWebKit/537.36 (KHTML, like Gecko; compatible; ClaudeBot/1.0; +claudebot@anthropic.com)"
216.73.217.123 - - [21/Jul/2026:08:32:36 +0000] "GET /?l=1761398244 HTTP/1.1" 200 98622 "-" "Mozilla/5.0 AppleWebKit/537.36 (KHTML, like Gecko; compatible; ClaudeBot/1.0; +claudebot@anthropic.com)"
216.73.217.123 - - [21/Jul/2026:08:32:36 +0000] "GET /?l=22969183845 HTTP/1.1" 200 98622 "-" "Mozilla/5.0 AppleWebKit/537.36 (KHTML, like Gecko; compatible; ClaudeBot/1.0; +claudebot@anthropic.com)"
74.7.242.45 - - [21/Jul/2026:08:32:37 +0000] "GET /?l=22969178389 HTTP/1.1" 200 98622 "https://globallegacygroup.shop/?w=4617250832" "Mozilla/5.0 AppleWebKit/537.36 (KHTML, like Gecko; compatible; GPTBot/1.4; +https://openai.com/gptbot)"
216.73.217.123 - - [21/Jul/2026:08:32:37 +0000] "GET /?l=22969293527 HTTP/1.1" 200 98622 "-" "Mozilla/5.0 AppleWebKit/537.36 (KHTML, like Gecko; compatible; ClaudeBot/1.0; +claudebot@anthropic.com)"
216.73.217.123 - - [21/Jul/2026:08:32:38 +0000] "GET /?l=1761315448 HTTP/1.1" 200 98622 "-" "Mozilla/5.0 AppleWebKit/537.36 (KHTML, like Gecko; compatible; ClaudeBot/1.0; +claudebot@anthropic.com)"
216.73.217.123 - - [21/Jul/2026:08:32:38 +0000] "GET /?r=98297287969 HTTP/1.1" 200 98622 "-" "Mozilla/5.0 AppleWebKit/537.36 (KHTML, like Gecko; compatible; ClaudeBot/1.0; +claudebot@anthropic.com)"
74.7.242.45 - - [21/Jul/2026:08:32:38 +0000] "GET /?u=57168260077 HTTP/1.1" 200 98622 "https://globallegacygroup.shop/?b=80081186403" "Mozilla/5.0 AppleWebKit/537.36 (KHTML, like Gecko; compatible; GPTBot/1.4; +https://openai.com/gptbot)"
216.73.217.123 - - [21/Jul/2026:08:32:39 +0000] "GET /?b=83643237872 HTTP/1.1" 200 98622 "-" "Mozilla/5.0 AppleWebKit/537.36 (KHTML, like Gecko; compatible; ClaudeBot/1.0; +claudebot@anthropic.com)"
216.73.217.123 - - [21/Jul/2026:08:32:40 +0000] "GET /?l=22969272828 HTTP/1.1" 200 98622 "-" "Mozilla/5.0 AppleWebKit/537.36 (KHTML, like Gecko; compatible; ClaudeBot/1.0; +claudebot@anthropic.com)"
216.73.217.123 - - [21/Jul/2026:08:32:40 +0000] "GET /?f=48625178965 HTTP/1.1" 200 98622 "-" "Mozilla/5.0 AppleWebKit/537.36 (KHTML, like Gecko; compatible; ClaudeBot/1.0; +claudebot@anthropic.com)"
74.7.242.45 - - [21/Jul/2026:08:32:40 +0000] "GET /?r=98297143411 HTTP/1.1" 200 98622 "https://globallegacygroup.shop/?l=22969290873" "Mozilla/5.0 AppleWebKit/537.36 (KHTML, like Gecko; compatible; GPTBot/1.4; +https://openai.com/gptbot)"
216.73.217.123 - - [21/Jul/2026:08:32:41 +0000] "GET /?b=8008168962 HTTP/1.1" 200 98622 "-" "Mozilla/5.0 AppleWebKit/537.36 (KHTML, like Gecko; compatible; ClaudeBot/1.0; +claudebot@anthropic.com)"
216.73.217.123 - - [21/Jul/2026:08:32:41 +0000] "GET /?i=34614181584 HTTP/1.1" 200 98622 "-" "Mozilla/5.0 AppleWebKit/537.36 (KHTML, like Gecko; compatible; ClaudeBot/1.0; +claudebot@anthropic.com)"
216.73.217.123 - - [21/Jul/2026:08:32:42 +0000] "GET /?i=3461483746 HTTP/1.1" 200 98622 "-" "Mozilla/5.0 AppleWebKit/537.36 (KHTML, like Gecko; compatible; ClaudeBot/1.0; +claudebot@anthropic.com)"
74.7.242.45 - - [21/Jul/2026:08:32:42 +0000] "GET /?l=22969135695 HTTP/1.1" 200 98622 "https://globallegacygroup.shop/?b=83643119686" "Mozilla/5.0 AppleWebKit/537.36 (KHTML, like Gecko; compatible; GPTBot/1.4; +https://openai.com/gptbot)"
216.73.217.123 - - [21/Jul/2026:08:32:42 +0000] "GET /?r=98297250087 HTTP/1.1" 200 98622 "-" "Mozilla/5.0 AppleWebKit/537.36 (KHTML, like Gecko; compatible; ClaudeBot/1.0; +claudebot@anthropic.com)"
216.73.217.123 - - [21/Jul/2026:08:32:43 +0000] "GET /?b=83643262956 HTTP/1.1" 200 98622 "-" "Mozilla/5.0 AppleWebKit/537.36 (KHTML, like Gecko; compatible; ClaudeBot/1.0; +claudebot@anthropic.com)"
74.7.242.45 - - [21/Jul/2026:08:32:44 +0000] "GET /?v=3587571726 HTTP/1.1" 200 98622 "https://globallegacygroup.shop/?b=80081285302" "Mozilla/5.0 AppleWebKit/537.36 (KHTML, like Gecko; compatible; GPTBot/1.4; +https://openai.com/gptbot)"
216.73.217.123 - - [21/Jul/2026:08:32:44 +0000] "GET /?f=48625229717 HTTP/1.1" 200 98622 "-" "Mozilla/5.0 AppleWebKit/537.36 (KHTML, like Gecko; compatible; ClaudeBot/1.0; +claudebot@anthropic.com)"
216.73.217.123 - - [21/Jul/2026:08:32:44 +0000] "GET /?f=48625263194 HTTP/1.1" 200 98622 "-" "Mozilla/5.0 AppleWebKit/537.36 (KHTML, like Gecko; compatible; ClaudeBot/1.0; +claudebot@anthropic.com)"
216.73.217.123 - - [21/Jul/2026:08:32:45 +0000] "GET /?f=48625212407 HTTP/1.1" 200 98622 "-" "Mozilla/5.0 AppleWebKit/537.36 (KHTML, like Gecko; compatible; ClaudeBot/1.0; +claudebot@anthropic.com)"
74.7.242.45 - - [21/Jul/2026:08:32:45 +0000] "GET /?w=46172193965 HTTP/1.1" 404 83591 "https://globallegacygroup.shop/?b=83643212744" "Mozilla/5.0 AppleWebKit/537.36 (KHTML, like Gecko; compatible; GPTBot/1.4; +https://openai.com/gptbot)"
216.73.217.123 - - [21/Jul/2026:08:32:46 +0000] "GET /?b=8008146427 HTTP/1.1" 200 98622 "-" "Mozilla/5.0 AppleWebKit/537.36 (KHTML, like Gecko; compatible; ClaudeBot/1.0; +claudebot@anthropic.com)"
216.73.217.123 - - [21/Jul/2026:08:32:46 +0000] "GET /?b=8008115226 HTTP/1.1" 200 98622 "-" "Mozilla/5.0 AppleWebKit/537.36 (KHTML, like Gecko; compatible; ClaudeBot/1.0; +claudebot@anthropic.com)"
216.73.217.123 - - [21/Jul/2026:08:32:47 +0000] "GET /?l=22969200462 HTTP/1.1" 200 98622 "-" "Mozilla/5.0 AppleWebKit/537.36 (KHTML, like Gecko; compatible; ClaudeBot/1.0; +claudebot@anthropic.com)"
74.7.242.45 - - [21/Jul/2026:08:32:47 +0000] "GET /?l=22969190353 HTTP/1.1" 200 98622 "https://globallegacygroup.shop/?b=8364349701" "Mozilla/5.0 AppleWebKit/537.36 (KHTML, like Gecko; compatible; GPTBot/1.4; +https://openai.com/gptbot)"
216.73.217.123 - - [21/Jul/2026:08:32:48 +0000] "GET /?l=22969288863 HTTP/1.1" 200 98622 "-" "Mozilla/5.0 AppleWebKit/537.36 (KHTML, like Gecko; compatible; ClaudeBot/1.0; +claudebot@anthropic.com)"
216.73.217.123 - - [21/Jul/2026:08:32:48 +0000] "GET /?l=2296922811 HTTP/1.1" 200 98622 "-" "Mozilla/5.0 AppleWebKit/537.36 (KHTML, like Gecko; compatible; ClaudeBot/1.0; +claudebot@anthropic.com)"
74.7.242.45 - - [21/Jul/2026:08:32:49 +0000] "GET /?l=1761321590 HTTP/1.1" 200 98622 "https://globallegacygroup.shop/?u=57168261180" "Mozilla/5.0 AppleWebKit/537.36 (KHTML, like Gecko; compatible; GPTBot/1.4; +https://openai.com/gptbot)"
216.73.217.123 - - [21/Jul/2026:08:32:49 +0000] "GET /?b=80081287671 HTTP/1.1" 200 98622 "-" "Mozilla/5.0 AppleWebKit/537.36 (KHTML, like Gecko; compatible; ClaudeBot/1.0; +claudebot@anthropic.com)"
198.177.124.148 - - [21/Jul/2026:08:32:52 +0000] "POST /wp-cron.php?doing_wp_cron=1784622772.2684218883514404296875 HTTP/1.1" 200 - "-" "WordPress/7.0.2; https://globallegacygroup.shop"
216.73.217.123 - - [21/Jul/2026:08:32:50 +0000] "GET /?r=9829766868 HTTP/1.1" 200 98622 "-" "Mozilla/5.0 AppleWebKit/537.36 (KHTML, like Gecko; compatible; ClaudeBot/1.0; +claudebot@anthropic.com)"
216.73.217.123 - - [21/Jul/2026:08:32:50 +0000] "GET /?i=3461489032 HTTP/1.1" 200 98622 "-" "Mozilla/5.0 AppleWebKit/537.36 (KHTML, like Gecko; compatible; ClaudeBot/1.0; +claudebot@anthropic.com)"
74.7.242.45 - - [21/Jul/2026:08:32:51 +0000] "GET /?f=48625196386 HTTP/1.1" 200 98622 "https://globallegacygroup.shop/?v=3587553517" "Mozilla/5.0 AppleWebKit/537.36 (KHTML, like Gecko; compatible; GPTBot/1.4; +https://openai.com/gptbot)"
198.177.124.148 - - [21/Jul/2026:08:32:53 +0000] "POST /wp-cron.php?doing_wp_cron=1784622773.9066860675811767578125 HTTP/1.1" 200 - "-" "WordPress/7.0.2; https://globallegacygroup.shop"
216.73.217.123 - - [21/Jul/2026:08:32:52 +0000] "GET /?b=83643129728 HTTP/1.1" 200 98622 "-" "Mozilla/5.0 AppleWebKit/537.36 (KHTML, like Gecko; compatible; ClaudeBot/1.0; +claudebot@anthropic.com)"
216.73.217.123 - - [21/Jul/2026:08:32:52 +0000] "GET /?u=5716896089 HTTP/1.1" 200 98622 "-" "Mozilla/5.0 AppleWebKit/537.36 (KHTML, like Gecko; compatible; ClaudeBot/1.0; +claudebot@anthropic.com)"
216.73.217.123 - - [21/Jul/2026:08:32:53 +0000] "GET /?b=8364385500 HTTP/1.1" 200 98622 "-" "Mozilla/5.0 AppleWebKit/537.36 (KHTML, like Gecko; compatible; ClaudeBot/1.0; +claudebot@anthropic.com)"
74.7.242.45 - - [21/Jul/2026:08:32:53 +0000] "GET /?f=48625207203 HTTP/1.1" 200 98622 "https://globallegacygroup.shop/?l=17613165709" "Mozilla/5.0 AppleWebKit/537.36 (KHTML, like Gecko; compatible; GPTBot/1.4; +https://openai.com/gptbot)"
216.73.217.123 - - [21/Jul/2026:08:32:54 +0000] "GET /?l=1761379731 HTTP/1.1" 200 98622 "-" "Mozilla/5.0 AppleWebKit/537.36 (KHTML, like Gecko; compatible; ClaudeBot/1.0; +claudebot@anthropic.com)"
216.73.217.123 - - [21/Jul/2026:08:32:54 +0000] "GET /?l=17613129846 HTTP/1.1" 200 98622 "-" "Mozilla/5.0 AppleWebKit/537.36 (KHTML, like Gecko; compatible; ClaudeBot/1.0; +claudebot@anthropic.com)"
216.73.217.123 - - [21/Jul/2026:08:32:54 +0000] "GET /?r=98297196646 HTTP/1.1" 200 98622 "-" "Mozilla/5.0 AppleWebKit/537.36 (KHTML, like Gecko; compatible; ClaudeBot/1.0; +claudebot@anthropic.com)"
74.7.242.45 - - [21/Jul/2026:08:32:55 +0000] "GET /?v=3587576270 HTTP/1.1" 200 98622 "https://globallegacygroup.shop/?v=35875145367" "Mozilla/5.0 AppleWebKit/537.36 (KHTML, like Gecko; compatible; GPTBot/1.4; +https://openai.com/gptbot)"
216.73.217.123 - - [21/Jul/2026:08:32:56 +0000] "GET /?l=2296916399 HTTP/1.1" 200 98622 "-" "Mozilla/5.0 AppleWebKit/537.36 (KHTML, like Gecko; compatible; ClaudeBot/1.0; +claudebot@anthropic.com)"
74.7.242.45 - - [21/Jul/2026:08:32:57 +0000] "GET /?w=46172235570 HTTP/1.1" 404 83591 "https://globallegacygroup.shop/?l=17613229376" "Mozilla/5.0 AppleWebKit/537.36 (KHTML, like Gecko; compatible; GPTBot/1.4; +https://openai.com/gptbot)"
216.73.217.123 - - [21/Jul/2026:08:32:56 +0000] "GET /?b=80081249280 HTTP/1.1" 200 98622 "-" "Mozilla/5.0 AppleWebKit/537.36 (KHTML, like Gecko; compatible; ClaudeBot/1.0; +claudebot@anthropic.com)"
216.73.217.123 - - [21/Jul/2026:08:32:57 +0000] "GET /?l=22969218562 HTTP/1.1" 200 98622 "-" "Mozilla/5.0 AppleWebKit/537.36 (KHTML, like Gecko; compatible; ClaudeBot/1.0; +claudebot@anthropic.com)"
216.73.217.123 - - [21/Jul/2026:08:32:58 +0000] "GET /?r=9829733386 HTTP/1.1" 200 98622 "-" "Mozilla/5.0 AppleWebKit/537.36 (KHTML, like Gecko; compatible; ClaudeBot/1.0; +claudebot@anthropic.com)"
216.73.217.123 - - [21/Jul/2026:08:32:58 +0000] "GET /?b=83643242334 HTTP/1.1" 200 98622 "-" "Mozilla/5.0 AppleWebKit/537.36 (KHTML, like Gecko; compatible; ClaudeBot/1.0; +claudebot@anthropic.com)"
74.7.242.45 - - [21/Jul/2026:08:32:58 +0000] "GET /?l=17613132759 HTTP/1.1" 200 98622 "https://globallegacygroup.shop/?i=34614100583" "Mozilla/5.0 AppleWebKit/537.36 (KHTML, like Gecko; compatible; GPTBot/1.4; +https://openai.com/gptbot)"
216.73.217.123 - - [21/Jul/2026:08:32:59 +0000] "GET /?l=22969293628 HTTP/1.1" 200 98622 "-" "Mozilla/5.0 AppleWebKit/537.36 (KHTML, like Gecko; compatible; ClaudeBot/1.0; +claudebot@anthropic.com)"
216.73.217.123 - - [21/Jul/2026:08:32:59 +0000] "GET /?r=9829774557 HTTP/1.1" 200 98622 "-" "Mozilla/5.0 AppleWebKit/537.36 (KHTML, like Gecko; compatible; ClaudeBot/1.0; +claudebot@anthropic.com)"
216.73.217.123 - - [21/Jul/2026:08:33:00 +0000] "GET /?r=98297109909 HTTP/1.1" 200 98622 "-" "Mozilla/5.0 AppleWebKit/537.36 (KHTML, like Gecko; compatible; ClaudeBot/1.0; +claudebot@anthropic.com)"
74.7.242.45 - - [21/Jul/2026:08:33:00 +0000] "GET /?u=5716852684 HTTP/1.1" 200 98622 "https://globallegacygroup.shop/?l=22969126861" "Mozilla/5.0 AppleWebKit/537.36 (KHTML, like Gecko; compatible; GPTBot/1.4; +https://openai.com/gptbot)"
209.127.35.109 - - [21/Jul/2026:08:33:01 +0000] "POST /wp-login.php HTTP/1.1" 503 18040 "-" "Mozilla/5.0 (Windows NT 10.0; Win64; rv:143.0) Gecko/20100101 Firefox/143.0"
216.73.217.123 - - [21/Jul/2026:08:33:00 +0000] "GET /?b=8008120468 HTTP/1.1" 200 98622 "-" "Mozilla/5.0 AppleWebKit/537.36 (KHTML, like Gecko; compatible; ClaudeBot/1.0; +claudebot@anthropic.com)"
198.177.124.148 - - [21/Jul/2026:08:33:03 +0000] "POST /?wordfence_syncAttackData=1784622783.708 HTTP/1.1" 200 - "-" "WordPress/7.0.2; https://globallegacygroup.shop"
216.73.217.123 - - [21/Jul/2026:08:33:02 +0000] "GET /?b=8008127086 HTTP/1.1" 200 98622 "-" "Mozilla/5.0 AppleWebKit/537.36 (KHTML, like Gecko; compatible; ClaudeBot/1.0; +claudebot@anthropic.com)"
74.7.242.45 - - [21/Jul/2026:08:33:02 +0000] "GET /?u=5716814668 HTTP/1.1" 200 98622 "https://globallegacygroup.shop/?i=3461410424" "Mozilla/5.0 AppleWebKit/537.36 (KHTML, like Gecko; compatible; GPTBot/1.4; +https://openai.com/gptbot)"
216.73.217.123 - - [21/Jul/2026:08:33:02 +0000] "GET /?f=48625266463 HTTP/1.1" 200 98622 "-" "Mozilla/5.0 AppleWebKit/537.36 (KHTML, like Gecko; compatible; ClaudeBot/1.0; +claudebot@anthropic.com)"
216.73.217.123 - - [21/Jul/2026:08:33:03 +0000] "GET /?l=22969229319 HTTP/1.1" 200 98622 "-" "Mozilla/5.0 AppleWebKit/537.36 (KHTML, like Gecko; compatible; ClaudeBot/1.0; +claudebot@anthropic.com)"
198.177.124.148 - - [21/Jul/2026:08:33:04 +0000] "POST /?wordfence_syncAttackData=1784622783.9472 HTTP/1.1" 200 98622 "-" "WordPress/7.0.2; https://globallegacygroup.shop"
198.177.124.148 - - [21/Jul/2026:08:33:03 +0000] "POST /?wordfence_syncAttackData=1784622783.7864 HTTP/1.1" 200 98622 "-" "WordPress/7.0.2; https://globallegacygroup.shop"
198.177.124.148 - - [21/Jul/2026:08:33:04 +0000] "POST /?wordfence_syncAttackData=1784622784.3382 HTTP/1.1" 200 98622 "-" "WordPress/7.0.2; https://globallegacygroup.shop"
74.7.242.45 - - [21/Jul/2026:08:33:06 +0000] "GET /?b=80081162969 HTTP/1.1" 200 98622 "https://globallegacygroup.shop/?v=35875236495" "Mozilla/5.0 AppleWebKit/537.36 (KHTML, like Gecko; compatible; GPTBot/1.4; +https://openai.com/gptbot)"
216.73.217.123 - - [21/Jul/2026:08:33:06 +0000] "GET /?b=83643207855 HTTP/1.1" 200 98622 "-" "Mozilla/5.0 AppleWebKit/537.36 (KHTML, like Gecko; compatible; ClaudeBot/1.0; +claudebot@anthropic.com)"
216.73.217.123 - - [21/Jul/2026:08:33:06 +0000] "GET /?r=9829790424 HTTP/1.1" 200 98622 "-" "Mozilla/5.0 AppleWebKit/537.36 (KHTML, like Gecko; compatible; ClaudeBot/1.0; +claudebot@anthropic.com)"
74.7.242.45 - - [21/Jul/2026:08:33:08 +0000] "GET /?v=35875299122 HTTP/1.1" 200 98622 "https://globallegacygroup.shop/?u=57168170893" "Mozilla/5.0 AppleWebKit/537.36 (KHTML, like Gecko; compatible; GPTBot/1.4; +https://openai.com/gptbot)"
216.73.217.123 - - [21/Jul/2026:08:33:09 +0000] "GET /?l=22969202850 HTTP/1.1" 200 98622 "-" "Mozilla/5.0 AppleWebKit/537.36 (KHTML, like Gecko; compatible; ClaudeBot/1.0; +claudebot@anthropic.com)"
216.73.217.123 - - [21/Jul/2026:08:33:09 +0000] "GET /?r=98297150825 HTTP/1.1" 200 98622 "-" "Mozilla/5.0 AppleWebKit/537.36 (KHTML, like Gecko; compatible; ClaudeBot/1.0; +claudebot@anthropic.com)"
74.7.242.45 - - [21/Jul/2026:08:33:10 +0000] "GET /?l=1761336482 HTTP/1.1" 200 98622 "https://globallegacygroup.shop/?l=22969220476" "Mozilla/5.0 AppleWebKit/537.36 (KHTML, like Gecko; compatible; GPTBot/1.4; +https://openai.com/gptbot)"
216.73.217.123 - - [21/Jul/2026:08:33:10 +0000] "GET /?l=17613203753 HTTP/1.1" 200 98622 "-" "Mozilla/5.0 AppleWebKit/537.36 (KHTML, like Gecko; compatible; ClaudeBot/1.0; +claudebot@anthropic.com)"
216.73.217.123 - - [21/Jul/2026:08:33:11 +0000] "GET /?f=4862518513 HTTP/1.1" 200 98622 "-" "Mozilla/5.0 AppleWebKit/537.36 (KHTML, like Gecko; compatible; ClaudeBot/1.0; +claudebot@anthropic.com)"
74.7.242.45 - - [21/Jul/2026:08:33:12 +0000] "GET /?f=48625113998 HTTP/1.1" 200 98622 "https://globallegacygroup.shop/?b=80081140345" "Mozilla/5.0 AppleWebKit/537.36 (KHTML, like Gecko; compatible; GPTBot/1.4; +https://openai.com/gptbot)"
216.73.217.123 - - [21/Jul/2026:08:33:12 +0000] "GET /?l=1761310338 HTTP/1.1" 200 98622 "-" "Mozilla/5.0 AppleWebKit/537.36 (KHTML, like Gecko; compatible; ClaudeBot/1.0; +claudebot@anthropic.com)"
74.7.242.45 - - [21/Jul/2026:08:33:13 +0000] "GET /?b=83643178274 HTTP/1.1" 200 98622 "https://globallegacygroup.shop/?u=57168206450" "Mozilla/5.0 AppleWebKit/537.36 (KHTML, like Gecko; compatible; GPTBot/1.4; +https://openai.com/gptbot)"
216.73.217.123 - - [21/Jul/2026:08:33:14 +0000] "GET /?b=8008178058 HTTP/1.1" 200 98622 "-" "Mozilla/5.0 AppleWebKit/537.36 (KHTML, like Gecko; compatible; ClaudeBot/1.0; +claudebot@anthropic.com)"
216.73.217.123 - - [21/Jul/2026:08:33:14 +0000] "GET /?l=17613240965 HTTP/1.1" 200 98622 "-" "Mozilla/5.0 AppleWebKit/537.36 (KHTML, like Gecko; compatible; ClaudeBot/1.0; +claudebot@anthropic.com)"
74.7.242.45 - - [21/Jul/2026:08:33:15 +0000] "GET /?u=57168107229 HTTP/1.1" 200 98622 "https://globallegacygroup.shop/?b=80081178265" "Mozilla/5.0 AppleWebKit/537.36 (KHTML, like Gecko; compatible; GPTBot/1.4; +https://openai.com/gptbot)"
216.73.217.123 - - [21/Jul/2026:08:33:15 +0000] "GET /?i=34614224609 HTTP/1.1" 200 98622 "-" "Mozilla/5.0 AppleWebKit/537.36 (KHTML, like Gecko; compatible; ClaudeBot/1.0; +claudebot@anthropic.com)"
216.73.217.123 - - [21/Jul/2026:08:33:16 +0000] "GET /?b=8008194960 HTTP/1.1" 200 98622 "-" "Mozilla/5.0 AppleWebKit/537.36 (KHTML, like Gecko; compatible; ClaudeBot/1.0; +claudebot@anthropic.com)"
74.7.242.45 - - [21/Jul/2026:08:33:17 +0000] "GET /?w=46172280177 HTTP/1.1" 404 83591 "https://globallegacygroup.shop/?b=83643255062" "Mozilla/5.0 AppleWebKit/537.36 (KHTML, like Gecko; compatible; GPTBot/1.4; +https://openai.com/gptbot)"
216.73.217.123 - - [21/Jul/2026:08:33:17 +0000] "GET /?b=83643275744 HTTP/1.1" 200 98622 "-" "Mozilla/5.0 AppleWebKit/537.36 (KHTML, like Gecko; compatible; ClaudeBot/1.0; +claudebot@anthropic.com)"
216.73.217.123 - - [21/Jul/2026:08:33:18 +0000] "GET /?l=17613146129 HTTP/1.1" 200 98622 "-" "Mozilla/5.0 AppleWebKit/537.36 (KHTML, like Gecko; compatible; ClaudeBot/1.0; +claudebot@anthropic.com)"
74.7.242.45 - - [21/Jul/2026:08:33:18 +0000] "GET /?b=80081152740 HTTP/1.1" 200 98622 "https://globallegacygroup.shop/?b=8008145337" "Mozilla/5.0 AppleWebKit/537.36 (KHTML, like Gecko; compatible; GPTBot/1.4; +https://openai.com/gptbot)"
216.73.217.123 - - [21/Jul/2026:08:33:19 +0000] "GET /?b=800812034 HTTP/1.1" 200 98622 "-" "Mozilla/5.0 AppleWebKit/537.36 (KHTML, like Gecko; compatible; ClaudeBot/1.0; +claudebot@anthropic.com)"
216.73.217.123 - - [21/Jul/2026:08:33:20 +0000] "GET /?f=48625120519 HTTP/1.1" 200 98622 "-" "Mozilla/5.0 AppleWebKit/537.36 (KHTML, like Gecko; compatible; ClaudeBot/1.0; +claudebot@anthropic.com)"
74.7.242.45 - - [21/Jul/2026:08:33:20 +0000] "GET /?w=46172127337 HTTP/1.1" 404 83591 "https://globallegacygroup.shop/?u=57168246731" "Mozilla/5.0 AppleWebKit/537.36 (KHTML, like Gecko; compatible; GPTBot/1.4; +https://openai.com/gptbot)"
216.73.217.123 - - [21/Jul/2026:08:33:21 +0000] "GET /?w=4617227909 HTTP/1.1" 404 83591 "-" "Mozilla/5.0 AppleWebKit/537.36 (KHTML, like Gecko; compatible; ClaudeBot/1.0; +claudebot@anthropic.com)"
74.7.242.45 - - [21/Jul/2026:08:33:22 +0000] "GET /?l=2296989500 HTTP/1.1" 200 98622 "https://globallegacygroup.shop/?v=3587584856" "Mozilla/5.0 AppleWebKit/537.36 (KHTML, like Gecko; compatible; GPTBot/1.4; +https://openai.com/gptbot)"
216.73.217.123 - - [21/Jul/2026:08:33:22 +0000] "GET /?b=80081157523 HTTP/1.1" 200 98622 "-" "Mozilla/5.0 AppleWebKit/537.36 (KHTML, like Gecko; compatible; ClaudeBot/1.0; +claudebot@anthropic.com)"
216.73.217.123 - - [21/Jul/2026:08:33:22 +0000] "GET /?l=22969143697 HTTP/1.1" 200 98622 "-" "Mozilla/5.0 AppleWebKit/537.36 (KHTML, like Gecko; compatible; ClaudeBot/1.0; +claudebot@anthropic.com)"
74.7.242.45 - - [21/Jul/2026:08:33:23 +0000] "GET /?l=22969141389 HTTP/1.1" 200 98622 "https://globallegacygroup.shop/?v=3587535700" "Mozilla/5.0 AppleWebKit/537.36 (KHTML, like Gecko; compatible; GPTBot/1.4; +https://openai.com/gptbot)"
216.73.217.123 - - [21/Jul/2026:08:33:24 +0000] "GET /?l=17613274658 HTTP/1.1" 200 98622 "-" "Mozilla/5.0 AppleWebKit/537.36 (KHTML, like Gecko; compatible; ClaudeBot/1.0; +claudebot@anthropic.com)"
216.73.217.123 - - [21/Jul/2026:08:33:24 +0000] "GET /?b=8364315989 HTTP/1.1" 200 98622 "-" "Mozilla/5.0 AppleWebKit/537.36 (KHTML, like Gecko; compatible; ClaudeBot/1.0; +claudebot@anthropic.com)"
74.7.242.45 - - [21/Jul/2026:08:33:25 +0000] "GET /?l=22969256105 HTTP/1.1" 200 98622 "https://globallegacygroup.shop/?u=57168227077" "Mozilla/5.0 AppleWebKit/537.36 (KHTML, like Gecko; compatible; GPTBot/1.4; +https://openai.com/gptbot)"
216.73.217.123 - - [21/Jul/2026:08:33:25 +0000] "GET /?l=22969277586 HTTP/1.1" 200 98622 "-" "Mozilla/5.0 AppleWebKit/537.36 (KHTML, like Gecko; compatible; ClaudeBot/1.0; +claudebot@anthropic.com)"
216.73.217.123 - - [21/Jul/2026:08:33:26 +0000] "GET /?l=1761325631 HTTP/1.1" 200 98622 "-" "Mozilla/5.0 AppleWebKit/537.36 (KHTML, like Gecko; compatible; ClaudeBot/1.0; +claudebot@anthropic.com)"
216.73.217.123 - - [21/Jul/2026:08:33:26 +0000] "GET /?b=8008161303 HTTP/1.1" 200 98622 "-" "Mozilla/5.0 AppleWebKit/537.36 (KHTML, like Gecko; compatible; ClaudeBot/1.0; +claudebot@anthropic.com)"
74.7.242.45 - - [21/Jul/2026:08:33:26 +0000] "GET /?w=46172143296 HTTP/1.1" 404 83591 "https://globallegacygroup.shop/?l=17613154937" "Mozilla/5.0 AppleWebKit/537.36 (KHTML, like Gecko; compatible; GPTBot/1.4; +https://openai.com/gptbot)"
74.7.242.45 - - [21/Jul/2026:08:33:28 +0000] "GET /?l=1761386936 HTTP/1.1" 200 98622 "https://globallegacygroup.shop/?r=9829767277" "Mozilla/5.0 AppleWebKit/537.36 (KHTML, like Gecko; compatible; GPTBot/1.4; +https://openai.com/gptbot)"
216.73.217.123 - - [21/Jul/2026:08:33:28 +0000] "GET /?b=8008178168 HTTP/1.1" 200 98622 "-" "Mozilla/5.0 AppleWebKit/537.36 (KHTML, like Gecko; compatible; ClaudeBot/1.0; +claudebot@anthropic.com)"
216.73.217.123 - - [21/Jul/2026:08:33:29 +0000] "GET /?l=2296955051 HTTP/1.1" 200 98622 "-" "Mozilla/5.0 AppleWebKit/537.36 (KHTML, like Gecko; compatible; ClaudeBot/1.0; +claudebot@anthropic.com)"
74.7.242.45 - - [21/Jul/2026:08:33:30 +0000] "GET /?v=35875133914 HTTP/1.1" 200 98622 "https://globallegacygroup.shop/?v=35875294553" "Mozilla/5.0 AppleWebKit/537.36 (KHTML, like Gecko; compatible; GPTBot/1.4; +https://openai.com/gptbot)"
216.73.217.123 - - [21/Jul/2026:08:33:29 +0000] "GET /?r=98297150384 HTTP/1.1" 200 98622 "-" "Mozilla/5.0 AppleWebKit/537.36 (KHTML, like Gecko; compatible; ClaudeBot/1.0; +claudebot@anthropic.com)"
216.73.217.123 - - [21/Jul/2026:08:33:30 +0000] "GET /?l=22969109534 HTTP/1.1" 200 98622 "-" "Mozilla/5.0 AppleWebKit/537.36 (KHTML, like Gecko; compatible; ClaudeBot/1.0; +claudebot@anthropic.com)"
74.7.242.45 - - [21/Jul/2026:08:33:32 +0000] "GET /?l=22969195328 HTTP/1.1" 200 98622 "https://globallegacygroup.shop/?i=3461458705" "Mozilla/5.0 AppleWebKit/537.36 (KHTML, like Gecko; compatible; GPTBot/1.4; +https://openai.com/gptbot)"
216.73.217.123 - - [21/Jul/2026:08:33:32 +0000] "GET /?i=3461483523 HTTP/1.1" 200 98622 "-" "Mozilla/5.0 AppleWebKit/537.36 (KHTML, like Gecko; compatible; ClaudeBot/1.0; +claudebot@anthropic.com)"
216.73.217.123 - - [21/Jul/2026:08:33:32 +0000] "GET /?i=3461437375 HTTP/1.1" 200 98622 "-" "Mozilla/5.0 AppleWebKit/537.36 (KHTML, like Gecko; compatible; ClaudeBot/1.0; +claudebot@anthropic.com)"
74.7.242.45 - - [21/Jul/2026:08:33:33 +0000] "GET /?l=22969183920 HTTP/1.1" 200 98622 "https://globallegacygroup.shop/?u=5716836849" "Mozilla/5.0 AppleWebKit/537.36 (KHTML, like Gecko; compatible; GPTBot/1.4; +https://openai.com/gptbot)"
216.73.217.123 - - [21/Jul/2026:08:33:33 +0000] "GET /?l=22969199600 HTTP/1.1" 200 98622 "-" "Mozilla/5.0 AppleWebKit/537.36 (KHTML, like Gecko; compatible; ClaudeBot/1.0; +claudebot@anthropic.com)"
216.73.217.123 - - [21/Jul/2026:08:33:34 +0000] "GET /?l=22969169668 HTTP/1.1" 200 98622 "-" "Mozilla/5.0 AppleWebKit/537.36 (KHTML, like Gecko; compatible; ClaudeBot/1.0; +claudebot@anthropic.com)"
74.7.242.45 - - [21/Jul/2026:08:33:35 +0000] "GET /?w=4617273665 HTTP/1.1" 404 83591 "https://globallegacygroup.shop/?b=83643227821" "Mozilla/5.0 AppleWebKit/537.36 (KHTML, like Gecko; compatible; GPTBot/1.4; +https://openai.com/gptbot)"
216.73.217.123 - - [21/Jul/2026:08:33:35 +0000] "GET /?b=80081124995 HTTP/1.1" 200 98622 "-" "Mozilla/5.0 AppleWebKit/537.36 (KHTML, like Gecko; compatible; ClaudeBot/1.0; +claudebot@anthropic.com)"
216.73.217.123 - - [21/Jul/2026:08:33:36 +0000] "GET /?l=22969277663 HTTP/1.1" 200 98622 "-" "Mozilla/5.0 AppleWebKit/537.36 (KHTML, like Gecko; compatible; ClaudeBot/1.0; +claudebot@anthropic.com)"
74.7.242.45 - - [21/Jul/2026:08:33:36 +0000] "GET /?v=35875179162 HTTP/1.1" 200 98622 "https://globallegacygroup.shop/?b=80081157875" "Mozilla/5.0 AppleWebKit/537.36 (KHTML, like Gecko; compatible; GPTBot/1.4; +https://openai.com/gptbot)"
216.73.217.123 - - [21/Jul/2026:08:33:37 +0000] "GET /?b=8008135170 HTTP/1.1" 200 98622 "-" "Mozilla/5.0 AppleWebKit/537.36 (KHTML, like Gecko; compatible; ClaudeBot/1.0; +claudebot@anthropic.com)"
74.7.242.45 - - [21/Jul/2026:08:33:38 +0000] "GET /?l=17613226494 HTTP/1.1" 200 98622 "https://globallegacygroup.shop/?l=17613123121" "Mozilla/5.0 AppleWebKit/537.36 (KHTML, like Gecko; compatible; GPTBot/1.4; +https://openai.com/gptbot)"
216.73.217.123 - - [21/Jul/2026:08:33:37 +0000] "GET /?l=22969264734 HTTP/1.1" 200 98622 "-" "Mozilla/5.0 AppleWebKit/537.36 (KHTML, like Gecko; compatible; ClaudeBot/1.0; +claudebot@anthropic.com)"
216.73.217.123 - - [21/Jul/2026:08:33:40 +0000] "GET /?b=8364322539 HTTP/1.1" 200 98622 "-" "Mozilla/5.0 AppleWebKit/537.36 (KHTML, like Gecko; compatible; ClaudeBot/1.0; +claudebot@anthropic.com)"
74.7.242.45 - - [21/Jul/2026:08:33:40 +0000] "GET /?l=22969268747 HTTP/1.1" 200 98622 "https://globallegacygroup.shop/?i=34614282552" "Mozilla/5.0 AppleWebKit/537.36 (KHTML, like Gecko; compatible; GPTBot/1.4; +https://openai.com/gptbot)"
216.73.217.123 - - [21/Jul/2026:08:33:40 +0000] "GET /?l=1761392289 HTTP/1.1" 200 98622 "-" "Mozilla/5.0 AppleWebKit/537.36 (KHTML, like Gecko; compatible; ClaudeBot/1.0; +claudebot@anthropic.com)"
216.73.217.123 - - [21/Jul/2026:08:33:41 +0000] "GET /?b=8008131633 HTTP/1.1" 200 98622 "-" "Mozilla/5.0 AppleWebKit/537.36 (KHTML, like Gecko; compatible; ClaudeBot/1.0; +claudebot@anthropic.com)"
74.7.242.45 - - [21/Jul/2026:08:33:41 +0000] "GET /?b=83643244778 HTTP/1.1" 200 98622 "https://globallegacygroup.shop/?l=22969112720" "Mozilla/5.0 AppleWebKit/537.36 (KHTML, like Gecko; compatible; GPTBot/1.4; +https://openai.com/gptbot)"
216.73.217.123 - - [21/Jul/2026:08:33:42 +0000] "GET /?b=83643210897 HTTP/1.1" 200 98622 "-" "Mozilla/5.0 AppleWebKit/537.36 (KHTML, like Gecko; compatible; ClaudeBot/1.0; +claudebot@anthropic.com)"
209.127.35.109 - - [21/Jul/2026:08:33:43 +0000] "POST /wp-login.php HTTP/1.1" 503 18040 "-" "Mozilla/5.0 (Windows NT 10.0; Win64; rv:143.0) Gecko/20100101 Firefox/143.0"
198.177.124.148 - - [21/Jul/2026:08:33:44 +0000] "POST /?wordfence_syncAttackData=1784622824.1276 HTTP/1.1" 200 - "-" "WordPress/7.0.2; https://globallegacygroup.shop"
216.73.217.123 - - [21/Jul/2026:08:33:44 +0000] "GET /?b=80081158741 HTTP/1.1" 200 98622 "-" "Mozilla/5.0 AppleWebKit/537.36 (KHTML, like Gecko; compatible; ClaudeBot/1.0; +claudebot@anthropic.com)"
74.7.242.45 - - [21/Jul/2026:08:33:43 +0000] "GET /?l=2296977318 HTTP/1.1" 200 98622 "https://globallegacygroup.shop/?u=57168280977" "Mozilla/5.0 AppleWebKit/537.36 (KHTML, like Gecko; compatible; GPTBot/1.4; +https://openai.com/gptbot)"
198.177.124.148 - - [21/Jul/2026:08:33:44 +0000] "POST /?wordfence_syncAttackData=1784622824.5183 HTTP/1.1" 200 98622 "-" "WordPress/7.0.2; https://globallegacygroup.shop"
216.73.217.123 - - [21/Jul/2026:08:33:43 +0000] "GET /?r=9829721272 HTTP/1.1" 200 98622 "-" "Mozilla/5.0 AppleWebKit/537.36 (KHTML, like Gecko; compatible; ClaudeBot/1.0; +claudebot@anthropic.com)"
74.7.242.45 - - [21/Jul/2026:08:33:45 +0000] "GET /?l=1761319030 HTTP/1.1" 200 98622 "https://globallegacygroup.shop/?b=8364383768" "Mozilla/5.0 AppleWebKit/537.36 (KHTML, like Gecko; compatible; GPTBot/1.4; +https://openai.com/gptbot)"
216.73.217.123 - - [21/Jul/2026:08:33:45 +0000] "GET /?b=8008120105 HTTP/1.1" 200 98622 "-" "Mozilla/5.0 AppleWebKit/537.36 (KHTML, like Gecko; compatible; ClaudeBot/1.0; +claudebot@anthropic.com)"
216.73.217.123 - - [21/Jul/2026:08:33:46 +0000] "GET /?w=46172939 HTTP/1.1" 404 83591 "-" "Mozilla/5.0 AppleWebKit/537.36 (KHTML, like Gecko; compatible; ClaudeBot/1.0; +claudebot@anthropic.com)"
74.7.242.45 - - [21/Jul/2026:08:33:46 +0000] "GET /?l=22969161458 HTTP/1.1" 200 98622 "https://globallegacygroup.shop/?b=8364322062" "Mozilla/5.0 AppleWebKit/537.36 (KHTML, like Gecko; compatible; GPTBot/1.4; +https://openai.com/gptbot)"
216.73.217.123 - - [21/Jul/2026:08:33:47 +0000] "GET /?b=8008197028 HTTP/1.1" 200 98622 "-" "Mozilla/5.0 AppleWebKit/537.36 (KHTML, like Gecko; compatible; ClaudeBot/1.0; +claudebot@anthropic.com)"
216.73.217.123 - - [21/Jul/2026:08:33:48 +0000] "GET /?r=98297258265 HTTP/1.1" 200 98622 "-" "Mozilla/5.0 AppleWebKit/537.36 (KHTML, like Gecko; compatible; ClaudeBot/1.0; +claudebot@anthropic.com)"
74.7.242.45 - - [21/Jul/2026:08:33:48 +0000] "GET /?b=80081294524 HTTP/1.1" 200 98622 "https://globallegacygroup.shop/?b=8364372399" "Mozilla/5.0 AppleWebKit/537.36 (KHTML, like Gecko; compatible; GPTBot/1.4; +https://openai.com/gptbot)"
216.73.217.123 - - [21/Jul/2026:08:33:48 +0000] "GET /?r=9829713329 HTTP/1.1" 200 98622 "-" "Mozilla/5.0 AppleWebKit/537.36 (KHTML, like Gecko; compatible; ClaudeBot/1.0; +claudebot@anthropic.com)"
216.73.217.123 - - [21/Jul/2026:08:33:49 +0000] "GET /?l=22969109592 HTTP/1.1" 200 98622 "-" "Mozilla/5.0 AppleWebKit/537.36 (KHTML, like Gecko; compatible; ClaudeBot/1.0; +claudebot@anthropic.com)"
74.7.242.45 - - [21/Jul/2026:08:33:49 +0000] "GET /?w=46172163197 HTTP/1.1" 404 83591 "https://globallegacygroup.shop/?i=3461446292" "Mozilla/5.0 AppleWebKit/537.36 (KHTML, like Gecko; compatible; GPTBot/1.4; +https://openai.com/gptbot)"
216.73.217.123 - - [21/Jul/2026:08:33:50 +0000] "GET /?b=8008196638 HTTP/1.1" 200 98622 "-" "Mozilla/5.0 AppleWebKit/537.36 (KHTML, like Gecko; compatible; ClaudeBot/1.0; +claudebot@anthropic.com)"
74.7.242.45 - - [21/Jul/2026:08:33:50 +0000] "GET /?v=3587539267 HTTP/1.1" 200 98622 "https://globallegacygroup.shop/?i=34614214700" "Mozilla/5.0 AppleWebKit/537.36 (KHTML, like Gecko; compatible; GPTBot/1.4; +https://openai.com/gptbot)"
216.73.217.123 - - [21/Jul/2026:08:33:51 +0000] "GET /?r=982971326 HTTP/1.1" 200 98622 "-" "Mozilla/5.0 AppleWebKit/537.36 (KHTML, like Gecko; compatible; ClaudeBot/1.0; +claudebot@anthropic.com)"
74.7.242.45 - - [21/Jul/2026:08:33:52 +0000] "GET /?f=48625249853 HTTP/1.1" 200 98622 "https://globallegacygroup.shop/?b=8008183711" "Mozilla/5.0 AppleWebKit/537.36 (KHTML, like Gecko; compatible; GPTBot/1.4; +https://openai.com/gptbot)"
216.73.217.123 - - [21/Jul/2026:08:33:51 +0000] "GET /?b=8008146189 HTTP/1.1" 200 98622 "-" "Mozilla/5.0 AppleWebKit/537.36 (KHTML, like Gecko; compatible; ClaudeBot/1.0; +claudebot@anthropic.com)"
198.177.124.148 - - [21/Jul/2026:08:33:54 +0000] "POST /wp-cron.php?doing_wp_cron=1784622833.9610440731048583984375 HTTP/1.1" 200 - "-" "WordPress/7.0.2; https://globallegacygroup.shop"
216.73.217.123 - - [21/Jul/2026:08:33:52 +0000] "GET /?b=83643861 HTTP/1.1" 200 98622 "-" "Mozilla/5.0 AppleWebKit/537.36 (KHTML, like Gecko; compatible; ClaudeBot/1.0; +claudebot@anthropic.com)"
198.177.124.148 - - [21/Jul/2026:08:33:54 +0000] "POST /wp-cron.php?doing_wp_cron=1784622834.6580660343170166015625 HTTP/1.1" 200 - "-" "WordPress/7.0.2; https://globallegacygroup.shop"
74.7.242.45 - - [21/Jul/2026:08:33:53 +0000] "GET /?v=35875234176 HTTP/1.1" 200 98622 "https://globallegacygroup.shop/?w=4617257490" "Mozilla/5.0 AppleWebKit/537.36 (KHTML, like Gecko; compatible; GPTBot/1.4; +https://openai.com/gptbot)"
104.105.80.153 - - [21/Jul/2026:08:33:54 +0000] "POST /wp-login.php HTTP/1.1" 503 18040 "-" "Mozilla/5.0 (X11; Linux x86_64) AppleWebKit/537.36 (KHTML, like Gecko) Chrome/123.0.0.0 Safari/537.36 OPR/107.0.0.0"
198.177.124.148 - - [21/Jul/2026:08:33:55 +0000] "POST /wp-cron.php?doing_wp_cron=1784622835.2731029987335205078125 HTTP/1.1" 200 - "-" "WordPress/7.0.2; https://globallegacygroup.shop"
216.73.217.123 - - [21/Jul/2026:08:33:53 +0000] "GET /?l=22969167918 HTTP/1.1" 200 98622 "-" "Mozilla/5.0 AppleWebKit/537.36 (KHTML, like Gecko; compatible; ClaudeBot/1.0; +claudebot@anthropic.com)"
216.73.217.123 - - [21/Jul/2026:08:33:54 +0000] "GET /?b=80081176249 HTTP/1.1" 200 98622 "-" "Mozilla/5.0 AppleWebKit/537.36 (KHTML, like Gecko; compatible; ClaudeBot/1.0; +claudebot@anthropic.com)"
198.177.124.148 - - [21/Jul/2026:08:33:55 +0000] "POST /?wordfence_syncAttackData=1784622835.132 HTTP/1.1" 200 - "-" "WordPress/7.0.2; https://globallegacygroup.shop"
74.7.242.45 - - [21/Jul/2026:08:33:54 +0000] "GET /?b=80081216354 HTTP/1.1" 200 98622 "https://globallegacygroup.shop/?v=3587562268" "Mozilla/5.0 AppleWebKit/537.36 (KHTML, like Gecko; compatible; GPTBot/1.4; +https://openai.com/gptbot)"
198.177.124.148 - - [21/Jul/2026:08:33:55 +0000] "POST /?wordfence_syncAttackData=1784622835.1704 HTTP/1.1" 200 98622 "-" "WordPress/7.0.2; https://globallegacygroup.shop"
216.73.217.123 - - [21/Jul/2026:08:33:55 +0000] "GET /?l=1761365469 HTTP/1.1" 200 98622 "-" "Mozilla/5.0 AppleWebKit/537.36 (KHTML, like Gecko; compatible; ClaudeBot/1.0; +claudebot@anthropic.com)"
198.177.124.148 - - [21/Jul/2026:08:33:56 +0000] "POST /?wordfence_syncAttackData=1784622836.7306 HTTP/1.1" 200 98622 "-" "WordPress/7.0.2; https://globallegacygroup.shop"
216.73.217.123 - - [21/Jul/2026:08:33:58 +0000] "GET /?l=22969187918 HTTP/1.1" 200 98622 "-" "Mozilla/5.0 AppleWebKit/537.36 (KHTML, like Gecko; compatible; ClaudeBot/1.0; +claudebot@anthropic.com)"
74.7.242.45 - - [21/Jul/2026:08:33:58 +0000] "GET /?l=17613274120 HTTP/1.1" 200 98622 "https://globallegacygroup.shop/?b=8008143937" "Mozilla/5.0 AppleWebKit/537.36 (KHTML, like Gecko; compatible; GPTBot/1.4; +https://openai.com/gptbot)"
216.73.217.123 - - [21/Jul/2026:08:34:00 +0000] "GET /?l=2296995662 HTTP/1.1" 200 98622 "-" "Mozilla/5.0 AppleWebKit/537.36 (KHTML, like Gecko; compatible; ClaudeBot/1.0; +claudebot@anthropic.com)"
216.73.217.123 - - [21/Jul/2026:08:34:00 +0000] "GET /?b=8364343279 HTTP/1.1" 200 98622 "-" "Mozilla/5.0 AppleWebKit/537.36 (KHTML, like Gecko; compatible; ClaudeBot/1.0; +claudebot@anthropic.com)"
74.7.242.45 - - [21/Jul/2026:08:34:01 +0000] "GET /?i=3461443979 HTTP/1.1" 200 98622 "https://globallegacygroup.shop/?u=57168279690" "Mozilla/5.0 AppleWebKit/537.36 (KHTML, like Gecko; compatible; GPTBot/1.4; +https://openai.com/gptbot)"
216.73.217.123 - - [21/Jul/2026:08:34:02 +0000] "GET /?l=2296961578 HTTP/1.1" 200 98622 "-" "Mozilla/5.0 AppleWebKit/537.36 (KHTML, like Gecko; compatible; ClaudeBot/1.0; +claudebot@anthropic.com)"
216.73.217.123 - - [21/Jul/2026:08:34:03 +0000] "GET /?l=2296981104 HTTP/1.1" 200 98622 "-" "Mozilla/5.0 AppleWebKit/537.36 (KHTML, like Gecko; compatible; ClaudeBot/1.0; +claudebot@anthropic.com)"
74.7.242.45 - - [21/Jul/2026:08:34:03 +0000] "GET /?w=4617254841 HTTP/1.1" 404 83591 "https://globallegacygroup.shop/?l=2296914282" "Mozilla/5.0 AppleWebKit/537.36 (KHTML, like Gecko; compatible; GPTBot/1.4; +https://openai.com/gptbot)"
216.73.217.123 - - [21/Jul/2026:08:34:04 +0000] "GET /?i=34614221502 HTTP/1.1" 200 98622 "-" "Mozilla/5.0 AppleWebKit/537.36 (KHTML, like Gecko; compatible; ClaudeBot/1.0; +claudebot@anthropic.com)"
74.7.242.45 - - [21/Jul/2026:08:34:04 +0000] "GET /?l=17613268300 HTTP/1.1" 200 98622 "https://globallegacygroup.shop/?i=34614139828" "Mozilla/5.0 AppleWebKit/537.36 (KHTML, like Gecko; compatible; GPTBot/1.4; +https://openai.com/gptbot)"
216.73.217.123 - - [21/Jul/2026:08:34:04 +0000] "GET /?l=17613169963 HTTP/1.1" 200 98622 "-" "Mozilla/5.0 AppleWebKit/537.36 (KHTML, like Gecko; compatible; ClaudeBot/1.0; +claudebot@anthropic.com)"
74.7.242.45 - - [21/Jul/2026:08:34:07 +0000] "GET /?l=17613160597 HTTP/1.1" 200 98622 "https://globallegacygroup.shop/?i=34614187184" "Mozilla/5.0 AppleWebKit/537.36 (KHTML, like Gecko; compatible; GPTBot/1.4; +https://openai.com/gptbot)"
216.73.217.123 - - [21/Jul/2026:08:34:06 +0000] "GET /?i=34614175337 HTTP/1.1" 200 98622 "-" "Mozilla/5.0 AppleWebKit/537.36 (KHTML, like Gecko; compatible; ClaudeBot/1.0; +claudebot@anthropic.com)"
216.73.217.123 - - [21/Jul/2026:08:34:07 +0000] "GET /?b=8008135378 HTTP/1.1" 200 98622 "-" "Mozilla/5.0 AppleWebKit/537.36 (KHTML, like Gecko; compatible; ClaudeBot/1.0; +claudebot@anthropic.com)"
74.7.242.45 - - [21/Jul/2026:08:34:09 +0000] "GET /?i=3461420609 HTTP/1.1" 200 98622 "https://globallegacygroup.shop/?w=46172234092" "Mozilla/5.0 AppleWebKit/537.36 (KHTML, like Gecko; compatible; GPTBot/1.4; +https://openai.com/gptbot)"
216.73.217.123 - - [21/Jul/2026:08:34:09 +0000] "GET /?r=98297148609 HTTP/1.1" 200 98622 "-" "Mozilla/5.0 AppleWebKit/537.36 (KHTML, like Gecko; compatible; ClaudeBot/1.0; +claudebot@anthropic.com)"
216.73.217.123 - - [21/Jul/2026:08:34:10 +0000] "GET /?l=2296943177 HTTP/1.1" 200 98622 "-" "Mozilla/5.0 AppleWebKit/537.36 (KHTML, like Gecko; compatible; ClaudeBot/1.0; +claudebot@anthropic.com)"
74.7.242.45 - - [21/Jul/2026:08:34:11 +0000] "GET /?b=8364317315 HTTP/1.1" 200 98622 "https://globallegacygroup.shop/?v=3587596628" "Mozilla/5.0 AppleWebKit/537.36 (KHTML, like Gecko; compatible; GPTBot/1.4; +https://openai.com/gptbot)"
216.73.217.123 - - [21/Jul/2026:08:34:11 +0000] "GET /?l=22969189377 HTTP/1.1" 200 98622 "-" "Mozilla/5.0 AppleWebKit/537.36 (KHTML, like Gecko; compatible; ClaudeBot/1.0; +claudebot@anthropic.com)"
216.73.217.123 - - [21/Jul/2026:08:34:12 +0000] "GET /?f=48625226842 HTTP/1.1" 200 98622 "-" "Mozilla/5.0 AppleWebKit/537.36 (KHTML, like Gecko; compatible; ClaudeBot/1.0; +claudebot@anthropic.com)"
216.144.245.71 - - [21/Jul/2026:08:34:13 +0000] "POST /wp-login.php HTTP/1.1" 503 18040 "-" "Mozilla/5.0"
198.177.124.148 - - [21/Jul/2026:08:34:13 +0000] "POST /?wordfence_syncAttackData=1784622853.823 HTTP/1.1" 200 - "-" "WordPress/7.0.2; https://globallegacygroup.shop"
216.73.217.123 - - [21/Jul/2026:08:34:13 +0000] "GET /?l=17613223906 HTTP/1.1" 200 98622 "-" "Mozilla/5.0 AppleWebKit/537.36 (KHTML, like Gecko; compatible; ClaudeBot/1.0; +claudebot@anthropic.com)"
74.7.242.45 - - [21/Jul/2026:08:34:13 +0000] "GET /?i=3461495233 HTTP/1.1" 200 98622 "https://globallegacygroup.shop/?i=34614207472" "Mozilla/5.0 AppleWebKit/537.36 (KHTML, like Gecko; compatible; GPTBot/1.4; +https://openai.com/gptbot)"
198.177.124.148 - - [21/Jul/2026:08:34:14 +0000] "POST /?wordfence_syncAttackData=1784622854.2053 HTTP/1.1" 200 98622 "-" "WordPress/7.0.2; https://globallegacygroup.shop"
216.73.217.123 - - [21/Jul/2026:08:34:13 +0000] "GET /?i=3461494798 HTTP/1.1" 200 98622 "-" "Mozilla/5.0 AppleWebKit/537.36 (KHTML, like Gecko; compatible; ClaudeBot/1.0; +claudebot@anthropic.com)"
216.73.217.123 - - [21/Jul/2026:08:34:14 +0000] "GET /?b=80081228670 HTTP/1.1" 200 98622 "-" "Mozilla/5.0 AppleWebKit/537.36 (KHTML, like Gecko; compatible; ClaudeBot/1.0; +claudebot@anthropic.com)"
216.73.217.123 - - [21/Jul/2026:08:34:15 +0000] "GET /?b=8008140920 HTTP/1.1" 200 98622 "-" "Mozilla/5.0 AppleWebKit/537.36 (KHTML, like Gecko; compatible; ClaudeBot/1.0; +claudebot@anthropic.com)"
74.7.242.45 - - [21/Jul/2026:08:34:16 +0000] "GET /?u=57168237929 HTTP/1.1" 200 98622 "https://globallegacygroup.shop/?r=9829748834" "Mozilla/5.0 AppleWebKit/537.36 (KHTML, like Gecko; compatible; GPTBot/1.4; +https://openai.com/gptbot)"
216.73.217.123 - - [21/Jul/2026:08:34:16 +0000] "GET /?b=800818954 HTTP/1.1" 200 98622 "-" "Mozilla/5.0 AppleWebKit/537.36 (KHTML, like Gecko; compatible; ClaudeBot/1.0; +claudebot@anthropic.com)"
216.73.217.123 - - [21/Jul/2026:08:34:17 +0000] "GET /?b=8364333137 HTTP/1.1" 200 98622 "-" "Mozilla/5.0 AppleWebKit/537.36 (KHTML, like Gecko; compatible; ClaudeBot/1.0; +claudebot@anthropic.com)"
216.73.217.123 - - [21/Jul/2026:08:34:17 +0000] "GET /?b=80081111531 HTTP/1.1" 200 98622 "-" "Mozilla/5.0 AppleWebKit/537.36 (KHTML, like Gecko; compatible; ClaudeBot/1.0; +claudebot@anthropic.com)"
74.7.242.45 - - [21/Jul/2026:08:34:17 +0000] "GET /?b=80081261416 HTTP/1.1" 200 98622 "https://globallegacygroup.shop/?b=80081157056" "Mozilla/5.0 AppleWebKit/537.36 (KHTML, like Gecko; compatible; GPTBot/1.4; +https://openai.com/gptbot)"
216.73.217.123 - - [21/Jul/2026:08:34:17 +0000] "GET /?i=3461496974 HTTP/1.1" 200 98622 "-" "Mozilla/5.0 AppleWebKit/537.36 (KHTML, like Gecko; compatible; ClaudeBot/1.0; +claudebot@anthropic.com)"
216.73.217.123 - - [21/Jul/2026:08:34:18 +0000] "GET /?l=1761395470 HTTP/1.1" 200 98622 "-" "Mozilla/5.0 AppleWebKit/537.36 (KHTML, like Gecko; compatible; ClaudeBot/1.0; +claudebot@anthropic.com)"
216.73.217.123 - - [21/Jul/2026:08:34:19 +0000] "GET /?l=22969290059 HTTP/1.1" 200 98622 "-" "Mozilla/5.0 AppleWebKit/537.36 (KHTML, like Gecko; compatible; ClaudeBot/1.0; +claudebot@anthropic.com)"
74.7.242.45 - - [21/Jul/2026:08:34:19 +0000] "GET /?v=35875247279 HTTP/1.1" 200 98622 "https://globallegacygroup.shop/?b=8364318537" "Mozilla/5.0 AppleWebKit/537.36 (KHTML, like Gecko; compatible; GPTBot/1.4; +https://openai.com/gptbot)"
216.73.217.123 - - [21/Jul/2026:08:34:19 +0000] "GET /?i=3461476043 HTTP/1.1" 200 98622 "-" "Mozilla/5.0 AppleWebKit/537.36 (KHTML, like Gecko; compatible; ClaudeBot/1.0; +claudebot@anthropic.com)"
216.73.217.123 - - [21/Jul/2026:08:34:20 +0000] "GET /?r=98297176294 HTTP/1.1" 200 98622 "-" "Mozilla/5.0 AppleWebKit/537.36 (KHTML, like Gecko; compatible; ClaudeBot/1.0; +claudebot@anthropic.com)"
216.73.217.123 - - [21/Jul/2026:08:34:21 +0000] "GET /?b=83643225612 HTTP/1.1" 200 98622 "-" "Mozilla/5.0 AppleWebKit/537.36 (KHTML, like Gecko; compatible; ClaudeBot/1.0; +claudebot@anthropic.com)"
74.7.242.45 - - [21/Jul/2026:08:34:21 +0000] "GET /?r=98297288051 HTTP/1.1" 200 98622 "https://globallegacygroup.shop/?r=98297171267" "Mozilla/5.0 AppleWebKit/537.36 (KHTML, like Gecko; compatible; GPTBot/1.4; +https://openai.com/gptbot)"
216.73.217.123 - - [21/Jul/2026:08:34:22 +0000] "GET /?r=98297132166 HTTP/1.1" 200 98622 "-" "Mozilla/5.0 AppleWebKit/537.36 (KHTML, like Gecko; compatible; ClaudeBot/1.0; +claudebot@anthropic.com)"
216.73.217.123 - - [21/Jul/2026:08:34:22 +0000] "GET /?r=9829721235 HTTP/1.1" 200 98622 "-" "Mozilla/5.0 AppleWebKit/537.36 (KHTML, like Gecko; compatible; ClaudeBot/1.0; +claudebot@anthropic.com)"
216.73.217.123 - - [21/Jul/2026:08:34:24 +0000] "GET /?r=9829772035 HTTP/1.1" 200 98622 "-" "Mozilla/5.0 AppleWebKit/537.36 (KHTML, like Gecko; compatible; ClaudeBot/1.0; +claudebot@anthropic.com)"
209.127.35.109 - - [21/Jul/2026:08:34:24 +0000] "POST /wp-login.php HTTP/1.1" 503 18040 "-" "Mozilla/5.0 (Windows NT 10.0; Win64; x64) AppleWebKit/537.36 Chrome/129.0.0.0 Safari/537.36"
216.73.217.123 - - [21/Jul/2026:08:34:24 +0000] "GET /?b=8008119260 HTTP/1.1" 200 98622 "-" "Mozilla/5.0 AppleWebKit/537.36 (KHTML, like Gecko; compatible; ClaudeBot/1.0; +claudebot@anthropic.com)"
74.7.242.45 - - [21/Jul/2026:08:34:24 +0000] "GET /?i=34614275523 HTTP/1.1" 200 98622 "https://globallegacygroup.shop/sitemap674.xml" "Mozilla/5.0 AppleWebKit/537.36 (KHTML, like Gecko; compatible; GPTBot/1.4; +https://openai.com/gptbot)"
198.177.124.148 - - [21/Jul/2026:08:34:25 +0000] "POST /?wordfence_syncAttackData=1784622865.8542 HTTP/1.1" 200 - "-" "WordPress/7.0.2; https://globallegacygroup.shop"
216.73.217.123 - - [21/Jul/2026:08:34:24 +0000] "GET /?l=22969232773 HTTP/1.1" 200 98622 "-" "Mozilla/5.0 AppleWebKit/537.36 (KHTML, like Gecko; compatible; ClaudeBot/1.0; +claudebot@anthropic.com)"
216.73.217.123 - - [21/Jul/2026:08:34:25 +0000] "GET /?f=48625174085 HTTP/1.1" 200 98622 "-" "Mozilla/5.0 AppleWebKit/537.36 (KHTML, like Gecko; compatible; ClaudeBot/1.0; +claudebot@anthropic.com)"
74.7.242.45 - - [21/Jul/2026:08:34:26 +0000] "GET /?i=34614138258 HTTP/1.1" 200 98622 "https://globallegacygroup.shop/?b=83643268088" "Mozilla/5.0 AppleWebKit/537.36 (KHTML, like Gecko; compatible; GPTBot/1.4; +https://openai.com/gptbot)"
216.73.217.123 - - [21/Jul/2026:08:34:26 +0000] "GET /?l=22969233017 HTTP/1.1" 200 98622 "-" "Mozilla/5.0 AppleWebKit/537.36 (KHTML, like Gecko; compatible; ClaudeBot/1.0; +claudebot@anthropic.com)"
216.73.217.123 - - [21/Jul/2026:08:34:28 +0000] "GET /?r=98297201329 HTTP/1.1" 200 98622 "-" "Mozilla/5.0 AppleWebKit/537.36 (KHTML, like Gecko; compatible; ClaudeBot/1.0; +claudebot@anthropic.com)"
216.73.217.123 - - [21/Jul/2026:08:34:28 +0000] "GET /?l=22969221182 HTTP/1.1" 200 98622 "-" "Mozilla/5.0 AppleWebKit/537.36 (KHTML, like Gecko; compatible; ClaudeBot/1.0; +claudebot@anthropic.com)"
74.7.242.45 - - [21/Jul/2026:08:34:28 +0000] "GET /?w=4617234717 HTTP/1.1" 404 83591 "https://globallegacygroup.shop/?i=34614110853" "Mozilla/5.0 AppleWebKit/537.36 (KHTML, like Gecko; compatible; GPTBot/1.4; +https://openai.com/gptbot)"
216.73.217.123 - - [21/Jul/2026:08:34:28 +0000] "GET /?l=22969142874 HTTP/1.1" 200 98622 "-" "Mozilla/5.0 AppleWebKit/537.36 (KHTML, like Gecko; compatible; ClaudeBot/1.0; +claudebot@anthropic.com)"
216.73.217.123 - - [21/Jul/2026:08:34:30 +0000] "GET /?i=3461445908 HTTP/1.1" 200 98622 "-" "Mozilla/5.0 AppleWebKit/537.36 (KHTML, like Gecko; compatible; ClaudeBot/1.0; +claudebot@anthropic.com)"
216.73.217.123 - - [21/Jul/2026:08:34:30 +0000] "GET /?l=1761317983 HTTP/1.1" 200 98622 "-" "Mozilla/5.0 AppleWebKit/537.36 (KHTML, like Gecko; compatible; ClaudeBot/1.0; +claudebot@anthropic.com)"
74.7.242.45 - - [21/Jul/2026:08:34:30 +0000] "GET /?r=98297246943 HTTP/1.1" 200 98622 "https://globallegacygroup.shop/?v=35875294374" "Mozilla/5.0 AppleWebKit/537.36 (KHTML, like Gecko; compatible; GPTBot/1.4; +https://openai.com/gptbot)"
216.73.217.123 - - [21/Jul/2026:08:34:30 +0000] "GET /?b=8008161106 HTTP/1.1" 200 98622 "-" "Mozilla/5.0 AppleWebKit/537.36 (KHTML, like Gecko; compatible; ClaudeBot/1.0; +claudebot@anthropic.com)"
216.73.217.123 - - [21/Jul/2026:08:34:32 +0000] "GET /?l=22969108959 HTTP/1.1" 200 98622 "-" "Mozilla/5.0 AppleWebKit/537.36 (KHTML, like Gecko; compatible; ClaudeBot/1.0; +claudebot@anthropic.com)"
216.73.217.123 - - [21/Jul/2026:08:34:32 +0000] "GET /?l=22969108539 HTTP/1.1" 200 98622 "-" "Mozilla/5.0 AppleWebKit/537.36 (KHTML, like Gecko; compatible; ClaudeBot/1.0; +claudebot@anthropic.com)"
74.7.242.45 - - [21/Jul/2026:08:34:32 +0000] "GET /?r=98297154395 HTTP/1.1" 200 98622 "https://globallegacygroup.shop/?f=48625152010" "Mozilla/5.0 AppleWebKit/537.36 (KHTML, like Gecko; compatible; GPTBot/1.4; +https://openai.com/gptbot)"
216.73.217.123 - - [21/Jul/2026:08:34:33 +0000] "GET /?r=98297212437 HTTP/1.1" 200 98622 "-" "Mozilla/5.0 AppleWebKit/537.36 (KHTML, like Gecko; compatible; ClaudeBot/1.0; +claudebot@anthropic.com)"
198.177.124.148 - - [21/Jul/2026:08:34:35 +0000] "POST /wp-cron.php?doing_wp_cron=1784622875.8009541034698486328125 HTTP/1.1" 200 - "-" "WordPress/7.0.2; https://globallegacygroup.shop"
216.73.217.123 - - [21/Jul/2026:08:34:33 +0000] "GET /?l=22969106790 HTTP/1.1" 200 98622 "-" "Mozilla/5.0 AppleWebKit/537.36 (KHTML, like Gecko; compatible; ClaudeBot/1.0; +claudebot@anthropic.com)"
216.73.217.123 - - [21/Jul/2026:08:34:34 +0000] "GET /?b=80081269259 HTTP/1.1" 200 98622 "-" "Mozilla/5.0 AppleWebKit/537.36 (KHTML, like Gecko; compatible; ClaudeBot/1.0; +claudebot@anthropic.com)"
74.7.242.45 - - [21/Jul/2026:08:34:34 +0000] "GET /?w=46172276843 HTTP/1.1" 404 83591 "https://globallegacygroup.shop/?u=5716897453" "Mozilla/5.0 AppleWebKit/537.36 (KHTML, like Gecko; compatible; GPTBot/1.4; +https://openai.com/gptbot)"
216.73.217.123 - - [21/Jul/2026:08:34:35 +0000] "GET /?l=22969246835 HTTP/1.1" 200 98622 "-" "Mozilla/5.0 AppleWebKit/537.36 (KHTML, like Gecko; compatible; ClaudeBot/1.0; +claudebot@anthropic.com)"
216.73.217.123 - - [21/Jul/2026:08:34:36 +0000] "GET /?b=80081152064 HTTP/1.1" 200 98622 "-" "Mozilla/5.0 AppleWebKit/537.36 (KHTML, like Gecko; compatible; ClaudeBot/1.0; +claudebot@anthropic.com)"
216.73.217.123 - - [21/Jul/2026:08:34:36 +0000] "GET /?f=4862555781 HTTP/1.1" 200 98622 "-" "Mozilla/5.0 AppleWebKit/537.36 (KHTML, like Gecko; compatible; ClaudeBot/1.0; +claudebot@anthropic.com)"
