216.73.217.123 - - [21/Jul/2026:08:26:36 +0000] "GET /?l=1761331337 HTTP/1.1" 200 98622 "-" "Mozilla/5.0 AppleWebKit/537.36 (KHTML, like Gecko; compatible; ClaudeBot/1.0; +claudebot@anthropic.com)"
216.73.217.123 - - [21/Jul/2026:08:26:36 +0000] "GET /?i=3461473814 HTTP/1.1" 200 98622 "-" "Mozilla/5.0 AppleWebKit/537.36 (KHTML, like Gecko; compatible; ClaudeBot/1.0; +claudebot@anthropic.com)"
198.177.124.148 - - [21/Jul/2026:08:26:38 +0000] "POST /wp-cron.php?doing_wp_cron=1784622398.9409708976745605468750 HTTP/1.1" 200 - "-" "WordPress/7.0.2; https://globallegacygroup.shop"
216.73.217.123 - - [21/Jul/2026:08:26:37 +0000] "GET /?l=17613266243 HTTP/1.1" 200 98622 "-" "Mozilla/5.0 AppleWebKit/537.36 (KHTML, like Gecko; compatible; ClaudeBot/1.0; +claudebot@anthropic.com)"
198.177.124.148 - - [21/Jul/2026:08:26:39 +0000] "POST /wp-cron.php?doing_wp_cron=1784622399.0380280017852783203125 HTTP/1.1" 200 - "-" "WordPress/7.0.2; https://globallegacygroup.shop"
74.7.242.45 - - [21/Jul/2026:08:26:37 +0000] "GET /?b=80081157219 HTTP/1.1" 200 98622 "https://globallegacygroup.shop/?i=3461458402" "Mozilla/5.0 AppleWebKit/537.36 (KHTML, like Gecko; compatible; GPTBot/1.4; +https://openai.com/gptbot)"
198.177.124.148 - - [21/Jul/2026:08:26:39 +0000] "POST /wp-cron.php?doing_wp_cron=1784622399.3505311012268066406250 HTTP/1.1" 200 - "-" "WordPress/7.0.2; https://globallegacygroup.shop"
216.73.217.123 - - [21/Jul/2026:08:26:37 +0000] "GET /?l=22969109344 HTTP/1.1" 200 98622 "-" "Mozilla/5.0 AppleWebKit/537.36 (KHTML, like Gecko; compatible; ClaudeBot/1.0; +claudebot@anthropic.com)"
198.177.124.148 - - [21/Jul/2026:08:26:40 +0000] "POST /wp-cron.php?doing_wp_cron=1784622400.0147759914398193359375 HTTP/1.1" 200 - "-" "WordPress/7.0.2; https://globallegacygroup.shop"
216.73.217.123 - - [21/Jul/2026:08:26:37 +0000] "GET /?l=22969251402 HTTP/1.1" 200 98622 "-" "Mozilla/5.0 AppleWebKit/537.36 (KHTML, like Gecko; compatible; ClaudeBot/1.0; +claudebot@anthropic.com)"
216.73.217.123 - - [21/Jul/2026:08:26:39 +0000] "GET /?f=4862519173 HTTP/1.1" 200 98622 "-" "Mozilla/5.0 AppleWebKit/537.36 (KHTML, like Gecko; compatible; ClaudeBot/1.0; +claudebot@anthropic.com)"
74.7.242.45 - - [21/Jul/2026:08:26:39 +0000] "GET /?r=98297103071 HTTP/1.1" 200 98622 "https://globallegacygroup.shop/?v=35875230339" "Mozilla/5.0 AppleWebKit/537.36 (KHTML, like Gecko; compatible; GPTBot/1.4; +https://openai.com/gptbot)"
216.73.217.123 - - [21/Jul/2026:08:26:39 +0000] "GET /?b=8008114293 HTTP/1.1" 200 98622 "-" "Mozilla/5.0 AppleWebKit/537.36 (KHTML, like Gecko; compatible; ClaudeBot/1.0; +claudebot@anthropic.com)"
216.73.217.123 - - [21/Jul/2026:08:26:40 +0000] "GET /?r=9829761277 HTTP/1.1" 200 98622 "-" "Mozilla/5.0 AppleWebKit/537.36 (KHTML, like Gecko; compatible; ClaudeBot/1.0; +claudebot@anthropic.com)"
216.73.217.123 - - [21/Jul/2026:08:26:41 +0000] "GET /?b=8364325346 HTTP/1.1" 200 98622 "-" "Mozilla/5.0 AppleWebKit/537.36 (KHTML, like Gecko; compatible; ClaudeBot/1.0; +claudebot@anthropic.com)"
198.177.124.148 - - [21/Jul/2026:08:26:43 +0000] "POST /wp-cron.php?doing_wp_cron=1784622403.1526129245758056640625 HTTP/1.1" 200 - "-" "WordPress/7.0.2; https://globallegacygroup.shop"
74.7.242.45 - - [21/Jul/2026:08:26:41 +0000] "GET /?l=2296956471 HTTP/1.1" 200 98622 "https://globallegacygroup.shop/?l=2296951694" "Mozilla/5.0 AppleWebKit/537.36 (KHTML, like Gecko; compatible; GPTBot/1.4; +https://openai.com/gptbot)"
216.73.217.123 - - [21/Jul/2026:08:26:42 +0000] "GET /?b=8008129867 HTTP/1.1" 200 98622 "-" "Mozilla/5.0 AppleWebKit/537.36 (KHTML, like Gecko; compatible; ClaudeBot/1.0; +claudebot@anthropic.com)"
216.73.217.123 - - [21/Jul/2026:08:26:42 +0000] "GET /?i=34614216844 HTTP/1.1" 200 98622 "-" "Mozilla/5.0 AppleWebKit/537.36 (KHTML, like Gecko; compatible; ClaudeBot/1.0; +claudebot@anthropic.com)"
74.7.242.45 - - [21/Jul/2026:08:26:43 +0000] "GET /?u=57168234463 HTTP/1.1" 200 98622 "https://globallegacygroup.shop/?u=57168231405" "Mozilla/5.0 AppleWebKit/537.36 (KHTML, like Gecko; compatible; GPTBot/1.4; +https://openai.com/gptbot)"
216.73.217.123 - - [21/Jul/2026:08:26:43 +0000] "GET /?r=9829711987 HTTP/1.1" 200 98622 "-" "Mozilla/5.0 AppleWebKit/537.36 (KHTML, like Gecko; compatible; ClaudeBot/1.0; +claudebot@anthropic.com)"
216.73.217.123 - - [21/Jul/2026:08:26:43 +0000] "GET /?b=8008136040 HTTP/1.1" 200 98622 "-" "Mozilla/5.0 AppleWebKit/537.36 (KHTML, like Gecko; compatible; ClaudeBot/1.0; +claudebot@anthropic.com)"
216.73.217.123 - - [21/Jul/2026:08:26:44 +0000] "GET /?b=8008120583 HTTP/1.1" 200 98622 "-" "Mozilla/5.0 AppleWebKit/537.36 (KHTML, like Gecko; compatible; ClaudeBot/1.0; +claudebot@anthropic.com)"
74.7.242.45 - - [21/Jul/2026:08:26:45 +0000] "GET /?f=48625256421 HTTP/1.1" 200 98622 "https://globallegacygroup.shop/?u=5716839732" "Mozilla/5.0 AppleWebKit/537.36 (KHTML, like Gecko; compatible; GPTBot/1.4; +https://openai.com/gptbot)"
216.73.217.123 - - [21/Jul/2026:08:26:45 +0000] "GET /?l=22969296834 HTTP/1.1" 200 98622 "-" "Mozilla/5.0 AppleWebKit/537.36 (KHTML, like Gecko; compatible; ClaudeBot/1.0; +claudebot@anthropic.com)"
216.73.217.123 - - [21/Jul/2026:08:26:45 +0000] "GET /?l=22969277244 HTTP/1.1" 200 98622 "-" "Mozilla/5.0 AppleWebKit/537.36 (KHTML, like Gecko; compatible; ClaudeBot/1.0; +claudebot@anthropic.com)"
216.73.217.123 - - [21/Jul/2026:08:26:46 +0000] "GET /?l=17613246264 HTTP/1.1" 200 98622 "-" "Mozilla/5.0 AppleWebKit/537.36 (KHTML, like Gecko; compatible; ClaudeBot/1.0; +claudebot@anthropic.com)"
74.7.242.45 - - [21/Jul/2026:08:26:46 +0000] "GET /?i=34614198958 HTTP/1.1" 200 98622 "https://globallegacygroup.shop/?b=83643269221" "Mozilla/5.0 AppleWebKit/537.36 (KHTML, like Gecko; compatible; GPTBot/1.4; +https://openai.com/gptbot)"
216.73.217.123 - - [21/Jul/2026:08:26:46 +0000] "GET /?b=8364354307 HTTP/1.1" 200 98622 "-" "Mozilla/5.0 AppleWebKit/537.36 (KHTML, like Gecko; compatible; ClaudeBot/1.0; +claudebot@anthropic.com)"
216.73.217.123 - - [21/Jul/2026:08:26:47 +0000] "GET /?b=83643245598 HTTP/1.1" 200 98622 "-" "Mozilla/5.0 AppleWebKit/537.36 (KHTML, like Gecko; compatible; ClaudeBot/1.0; +claudebot@anthropic.com)"
216.73.217.123 - - [21/Jul/2026:08:26:47 +0000] "GET /?b=83643234946 HTTP/1.1" 200 98622 "-" "Mozilla/5.0 AppleWebKit/537.36 (KHTML, like Gecko; compatible; ClaudeBot/1.0; +claudebot@anthropic.com)"
74.7.242.45 - - [21/Jul/2026:08:26:48 +0000] "GET /?v=3587567489 HTTP/1.1" 200 98622 "https://globallegacygroup.shop/sitemap217.xml" "Mozilla/5.0 AppleWebKit/537.36 (KHTML, like Gecko; compatible; GPTBot/1.4; +https://openai.com/gptbot)"
216.73.217.123 - - [21/Jul/2026:08:26:49 +0000] "GET /?b=8008177845 HTTP/1.1" 200 98622 "-" "Mozilla/5.0 AppleWebKit/537.36 (KHTML, like Gecko; compatible; ClaudeBot/1.0; +claudebot@anthropic.com)"
216.73.217.123 - - [21/Jul/2026:08:26:49 +0000] "GET /?l=1761382404 HTTP/1.1" 200 98622 "-" "Mozilla/5.0 AppleWebKit/537.36 (KHTML, like Gecko; compatible; ClaudeBot/1.0; +claudebot@anthropic.com)"
216.73.217.123 - - [21/Jul/2026:08:26:50 +0000] "GET /?b=8364311286 HTTP/1.1" 200 98622 "-" "Mozilla/5.0 AppleWebKit/537.36 (KHTML, like Gecko; compatible; ClaudeBot/1.0; +claudebot@anthropic.com)"
74.7.242.45 - - [21/Jul/2026:08:26:50 +0000] "GET /?l=22969237512 HTTP/1.1" 200 98622 "https://globallegacygroup.shop/?b=80081138458" "Mozilla/5.0 AppleWebKit/537.36 (KHTML, like Gecko; compatible; GPTBot/1.4; +https://openai.com/gptbot)"
216.73.217.123 - - [21/Jul/2026:08:26:51 +0000] "GET /?w=461722196 HTTP/1.1" 404 83591 "-" "Mozilla/5.0 AppleWebKit/537.36 (KHTML, like Gecko; compatible; ClaudeBot/1.0; +claudebot@anthropic.com)"
216.73.217.123 - - [21/Jul/2026:08:26:51 +0000] "GET /?l=2296959782 HTTP/1.1" 200 98622 "-" "Mozilla/5.0 AppleWebKit/537.36 (KHTML, like Gecko; compatible; ClaudeBot/1.0; +claudebot@anthropic.com)"
74.7.242.45 - - [21/Jul/2026:08:26:52 +0000] "GET /?w=46172250544 HTTP/1.1" 404 83591 "https://globallegacygroup.shop/?w=46172195975" "Mozilla/5.0 AppleWebKit/537.36 (KHTML, like Gecko; compatible; GPTBot/1.4; +https://openai.com/gptbot)"
216.73.217.123 - - [21/Jul/2026:08:26:52 +0000] "GET /?l=1761389988 HTTP/1.1" 200 98622 "-" "Mozilla/5.0 AppleWebKit/537.36 (KHTML, like Gecko; compatible; ClaudeBot/1.0; +claudebot@anthropic.com)"
216.73.217.123 - - [21/Jul/2026:08:26:52 +0000] "GET /?f=48625264104 HTTP/1.1" 200 98622 "-" "Mozilla/5.0 AppleWebKit/537.36 (KHTML, like Gecko; compatible; ClaudeBot/1.0; +claudebot@anthropic.com)"
74.7.242.45 - - [21/Jul/2026:08:26:53 +0000] "GET /?w=46172174768 HTTP/1.1" 404 83591 "https://globallegacygroup.shop/?b=83643193360" "Mozilla/5.0 AppleWebKit/537.36 (KHTML, like Gecko; compatible; GPTBot/1.4; +https://openai.com/gptbot)"
216.73.217.123 - - [21/Jul/2026:08:26:53 +0000] "GET /?r=9829717233 HTTP/1.1" 200 98622 "-" "Mozilla/5.0 AppleWebKit/537.36 (KHTML, like Gecko; compatible; ClaudeBot/1.0; +claudebot@anthropic.com)"
216.73.217.123 - - [21/Jul/2026:08:26:53 +0000] "GET /?b=83643233653 HTTP/1.1" 200 98622 "-" "Mozilla/5.0 AppleWebKit/537.36 (KHTML, like Gecko; compatible; ClaudeBot/1.0; +claudebot@anthropic.com)"
216.73.217.123 - - [21/Jul/2026:08:26:54 +0000] "GET /?f=4862524172 HTTP/1.1" 200 98622 "-" "Mozilla/5.0 AppleWebKit/537.36 (KHTML, like Gecko; compatible; ClaudeBot/1.0; +claudebot@anthropic.com)"
216.73.217.123 - - [21/Jul/2026:08:26:55 +0000] "GET /?f=4862527221 HTTP/1.1" 200 98622 "-" "Mozilla/5.0 AppleWebKit/537.36 (KHTML, like Gecko; compatible; ClaudeBot/1.0; +claudebot@anthropic.com)"
74.7.242.45 - - [21/Jul/2026:08:26:54 +0000] "GET /?b=83643185461 HTTP/1.1" 200 98622 "https://globallegacygroup.shop/?l=17613205908" "Mozilla/5.0 AppleWebKit/537.36 (KHTML, like Gecko; compatible; GPTBot/1.4; +https://openai.com/gptbot)"
216.73.217.123 - - [21/Jul/2026:08:26:55 +0000] "GET /?b=83643237927 HTTP/1.1" 200 98622 "-" "Mozilla/5.0 AppleWebKit/537.36 (KHTML, like Gecko; compatible; ClaudeBot/1.0; +claudebot@anthropic.com)"
216.73.217.123 - - [21/Jul/2026:08:26:56 +0000] "GET /?f=48625132297 HTTP/1.1" 200 98622 "-" "Mozilla/5.0 AppleWebKit/537.36 (KHTML, like Gecko; compatible; ClaudeBot/1.0; +claudebot@anthropic.com)"
74.7.242.45 - - [21/Jul/2026:08:26:57 +0000] "GET /?w=4617257218 HTTP/1.1" 404 83591 "https://globallegacygroup.shop/?v=35875248386" "Mozilla/5.0 AppleWebKit/537.36 (KHTML, like Gecko; compatible; GPTBot/1.4; +https://openai.com/gptbot)"
216.73.217.123 - - [21/Jul/2026:08:26:57 +0000] "GET /?w=46172228533 HTTP/1.1" 404 83591 "-" "Mozilla/5.0 AppleWebKit/537.36 (KHTML, like Gecko; compatible; ClaudeBot/1.0; +claudebot@anthropic.com)"
216.73.217.123 - - [21/Jul/2026:08:26:58 +0000] "GET /?l=2296927742 HTTP/1.1" 200 98622 "-" "Mozilla/5.0 AppleWebKit/537.36 (KHTML, like Gecko; compatible; ClaudeBot/1.0; +claudebot@anthropic.com)"
216.73.217.123 - - [21/Jul/2026:08:26:58 +0000] "GET /?l=22969132816 HTTP/1.1" 200 98622 "-" "Mozilla/5.0 AppleWebKit/537.36 (KHTML, like Gecko; compatible; ClaudeBot/1.0; +claudebot@anthropic.com)"
74.7.242.45 - - [21/Jul/2026:08:26:58 +0000] "GET /?v=3587574150 HTTP/1.1" 200 98622 "https://globallegacygroup.shop/?w=46172109861" "Mozilla/5.0 AppleWebKit/537.36 (KHTML, like Gecko; compatible; GPTBot/1.4; +https://openai.com/gptbot)"
216.73.217.123 - - [21/Jul/2026:08:26:58 +0000] "GET /?i=3461472161 HTTP/1.1" 200 98622 "-" "Mozilla/5.0 AppleWebKit/537.36 (KHTML, like Gecko; compatible; ClaudeBot/1.0; +claudebot@anthropic.com)"
216.73.217.123 - - [21/Jul/2026:08:26:59 +0000] "GET /?u=57168166809 HTTP/1.1" 200 98622 "-" "Mozilla/5.0 AppleWebKit/537.36 (KHTML, like Gecko; compatible; ClaudeBot/1.0; +claudebot@anthropic.com)"
74.7.242.45 - - [21/Jul/2026:08:27:00 +0000] "GET /?l=17613262381 HTTP/1.1" 200 98622 "https://globallegacygroup.shop/?i=34614243014" "Mozilla/5.0 AppleWebKit/537.36 (KHTML, like Gecko; compatible; GPTBot/1.4; +https://openai.com/gptbot)"
216.73.217.123 - - [21/Jul/2026:08:27:00 +0000] "GET /?l=17613265690 HTTP/1.1" 200 98622 "-" "Mozilla/5.0 AppleWebKit/537.36 (KHTML, like Gecko; compatible; ClaudeBot/1.0; +claudebot@anthropic.com)"
216.73.217.123 - - [21/Jul/2026:08:27:00 +0000] "GET /?l=22969130128 HTTP/1.1" 200 98622 "-" "Mozilla/5.0 AppleWebKit/537.36 (KHTML, like Gecko; compatible; ClaudeBot/1.0; +claudebot@anthropic.com)"
74.7.242.45 - - [21/Jul/2026:08:27:01 +0000] "GET /?l=17613271419 HTTP/1.1" 200 98622 "https://globallegacygroup.shop/?b=83643275338" "Mozilla/5.0 AppleWebKit/537.36 (KHTML, like Gecko; compatible; GPTBot/1.4; +https://openai.com/gptbot)"
216.73.217.123 - - [21/Jul/2026:08:27:01 +0000] "GET /?b=8008171341 HTTP/1.1" 200 98622 "-" "Mozilla/5.0 AppleWebKit/537.36 (KHTML, like Gecko; compatible; ClaudeBot/1.0; +claudebot@anthropic.com)"
209.127.35.109 - - [21/Jul/2026:08:27:01 +0000] "POST /wp-login.php HTTP/1.1" 503 18953 "-" "Mozilla/5.0 (Windows NT 10.0; Win64; rv:143.0) Gecko/20100101 Firefox/143.0"
216.73.217.123 - - [21/Jul/2026:08:27:01 +0000] "GET /?i=34614248673 HTTP/1.1" 200 98622 "-" "Mozilla/5.0 AppleWebKit/537.36 (KHTML, like Gecko; compatible; ClaudeBot/1.0; +claudebot@anthropic.com)"
216.73.217.123 - - [21/Jul/2026:08:27:02 +0000] "GET /?l=1761365502 HTTP/1.1" 200 98622 "-" "Mozilla/5.0 AppleWebKit/537.36 (KHTML, like Gecko; compatible; ClaudeBot/1.0; +claudebot@anthropic.com)"
74.7.242.45 - - [21/Jul/2026:08:27:04 +0000] "GET /?i=34614257763 HTTP/1.1" 200 98622 "https://globallegacygroup.shop/?i=34614184531" "Mozilla/5.0 AppleWebKit/537.36 (KHTML, like Gecko; compatible; GPTBot/1.4; +https://openai.com/gptbot)"
216.73.217.123 - - [21/Jul/2026:08:27:04 +0000] "GET /?f=48625150448 HTTP/1.1" 200 98622 "-" "Mozilla/5.0 AppleWebKit/537.36 (KHTML, like Gecko; compatible; ClaudeBot/1.0; +claudebot@anthropic.com)"
216.73.217.123 - - [21/Jul/2026:08:27:04 +0000] "GET /?b=8008133067 HTTP/1.1" 200 98622 "-" "Mozilla/5.0 AppleWebKit/537.36 (KHTML, like Gecko; compatible; ClaudeBot/1.0; +claudebot@anthropic.com)"
216.73.217.123 - - [21/Jul/2026:08:27:04 +0000] "GET /?l=1761394006 HTTP/1.1" 200 98622 "-" "Mozilla/5.0 AppleWebKit/537.36 (KHTML, like Gecko; compatible; ClaudeBot/1.0; +claudebot@anthropic.com)"
74.7.242.45 - - [21/Jul/2026:08:27:05 +0000] "GET /?b=83643141597 HTTP/1.1" 200 98622 "https://globallegacygroup.shop/?r=98297165846" "Mozilla/5.0 AppleWebKit/537.36 (KHTML, like Gecko; compatible; GPTBot/1.4; +https://openai.com/gptbot)"
216.73.217.123 - - [21/Jul/2026:08:27:05 +0000] "GET /?i=3461456029 HTTP/1.1" 200 98622 "-" "Mozilla/5.0 AppleWebKit/537.36 (KHTML, like Gecko; compatible; ClaudeBot/1.0; +claudebot@anthropic.com)"
216.73.217.123 - - [21/Jul/2026:08:27:05 +0000] "GET /?f=4862511592 HTTP/1.1" 200 98622 "-" "Mozilla/5.0 AppleWebKit/537.36 (KHTML, like Gecko; compatible; ClaudeBot/1.0; +claudebot@anthropic.com)"
216.73.217.123 - - [21/Jul/2026:08:27:06 +0000] "GET /?i=3461476861 HTTP/1.1" 200 98622 "-" "Mozilla/5.0 AppleWebKit/537.36 (KHTML, like Gecko; compatible; ClaudeBot/1.0; +claudebot@anthropic.com)"
74.7.242.45 - - [21/Jul/2026:08:27:06 +0000] "GET /?u=57168224804 HTTP/1.1" 200 98622 "https://globallegacygroup.shop/?u=57168219954" "Mozilla/5.0 AppleWebKit/537.36 (KHTML, like Gecko; compatible; GPTBot/1.4; +https://openai.com/gptbot)"
216.73.217.123 - - [21/Jul/2026:08:27:07 +0000] "GET /?f=48625173231 HTTP/1.1" 200 98622 "-" "Mozilla/5.0 AppleWebKit/537.36 (KHTML, like Gecko; compatible; ClaudeBot/1.0; +claudebot@anthropic.com)"
216.73.217.123 - - [21/Jul/2026:08:27:07 +0000] "GET /?i=3461435372 HTTP/1.1" 200 98622 "-" "Mozilla/5.0 AppleWebKit/537.36 (KHTML, like Gecko; compatible; ClaudeBot/1.0; +claudebot@anthropic.com)"
216.73.217.123 - - [21/Jul/2026:08:27:07 +0000] "GET /?l=1761385630 HTTP/1.1" 200 98622 "-" "Mozilla/5.0 AppleWebKit/537.36 (KHTML, like Gecko; compatible; ClaudeBot/1.0; +claudebot@anthropic.com)"
74.7.242.45 - - [21/Jul/2026:08:27:08 +0000] "GET /?l=22969125571 HTTP/1.1" 200 98622 "https://globallegacygroup.shop/?l=22969120722" "Mozilla/5.0 AppleWebKit/537.36 (KHTML, like Gecko; compatible; GPTBot/1.4; +https://openai.com/gptbot)"
216.73.217.123 - - [21/Jul/2026:08:27:08 +0000] "GET /?l=2296971321 HTTP/1.1" 200 98622 "-" "Mozilla/5.0 AppleWebKit/537.36 (KHTML, like Gecko; compatible; ClaudeBot/1.0; +claudebot@anthropic.com)"
216.73.217.123 - - [21/Jul/2026:08:27:08 +0000] "GET /?r=9829731298 HTTP/1.1" 200 98622 "-" "Mozilla/5.0 AppleWebKit/537.36 (KHTML, like Gecko; compatible; ClaudeBot/1.0; +claudebot@anthropic.com)"
216.73.217.123 - - [21/Jul/2026:08:27:09 +0000] "GET /?r=9829776959 HTTP/1.1" 200 98622 "-" "Mozilla/5.0 AppleWebKit/537.36 (KHTML, like Gecko; compatible; ClaudeBot/1.0; +claudebot@anthropic.com)"
74.7.242.45 - - [21/Jul/2026:08:27:09 +0000] "GET /?l=1761366079 HTTP/1.1" 200 98622 "https://globallegacygroup.shop/?f=48625273869" "Mozilla/5.0 AppleWebKit/537.36 (KHTML, like Gecko; compatible; GPTBot/1.4; +https://openai.com/gptbot)"
216.73.217.123 - - [21/Jul/2026:08:27:09 +0000] "GET /?i=3461428360 HTTP/1.1" 200 98622 "-" "Mozilla/5.0 AppleWebKit/537.36 (KHTML, like Gecko; compatible; ClaudeBot/1.0; +claudebot@anthropic.com)"
216.73.217.123 - - [21/Jul/2026:08:27:10 +0000] "GET /?l=22969105503 HTTP/1.1" 200 98622 "-" "Mozilla/5.0 AppleWebKit/537.36 (KHTML, like Gecko; compatible; ClaudeBot/1.0; +claudebot@anthropic.com)"
216.73.217.123 - - [21/Jul/2026:08:27:11 +0000] "GET /?b=83643231083 HTTP/1.1" 200 98622 "-" "Mozilla/5.0 AppleWebKit/537.36 (KHTML, like Gecko; compatible; ClaudeBot/1.0; +claudebot@anthropic.com)"
74.7.242.45 - - [21/Jul/2026:08:27:11 +0000] "GET /?f=48625132664 HTTP/1.1" 200 98622 "https://globallegacygroup.shop/?u=5716867914" "Mozilla/5.0 AppleWebKit/537.36 (KHTML, like Gecko; compatible; GPTBot/1.4; +https://openai.com/gptbot)"
216.73.217.123 - - [21/Jul/2026:08:27:11 +0000] "GET /?r=9829724016 HTTP/1.1" 200 98622 "-" "Mozilla/5.0 AppleWebKit/537.36 (KHTML, like Gecko; compatible; ClaudeBot/1.0; +claudebot@anthropic.com)"
216.73.217.123 - - [21/Jul/2026:08:27:12 +0000] "GET /?l=17613204604 HTTP/1.1" 200 98622 "-" "Mozilla/5.0 AppleWebKit/537.36 (KHTML, like Gecko; compatible; ClaudeBot/1.0; +claudebot@anthropic.com)"
74.7.242.45 - - [21/Jul/2026:08:27:13 +0000] "GET /?l=22969112784 HTTP/1.1" 200 98622 "https://globallegacygroup.shop/?u=5716857789" "Mozilla/5.0 AppleWebKit/537.36 (KHTML, like Gecko; compatible; GPTBot/1.4; +https://openai.com/gptbot)"
216.73.217.123 - - [21/Jul/2026:08:27:13 +0000] "GET /?r=9829786391 HTTP/1.1" 200 98622 "-" "Mozilla/5.0 AppleWebKit/537.36 (KHTML, like Gecko; compatible; ClaudeBot/1.0; +claudebot@anthropic.com)"
216.73.217.123 - - [21/Jul/2026:08:27:13 +0000] "GET /?l=1761384330 HTTP/1.1" 200 98622 "-" "Mozilla/5.0 AppleWebKit/537.36 (KHTML, like Gecko; compatible; ClaudeBot/1.0; +claudebot@anthropic.com)"
216.73.217.123 - - [21/Jul/2026:08:27:14 +0000] "GET /?b=8008147065 HTTP/1.1" 200 98622 "-" "Mozilla/5.0 AppleWebKit/537.36 (KHTML, like Gecko; compatible; ClaudeBot/1.0; +claudebot@anthropic.com)"
74.7.242.45 - - [21/Jul/2026:08:27:14 +0000] "GET /?w=4617245650 HTTP/1.1" 404 83591 "https://globallegacygroup.shop/?r=98297228980" "Mozilla/5.0 AppleWebKit/537.36 (KHTML, like Gecko; compatible; GPTBot/1.4; +https://openai.com/gptbot)"
216.73.217.123 - - [21/Jul/2026:08:27:14 +0000] "GET /?b=8364321320 HTTP/1.1" 200 98622 "-" "Mozilla/5.0 AppleWebKit/537.36 (KHTML, like Gecko; compatible; ClaudeBot/1.0; +claudebot@anthropic.com)"
216.73.217.123 - - [21/Jul/2026:08:27:15 +0000] "GET /?r=9829791795 HTTP/1.1" 200 98622 "-" "Mozilla/5.0 AppleWebKit/537.36 (KHTML, like Gecko; compatible; ClaudeBot/1.0; +claudebot@anthropic.com)"
74.7.242.45 - - [21/Jul/2026:08:27:16 +0000] "GET /?i=3461463907 HTTP/1.1" 200 98622 "https://globallegacygroup.shop/?v=35875177904" "Mozilla/5.0 AppleWebKit/537.36 (KHTML, like Gecko; compatible; GPTBot/1.4; +https://openai.com/gptbot)"
216.73.217.123 - - [21/Jul/2026:08:27:16 +0000] "GET /?f=48625203558 HTTP/1.1" 200 98622 "-" "Mozilla/5.0 AppleWebKit/537.36 (KHTML, like Gecko; compatible; ClaudeBot/1.0; +claudebot@anthropic.com)"
216.73.217.123 - - [21/Jul/2026:08:27:16 +0000] "GET /?b=83643281672 HTTP/1.1" 200 98622 "-" "Mozilla/5.0 AppleWebKit/537.36 (KHTML, like Gecko; compatible; ClaudeBot/1.0; +claudebot@anthropic.com)"
216.73.217.123 - - [21/Jul/2026:08:27:17 +0000] "GET /?l=22969185874 HTTP/1.1" 200 98622 "-" "Mozilla/5.0 AppleWebKit/537.36 (KHTML, like Gecko; compatible; ClaudeBot/1.0; +claudebot@anthropic.com)"
74.7.242.45 - - [21/Jul/2026:08:27:17 +0000] "GET /?w=46172249605 HTTP/1.1" 404 83591 "https://globallegacygroup.shop/?w=46172100120" "Mozilla/5.0 AppleWebKit/537.36 (KHTML, like Gecko; compatible; GPTBot/1.4; +https://openai.com/gptbot)"
216.73.217.123 - - [21/Jul/2026:08:27:17 +0000] "GET /?f=48625246983 HTTP/1.1" 200 98622 "-" "Mozilla/5.0 AppleWebKit/537.36 (KHTML, like Gecko; compatible; ClaudeBot/1.0; +claudebot@anthropic.com)"
216.73.217.123 - - [21/Jul/2026:08:27:18 +0000] "GET /?l=22969177535 HTTP/1.1" 200 98622 "-" "Mozilla/5.0 AppleWebKit/537.36 (KHTML, like Gecko; compatible; ClaudeBot/1.0; +claudebot@anthropic.com)"
216.73.217.123 - - [21/Jul/2026:08:27:18 +0000] "GET /?l=22969295113 HTTP/1.1" 200 98622 "-" "Mozilla/5.0 AppleWebKit/537.36 (KHTML, like Gecko; compatible; ClaudeBot/1.0; +claudebot@anthropic.com)"
74.7.242.45 - - [21/Jul/2026:08:27:19 +0000] "GET /?r=98297247507 HTTP/1.1" 200 98622 "https://globallegacygroup.shop/?b=80081236912" "Mozilla/5.0 AppleWebKit/537.36 (KHTML, like Gecko; compatible; GPTBot/1.4; +https://openai.com/gptbot)"
216.73.217.123 - - [21/Jul/2026:08:27:19 +0000] "GET /?b=8008181409 HTTP/1.1" 200 98622 "-" "Mozilla/5.0 AppleWebKit/537.36 (KHTML, like Gecko; compatible; ClaudeBot/1.0; +claudebot@anthropic.com)"
216.73.217.123 - - [21/Jul/2026:08:27:19 +0000] "GET /?f=4862598371 HTTP/1.1" 200 98622 "-" "Mozilla/5.0 AppleWebKit/537.36 (KHTML, like Gecko; compatible; ClaudeBot/1.0; +claudebot@anthropic.com)"
216.73.217.123 - - [21/Jul/2026:08:27:20 +0000] "GET /?i=3461453292 HTTP/1.1" 200 98622 "-" "Mozilla/5.0 AppleWebKit/537.36 (KHTML, like Gecko; compatible; ClaudeBot/1.0; +claudebot@anthropic.com)"
74.7.242.45 - - [21/Jul/2026:08:27:20 +0000] "GET /?v=35875198707 HTTP/1.1" 200 98622 "https://globallegacygroup.shop/?r=98297229657" "Mozilla/5.0 AppleWebKit/537.36 (KHTML, like Gecko; compatible; GPTBot/1.4; +https://openai.com/gptbot)"
216.73.217.123 - - [21/Jul/2026:08:27:20 +0000] "GET /?b=83643235791 HTTP/1.1" 200 98622 "-" "Mozilla/5.0 AppleWebKit/537.36 (KHTML, like Gecko; compatible; ClaudeBot/1.0; +claudebot@anthropic.com)"
216.73.217.123 - - [21/Jul/2026:08:27:22 +0000] "GET /?b=8008163887 HTTP/1.1" 200 98622 "-" "Mozilla/5.0 AppleWebKit/537.36 (KHTML, like Gecko; compatible; ClaudeBot/1.0; +claudebot@anthropic.com)"
74.7.242.45 - - [21/Jul/2026:08:27:22 +0000] "GET /?r=9829771427 HTTP/1.1" 200 98622 "https://globallegacygroup.shop/?l=22969281516" "Mozilla/5.0 AppleWebKit/537.36 (KHTML, like Gecko; compatible; GPTBot/1.4; +https://openai.com/gptbot)"
216.73.217.123 - - [21/Jul/2026:08:27:22 +0000] "GET /?r=9829784477 HTTP/1.1" 200 98622 "-" "Mozilla/5.0 AppleWebKit/537.36 (KHTML, like Gecko; compatible; ClaudeBot/1.0; +claudebot@anthropic.com)"
216.73.217.123 - - [21/Jul/2026:08:27:23 +0000] "GET /?l=22969104378 HTTP/1.1" 200 98622 "-" "Mozilla/5.0 AppleWebKit/537.36 (KHTML, like Gecko; compatible; ClaudeBot/1.0; +claudebot@anthropic.com)"
74.7.242.45 - - [21/Jul/2026:08:27:24 +0000] "GET /?u=57168166923 HTTP/1.1" 200 98622 "https://globallegacygroup.shop/sitemap398.xml" "Mozilla/5.0 AppleWebKit/537.36 (KHTML, like Gecko; compatible; GPTBot/1.4; +https://openai.com/gptbot)"
216.73.217.123 - - [21/Jul/2026:08:27:24 +0000] "GET /?l=1761331433 HTTP/1.1" 200 98622 "-" "Mozilla/5.0 AppleWebKit/537.36 (KHTML, like Gecko; compatible; ClaudeBot/1.0; +claudebot@anthropic.com)"
216.73.217.123 - - [21/Jul/2026:08:27:24 +0000] "GET /?f=48625280099 HTTP/1.1" 200 98622 "-" "Mozilla/5.0 AppleWebKit/537.36 (KHTML, like Gecko; compatible; ClaudeBot/1.0; +claudebot@anthropic.com)"
216.73.217.123 - - [21/Jul/2026:08:27:25 +0000] "GET /?b=80081147403 HTTP/1.1" 200 98622 "-" "Mozilla/5.0 AppleWebKit/537.36 (KHTML, like Gecko; compatible; ClaudeBot/1.0; +claudebot@anthropic.com)"
74.7.242.45 - - [21/Jul/2026:08:27:25 +0000] "GET /?b=83643208214 HTTP/1.1" 200 98622 "https://globallegacygroup.shop/?v=35875249889" "Mozilla/5.0 AppleWebKit/537.36 (KHTML, like Gecko; compatible; GPTBot/1.4; +https://openai.com/gptbot)"
216.73.217.123 - - [21/Jul/2026:08:27:25 +0000] "GET /?b=8008130879 HTTP/1.1" 200 98622 "-" "Mozilla/5.0 AppleWebKit/537.36 (KHTML, like Gecko; compatible; ClaudeBot/1.0; +claudebot@anthropic.com)"
216.73.217.123 - - [21/Jul/2026:08:27:26 +0000] "GET /?b=8008166426 HTTP/1.1" 200 98622 "-" "Mozilla/5.0 AppleWebKit/537.36 (KHTML, like Gecko; compatible; ClaudeBot/1.0; +claudebot@anthropic.com)"
74.7.242.45 - - [21/Jul/2026:08:27:27 +0000] "GET /?v=35875256280 HTTP/1.1" 200 98622 "https://globallegacygroup.shop/?v=35875285740" "Mozilla/5.0 AppleWebKit/537.36 (KHTML, like Gecko; compatible; GPTBot/1.4; +https://openai.com/gptbot)"
216.73.217.123 - - [21/Jul/2026:08:27:26 +0000] "GET /?r=98297176142 HTTP/1.1" 200 98622 "-" "Mozilla/5.0 AppleWebKit/537.36 (KHTML, like Gecko; compatible; ClaudeBot/1.0; +claudebot@anthropic.com)"
216.73.217.123 - - [21/Jul/2026:08:27:27 +0000] "GET /?f=48625258398 HTTP/1.1" 200 98622 "-" "Mozilla/5.0 AppleWebKit/537.36 (KHTML, like Gecko; compatible; ClaudeBot/1.0; +claudebot@anthropic.com)"
216.73.217.123 - - [21/Jul/2026:08:27:28 +0000] "GET /?l=22969104853 HTTP/1.1" 200 98622 "-" "Mozilla/5.0 AppleWebKit/537.36 (KHTML, like Gecko; compatible; ClaudeBot/1.0; +claudebot@anthropic.com)"
74.7.242.45 - - [21/Jul/2026:08:27:28 +0000] "GET /?b=83643231599 HTTP/1.1" 200 98622 "https://globallegacygroup.shop/?u=57168184882" "Mozilla/5.0 AppleWebKit/537.36 (KHTML, like Gecko; compatible; GPTBot/1.4; +https://openai.com/gptbot)"
216.73.217.123 - - [21/Jul/2026:08:27:29 +0000] "GET /?b=8008187910 HTTP/1.1" 200 98622 "-" "Mozilla/5.0 AppleWebKit/537.36 (KHTML, like Gecko; compatible; ClaudeBot/1.0; +claudebot@anthropic.com)"
216.73.217.123 - - [21/Jul/2026:08:27:29 +0000] "GET /?b=8008150254 HTTP/1.1" 200 98622 "-" "Mozilla/5.0 AppleWebKit/537.36 (KHTML, like Gecko; compatible; ClaudeBot/1.0; +claudebot@anthropic.com)"
216.73.217.123 - - [21/Jul/2026:08:27:29 +0000] "GET /?l=22969261979 HTTP/1.1" 200 98622 "-" "Mozilla/5.0 AppleWebKit/537.36 (KHTML, like Gecko; compatible; ClaudeBot/1.0; +claudebot@anthropic.com)"
74.7.242.45 - - [21/Jul/2026:08:27:30 +0000] "GET /?u=57168194793 HTTP/1.1" 200 98622 "https://globallegacygroup.shop/?l=22969114495" "Mozilla/5.0 AppleWebKit/537.36 (KHTML, like Gecko; compatible; GPTBot/1.4; +https://openai.com/gptbot)"
216.73.217.123 - - [21/Jul/2026:08:27:30 +0000] "GET /?f=48625281606 HTTP/1.1" 200 98622 "-" "Mozilla/5.0 AppleWebKit/537.36 (KHTML, like Gecko; compatible; ClaudeBot/1.0; +claudebot@anthropic.com)"
216.73.217.123 - - [21/Jul/2026:08:27:31 +0000] "GET /?i=3461496633 HTTP/1.1" 200 98622 "-" "Mozilla/5.0 AppleWebKit/537.36 (KHTML, like Gecko; compatible; ClaudeBot/1.0; +claudebot@anthropic.com)"
74.7.242.45 - - [21/Jul/2026:08:27:31 +0000] "GET /?v=3587544760 HTTP/1.1" 200 98622 "https://globallegacygroup.shop/?l=17613262078" "Mozilla/5.0 AppleWebKit/537.36 (KHTML, like Gecko; compatible; GPTBot/1.4; +https://openai.com/gptbot)"
198.177.124.148 - - [21/Jul/2026:08:27:33 +0000] "POST /wp-cron.php?doing_wp_cron=1784622453.1030468940734863281250 HTTP/1.1" 200 - "-" "WordPress/7.0.2; https://globallegacygroup.shop"
216.73.217.123 - - [21/Jul/2026:08:27:31 +0000] "GET /?f=48625108399 HTTP/1.1" 200 98622 "-" "Mozilla/5.0 AppleWebKit/537.36 (KHTML, like Gecko; compatible; ClaudeBot/1.0; +claudebot@anthropic.com)"
216.73.217.123 - - [21/Jul/2026:08:27:31 +0000] "GET /?r=98297115294 HTTP/1.1" 200 98622 "-" "Mozilla/5.0 AppleWebKit/537.36 (KHTML, like Gecko; compatible; ClaudeBot/1.0; +claudebot@anthropic.com)"
74.7.242.45 - - [21/Jul/2026:08:27:33 +0000] "GET /?b=80081277682 HTTP/1.1" 200 98622 "https://globallegacygroup.shop/?i=34614177001" "Mozilla/5.0 AppleWebKit/537.36 (KHTML, like Gecko; compatible; GPTBot/1.4; +https://openai.com/gptbot)"
216.73.217.123 - - [21/Jul/2026:08:27:33 +0000] "GET /?l=22969149044 HTTP/1.1" 200 98622 "-" "Mozilla/5.0 AppleWebKit/537.36 (KHTML, like Gecko; compatible; ClaudeBot/1.0; +claudebot@anthropic.com)"
216.73.217.123 - - [21/Jul/2026:08:27:33 +0000] "GET /?l=22969195043 HTTP/1.1" 200 98622 "-" "Mozilla/5.0 AppleWebKit/537.36 (KHTML, like Gecko; compatible; ClaudeBot/1.0; +claudebot@anthropic.com)"
216.73.217.123 - - [21/Jul/2026:08:27:33 +0000] "GET /?r=9829758137 HTTP/1.1" 200 98622 "-" "Mozilla/5.0 AppleWebKit/537.36 (KHTML, like Gecko; compatible; ClaudeBot/1.0; +claudebot@anthropic.com)"
74.7.242.45 - - [21/Jul/2026:08:27:35 +0000] "GET /?u=57168126147 HTTP/1.1" 200 98622 "https://globallegacygroup.shop/?l=17613270442" "Mozilla/5.0 AppleWebKit/537.36 (KHTML, like Gecko; compatible; GPTBot/1.4; +https://openai.com/gptbot)"
216.73.217.123 - - [21/Jul/2026:08:27:36 +0000] "GET /?b=80081242225 HTTP/1.1" 200 98622 "-" "Mozilla/5.0 AppleWebKit/537.36 (KHTML, like Gecko; compatible; ClaudeBot/1.0; +claudebot@anthropic.com)"
216.73.217.123 - - [21/Jul/2026:08:27:36 +0000] "GET /?b=83643229428 HTTP/1.1" 200 98622 "-" "Mozilla/5.0 AppleWebKit/537.36 (KHTML, like Gecko; compatible; ClaudeBot/1.0; +claudebot@anthropic.com)"
216.73.217.123 - - [21/Jul/2026:08:27:36 +0000] "GET /?f=48625110759 HTTP/1.1" 200 98622 "-" "Mozilla/5.0 AppleWebKit/537.36 (KHTML, like Gecko; compatible; ClaudeBot/1.0; +claudebot@anthropic.com)"
216.73.217.123 - - [21/Jul/2026:08:27:38 +0000] "GET /?r=98297265679 HTTP/1.1" 200 98622 "-" "Mozilla/5.0 AppleWebKit/537.36 (KHTML, like Gecko; compatible; ClaudeBot/1.0; +claudebot@anthropic.com)"
74.7.242.45 - - [21/Jul/2026:08:27:37 +0000] "GET /?b=8364320908 HTTP/1.1" 200 98622 "https://globallegacygroup.shop/?f=48625205154" "Mozilla/5.0 AppleWebKit/537.36 (KHTML, like Gecko; compatible; GPTBot/1.4; +https://openai.com/gptbot)"
216.73.217.123 - - [21/Jul/2026:08:27:38 +0000] "GET /?l=22969159946 HTTP/1.1" 200 98622 "-" "Mozilla/5.0 AppleWebKit/537.36 (KHTML, like Gecko; compatible; ClaudeBot/1.0; +claudebot@anthropic.com)"
216.73.217.123 - - [21/Jul/2026:08:27:38 +0000] "GET /?f=48625187073 HTTP/1.1" 200 98622 "-" "Mozilla/5.0 AppleWebKit/537.36 (KHTML, like Gecko; compatible; ClaudeBot/1.0; +claudebot@anthropic.com)"
216.73.217.123 - - [21/Jul/2026:08:27:39 +0000] "GET /?f=48625110762 HTTP/1.1" 200 98622 "-" "Mozilla/5.0 AppleWebKit/537.36 (KHTML, like Gecko; compatible; ClaudeBot/1.0; +claudebot@anthropic.com)"
74.7.242.45 - - [21/Jul/2026:08:27:39 +0000] "GET /?i=3461449687 HTTP/1.1" 200 98622 "https://globallegacygroup.shop/?l=17613158437" "Mozilla/5.0 AppleWebKit/537.36 (KHTML, like Gecko; compatible; GPTBot/1.4; +https://openai.com/gptbot)"
216.73.217.123 - - [21/Jul/2026:08:27:40 +0000] "GET /?l=22969104157 HTTP/1.1" 200 98622 "-" "Mozilla/5.0 AppleWebKit/537.36 (KHTML, like Gecko; compatible; ClaudeBot/1.0; +claudebot@anthropic.com)"
209.127.35.109 - - [21/Jul/2026:08:27:41 +0000] "POST /wp-login.php HTTP/1.1" 503 18040 "-" "Mozilla/5.0 (Windows NT 10.0; Win64; rv:143.0) Gecko/20100101 Firefox/143.0"
216.73.217.123 - - [21/Jul/2026:08:27:41 +0000] "GET /?b=800812537 HTTP/1.1" 200 98622 "-" "Mozilla/5.0 AppleWebKit/537.36 (KHTML, like Gecko; compatible; ClaudeBot/1.0; +claudebot@anthropic.com)"
74.7.242.45 - - [21/Jul/2026:08:27:41 +0000] "GET /?b=80081262675 HTTP/1.1" 200 98622 "https://globallegacygroup.shop/?l=22969107384" "Mozilla/5.0 AppleWebKit/537.36 (KHTML, like Gecko; compatible; GPTBot/1.4; +https://openai.com/gptbot)"
216.73.217.123 - - [21/Jul/2026:08:27:41 +0000] "GET /?b=8364372612 HTTP/1.1" 200 98622 "-" "Mozilla/5.0 AppleWebKit/537.36 (KHTML, like Gecko; compatible; ClaudeBot/1.0; +claudebot@anthropic.com)"
198.177.124.148 - - [21/Jul/2026:08:27:43 +0000] "POST /?wordfence_syncAttackData=1784622463.1849 HTTP/1.1" 200 - "-" "WordPress/7.0.2; https://globallegacygroup.shop"
74.7.242.45 - - [21/Jul/2026:08:27:43 +0000] "GET /?r=9829759270 HTTP/1.1" 200 98622 "https://globallegacygroup.shop/?f=4862513609" "Mozilla/5.0 AppleWebKit/537.36 (KHTML, like Gecko; compatible; GPTBot/1.4; +https://openai.com/gptbot)"
216.73.217.123 - - [21/Jul/2026:08:27:42 +0000] "GET /?l=22969193324 HTTP/1.1" 200 98622 "-" "Mozilla/5.0 AppleWebKit/537.36 (KHTML, like Gecko; compatible; ClaudeBot/1.0; +claudebot@anthropic.com)"
216.73.217.123 - - [21/Jul/2026:08:27:43 +0000] "GET /?b=8008160563 HTTP/1.1" 200 98622 "-" "Mozilla/5.0 AppleWebKit/537.36 (KHTML, like Gecko; compatible; ClaudeBot/1.0; +claudebot@anthropic.com)"
198.177.124.148 - - [21/Jul/2026:08:27:43 +0000] "POST /?wordfence_syncAttackData=1784622463.5926 HTTP/1.1" 200 98622 "-" "WordPress/7.0.2; https://globallegacygroup.shop"
216.73.217.123 - - [21/Jul/2026:08:27:42 +0000] "GET /?l=2296916315 HTTP/1.1" 200 98622 "-" "Mozilla/5.0 AppleWebKit/537.36 (KHTML, like Gecko; compatible; ClaudeBot/1.0; +claudebot@anthropic.com)"
74.7.242.45 - - [21/Jul/2026:08:27:45 +0000] "GET /?r=98297284370 HTTP/1.1" 200 98622 "https://globallegacygroup.shop/sitemap856.xml" "Mozilla/5.0 AppleWebKit/537.36 (KHTML, like Gecko; compatible; GPTBot/1.4; +https://openai.com/gptbot)"
216.73.217.123 - - [21/Jul/2026:08:27:45 +0000] "GET /?b=83643231385 HTTP/1.1" 200 98622 "-" "Mozilla/5.0 AppleWebKit/537.36 (KHTML, like Gecko; compatible; ClaudeBot/1.0; +claudebot@anthropic.com)"
216.73.217.123 - - [21/Jul/2026:08:27:45 +0000] "GET /?l=22969154448 HTTP/1.1" 200 98622 "-" "Mozilla/5.0 AppleWebKit/537.36 (KHTML, like Gecko; compatible; ClaudeBot/1.0; +claudebot@anthropic.com)"
216.73.217.123 - - [21/Jul/2026:08:27:45 +0000] "GET /?b=83643128399 HTTP/1.1" 200 98622 "-" "Mozilla/5.0 AppleWebKit/537.36 (KHTML, like Gecko; compatible; ClaudeBot/1.0; +claudebot@anthropic.com)"
74.7.242.45 - - [21/Jul/2026:08:27:46 +0000] "GET /?l=22969142568 HTTP/1.1" 200 98622 "https://globallegacygroup.shop/?l=1761344277" "Mozilla/5.0 AppleWebKit/537.36 (KHTML, like Gecko; compatible; GPTBot/1.4; +https://openai.com/gptbot)"
216.73.217.123 - - [21/Jul/2026:08:27:46 +0000] "GET /?l=2296955670 HTTP/1.1" 200 98622 "-" "Mozilla/5.0 AppleWebKit/537.36 (KHTML, like Gecko; compatible; ClaudeBot/1.0; +claudebot@anthropic.com)"
216.73.217.123 - - [21/Jul/2026:08:27:47 +0000] "GET /?i=34614136808 HTTP/1.1" 200 98622 "-" "Mozilla/5.0 AppleWebKit/537.36 (KHTML, like Gecko; compatible; ClaudeBot/1.0; +claudebot@anthropic.com)"
216.73.217.123 - - [21/Jul/2026:08:27:47 +0000] "GET /?b=80081263259 HTTP/1.1" 200 98622 "-" "Mozilla/5.0 AppleWebKit/537.36 (KHTML, like Gecko; compatible; ClaudeBot/1.0; +claudebot@anthropic.com)"
74.7.242.45 - - [21/Jul/2026:08:27:48 +0000] "GET /?r=9829749641 HTTP/1.1" 200 98622 "https://globallegacygroup.shop/?u=57168119353" "Mozilla/5.0 AppleWebKit/537.36 (KHTML, like Gecko; compatible; GPTBot/1.4; +https://openai.com/gptbot)"
216.73.217.123 - - [21/Jul/2026:08:27:48 +0000] "GET /?l=1761319319 HTTP/1.1" 200 98622 "-" "Mozilla/5.0 AppleWebKit/537.36 (KHTML, like Gecko; compatible; ClaudeBot/1.0; +claudebot@anthropic.com)"
216.73.217.123 - - [21/Jul/2026:08:27:49 +0000] "GET /?l=2296948123 HTTP/1.1" 200 98622 "-" "Mozilla/5.0 AppleWebKit/537.36 (KHTML, like Gecko; compatible; ClaudeBot/1.0; +claudebot@anthropic.com)"
216.73.217.123 - - [21/Jul/2026:08:27:49 +0000] "GET /?b=8008122234 HTTP/1.1" 200 98622 "-" "Mozilla/5.0 AppleWebKit/537.36 (KHTML, like Gecko; compatible; ClaudeBot/1.0; +claudebot@anthropic.com)"
74.7.242.45 - - [21/Jul/2026:08:27:50 +0000] "GET /?f=4862550612 HTTP/1.1" 200 98622 "https://globallegacygroup.shop/?w=46172182847" "Mozilla/5.0 AppleWebKit/537.36 (KHTML, like Gecko; compatible; GPTBot/1.4; +https://openai.com/gptbot)"
216.73.217.123 - - [21/Jul/2026:08:27:50 +0000] "GET /?b=80081111389 HTTP/1.1" 200 98622 "-" "Mozilla/5.0 AppleWebKit/537.36 (KHTML, like Gecko; compatible; ClaudeBot/1.0; +claudebot@anthropic.com)"
216.73.217.123 - - [21/Jul/2026:08:27:51 +0000] "GET /?r=9829780174 HTTP/1.1" 200 98622 "-" "Mozilla/5.0 AppleWebKit/537.36 (KHTML, like Gecko; compatible; ClaudeBot/1.0; +claudebot@anthropic.com)"
216.73.217.123 - - [21/Jul/2026:08:27:51 +0000] "GET /?l=17613109752 HTTP/1.1" 200 98622 "-" "Mozilla/5.0 AppleWebKit/537.36 (KHTML, like Gecko; compatible; ClaudeBot/1.0; +claudebot@anthropic.com)"
74.7.242.45 - - [21/Jul/2026:08:27:51 +0000] "GET /?b=80081235592 HTTP/1.1" 200 98622 "https://globallegacygroup.shop/?l=17613222235" "Mozilla/5.0 AppleWebKit/537.36 (KHTML, like Gecko; compatible; GPTBot/1.4; +https://openai.com/gptbot)"
216.73.217.123 - - [21/Jul/2026:08:27:52 +0000] "GET /?b=8008117928 HTTP/1.1" 200 98622 "-" "Mozilla/5.0 AppleWebKit/537.36 (KHTML, like Gecko; compatible; ClaudeBot/1.0; +claudebot@anthropic.com)"
216.73.217.123 - - [21/Jul/2026:08:27:53 +0000] "GET /?b=83643276324 HTTP/1.1" 200 98622 "-" "Mozilla/5.0 AppleWebKit/537.36 (KHTML, like Gecko; compatible; ClaudeBot/1.0; +claudebot@anthropic.com)"
216.73.217.123 - - [21/Jul/2026:08:27:53 +0000] "GET /?l=1761390732 HTTP/1.1" 200 98622 "-" "Mozilla/5.0 AppleWebKit/537.36 (KHTML, like Gecko; compatible; ClaudeBot/1.0; +claudebot@anthropic.com)"
74.7.242.45 - - [21/Jul/2026:08:27:53 +0000] "GET /?l=22969120379 HTTP/1.1" 200 98622 "https://globallegacygroup.shop/?v=35875105235" "Mozilla/5.0 AppleWebKit/537.36 (KHTML, like Gecko; compatible; GPTBot/1.4; +https://openai.com/gptbot)"
216.73.217.123 - - [21/Jul/2026:08:27:54 +0000] "GET /?b=8008114548 HTTP/1.1" 200 98622 "-" "Mozilla/5.0 AppleWebKit/537.36 (KHTML, like Gecko; compatible; ClaudeBot/1.0; +claudebot@anthropic.com)"
216.73.217.123 - - [21/Jul/2026:08:27:54 +0000] "GET /?l=1761337858 HTTP/1.1" 200 98622 "-" "Mozilla/5.0 AppleWebKit/537.36 (KHTML, like Gecko; compatible; ClaudeBot/1.0; +claudebot@anthropic.com)"
74.7.242.45 - - [21/Jul/2026:08:27:55 +0000] "GET /?l=22969167002 HTTP/1.1" 200 98622 "https://globallegacygroup.shop/?l=17613102161" "Mozilla/5.0 AppleWebKit/537.36 (KHTML, like Gecko; compatible; GPTBot/1.4; +https://openai.com/gptbot)"
216.73.217.123 - - [21/Jul/2026:08:27:55 +0000] "GET /?f=4862576143 HTTP/1.1" 200 98622 "-" "Mozilla/5.0 AppleWebKit/537.36 (KHTML, like Gecko; compatible; ClaudeBot/1.0; +claudebot@anthropic.com)"
216.73.217.123 - - [21/Jul/2026:08:27:56 +0000] "GET /?b=8364366434 HTTP/1.1" 200 98622 "-" "Mozilla/5.0 AppleWebKit/537.36 (KHTML, like Gecko; compatible; ClaudeBot/1.0; +claudebot@anthropic.com)"
216.73.217.123 - - [21/Jul/2026:08:27:56 +0000] "GET /?l=22969140541 HTTP/1.1" 200 98622 "-" "Mozilla/5.0 AppleWebKit/537.36 (KHTML, like Gecko; compatible; ClaudeBot/1.0; +claudebot@anthropic.com)"
74.7.242.45 - - [21/Jul/2026:08:27:56 +0000] "GET /?b=8364376797 HTTP/1.1" 200 98622 "https://globallegacygroup.shop/?l=17613244291" "Mozilla/5.0 AppleWebKit/537.36 (KHTML, like Gecko; compatible; GPTBot/1.4; +https://openai.com/gptbot)"
216.73.217.123 - - [21/Jul/2026:08:27:56 +0000] "GET /?r=9829739899 HTTP/1.1" 200 98622 "-" "Mozilla/5.0 AppleWebKit/537.36 (KHTML, like Gecko; compatible; ClaudeBot/1.0; +claudebot@anthropic.com)"
216.73.217.123 - - [21/Jul/2026:08:27:57 +0000] "GET /?f=48625254489 HTTP/1.1" 200 98622 "-" "Mozilla/5.0 AppleWebKit/537.36 (KHTML, like Gecko; compatible; ClaudeBot/1.0; +claudebot@anthropic.com)"
74.7.242.45 - - [21/Jul/2026:08:27:58 +0000] "GET /?l=22969160015 HTTP/1.1" 200 98622 "https://globallegacygroup.shop/?r=98297187506" "Mozilla/5.0 AppleWebKit/537.36 (KHTML, like Gecko; compatible; GPTBot/1.4; +https://openai.com/gptbot)"
216.73.217.123 - - [21/Jul/2026:08:27:58 +0000] "GET /?b=800818444 HTTP/1.1" 200 98622 "-" "Mozilla/5.0 AppleWebKit/537.36 (KHTML, like Gecko; compatible; ClaudeBot/1.0; +claudebot@anthropic.com)"
216.73.217.123 - - [21/Jul/2026:08:27:58 +0000] "GET /?i=34614222437 HTTP/1.1" 200 98622 "-" "Mozilla/5.0 AppleWebKit/537.36 (KHTML, like Gecko; compatible; ClaudeBot/1.0; +claudebot@anthropic.com)"
216.73.217.123 - - [21/Jul/2026:08:27:59 +0000] "GET /?b=8364361939 HTTP/1.1" 200 98622 "-" "Mozilla/5.0 AppleWebKit/537.36 (KHTML, like Gecko; compatible; ClaudeBot/1.0; +claudebot@anthropic.com)"
74.7.242.45 - - [21/Jul/2026:08:28:00 +0000] "GET /?u=57168252190 HTTP/1.1" 200 98622 "https://globallegacygroup.shop/?b=80081233108" "Mozilla/5.0 AppleWebKit/537.36 (KHTML, like Gecko; compatible; GPTBot/1.4; +https://openai.com/gptbot)"
216.73.217.123 - - [21/Jul/2026:08:28:00 +0000] "GET /?r=9829730725 HTTP/1.1" 200 98622 "-" "Mozilla/5.0 AppleWebKit/537.36 (KHTML, like Gecko; compatible; ClaudeBot/1.0; +claudebot@anthropic.com)"
216.73.217.123 - - [21/Jul/2026:08:28:00 +0000] "GET /?r=9829797758 HTTP/1.1" 200 98622 "-" "Mozilla/5.0 AppleWebKit/537.36 (KHTML, like Gecko; compatible; ClaudeBot/1.0; +claudebot@anthropic.com)"
74.7.242.45 - - [21/Jul/2026:08:28:03 +0000] "GET /?v=35875302240 HTTP/1.1" 200 98622 "https://globallegacygroup.shop/?b=83643211389" "Mozilla/5.0 AppleWebKit/537.36 (KHTML, like Gecko; compatible; GPTBot/1.4; +https://openai.com/gptbot)"
216.73.217.123 - - [21/Jul/2026:08:28:03 +0000] "GET /?l=1761397126 HTTP/1.1" 200 98622 "-" "Mozilla/5.0 AppleWebKit/537.36 (KHTML, like Gecko; compatible; ClaudeBot/1.0; +claudebot@anthropic.com)"
216.73.217.123 - - [21/Jul/2026:08:28:03 +0000] "GET /?r=98297203466 HTTP/1.1" 200 98622 "-" "Mozilla/5.0 AppleWebKit/537.36 (KHTML, like Gecko; compatible; ClaudeBot/1.0; +claudebot@anthropic.com)"
216.73.217.123 - - [21/Jul/2026:08:28:04 +0000] "GET /?l=1761372037 HTTP/1.1" 200 98622 "-" "Mozilla/5.0 AppleWebKit/537.36 (KHTML, like Gecko; compatible; ClaudeBot/1.0; +claudebot@anthropic.com)"
74.7.242.45 - - [21/Jul/2026:08:28:05 +0000] "GET /?l=1761325868 HTTP/1.1" 200 98622 "https://globallegacygroup.shop/sitemap316.xml" "Mozilla/5.0 AppleWebKit/537.36 (KHTML, like Gecko; compatible; GPTBot/1.4; +https://openai.com/gptbot)"
216.73.217.123 - - [21/Jul/2026:08:28:05 +0000] "GET /?f=4862577694 HTTP/1.1" 200 98622 "-" "Mozilla/5.0 AppleWebKit/537.36 (KHTML, like Gecko; compatible; ClaudeBot/1.0; +claudebot@anthropic.com)"
216.73.217.123 - - [21/Jul/2026:08:28:06 +0000] "GET /?f=4862594284 HTTP/1.1" 200 98622 "-" "Mozilla/5.0 AppleWebKit/537.36 (KHTML, like Gecko; compatible; ClaudeBot/1.0; +claudebot@anthropic.com)"
216.73.217.123 - - [21/Jul/2026:08:28:06 +0000] "GET /?l=22969240719 HTTP/1.1" 200 98622 "-" "Mozilla/5.0 AppleWebKit/537.36 (KHTML, like Gecko; compatible; ClaudeBot/1.0; +claudebot@anthropic.com)"
74.7.242.45 - - [21/Jul/2026:08:28:07 +0000] "GET /?b=83643136128 HTTP/1.1" 200 98622 "https://globallegacygroup.shop/?b=8008130646" "Mozilla/5.0 AppleWebKit/537.36 (KHTML, like Gecko; compatible; GPTBot/1.4; +https://openai.com/gptbot)"
216.73.217.123 - - [21/Jul/2026:08:28:07 +0000] "GET /?f=48625240191 HTTP/1.1" 200 98622 "-" "Mozilla/5.0 AppleWebKit/537.36 (KHTML, like Gecko; compatible; ClaudeBot/1.0; +claudebot@anthropic.com)"
216.73.217.123 - - [21/Jul/2026:08:28:08 +0000] "GET /?f=4862570727 HTTP/1.1" 200 98622 "-" "Mozilla/5.0 AppleWebKit/537.36 (KHTML, like Gecko; compatible; ClaudeBot/1.0; +claudebot@anthropic.com)"
216.73.217.123 - - [21/Jul/2026:08:28:08 +0000] "GET /?i=346148171 HTTP/1.1" 200 98622 "-" "Mozilla/5.0 AppleWebKit/537.36 (KHTML, like Gecko; compatible; ClaudeBot/1.0; +claudebot@anthropic.com)"
74.7.242.45 - - [21/Jul/2026:08:28:09 +0000] "GET /?i=34614206564 HTTP/1.1" 200 98622 "https://globallegacygroup.shop/?b=8364343611" "Mozilla/5.0 AppleWebKit/537.36 (KHTML, like Gecko; compatible; GPTBot/1.4; +https://openai.com/gptbot)"
216.73.217.123 - - [21/Jul/2026:08:28:09 +0000] "GET /?b=8008146977 HTTP/1.1" 200 98622 "-" "Mozilla/5.0 AppleWebKit/537.36 (KHTML, like Gecko; compatible; ClaudeBot/1.0; +claudebot@anthropic.com)"
216.73.217.123 - - [21/Jul/2026:08:28:10 +0000] "GET /?b=83643231289 HTTP/1.1" 200 98622 "-" "Mozilla/5.0 AppleWebKit/537.36 (KHTML, like Gecko; compatible; ClaudeBot/1.0; +claudebot@anthropic.com)"
216.73.217.123 - - [21/Jul/2026:08:28:10 +0000] "GET /?b=83643190852 HTTP/1.1" 200 98622 "-" "Mozilla/5.0 AppleWebKit/537.36 (KHTML, like Gecko; compatible; ClaudeBot/1.0; +claudebot@anthropic.com)"
74.7.242.45 - - [21/Jul/2026:08:28:10 +0000] "GET /?l=22969139016 HTTP/1.1" 200 98622 "https://globallegacygroup.shop/?u=57168197301" "Mozilla/5.0 AppleWebKit/537.36 (KHTML, like Gecko; compatible; GPTBot/1.4; +https://openai.com/gptbot)"
216.73.217.123 - - [21/Jul/2026:08:28:11 +0000] "GET /?b=8364394504 HTTP/1.1" 200 98622 "-" "Mozilla/5.0 AppleWebKit/537.36 (KHTML, like Gecko; compatible; ClaudeBot/1.0; +claudebot@anthropic.com)"
216.73.217.123 - - [21/Jul/2026:08:28:11 +0000] "GET /?r=9829762825 HTTP/1.1" 200 98622 "-" "Mozilla/5.0 AppleWebKit/537.36 (KHTML, like Gecko; compatible; ClaudeBot/1.0; +claudebot@anthropic.com)"
74.7.242.45 - - [21/Jul/2026:08:28:12 +0000] "GET /?u=5716813315 HTTP/1.1" 200 98622 "https://globallegacygroup.shop/?l=22969183446" "Mozilla/5.0 AppleWebKit/537.36 (KHTML, like Gecko; compatible; GPTBot/1.4; +https://openai.com/gptbot)"
216.73.217.123 - - [21/Jul/2026:08:28:12 +0000] "GET /?b=83643260362 HTTP/1.1" 200 98622 "-" "Mozilla/5.0 AppleWebKit/537.36 (KHTML, like Gecko; compatible; ClaudeBot/1.0; +claudebot@anthropic.com)"
216.73.217.123 - - [21/Jul/2026:08:28:12 +0000] "GET /?f=48625112189 HTTP/1.1" 200 98622 "-" "Mozilla/5.0 AppleWebKit/537.36 (KHTML, like Gecko; compatible; ClaudeBot/1.0; +claudebot@anthropic.com)"
216.73.217.123 - - [21/Jul/2026:08:28:13 +0000] "GET /?r=9829748648 HTTP/1.1" 200 98622 "-" "Mozilla/5.0 AppleWebKit/537.36 (KHTML, like Gecko; compatible; ClaudeBot/1.0; +claudebot@anthropic.com)"
74.7.242.45 - - [21/Jul/2026:08:28:14 +0000] "GET /?b=8364386427 HTTP/1.1" 200 98622 "https://globallegacygroup.shop/?b=80081294237" "Mozilla/5.0 AppleWebKit/537.36 (KHTML, like Gecko; compatible; GPTBot/1.4; +https://openai.com/gptbot)"
216.73.217.123 - - [21/Jul/2026:08:28:14 +0000] "GET /?i=3461481633 HTTP/1.1" 200 98622 "-" "Mozilla/5.0 AppleWebKit/537.36 (KHTML, like Gecko; compatible; ClaudeBot/1.0; +claudebot@anthropic.com)"
216.73.217.123 - - [21/Jul/2026:08:28:14 +0000] "GET /?f=48625130480 HTTP/1.1" 200 98622 "-" "Mozilla/5.0 AppleWebKit/537.36 (KHTML, like Gecko; compatible; ClaudeBot/1.0; +claudebot@anthropic.com)"
216.73.217.123 - - [21/Jul/2026:08:28:16 +0000] "GET /?b=83643145945 HTTP/1.1" 200 98622 "-" "Mozilla/5.0 AppleWebKit/537.36 (KHTML, like Gecko; compatible; ClaudeBot/1.0; +claudebot@anthropic.com)"
216.73.217.123 - - [21/Jul/2026:08:28:17 +0000] "GET /?b=83643231670 HTTP/1.1" 200 98622 "-" "Mozilla/5.0 AppleWebKit/537.36 (KHTML, like Gecko; compatible; ClaudeBot/1.0; +claudebot@anthropic.com)"
74.7.242.45 - - [21/Jul/2026:08:28:16 +0000] "GET /?l=1761392410 HTTP/1.1" 200 98622 "https://globallegacygroup.shop/?b=8008163023" "Mozilla/5.0 AppleWebKit/537.36 (KHTML, like Gecko; compatible; GPTBot/1.4; +https://openai.com/gptbot)"
216.73.217.123 - - [21/Jul/2026:08:28:17 +0000] "GET /?b=83643219745 HTTP/1.1" 200 98622 "-" "Mozilla/5.0 AppleWebKit/537.36 (KHTML, like Gecko; compatible; ClaudeBot/1.0; +claudebot@anthropic.com)"
216.73.217.123 - - [21/Jul/2026:08:28:18 +0000] "GET /?b=80081229804 HTTP/1.1" 200 98622 "-" "Mozilla/5.0 AppleWebKit/537.36 (KHTML, like Gecko; compatible; ClaudeBot/1.0; +claudebot@anthropic.com)"
216.73.217.123 - - [21/Jul/2026:08:28:19 +0000] "GET /?l=1761374167 HTTP/1.1" 200 98622 "-" "Mozilla/5.0 AppleWebKit/537.36 (KHTML, like Gecko; compatible; ClaudeBot/1.0; +claudebot@anthropic.com)"
74.7.242.45 - - [21/Jul/2026:08:28:19 +0000] "GET /?u=57168284178 HTTP/1.1" 200 98622 "https://globallegacygroup.shop/?f=48625136365" "Mozilla/5.0 AppleWebKit/537.36 (KHTML, like Gecko; compatible; GPTBot/1.4; +https://openai.com/gptbot)"
216.73.217.123 - - [21/Jul/2026:08:28:20 +0000] "GET /?w=461725947 HTTP/1.1" 404 83591 "-" "Mozilla/5.0 AppleWebKit/537.36 (KHTML, like Gecko; compatible; ClaudeBot/1.0; +claudebot@anthropic.com)"
209.127.35.109 - - [21/Jul/2026:08:28:21 +0000] "POST /wp-login.php HTTP/1.1" 503 18040 "-" "Mozilla/5.0 (Macintosh; Intel Mac OS X 10_15_7) AppleWebKit/605.1.15 Version/17.0 Safari/605.1.15"
198.177.124.148 - - [21/Jul/2026:08:28:22 +0000] "POST /?wordfence_syncAttackData=1784622502.4451 HTTP/1.1" 200 - "-" "WordPress/7.0.2; https://globallegacygroup.shop"
216.73.217.123 - - [21/Jul/2026:08:28:21 +0000] "GET /?r=9829739700 HTTP/1.1" 200 98622 "-" "Mozilla/5.0 AppleWebKit/537.36 (KHTML, like Gecko; compatible; ClaudeBot/1.0; +claudebot@anthropic.com)"
74.7.242.45 - - [21/Jul/2026:08:28:21 +0000] "GET /?r=98297146274 HTTP/1.1" 200 98622 "https://globallegacygroup.shop/?i=34614129648" "Mozilla/5.0 AppleWebKit/537.36 (KHTML, like Gecko; compatible; GPTBot/1.4; +https://openai.com/gptbot)"
198.177.124.148 - - [21/Jul/2026:08:28:22 +0000] "POST /?wordfence_syncAttackData=1784622502.3998 HTTP/1.1" 200 98622 "-" "WordPress/7.0.2; https://globallegacygroup.shop"
198.177.124.148 - - [21/Jul/2026:08:28:22 +0000] "POST /?wordfence_syncAttackData=1784622502.6817 HTTP/1.1" 200 98622 "-" "WordPress/7.0.2; https://globallegacygroup.shop"
216.73.217.123 - - [21/Jul/2026:08:28:21 +0000] "GET /?r=98297258987 HTTP/1.1" 200 98622 "-" "Mozilla/5.0 AppleWebKit/537.36 (KHTML, like Gecko; compatible; ClaudeBot/1.0; +claudebot@anthropic.com)"
198.177.124.148 - - [21/Jul/2026:08:28:22 +0000] "POST /?wordfence_syncAttackData=1784622502.9013 HTTP/1.1" 200 98622 "-" "WordPress/7.0.2; https://globallegacygroup.shop"
216.73.217.123 - - [21/Jul/2026:08:28:21 +0000] "GET /?i=3461412466 HTTP/1.1" 200 98622 "-" "Mozilla/5.0 AppleWebKit/537.36 (KHTML, like Gecko; compatible; ClaudeBot/1.0; +claudebot@anthropic.com)"
74.7.242.45 - - [21/Jul/2026:08:28:24 +0000] "GET /?f=48625275874 HTTP/1.1" 200 98622 "https://globallegacygroup.shop/?w=4617275189" "Mozilla/5.0 AppleWebKit/537.36 (KHTML, like Gecko; compatible; GPTBot/1.4; +https://openai.com/gptbot)"
216.73.217.123 - - [21/Jul/2026:08:28:24 +0000] "GET /?f=48625134441 HTTP/1.1" 200 98622 "-" "Mozilla/5.0 AppleWebKit/537.36 (KHTML, like Gecko; compatible; ClaudeBot/1.0; +claudebot@anthropic.com)"
