216.73.217.123 - - [21/Jul/2026:08:28:25 +0000] "GET /?r=98297201953 HTTP/1.1" 200 98622 "-" "Mozilla/5.0 AppleWebKit/537.36 (KHTML, like Gecko; compatible; ClaudeBot/1.0; +claudebot@anthropic.com)"
216.73.217.123 - - [21/Jul/2026:08:28:25 +0000] "GET /?f=4862520305 HTTP/1.1" 200 98622 "-" "Mozilla/5.0 AppleWebKit/537.36 (KHTML, like Gecko; compatible; ClaudeBot/1.0; +claudebot@anthropic.com)"
216.73.217.123 - - [21/Jul/2026:08:28:26 +0000] "GET /?l=1761310019 HTTP/1.1" 200 98622 "-" "Mozilla/5.0 AppleWebKit/537.36 (KHTML, like Gecko; compatible; ClaudeBot/1.0; +claudebot@anthropic.com)"
74.7.242.45 - - [21/Jul/2026:08:28:26 +0000] "GET /?b=80081285648 HTTP/1.1" 200 98622 "https://globallegacygroup.shop/?b=8008123940" "Mozilla/5.0 AppleWebKit/537.36 (KHTML, like Gecko; compatible; GPTBot/1.4; +https://openai.com/gptbot)"
216.73.217.123 - - [21/Jul/2026:08:28:28 +0000] "GET /?l=22969276922 HTTP/1.1" 200 98622 "-" "Mozilla/5.0 AppleWebKit/537.36 (KHTML, like Gecko; compatible; ClaudeBot/1.0; +claudebot@anthropic.com)"
216.73.217.123 - - [21/Jul/2026:08:28:28 +0000] "GET /?b=80081296337 HTTP/1.1" 200 98622 "-" "Mozilla/5.0 AppleWebKit/537.36 (KHTML, like Gecko; compatible; ClaudeBot/1.0; +claudebot@anthropic.com)"
216.73.217.123 - - [21/Jul/2026:08:28:28 +0000] "GET /?l=22969150370 HTTP/1.1" 200 98622 "-" "Mozilla/5.0 AppleWebKit/537.36 (KHTML, like Gecko; compatible; ClaudeBot/1.0; +claudebot@anthropic.com)"
74.7.242.45 - - [21/Jul/2026:08:28:28 +0000] "GET /?b=8364328273 HTTP/1.1" 200 98622 "https://globallegacygroup.shop/?u=57168180383" "Mozilla/5.0 AppleWebKit/537.36 (KHTML, like Gecko; compatible; GPTBot/1.4; +https://openai.com/gptbot)"
216.73.217.123 - - [21/Jul/2026:08:28:30 +0000] "GET /?b=8364335193 HTTP/1.1" 200 98622 "-" "Mozilla/5.0 AppleWebKit/537.36 (KHTML, like Gecko; compatible; ClaudeBot/1.0; +claudebot@anthropic.com)"
216.73.217.123 - - [21/Jul/2026:08:28:30 +0000] "GET /?l=17613270652 HTTP/1.1" 200 98622 "-" "Mozilla/5.0 AppleWebKit/537.36 (KHTML, like Gecko; compatible; ClaudeBot/1.0; +claudebot@anthropic.com)"
74.7.242.45 - - [21/Jul/2026:08:28:30 +0000] "GET /?l=17613220570 HTTP/1.1" 200 98622 "https://globallegacygroup.shop/?u=57168239208" "Mozilla/5.0 AppleWebKit/537.36 (KHTML, like Gecko; compatible; GPTBot/1.4; +https://openai.com/gptbot)"
216.73.217.123 - - [21/Jul/2026:08:28:30 +0000] "GET /?r=98297242170 HTTP/1.1" 200 98622 "-" "Mozilla/5.0 AppleWebKit/537.36 (KHTML, like Gecko; compatible; ClaudeBot/1.0; +claudebot@anthropic.com)"
216.144.245.71 - - [21/Jul/2026:08:28:32 +0000] "POST /wp-login.php HTTP/1.1" 503 18040 "-" "Mozilla/5.0"
216.73.217.123 - - [21/Jul/2026:08:28:31 +0000] "GET /?l=1761322370 HTTP/1.1" 200 98622 "-" "Mozilla/5.0 AppleWebKit/537.36 (KHTML, like Gecko; compatible; ClaudeBot/1.0; +claudebot@anthropic.com)"
198.177.124.148 - - [21/Jul/2026:08:28:35 +0000] "POST /wp-cron.php?doing_wp_cron=1784622515.7496550083160400390625 HTTP/1.1" 200 - "-" "WordPress/7.0.2; https://globallegacygroup.shop"
198.177.124.148 - - [21/Jul/2026:08:28:33 +0000] "POST /?wordfence_syncAttackData=1784622513.8338 HTTP/1.1" 200 - "-" "WordPress/7.0.2; https://globallegacygroup.shop"
74.7.242.45 - - [21/Jul/2026:08:28:32 +0000] "GET /?r=98297226234 HTTP/1.1" 200 98622 "https://globallegacygroup.shop/?u=57168137110" "Mozilla/5.0 AppleWebKit/537.36 (KHTML, like Gecko; compatible; GPTBot/1.4; +https://openai.com/gptbot)"
216.73.217.123 - - [21/Jul/2026:08:28:32 +0000] "GET /?b=8008155180 HTTP/1.1" 200 98622 "-" "Mozilla/5.0 AppleWebKit/537.36 (KHTML, like Gecko; compatible; ClaudeBot/1.0; +claudebot@anthropic.com)"
198.177.124.148 - - [21/Jul/2026:08:28:34 +0000] "POST /?wordfence_syncAttackData=1784622514.0069 HTTP/1.1" 200 98622 "-" "WordPress/7.0.2; https://globallegacygroup.shop"
216.73.217.123 - - [21/Jul/2026:08:28:32 +0000] "GET /?f=4862511088 HTTP/1.1" 200 98622 "-" "Mozilla/5.0 AppleWebKit/537.36 (KHTML, like Gecko; compatible; ClaudeBot/1.0; +claudebot@anthropic.com)"
198.177.124.148 - - [21/Jul/2026:08:28:34 +0000] "POST /?wordfence_syncAttackData=1784622514.1729 HTTP/1.1" 200 98622 "-" "WordPress/7.0.2; https://globallegacygroup.shop"
216.73.217.123 - - [21/Jul/2026:08:28:33 +0000] "GET /?r=9829730660 HTTP/1.1" 200 98622 "-" "Mozilla/5.0 AppleWebKit/537.36 (KHTML, like Gecko; compatible; ClaudeBot/1.0; +claudebot@anthropic.com)"
74.7.242.45 - - [21/Jul/2026:08:28:36 +0000] "GET /?l=17613124074 HTTP/1.1" 200 98622 "https://globallegacygroup.shop/?b=80081242676" "Mozilla/5.0 AppleWebKit/537.36 (KHTML, like Gecko; compatible; GPTBot/1.4; +https://openai.com/gptbot)"
216.73.217.123 - - [21/Jul/2026:08:28:36 +0000] "GET /?b=8364340444 HTTP/1.1" 200 98622 "-" "Mozilla/5.0 AppleWebKit/537.36 (KHTML, like Gecko; compatible; ClaudeBot/1.0; +claudebot@anthropic.com)"
216.73.217.123 - - [21/Jul/2026:08:28:36 +0000] "GET /?l=1761322688 HTTP/1.1" 200 98622 "-" "Mozilla/5.0 AppleWebKit/537.36 (KHTML, like Gecko; compatible; ClaudeBot/1.0; +claudebot@anthropic.com)"
216.73.217.123 - - [21/Jul/2026:08:28:37 +0000] "GET /?f=4862549771 HTTP/1.1" 200 98622 "-" "Mozilla/5.0 AppleWebKit/537.36 (KHTML, like Gecko; compatible; ClaudeBot/1.0; +claudebot@anthropic.com)"
216.73.217.123 - - [21/Jul/2026:08:28:39 +0000] "GET /?l=22969235696 HTTP/1.1" 200 98622 "-" "Mozilla/5.0 AppleWebKit/537.36 (KHTML, like Gecko; compatible; ClaudeBot/1.0; +claudebot@anthropic.com)"
74.7.242.45 - - [21/Jul/2026:08:28:38 +0000] "GET /?v=35875142204 HTTP/1.1" 200 98622 "https://globallegacygroup.shop/?u=57168178160" "Mozilla/5.0 AppleWebKit/537.36 (KHTML, like Gecko; compatible; GPTBot/1.4; +https://openai.com/gptbot)"
216.73.217.123 - - [21/Jul/2026:08:28:39 +0000] "GET /?r=9829719616 HTTP/1.1" 200 98622 "-" "Mozilla/5.0 AppleWebKit/537.36 (KHTML, like Gecko; compatible; ClaudeBot/1.0; +claudebot@anthropic.com)"
216.73.217.123 - - [21/Jul/2026:08:28:39 +0000] "GET /?l=17613187909 HTTP/1.1" 200 98622 "-" "Mozilla/5.0 AppleWebKit/537.36 (KHTML, like Gecko; compatible; ClaudeBot/1.0; +claudebot@anthropic.com)"
74.7.242.45 - - [21/Jul/2026:08:28:41 +0000] "GET /?w=46172260404 HTTP/1.1" 404 83591 "https://globallegacygroup.shop/?r=9829755779" "Mozilla/5.0 AppleWebKit/537.36 (KHTML, like Gecko; compatible; GPTBot/1.4; +https://openai.com/gptbot)"
216.73.217.123 - - [21/Jul/2026:08:28:42 +0000] "GET /?b=8008157073 HTTP/1.1" 200 98622 "-" "Mozilla/5.0 AppleWebKit/537.36 (KHTML, like Gecko; compatible; ClaudeBot/1.0; +claudebot@anthropic.com)"
216.73.217.123 - - [21/Jul/2026:08:28:41 +0000] "GET /?b=80081280804 HTTP/1.1" 200 98622 "-" "Mozilla/5.0 AppleWebKit/537.36 (KHTML, like Gecko; compatible; ClaudeBot/1.0; +claudebot@anthropic.com)"
216.73.217.123 - - [21/Jul/2026:08:28:42 +0000] "GET /?l=22969274883 HTTP/1.1" 200 98622 "-" "Mozilla/5.0 AppleWebKit/537.36 (KHTML, like Gecko; compatible; ClaudeBot/1.0; +claudebot@anthropic.com)"
74.7.242.45 - - [21/Jul/2026:08:28:43 +0000] "GET /?r=98297157519 HTTP/1.1" 200 98622 "https://globallegacygroup.shop/?l=17613102492" "Mozilla/5.0 AppleWebKit/537.36 (KHTML, like Gecko; compatible; GPTBot/1.4; +https://openai.com/gptbot)"
216.73.217.123 - - [21/Jul/2026:08:28:43 +0000] "GET /?b=8364391818 HTTP/1.1" 200 98622 "-" "Mozilla/5.0 AppleWebKit/537.36 (KHTML, like Gecko; compatible; ClaudeBot/1.0; +claudebot@anthropic.com)"
216.73.217.123 - - [21/Jul/2026:08:28:44 +0000] "GET /?r=9829734981 HTTP/1.1" 200 98622 "-" "Mozilla/5.0 AppleWebKit/537.36 (KHTML, like Gecko; compatible; ClaudeBot/1.0; +claudebot@anthropic.com)"
216.73.217.123 - - [21/Jul/2026:08:28:44 +0000] "GET /?r=9829735616 HTTP/1.1" 200 98622 "-" "Mozilla/5.0 AppleWebKit/537.36 (KHTML, like Gecko; compatible; ClaudeBot/1.0; +claudebot@anthropic.com)"
74.7.242.45 - - [21/Jul/2026:08:28:44 +0000] "GET /?f=4862594822 HTTP/1.1" 200 98622 "https://globallegacygroup.shop/?i=34614124918" "Mozilla/5.0 AppleWebKit/537.36 (KHTML, like Gecko; compatible; GPTBot/1.4; +https://openai.com/gptbot)"
216.73.217.123 - - [21/Jul/2026:08:28:45 +0000] "GET /?b=8008171841 HTTP/1.1" 200 98622 "-" "Mozilla/5.0 AppleWebKit/537.36 (KHTML, like Gecko; compatible; ClaudeBot/1.0; +claudebot@anthropic.com)"
216.73.217.123 - - [21/Jul/2026:08:28:45 +0000] "GET /?f=48625133979 HTTP/1.1" 200 98622 "-" "Mozilla/5.0 AppleWebKit/537.36 (KHTML, like Gecko; compatible; ClaudeBot/1.0; +claudebot@anthropic.com)"
216.73.217.123 - - [21/Jul/2026:08:28:46 +0000] "GET /?l=22969277585 HTTP/1.1" 200 98622 "-" "Mozilla/5.0 AppleWebKit/537.36 (KHTML, like Gecko; compatible; ClaudeBot/1.0; +claudebot@anthropic.com)"
74.7.242.45 - - [21/Jul/2026:08:28:47 +0000] "GET /?b=83643121771 HTTP/1.1" 200 98622 "https://globallegacygroup.shop/?l=2296987748" "Mozilla/5.0 AppleWebKit/537.36 (KHTML, like Gecko; compatible; GPTBot/1.4; +https://openai.com/gptbot)"
216.73.217.123 - - [21/Jul/2026:08:28:47 +0000] "GET /?f=48625238673 HTTP/1.1" 200 98622 "-" "Mozilla/5.0 AppleWebKit/537.36 (KHTML, like Gecko; compatible; ClaudeBot/1.0; +claudebot@anthropic.com)"
216.73.217.123 - - [21/Jul/2026:08:28:48 +0000] "GET /?l=22969206464 HTTP/1.1" 200 98622 "-" "Mozilla/5.0 AppleWebKit/537.36 (KHTML, like Gecko; compatible; ClaudeBot/1.0; +claudebot@anthropic.com)"
216.73.217.123 - - [21/Jul/2026:08:28:48 +0000] "GET /?r=9829796896 HTTP/1.1" 200 98622 "-" "Mozilla/5.0 AppleWebKit/537.36 (KHTML, like Gecko; compatible; ClaudeBot/1.0; +claudebot@anthropic.com)"
74.7.242.45 - - [21/Jul/2026:08:28:48 +0000] "GET /?v=3587523136 HTTP/1.1" 200 98622 "https://globallegacygroup.shop/?w=46172110425" "Mozilla/5.0 AppleWebKit/537.36 (KHTML, like Gecko; compatible; GPTBot/1.4; +https://openai.com/gptbot)"
216.73.217.123 - - [21/Jul/2026:08:28:49 +0000] "GET /?l=2296987514 HTTP/1.1" 200 98622 "-" "Mozilla/5.0 AppleWebKit/537.36 (KHTML, like Gecko; compatible; ClaudeBot/1.0; +claudebot@anthropic.com)"
216.73.217.123 - - [21/Jul/2026:08:28:50 +0000] "GET /?r=9829723797 HTTP/1.1" 200 98622 "-" "Mozilla/5.0 AppleWebKit/537.36 (KHTML, like Gecko; compatible; ClaudeBot/1.0; +claudebot@anthropic.com)"
74.7.242.45 - - [21/Jul/2026:08:28:50 +0000] "GET /?r=98297236389 HTTP/1.1" 200 98622 "https://globallegacygroup.shop/?i=34614208514" "Mozilla/5.0 AppleWebKit/537.36 (KHTML, like Gecko; compatible; GPTBot/1.4; +https://openai.com/gptbot)"
216.73.217.123 - - [21/Jul/2026:08:28:50 +0000] "GET /?r=98297207424 HTTP/1.1" 200 98622 "-" "Mozilla/5.0 AppleWebKit/537.36 (KHTML, like Gecko; compatible; ClaudeBot/1.0; +claudebot@anthropic.com)"
216.73.217.123 - - [21/Jul/2026:08:28:51 +0000] "GET /?b=8364361070 HTTP/1.1" 200 98622 "-" "Mozilla/5.0 AppleWebKit/537.36 (KHTML, like Gecko; compatible; ClaudeBot/1.0; +claudebot@anthropic.com)"
74.7.242.45 - - [21/Jul/2026:08:28:51 +0000] "GET /?w=4617226775 HTTP/1.1" 404 83591 "https://globallegacygroup.shop/?v=35875176383" "Mozilla/5.0 AppleWebKit/537.36 (KHTML, like Gecko; compatible; GPTBot/1.4; +https://openai.com/gptbot)"
216.73.217.123 - - [21/Jul/2026:08:28:52 +0000] "GET /?l=176136422 HTTP/1.1" 200 98622 "-" "Mozilla/5.0 AppleWebKit/537.36 (KHTML, like Gecko; compatible; ClaudeBot/1.0; +claudebot@anthropic.com)"
216.73.217.123 - - [21/Jul/2026:08:28:52 +0000] "GET /?l=22969117153 HTTP/1.1" 200 98622 "-" "Mozilla/5.0 AppleWebKit/537.36 (KHTML, like Gecko; compatible; ClaudeBot/1.0; +claudebot@anthropic.com)"
216.73.217.123 - - [21/Jul/2026:08:28:52 +0000] "GET /?f=48625124228 HTTP/1.1" 200 98622 "-" "Mozilla/5.0 AppleWebKit/537.36 (KHTML, like Gecko; compatible; ClaudeBot/1.0; +claudebot@anthropic.com)"
74.7.242.45 - - [21/Jul/2026:08:28:52 +0000] "GET /?b=83643114540 HTTP/1.1" 200 98622 "https://globallegacygroup.shop/?r=98297285416" "Mozilla/5.0 AppleWebKit/537.36 (KHTML, like Gecko; compatible; GPTBot/1.4; +https://openai.com/gptbot)"
216.73.217.123 - - [21/Jul/2026:08:28:53 +0000] "GET /?l=22969221635 HTTP/1.1" 200 98622 "-" "Mozilla/5.0 AppleWebKit/537.36 (KHTML, like Gecko; compatible; ClaudeBot/1.0; +claudebot@anthropic.com)"
216.73.217.123 - - [21/Jul/2026:08:28:53 +0000] "GET /?l=22969100582 HTTP/1.1" 200 98622 "-" "Mozilla/5.0 AppleWebKit/537.36 (KHTML, like Gecko; compatible; ClaudeBot/1.0; +claudebot@anthropic.com)"
216.73.217.123 - - [21/Jul/2026:08:28:54 +0000] "GET /?r=9829773640 HTTP/1.1" 200 98622 "-" "Mozilla/5.0 AppleWebKit/537.36 (KHTML, like Gecko; compatible; ClaudeBot/1.0; +claudebot@anthropic.com)"
74.7.242.45 - - [21/Jul/2026:08:28:54 +0000] "GET /?f=48625110575 HTTP/1.1" 200 98622 "https://globallegacygroup.shop/?b=8364369227" "Mozilla/5.0 AppleWebKit/537.36 (KHTML, like Gecko; compatible; GPTBot/1.4; +https://openai.com/gptbot)"
216.73.217.123 - - [21/Jul/2026:08:28:55 +0000] "GET /?f=4862570635 HTTP/1.1" 200 98622 "-" "Mozilla/5.0 AppleWebKit/537.36 (KHTML, like Gecko; compatible; ClaudeBot/1.0; +claudebot@anthropic.com)"
216.73.217.123 - - [21/Jul/2026:08:28:55 +0000] "GET /?w=461729692 HTTP/1.1" 404 83591 "-" "Mozilla/5.0 AppleWebKit/537.36 (KHTML, like Gecko; compatible; ClaudeBot/1.0; +claudebot@anthropic.com)"
74.7.242.45 - - [21/Jul/2026:08:28:55 +0000] "GET /?i=34614103049 HTTP/1.1" 200 98622 "https://globallegacygroup.shop/?b=83643129928" "Mozilla/5.0 AppleWebKit/537.36 (KHTML, like Gecko; compatible; GPTBot/1.4; +https://openai.com/gptbot)"
216.73.217.123 - - [21/Jul/2026:08:28:55 +0000] "GET /?r=9829735335 HTTP/1.1" 200 98622 "-" "Mozilla/5.0 AppleWebKit/537.36 (KHTML, like Gecko; compatible; ClaudeBot/1.0; +claudebot@anthropic.com)"
216.73.217.123 - - [21/Jul/2026:08:28:56 +0000] "GET /?i=3461447296 HTTP/1.1" 200 98622 "-" "Mozilla/5.0 AppleWebKit/537.36 (KHTML, like Gecko; compatible; ClaudeBot/1.0; +claudebot@anthropic.com)"
216.73.217.123 - - [21/Jul/2026:08:28:56 +0000] "GET /?b=83643264935 HTTP/1.1" 200 98622 "-" "Mozilla/5.0 AppleWebKit/537.36 (KHTML, like Gecko; compatible; ClaudeBot/1.0; +claudebot@anthropic.com)"
74.7.242.45 - - [21/Jul/2026:08:28:57 +0000] "GET /?l=22969251586 HTTP/1.1" 200 98622 "https://globallegacygroup.shop/?l=22969246683" "Mozilla/5.0 AppleWebKit/537.36 (KHTML, like Gecko; compatible; GPTBot/1.4; +https://openai.com/gptbot)"
216.73.217.123 - - [21/Jul/2026:08:28:57 +0000] "GET /?l=22969280161 HTTP/1.1" 200 98622 "-" "Mozilla/5.0 AppleWebKit/537.36 (KHTML, like Gecko; compatible; ClaudeBot/1.0; +claudebot@anthropic.com)"
216.73.217.123 - - [21/Jul/2026:08:28:57 +0000] "GET /?w=4617246013 HTTP/1.1" 404 83591 "-" "Mozilla/5.0 AppleWebKit/537.36 (KHTML, like Gecko; compatible; ClaudeBot/1.0; +claudebot@anthropic.com)"
216.73.217.123 - - [21/Jul/2026:08:28:58 +0000] "GET /?l=22969272985 HTTP/1.1" 200 98622 "-" "Mozilla/5.0 AppleWebKit/537.36 (KHTML, like Gecko; compatible; ClaudeBot/1.0; +claudebot@anthropic.com)"
74.7.242.45 - - [21/Jul/2026:08:28:59 +0000] "GET /?i=34614251410 HTTP/1.1" 200 98622 "https://globallegacygroup.shop/?b=80081295881" "Mozilla/5.0 AppleWebKit/537.36 (KHTML, like Gecko; compatible; GPTBot/1.4; +https://openai.com/gptbot)"
209.127.35.109 - - [21/Jul/2026:08:29:00 +0000] "POST /wp-login.php HTTP/1.1" 503 18040 "-" "Mozilla/5.0 (Macintosh; Intel Mac OS X 10_15_7) AppleWebKit/605.1.15 Version/17.0 Safari/605.1.15"
216.73.217.123 - - [21/Jul/2026:08:28:59 +0000] "GET /?b=83643223483 HTTP/1.1" 200 98622 "-" "Mozilla/5.0 AppleWebKit/537.36 (KHTML, like Gecko; compatible; ClaudeBot/1.0; +claudebot@anthropic.com)"
198.177.124.148 - - [21/Jul/2026:08:29:01 +0000] "POST /?wordfence_syncAttackData=1784622541.8035 HTTP/1.1" 200 - "-" "WordPress/7.0.2; https://globallegacygroup.shop"
216.73.217.123 - - [21/Jul/2026:08:29:00 +0000] "GET /?f=48625168041 HTTP/1.1" 200 98622 "-" "Mozilla/5.0 AppleWebKit/537.36 (KHTML, like Gecko; compatible; ClaudeBot/1.0; +claudebot@anthropic.com)"
74.7.242.45 - - [21/Jul/2026:08:29:01 +0000] "GET /?v=3587554413 HTTP/1.1" 200 98622 "https://globallegacygroup.shop/?f=48625238989" "Mozilla/5.0 AppleWebKit/537.36 (KHTML, like Gecko; compatible; GPTBot/1.4; +https://openai.com/gptbot)"
198.177.124.148 - - [21/Jul/2026:08:29:02 +0000] "POST /?wordfence_syncAttackData=1784622542.2286 HTTP/1.1" 200 98622 "-" "WordPress/7.0.2; https://globallegacygroup.shop"
216.73.217.123 - - [21/Jul/2026:08:29:00 +0000] "GET /?l=22969165872 HTTP/1.1" 200 98622 "-" "Mozilla/5.0 AppleWebKit/537.36 (KHTML, like Gecko; compatible; ClaudeBot/1.0; +claudebot@anthropic.com)"
216.73.217.123 - - [21/Jul/2026:08:29:02 +0000] "GET /?l=22969128775 HTTP/1.1" 200 98622 "-" "Mozilla/5.0 AppleWebKit/537.36 (KHTML, like Gecko; compatible; ClaudeBot/1.0; +claudebot@anthropic.com)"
216.73.217.123 - - [21/Jul/2026:08:29:04 +0000] "GET /?i=34614215529 HTTP/1.1" 200 98622 "-" "Mozilla/5.0 AppleWebKit/537.36 (KHTML, like Gecko; compatible; ClaudeBot/1.0; +claudebot@anthropic.com)"
74.7.242.45 - - [21/Jul/2026:08:29:04 +0000] "GET /?r=9829730439 HTTP/1.1" 200 98622 "https://globallegacygroup.shop/?b=83643181963" "Mozilla/5.0 AppleWebKit/537.36 (KHTML, like Gecko; compatible; GPTBot/1.4; +https://openai.com/gptbot)"
104.105.80.153 - - [21/Jul/2026:08:29:05 +0000] "GET /wp-login.php HTTP/1.1" 200 5336 "-" "Mozilla/5.0 (X11; Linux x86_64) AppleWebKit/537.36 (KHTML, like Gecko) Chrome/123.0.0.0 Safari/537.36"
216.73.217.123 - - [21/Jul/2026:08:29:04 +0000] "GET /?l=2296928492 HTTP/1.1" 200 98622 "-" "Mozilla/5.0 AppleWebKit/537.36 (KHTML, like Gecko; compatible; ClaudeBot/1.0; +claudebot@anthropic.com)"
216.73.217.123 - - [21/Jul/2026:08:29:05 +0000] "GET /?b=8008184933 HTTP/1.1" 200 98622 "-" "Mozilla/5.0 AppleWebKit/537.36 (KHTML, like Gecko; compatible; ClaudeBot/1.0; +claudebot@anthropic.com)"
74.7.242.45 - - [21/Jul/2026:08:29:08 +0000] "GET /?f=4862554962 HTTP/1.1" 200 98622 "https://globallegacygroup.shop/?l=1761367712" "Mozilla/5.0 AppleWebKit/537.36 (KHTML, like Gecko; compatible; GPTBot/1.4; +https://openai.com/gptbot)"
216.73.217.123 - - [21/Jul/2026:08:29:08 +0000] "GET /?b=80081229969 HTTP/1.1" 200 98622 "-" "Mozilla/5.0 AppleWebKit/537.36 (KHTML, like Gecko; compatible; ClaudeBot/1.0; +claudebot@anthropic.com)"
104.105.80.153 - - [21/Jul/2026:08:29:10 +0000] "GET /?author=1 HTTP/1.1" 404 80000 "-" "Mozilla/5.0 (Windows NT 11.0; Win64; x64) AppleWebKit/537.36 (KHTML, like Gecko) Chrome/125.0.0.0 Safari/537.36 Edg/125.0.0.0"
216.73.217.123 - - [21/Jul/2026:08:29:10 +0000] "GET /?f=48625255247 HTTP/1.1" 200 98622 "-" "Mozilla/5.0 AppleWebKit/537.36 (KHTML, like Gecko; compatible; ClaudeBot/1.0; +claudebot@anthropic.com)"
216.73.217.123 - - [21/Jul/2026:08:29:11 +0000] "GET /?b=8364394088 HTTP/1.1" 200 98622 "-" "Mozilla/5.0 AppleWebKit/537.36 (KHTML, like Gecko; compatible; ClaudeBot/1.0; +claudebot@anthropic.com)"
74.7.242.45 - - [21/Jul/2026:08:29:15 +0000] "GET /?i=34614267560 HTTP/1.1" 200 98622 "https://globallegacygroup.shop/?u=57168153942" "Mozilla/5.0 AppleWebKit/537.36 (KHTML, like Gecko; compatible; GPTBot/1.4; +https://openai.com/gptbot)"
216.73.217.123 - - [21/Jul/2026:08:29:15 +0000] "GET /?l=17613139579 HTTP/1.1" 200 98622 "-" "Mozilla/5.0 AppleWebKit/537.36 (KHTML, like Gecko; compatible; ClaudeBot/1.0; +claudebot@anthropic.com)"
216.73.217.123 - - [21/Jul/2026:08:29:16 +0000] "GET /?f=48625163373 HTTP/1.1" 200 98622 "-" "Mozilla/5.0 AppleWebKit/537.36 (KHTML, like Gecko; compatible; ClaudeBot/1.0; +claudebot@anthropic.com)"
104.105.80.153 - - [21/Jul/2026:08:29:16 +0000] "GET /?rest_route=/wp/v2/users HTTP/1.1" 401 108 "-" "Mozilla/5.0 (X11; Linux x86_64; rv:125.0) Gecko/20100101 Firefox/125.0"
216.73.217.123 - - [21/Jul/2026:08:29:17 +0000] "GET /?l=1761389057 HTTP/1.1" 200 98622 "-" "Mozilla/5.0 AppleWebKit/537.36 (KHTML, like Gecko; compatible; ClaudeBot/1.0; +claudebot@anthropic.com)"
74.7.242.45 - - [21/Jul/2026:08:29:18 +0000] "GET /?b=83643272202 HTTP/1.1" 200 98622 "https://globallegacygroup.shop/?l=22969269680" "Mozilla/5.0 AppleWebKit/537.36 (KHTML, like Gecko; compatible; GPTBot/1.4; +https://openai.com/gptbot)"
104.105.80.153 - - [21/Jul/2026:08:29:19 +0000] "GET /feed HTTP/1.1" 301 - "-" "Mozilla/5.0 (X11; Linux x86_64) AppleWebKit/537.36 (KHTML, like Gecko) Chrome/124.0.0.0 Safari/537.36"
216.73.217.123 - - [21/Jul/2026:08:29:18 +0000] "GET /?b=80081245952 HTTP/1.1" 200 98622 "-" "Mozilla/5.0 AppleWebKit/537.36 (KHTML, like Gecko; compatible; ClaudeBot/1.0; +claudebot@anthropic.com)"
216.73.217.123 - - [21/Jul/2026:08:29:19 +0000] "GET /?l=22969134102 HTTP/1.1" 200 98622 "-" "Mozilla/5.0 AppleWebKit/537.36 (KHTML, like Gecko; compatible; ClaudeBot/1.0; +claudebot@anthropic.com)"
216.73.217.123 - - [21/Jul/2026:08:29:19 +0000] "GET /?l=2296911131 HTTP/1.1" 200 98622 "-" "Mozilla/5.0 AppleWebKit/537.36 (KHTML, like Gecko; compatible; ClaudeBot/1.0; +claudebot@anthropic.com)"
74.7.242.45 - - [21/Jul/2026:08:29:21 +0000] "GET /?b=80081197236 HTTP/1.1" 200 98622 "https://globallegacygroup.shop/?l=17613112940" "Mozilla/5.0 AppleWebKit/537.36 (KHTML, like Gecko; compatible; GPTBot/1.4; +https://openai.com/gptbot)"
104.105.80.153 - - [21/Jul/2026:08:29:22 +0000] "GET /feed/ HTTP/1.1" 200 2600 "-" "Mozilla/5.0 (X11; Linux x86_64) AppleWebKit/537.36 (KHTML, like Gecko) Chrome/124.0.0.0 Safari/537.36"
216.73.217.123 - - [21/Jul/2026:08:29:22 +0000] "GET /?f=4862599788 HTTP/1.1" 200 98622 "-" "Mozilla/5.0 AppleWebKit/537.36 (KHTML, like Gecko; compatible; ClaudeBot/1.0; +claudebot@anthropic.com)"
216.73.217.123 - - [21/Jul/2026:08:29:23 +0000] "GET /?b=8008135997 HTTP/1.1" 200 98622 "-" "Mozilla/5.0 AppleWebKit/537.36 (KHTML, like Gecko; compatible; ClaudeBot/1.0; +claudebot@anthropic.com)"
216.73.217.123 - - [21/Jul/2026:08:29:23 +0000] "GET /?b=83643242890 HTTP/1.1" 200 98622 "-" "Mozilla/5.0 AppleWebKit/537.36 (KHTML, like Gecko; compatible; ClaudeBot/1.0; +claudebot@anthropic.com)"
74.7.242.45 - - [21/Jul/2026:08:29:24 +0000] "GET /?i=34614246703 HTTP/1.1" 200 98622 "https://globallegacygroup.shop/?w=46172274347" "Mozilla/5.0 AppleWebKit/537.36 (KHTML, like Gecko; compatible; GPTBot/1.4; +https://openai.com/gptbot)"
216.73.217.123 - - [21/Jul/2026:08:29:25 +0000] "GET /?l=22969186207 HTTP/1.1" 200 98622 "-" "Mozilla/5.0 AppleWebKit/537.36 (KHTML, like Gecko; compatible; ClaudeBot/1.0; +claudebot@anthropic.com)"
216.73.217.123 - - [21/Jul/2026:08:29:26 +0000] "GET /?l=1761370730 HTTP/1.1" 200 98622 "-" "Mozilla/5.0 AppleWebKit/537.36 (KHTML, like Gecko; compatible; ClaudeBot/1.0; +claudebot@anthropic.com)"
216.73.217.123 - - [21/Jul/2026:08:29:26 +0000] "GET /?f=48625146804 HTTP/1.1" 200 98622 "-" "Mozilla/5.0 AppleWebKit/537.36 (KHTML, like Gecko; compatible; ClaudeBot/1.0; +claudebot@anthropic.com)"
74.7.242.45 - - [21/Jul/2026:08:29:27 +0000] "GET /?b=8364341317 HTTP/1.1" 200 98622 "https://globallegacygroup.shop/?l=17613261630" "Mozilla/5.0 AppleWebKit/537.36 (KHTML, like Gecko; compatible; GPTBot/1.4; +https://openai.com/gptbot)"
216.73.217.123 - - [21/Jul/2026:08:29:28 +0000] "GET /?r=9829736898 HTTP/1.1" 200 98622 "-" "Mozilla/5.0 AppleWebKit/537.36 (KHTML, like Gecko; compatible; ClaudeBot/1.0; +claudebot@anthropic.com)"
216.73.217.123 - - [21/Jul/2026:08:29:29 +0000] "GET /?b=83643233687 HTTP/1.1" 200 98622 "-" "Mozilla/5.0 AppleWebKit/537.36 (KHTML, like Gecko; compatible; ClaudeBot/1.0; +claudebot@anthropic.com)"
216.73.217.123 - - [21/Jul/2026:08:29:29 +0000] "GET /?l=22969254496 HTTP/1.1" 200 98622 "-" "Mozilla/5.0 AppleWebKit/537.36 (KHTML, like Gecko; compatible; ClaudeBot/1.0; +claudebot@anthropic.com)"
74.7.242.45 - - [21/Jul/2026:08:29:29 +0000] "GET /?b=80081214341 HTTP/1.1" 200 98622 "https://globallegacygroup.shop/?l=17613130253" "Mozilla/5.0 AppleWebKit/537.36 (KHTML, like Gecko; compatible; GPTBot/1.4; +https://openai.com/gptbot)"
216.73.217.123 - - [21/Jul/2026:08:29:30 +0000] "GET /?l=176134230 HTTP/1.1" 200 98622 "-" "Mozilla/5.0 AppleWebKit/537.36 (KHTML, like Gecko; compatible; ClaudeBot/1.0; +claudebot@anthropic.com)"
216.73.217.123 - - [21/Jul/2026:08:29:30 +0000] "GET /?b=83643202070 HTTP/1.1" 200 98622 "-" "Mozilla/5.0 AppleWebKit/537.36 (KHTML, like Gecko; compatible; ClaudeBot/1.0; +claudebot@anthropic.com)"
216.73.217.123 - - [21/Jul/2026:08:29:31 +0000] "GET /?b=8008118087 HTTP/1.1" 200 98622 "-" "Mozilla/5.0 AppleWebKit/537.36 (KHTML, like Gecko; compatible; ClaudeBot/1.0; +claudebot@anthropic.com)"
74.7.242.45 - - [21/Jul/2026:08:29:31 +0000] "GET /?r=98297197260 HTTP/1.1" 200 98622 "https://globallegacygroup.shop/?u=5716887579" "Mozilla/5.0 AppleWebKit/537.36 (KHTML, like Gecko; compatible; GPTBot/1.4; +https://openai.com/gptbot)"
216.73.217.123 - - [21/Jul/2026:08:29:33 +0000] "GET /?f=48625233240 HTTP/1.1" 200 98622 "-" "Mozilla/5.0 AppleWebKit/537.36 (KHTML, like Gecko; compatible; ClaudeBot/1.0; +claudebot@anthropic.com)"
74.7.242.45 - - [21/Jul/2026:08:29:33 +0000] "GET /?l=1761357752 HTTP/1.1" 200 98622 "https://globallegacygroup.shop/?i=34614128940" "Mozilla/5.0 AppleWebKit/537.36 (KHTML, like Gecko; compatible; GPTBot/1.4; +https://openai.com/gptbot)"
216.73.217.123 - - [21/Jul/2026:08:29:33 +0000] "GET /?r=9829761045 HTTP/1.1" 200 98622 "-" "Mozilla/5.0 AppleWebKit/537.36 (KHTML, like Gecko; compatible; ClaudeBot/1.0; +claudebot@anthropic.com)"
198.177.124.148 - - [21/Jul/2026:08:29:35 +0000] "POST /wp-cron.php?doing_wp_cron=1784622575.2774751186370849609375 HTTP/1.1" 200 - "-" "WordPress/7.0.2; https://globallegacygroup.shop"
216.73.217.123 - - [21/Jul/2026:08:29:33 +0000] "GET /?l=2296963960 HTTP/1.1" 200 98622 "-" "Mozilla/5.0 AppleWebKit/537.36 (KHTML, like Gecko; compatible; ClaudeBot/1.0; +claudebot@anthropic.com)"
216.73.217.123 - - [21/Jul/2026:08:29:34 +0000] "GET /?w=4617256201 HTTP/1.1" 404 83591 "-" "Mozilla/5.0 AppleWebKit/537.36 (KHTML, like Gecko; compatible; ClaudeBot/1.0; +claudebot@anthropic.com)"
74.7.242.45 - - [21/Jul/2026:08:29:35 +0000] "GET /?f=48625208410 HTTP/1.1" 200 98622 "https://globallegacygroup.shop/?r=9829779612" "Mozilla/5.0 AppleWebKit/537.36 (KHTML, like Gecko; compatible; GPTBot/1.4; +https://openai.com/gptbot)"
216.73.217.123 - - [21/Jul/2026:08:29:35 +0000] "GET /?f=48625148802 HTTP/1.1" 200 98622 "-" "Mozilla/5.0 AppleWebKit/537.36 (KHTML, like Gecko; compatible; ClaudeBot/1.0; +claudebot@anthropic.com)"
216.73.217.123 - - [21/Jul/2026:08:29:35 +0000] "GET /?i=3461480445 HTTP/1.1" 200 98622 "-" "Mozilla/5.0 AppleWebKit/537.36 (KHTML, like Gecko; compatible; ClaudeBot/1.0; +claudebot@anthropic.com)"
216.73.217.123 - - [21/Jul/2026:08:29:36 +0000] "GET /?l=22969216274 HTTP/1.1" 200 98622 "-" "Mozilla/5.0 AppleWebKit/537.36 (KHTML, like Gecko; compatible; ClaudeBot/1.0; +claudebot@anthropic.com)"
74.7.242.45 - - [21/Jul/2026:08:29:36 +0000] "GET /?i=34614142407 HTTP/1.1" 200 98622 "https://globallegacygroup.shop/?i=34614104726" "Mozilla/5.0 AppleWebKit/537.36 (KHTML, like Gecko; compatible; GPTBot/1.4; +https://openai.com/gptbot)"
216.73.217.123 - - [21/Jul/2026:08:29:36 +0000] "GET /?r=98297199684 HTTP/1.1" 200 98622 "-" "Mozilla/5.0 AppleWebKit/537.36 (KHTML, like Gecko; compatible; ClaudeBot/1.0; +claudebot@anthropic.com)"
216.73.217.123 - - [21/Jul/2026:08:29:37 +0000] "GET /?f=4862558216 HTTP/1.1" 200 98622 "-" "Mozilla/5.0 AppleWebKit/537.36 (KHTML, like Gecko; compatible; ClaudeBot/1.0; +claudebot@anthropic.com)"
216.73.217.123 - - [21/Jul/2026:08:29:37 +0000] "GET /?f=4862539292 HTTP/1.1" 200 98622 "-" "Mozilla/5.0 AppleWebKit/537.36 (KHTML, like Gecko; compatible; ClaudeBot/1.0; +claudebot@anthropic.com)"
74.7.242.45 - - [21/Jul/2026:08:29:38 +0000] "GET /?w=46172190289 HTTP/1.1" 404 83591 "https://globallegacygroup.shop/?b=80081181762" "Mozilla/5.0 AppleWebKit/537.36 (KHTML, like Gecko; compatible; GPTBot/1.4; +https://openai.com/gptbot)"
216.73.217.123 - - [21/Jul/2026:08:29:38 +0000] "GET /?l=1761380028 HTTP/1.1" 200 98622 "-" "Mozilla/5.0 AppleWebKit/537.36 (KHTML, like Gecko; compatible; ClaudeBot/1.0; +claudebot@anthropic.com)"
216.73.217.123 - - [21/Jul/2026:08:29:39 +0000] "GET /?l=22969104596 HTTP/1.1" 200 98622 "-" "Mozilla/5.0 AppleWebKit/537.36 (KHTML, like Gecko; compatible; ClaudeBot/1.0; +claudebot@anthropic.com)"
209.127.35.109 - - [21/Jul/2026:08:29:40 +0000] "POST /wp-login.php HTTP/1.1" 503 18040 "-" "Mozilla/5.0 (Windows NT 10.0; Win64; rv:143.0) Gecko/20100101 Firefox/143.0"
216.73.217.123 - - [21/Jul/2026:08:29:39 +0000] "GET /?b=8364346623 HTTP/1.1" 200 98622 "-" "Mozilla/5.0 AppleWebKit/537.36 (KHTML, like Gecko; compatible; ClaudeBot/1.0; +claudebot@anthropic.com)"
198.177.124.148 - - [21/Jul/2026:08:29:41 +0000] "POST /?wordfence_syncAttackData=1784622581.8748 HTTP/1.1" 200 - "-" "WordPress/7.0.2; https://globallegacygroup.shop"
216.73.217.123 - - [21/Jul/2026:08:29:40 +0000] "GET /?f=48625169764 HTTP/1.1" 200 98622 "-" "Mozilla/5.0 AppleWebKit/537.36 (KHTML, like Gecko; compatible; ClaudeBot/1.0; +claudebot@anthropic.com)"
74.7.242.45 - - [21/Jul/2026:08:29:40 +0000] "GET /?w=46172161955 HTTP/1.1" 404 83591 "https://globallegacygroup.shop/?l=1761327244" "Mozilla/5.0 AppleWebKit/537.36 (KHTML, like Gecko; compatible; GPTBot/1.4; +https://openai.com/gptbot)"
198.177.124.148 - - [21/Jul/2026:08:29:42 +0000] "POST /?wordfence_syncAttackData=1784622582.0428 HTTP/1.1" 200 98622 "-" "WordPress/7.0.2; https://globallegacygroup.shop"
216.73.217.123 - - [21/Jul/2026:08:29:41 +0000] "GET /?l=22969157573 HTTP/1.1" 200 98622 "-" "Mozilla/5.0 AppleWebKit/537.36 (KHTML, like Gecko; compatible; ClaudeBot/1.0; +claudebot@anthropic.com)"
216.73.217.123 - - [21/Jul/2026:08:29:43 +0000] "GET /?l=176134355 HTTP/1.1" 200 98622 "-" "Mozilla/5.0 AppleWebKit/537.36 (KHTML, like Gecko; compatible; ClaudeBot/1.0; +claudebot@anthropic.com)"
198.177.124.148 - - [21/Jul/2026:08:29:42 +0000] "POST /?wordfence_syncAttackData=1784622582.9205 HTTP/1.1" 200 98622 "-" "WordPress/7.0.2; https://globallegacygroup.shop"
74.7.242.45 - - [21/Jul/2026:08:29:44 +0000] "GET /?f=48625218830 HTTP/1.1" 200 98622 "https://globallegacygroup.shop/?i=34614287795" "Mozilla/5.0 AppleWebKit/537.36 (KHTML, like Gecko; compatible; GPTBot/1.4; +https://openai.com/gptbot)"
216.73.217.123 - - [21/Jul/2026:08:29:44 +0000] "GET /?l=22969240129 HTTP/1.1" 200 98622 "-" "Mozilla/5.0 AppleWebKit/537.36 (KHTML, like Gecko; compatible; ClaudeBot/1.0; +claudebot@anthropic.com)"
216.73.217.123 - - [21/Jul/2026:08:29:45 +0000] "GET /?l=17613175463 HTTP/1.1" 200 98622 "-" "Mozilla/5.0 AppleWebKit/537.36 (KHTML, like Gecko; compatible; ClaudeBot/1.0; +claudebot@anthropic.com)"
216.73.217.123 - - [21/Jul/2026:08:29:45 +0000] "GET /?l=1761374329 HTTP/1.1" 200 98622 "-" "Mozilla/5.0 AppleWebKit/537.36 (KHTML, like Gecko; compatible; ClaudeBot/1.0; +claudebot@anthropic.com)"
216.73.217.123 - - [21/Jul/2026:08:29:46 +0000] "GET /?l=2296955507 HTTP/1.1" 200 98622 "-" "Mozilla/5.0 AppleWebKit/537.36 (KHTML, like Gecko; compatible; ClaudeBot/1.0; +claudebot@anthropic.com)"
74.7.242.45 - - [21/Jul/2026:08:29:46 +0000] "GET /?l=22969144648 HTTP/1.1" 200 98622 "https://globallegacygroup.shop/?b=83643153619" "Mozilla/5.0 AppleWebKit/537.36 (KHTML, like Gecko; compatible; GPTBot/1.4; +https://openai.com/gptbot)"
216.73.217.123 - - [21/Jul/2026:08:29:47 +0000] "GET /?l=22969222346 HTTP/1.1" 200 98622 "-" "Mozilla/5.0 AppleWebKit/537.36 (KHTML, like Gecko; compatible; ClaudeBot/1.0; +claudebot@anthropic.com)"
216.73.217.123 - - [21/Jul/2026:08:29:47 +0000] "GET /?l=22969238281 HTTP/1.1" 200 98622 "-" "Mozilla/5.0 AppleWebKit/537.36 (KHTML, like Gecko; compatible; ClaudeBot/1.0; +claudebot@anthropic.com)"
74.7.242.45 - - [21/Jul/2026:08:29:48 +0000] "GET /?w=46172238734 HTTP/1.1" 404 83591 "https://globallegacygroup.shop/?l=17613147659" "Mozilla/5.0 AppleWebKit/537.36 (KHTML, like Gecko; compatible; GPTBot/1.4; +https://openai.com/gptbot)"
216.73.217.123 - - [21/Jul/2026:08:29:48 +0000] "GET /?f=4862567169 HTTP/1.1" 200 98622 "-" "Mozilla/5.0 AppleWebKit/537.36 (KHTML, like Gecko; compatible; ClaudeBot/1.0; +claudebot@anthropic.com)"
216.73.217.123 - - [21/Jul/2026:08:29:49 +0000] "GET /?l=2296957312 HTTP/1.1" 200 98622 "-" "Mozilla/5.0 AppleWebKit/537.36 (KHTML, like Gecko; compatible; ClaudeBot/1.0; +claudebot@anthropic.com)"
216.73.217.123 - - [21/Jul/2026:08:29:49 +0000] "GET /?r=98297106500 HTTP/1.1" 200 98622 "-" "Mozilla/5.0 AppleWebKit/537.36 (KHTML, like Gecko; compatible; ClaudeBot/1.0; +claudebot@anthropic.com)"
74.7.242.45 - - [21/Jul/2026:08:29:49 +0000] "GET /?r=9829730047 HTTP/1.1" 200 98622 "https://globallegacygroup.shop/?f=4862531261" "Mozilla/5.0 AppleWebKit/537.36 (KHTML, like Gecko; compatible; GPTBot/1.4; +https://openai.com/gptbot)"
216.73.217.123 - - [21/Jul/2026:08:29:49 +0000] "GET /?b=83643260680 HTTP/1.1" 200 98622 "-" "Mozilla/5.0 AppleWebKit/537.36 (KHTML, like Gecko; compatible; ClaudeBot/1.0; +claudebot@anthropic.com)"
216.73.217.123 - - [21/Jul/2026:08:29:50 +0000] "GET /?b=8008189309 HTTP/1.1" 200 98622 "-" "Mozilla/5.0 AppleWebKit/537.36 (KHTML, like Gecko; compatible; ClaudeBot/1.0; +claudebot@anthropic.com)"
216.73.217.123 - - [21/Jul/2026:08:29:51 +0000] "GET /?w=461728508 HTTP/1.1" 404 83591 "-" "Mozilla/5.0 AppleWebKit/537.36 (KHTML, like Gecko; compatible; ClaudeBot/1.0; +claudebot@anthropic.com)"
74.7.242.45 - - [21/Jul/2026:08:29:51 +0000] "GET /?v=3587526207 HTTP/1.1" 200 98622 "https://globallegacygroup.shop/?b=83643228629" "Mozilla/5.0 AppleWebKit/537.36 (KHTML, like Gecko; compatible; GPTBot/1.4; +https://openai.com/gptbot)"
216.73.217.123 - - [21/Jul/2026:08:29:51 +0000] "GET /?b=8008115678 HTTP/1.1" 200 98622 "-" "Mozilla/5.0 AppleWebKit/537.36 (KHTML, like Gecko; compatible; ClaudeBot/1.0; +claudebot@anthropic.com)"
216.73.217.123 - - [21/Jul/2026:08:29:52 +0000] "GET /?b=80081289258 HTTP/1.1" 200 98622 "-" "Mozilla/5.0 AppleWebKit/537.36 (KHTML, like Gecko; compatible; ClaudeBot/1.0; +claudebot@anthropic.com)"
74.7.242.45 - - [21/Jul/2026:08:29:52 +0000] "GET /?r=98297124595 HTTP/1.1" 200 98622 "https://globallegacygroup.shop/?i=3461424392" "Mozilla/5.0 AppleWebKit/537.36 (KHTML, like Gecko; compatible; GPTBot/1.4; +https://openai.com/gptbot)"
216.73.217.123 - - [21/Jul/2026:08:29:53 +0000] "GET /?l=1761376514 HTTP/1.1" 200 98622 "-" "Mozilla/5.0 AppleWebKit/537.36 (KHTML, like Gecko; compatible; ClaudeBot/1.0; +claudebot@anthropic.com)"
216.73.217.123 - - [21/Jul/2026:08:29:52 +0000] "GET /?i=3461452353 HTTP/1.1" 200 98622 "-" "Mozilla/5.0 AppleWebKit/537.36 (KHTML, like Gecko; compatible; ClaudeBot/1.0; +claudebot@anthropic.com)"
216.73.217.123 - - [21/Jul/2026:08:29:53 +0000] "GET /?b=80081173992 HTTP/1.1" 200 98622 "-" "Mozilla/5.0 AppleWebKit/537.36 (KHTML, like Gecko; compatible; ClaudeBot/1.0; +claudebot@anthropic.com)"
74.7.242.45 - - [21/Jul/2026:08:29:53 +0000] "GET /?b=80081210259 HTTP/1.1" 200 98622 "https://globallegacygroup.shop/?w=4617242536" "Mozilla/5.0 AppleWebKit/537.36 (KHTML, like Gecko; compatible; GPTBot/1.4; +https://openai.com/gptbot)"
216.73.217.123 - - [21/Jul/2026:08:29:54 +0000] "GET /?b=8364382640 HTTP/1.1" 200 98622 "-" "Mozilla/5.0 AppleWebKit/537.36 (KHTML, like Gecko; compatible; ClaudeBot/1.0; +claudebot@anthropic.com)"
216.73.217.123 - - [21/Jul/2026:08:29:54 +0000] "GET /?b=80081286971 HTTP/1.1" 200 98622 "-" "Mozilla/5.0 AppleWebKit/537.36 (KHTML, like Gecko; compatible; ClaudeBot/1.0; +claudebot@anthropic.com)"
74.7.242.45 - - [21/Jul/2026:08:29:55 +0000] "GET /?u=57168107687 HTTP/1.1" 200 98622 "https://globallegacygroup.shop/?u=57168188795" "Mozilla/5.0 AppleWebKit/537.36 (KHTML, like Gecko; compatible; GPTBot/1.4; +https://openai.com/gptbot)"
216.73.217.123 - - [21/Jul/2026:08:29:55 +0000] "GET /?l=17613127992 HTTP/1.1" 200 98622 "-" "Mozilla/5.0 AppleWebKit/537.36 (KHTML, like Gecko; compatible; ClaudeBot/1.0; +claudebot@anthropic.com)"
216.73.217.123 - - [21/Jul/2026:08:29:55 +0000] "GET /?b=8364335509 HTTP/1.1" 200 98622 "-" "Mozilla/5.0 AppleWebKit/537.36 (KHTML, like Gecko; compatible; ClaudeBot/1.0; +claudebot@anthropic.com)"
216.73.217.123 - - [21/Jul/2026:08:29:56 +0000] "GET /?r=9829746455 HTTP/1.1" 200 98622 "-" "Mozilla/5.0 AppleWebKit/537.36 (KHTML, like Gecko; compatible; ClaudeBot/1.0; +claudebot@anthropic.com)"
74.7.242.45 - - [21/Jul/2026:08:29:56 +0000] "GET /?f=48625148820 HTTP/1.1" 200 98622 "https://globallegacygroup.shop/?b=8008176552" "Mozilla/5.0 AppleWebKit/537.36 (KHTML, like Gecko; compatible; GPTBot/1.4; +https://openai.com/gptbot)"
216.73.217.123 - - [21/Jul/2026:08:29:56 +0000] "GET /?f=4862538765 HTTP/1.1" 200 98622 "-" "Mozilla/5.0 AppleWebKit/537.36 (KHTML, like Gecko; compatible; ClaudeBot/1.0; +claudebot@anthropic.com)"
216.73.217.123 - - [21/Jul/2026:08:29:57 +0000] "GET /?f=48625227937 HTTP/1.1" 200 98622 "-" "Mozilla/5.0 AppleWebKit/537.36 (KHTML, like Gecko; compatible; ClaudeBot/1.0; +claudebot@anthropic.com)"
216.73.217.123 - - [21/Jul/2026:08:29:57 +0000] "GET /?l=22969166598 HTTP/1.1" 200 98622 "-" "Mozilla/5.0 AppleWebKit/537.36 (KHTML, like Gecko; compatible; ClaudeBot/1.0; +claudebot@anthropic.com)"
74.7.242.45 - - [21/Jul/2026:08:29:58 +0000] "GET /?u=5716853162 HTTP/1.1" 200 98622 "https://globallegacygroup.shop/?l=1761331821" "Mozilla/5.0 AppleWebKit/537.36 (KHTML, like Gecko; compatible; GPTBot/1.4; +https://openai.com/gptbot)"
216.73.217.123 - - [21/Jul/2026:08:29:58 +0000] "GET /?l=1761359504 HTTP/1.1" 200 98622 "-" "Mozilla/5.0 AppleWebKit/537.36 (KHTML, like Gecko; compatible; ClaudeBot/1.0; +claudebot@anthropic.com)"
216.73.217.123 - - [21/Jul/2026:08:29:59 +0000] "GET /?l=22969159730 HTTP/1.1" 200 98622 "-" "Mozilla/5.0 AppleWebKit/537.36 (KHTML, like Gecko; compatible; ClaudeBot/1.0; +claudebot@anthropic.com)"
74.7.242.45 - - [21/Jul/2026:08:29:59 +0000] "GET /?v=35875220124 HTTP/1.1" 200 98622 "https://globallegacygroup.shop/?u=57168281964" "Mozilla/5.0 AppleWebKit/537.36 (KHTML, like Gecko; compatible; GPTBot/1.4; +https://openai.com/gptbot)"
216.73.217.123 - - [21/Jul/2026:08:29:59 +0000] "GET /?l=22969186734 HTTP/1.1" 200 98622 "-" "Mozilla/5.0 AppleWebKit/537.36 (KHTML, like Gecko; compatible; ClaudeBot/1.0; +claudebot@anthropic.com)"
216.73.217.123 - - [21/Jul/2026:08:30:00 +0000] "GET /?b=8364396794 HTTP/1.1" 200 98622 "-" "Mozilla/5.0 AppleWebKit/537.36 (KHTML, like Gecko; compatible; ClaudeBot/1.0; +claudebot@anthropic.com)"
216.73.217.123 - - [21/Jul/2026:08:30:00 +0000] "GET /?r=98297176604 HTTP/1.1" 200 98622 "-" "Mozilla/5.0 AppleWebKit/537.36 (KHTML, like Gecko; compatible; ClaudeBot/1.0; +claudebot@anthropic.com)"
74.7.242.45 - - [21/Jul/2026:08:30:01 +0000] "GET /?l=1761398660 HTTP/1.1" 200 98622 "https://globallegacygroup.shop/?v=35875130634" "Mozilla/5.0 AppleWebKit/537.36 (KHTML, like Gecko; compatible; GPTBot/1.4; +https://openai.com/gptbot)"
216.73.217.123 - - [21/Jul/2026:08:30:02 +0000] "GET /?r=9829718772 HTTP/1.1" 200 98622 "-" "Mozilla/5.0 AppleWebKit/537.36 (KHTML, like Gecko; compatible; ClaudeBot/1.0; +claudebot@anthropic.com)"
216.73.217.123 - - [21/Jul/2026:08:30:04 +0000] "GET /?l=17613199288 HTTP/1.1" 200 98622 "-" "Mozilla/5.0 AppleWebKit/537.36 (KHTML, like Gecko; compatible; ClaudeBot/1.0; +claudebot@anthropic.com)"
216.73.217.123 - - [21/Jul/2026:08:30:05 +0000] "GET /?l=22969174529 HTTP/1.1" 200 98622 "-" "Mozilla/5.0 AppleWebKit/537.36 (KHTML, like Gecko; compatible; ClaudeBot/1.0; +claudebot@anthropic.com)"
74.7.242.45 - - [21/Jul/2026:08:30:05 +0000] "GET /?v=35875310220 HTTP/1.1" 200 98622 "https://globallegacygroup.shop/?l=17613205908" "Mozilla/5.0 AppleWebKit/537.36 (KHTML, like Gecko; compatible; GPTBot/1.4; +https://openai.com/gptbot)"
216.73.217.123 - - [21/Jul/2026:08:30:06 +0000] "GET /?f=4862526557 HTTP/1.1" 200 98622 "-" "Mozilla/5.0 AppleWebKit/537.36 (KHTML, like Gecko; compatible; ClaudeBot/1.0; +claudebot@anthropic.com)"
216.73.217.123 - - [21/Jul/2026:08:30:07 +0000] "GET /?l=1761352876 HTTP/1.1" 200 98622 "-" "Mozilla/5.0 AppleWebKit/537.36 (KHTML, like Gecko; compatible; ClaudeBot/1.0; +claudebot@anthropic.com)"
216.73.217.123 - - [21/Jul/2026:08:30:08 +0000] "GET /?l=22969205505 HTTP/1.1" 200 98622 "-" "Mozilla/5.0 AppleWebKit/537.36 (KHTML, like Gecko; compatible; ClaudeBot/1.0; +claudebot@anthropic.com)"
74.7.242.45 - - [21/Jul/2026:08:30:09 +0000] "GET /?v=35875107729 HTTP/1.1" 200 98622 "https://globallegacygroup.shop/?f=48625259691" "Mozilla/5.0 AppleWebKit/537.36 (KHTML, like Gecko; compatible; GPTBot/1.4; +https://openai.com/gptbot)"
216.73.217.123 - - [21/Jul/2026:08:30:09 +0000] "GET /?b=8008164207 HTTP/1.1" 200 98622 "-" "Mozilla/5.0 AppleWebKit/537.36 (KHTML, like Gecko; compatible; ClaudeBot/1.0; +claudebot@anthropic.com)"
216.73.217.123 - - [21/Jul/2026:08:30:10 +0000] "GET /?f=4862517252 HTTP/1.1" 200 98622 "-" "Mozilla/5.0 AppleWebKit/537.36 (KHTML, like Gecko; compatible; ClaudeBot/1.0; +claudebot@anthropic.com)"
216.73.217.123 - - [21/Jul/2026:08:30:11 +0000] "GET /?l=2296911168 HTTP/1.1" 200 98622 "-" "Mozilla/5.0 AppleWebKit/537.36 (KHTML, like Gecko; compatible; ClaudeBot/1.0; +claudebot@anthropic.com)"
74.7.242.45 - - [21/Jul/2026:08:30:11 +0000] "GET /?f=48625177929 HTTP/1.1" 200 98622 "https://globallegacygroup.shop/?i=3461415455" "Mozilla/5.0 AppleWebKit/537.36 (KHTML, like Gecko; compatible; GPTBot/1.4; +https://openai.com/gptbot)"
216.73.217.123 - - [21/Jul/2026:08:30:12 +0000] "GET /?b=83643241597 HTTP/1.1" 200 98622 "-" "Mozilla/5.0 AppleWebKit/537.36 (KHTML, like Gecko; compatible; ClaudeBot/1.0; +claudebot@anthropic.com)"
216.73.217.123 - - [21/Jul/2026:08:30:13 +0000] "GET /?b=83643211328 HTTP/1.1" 200 98622 "-" "Mozilla/5.0 AppleWebKit/537.36 (KHTML, like Gecko; compatible; ClaudeBot/1.0; +claudebot@anthropic.com)"
216.73.217.123 - - [21/Jul/2026:08:30:13 +0000] "GET /?f=4862533827 HTTP/1.1" 200 98622 "-" "Mozilla/5.0 AppleWebKit/537.36 (KHTML, like Gecko; compatible; ClaudeBot/1.0; +claudebot@anthropic.com)"
74.7.242.45 - - [21/Jul/2026:08:30:14 +0000] "GET /?f=48625208744 HTTP/1.1" 200 98622 "https://globallegacygroup.shop/?u=57168135486" "Mozilla/5.0 AppleWebKit/537.36 (KHTML, like Gecko; compatible; GPTBot/1.4; +https://openai.com/gptbot)"
216.73.217.123 - - [21/Jul/2026:08:30:15 +0000] "GET /?r=98297190100 HTTP/1.1" 200 98622 "-" "Mozilla/5.0 AppleWebKit/537.36 (KHTML, like Gecko; compatible; ClaudeBot/1.0; +claudebot@anthropic.com)"
216.73.217.123 - - [21/Jul/2026:08:30:16 +0000] "GET /?b=8008147572 HTTP/1.1" 200 98622 "-" "Mozilla/5.0 AppleWebKit/537.36 (KHTML, like Gecko; compatible; ClaudeBot/1.0; +claudebot@anthropic.com)"
216.73.217.123 - - [21/Jul/2026:08:30:16 +0000] "GET /?b=8364319277 HTTP/1.1" 200 98622 "-" "Mozilla/5.0 AppleWebKit/537.36 (KHTML, like Gecko; compatible; ClaudeBot/1.0; +claudebot@anthropic.com)"
74.7.242.45 - - [21/Jul/2026:08:30:16 +0000] "GET /?l=22969164938 HTTP/1.1" 200 98622 "https://globallegacygroup.shop/?i=3461480792" "Mozilla/5.0 AppleWebKit/537.36 (KHTML, like Gecko; compatible; GPTBot/1.4; +https://openai.com/gptbot)"
216.73.217.123 - - [21/Jul/2026:08:30:17 +0000] "GET /?i=346148292 HTTP/1.1" 200 98622 "-" "Mozilla/5.0 AppleWebKit/537.36 (KHTML, like Gecko; compatible; ClaudeBot/1.0; +claudebot@anthropic.com)"
216.73.217.123 - - [21/Jul/2026:08:30:17 +0000] "GET /?r=98297233085 HTTP/1.1" 200 98622 "-" "Mozilla/5.0 AppleWebKit/537.36 (KHTML, like Gecko; compatible; ClaudeBot/1.0; +claudebot@anthropic.com)"
74.7.242.45 - - [21/Jul/2026:08:30:18 +0000] "GET /?r=98297108826 HTTP/1.1" 200 98622 "https://globallegacygroup.shop/?l=1761326380" "Mozilla/5.0 AppleWebKit/537.36 (KHTML, like Gecko; compatible; GPTBot/1.4; +https://openai.com/gptbot)"
216.73.217.123 - - [21/Jul/2026:08:30:18 +0000] "GET /?r=9829762843 HTTP/1.1" 200 98622 "-" "Mozilla/5.0 AppleWebKit/537.36 (KHTML, like Gecko; compatible; ClaudeBot/1.0; +claudebot@anthropic.com)"
209.127.35.109 - - [21/Jul/2026:08:30:19 +0000] "POST /wp-login.php HTTP/1.1" 503 18040 "-" "Mozilla/5.0 (Windows NT 10.0; Win64; x64) AppleWebKit/537.36 Chrome/129.0.0.0 Safari/537.36"
216.73.217.123 - - [21/Jul/2026:08:30:19 +0000] "GET /?l=22969255340 HTTP/1.1" 200 98622 "-" "Mozilla/5.0 AppleWebKit/537.36 (KHTML, like Gecko; compatible; ClaudeBot/1.0; +claudebot@anthropic.com)"
216.73.217.123 - - [21/Jul/2026:08:30:19 +0000] "GET /?l=1761361039 HTTP/1.1" 200 98622 "-" "Mozilla/5.0 AppleWebKit/537.36 (KHTML, like Gecko; compatible; ClaudeBot/1.0; +claudebot@anthropic.com)"
198.177.124.148 - - [21/Jul/2026:08:30:20 +0000] "POST /?wordfence_syncAttackData=1784622620.4929 HTTP/1.1" 200 - "-" "WordPress/7.0.2; https://globallegacygroup.shop"
74.7.242.45 - - [21/Jul/2026:08:30:19 +0000] "GET /?b=83643178674 HTTP/1.1" 200 98622 "https://globallegacygroup.shop/?b=83643252592" "Mozilla/5.0 AppleWebKit/537.36 (KHTML, like Gecko; compatible; GPTBot/1.4; +https://openai.com/gptbot)"
216.73.217.123 - - [21/Jul/2026:08:30:20 +0000] "GET /?b=83643218922 HTTP/1.1" 200 98622 "-" "Mozilla/5.0 AppleWebKit/537.36 (KHTML, like Gecko; compatible; ClaudeBot/1.0; +claudebot@anthropic.com)"
198.177.124.148 - - [21/Jul/2026:08:30:20 +0000] "POST /?wordfence_syncAttackData=1784622620.773 HTTP/1.1" 200 98622 "-" "WordPress/7.0.2; https://globallegacygroup.shop"
216.73.217.123 - - [21/Jul/2026:08:30:19 +0000] "GET /?b=80081228675 HTTP/1.1" 200 98622 "-" "Mozilla/5.0 AppleWebKit/537.36 (KHTML, like Gecko; compatible; ClaudeBot/1.0; +claudebot@anthropic.com)"
216.73.217.123 - - [21/Jul/2026:08:30:21 +0000] "GET /?r=9829727741 HTTP/1.1" 200 98622 "-" "Mozilla/5.0 AppleWebKit/537.36 (KHTML, like Gecko; compatible; ClaudeBot/1.0; +claudebot@anthropic.com)"
216.73.217.123 - - [21/Jul/2026:08:30:22 +0000] "GET /?r=98297217201 HTTP/1.1" 200 98622 "-" "Mozilla/5.0 AppleWebKit/537.36 (KHTML, like Gecko; compatible; ClaudeBot/1.0; +claudebot@anthropic.com)"
74.7.242.45 - - [21/Jul/2026:08:30:22 +0000] "GET /?v=35875210815 HTTP/1.1" 200 98622 "https://globallegacygroup.shop/?u=57168126366" "Mozilla/5.0 AppleWebKit/537.36 (KHTML, like Gecko; compatible; GPTBot/1.4; +https://openai.com/gptbot)"
216.73.217.123 - - [21/Jul/2026:08:30:23 +0000] "GET /?l=1761323671 HTTP/1.1" 200 98622 "-" "Mozilla/5.0 AppleWebKit/537.36 (KHTML, like Gecko; compatible; ClaudeBot/1.0; +claudebot@anthropic.com)"
74.7.242.45 - - [21/Jul/2026:08:30:24 +0000] "GET /?l=1761353993 HTTP/1.1" 200 98622 "https://globallegacygroup.shop/?w=4617290128" "Mozilla/5.0 AppleWebKit/537.36 (KHTML, like Gecko; compatible; GPTBot/1.4; +https://openai.com/gptbot)"
216.73.217.123 - - [21/Jul/2026:08:30:23 +0000] "GET /?l=1761325499 HTTP/1.1" 200 98622 "-" "Mozilla/5.0 AppleWebKit/537.36 (KHTML, like Gecko; compatible; ClaudeBot/1.0; +claudebot@anthropic.com)"
216.73.217.123 - - [21/Jul/2026:08:30:24 +0000] "GET /?b=83643203905 HTTP/1.1" 200 98622 "-" "Mozilla/5.0 AppleWebKit/537.36 (KHTML, like Gecko; compatible; ClaudeBot/1.0; +claudebot@anthropic.com)"
216.73.217.123 - - [21/Jul/2026:08:30:25 +0000] "GET /?l=1761328922 HTTP/1.1" 200 98622 "-" "Mozilla/5.0 AppleWebKit/537.36 (KHTML, like Gecko; compatible; ClaudeBot/1.0; +claudebot@anthropic.com)"
216.73.217.123 - - [21/Jul/2026:08:30:25 +0000] "GET /?r=9829796032 HTTP/1.1" 200 98622 "-" "Mozilla/5.0 AppleWebKit/537.36 (KHTML, like Gecko; compatible; ClaudeBot/1.0; +claudebot@anthropic.com)"
74.7.242.45 - - [21/Jul/2026:08:30:25 +0000] "GET /?v=35875295246 HTTP/1.1" 200 98622 "https://globallegacygroup.shop/?r=98297229972" "Mozilla/5.0 AppleWebKit/537.36 (KHTML, like Gecko; compatible; GPTBot/1.4; +https://openai.com/gptbot)"
216.73.217.123 - - [21/Jul/2026:08:30:26 +0000] "GET /?b=80081156085 HTTP/1.1" 200 98622 "-" "Mozilla/5.0 AppleWebKit/537.36 (KHTML, like Gecko; compatible; ClaudeBot/1.0; +claudebot@anthropic.com)"
216.73.217.123 - - [21/Jul/2026:08:30:27 +0000] "GET /?i=3461428604 HTTP/1.1" 200 98622 "-" "Mozilla/5.0 AppleWebKit/537.36 (KHTML, like Gecko; compatible; ClaudeBot/1.0; +claudebot@anthropic.com)"
216.73.217.123 - - [21/Jul/2026:08:30:28 +0000] "GET /?i=3461440299 HTTP/1.1" 200 98622 "-" "Mozilla/5.0 AppleWebKit/537.36 (KHTML, like Gecko; compatible; ClaudeBot/1.0; +claudebot@anthropic.com)"
74.7.242.45 - - [21/Jul/2026:08:30:28 +0000] "GET /?f=4862514882 HTTP/1.1" 200 98622 "https://globallegacygroup.shop/sitemap217.xml" "Mozilla/5.0 AppleWebKit/537.36 (KHTML, like Gecko; compatible; GPTBot/1.4; +https://openai.com/gptbot)"
216.73.217.123 - - [21/Jul/2026:08:30:28 +0000] "GET /?l=17613229858 HTTP/1.1" 200 98622 "-" "Mozilla/5.0 AppleWebKit/537.36 (KHTML, like Gecko; compatible; ClaudeBot/1.0; +claudebot@anthropic.com)"
216.73.217.123 - - [21/Jul/2026:08:30:29 +0000] "GET /?b=83643214890 HTTP/1.1" 200 98622 "-" "Mozilla/5.0 AppleWebKit/537.36 (KHTML, like Gecko; compatible; ClaudeBot/1.0; +claudebot@anthropic.com)"
216.73.217.123 - - [21/Jul/2026:08:30:30 +0000] "GET /?b=80081153300 HTTP/1.1" 200 98622 "-" "Mozilla/5.0 AppleWebKit/537.36 (KHTML, like Gecko; compatible; ClaudeBot/1.0; +claudebot@anthropic.com)"
74.7.242.45 - - [21/Jul/2026:08:30:30 +0000] "GET /?r=98297239459 HTTP/1.1" 200 98622 "https://globallegacygroup.shop/?w=46172195810" "Mozilla/5.0 AppleWebKit/537.36 (KHTML, like Gecko; compatible; GPTBot/1.4; +https://openai.com/gptbot)"
216.73.217.123 - - [21/Jul/2026:08:30:30 +0000] "GET /?l=22969205114 HTTP/1.1" 200 98622 "-" "Mozilla/5.0 AppleWebKit/537.36 (KHTML, like Gecko; compatible; ClaudeBot/1.0; +claudebot@anthropic.com)"
216.73.217.123 - - [21/Jul/2026:08:30:31 +0000] "GET /?l=22969105372 HTTP/1.1" 200 98622 "-" "Mozilla/5.0 AppleWebKit/537.36 (KHTML, like Gecko; compatible; ClaudeBot/1.0; +claudebot@anthropic.com)"
216.73.217.123 - - [21/Jul/2026:08:30:32 +0000] "GET /?b=8008153487 HTTP/1.1" 200 98622 "-" "Mozilla/5.0 AppleWebKit/537.36 (KHTML, like Gecko; compatible; ClaudeBot/1.0; +claudebot@anthropic.com)"
74.7.242.45 - - [21/Jul/2026:08:30:32 +0000] "GET /?f=48625203405 HTTP/1.1" 200 98622 "https://globallegacygroup.shop/?b=80081176107" "Mozilla/5.0 AppleWebKit/537.36 (KHTML, like Gecko; compatible; GPTBot/1.4; +https://openai.com/gptbot)"
216.73.217.123 - - [21/Jul/2026:08:30:32 +0000] "GET /?l=22969180766 HTTP/1.1" 200 98622 "-" "Mozilla/5.0 AppleWebKit/537.36 (KHTML, like Gecko; compatible; ClaudeBot/1.0; +claudebot@anthropic.com)"
216.73.217.123 - - [21/Jul/2026:08:30:33 +0000] "GET /?r=9829768102 HTTP/1.1" 200 98622 "-" "Mozilla/5.0 AppleWebKit/537.36 (KHTML, like Gecko; compatible; ClaudeBot/1.0; +claudebot@anthropic.com)"
