198.177.124.148 - - [21/Jul/2026:08:30:35 +0000] "POST /wp-cron.php?doing_wp_cron=1784622635.6372559070587158203125 HTTP/1.1" 200 - "-" "WordPress/7.0.2; https://globallegacygroup.shop"
216.73.217.123 - - [21/Jul/2026:08:30:33 +0000] "GET /?b=8364347094 HTTP/1.1" 200 98622 "-" "Mozilla/5.0 AppleWebKit/537.36 (KHTML, like Gecko; compatible; ClaudeBot/1.0; +claudebot@anthropic.com)"
74.7.242.45 - - [21/Jul/2026:08:30:33 +0000] "GET /?w=4617274897 HTTP/1.1" 404 83591 "https://globallegacygroup.shop/?w=4617216689" "Mozilla/5.0 AppleWebKit/537.36 (KHTML, like Gecko; compatible; GPTBot/1.4; +https://openai.com/gptbot)"
216.73.217.123 - - [21/Jul/2026:08:30:34 +0000] "GET /?b=8364399495 HTTP/1.1" 200 98622 "-" "Mozilla/5.0 AppleWebKit/537.36 (KHTML, like Gecko; compatible; ClaudeBot/1.0; +claudebot@anthropic.com)"
216.73.217.123 - - [21/Jul/2026:08:30:35 +0000] "GET /?b=80081157643 HTTP/1.1" 200 98622 "-" "Mozilla/5.0 AppleWebKit/537.36 (KHTML, like Gecko; compatible; ClaudeBot/1.0; +claudebot@anthropic.com)"
216.73.217.123 - - [21/Jul/2026:08:30:36 +0000] "GET /?w=4617266643 HTTP/1.1" 404 83591 "-" "Mozilla/5.0 AppleWebKit/537.36 (KHTML, like Gecko; compatible; ClaudeBot/1.0; +claudebot@anthropic.com)"
74.7.242.45 - - [21/Jul/2026:08:30:35 +0000] "GET /?i=3461438262 HTTP/1.1" 200 98622 "https://globallegacygroup.shop/?i=34614122896" "Mozilla/5.0 AppleWebKit/537.36 (KHTML, like Gecko; compatible; GPTBot/1.4; +https://openai.com/gptbot)"
216.73.217.123 - - [21/Jul/2026:08:30:36 +0000] "GET /?b=8008140200 HTTP/1.1" 200 98622 "-" "Mozilla/5.0 AppleWebKit/537.36 (KHTML, like Gecko; compatible; ClaudeBot/1.0; +claudebot@anthropic.com)"
216.73.217.123 - - [21/Jul/2026:08:30:37 +0000] "GET /?i=34614579 HTTP/1.1" 200 98622 "-" "Mozilla/5.0 AppleWebKit/537.36 (KHTML, like Gecko; compatible; ClaudeBot/1.0; +claudebot@anthropic.com)"
74.7.242.45 - - [21/Jul/2026:08:30:38 +0000] "GET /?i=34614238357 HTTP/1.1" 200 98622 "https://globallegacygroup.shop/?f=4862543309" "Mozilla/5.0 AppleWebKit/537.36 (KHTML, like Gecko; compatible; GPTBot/1.4; +https://openai.com/gptbot)"
216.73.217.123 - - [21/Jul/2026:08:30:38 +0000] "GET /?r=98297237663 HTTP/1.1" 200 98622 "-" "Mozilla/5.0 AppleWebKit/537.36 (KHTML, like Gecko; compatible; ClaudeBot/1.0; +claudebot@anthropic.com)"
216.73.217.123 - - [21/Jul/2026:08:30:38 +0000] "GET /?l=17613182525 HTTP/1.1" 200 98622 "-" "Mozilla/5.0 AppleWebKit/537.36 (KHTML, like Gecko; compatible; ClaudeBot/1.0; +claudebot@anthropic.com)"
216.73.217.123 - - [21/Jul/2026:08:30:39 +0000] "GET /?l=22969237310 HTTP/1.1" 200 98622 "-" "Mozilla/5.0 AppleWebKit/537.36 (KHTML, like Gecko; compatible; ClaudeBot/1.0; +claudebot@anthropic.com)"
74.7.242.45 - - [21/Jul/2026:08:30:39 +0000] "GET /?b=83643259457 HTTP/1.1" 200 98622 "https://globallegacygroup.shop/?b=83643254687" "Mozilla/5.0 AppleWebKit/537.36 (KHTML, like Gecko; compatible; GPTBot/1.4; +https://openai.com/gptbot)"
216.73.217.123 - - [21/Jul/2026:08:30:40 +0000] "GET /?l=22969169853 HTTP/1.1" 200 98622 "-" "Mozilla/5.0 AppleWebKit/537.36 (KHTML, like Gecko; compatible; ClaudeBot/1.0; +claudebot@anthropic.com)"
74.7.242.45 - - [21/Jul/2026:08:30:41 +0000] "GET /?i=34614291176 HTTP/1.1" 200 98622 "https://globallegacygroup.shop/?b=83643162523" "Mozilla/5.0 AppleWebKit/537.36 (KHTML, like Gecko; compatible; GPTBot/1.4; +https://openai.com/gptbot)"
216.73.217.123 - - [21/Jul/2026:08:30:41 +0000] "GET /?b=8008184124 HTTP/1.1" 200 98622 "-" "Mozilla/5.0 AppleWebKit/537.36 (KHTML, like Gecko; compatible; ClaudeBot/1.0; +claudebot@anthropic.com)"
216.73.217.123 - - [21/Jul/2026:08:30:41 +0000] "GET /?i=3461491272 HTTP/1.1" 200 98622 "-" "Mozilla/5.0 AppleWebKit/537.36 (KHTML, like Gecko; compatible; ClaudeBot/1.0; +claudebot@anthropic.com)"
216.73.217.123 - - [21/Jul/2026:08:30:42 +0000] "GET /?b=8008185113 HTTP/1.1" 200 98622 "-" "Mozilla/5.0 AppleWebKit/537.36 (KHTML, like Gecko; compatible; ClaudeBot/1.0; +claudebot@anthropic.com)"
74.7.242.45 - - [21/Jul/2026:08:30:42 +0000] "GET /?b=8008173557 HTTP/1.1" 200 98622 "https://globallegacygroup.shop/?w=4617249729" "Mozilla/5.0 AppleWebKit/537.36 (KHTML, like Gecko; compatible; GPTBot/1.4; +https://openai.com/gptbot)"
216.73.217.123 - - [21/Jul/2026:08:30:42 +0000] "GET /?b=8364397415 HTTP/1.1" 200 98622 "-" "Mozilla/5.0 AppleWebKit/537.36 (KHTML, like Gecko; compatible; ClaudeBot/1.0; +claudebot@anthropic.com)"
216.73.217.123 - - [21/Jul/2026:08:30:43 +0000] "GET /?i=3461424846 HTTP/1.1" 200 98622 "-" "Mozilla/5.0 AppleWebKit/537.36 (KHTML, like Gecko; compatible; ClaudeBot/1.0; +claudebot@anthropic.com)"
216.73.217.123 - - [21/Jul/2026:08:30:44 +0000] "GET /?f=48625106403 HTTP/1.1" 200 98622 "-" "Mozilla/5.0 AppleWebKit/537.36 (KHTML, like Gecko; compatible; ClaudeBot/1.0; +claudebot@anthropic.com)"
74.7.242.45 - - [21/Jul/2026:08:30:44 +0000] "GET /?b=83643264551 HTTP/1.1" 200 98622 "https://globallegacygroup.shop/?r=98297143299" "Mozilla/5.0 AppleWebKit/537.36 (KHTML, like Gecko; compatible; GPTBot/1.4; +https://openai.com/gptbot)"
216.73.217.123 - - [21/Jul/2026:08:30:45 +0000] "GET /?r=98297203618 HTTP/1.1" 200 98622 "-" "Mozilla/5.0 AppleWebKit/537.36 (KHTML, like Gecko; compatible; ClaudeBot/1.0; +claudebot@anthropic.com)"
216.73.217.123 - - [21/Jul/2026:08:30:45 +0000] "GET /?b=8008140241 HTTP/1.1" 200 98622 "-" "Mozilla/5.0 AppleWebKit/537.36 (KHTML, like Gecko; compatible; ClaudeBot/1.0; +claudebot@anthropic.com)"
74.7.242.45 - - [21/Jul/2026:08:30:46 +0000] "GET /?i=34614127415 HTTP/1.1" 200 98622 "https://globallegacygroup.shop/?f=48625230712" "Mozilla/5.0 AppleWebKit/537.36 (KHTML, like Gecko; compatible; GPTBot/1.4; +https://openai.com/gptbot)"
216.73.217.123 - - [21/Jul/2026:08:30:46 +0000] "GET /?f=48625223547 HTTP/1.1" 200 98622 "-" "Mozilla/5.0 AppleWebKit/537.36 (KHTML, like Gecko; compatible; ClaudeBot/1.0; +claudebot@anthropic.com)"
216.73.217.123 - - [21/Jul/2026:08:30:47 +0000] "GET /?b=8008191883 HTTP/1.1" 200 98622 "-" "Mozilla/5.0 AppleWebKit/537.36 (KHTML, like Gecko; compatible; ClaudeBot/1.0; +claudebot@anthropic.com)"
216.73.217.123 - - [21/Jul/2026:08:30:48 +0000] "GET /?r=98297217865 HTTP/1.1" 200 98622 "-" "Mozilla/5.0 AppleWebKit/537.36 (KHTML, like Gecko; compatible; ClaudeBot/1.0; +claudebot@anthropic.com)"
74.7.242.45 - - [21/Jul/2026:08:30:48 +0000] "GET /?b=80081250536 HTTP/1.1" 200 98622 "https://globallegacygroup.shop/?w=4617294209" "Mozilla/5.0 AppleWebKit/537.36 (KHTML, like Gecko; compatible; GPTBot/1.4; +https://openai.com/gptbot)"
216.73.217.123 - - [21/Jul/2026:08:30:48 +0000] "GET /?r=98297159074 HTTP/1.1" 200 98622 "-" "Mozilla/5.0 AppleWebKit/537.36 (KHTML, like Gecko; compatible; ClaudeBot/1.0; +claudebot@anthropic.com)"
216.73.217.123 - - [21/Jul/2026:08:30:49 +0000] "GET /?b=8364358859 HTTP/1.1" 200 98622 "-" "Mozilla/5.0 AppleWebKit/537.36 (KHTML, like Gecko; compatible; ClaudeBot/1.0; +claudebot@anthropic.com)"
216.73.217.123 - - [21/Jul/2026:08:30:50 +0000] "GET /?i=34614255342 HTTP/1.1" 200 98622 "-" "Mozilla/5.0 AppleWebKit/537.36 (KHTML, like Gecko; compatible; ClaudeBot/1.0; +claudebot@anthropic.com)"
74.7.242.45 - - [21/Jul/2026:08:30:50 +0000] "GET /?l=22969152073 HTTP/1.1" 200 98622 "https://globallegacygroup.shop/?u=57168249638" "Mozilla/5.0 AppleWebKit/537.36 (KHTML, like Gecko; compatible; GPTBot/1.4; +https://openai.com/gptbot)"
216.73.217.123 - - [21/Jul/2026:08:30:50 +0000] "GET /?l=2296917639 HTTP/1.1" 200 98622 "-" "Mozilla/5.0 AppleWebKit/537.36 (KHTML, like Gecko; compatible; ClaudeBot/1.0; +claudebot@anthropic.com)"
216.73.217.123 - - [21/Jul/2026:08:30:51 +0000] "GET /?l=22969147363 HTTP/1.1" 200 98622 "-" "Mozilla/5.0 AppleWebKit/537.36 (KHTML, like Gecko; compatible; ClaudeBot/1.0; +claudebot@anthropic.com)"
74.7.242.45 - - [21/Jul/2026:08:30:51 +0000] "GET /?v=35875228041 HTTP/1.1" 200 98622 "https://globallegacygroup.shop/?b=8364349282" "Mozilla/5.0 AppleWebKit/537.36 (KHTML, like Gecko; compatible; GPTBot/1.4; +https://openai.com/gptbot)"
216.73.217.123 - - [21/Jul/2026:08:30:51 +0000] "GET /?l=22969107595 HTTP/1.1" 200 98622 "-" "Mozilla/5.0 AppleWebKit/537.36 (KHTML, like Gecko; compatible; ClaudeBot/1.0; +claudebot@anthropic.com)"
216.73.217.123 - - [21/Jul/2026:08:30:52 +0000] "GET /?l=22969274409 HTTP/1.1" 200 98622 "-" "Mozilla/5.0 AppleWebKit/537.36 (KHTML, like Gecko; compatible; ClaudeBot/1.0; +claudebot@anthropic.com)"
216.73.217.123 - - [21/Jul/2026:08:30:52 +0000] "GET /?l=22969247785 HTTP/1.1" 200 98622 "-" "Mozilla/5.0 AppleWebKit/537.36 (KHTML, like Gecko; compatible; ClaudeBot/1.0; +claudebot@anthropic.com)"
74.7.242.45 - - [21/Jul/2026:08:30:53 +0000] "GET /?r=98297177834 HTTP/1.1" 200 98622 "https://globallegacygroup.shop/?b=8008124655" "Mozilla/5.0 AppleWebKit/537.36 (KHTML, like Gecko; compatible; GPTBot/1.4; +https://openai.com/gptbot)"
216.73.217.123 - - [21/Jul/2026:08:30:53 +0000] "GET /?f=4862514023 HTTP/1.1" 200 98622 "-" "Mozilla/5.0 AppleWebKit/537.36 (KHTML, like Gecko; compatible; ClaudeBot/1.0; +claudebot@anthropic.com)"
216.73.217.123 - - [21/Jul/2026:08:30:53 +0000] "GET /?i=3461468073 HTTP/1.1" 200 98622 "-" "Mozilla/5.0 AppleWebKit/537.36 (KHTML, like Gecko; compatible; ClaudeBot/1.0; +claudebot@anthropic.com)"
216.73.217.123 - - [21/Jul/2026:08:30:54 +0000] "GET /?b=8008168469 HTTP/1.1" 200 98622 "-" "Mozilla/5.0 AppleWebKit/537.36 (KHTML, like Gecko; compatible; ClaudeBot/1.0; +claudebot@anthropic.com)"
74.7.242.45 - - [21/Jul/2026:08:30:54 +0000] "GET /?f=48625251589 HTTP/1.1" 200 98622 "https://globallegacygroup.shop/sitemap741.xml" "Mozilla/5.0 AppleWebKit/537.36 (KHTML, like Gecko; compatible; GPTBot/1.4; +https://openai.com/gptbot)"
216.73.217.123 - - [21/Jul/2026:08:30:55 +0000] "GET /?r=9829716748 HTTP/1.1" 200 98622 "-" "Mozilla/5.0 AppleWebKit/537.36 (KHTML, like Gecko; compatible; ClaudeBot/1.0; +claudebot@anthropic.com)"
216.73.217.123 - - [21/Jul/2026:08:30:55 +0000] "GET /?b=8364341259 HTTP/1.1" 200 98622 "-" "Mozilla/5.0 AppleWebKit/537.36 (KHTML, like Gecko; compatible; ClaudeBot/1.0; +claudebot@anthropic.com)"
216.73.217.123 - - [21/Jul/2026:08:30:55 +0000] "GET /?r=98297285339 HTTP/1.1" 200 98622 "-" "Mozilla/5.0 AppleWebKit/537.36 (KHTML, like Gecko; compatible; ClaudeBot/1.0; +claudebot@anthropic.com)"
74.7.242.45 - - [21/Jul/2026:08:30:55 +0000] "GET /?l=17613143678 HTTP/1.1" 200 98622 "https://globallegacygroup.shop/?l=2296981664" "Mozilla/5.0 AppleWebKit/537.36 (KHTML, like Gecko; compatible; GPTBot/1.4; +https://openai.com/gptbot)"
216.73.217.123 - - [21/Jul/2026:08:30:56 +0000] "GET /?b=8008146167 HTTP/1.1" 200 98622 "-" "Mozilla/5.0 AppleWebKit/537.36 (KHTML, like Gecko; compatible; ClaudeBot/1.0; +claudebot@anthropic.com)"
216.73.217.123 - - [21/Jul/2026:08:30:56 +0000] "GET /?b=80081272161 HTTP/1.1" 200 98622 "-" "Mozilla/5.0 AppleWebKit/537.36 (KHTML, like Gecko; compatible; ClaudeBot/1.0; +claudebot@anthropic.com)"
74.7.242.45 - - [21/Jul/2026:08:30:56 +0000] "GET /?b=80081284165 HTTP/1.1" 200 98622 "https://globallegacygroup.shop/?l=22969182460" "Mozilla/5.0 AppleWebKit/537.36 (KHTML, like Gecko; compatible; GPTBot/1.4; +https://openai.com/gptbot)"
216.73.217.123 - - [21/Jul/2026:08:30:57 +0000] "GET /?b=80081132013 HTTP/1.1" 200 98622 "-" "Mozilla/5.0 AppleWebKit/537.36 (KHTML, like Gecko; compatible; ClaudeBot/1.0; +claudebot@anthropic.com)"
216.73.217.123 - - [21/Jul/2026:08:30:57 +0000] "GET /?b=836435025 HTTP/1.1" 200 98622 "-" "Mozilla/5.0 AppleWebKit/537.36 (KHTML, like Gecko; compatible; ClaudeBot/1.0; +claudebot@anthropic.com)"
216.73.217.123 - - [21/Jul/2026:08:30:58 +0000] "GET /?b=83643176544 HTTP/1.1" 200 98622 "-" "Mozilla/5.0 AppleWebKit/537.36 (KHTML, like Gecko; compatible; ClaudeBot/1.0; +claudebot@anthropic.com)"
74.7.242.45 - - [21/Jul/2026:08:30:58 +0000] "GET /?l=22969289310 HTTP/1.1" 200 98622 "https://globallegacygroup.shop/?f=4862576226" "Mozilla/5.0 AppleWebKit/537.36 (KHTML, like Gecko; compatible; GPTBot/1.4; +https://openai.com/gptbot)"
216.73.217.123 - - [21/Jul/2026:08:30:58 +0000] "GET /?i=346144540 HTTP/1.1" 200 98622 "-" "Mozilla/5.0 AppleWebKit/537.36 (KHTML, like Gecko; compatible; ClaudeBot/1.0; +claudebot@anthropic.com)"
209.127.35.109 - - [21/Jul/2026:08:30:59 +0000] "POST /wp-login.php HTTP/1.1" 503 18040 "-" "Mozilla/5.0 (Windows NT 10.0; Win64; x64) AppleWebKit/537.36 Chrome/129.0.0.0 Safari/537.36"
216.73.217.123 - - [21/Jul/2026:08:30:59 +0000] "GET /?b=8364342770 HTTP/1.1" 200 98622 "-" "Mozilla/5.0 AppleWebKit/537.36 (KHTML, like Gecko; compatible; ClaudeBot/1.0; +claudebot@anthropic.com)"
198.177.124.148 - - [21/Jul/2026:08:31:00 +0000] "POST /?wordfence_syncAttackData=1784622660.2271 HTTP/1.1" 200 - "-" "WordPress/7.0.2; https://globallegacygroup.shop"
216.73.217.123 - - [21/Jul/2026:08:31:00 +0000] "GET /?f=48625186773 HTTP/1.1" 200 98622 "-" "Mozilla/5.0 AppleWebKit/537.36 (KHTML, like Gecko; compatible; ClaudeBot/1.0; +claudebot@anthropic.com)"
74.7.242.45 - - [21/Jul/2026:08:30:59 +0000] "GET /?u=57168126912 HTTP/1.1" 200 98622 "https://globallegacygroup.shop/?u=5716897293" "Mozilla/5.0 AppleWebKit/537.36 (KHTML, like Gecko; compatible; GPTBot/1.4; +https://openai.com/gptbot)"
198.177.124.148 - - [21/Jul/2026:08:31:00 +0000] "POST /?wordfence_syncAttackData=1784622660.3096 HTTP/1.1" 200 98622 "-" "WordPress/7.0.2; https://globallegacygroup.shop"
198.177.124.148 - - [21/Jul/2026:08:31:00 +0000] "POST /?wordfence_syncAttackData=1784622660.3441 HTTP/1.1" 200 98622 "-" "WordPress/7.0.2; https://globallegacygroup.shop"
216.73.217.123 - - [21/Jul/2026:08:30:59 +0000] "GET /?l=22969171003 HTTP/1.1" 200 98622 "-" "Mozilla/5.0 AppleWebKit/537.36 (KHTML, like Gecko; compatible; ClaudeBot/1.0; +claudebot@anthropic.com)"
216.73.217.123 - - [21/Jul/2026:08:30:59 +0000] "GET /?b=8008133300 HTTP/1.1" 200 98622 "-" "Mozilla/5.0 AppleWebKit/537.36 (KHTML, like Gecko; compatible; ClaudeBot/1.0; +claudebot@anthropic.com)"
216.73.217.123 - - [21/Jul/2026:08:31:02 +0000] "GET /?r=9829778913 HTTP/1.1" 200 98622 "-" "Mozilla/5.0 AppleWebKit/537.36 (KHTML, like Gecko; compatible; ClaudeBot/1.0; +claudebot@anthropic.com)"
74.7.242.45 - - [21/Jul/2026:08:31:02 +0000] "GET /?u=57168261006 HTTP/1.1" 200 98622 "https://globallegacygroup.shop/sitemap1.xml" "Mozilla/5.0 AppleWebKit/537.36 (KHTML, like Gecko; compatible; GPTBot/1.4; +https://openai.com/gptbot)"
216.73.217.123 - - [21/Jul/2026:08:31:03 +0000] "GET /?l=22969102671 HTTP/1.1" 200 98622 "-" "Mozilla/5.0 AppleWebKit/537.36 (KHTML, like Gecko; compatible; ClaudeBot/1.0; +claudebot@anthropic.com)"
216.73.217.123 - - [21/Jul/2026:08:31:02 +0000] "GET /?l=22969197007 HTTP/1.1" 200 98622 "-" "Mozilla/5.0 AppleWebKit/537.36 (KHTML, like Gecko; compatible; ClaudeBot/1.0; +claudebot@anthropic.com)"
216.73.217.123 - - [21/Jul/2026:08:31:04 +0000] "GET /?l=2296961203 HTTP/1.1" 200 98622 "-" "Mozilla/5.0 AppleWebKit/537.36 (KHTML, like Gecko; compatible; ClaudeBot/1.0; +claudebot@anthropic.com)"
216.73.217.123 - - [21/Jul/2026:08:31:04 +0000] "GET /?l=1761316468 HTTP/1.1" 200 98622 "-" "Mozilla/5.0 AppleWebKit/537.36 (KHTML, like Gecko; compatible; ClaudeBot/1.0; +claudebot@anthropic.com)"
74.7.242.45 - - [21/Jul/2026:08:31:04 +0000] "GET /?l=2296980593 HTTP/1.1" 200 98622 "https://globallegacygroup.shop/?r=98297210823" "Mozilla/5.0 AppleWebKit/537.36 (KHTML, like Gecko; compatible; GPTBot/1.4; +https://openai.com/gptbot)"
216.73.217.123 - - [21/Jul/2026:08:31:04 +0000] "GET /?b=80081244059 HTTP/1.1" 200 98622 "-" "Mozilla/5.0 AppleWebKit/537.36 (KHTML, like Gecko; compatible; ClaudeBot/1.0; +claudebot@anthropic.com)"
216.73.217.123 - - [21/Jul/2026:08:31:06 +0000] "GET /?l=22969291653 HTTP/1.1" 200 98622 "-" "Mozilla/5.0 AppleWebKit/537.36 (KHTML, like Gecko; compatible; ClaudeBot/1.0; +claudebot@anthropic.com)"
74.7.242.45 - - [21/Jul/2026:08:31:06 +0000] "GET /?f=4862582078 HTTP/1.1" 200 98622 "https://globallegacygroup.shop/?w=46172129057" "Mozilla/5.0 AppleWebKit/537.36 (KHTML, like Gecko; compatible; GPTBot/1.4; +https://openai.com/gptbot)"
216.73.217.123 - - [21/Jul/2026:08:31:07 +0000] "GET /?l=1761354867 HTTP/1.1" 200 98622 "-" "Mozilla/5.0 AppleWebKit/537.36 (KHTML, like Gecko; compatible; ClaudeBot/1.0; +claudebot@anthropic.com)"
216.73.217.123 - - [21/Jul/2026:08:31:07 +0000] "GET /?f=48625120109 HTTP/1.1" 200 98622 "-" "Mozilla/5.0 AppleWebKit/537.36 (KHTML, like Gecko; compatible; ClaudeBot/1.0; +claudebot@anthropic.com)"
216.73.217.123 - - [21/Jul/2026:08:31:07 +0000] "GET /?u=57168220101 HTTP/1.1" 200 98622 "-" "Mozilla/5.0 AppleWebKit/537.36 (KHTML, like Gecko; compatible; ClaudeBot/1.0; +claudebot@anthropic.com)"
74.7.242.45 - - [21/Jul/2026:08:31:07 +0000] "GET /?i=34614119787 HTTP/1.1" 200 98622 "https://globallegacygroup.shop/?r=98297208668" "Mozilla/5.0 AppleWebKit/537.36 (KHTML, like Gecko; compatible; GPTBot/1.4; +https://openai.com/gptbot)"
216.73.217.123 - - [21/Jul/2026:08:31:09 +0000] "GET /?l=22969221709 HTTP/1.1" 200 98622 "-" "Mozilla/5.0 AppleWebKit/537.36 (KHTML, like Gecko; compatible; ClaudeBot/1.0; +claudebot@anthropic.com)"
216.73.217.123 - - [21/Jul/2026:08:31:09 +0000] "GET /?r=9829748714 HTTP/1.1" 200 98622 "-" "Mozilla/5.0 AppleWebKit/537.36 (KHTML, like Gecko; compatible; ClaudeBot/1.0; +claudebot@anthropic.com)"
74.7.242.45 - - [21/Jul/2026:08:31:09 +0000] "GET /?u=57168175219 HTTP/1.1" 200 98622 "https://globallegacygroup.shop/?i=3461462587" "Mozilla/5.0 AppleWebKit/537.36 (KHTML, like Gecko; compatible; GPTBot/1.4; +https://openai.com/gptbot)"
216.73.217.123 - - [21/Jul/2026:08:31:09 +0000] "GET /?f=48625222234 HTTP/1.1" 200 98622 "-" "Mozilla/5.0 AppleWebKit/537.36 (KHTML, like Gecko; compatible; ClaudeBot/1.0; +claudebot@anthropic.com)"
216.73.217.123 - - [21/Jul/2026:08:31:10 +0000] "GET /?l=22969139546 HTTP/1.1" 200 98622 "-" "Mozilla/5.0 AppleWebKit/537.36 (KHTML, like Gecko; compatible; ClaudeBot/1.0; +claudebot@anthropic.com)"
216.73.217.123 - - [21/Jul/2026:08:31:12 +0000] "GET /?l=1761365781 HTTP/1.1" 200 98622 "-" "Mozilla/5.0 AppleWebKit/537.36 (KHTML, like Gecko; compatible; ClaudeBot/1.0; +claudebot@anthropic.com)"
216.73.217.123 - - [21/Jul/2026:08:31:12 +0000] "GET /?f=4862543119 HTTP/1.1" 200 98622 "-" "Mozilla/5.0 AppleWebKit/537.36 (KHTML, like Gecko; compatible; ClaudeBot/1.0; +claudebot@anthropic.com)"
74.7.242.45 - - [21/Jul/2026:08:31:12 +0000] "GET /?u=57168274695 HTTP/1.1" 200 98622 "https://globallegacygroup.shop/?u=57168271380" "Mozilla/5.0 AppleWebKit/537.36 (KHTML, like Gecko; compatible; GPTBot/1.4; +https://openai.com/gptbot)"
216.73.217.123 - - [21/Jul/2026:08:31:12 +0000] "GET /?l=22969161289 HTTP/1.1" 200 98622 "-" "Mozilla/5.0 AppleWebKit/537.36 (KHTML, like Gecko; compatible; ClaudeBot/1.0; +claudebot@anthropic.com)"
74.7.242.45 - - [21/Jul/2026:08:31:14 +0000] "GET /?v=35875119140 HTTP/1.1" 200 98622 "https://globallegacygroup.shop/?w=46172109422" "Mozilla/5.0 AppleWebKit/537.36 (KHTML, like Gecko; compatible; GPTBot/1.4; +https://openai.com/gptbot)"
216.73.217.123 - - [21/Jul/2026:08:31:14 +0000] "GET /?b=83643273729 HTTP/1.1" 200 98622 "-" "Mozilla/5.0 AppleWebKit/537.36 (KHTML, like Gecko; compatible; ClaudeBot/1.0; +claudebot@anthropic.com)"
216.73.217.123 - - [21/Jul/2026:08:31:14 +0000] "GET /?w=4617273639 HTTP/1.1" 404 83591 "-" "Mozilla/5.0 AppleWebKit/537.36 (KHTML, like Gecko; compatible; ClaudeBot/1.0; +claudebot@anthropic.com)"
198.177.124.148 - - [21/Jul/2026:08:31:16 +0000] "POST /wp-cron.php?doing_wp_cron=1784622676.2027339935302734375000 HTTP/1.1" 200 - "-" "WordPress/7.0.2; https://globallegacygroup.shop"
216.73.217.123 - - [21/Jul/2026:08:31:14 +0000] "GET /?r=98297220355 HTTP/1.1" 200 98622 "-" "Mozilla/5.0 AppleWebKit/537.36 (KHTML, like Gecko; compatible; ClaudeBot/1.0; +claudebot@anthropic.com)"
74.7.242.45 - - [21/Jul/2026:08:31:15 +0000] "GET /?i=34614160635 HTTP/1.1" 200 98622 "https://globallegacygroup.shop/?r=9829756110" "Mozilla/5.0 AppleWebKit/537.36 (KHTML, like Gecko; compatible; GPTBot/1.4; +https://openai.com/gptbot)"
216.73.217.123 - - [21/Jul/2026:08:31:15 +0000] "GET /?l=2296936501 HTTP/1.1" 200 98622 "-" "Mozilla/5.0 AppleWebKit/537.36 (KHTML, like Gecko; compatible; ClaudeBot/1.0; +claudebot@anthropic.com)"
198.177.124.148 - - [21/Jul/2026:08:31:18 +0000] "POST /wp-cron.php?doing_wp_cron=1784622678.2575669288635253906250 HTTP/1.1" 200 - "-" "WordPress/7.0.2; https://globallegacygroup.shop"
216.73.217.123 - - [21/Jul/2026:08:31:16 +0000] "GET /?b=80081291480 HTTP/1.1" 200 98622 "-" "Mozilla/5.0 AppleWebKit/537.36 (KHTML, like Gecko; compatible; ClaudeBot/1.0; +claudebot@anthropic.com)"
216.73.217.123 - - [21/Jul/2026:08:31:16 +0000] "GET /?f=48625136944 HTTP/1.1" 200 98622 "-" "Mozilla/5.0 AppleWebKit/537.36 (KHTML, like Gecko; compatible; ClaudeBot/1.0; +claudebot@anthropic.com)"
74.7.242.45 - - [21/Jul/2026:08:31:17 +0000] "GET /?r=98297243347 HTTP/1.1" 200 98622 "https://globallegacygroup.shop/?w=46172276265" "Mozilla/5.0 AppleWebKit/537.36 (KHTML, like Gecko; compatible; GPTBot/1.4; +https://openai.com/gptbot)"
216.73.217.123 - - [21/Jul/2026:08:31:18 +0000] "GET /?l=17613150100 HTTP/1.1" 200 98622 "-" "Mozilla/5.0 AppleWebKit/537.36 (KHTML, like Gecko; compatible; ClaudeBot/1.0; +claudebot@anthropic.com)"
216.73.217.123 - - [21/Jul/2026:08:31:18 +0000] "GET /?b=8008149949 HTTP/1.1" 200 98622 "-" "Mozilla/5.0 AppleWebKit/537.36 (KHTML, like Gecko; compatible; ClaudeBot/1.0; +claudebot@anthropic.com)"
216.73.217.123 - - [21/Jul/2026:08:31:19 +0000] "GET /?r=98297289262 HTTP/1.1" 200 98622 "-" "Mozilla/5.0 AppleWebKit/537.36 (KHTML, like Gecko; compatible; ClaudeBot/1.0; +claudebot@anthropic.com)"
74.7.242.45 - - [21/Jul/2026:08:31:19 +0000] "GET /?r=98297240771 HTTP/1.1" 200 98622 "https://globallegacygroup.shop/?f=4862575661" "Mozilla/5.0 AppleWebKit/537.36 (KHTML, like Gecko; compatible; GPTBot/1.4; +https://openai.com/gptbot)"
216.73.217.123 - - [21/Jul/2026:08:31:20 +0000] "GET /?f=4862566776 HTTP/1.1" 200 98622 "-" "Mozilla/5.0 AppleWebKit/537.36 (KHTML, like Gecko; compatible; ClaudeBot/1.0; +claudebot@anthropic.com)"
216.73.217.123 - - [21/Jul/2026:08:31:21 +0000] "GET /?r=98297209831 HTTP/1.1" 200 98622 "-" "Mozilla/5.0 AppleWebKit/537.36 (KHTML, like Gecko; compatible; ClaudeBot/1.0; +claudebot@anthropic.com)"
216.144.245.71 - - [21/Jul/2026:08:31:22 +0000] "POST /wp-login.php HTTP/1.1" 503 18040 "-" "Mozilla/5.0"
216.73.217.123 - - [21/Jul/2026:08:31:21 +0000] "GET /?b=80081290811 HTTP/1.1" 200 98622 "-" "Mozilla/5.0 AppleWebKit/537.36 (KHTML, like Gecko; compatible; ClaudeBot/1.0; +claudebot@anthropic.com)"
216.73.217.123 - - [21/Jul/2026:08:31:22 +0000] "GET /?f=4862517336 HTTP/1.1" 200 98622 "-" "Mozilla/5.0 AppleWebKit/537.36 (KHTML, like Gecko; compatible; ClaudeBot/1.0; +claudebot@anthropic.com)"
198.177.124.148 - - [21/Jul/2026:08:31:23 +0000] "POST /?wordfence_syncAttackData=1784622683.1431 HTTP/1.1" 200 - "-" "WordPress/7.0.2; https://globallegacygroup.shop"
216.73.217.123 - - [21/Jul/2026:08:31:23 +0000] "GET /?l=1761358221 HTTP/1.1" 200 98622 "-" "Mozilla/5.0 AppleWebKit/537.36 (KHTML, like Gecko; compatible; ClaudeBot/1.0; +claudebot@anthropic.com)"
74.7.242.45 - - [21/Jul/2026:08:31:22 +0000] "GET /?v=3587520977 HTTP/1.1" 200 98622 "https://globallegacygroup.shop/?l=1761322784" "Mozilla/5.0 AppleWebKit/537.36 (KHTML, like Gecko; compatible; GPTBot/1.4; +https://openai.com/gptbot)"
216.73.217.123 - - [21/Jul/2026:08:31:23 +0000] "GET /?l=1761354953 HTTP/1.1" 200 98622 "-" "Mozilla/5.0 AppleWebKit/537.36 (KHTML, like Gecko; compatible; ClaudeBot/1.0; +claudebot@anthropic.com)"
216.73.217.123 - - [21/Jul/2026:08:31:24 +0000] "GET /?l=1761322872 HTTP/1.1" 200 98622 "-" "Mozilla/5.0 AppleWebKit/537.36 (KHTML, like Gecko; compatible; ClaudeBot/1.0; +claudebot@anthropic.com)"
74.7.242.45 - - [21/Jul/2026:08:31:25 +0000] "GET /?r=9829752482 HTTP/1.1" 200 98622 "https://globallegacygroup.shop/?u=57168217100" "Mozilla/5.0 AppleWebKit/537.36 (KHTML, like Gecko; compatible; GPTBot/1.4; +https://openai.com/gptbot)"
216.73.217.123 - - [21/Jul/2026:08:31:25 +0000] "GET /?l=22969158550 HTTP/1.1" 200 98622 "-" "Mozilla/5.0 AppleWebKit/537.36 (KHTML, like Gecko; compatible; ClaudeBot/1.0; +claudebot@anthropic.com)"
216.73.217.123 - - [21/Jul/2026:08:31:25 +0000] "GET /?l=22969129885 HTTP/1.1" 200 98622 "-" "Mozilla/5.0 AppleWebKit/537.36 (KHTML, like Gecko; compatible; ClaudeBot/1.0; +claudebot@anthropic.com)"
216.73.217.123 - - [21/Jul/2026:08:31:26 +0000] "GET /?r=9829791047 HTTP/1.1" 200 98622 "-" "Mozilla/5.0 AppleWebKit/537.36 (KHTML, like Gecko; compatible; ClaudeBot/1.0; +claudebot@anthropic.com)"
216.73.217.123 - - [21/Jul/2026:08:31:27 +0000] "GET /?f=48625120171 HTTP/1.1" 200 98622 "-" "Mozilla/5.0 AppleWebKit/537.36 (KHTML, like Gecko; compatible; ClaudeBot/1.0; +claudebot@anthropic.com)"
74.7.242.45 - - [21/Jul/2026:08:31:27 +0000] "GET /?b=80081206426 HTTP/1.1" 200 98622 "https://globallegacygroup.shop/?l=2296967597" "Mozilla/5.0 AppleWebKit/537.36 (KHTML, like Gecko; compatible; GPTBot/1.4; +https://openai.com/gptbot)"
104.105.80.153 - - [21/Jul/2026:08:31:27 +0000] "POST /wp-login.php HTTP/1.1" 200 5757 "-" "Mozilla/5.0 (Windows NT 10.0; WOW64) AppleWebKit/537.36 (KHTML, like Gecko) Chrome/118.0.0.0 Safari/537.36"
216.73.217.123 - - [21/Jul/2026:08:31:28 +0000] "GET /?i=34614288705 HTTP/1.1" 200 98622 "-" "Mozilla/5.0 AppleWebKit/537.36 (KHTML, like Gecko; compatible; ClaudeBot/1.0; +claudebot@anthropic.com)"
216.73.217.123 - - [21/Jul/2026:08:31:30 +0000] "GET /?l=22969235976 HTTP/1.1" 200 98622 "-" "Mozilla/5.0 AppleWebKit/537.36 (KHTML, like Gecko; compatible; ClaudeBot/1.0; +claudebot@anthropic.com)"
216.73.217.123 - - [21/Jul/2026:08:31:29 +0000] "GET /?i=3461415944 HTTP/1.1" 200 98622 "-" "Mozilla/5.0 AppleWebKit/537.36 (KHTML, like Gecko; compatible; ClaudeBot/1.0; +claudebot@anthropic.com)"
74.7.242.45 - - [21/Jul/2026:08:31:30 +0000] "GET /?f=4862522175 HTTP/1.1" 200 98622 "https://globallegacygroup.shop/?w=4617243677" "Mozilla/5.0 AppleWebKit/537.36 (KHTML, like Gecko; compatible; GPTBot/1.4; +https://openai.com/gptbot)"
216.73.217.123 - - [21/Jul/2026:08:31:30 +0000] "GET /?l=22969286410 HTTP/1.1" 200 98622 "-" "Mozilla/5.0 AppleWebKit/537.36 (KHTML, like Gecko; compatible; ClaudeBot/1.0; +claudebot@anthropic.com)"
216.73.217.123 - - [21/Jul/2026:08:31:32 +0000] "GET /?r=98297263236 HTTP/1.1" 200 98622 "-" "Mozilla/5.0 AppleWebKit/537.36 (KHTML, like Gecko; compatible; ClaudeBot/1.0; +claudebot@anthropic.com)"
216.73.217.123 - - [21/Jul/2026:08:31:32 +0000] "GET /?l=22969220485 HTTP/1.1" 200 98622 "-" "Mozilla/5.0 AppleWebKit/537.36 (KHTML, like Gecko; compatible; ClaudeBot/1.0; +claudebot@anthropic.com)"
74.7.242.45 - - [21/Jul/2026:08:31:32 +0000] "GET /?l=1761331905 HTTP/1.1" 200 98622 "https://globallegacygroup.shop/?w=4617243882" "Mozilla/5.0 AppleWebKit/537.36 (KHTML, like Gecko; compatible; GPTBot/1.4; +https://openai.com/gptbot)"
216.73.217.123 - - [21/Jul/2026:08:31:33 +0000] "GET /?b=83643176573 HTTP/1.1" 200 98622 "-" "Mozilla/5.0 AppleWebKit/537.36 (KHTML, like Gecko; compatible; ClaudeBot/1.0; +claudebot@anthropic.com)"
216.73.217.123 - - [21/Jul/2026:08:31:34 +0000] "GET /?b=80081201558 HTTP/1.1" 200 98622 "-" "Mozilla/5.0 AppleWebKit/537.36 (KHTML, like Gecko; compatible; ClaudeBot/1.0; +claudebot@anthropic.com)"
74.7.242.45 - - [21/Jul/2026:08:31:35 +0000] "GET /?i=34614199020 HTTP/1.1" 200 98622 "https://globallegacygroup.shop/?u=57168223176" "Mozilla/5.0 AppleWebKit/537.36 (KHTML, like Gecko; compatible; GPTBot/1.4; +https://openai.com/gptbot)"
216.73.217.123 - - [21/Jul/2026:08:31:35 +0000] "GET /?l=2296922123 HTTP/1.1" 200 98622 "-" "Mozilla/5.0 AppleWebKit/537.36 (KHTML, like Gecko; compatible; ClaudeBot/1.0; +claudebot@anthropic.com)"
216.73.217.123 - - [21/Jul/2026:08:31:35 +0000] "GET /?b=8364315983 HTTP/1.1" 200 98622 "-" "Mozilla/5.0 AppleWebKit/537.36 (KHTML, like Gecko; compatible; ClaudeBot/1.0; +claudebot@anthropic.com)"
216.73.217.123 - - [21/Jul/2026:08:31:36 +0000] "GET /?f=48625270973 HTTP/1.1" 200 98622 "-" "Mozilla/5.0 AppleWebKit/537.36 (KHTML, like Gecko; compatible; ClaudeBot/1.0; +claudebot@anthropic.com)"
216.73.217.123 - - [21/Jul/2026:08:31:36 +0000] "GET /?l=1761317307 HTTP/1.1" 200 98622 "-" "Mozilla/5.0 AppleWebKit/537.36 (KHTML, like Gecko; compatible; ClaudeBot/1.0; +claudebot@anthropic.com)"
74.7.242.45 - - [21/Jul/2026:08:31:36 +0000] "GET /?l=2296987640 HTTP/1.1" 200 98622 "https://globallegacygroup.shop/?b=8364394500" "Mozilla/5.0 AppleWebKit/537.36 (KHTML, like Gecko; compatible; GPTBot/1.4; +https://openai.com/gptbot)"
216.73.217.123 - - [21/Jul/2026:08:31:37 +0000] "GET /?b=8364342911 HTTP/1.1" 200 98622 "-" "Mozilla/5.0 AppleWebKit/537.36 (KHTML, like Gecko; compatible; ClaudeBot/1.0; +claudebot@anthropic.com)"
216.73.217.123 - - [21/Jul/2026:08:31:38 +0000] "GET /?l=17613118906 HTTP/1.1" 200 98622 "-" "Mozilla/5.0 AppleWebKit/537.36 (KHTML, like Gecko; compatible; ClaudeBot/1.0; +claudebot@anthropic.com)"
216.73.217.123 - - [21/Jul/2026:08:31:38 +0000] "GET /?f=48625206783 HTTP/1.1" 200 98622 "-" "Mozilla/5.0 AppleWebKit/537.36 (KHTML, like Gecko; compatible; ClaudeBot/1.0; +claudebot@anthropic.com)"
74.7.242.45 - - [21/Jul/2026:08:31:38 +0000] "GET /?w=4617288587 HTTP/1.1" 404 83591 "https://globallegacygroup.shop/?v=35875279733" "Mozilla/5.0 AppleWebKit/537.36 (KHTML, like Gecko; compatible; GPTBot/1.4; +https://openai.com/gptbot)"
209.127.35.109 - - [21/Jul/2026:08:31:39 +0000] "POST /wp-login.php HTTP/1.1" 503 18040 "-" "Mozilla/5.0 (Windows NT 10.0; Win64; rv:143.0) Gecko/20100101 Firefox/143.0"
216.73.217.123 - - [21/Jul/2026:08:31:38 +0000] "GET /?r=9829768977 HTTP/1.1" 200 98622 "-" "Mozilla/5.0 AppleWebKit/537.36 (KHTML, like Gecko; compatible; ClaudeBot/1.0; +claudebot@anthropic.com)"
198.177.124.148 - - [21/Jul/2026:08:31:41 +0000] "POST /?wordfence_syncAttackData=1784622701.2777 HTTP/1.1" 200 - "-" "WordPress/7.0.2; https://globallegacygroup.shop"
216.73.217.123 - - [21/Jul/2026:08:31:40 +0000] "GET /?w=461729618 HTTP/1.1" 404 83591 "-" "Mozilla/5.0 AppleWebKit/537.36 (KHTML, like Gecko; compatible; ClaudeBot/1.0; +claudebot@anthropic.com)"
216.73.217.123 - - [21/Jul/2026:08:31:40 +0000] "GET /?b=80081176261 HTTP/1.1" 200 98622 "-" "Mozilla/5.0 AppleWebKit/537.36 (KHTML, like Gecko; compatible; ClaudeBot/1.0; +claudebot@anthropic.com)"
216.73.217.123 - - [21/Jul/2026:08:31:41 +0000] "GET /?l=22969118355 HTTP/1.1" 200 98622 "-" "Mozilla/5.0 AppleWebKit/537.36 (KHTML, like Gecko; compatible; ClaudeBot/1.0; +claudebot@anthropic.com)"
198.177.124.148 - - [21/Jul/2026:08:31:41 +0000] "POST /?wordfence_syncAttackData=1784622701.6279 HTTP/1.1" 200 98622 "-" "WordPress/7.0.2; https://globallegacygroup.shop"
74.7.242.45 - - [21/Jul/2026:08:31:40 +0000] "GET /?v=35875253020 HTTP/1.1" 200 98622 "https://globallegacygroup.shop/?l=22969193838" "Mozilla/5.0 AppleWebKit/537.36 (KHTML, like Gecko; compatible; GPTBot/1.4; +https://openai.com/gptbot)"
198.177.124.148 - - [21/Jul/2026:08:31:42 +0000] "POST /?wordfence_syncAttackData=1784622701.9633 HTTP/1.1" 200 98622 "-" "WordPress/7.0.2; https://globallegacygroup.shop"
216.73.217.123 - - [21/Jul/2026:08:31:43 +0000] "GET /?b=800819500 HTTP/1.1" 200 98622 "-" "Mozilla/5.0 AppleWebKit/537.36 (KHTML, like Gecko; compatible; ClaudeBot/1.0; +claudebot@anthropic.com)"
74.7.242.45 - - [21/Jul/2026:08:31:44 +0000] "GET /?f=4862536338 HTTP/1.1" 200 98622 "https://globallegacygroup.shop/?i=34614199158" "Mozilla/5.0 AppleWebKit/537.36 (KHTML, like Gecko; compatible; GPTBot/1.4; +https://openai.com/gptbot)"
216.73.217.123 - - [21/Jul/2026:08:31:44 +0000] "GET /?f=4862567731 HTTP/1.1" 200 98622 "-" "Mozilla/5.0 AppleWebKit/537.36 (KHTML, like Gecko; compatible; ClaudeBot/1.0; +claudebot@anthropic.com)"
216.73.217.123 - - [21/Jul/2026:08:31:44 +0000] "GET /?r=9829710889 HTTP/1.1" 200 98622 "-" "Mozilla/5.0 AppleWebKit/537.36 (KHTML, like Gecko; compatible; ClaudeBot/1.0; +claudebot@anthropic.com)"
216.73.217.123 - - [21/Jul/2026:08:31:46 +0000] "GET /?l=22969274293 HTTP/1.1" 200 98622 "-" "Mozilla/5.0 AppleWebKit/537.36 (KHTML, like Gecko; compatible; ClaudeBot/1.0; +claudebot@anthropic.com)"
74.7.242.45 - - [21/Jul/2026:08:31:46 +0000] "GET /?l=17613204077 HTTP/1.1" 200 98622 "https://globallegacygroup.shop/?l=22969152563" "Mozilla/5.0 AppleWebKit/537.36 (KHTML, like Gecko; compatible; GPTBot/1.4; +https://openai.com/gptbot)"
216.73.217.123 - - [21/Jul/2026:08:31:46 +0000] "GET /?f=4862530866 HTTP/1.1" 200 98622 "-" "Mozilla/5.0 AppleWebKit/537.36 (KHTML, like Gecko; compatible; ClaudeBot/1.0; +claudebot@anthropic.com)"
216.73.217.123 - - [21/Jul/2026:08:31:46 +0000] "GET /?i=3461471843 HTTP/1.1" 200 98622 "-" "Mozilla/5.0 AppleWebKit/537.36 (KHTML, like Gecko; compatible; ClaudeBot/1.0; +claudebot@anthropic.com)"
216.73.217.123 - - [21/Jul/2026:08:31:47 +0000] "GET /?f=48625278641 HTTP/1.1" 200 98622 "-" "Mozilla/5.0 AppleWebKit/537.36 (KHTML, like Gecko; compatible; ClaudeBot/1.0; +claudebot@anthropic.com)"
74.7.242.45 - - [21/Jul/2026:08:31:48 +0000] "GET /?l=22969140196 HTTP/1.1" 200 98622 "https://globallegacygroup.shop/?f=48625139890" "Mozilla/5.0 AppleWebKit/537.36 (KHTML, like Gecko; compatible; GPTBot/1.4; +https://openai.com/gptbot)"
216.73.217.123 - - [21/Jul/2026:08:31:48 +0000] "GET /?b=8364393514 HTTP/1.1" 200 98622 "-" "Mozilla/5.0 AppleWebKit/537.36 (KHTML, like Gecko; compatible; ClaudeBot/1.0; +claudebot@anthropic.com)"
216.73.217.123 - - [21/Jul/2026:08:31:48 +0000] "GET /?b=8008147980 HTTP/1.1" 200 98622 "-" "Mozilla/5.0 AppleWebKit/537.36 (KHTML, like Gecko; compatible; ClaudeBot/1.0; +claudebot@anthropic.com)"
74.7.242.45 - - [21/Jul/2026:08:31:50 +0000] "GET /?f=48625102634 HTTP/1.1" 200 98622 "https://globallegacygroup.shop/?l=2296951694" "Mozilla/5.0 AppleWebKit/537.36 (KHTML, like Gecko; compatible; GPTBot/1.4; +https://openai.com/gptbot)"
216.73.217.123 - - [21/Jul/2026:08:31:50 +0000] "GET /?b=83643205918 HTTP/1.1" 200 98622 "-" "Mozilla/5.0 AppleWebKit/537.36 (KHTML, like Gecko; compatible; ClaudeBot/1.0; +claudebot@anthropic.com)"
216.73.217.123 - - [21/Jul/2026:08:31:50 +0000] "GET /?w=4617252201 HTTP/1.1" 404 83591 "-" "Mozilla/5.0 AppleWebKit/537.36 (KHTML, like Gecko; compatible; ClaudeBot/1.0; +claudebot@anthropic.com)"
216.73.217.123 - - [21/Jul/2026:08:31:51 +0000] "GET /?r=98297101844 HTTP/1.1" 200 98622 "-" "Mozilla/5.0 AppleWebKit/537.36 (KHTML, like Gecko; compatible; ClaudeBot/1.0; +claudebot@anthropic.com)"
74.7.242.45 - - [21/Jul/2026:08:31:52 +0000] "GET /?l=2296963585 HTTP/1.1" 200 98622 "https://globallegacygroup.shop/?b=83643226762" "Mozilla/5.0 AppleWebKit/537.36 (KHTML, like Gecko; compatible; GPTBot/1.4; +https://openai.com/gptbot)"
216.73.217.123 - - [21/Jul/2026:08:31:52 +0000] "GET /?b=83643208759 HTTP/1.1" 200 98622 "-" "Mozilla/5.0 AppleWebKit/537.36 (KHTML, like Gecko; compatible; ClaudeBot/1.0; +claudebot@anthropic.com)"
216.73.217.123 - - [21/Jul/2026:08:31:53 +0000] "GET /?l=22969132941 HTTP/1.1" 200 98622 "-" "Mozilla/5.0 AppleWebKit/537.36 (KHTML, like Gecko; compatible; ClaudeBot/1.0; +claudebot@anthropic.com)"
216.73.217.123 - - [21/Jul/2026:08:31:53 +0000] "GET /?b=8364362658 HTTP/1.1" 200 98622 "-" "Mozilla/5.0 AppleWebKit/537.36 (KHTML, like Gecko; compatible; ClaudeBot/1.0; +claudebot@anthropic.com)"
74.7.242.45 - - [21/Jul/2026:08:31:56 +0000] "GET /?f=48625250144 HTTP/1.1" 200 98622 "https://globallegacygroup.shop/?b=83643118590" "Mozilla/5.0 AppleWebKit/537.36 (KHTML, like Gecko; compatible; GPTBot/1.4; +https://openai.com/gptbot)"
216.73.217.123 - - [21/Jul/2026:08:31:56 +0000] "GET /?b=8364317245 HTTP/1.1" 200 98622 "-" "Mozilla/5.0 AppleWebKit/537.36 (KHTML, like Gecko; compatible; ClaudeBot/1.0; +claudebot@anthropic.com)"
216.73.217.123 - - [21/Jul/2026:08:31:57 +0000] "GET /?l=22969158722 HTTP/1.1" 200 98622 "-" "Mozilla/5.0 AppleWebKit/537.36 (KHTML, like Gecko; compatible; ClaudeBot/1.0; +claudebot@anthropic.com)"
216.73.217.123 - - [21/Jul/2026:08:31:57 +0000] "GET /?r=9829713154 HTTP/1.1" 200 98622 "-" "Mozilla/5.0 AppleWebKit/537.36 (KHTML, like Gecko; compatible; ClaudeBot/1.0; +claudebot@anthropic.com)"
216.73.217.123 - - [21/Jul/2026:08:31:59 +0000] "GET /?r=98297226483 HTTP/1.1" 200 98622 "-" "Mozilla/5.0 AppleWebKit/537.36 (KHTML, like Gecko; compatible; ClaudeBot/1.0; +claudebot@anthropic.com)"
74.7.242.45 - - [21/Jul/2026:08:31:59 +0000] "GET /?i=34614192025 HTTP/1.1" 200 98622 "https://globallegacygroup.shop/?u=5716880847" "Mozilla/5.0 AppleWebKit/537.36 (KHTML, like Gecko; compatible; GPTBot/1.4; +https://openai.com/gptbot)"
216.73.217.123 - - [21/Jul/2026:08:32:00 +0000] "GET /?l=22969130228 HTTP/1.1" 200 98622 "-" "Mozilla/5.0 AppleWebKit/537.36 (KHTML, like Gecko; compatible; ClaudeBot/1.0; +claudebot@anthropic.com)"
216.73.217.123 - - [21/Jul/2026:08:31:59 +0000] "GET /?r=98297218399 HTTP/1.1" 200 98622 "-" "Mozilla/5.0 AppleWebKit/537.36 (KHTML, like Gecko; compatible; ClaudeBot/1.0; +claudebot@anthropic.com)"
216.73.217.123 - - [21/Jul/2026:08:32:02 +0000] "GET /?w=4617294672 HTTP/1.1" 404 83591 "-" "Mozilla/5.0 AppleWebKit/537.36 (KHTML, like Gecko; compatible; ClaudeBot/1.0; +claudebot@anthropic.com)"
74.7.242.45 - - [21/Jul/2026:08:32:02 +0000] "GET /?b=8364359419 HTTP/1.1" 200 98622 "https://globallegacygroup.shop/?b=83643170878" "Mozilla/5.0 AppleWebKit/537.36 (KHTML, like Gecko; compatible; GPTBot/1.4; +https://openai.com/gptbot)"
216.73.217.123 - - [21/Jul/2026:08:32:02 +0000] "GET /?r=98297288929 HTTP/1.1" 200 98622 "-" "Mozilla/5.0 AppleWebKit/537.36 (KHTML, like Gecko; compatible; ClaudeBot/1.0; +claudebot@anthropic.com)"
216.73.217.123 - - [21/Jul/2026:08:32:02 +0000] "GET /?l=22969133052 HTTP/1.1" 200 98622 "-" "Mozilla/5.0 AppleWebKit/537.36 (KHTML, like Gecko; compatible; ClaudeBot/1.0; +claudebot@anthropic.com)"
216.73.217.123 - - [21/Jul/2026:08:32:04 +0000] "GET /?l=22969196773 HTTP/1.1" 200 98622 "-" "Mozilla/5.0 AppleWebKit/537.36 (KHTML, like Gecko; compatible; ClaudeBot/1.0; +claudebot@anthropic.com)"
74.7.242.45 - - [21/Jul/2026:08:32:04 +0000] "GET /?f=48625143241 HTTP/1.1" 200 98622 "https://globallegacygroup.shop/?i=34614198902" "Mozilla/5.0 AppleWebKit/537.36 (KHTML, like Gecko; compatible; GPTBot/1.4; +https://openai.com/gptbot)"
216.73.217.123 - - [21/Jul/2026:08:32:04 +0000] "GET /?r=9829761394 HTTP/1.1" 200 98622 "-" "Mozilla/5.0 AppleWebKit/537.36 (KHTML, like Gecko; compatible; ClaudeBot/1.0; +claudebot@anthropic.com)"
216.73.217.123 - - [21/Jul/2026:08:32:05 +0000] "GET /?u=5716853025 HTTP/1.1" 200 98622 "-" "Mozilla/5.0 AppleWebKit/537.36 (KHTML, like Gecko; compatible; ClaudeBot/1.0; +claudebot@anthropic.com)"
216.73.217.123 - - [21/Jul/2026:08:32:05 +0000] "GET /?l=22969192122 HTTP/1.1" 200 98622 "-" "Mozilla/5.0 AppleWebKit/537.36 (KHTML, like Gecko; compatible; ClaudeBot/1.0; +claudebot@anthropic.com)"
74.7.242.45 - - [21/Jul/2026:08:32:06 +0000] "GET /?r=9829789037 HTTP/1.1" 200 98622 "https://globallegacygroup.shop/?f=48625143055" "Mozilla/5.0 AppleWebKit/537.36 (KHTML, like Gecko; compatible; GPTBot/1.4; +https://openai.com/gptbot)"
216.73.217.123 - - [21/Jul/2026:08:32:06 +0000] "GET /?l=22969297880 HTTP/1.1" 200 98622 "-" "Mozilla/5.0 AppleWebKit/537.36 (KHTML, like Gecko; compatible; ClaudeBot/1.0; +claudebot@anthropic.com)"
216.73.217.123 - - [21/Jul/2026:08:32:07 +0000] "GET /?f=48625146210 HTTP/1.1" 200 98622 "-" "Mozilla/5.0 AppleWebKit/537.36 (KHTML, like Gecko; compatible; ClaudeBot/1.0; +claudebot@anthropic.com)"
216.73.217.123 - - [21/Jul/2026:08:32:07 +0000] "GET /?i=3461484431 HTTP/1.1" 200 98622 "-" "Mozilla/5.0 AppleWebKit/537.36 (KHTML, like Gecko; compatible; ClaudeBot/1.0; +claudebot@anthropic.com)"
74.7.242.45 - - [21/Jul/2026:08:32:07 +0000] "GET /?w=46172101658 HTTP/1.1" 404 83591 "https://globallegacygroup.shop/?v=35875281430" "Mozilla/5.0 AppleWebKit/537.36 (KHTML, like Gecko; compatible; GPTBot/1.4; +https://openai.com/gptbot)"
216.73.217.123 - - [21/Jul/2026:08:32:08 +0000] "GET /?i=3461482773 HTTP/1.1" 200 98622 "-" "Mozilla/5.0 AppleWebKit/537.36 (KHTML, like Gecko; compatible; ClaudeBot/1.0; +claudebot@anthropic.com)"
216.73.217.123 - - [21/Jul/2026:08:32:08 +0000] "GET /?l=22969127777 HTTP/1.1" 200 98622 "-" "Mozilla/5.0 AppleWebKit/537.36 (KHTML, like Gecko; compatible; ClaudeBot/1.0; +claudebot@anthropic.com)"
216.73.217.123 - - [21/Jul/2026:08:32:09 +0000] "GET /?f=48625107776 HTTP/1.1" 200 98622 "-" "Mozilla/5.0 AppleWebKit/537.36 (KHTML, like Gecko; compatible; ClaudeBot/1.0; +claudebot@anthropic.com)"
216.73.217.123 - - [21/Jul/2026:08:32:10 +0000] "GET /?b=80081155488 HTTP/1.1" 200 98622 "-" "Mozilla/5.0 AppleWebKit/537.36 (KHTML, like Gecko; compatible; ClaudeBot/1.0; +claudebot@anthropic.com)"
74.7.242.45 - - [21/Jul/2026:08:32:09 +0000] "GET /?r=9829750078 HTTP/1.1" 200 98622 "https://globallegacygroup.shop/?r=9829723262" "Mozilla/5.0 AppleWebKit/537.36 (KHTML, like Gecko; compatible; GPTBot/1.4; +https://openai.com/gptbot)"
216.73.217.123 - - [21/Jul/2026:08:32:11 +0000] "GET /?r=98297182202 HTTP/1.1" 200 98622 "-" "Mozilla/5.0 AppleWebKit/537.36 (KHTML, like Gecko; compatible; ClaudeBot/1.0; +claudebot@anthropic.com)"
216.73.217.123 - - [21/Jul/2026:08:32:11 +0000] "GET /?r=98297129392 HTTP/1.1" 200 98622 "-" "Mozilla/5.0 AppleWebKit/537.36 (KHTML, like Gecko; compatible; ClaudeBot/1.0; +claudebot@anthropic.com)"
216.73.217.123 - - [21/Jul/2026:08:32:12 +0000] "GET /?f=48625203555 HTTP/1.1" 200 98622 "-" "Mozilla/5.0 AppleWebKit/537.36 (KHTML, like Gecko; compatible; ClaudeBot/1.0; +claudebot@anthropic.com)"
74.7.242.45 - - [21/Jul/2026:08:32:12 +0000] "GET /?l=17613142031 HTTP/1.1" 200 98622 "https://globallegacygroup.shop/?u=57168127406" "Mozilla/5.0 AppleWebKit/537.36 (KHTML, like Gecko; compatible; GPTBot/1.4; +https://openai.com/gptbot)"
216.73.217.123 - - [21/Jul/2026:08:32:13 +0000] "GET /?l=17613249200 HTTP/1.1" 200 98622 "-" "Mozilla/5.0 AppleWebKit/537.36 (KHTML, like Gecko; compatible; ClaudeBot/1.0; +claudebot@anthropic.com)"
216.73.217.123 - - [21/Jul/2026:08:32:14 +0000] "GET /?l=22969148329 HTTP/1.1" 200 98622 "-" "Mozilla/5.0 AppleWebKit/537.36 (KHTML, like Gecko; compatible; ClaudeBot/1.0; +claudebot@anthropic.com)"
74.7.242.45 - - [21/Jul/2026:08:32:14 +0000] "GET /?b=8364322543 HTTP/1.1" 200 98622 "https://globallegacygroup.shop/?l=229693767" "Mozilla/5.0 AppleWebKit/537.36 (KHTML, like Gecko; compatible; GPTBot/1.4; +https://openai.com/gptbot)"
216.73.217.123 - - [21/Jul/2026:08:32:14 +0000] "GET /?f=48625208910 HTTP/1.1" 200 98622 "-" "Mozilla/5.0 AppleWebKit/537.36 (KHTML, like Gecko; compatible; ClaudeBot/1.0; +claudebot@anthropic.com)"
104.105.80.153 - - [21/Jul/2026:08:32:14 +0000] "POST /wp-login.php HTTP/1.1" 503 18953 "-" "Mozilla/5.0 (Windows NT 10.0; Win64; x64) AppleWebKit/537.36 (KHTML, like Gecko) Chrome/124.0.0.0 Safari/537.36"
216.73.217.123 - - [21/Jul/2026:08:32:15 +0000] "GET /?f=4862525209 HTTP/1.1" 200 98622 "-" "Mozilla/5.0 AppleWebKit/537.36 (KHTML, like Gecko; compatible; ClaudeBot/1.0; +claudebot@anthropic.com)"
198.177.124.148 - - [21/Jul/2026:08:32:18 +0000] "POST /wp-cron.php?doing_wp_cron=1784622738.2602450847625732421875 HTTP/1.1" 200 - "-" "WordPress/7.0.2; https://globallegacygroup.shop"
74.7.242.45 - - [21/Jul/2026:08:32:16 +0000] "GET /?l=17613267528 HTTP/1.1" 200 98622 "https://globallegacygroup.shop/?b=83643228613" "Mozilla/5.0 AppleWebKit/537.36 (KHTML, like Gecko; compatible; GPTBot/1.4; +https://openai.com/gptbot)"
198.177.124.148 - - [21/Jul/2026:08:32:18 +0000] "POST /wp-cron.php?doing_wp_cron=1784622738.8113210201263427734375 HTTP/1.1" 200 - "-" "WordPress/7.0.2; https://globallegacygroup.shop"
216.73.217.123 - - [21/Jul/2026:08:32:16 +0000] "GET /?r=9829776663 HTTP/1.1" 200 98622 "-" "Mozilla/5.0 AppleWebKit/537.36 (KHTML, like Gecko; compatible; ClaudeBot/1.0; +claudebot@anthropic.com)"
198.177.124.148 - - [21/Jul/2026:08:32:19 +0000] "POST /wp-cron.php?doing_wp_cron=1784622739.4041249752044677734375 HTTP/1.1" 200 - "-" "WordPress/7.0.2; https://globallegacygroup.shop"
216.73.217.123 - - [21/Jul/2026:08:32:16 +0000] "GET /?l=22969102929 HTTP/1.1" 200 98622 "-" "Mozilla/5.0 AppleWebKit/537.36 (KHTML, like Gecko; compatible; ClaudeBot/1.0; +claudebot@anthropic.com)"
216.73.217.123 - - [21/Jul/2026:08:32:18 +0000] "GET /?b=83643267035 HTTP/1.1" 200 98622 "-" "Mozilla/5.0 AppleWebKit/537.36 (KHTML, like Gecko; compatible; ClaudeBot/1.0; +claudebot@anthropic.com)"
209.127.35.109 - - [21/Jul/2026:08:32:20 +0000] "POST /wp-login.php HTTP/1.1" 503 18040 "-" "Mozilla/5.0 (Windows NT 10.0; Win64; rv:143.0) Gecko/20100101 Firefox/143.0"
74.7.242.45 - - [21/Jul/2026:08:32:18 +0000] "GET /?b=83643154172 HTTP/1.1" 200 98622 "https://globallegacygroup.shop/?l=17613182788" "Mozilla/5.0 AppleWebKit/537.36 (KHTML, like Gecko; compatible; GPTBot/1.4; +https://openai.com/gptbot)"
216.73.217.123 - - [21/Jul/2026:08:32:19 +0000] "GET /?l=1761355932 HTTP/1.1" 200 98622 "-" "Mozilla/5.0 AppleWebKit/537.36 (KHTML, like Gecko; compatible; ClaudeBot/1.0; +claudebot@anthropic.com)"
198.177.124.148 - - [21/Jul/2026:08:32:21 +0000] "POST /?wordfence_syncAttackData=1784622741.4664 HTTP/1.1" 200 - "-" "WordPress/7.0.2; https://globallegacygroup.shop"
216.73.217.123 - - [21/Jul/2026:08:32:19 +0000] "GET /?w=4617239116 HTTP/1.1" 404 83591 "-" "Mozilla/5.0 AppleWebKit/537.36 (KHTML, like Gecko; compatible; ClaudeBot/1.0; +claudebot@anthropic.com)"
74.7.242.45 - - [21/Jul/2026:08:32:21 +0000] "GET /?v=3587524741 HTTP/1.1" 200 98622 "https://globallegacygroup.shop/?l=22969193716" "Mozilla/5.0 AppleWebKit/537.36 (KHTML, like Gecko; compatible; GPTBot/1.4; +https://openai.com/gptbot)"
198.177.124.148 - - [21/Jul/2026:08:32:21 +0000] "POST /?wordfence_syncAttackData=1784622741.5625 HTTP/1.1" 200 98622 "-" "WordPress/7.0.2; https://globallegacygroup.shop"
216.73.217.123 - - [21/Jul/2026:08:32:21 +0000] "GET /?b=8008134896 HTTP/1.1" 200 98622 "-" "Mozilla/5.0 AppleWebKit/537.36 (KHTML, like Gecko; compatible; ClaudeBot/1.0; +claudebot@anthropic.com)"
216.73.217.123 - - [21/Jul/2026:08:32:21 +0000] "GET /?f=4862516958 HTTP/1.1" 200 98622 "-" "Mozilla/5.0 AppleWebKit/537.36 (KHTML, like Gecko; compatible; ClaudeBot/1.0; +claudebot@anthropic.com)"
74.7.242.45 - - [21/Jul/2026:08:32:23 +0000] "GET /?l=17613125640 HTTP/1.1" 200 98622 "https://globallegacygroup.shop/?r=98297150012" "Mozilla/5.0 AppleWebKit/537.36 (KHTML, like Gecko; compatible; GPTBot/1.4; +https://openai.com/gptbot)"
216.73.217.123 - - [21/Jul/2026:08:32:23 +0000] "GET /?b=8008133963 HTTP/1.1" 200 98622 "-" "Mozilla/5.0 AppleWebKit/537.36 (KHTML, like Gecko; compatible; ClaudeBot/1.0; +claudebot@anthropic.com)"
216.73.217.123 - - [21/Jul/2026:08:32:24 +0000] "GET /?b=83643217098 HTTP/1.1" 200 98622 "-" "Mozilla/5.0 AppleWebKit/537.36 (KHTML, like Gecko; compatible; ClaudeBot/1.0; +claudebot@anthropic.com)"
216.73.217.123 - - [21/Jul/2026:08:32:24 +0000] "GET /?l=22969229165 HTTP/1.1" 200 98622 "-" "Mozilla/5.0 AppleWebKit/537.36 (KHTML, like Gecko; compatible; ClaudeBot/1.0; +claudebot@anthropic.com)"
74.7.242.45 - - [21/Jul/2026:08:32:25 +0000] "GET /?v=35875121660 HTTP/1.1" 200 98622 "https://globallegacygroup.shop/?v=35875257054" "Mozilla/5.0 AppleWebKit/537.36 (KHTML, like Gecko; compatible; GPTBot/1.4; +https://openai.com/gptbot)"
216.73.217.123 - - [21/Jul/2026:08:32:25 +0000] "GET /?l=22969288961 HTTP/1.1" 200 98622 "-" "Mozilla/5.0 AppleWebKit/537.36 (KHTML, like Gecko; compatible; ClaudeBot/1.0; +claudebot@anthropic.com)"
216.73.217.123 - - [21/Jul/2026:08:32:25 +0000] "GET /?b=8008147220 HTTP/1.1" 200 98622 "-" "Mozilla/5.0 AppleWebKit/537.36 (KHTML, like Gecko; compatible; ClaudeBot/1.0; +claudebot@anthropic.com)"
216.73.217.123 - - [21/Jul/2026:08:32:26 +0000] "GET /?b=8364391846 HTTP/1.1" 200 98622 "-" "Mozilla/5.0 AppleWebKit/537.36 (KHTML, like Gecko; compatible; ClaudeBot/1.0; +claudebot@anthropic.com)"
74.7.242.45 - - [21/Jul/2026:08:32:26 +0000] "GET /?l=17613226351 HTTP/1.1" 200 98622 "https://globallegacygroup.shop/sitemap74.xml" "Mozilla/5.0 AppleWebKit/537.36 (KHTML, like Gecko; compatible; GPTBot/1.4; +https://openai.com/gptbot)"
216.73.217.123 - - [21/Jul/2026:08:32:27 +0000] "GET /?b=80081243903 HTTP/1.1" 200 98622 "-" "Mozilla/5.0 AppleWebKit/537.36 (KHTML, like Gecko; compatible; ClaudeBot/1.0; +claudebot@anthropic.com)"
216.73.217.123 - - [21/Jul/2026:08:32:27 +0000] "GET /?r=9829740406 HTTP/1.1" 200 98622 "-" "Mozilla/5.0 AppleWebKit/537.36 (KHTML, like Gecko; compatible; ClaudeBot/1.0; +claudebot@anthropic.com)"
216.73.217.123 - - [21/Jul/2026:08:32:28 +0000] "GET /?b=80081192075 HTTP/1.1" 200 98622 "-" "Mozilla/5.0 AppleWebKit/537.36 (KHTML, like Gecko; compatible; ClaudeBot/1.0; +claudebot@anthropic.com)"
74.7.242.45 - - [21/Jul/2026:08:32:28 +0000] "GET /?r=98297154732 HTTP/1.1" 200 98622 "https://globallegacygroup.shop/?u=5716845464" "Mozilla/5.0 AppleWebKit/537.36 (KHTML, like Gecko; compatible; GPTBot/1.4; +https://openai.com/gptbot)"
216.73.217.123 - - [21/Jul/2026:08:32:29 +0000] "GET /?l=22969166960 HTTP/1.1" 200 98622 "-" "Mozilla/5.0 AppleWebKit/537.36 (KHTML, like Gecko; compatible; ClaudeBot/1.0; +claudebot@anthropic.com)"
216.73.217.123 - - [21/Jul/2026:08:32:29 +0000] "GET /?b=8364383950 HTTP/1.1" 200 98622 "-" "Mozilla/5.0 AppleWebKit/537.36 (KHTML, like Gecko; compatible; ClaudeBot/1.0; +claudebot@anthropic.com)"
216.73.217.123 - - [21/Jul/2026:08:32:30 +0000] "GET /?l=2296913135 HTTP/1.1" 200 98622 "-" "Mozilla/5.0 AppleWebKit/537.36 (KHTML, like Gecko; compatible; ClaudeBot/1.0; +claudebot@anthropic.com)"
74.7.242.45 - - [21/Jul/2026:08:32:30 +0000] "GET /?i=34614240080 HTTP/1.1" 200 98622 "https://globallegacygroup.shop/?l=17613138545" "Mozilla/5.0 AppleWebKit/537.36 (KHTML, like Gecko; compatible; GPTBot/1.4; +https://openai.com/gptbot)"
216.73.217.123 - - [21/Jul/2026:08:32:31 +0000] "GET /?l=2296954833 HTTP/1.1" 200 98622 "-" "Mozilla/5.0 AppleWebKit/537.36 (KHTML, like Gecko; compatible; ClaudeBot/1.0; +claudebot@anthropic.com)"
