203.159.90.217 - - [22/Jul/2026:07:41:29 +0000] "GET /?author=1 HTTP/1.1" 404 79983 "-" "Mozilla/5.0 (Windows NT 10.0; Win64; x64) AppleWebKit/537.36 (KHTML, like Gecko) Chrome/78.0.3904.108 Safari/537.36"
203.159.90.217 - - [22/Jul/2026:07:41:33 +0000] "GET /?author=2 HTTP/1.1" 404 79983 "-" "Mozilla/5.0 (Windows NT 10.0; Win64; x64) AppleWebKit/537.36 (KHTML, like Gecko) Chrome/78.0.3904.108 Safari/537.36"
203.159.90.217 - - [22/Jul/2026:07:41:38 +0000] "GET /wp-json/wp/v2/users/ HTTP/1.1" 401 108 "-" "Mozilla/5.0 (Windows NT 10.0; Win64; x64) AppleWebKit/537.36 (KHTML, like Gecko) Chrome/78.0.3904.108 Safari/537.36"
203.159.90.217 - - [22/Jul/2026:07:41:41 +0000] "GET /wp-json/oembed/1.0/embed?url=http://globallegacygroup.shop HTTP/1.1" 404 73 "-" "Mozilla/5.0 (Windows NT 10.0; Win64; x64) AppleWebKit/537.36 (KHTML, like Gecko) Chrome/78.0.3904.108 Safari/537.36"
203.159.90.217 - - [22/Jul/2026:07:41:45 +0000] "POST /xmlrpc.php HTTP/1.1" 503 18952 "-" "Mozilla/5.0 (Windows NT 10.0; Win64; x64) AppleWebKit/537.36 (KHTML, like Gecko) Chrome/78.0.3904.108 Safari/537.36"
172.71.164.56 - - [22/Jul/2026:08:00:40 +0000] "GET /wp-admin/install.php?step=1 HTTP/1.1" 404 83586 "-" "http://globallegacygroup.shop/wp-admin/install.php?step=1"
104.23.223.110 - - [22/Jul/2026:08:01:15 +0000] "GET /wp-admin/install.php?step=1 HTTP/1.1" 404 83586 "-" "http://globallegacygroup.shop/wp-admin/install.php?step=1"
172.71.172.113 - - [22/Jul/2026:08:02:54 +0000] "GET /wp-admin/install.php?step=1 HTTP/1.1" 404 83586 "-" "http://globallegacygroup.shop/wp-admin/install.php?step=1"
172.70.160.193 - - [22/Jul/2026:08:08:12 +0000] "GET /wp-admin/install.php?step=1 HTTP/1.1" 404 83586 "-" "http://globallegacygroup.shop/wp-admin/install.php?step=1"
172.69.151.214 - - [22/Jul/2026:08:30:07 +0000] "GET /wp-admin/install.php?step=1 HTTP/1.1" 404 83586 "-" "http://globallegacygroup.shop/wp-admin/install.php?step=1"
162.158.86.134 - - [22/Jul/2026:08:31:08 +0000] "GET /wp-admin/install.php?step=1 HTTP/1.1" 404 83586 "-" "http://globallegacygroup.shop/wp-admin/install.php?step=1"
104.23.221.119 - - [22/Jul/2026:08:54:39 +0000] "GET /wp-admin/install.php?step=1 HTTP/1.1" 404 83586 "-" "http://globallegacygroup.shop/wp-admin/install.php?step=1"
66.249.77.75 - - [22/Jul/2026:08:58:32 +0000] "GET /robots.txt HTTP/1.1" 301 - "-" "Mozilla/5.0 (compatible; Googlebot/2.1; +http://www.google.com/bot.html)"
198.177.124.148 - - [22/Jul/2026:08:58:38 +0000] "POST /wp-cron.php?doing_wp_cron=1784710718.6094961166381835937500 HTTP/1.1" 200 - "-" "WordPress/7.0.2; https://globallegacygroup.shop"
66.249.69.136 - - [22/Jul/2026:08:58:35 +0000] "GET /robots.txt HTTP/1.1" 200 123 "-" "Mozilla/5.0 (compatible; Googlebot/2.1; +http://www.google.com/bot.html)"
66.249.77.75 - - [22/Jul/2026:08:59:15 +0000] "GET / HTTP/1.1" 301 - "-" "Mozilla/5.0 (Linux; Android 6.0.1; Nexus 5X Build/MMB29P) AppleWebKit/537.36 (KHTML, like Gecko) Chrome/150.0.7871.128 Mobile Safari/537.36 (compatible; Googlebot/2.1; +http://www.google.com/bot.html)"
66.249.69.135 - - [22/Jul/2026:08:59:50 +0000] "GET / HTTP/1.1" 200 98585 "-" "Mozilla/5.0 (Linux; Android 6.0.1; Nexus 5X Build/MMB29P) AppleWebKit/537.36 (KHTML, like Gecko) Chrome/150.0.7871.128 Mobile Safari/537.36 (compatible; Googlebot/2.1; +http://www.google.com/bot.html)"
66.249.69.134 - - [22/Jul/2026:08:59:58 +0000] "GET /wp-includes/js/dist/script-modules/block-library/navigation/view.min.js?ver=96a846e1d7b789c39ab9 HTTP/1.1" 200 3053 "http://globallegacygroup.shop/" "Mozilla/5.0 (Linux; Android 6.0.1; Nexus 5X Build/MMB29P) AppleWebKit/537.36 (KHTML, like Gecko) Chrome/150.0.7871.128 Mobile Safari/537.36 (compatible; Googlebot/2.1; +http://www.google.com/bot.html)"
66.249.69.134 - - [22/Jul/2026:09:00:00 +0000] "GET /wp-content/plugins/pixelyoursite/dist/scripts/tld.min.js?ver=2.3.1 HTTP/1.1" 200 141079 "http://globallegacygroup.shop/" "Mozilla/5.0 (Linux; Android 6.0.1; Nexus 5X Build/MMB29P) AppleWebKit/537.36 (KHTML, like Gecko) Chrome/150.0.7871.128 Mobile Safari/537.36 (compatible; Googlebot/2.1; +http://www.google.com/bot.html)"
198.177.124.148 - - [22/Jul/2026:09:00:36 +0000] "POST /wp-cron.php?doing_wp_cron=1784710836.0010049343109130859375 HTTP/1.1" 200 - "-" "WordPress/7.0.2; https://globallegacygroup.shop"
172.71.144.62 - - [22/Jul/2026:09:00:33 +0000] "GET /wp-admin/install.php?step=1 HTTP/1.1" 404 83586 "-" "http://globallegacygroup.shop/wp-admin/install.php?step=1"
66.249.69.135 - - [22/Jul/2026:09:02:57 +0000] "GET /?p=79688579872512 HTTP/1.1" 404 83566 "-" "Mozilla/5.0 (Linux; Android 6.0.1; Nexus 5X Build/MMB29P) AppleWebKit/537.36 (KHTML, like Gecko) Chrome/150.0.7871.128 Mobile Safari/537.36 (compatible; GoogleOther)"
43.165.2.110 - - [22/Jul/2026:09:03:10 +0000] "GET / HTTP/1.1" 200 98585 "-" "Mozilla/5.0 (iPhone; CPU iPhone OS 13_2_3 like Mac OS X) AppleWebKit/605.1.15 (KHTML, like Gecko) Version/13.0.3 Mobile/15E148 Safari/604.1"
172.71.172.113 - - [22/Jul/2026:09:08:56 +0000] "GET /wp-admin/install.php?step=1 HTTP/1.1" 404 83586 "-" "http://globallegacygroup.shop/wp-admin/install.php?step=1"
104.23.221.119 - - [22/Jul/2026:09:23:41 +0000] "GET /wp-admin/install.php?step=1 HTTP/1.1" 404 83586 "-" "http://globallegacygroup.shop/wp-admin/install.php?step=1"
104.23.221.118 - - [22/Jul/2026:09:37:04 +0000] "GET /wp-admin/install.php?step=1 HTTP/1.1" 404 83586 "-" "http://globallegacygroup.shop/wp-admin/install.php?step=1"
47.254.47.156 - - [22/Jul/2026:09:51:56 +0000] "GET / HTTP/1.1" 301 - "-" "Mozilla/5.0 (iPhone; CPU iPhone OS 13_2_3 like Mac OS X) AppleWebKit/605.1.15 (KHTML, like Gecko) Version/13.0.3 Mobile/15E148 Safari/604.1"
47.254.47.156 - - [22/Jul/2026:09:52:02 +0000] "GET / HTTP/1.1" 200 98585 "http://www.globallegacygroup.shop" "Mozilla/5.0 (iPhone; CPU iPhone OS 13_2_3 like Mac OS X) AppleWebKit/605.1.15 (KHTML, like Gecko) Version/13.0.3 Mobile/15E148 Safari/604.1"
104.23.217.110 - - [22/Jul/2026:10:00:26 +0000] "GET /wp-admin/install.php?step=1 HTTP/1.1" 404 83586 "-" "http://globallegacygroup.shop/wp-admin/install.php?step=1"
198.177.124.148 - - [22/Jul/2026:10:02:35 +0000] "GET /.well-known/acme-challenge/P_G5JBVRS-P26-XG0Q1LFLYSUE9_UJ3G HTTP/1.1" 200 64 "-" "Cpanel-HTTP-Client/1.0"
198.177.124.148 - - [22/Jul/2026:10:02:36 +0000] "GET /.well-known/acme-challenge/2JS36A8HVZM-5SMV0H2IWD7HWPB6DOL7 HTTP/1.1" 200 64 "-" "Cpanel-HTTP-Client/1.0"
205.169.39.57 - - [22/Jul/2026:10:16:13 +0000] "GET / HTTP/1.1" 200 98585 "-" "Mozilla/5.0 (Windows NT 10.0; Win64; x64) AppleWebKit/537.36 (KHTML, like Gecko) Chrome/117.0.5938.132 Safari/537.36"
198.177.124.148 - - [22/Jul/2026:10:19:58 +0000] "POST /wp-cron.php?doing_wp_cron=1784715598.2197868824005126953125 HTTP/1.1" 200 - "-" "WordPress/7.0.2; https://globallegacygroup.shop"
162.158.110.168 - - [22/Jul/2026:10:19:54 +0000] "GET /wp-admin/install.php?step=1 HTTP/1.1" 404 83586 "-" "http://globallegacygroup.shop/wp-admin/install.php?step=1"
124.221.140.98 - - [22/Jul/2026:10:34:58 +0000] "GET / HTTP/1.1" 301 - "-" "Mozilla/5.0 (iPhone; CPU iPhone OS 13_2_3 like Mac OS X) AppleWebKit/605.1.15 (KHTML, like Gecko) Version/13.0.3 Mobile/15E148 Safari/604.1"
124.221.140.98 - - [22/Jul/2026:10:35:00 +0000] "GET / HTTP/1.1" 200 98585 "http://www.globallegacygroup.shop" "Mozilla/5.0 (iPhone; CPU iPhone OS 13_2_3 like Mac OS X) AppleWebKit/605.1.15 (KHTML, like Gecko) Version/13.0.3 Mobile/15E148 Safari/604.1"
104.23.239.45 - - [22/Jul/2026:10:38:19 +0000] "GET /wp-admin/install.php?step=1 HTTP/1.1" 404 83586 "-" "http://globallegacygroup.shop/wp-admin/install.php?step=1"
104.23.172.123 - - [22/Jul/2026:10:43:43 +0000] "GET /wp-admin/install.php?step=1 HTTP/1.1" 404 83586 "-" "http://globallegacygroup.shop/wp-admin/install.php?step=1"
104.23.221.118 - - [22/Jul/2026:10:56:16 +0000] "GET /wp-admin/install.php?step=1 HTTP/1.1" 404 83586 "-" "http://globallegacygroup.shop/wp-admin/install.php?step=1"
172.71.172.112 - - [22/Jul/2026:11:12:42 +0000] "GET /wp-admin/install.php?step=1 HTTP/1.1" 404 83586 "-" "http://globallegacygroup.shop/wp-admin/install.php?step=1"
104.23.221.119 - - [22/Jul/2026:11:27:45 +0000] "GET /wp-admin/install.php?step=1 HTTP/1.1" 404 83586 "-" "http://globallegacygroup.shop/wp-admin/install.php?step=1"
104.23.217.111 - - [22/Jul/2026:11:30:06 +0000] "GET /wp-admin/install.php?step=1 HTTP/1.1" 404 83586 "-" "http://globallegacygroup.shop/wp-admin/install.php?step=1"
92.118.39.171 - - [22/Jul/2026:11:45:42 +0000] "GET /.env HTTP/1.1" 404 83570 "-" "Mozilla/5.0 (X11; Linux x86_64) AppleWebKit/537.36 (KHTML, like Gecko) Chrome/81.0.4044.129 Safari/537.36"
92.118.39.171 - - [22/Jul/2026:11:45:46 +0000] "POST / HTTP/1.1" 200 98585 "-" "Mozilla/5.0 (X11; Linux x86_64) AppleWebKit/537.36 (KHTML, like Gecko) Chrome/81.0.4044.129 Safari/537.36"
162.158.182.149 - - [22/Jul/2026:11:46:52 +0000] "GET /wp-admin/install.php?step=1 HTTP/1.1" 404 83586 "-" "http://globallegacygroup.shop/wp-admin/install.php?step=1"
104.23.221.119 - - [22/Jul/2026:11:52:07 +0000] "GET /wp-admin/install.php?step=1 HTTP/1.1" 404 83586 "-" "http://globallegacygroup.shop/wp-admin/install.php?step=1"
93.123.109.52 - - [22/Jul/2026:11:56:19 +0000] "GET / HTTP/1.1" 200 98585 "-" "Mozilla/5.0 (Macintosh; Intel Mac OS X 10_15_7) AppleWebKit/537.36 (KHTML, like Gecko) Chrome/131.0.0.0 Safari/537.36"
43.165.127.225 - - [22/Jul/2026:12:06:50 +0000] "GET / HTTP/1.1" 301 - "-" "Mozilla/5.0 (iPhone; CPU iPhone OS 13_2_3 like Mac OS X) AppleWebKit/605.1.15 (KHTML, like Gecko) Version/13.0.3 Mobile/15E148 Safari/604.1"
43.165.127.225 - - [22/Jul/2026:12:06:54 +0000] "GET / HTTP/1.1" 200 98585 "http://www.globallegacygroup.shop" "Mozilla/5.0 (iPhone; CPU iPhone OS 13_2_3 like Mac OS X) AppleWebKit/605.1.15 (KHTML, like Gecko) Version/13.0.3 Mobile/15E148 Safari/604.1"
172.71.144.62 - - [22/Jul/2026:12:15:47 +0000] "GET /wp-admin/install.php?step=1 HTTP/1.1" 404 83586 "-" "http://globallegacygroup.shop/wp-admin/install.php?step=1"
172.70.47.17 - - [22/Jul/2026:12:27:09 +0000] "GET /wp-admin/install.php?step=1 HTTP/1.1" 404 83586 "-" "http://globallegacygroup.shop/wp-admin/install.php?step=1"
85.11.167.136 - - [22/Jul/2026:12:43:12 +0000] "GET / HTTP/1.1" 200 98563 "-" "Mozilla/5.0 (Windows NT 10.0; Win64; x64) AppleWebKit/537.36 Chrome/114.0.5735.110 Safari/537.36"
85.11.167.136 - - [22/Jul/2026:12:43:13 +0000] "GET /wp-includes/js/dist/script-modules/block-library/navigation/view.min.js?ver=96a846e1d7b789c39ab9 HTTP/1.1" 200 3053 "-" "Mozilla/5.0 (Macintosh; Intel Mac OS X 10_15_7) AppleWebKit/605.1.15 (KHTML, like Gecko) Version/15.1 Safari/605.1.15"
85.11.167.136 - - [22/Jul/2026:12:43:14 +0000] "GET /wp-includes/js/wp-emoji-release.min.js?ver=7.0.2 HTTP/1.1" 200 22752 "-" "Mozilla/5.0 (Windows NT 10.0; Win64; x64) AppleWebKit/537.36 Chrome/114.0.5735.110 Safari/537.36"
85.11.167.136 - - [22/Jul/2026:12:43:14 +0000] "GET /actions.handleMenuKeydown HTTP/1.1" 404 83591 "-" "Mozilla/5.0 (Windows NT 10.0; Win64; x64) AppleWebKit/537.36 Chrome/114.0.5735.110 Safari/537.36"
85.11.167.136 - - [22/Jul/2026:12:43:15 +0000] "GET /wp-block-post-author-name__link HTTP/1.1" 404 83597 "-" "Mozilla/5.0 (Windows NT 10.0; Win64; x64) AppleWebKit/537.36 Chrome/114.0.5735.110 Safari/537.36"
85.11.167.136 - - [22/Jul/2026:12:43:16 +0000] "GET /wp-emoji-settings HTTP/1.1" 404 83583 "-" "Mozilla/5.0 (X11; Linux x86_64) AppleWebKit/537.36 Chrome/113.0.0.0 Safari/537.36"
85.11.167.136 - - [22/Jul/2026:12:43:19 +0000] "GET /wp-block-post-author-name-inline-css HTTP/1.1" 404 83602 "-" "Mozilla/5.0 (Macintosh; Intel Mac OS X 10_15_7) AppleWebKit/605.1.15 (KHTML, like Gecko) Version/15.1 Safari/605.1.15"
85.11.167.136 - - [22/Jul/2026:12:43:21 +0000] "GET /core-block-supports-inline-css HTTP/1.1" 404 83596 "-" "Mozilla/5.0 (Macintosh; Intel Mac OS X 10_15_7) AppleWebKit/605.1.15 (KHTML, like Gecko) Version/15.1 Safari/605.1.15"
85.11.167.136 - - [22/Jul/2026:12:43:22 +0000] "GET /wp-includes/js/jquery/jquery.min.js?ver=3.7.1 HTTP/1.1" 200 87553 "-" "Mozilla/5.0 (X11; Linux x86_64) AppleWebKit/537.36 Chrome/113.0.0.0 Safari/537.36"
85.11.167.136 - - [22/Jul/2026:12:43:23 +0000] "GET /wp-content/plugins/pixelyoursite/dist/scripts/tld.min.js?ver=2.3.1 HTTP/1.1" 200 141079 "-" "Mozilla/5.0 (X11; Linux x86_64) AppleWebKit/537.36 Chrome/113.0.0.0 Safari/537.36"
85.11.167.136 - - [22/Jul/2026:12:43:23 +0000] "GET /wp-content/plugins/pixelyoursite/dist/scripts/public.js?ver=11.2.1 HTTP/1.1" 200 172979 "-" "Mozilla/5.0 (Windows NT 10.0; Win64; x64) AppleWebKit/537.36 Chrome/114.0.5735.110 Safari/537.36"
85.11.167.136 - - [22/Jul/2026:12:43:23 +0000] "GET /wp-includes/js/wp-emoji-loader.min.js HTTP/1.1" 200 2890 "-" "Mozilla/5.0 (Windows NT 10.0; Win64; x64) AppleWebKit/537.36 Chrome/114.0.5735.110 Safari/537.36"
85.11.167.136 - - [22/Jul/2026:12:43:25 +0000] "GET /wp-includes/js/dist/script-modules/interactivity/index.min.js?ver=efaa5193bbad9c60ffd1 HTTP/1.1" 200 40106 "-" "Mozilla/5.0 (Windows NT 10.0; Win64; x64) AppleWebKit/537.36 Chrome/114.0.5735.110 Safari/537.36"
85.11.167.136 - - [22/Jul/2026:12:43:25 +0000] "GET /pys-config-warning-script HTTP/1.1" 404 83591 "-" "Mozilla/5.0 (Macintosh; Intel Mac OS X 10_15_7) AppleWebKit/605.1.15 (KHTML, like Gecko) Version/15.1 Safari/605.1.15"
85.11.167.136 - - [22/Jul/2026:12:43:28 +0000] "GET /wp-content/plugins/pixelyoursite/dist/scripts/jquery.bind-first-0.2.3.min.js?ver=0.2.3 HTTP/1.1" 200 1317 "-" "Mozilla/5.0 (X11; Linux x86_64) AppleWebKit/537.36 Chrome/113.0.0.0 Safari/537.36"
85.11.167.136 - - [22/Jul/2026:12:43:28 +0000] "GET /wp-content/plugins/pixelyoursite/dist/scripts/js.cookie-2.1.3.min.js?ver=2.1.3 HTTP/1.1" 200 1709 "-" "Mozilla/5.0 (Windows NT 10.0; Win64; x64) AppleWebKit/537.36 Chrome/114.0.5735.110 Safari/537.36"
85.11.167.136 - - [22/Jul/2026:12:43:28 +0000] "GET /wp-includes/js/jquery/jquery-migrate.min.js?ver=3.4.1 HTTP/1.1" 200 13577 "-" "Mozilla/5.0 (Windows NT 10.0; Win64; x64) AppleWebKit/537.36 Chrome/114.0.5735.110 Safari/537.36"
85.11.167.136 - - [22/Jul/2026:12:43:28 +0000] "GET /wp-block-post-author-name HTTP/1.1" 404 83591 "-" "Mozilla/5.0 (X11; Linux x86_64) AppleWebKit/537.36 Chrome/113.0.0.0 Safari/537.36"
104.23.223.111 - - [22/Jul/2026:12:44:14 +0000] "GET /wp-admin/install.php?step=1 HTTP/1.1" 404 83586 "-" "http://globallegacygroup.shop/wp-admin/install.php?step=1"
172.71.148.120 - - [22/Jul/2026:12:48:46 +0000] "GET /wp-admin/install.php?step=1 HTTP/1.1" 404 83586 "-" "http://globallegacygroup.shop/wp-admin/install.php?step=1"
198.177.124.148 - - [22/Jul/2026:13:02:24 +0000] "GET /.well-known/acme-challenge/5UM2SY019M306GCUSFTSNPVQ4WTFL0_I HTTP/1.1" 200 64 "-" "Cpanel-HTTP-Client/1.0"
198.177.124.148 - - [22/Jul/2026:13:02:24 +0000] "GET /.well-known/acme-challenge/G38TTVWCXH-8_5SH6-XCT8Q_9C3FBYJU HTTP/1.1" 200 64 "-" "Cpanel-HTTP-Client/1.0"
104.23.223.111 - - [22/Jul/2026:13:13:19 +0000] "GET /wp-admin/install.php?step=1 HTTP/1.1" 404 83586 "-" "http://globallegacygroup.shop/wp-admin/install.php?step=1"
170.106.187.106 - - [22/Jul/2026:13:18:50 +0000] "GET / HTTP/1.1" 200 98563 "-" "Mozilla/5.0 (iPhone; CPU iPhone OS 13_2_3 like Mac OS X) AppleWebKit/605.1.15 (KHTML, like Gecko) Version/13.0.3 Mobile/15E148 Safari/604.1"
172.70.248.69 - - [22/Jul/2026:13:28:07 +0000] "GET /wp-admin/install.php?step=1 HTTP/1.1" 404 83586 "-" "http://globallegacygroup.shop/wp-admin/install.php?step=1"
172.71.144.62 - - [22/Jul/2026:13:51:09 +0000] "GET /wp-admin/install.php?step=1 HTTP/1.1" 404 83586 "-" "http://globallegacygroup.shop/wp-admin/install.php?step=1"
104.23.239.44 - - [22/Jul/2026:13:59:33 +0000] "GET /wp-admin/install.php?step=1 HTTP/1.1" 404 83586 "-" "http://globallegacygroup.shop/wp-admin/install.php?step=1"
172.71.182.82 - - [22/Jul/2026:14:12:26 +0000] "GET /wp-admin/install.php?step=1 HTTP/1.1" 404 83586 "-" "http://globallegacygroup.shop/wp-admin/install.php?step=1"
172.71.144.63 - - [22/Jul/2026:14:14:06 +0000] "GET /wp-admin/install.php?step=1 HTTP/1.1" 404 83586 "-" "http://globallegacygroup.shop/wp-admin/install.php?step=1"
43.159.145.149 - - [22/Jul/2026:14:14:08 +0000] "GET / HTTP/1.1" 301 - "-" "Mozilla/5.0 (iPhone; CPU iPhone OS 13_2_3 like Mac OS X) AppleWebKit/605.1.15 (KHTML, like Gecko) Version/13.0.3 Mobile/15E148 Safari/604.1"
43.159.145.149 - - [22/Jul/2026:14:14:13 +0000] "GET / HTTP/1.1" 200 98563 "http://www.globallegacygroup.shop" "Mozilla/5.0 (iPhone; CPU iPhone OS 13_2_3 like Mac OS X) AppleWebKit/605.1.15 (KHTML, like Gecko) Version/13.0.3 Mobile/15E148 Safari/604.1"
172.71.164.56 - - [22/Jul/2026:14:17:35 +0000] "GET /wp-admin/install.php?step=1 HTTP/1.1" 404 83586 "-" "http://globallegacygroup.shop/wp-admin/install.php?step=1"
143.198.226.206 - - [22/Jul/2026:14:20:39 +0000] "GET / HTTP/1.1" 200 98563 "-" "Mozilla/5.0 (X11; Linux x86_64) AppleWebKit/537.36 (KHTML, like Gecko) Chrome/142.0.0.0 Safari/537.36"
104.23.221.119 - - [22/Jul/2026:14:40:03 +0000] "GET /wp-admin/install.php?step=1 HTTP/1.1" 404 83586 "-" "http://globallegacygroup.shop/wp-admin/install.php?step=1"
172.70.248.68 - - [22/Jul/2026:14:40:51 +0000] "GET /wp-admin/install.php?step=1 HTTP/1.1" 404 83586 "-" "http://globallegacygroup.shop/wp-admin/install.php?step=1"
54.83.106.150 - - [22/Jul/2026:14:57:50 +0000] "GET / HTTP/1.1" 200 98563 "-" "Mozilla/5.0 (iPad; CPU OS 11_0 like Mac OS X) AppleWebKit/604.1.38 (KHTML, like Gecko) Version/11.0 Mobile/15A5362a Safari/604.1"
104.23.223.110 - - [22/Jul/2026:15:03:19 +0000] "GET /wp-admin/install.php?step=1 HTTP/1.1" 404 83586 "-" "http://globallegacygroup.shop/wp-admin/install.php?step=1"
198.177.124.148 - - [22/Jul/2026:15:03:38 +0000] "POST /wp-cron.php?doing_wp_cron=1784732618.2476670742034912109375 HTTP/1.1" 200 - "-" "WordPress/7.0.2; https://globallegacygroup.shop"
101.33.81.73 - - [22/Jul/2026:15:03:34 +0000] "GET / HTTP/1.1" 301 - "-" "Mozilla/5.0 (iPhone; CPU iPhone OS 13_2_3 like Mac OS X) AppleWebKit/605.1.15 (KHTML, like Gecko) Version/13.0.3 Mobile/15E148 Safari/604.1"
101.33.81.73 - - [22/Jul/2026:15:03:39 +0000] "GET / HTTP/1.1" 200 98563 "http://www.globallegacygroup.shop" "Mozilla/5.0 (iPhone; CPU iPhone OS 13_2_3 like Mac OS X) AppleWebKit/605.1.15 (KHTML, like Gecko) Version/13.0.3 Mobile/15E148 Safari/604.1"
104.23.221.119 - - [22/Jul/2026:15:20:31 +0000] "GET /wp-admin/install.php?step=1 HTTP/1.1" 404 83586 "-" "http://globallegacygroup.shop/wp-admin/install.php?step=1"
162.158.110.168 - - [22/Jul/2026:15:30:21 +0000] "GET /wp-admin/install.php?step=1 HTTP/1.1" 404 83586 "-" "http://globallegacygroup.shop/wp-admin/install.php?step=1"
172.70.240.162 - - [22/Jul/2026:15:40:18 +0000] "GET /wp-admin/install.php?step=1 HTTP/1.1" 404 83586 "-" "http://globallegacygroup.shop/wp-admin/install.php?step=1"
104.23.223.111 - - [22/Jul/2026:15:53:38 +0000] "GET /wp-admin/install.php?step=1 HTTP/1.1" 404 83586 "-" "http://globallegacygroup.shop/wp-admin/install.php?step=1"
198.177.124.148 - - [22/Jul/2026:16:02:28 +0000] "GET /.well-known/acme-challenge/6KLC-V3E__OH7FELN6G8XI6BFM6LVVL5 HTTP/1.1" 200 64 "-" "Cpanel-HTTP-Client/1.0"
198.177.124.148 - - [22/Jul/2026:16:02:28 +0000] "GET /.well-known/acme-challenge/S-YDO0IUONXWOMHUMG8L_V5NKE27Y-VS HTTP/1.1" 200 64 "-" "Cpanel-HTTP-Client/1.0"
106.54.62.156 - - [22/Jul/2026:16:06:44 +0000] "GET / HTTP/1.1" 200 98563 "-" "Mozilla/5.0 (iPhone; CPU iPhone OS 13_2_3 like Mac OS X) AppleWebKit/605.1.15 (KHTML, like Gecko) Version/13.0.3 Mobile/15E148 Safari/604.1"
104.23.221.118 - - [22/Jul/2026:16:08:42 +0000] "GET /wp-admin/install.php?step=1 HTTP/1.1" 404 83586 "-" "http://globallegacygroup.shop/wp-admin/install.php?step=1"
198.177.124.148 - - [22/Jul/2026:16:15:40 +0000] "POST /wp-cron.php?doing_wp_cron=1784736940.8822360038757324218750 HTTP/1.1" 200 - "-" "WordPress/7.0.2; https://globallegacygroup.shop"
204.101.161.15 - - [22/Jul/2026:16:15:40 +0000] "GET /wp-includes/blocks/navigation/style.min.css?ver=7.0.2 HTTP/1.1" 200 20709 "http://globallegacygroup.shop/" "Mozilla/5.0 (X11; Linux x86_64) AppleWebKit/537.36 (KHTML, like Gecko) Chrome/150.0.0.0 Safari/537.36"
204.101.161.15 - - [22/Jul/2026:16:15:36 +0000] "GET / HTTP/1.1" 200 98563 "-" "Mozilla/5.0 (X11; Linux x86_64) AppleWebKit/537.36 (KHTML, like Gecko) Chrome/150.0.0.0 Safari/537.36"
204.101.161.15 - - [22/Jul/2026:16:15:41 +0000] "GET /wp-includes/js/jquery/jquery.min.js?ver=3.7.1 HTTP/1.1" 200 87553 "http://globallegacygroup.shop/" "Mozilla/5.0 (X11; Linux x86_64) AppleWebKit/537.36 (KHTML, like Gecko) Chrome/150.0.0.0 Safari/537.36"
204.101.161.15 - - [22/Jul/2026:16:15:41 +0000] "GET /wp-includes/js/jquery/jquery-migrate.min.js?ver=3.4.1 HTTP/1.1" 200 13577 "http://globallegacygroup.shop/" "Mozilla/5.0 (X11; Linux x86_64) AppleWebKit/537.36 (KHTML, like Gecko) Chrome/150.0.0.0 Safari/537.36"
204.101.161.15 - - [22/Jul/2026:16:15:41 +0000] "GET /wp-includes/js/dist/script-modules/interactivity/index.min.js?ver=efaa5193bbad9c60ffd1 HTTP/1.1" 200 40106 "http://globallegacygroup.shop/" "Mozilla/5.0 (X11; Linux x86_64) AppleWebKit/537.36 (KHTML, like Gecko) Chrome/150.0.0.0 Safari/537.36"
204.101.161.15 - - [22/Jul/2026:16:15:41 +0000] "GET /wp-content/themes/twentytwentyfour/assets/images/windows.webp HTTP/1.1" 200 126244 "http://globallegacygroup.shop/" "Mozilla/5.0 (X11; Linux x86_64) AppleWebKit/537.36 (KHTML, like Gecko) Chrome/150.0.0.0 Safari/537.36"
204.101.161.15 - - [22/Jul/2026:16:15:41 +0000] "GET /wp-includes/js/dist/script-modules/block-library/navigation/view.min.js?ver=96a846e1d7b789c39ab9 HTTP/1.1" 200 3053 "http://globallegacygroup.shop/" "Mozilla/5.0 (X11; Linux x86_64) AppleWebKit/537.36 (KHTML, like Gecko) Chrome/150.0.0.0 Safari/537.36"
204.101.161.15 - - [22/Jul/2026:16:15:41 +0000] "GET /wp-content/themes/twentytwentyfour/assets/images/tourist-and-building.webp HTTP/1.1" 200 66482 "http://globallegacygroup.shop/" "Mozilla/5.0 (X11; Linux x86_64) AppleWebKit/537.36 (KHTML, like Gecko) Chrome/150.0.0.0 Safari/537.36"
204.101.161.15 - - [22/Jul/2026:16:15:41 +0000] "GET /wp-content/themes/twentytwentyfour/assets/images/building-exterior.webp HTTP/1.1" 200 199724 "http://globallegacygroup.shop/" "Mozilla/5.0 (X11; Linux x86_64) AppleWebKit/537.36 (KHTML, like Gecko) Chrome/150.0.0.0 Safari/537.36"
204.101.161.15 - - [22/Jul/2026:16:15:41 +0000] "GET /wp-content/themes/twentytwentyfour/assets/fonts/cardo/cardo_italic_400.woff2 HTTP/1.1" 200 105184 "http://globallegacygroup.shop/" "Mozilla/5.0 (X11; Linux x86_64) AppleWebKit/537.36 (KHTML, like Gecko) Chrome/150.0.0.0 Safari/537.36"
204.101.161.15 - - [22/Jul/2026:16:15:41 +0000] "GET /wp-content/plugins/pixelyoursite/dist/scripts/jquery.bind-first-0.2.3.min.js?ver=0.2.3 HTTP/1.1" 200 1317 "http://globallegacygroup.shop/" "Mozilla/5.0 (X11; Linux x86_64) AppleWebKit/537.36 (KHTML, like Gecko) Chrome/150.0.0.0 Safari/537.36"
204.101.161.15 - - [22/Jul/2026:16:15:41 +0000] "GET /wp-content/plugins/pixelyoursite/dist/scripts/js.cookie-2.1.3.min.js?ver=2.1.3 HTTP/1.1" 200 1709 "http://globallegacygroup.shop/" "Mozilla/5.0 (X11; Linux x86_64) AppleWebKit/537.36 (KHTML, like Gecko) Chrome/150.0.0.0 Safari/537.36"
204.101.161.15 - - [22/Jul/2026:16:15:41 +0000] "GET /wp-content/plugins/pixelyoursite/dist/scripts/tld.min.js?ver=2.3.1 HTTP/1.1" 200 141079 "http://globallegacygroup.shop/" "Mozilla/5.0 (X11; Linux x86_64) AppleWebKit/537.36 (KHTML, like Gecko) Chrome/150.0.0.0 Safari/537.36"
204.101.161.15 - - [22/Jul/2026:16:15:41 +0000] "GET /wp-content/themes/twentytwentyfour/assets/fonts/cardo/cardo_normal_400.woff2 HTTP/1.1" 200 146060 "http://globallegacygroup.shop/" "Mozilla/5.0 (X11; Linux x86_64) AppleWebKit/537.36 (KHTML, like Gecko) Chrome/150.0.0.0 Safari/537.36"
204.101.161.15 - - [22/Jul/2026:16:15:41 +0000] "GET /wp-content/plugins/pixelyoursite/dist/scripts/public.js?ver=11.2.1 HTTP/1.1" 200 172979 "http://globallegacygroup.shop/" "Mozilla/5.0 (X11; Linux x86_64) AppleWebKit/537.36 (KHTML, like Gecko) Chrome/150.0.0.0 Safari/537.36"
204.101.161.15 - - [22/Jul/2026:16:15:41 +0000] "GET /wp-content/themes/twentytwentyfour/assets/fonts/inter/Inter-VariableFont_slnt,wght.woff2 HTTP/1.1" 200 326628 "http://globallegacygroup.shop/" "Mozilla/5.0 (X11; Linux x86_64) AppleWebKit/537.36 (KHTML, like Gecko) Chrome/150.0.0.0 Safari/537.36"
104.23.217.110 - - [22/Jul/2026:16:19:38 +0000] "GET /wp-admin/install.php?step=1 HTTP/1.1" 404 83586 "-" "http://globallegacygroup.shop/wp-admin/install.php?step=1"
172.71.148.120 - - [22/Jul/2026:16:32:07 +0000] "GET /wp-admin/install.php?step=1 HTTP/1.1" 404 83586 "-" "http://globallegacygroup.shop/wp-admin/install.php?step=1"
172.70.240.162 - - [22/Jul/2026:16:49:39 +0000] "GET /wp-admin/install.php?step=1 HTTP/1.1" 404 83586 "-" "http://globallegacygroup.shop/wp-admin/install.php?step=1"
104.23.217.111 - - [22/Jul/2026:17:14:12 +0000] "GET /wp-admin/install.php?step=1 HTTP/1.1" 404 83832 "-" "http://globallegacygroup.shop/wp-admin/install.php?step=1"
172.70.248.68 - - [22/Jul/2026:17:40:45 +0000] "GET /wp-admin/install.php?step=1 HTTP/1.1" 404 83832 "-" "http://globallegacygroup.shop/wp-admin/install.php?step=1"
172.70.240.162 - - [22/Jul/2026:17:41:09 +0000] "GET /wp-admin/install.php?step=1 HTTP/1.1" 404 83832 "-" "http://globallegacygroup.shop/wp-admin/install.php?step=1"
172.69.151.214 - - [22/Jul/2026:17:41:38 +0000] "GET /wp-admin/install.php?step=1 HTTP/1.1" 404 83832 "-" "http://globallegacygroup.shop/wp-admin/install.php?step=1"
44.220.233.148 - - [22/Jul/2026:17:42:40 +0000] "GET / HTTP/1.1" 301 - "-" "Mozilla/5.0 (Windows NT 10.0; Win64; x64) AppleWebKit/537.36 (KHTML, like Gecko) Chrome/131.0.0.0 Safari/537.36"
198.177.124.148 - - [22/Jul/2026:17:42:46 +0000] "POST /wp-cron.php?doing_wp_cron=1784742166.2978329658508300781250 HTTP/1.1" 200 - "-" "WordPress/7.0.2; https://globallegacygroup.shop"
3.219.86.171 - - [22/Jul/2026:17:42:42 +0000] "GET / HTTP/1.1" 200 98809 "-" "Mozilla/5.0 (Windows NT 10.0; Win64; x64) AppleWebKit/537.36 (KHTML, like Gecko) Chrome/131.0.0.0 Safari/537.36"
162.158.110.169 - - [22/Jul/2026:17:43:55 +0000] "GET /wp-admin/install.php?step=1 HTTP/1.1" 404 83832 "-" "http://globallegacygroup.shop/wp-admin/install.php?step=1"
104.23.223.110 - - [22/Jul/2026:17:49:41 +0000] "GET /wp-admin/install.php?step=1 HTTP/1.1" 404 83832 "-" "http://globallegacygroup.shop/wp-admin/install.php?step=1"
49.51.253.26 - - [22/Jul/2026:17:51:48 +0000] "GET / HTTP/1.1" 200 98809 "-" "Mozilla/5.0 (iPhone; CPU iPhone OS 13_2_3 like Mac OS X) AppleWebKit/605.1.15 (KHTML, like Gecko) Version/13.0.3 Mobile/15E148 Safari/604.1"
104.23.221.118 - - [22/Jul/2026:18:04:34 +0000] "GET /wp-admin/install.php?step=1 HTTP/1.1" 404 83832 "-" "http://globallegacygroup.shop/wp-admin/install.php?step=1"
104.23.223.110 - - [22/Jul/2026:18:35:37 +0000] "GET /wp-admin/install.php?step=1 HTTP/1.1" 404 83832 "-" "http://globallegacygroup.shop/wp-admin/install.php?step=1"
43.157.180.116 - - [22/Jul/2026:18:43:27 +0000] "GET / HTTP/1.1" 301 - "-" "Mozilla/5.0 (iPhone; CPU iPhone OS 13_2_3 like Mac OS X) AppleWebKit/605.1.15 (KHTML, like Gecko) Version/13.0.3 Mobile/15E148 Safari/604.1"
43.157.180.116 - - [22/Jul/2026:18:43:30 +0000] "GET / HTTP/1.1" 200 98809 "http://www.globallegacygroup.shop" "Mozilla/5.0 (iPhone; CPU iPhone OS 13_2_3 like Mac OS X) AppleWebKit/605.1.15 (KHTML, like Gecko) Version/13.0.3 Mobile/15E148 Safari/604.1"
104.23.217.111 - - [22/Jul/2026:18:51:56 +0000] "GET /wp-admin/install.php?step=1 HTTP/1.1" 404 83832 "-" "http://globallegacygroup.shop/wp-admin/install.php?step=1"
104.23.221.119 - - [22/Jul/2026:19:00:40 +0000] "GET /wp-admin/install.php?step=1 HTTP/1.1" 404 83832 "-" "http://globallegacygroup.shop/wp-admin/install.php?step=1"
198.177.124.148 - - [22/Jul/2026:19:02:20 +0000] "GET /.well-known/acme-challenge/-END8U8V_W0EESF71WRZA198EQ_YKQ5E HTTP/1.1" 200 64 "-" "Cpanel-HTTP-Client/1.0"
198.177.124.148 - - [22/Jul/2026:19:02:20 +0000] "GET /.well-known/acme-challenge/4E12MA95UWKSU7A9YL7PLXA0SI6Z4DY5 HTTP/1.1" 200 64 "-" "Cpanel-HTTP-Client/1.0"
35.231.101.231 - - [22/Jul/2026:19:27:41 +0000] "GET /wp-login.php HTTP/1.1" 302 - "-" "Mozilla/5.0 (Windows NT 10.0; Win64; x64) AppleWebKit/537.36 (KHTML, like Gecko) HeadlessChrome/150.0.0.0 Safari/537.36"
104.23.217.110 - - [22/Jul/2026:19:27:47 +0000] "GET /wp-admin/install.php?step=1 HTTP/1.1" 404 83832 "-" "http://globallegacygroup.shop/wp-admin/install.php?step=1"
198.177.124.148 - - [22/Jul/2026:19:28:05 +0000] "POST /wp-cron.php?doing_wp_cron=1784748462.6610310077667236328125 HTTP/1.1" 200 - "-" "WordPress/7.0.2; https://globallegacygroup.shop"
104.23.221.118 - - [22/Jul/2026:19:35:11 +0000] "GET /wp-admin/install.php?step=1 HTTP/1.1" 404 83832 "-" "http://globallegacygroup.shop/wp-admin/install.php?step=1"
162.158.110.168 - - [22/Jul/2026:19:35:18 +0000] "GET /wp-admin/install.php?step=1 HTTP/1.1" 404 83832 "-" "http://globallegacygroup.shop/wp-admin/install.php?step=1"
198.177.124.148 - - [22/Jul/2026:19:35:19 +0000] "POST /wp-cron.php?doing_wp_cron=1784748914.0368919372558593750000 HTTP/1.1" 200 - "-" "WordPress/7.0.2; https://globallegacygroup.shop"
104.23.172.122 - - [22/Jul/2026:20:12:29 +0000] "GET /wp-admin/install.php?step=1 HTTP/1.1" 404 83832 "-" "http://globallegacygroup.shop/wp-admin/install.php?step=1"
198.177.124.148 - - [22/Jul/2026:20:31:16 +0000] "POST /wp-cron.php?doing_wp_cron=1784752276.7745060920715332031250 HTTP/1.1" 200 - "-" "WordPress/7.0.2; https://globallegacygroup.shop"
104.23.221.119 - - [22/Jul/2026:20:31:14 +0000] "GET /wp-admin/install.php?step=1 HTTP/1.1" 404 83832 "-" "http://globallegacygroup.shop/wp-admin/install.php?step=1"
104.23.166.18 - - [22/Jul/2026:20:58:50 +0000] "GET /wp-admin/install.php?step=1 HTTP/1.1" 404 83832 "-" "http://globallegacygroup.shop/wp-admin/install.php?step=1"
66.249.69.134 - - [22/Jul/2026:20:59:52 +0000] "GET /robots.txt HTTP/1.1" 200 123 "-" "Mozilla/5.0 (compatible; Googlebot/2.1; +http://www.google.com/bot.html)"
66.249.69.134 - - [22/Jul/2026:21:00:05 +0000] "GET /?p=99154102909909 HTTP/1.1" 404 83812 "-" "Mozilla/5.0 (Linux; Android 6.0.1; Nexus 5X Build/MMB29P) AppleWebKit/537.36 (KHTML, like Gecko) Chrome/150.0.7871.128 Mobile Safari/537.36 (compatible; GoogleOther)"
66.249.69.134 - - [22/Jul/2026:21:00:21 +0000] "GET /?p=20860494661391 HTTP/1.1" 404 83812 "-" "Mozilla/5.0 (Linux; Android 6.0.1; Nexus 5X Build/MMB29P) AppleWebKit/537.36 (KHTML, like Gecko) Chrome/150.0.7871.128 Mobile Safari/537.36 (compatible; GoogleOther)"
66.249.69.134 - - [22/Jul/2026:21:01:03 +0000] "GET /?p=70460423529582 HTTP/1.1" 404 83812 "-" "Mozilla/5.0 (Linux; Android 6.0.1; Nexus 5X Build/MMB29P) AppleWebKit/537.36 (KHTML, like Gecko) Chrome/150.0.7871.128 Mobile Safari/537.36 (compatible; GoogleOther)"
162.158.110.169 - - [22/Jul/2026:21:17:17 +0000] "GET /wp-admin/install.php?step=1 HTTP/1.1" 404 83832 "-" "http://globallegacygroup.shop/wp-admin/install.php?step=1"
172.69.151.214 - - [22/Jul/2026:21:24:25 +0000] "GET /wp-admin/install.php?step=1 HTTP/1.1" 404 83832 "-" "http://globallegacygroup.shop/wp-admin/install.php?step=1"
124.221.163.189 - - [22/Jul/2026:17:39:27 +0000] "GET / HTTP/1.1" 301 - "-" "Mozilla/5.0 (iPhone; CPU iPhone OS 13_2_3 like Mac OS X) AppleWebKit/605.1.15 (KHTML, like Gecko) Version/13.0.3 Mobile/15E148 Safari/604.1"
124.221.163.189 - - [22/Jul/2026:17:39:33 +0000] "GET / HTTP/1.1" 503 98809 "http://www.globallegacygroup.shop" "Mozilla/5.0 (iPhone; CPU iPhone OS 13_2_3 like Mac OS X) AppleWebKit/605.1.15 (KHTML, like Gecko) Version/13.0.3 Mobile/15E148 Safari/604.1"
198.177.124.148 - - [22/Jul/2026:21:41:56 +0000] "POST /wp-cron.php?doing_wp_cron=1784756516.6230719089508056640625 HTTP/1.1" 200 - "-" "WordPress/7.0.2; https://globallegacygroup.shop"
104.23.223.111 - - [22/Jul/2026:21:41:55 +0000] "GET /wp-admin/install.php?step=1 HTTP/1.1" 404 83832 "-" "http://globallegacygroup.shop/wp-admin/install.php?step=1"
35.188.228.128 - - [22/Jul/2026:21:46:24 +0000] "GET /wp-content/plugins/config-cs/bootstrap.php HTTP/1.1" 302 35499 "-" "Mozilla/5.0 (Windows NT 10.0; Win64; x64) AppleWebKit/537.36 (KHTML, like Gecko) Chrome/91.0.4472.124 Safari/537.36"
35.188.228.128 - - [22/Jul/2026:21:46:25 +0000] "GET /wp-content/plugins/config-cs/bootstrap.php?p= HTTP/1.1" 200 35499 "http://globallegacygroup.shop/wp-content/plugins/config-cs/bootstrap.php" "Mozilla/5.0 (Windows NT 10.0; Win64; x64) AppleWebKit/537.36 (KHTML, like Gecko) Chrome/91.0.4472.124 Safari/537.36"
198.177.124.148 - - [22/Jul/2026:22:02:14 +0000] "GET /.well-known/acme-challenge/5STEW30IV1GG3OCT-0MEOM62IEFIBP_7 HTTP/1.1" 200 64 "-" "Cpanel-HTTP-Client/1.0"
198.177.124.148 - - [22/Jul/2026:22:02:15 +0000] "GET /.well-known/acme-challenge/_QQ22I069SAYZPLVLO-BDSKW8BF3R-8M HTTP/1.1" 200 64 "-" "Cpanel-HTTP-Client/1.0"
104.23.221.118 - - [22/Jul/2026:22:11:53 +0000] "GET /wp-admin/install.php?step=1 HTTP/1.1" 404 83832 "-" "http://globallegacygroup.shop/wp-admin/install.php?step=1"
43.159.34.167 - - [22/Jul/2026:22:17:06 +0000] "GET / HTTP/1.1" 200 98809 "-" "Mozilla/5.0 (iPhone; CPU iPhone OS 13_2_3 like Mac OS X) AppleWebKit/605.1.15 (KHTML, like Gecko) Version/13.0.3 Mobile/15E148 Safari/604.1"
198.177.124.148 - - [22/Jul/2026:22:28:35 +0000] "POST /wp-cron.php?doing_wp_cron=1784759315.4057240486145019531250 HTTP/1.1" 200 - "-" "WordPress/7.0.2; https://globallegacygroup.shop"
45.92.85.214 - - [22/Jul/2026:22:28:34 +0000] "GET / HTTP/1.1" 200 98809 "-" "Mozilla/5.0 (Windows NT 10.0; Win64; x64) AppleWebKit/537.36 (KHTML, like Gecko) Chrome/94.0.4606.61 Safari/537.36"
104.23.223.111 - - [22/Jul/2026:22:33:00 +0000] "GET /wp-admin/install.php?step=1 HTTP/1.1" 404 83832 "-" "http://globallegacygroup.shop/wp-admin/install.php?step=1"
104.23.221.118 - - [22/Jul/2026:22:57:13 +0000] "GET /wp-admin/install.php?step=1 HTTP/1.1" 404 83832 "-" "http://globallegacygroup.shop/wp-admin/install.php?step=1"
198.177.124.148 - - [22/Jul/2026:22:59:39 +0000] "POST /wp-cron.php?doing_wp_cron=1784761179.6877539157867431640625 HTTP/1.1" 200 - "-" "WordPress/7.0.2; https://globallegacygroup.shop"
66.249.77.76 - - [22/Jul/2026:22:59:37 +0000] "GET /robots.txt HTTP/1.1" 301 - "-" "Mozilla/5.0 (compatible; Googlebot/2.1; +http://www.google.com/bot.html)"
66.249.69.134 - - [22/Jul/2026:22:59:39 +0000] "GET /robots.txt HTTP/1.1" 200 123 "-" "Mozilla/5.0 (compatible; Googlebot/2.1; +http://www.google.com/bot.html)"
66.249.77.75 - - [22/Jul/2026:23:00:20 +0000] "GET /information/privacy_policy.html HTTP/1.1" 301 - "-" "Mozilla/5.0 (Linux; Android 6.0.1; Nexus 5X Build/MMB29P) AppleWebKit/537.36 (KHTML, like Gecko) Chrome/150.0.7871.128 Mobile Safari/537.36 (compatible; Googlebot/2.1; +http://www.google.com/bot.html)"
66.249.69.134 - - [22/Jul/2026:23:00:56 +0000] "GET /information/privacy_policy.html HTTP/1.1" 404 83843 "-" "Mozilla/5.0 (Linux; Android 6.0.1; Nexus 5X Build/MMB29P) AppleWebKit/537.36 (KHTML, like Gecko) Chrome/150.0.7871.128 Mobile Safari/537.36 (compatible; Googlebot/2.1; +http://www.google.com/bot.html)"
66.249.69.135 - - [22/Jul/2026:23:01:16 +0000] "GET / HTTP/1.1" 200 98809 "-" "Mozilla/5.0 (Linux; Android 6.0.1; Nexus 5X Build/MMB29P) AppleWebKit/537.36 (KHTML, like Gecko) Chrome/150.0.7871.128 Mobile Safari/537.36 (compatible; Googlebot/2.1; +http://www.google.com/bot.html)"
66.249.69.134 - - [22/Jul/2026:23:02:19 +0000] "GET /?p=92558148046866 HTTP/1.1" 404 83812 "-" "Mozilla/5.0 (Linux; Android 6.0.1; Nexus 5X Build/MMB29P) AppleWebKit/537.36 (KHTML, like Gecko) Chrome/150.0.7871.128 Mobile Safari/537.36 (compatible; GoogleOther)"
66.249.69.134 - - [22/Jul/2026:23:05:00 +0000] "GET /?p=51657652445611 HTTP/1.1" 404 83812 "-" "Mozilla/5.0 (Linux; Android 6.0.1; Nexus 5X Build/MMB29P) AppleWebKit/537.36 (KHTML, like Gecko) Chrome/150.0.7871.128 Mobile Safari/537.36 (compatible; GoogleOther)"
104.23.221.119 - - [22/Jul/2026:23:06:17 +0000] "GET /wp-admin/install.php?step=1 HTTP/1.1" 404 83832 "-" "http://globallegacygroup.shop/wp-admin/install.php?step=1"
66.249.69.135 - - [22/Jul/2026:23:06:56 +0000] "GET /?p=24341924119317 HTTP/1.1" 404 83812 "-" "Mozilla/5.0 (Linux; Android 6.0.1; Nexus 5X Build/MMB29P) AppleWebKit/537.36 (KHTML, like Gecko) Chrome/150.0.7871.128 Mobile Safari/537.36 (compatible; GoogleOther)"
172.71.144.63 - - [22/Jul/2026:23:07:28 +0000] "GET /wp-admin/install.php?step=1 HTTP/1.1" 404 83832 "-" "http://globallegacygroup.shop/wp-admin/install.php?step=1"
66.249.69.134 - - [22/Jul/2026:23:07:50 +0000] "GET /?p=73316990957435 HTTP/1.1" 404 83812 "-" "Mozilla/5.0 (Linux; Android 6.0.1; Nexus 5X Build/MMB29P) AppleWebKit/537.36 (KHTML, like Gecko) Chrome/150.0.7871.128 Mobile Safari/537.36 (compatible; GoogleOther)"
66.249.69.134 - - [22/Jul/2026:23:11:23 +0000] "GET /?p=37696179818719 HTTP/1.1" 404 83812 "-" "Mozilla/5.0 (Linux; Android 6.0.1; Nexus 5X Build/MMB29P) AppleWebKit/537.36 (KHTML, like Gecko) Chrome/150.0.7871.128 Mobile Safari/537.36 (compatible; GoogleOther)"
170.106.107.87 - - [22/Jul/2026:23:11:30 +0000] "GET / HTTP/1.1" 301 - "-" "Mozilla/5.0 (iPhone; CPU iPhone OS 13_2_3 like Mac OS X) AppleWebKit/605.1.15 (KHTML, like Gecko) Version/13.0.3 Mobile/15E148 Safari/604.1"
170.106.107.87 - - [22/Jul/2026:23:11:33 +0000] "GET / HTTP/1.1" 200 98809 "http://www.globallegacygroup.shop" "Mozilla/5.0 (iPhone; CPU iPhone OS 13_2_3 like Mac OS X) AppleWebKit/605.1.15 (KHTML, like Gecko) Version/13.0.3 Mobile/15E148 Safari/604.1"
66.249.69.134 - - [22/Jul/2026:23:11:54 +0000] "GET /?p=72530027269575 HTTP/1.1" 404 83812 "-" "Mozilla/5.0 (Linux; Android 6.0.1; Nexus 5X Build/MMB29P) AppleWebKit/537.36 (KHTML, like Gecko) Chrome/150.0.7871.128 Mobile Safari/537.36 (compatible; GoogleOther)"
66.249.69.135 - - [22/Jul/2026:23:13:19 +0000] "GET /?p=17660852000195 HTTP/1.1" 404 83812 "-" "Mozilla/5.0 (Linux; Android 6.0.1; Nexus 5X Build/MMB29P) AppleWebKit/537.36 (KHTML, like Gecko) Chrome/150.0.7871.128 Mobile Safari/537.36 (compatible; GoogleOther)"
66.249.69.134 - - [22/Jul/2026:23:14:45 +0000] "GET /?p=76838206370169 HTTP/1.1" 404 83812 "-" "Mozilla/5.0 (Linux; Android 6.0.1; Nexus 5X Build/MMB29P) AppleWebKit/537.36 (KHTML, like Gecko) Chrome/150.0.7871.128 Mobile Safari/537.36 (compatible; GoogleOther)"
66.249.69.135 - - [22/Jul/2026:23:15:26 +0000] "GET /?p=46566635684562 HTTP/1.1" 404 83812 "-" "Mozilla/5.0 (Linux; Android 6.0.1; Nexus 5X Build/MMB29P) AppleWebKit/537.36 (KHTML, like Gecko) Chrome/150.0.7871.128 Mobile Safari/537.36 (compatible; GoogleOther)"
79.127.141.36 - - [22/Jul/2026:23:28:17 +0000] "GET / HTTP/1.1" 301 - "-" "Mozilla/5.0 (Windows NT 10.0; Win64; x64) AppleWebKit/537.36 (KHTML, like Gecko) Chrome/84.0.4147.89 Safari/537.36"
158.173.241.33 - - [22/Jul/2026:23:29:59 +0000] "GET / HTTP/1.1" 200 98809 "-" "Mozilla/5.0 (Windows NT 10.0; Win64; x64) AppleWebKit/537.36 (KHTML, like Gecko) Chrome/84.0.4147.89 Safari/537.36"
66.249.69.135 - - [22/Jul/2026:23:31:22 +0000] "GET /?p=85222765256321 HTTP/1.1" 404 83812 "-" "Mozilla/5.0 (Linux; Android 6.0.1; Nexus 5X Build/MMB29P) AppleWebKit/537.36 (KHTML, like Gecko) Chrome/150.0.7871.128 Mobile Safari/537.36 (compatible; GoogleOther)"
66.249.69.134 - - [22/Jul/2026:23:31:30 +0000] "GET /?p=15886160425053 HTTP/1.1" 404 83812 "-" "Mozilla/5.0 (Linux; Android 6.0.1; Nexus 5X Build/MMB29P) AppleWebKit/537.36 (KHTML, like Gecko) Chrome/150.0.7871.128 Mobile Safari/537.36 (compatible; GoogleOther)"
172.70.240.162 - - [22/Jul/2026:23:37:49 +0000] "GET /wp-admin/install.php?step=1 HTTP/1.1" 404 83832 "-" "http://globallegacygroup.shop/wp-admin/install.php?step=1"
172.71.172.22 - - [22/Jul/2026:23:43:45 +0000] "GET /wp-admin/install.php?step=1 HTTP/1.1" 404 83832 "-" "http://globallegacygroup.shop/wp-admin/install.php?step=1"
66.249.69.136 - - [22/Jul/2026:23:59:09 +0000] "GET /?p=40114557769985 HTTP/1.1" 404 83812 "-" "Mozilla/5.0 (Linux; Android 6.0.1; Nexus 5X Build/MMB29P) AppleWebKit/537.36 (KHTML, like Gecko) Chrome/150.0.7871.128 Mobile Safari/537.36 (compatible; GoogleOther)"
66.249.69.135 - - [23/Jul/2026:00:00:38 +0000] "GET /robots.txt HTTP/1.1" 200 123 "-" "Mozilla/5.0 (compatible; Googlebot/2.1; +http://www.google.com/bot.html)"
66.249.69.134 - - [23/Jul/2026:00:00:41 +0000] "GET /?p=12161307199647 HTTP/1.1" 404 83812 "-" "Mozilla/5.0 (Linux; Android 6.0.1; Nexus 5X Build/MMB29P) AppleWebKit/537.36 (KHTML, like Gecko) Chrome/150.0.7871.128 Mobile Safari/537.36 (compatible; GoogleOther)"
66.249.69.134 - - [23/Jul/2026:00:01:23 +0000] "GET /?p=42424271498585 HTTP/1.1" 404 83812 "-" "Mozilla/5.0 (Linux; Android 6.0.1; Nexus 5X Build/MMB29P) AppleWebKit/537.36 (KHTML, like Gecko) Chrome/150.0.7871.128 Mobile Safari/537.36 (compatible; GoogleOther)"
66.249.69.136 - - [23/Jul/2026:00:01:50 +0000] "GET /robots.txt HTTP/1.1" 200 123 "-" "Mozilla/5.0 (compatible; Googlebot/2.1; +http://www.google.com/bot.html)"
66.249.69.134 - - [23/Jul/2026:00:01:51 +0000] "GET /?p=45690500662608 HTTP/1.1" 404 83812 "-" "Mozilla/5.0 (Linux; Android 6.0.1; Nexus 5X Build/MMB29P) AppleWebKit/537.36 (KHTML, like Gecko) Chrome/150.0.7871.128 Mobile Safari/537.36 (compatible; GoogleOther)"
66.249.69.134 - - [23/Jul/2026:00:02:25 +0000] "GET /?p=38599568190107 HTTP/1.1" 404 83812 "-" "Mozilla/5.0 (Linux; Android 6.0.1; Nexus 5X Build/MMB29P) AppleWebKit/537.36 (KHTML, like Gecko) Chrome/150.0.7871.128 Mobile Safari/537.36 (compatible; GoogleOther)"
66.249.69.136 - - [23/Jul/2026:00:03:03 +0000] "GET /robots.txt HTTP/1.1" 200 123 "-" "Mozilla/5.0 (compatible; Googlebot/2.1; +http://www.google.com/bot.html)"
66.249.69.135 - - [23/Jul/2026:00:03:05 +0000] "GET /?p=84309361267819 HTTP/1.1" 404 83812 "-" "Mozilla/5.0 (Linux; Android 6.0.1; Nexus 5X Build/MMB29P) AppleWebKit/537.36 (KHTML, like Gecko) Chrome/150.0.7871.128 Mobile Safari/537.36 (compatible; GoogleOther)"
66.249.69.134 - - [23/Jul/2026:00:03:48 +0000] "GET /?p=38998221079225 HTTP/1.1" 404 83812 "-" "Mozilla/5.0 (Linux; Android 6.0.1; Nexus 5X Build/MMB29P) AppleWebKit/537.36 (KHTML, like Gecko) Chrome/150.0.7871.128 Mobile Safari/537.36 (compatible; GoogleOther)"
66.249.69.134 - - [23/Jul/2026:00:05:24 +0000] "GET /robots.txt HTTP/1.1" 200 123 "-" "Mozilla/5.0 (compatible; Googlebot/2.1; +http://www.google.com/bot.html)"
66.249.69.134 - - [23/Jul/2026:00:05:41 +0000] "GET /?p=80979492577593 HTTP/1.1" 404 83812 "-" "Mozilla/5.0 (Linux; Android 6.0.1; Nexus 5X Build/MMB29P) AppleWebKit/537.36 (KHTML, like Gecko) Chrome/150.0.7871.128 Mobile Safari/537.36 (compatible; GoogleOther)"
172.69.151.214 - - [23/Jul/2026:00:05:55 +0000] "GET /wp-admin/install.php?step=1 HTTP/1.1" 404 83832 "-" "http://globallegacygroup.shop/wp-admin/install.php?step=1"
172.70.248.68 - - [23/Jul/2026:00:22:43 +0000] "GET /wp-admin/install.php?step=1 HTTP/1.1" 404 83832 "-" "http://globallegacygroup.shop/wp-admin/install.php?step=1"
66.249.69.134 - - [23/Jul/2026:00:29:11 +0000] "GET /?p=88663267314384 HTTP/1.1" 404 83812 "-" "Mozilla/5.0 (Linux; Android 6.0.1; Nexus 5X Build/MMB29P) AppleWebKit/537.36 (KHTML, like Gecko) Chrome/150.0.7871.128 Mobile Safari/537.36 (compatible; GoogleOther)"
66.249.69.134 - - [23/Jul/2026:00:29:20 +0000] "GET /?p=84570947558882 HTTP/1.1" 404 83812 "-" "Mozilla/5.0 (Linux; Android 6.0.1; Nexus 5X Build/MMB29P) AppleWebKit/537.36 (KHTML, like Gecko) Chrome/150.0.7871.128 Mobile Safari/537.36 (compatible; GoogleOther)"
66.249.69.134 - - [23/Jul/2026:00:29:27 +0000] "GET /?p=86420579302617 HTTP/1.1" 404 83812 "-" "Mozilla/5.0 (Linux; Android 6.0.1; Nexus 5X Build/MMB29P) AppleWebKit/537.36 (KHTML, like Gecko) Chrome/150.0.7871.128 Mobile Safari/537.36 (compatible; GoogleOther)"
66.249.69.134 - - [23/Jul/2026:00:29:36 +0000] "GET /?p=80891676299745 HTTP/1.1" 404 83812 "-" "Mozilla/5.0 (Linux; Android 6.0.1; Nexus 5X Build/MMB29P) AppleWebKit/537.36 (KHTML, like Gecko) Chrome/150.0.7871.128 Mobile Safari/537.36 (compatible; GoogleOther)"
66.249.69.134 - - [23/Jul/2026:00:29:42 +0000] "GET /?p=29473183299330 HTTP/1.1" 404 83812 "-" "Mozilla/5.0 (Linux; Android 6.0.1; Nexus 5X Build/MMB29P) AppleWebKit/537.36 (KHTML, like Gecko) Chrome/150.0.7871.128 Mobile Safari/537.36 (compatible; GoogleOther)"
66.249.69.134 - - [23/Jul/2026:00:30:12 +0000] "GET /?p=10403223893615 HTTP/1.1" 404 83812 "-" "Mozilla/5.0 (Linux; Android 6.0.1; Nexus 5X Build/MMB29P) AppleWebKit/537.36 (KHTML, like Gecko) Chrome/150.0.7871.128 Mobile Safari/537.36 (compatible; GoogleOther)"
66.249.69.134 - - [23/Jul/2026:00:30:20 +0000] "GET /?p=63278041464056 HTTP/1.1" 404 83812 "-" "Mozilla/5.0 (Linux; Android 6.0.1; Nexus 5X Build/MMB29P) AppleWebKit/537.36 (KHTML, like Gecko) Chrome/150.0.7871.128 Mobile Safari/537.36 (compatible; GoogleOther)"
66.249.69.134 - - [23/Jul/2026:00:30:36 +0000] "GET /?p=55822740182380 HTTP/1.1" 404 83812 "-" "Mozilla/5.0 (Linux; Android 6.0.1; Nexus 5X Build/MMB29P) AppleWebKit/537.36 (KHTML, like Gecko) Chrome/150.0.7871.128 Mobile Safari/537.36 (compatible; GoogleOther)"
66.249.69.134 - - [23/Jul/2026:00:30:44 +0000] "GET /?p=84166272422168 HTTP/1.1" 404 83812 "-" "Mozilla/5.0 (Linux; Android 6.0.1; Nexus 5X Build/MMB29P) AppleWebKit/537.36 (KHTML, like Gecko) Chrome/150.0.7871.128 Mobile Safari/537.36 (compatible; GoogleOther)"
66.249.69.134 - - [23/Jul/2026:00:31:06 +0000] "GET /?p=74033425518891 HTTP/1.1" 404 83812 "-" "Mozilla/5.0 (Linux; Android 6.0.1; Nexus 5X Build/MMB29P) AppleWebKit/537.36 (KHTML, like Gecko) Chrome/150.0.7871.128 Mobile Safari/537.36 (compatible; GoogleOther)"
66.249.69.136 - - [23/Jul/2026:00:31:42 +0000] "GET /?p=70952914345240 HTTP/1.1" 404 83812 "-" "Mozilla/5.0 (Linux; Android 6.0.1; Nexus 5X Build/MMB29P) AppleWebKit/537.36 (KHTML, like Gecko) Chrome/150.0.7871.128 Mobile Safari/537.36 (compatible; GoogleOther)"
66.249.69.134 - - [23/Jul/2026:00:32:25 +0000] "GET /?p=84876840881505 HTTP/1.1" 404 83812 "-" "Mozilla/5.0 (Linux; Android 6.0.1; Nexus 5X Build/MMB29P) AppleWebKit/537.36 (KHTML, like Gecko) Chrome/150.0.7871.128 Mobile Safari/537.36 (compatible; GoogleOther)"
66.249.69.134 - - [23/Jul/2026:00:33:07 +0000] "GET /?p=40070964955991 HTTP/1.1" 404 83812 "-" "Mozilla/5.0 (Linux; Android 6.0.1; Nexus 5X Build/MMB29P) AppleWebKit/537.36 (KHTML, like Gecko) Chrome/150.0.7871.128 Mobile Safari/537.36 (compatible; GoogleOther)"
66.249.69.135 - - [23/Jul/2026:00:33:25 +0000] "GET /?p=65361830804966 HTTP/1.1" 404 83812 "-" "Mozilla/5.0 (Linux; Android 6.0.1; Nexus 5X Build/MMB29P) AppleWebKit/537.36 (KHTML, like Gecko) Chrome/150.0.7871.128 Mobile Safari/537.36 (compatible; GoogleOther)"
66.249.69.134 - - [23/Jul/2026:00:33:52 +0000] "GET /?p=34367601460470 HTTP/1.1" 404 83812 "-" "Mozilla/5.0 (Linux; Android 6.0.1; Nexus 5X Build/MMB29P) AppleWebKit/537.36 (KHTML, like Gecko) Chrome/150.0.7871.128 Mobile Safari/537.36 (compatible; GoogleOther)"
66.249.69.134 - - [23/Jul/2026:00:34:03 +0000] "GET /?p=33419569713331 HTTP/1.1" 404 83812 "-" "Mozilla/5.0 (Linux; Android 6.0.1; Nexus 5X Build/MMB29P) AppleWebKit/537.36 (KHTML, like Gecko) Chrome/150.0.7871.128 Mobile Safari/537.36 (compatible; GoogleOther)"
66.249.69.134 - - [23/Jul/2026:00:34:14 +0000] "GET /?p=40433966228198 HTTP/1.1" 404 83812 "-" "Mozilla/5.0 (Linux; Android 6.0.1; Nexus 5X Build/MMB29P) AppleWebKit/537.36 (KHTML, like Gecko) Chrome/150.0.7871.128 Mobile Safari/537.36 (compatible; GoogleOther)"
66.249.69.134 - - [23/Jul/2026:00:34:32 +0000] "GET /?p=50271321559630 HTTP/1.1" 404 83812 "-" "Mozilla/5.0 (Linux; Android 6.0.1; Nexus 5X Build/MMB29P) AppleWebKit/537.36 (KHTML, like Gecko) Chrome/150.0.7871.128 Mobile Safari/537.36 (compatible; GoogleOther)"
66.249.69.134 - - [23/Jul/2026:00:34:49 +0000] "GET /?p=74852389594127 HTTP/1.1" 404 83812 "-" "Mozilla/5.0 (Linux; Android 6.0.1; Nexus 5X Build/MMB29P) AppleWebKit/537.36 (KHTML, like Gecko) Chrome/150.0.7871.128 Mobile Safari/537.36 (compatible; GoogleOther)"
66.249.69.135 - - [23/Jul/2026:00:35:00 +0000] "GET /?p=89663648217457 HTTP/1.1" 404 83812 "-" "Mozilla/5.0 (Linux; Android 6.0.1; Nexus 5X Build/MMB29P) AppleWebKit/537.36 (KHTML, like Gecko) Chrome/150.0.7871.128 Mobile Safari/537.36 (compatible; GoogleOther)"
66.249.69.135 - - [23/Jul/2026:00:35:12 +0000] "GET /?p=57367472553239 HTTP/1.1" 404 83812 "-" "Mozilla/5.0 (Linux; Android 6.0.1; Nexus 5X Build/MMB29P) AppleWebKit/537.36 (KHTML, like Gecko) Chrome/150.0.7871.128 Mobile Safari/537.36 (compatible; GoogleOther)"
66.249.69.134 - - [23/Jul/2026:00:35:54 +0000] "GET /?p=44265047181419 HTTP/1.1" 404 83812 "-" "Mozilla/5.0 (Linux; Android 6.0.1; Nexus 5X Build/MMB29P) AppleWebKit/537.36 (KHTML, like Gecko) Chrome/150.0.7871.128 Mobile Safari/537.36 (compatible; GoogleOther)"
66.249.69.134 - - [23/Jul/2026:00:36:19 +0000] "GET /?p=23911101002618 HTTP/1.1" 404 83812 "-" "Mozilla/5.0 (Linux; Android 6.0.1; Nexus 5X Build/MMB29P) AppleWebKit/537.36 (KHTML, like Gecko) Chrome/150.0.7871.128 Mobile Safari/537.36 (compatible; GoogleOther)"
66.249.69.135 - - [23/Jul/2026:00:37:41 +0000] "GET /?p=14888665360665 HTTP/1.1" 404 83812 "-" "Mozilla/5.0 (Linux; Android 6.0.1; Nexus 5X Build/MMB29P) AppleWebKit/537.36 (KHTML, like Gecko) Chrome/150.0.7871.128 Mobile Safari/537.36 (compatible; GoogleOther)"
66.249.69.134 - - [23/Jul/2026:00:40:06 +0000] "GET /?p=85142476124707 HTTP/1.1" 500 2559 "-" "Mozilla/5.0 (Linux; Android 6.0.1; Nexus 5X Build/MMB29P) AppleWebKit/537.36 (KHTML, like Gecko) Chrome/150.0.7871.128 Mobile Safari/537.36 (compatible; GoogleOther)"
66.249.69.135 - - [23/Jul/2026:00:40:49 +0000] "GET /?p=29029083178404 HTTP/1.1" 404 83812 "-" "Mozilla/5.0 (Linux; Android 6.0.1; Nexus 5X Build/MMB29P) AppleWebKit/537.36 (KHTML, like Gecko) Chrome/150.0.7871.128 Mobile Safari/537.36 (compatible; GoogleOther)"
66.249.69.135 - - [23/Jul/2026:00:45:37 +0000] "GET /?b=80081213305 HTTP/1.1" 200 98809 "-" "Mozilla/5.0 (Linux; Android 6.0.1; Nexus 5X Build/MMB29P) AppleWebKit/537.36 (KHTML, like Gecko) Chrome/150.0.7871.128 Mobile Safari/537.36 (compatible; GoogleOther)"
