66.249.69.135 - - [23/Jul/2026:00:45:40 +0000] "GET /wp-includes/blocks/navigation/style.min.css?ver=7.0.2 HTTP/1.1" 200 20709 "http://globallegacygroup.shop/?b=80081213305" "Mozilla/5.0 (Linux; Android 6.0.1; Nexus 5X Build/MMB29P) AppleWebKit/537.36 (KHTML, like Gecko) Chrome/150.0.7871.128 Mobile Safari/537.36 (compatible; GoogleOther)"
66.249.69.134 - - [23/Jul/2026:00:45:42 +0000] "GET /wp-includes/js/dist/script-modules/interactivity/index.min.js?ver=efaa5193bbad9c60ffd1 HTTP/1.1" 200 40106 "http://globallegacygroup.shop/?b=80081213305" "Mozilla/5.0 (Linux; Android 6.0.1; Nexus 5X Build/MMB29P) AppleWebKit/537.36 (KHTML, like Gecko) Chrome/150.0.7871.128 Mobile Safari/537.36 (compatible; GoogleOther)"
66.249.69.134 - - [23/Jul/2026:00:45:47 +0000] "GET /wp-includes/js/dist/script-modules/block-library/navigation/view.min.js?ver=96a846e1d7b789c39ab9 HTTP/1.1" 200 3053 "http://globallegacygroup.shop/?b=80081213305" "Mozilla/5.0 (Linux; Android 6.0.1; Nexus 5X Build/MMB29P) AppleWebKit/537.36 (KHTML, like Gecko) Chrome/150.0.7871.128 Mobile Safari/537.36 (compatible; GoogleOther)"
66.249.69.134 - - [23/Jul/2026:00:45:49 +0000] "GET /wp-content/plugins/pixelyoursite/dist/scripts/tld.min.js?ver=2.3.1 HTTP/1.1" 200 141079 "http://globallegacygroup.shop/?b=80081213305" "Mozilla/5.0 (Linux; Android 6.0.1; Nexus 5X Build/MMB29P) AppleWebKit/537.36 (KHTML, like Gecko) Chrome/150.0.7871.128 Mobile Safari/537.36 (compatible; GoogleOther)"
66.249.69.134 - - [23/Jul/2026:00:45:56 +0000] "GET /?p=97331643363958 HTTP/1.1" 404 83812 "-" "Mozilla/5.0 (Linux; Android 6.0.1; Nexus 5X Build/MMB29P) AppleWebKit/537.36 (KHTML, like Gecko) Chrome/150.0.7871.128 Mobile Safari/537.36 (compatible; GoogleOther)"
172.71.172.22 - - [23/Jul/2026:00:46:27 +0000] "GET /wp-admin/install.php?step=1 HTTP/1.1" 404 83832 "-" "http://globallegacygroup.shop/wp-admin/install.php?step=1"
66.249.69.135 - - [23/Jul/2026:00:46:39 +0000] "GET /?b=80081212739 HTTP/1.1" 200 98809 "-" "Mozilla/5.0 (Linux; Android 6.0.1; Nexus 5X Build/MMB29P) AppleWebKit/537.36 (KHTML, like Gecko) Chrome/150.0.7871.128 Mobile Safari/537.36 (compatible; GoogleOther)"
66.249.69.134 - - [23/Jul/2026:00:46:44 +0000] "GET /?p=30955584781318 HTTP/1.1" 404 83812 "-" "Mozilla/5.0 (Linux; Android 6.0.1; Nexus 5X Build/MMB29P) AppleWebKit/537.36 (KHTML, like Gecko) Chrome/150.0.7871.128 Mobile Safari/537.36 (compatible; GoogleOther)"
66.249.69.135 - - [23/Jul/2026:00:46:45 +0000] "GET /wp-includes/blocks/navigation/style.min.css?ver=7.0.2 HTTP/1.1" 200 20709 "http://globallegacygroup.shop/?b=80081212739" "Mozilla/5.0 (Linux; Android 6.0.1; Nexus 5X Build/MMB29P) AppleWebKit/537.36 (KHTML, like Gecko) Chrome/150.0.7871.128 Mobile Safari/537.36 (compatible; GoogleOther)"
66.249.69.134 - - [23/Jul/2026:00:46:46 +0000] "GET /wp-includes/js/jquery/jquery.min.js?ver=3.7.1 HTTP/1.1" 200 87553 "http://globallegacygroup.shop/?b=80081212739" "Mozilla/5.0 (Linux; Android 6.0.1; Nexus 5X Build/MMB29P) AppleWebKit/537.36 (KHTML, like Gecko) Chrome/150.0.7871.128 Mobile Safari/537.36 (compatible; GoogleOther)"
66.249.69.134 - - [23/Jul/2026:00:46:53 +0000] "GET /?p=81248068869773 HTTP/1.1" 404 83812 "-" "Mozilla/5.0 (Linux; Android 6.0.1; Nexus 5X Build/MMB29P) AppleWebKit/537.36 (KHTML, like Gecko) Chrome/150.0.7871.128 Mobile Safari/537.36 (compatible; GoogleOther)"
66.249.69.136 - - [23/Jul/2026:00:47:03 +0000] "GET /?p=17642975123989 HTTP/1.1" 404 83812 "-" "Mozilla/5.0 (Linux; Android 6.0.1; Nexus 5X Build/MMB29P) AppleWebKit/537.36 (KHTML, like Gecko) Chrome/150.0.7871.128 Mobile Safari/537.36 (compatible; GoogleOther)"
66.249.69.135 - - [23/Jul/2026:00:47:24 +0000] "GET /?p=35549388559809 HTTP/1.1" 404 83812 "-" "Mozilla/5.0 (Linux; Android 6.0.1; Nexus 5X Build/MMB29P) AppleWebKit/537.36 (KHTML, like Gecko) Chrome/150.0.7871.128 Mobile Safari/537.36 (compatible; GoogleOther)"
66.249.69.134 - - [23/Jul/2026:00:47:58 +0000] "GET /?u=57168106299 HTTP/1.1" 200 98809 "-" "Mozilla/5.0 (Linux; Android 6.0.1; Nexus 5X Build/MMB29P) AppleWebKit/537.36 (KHTML, like Gecko) Chrome/150.0.7871.128 Mobile Safari/537.36 (compatible; GoogleOther)"
66.249.69.134 - - [23/Jul/2026:00:48:01 +0000] "GET /wp-includes/js/jquery/jquery.min.js?ver=3.7.1 HTTP/1.1" 200 87553 "http://globallegacygroup.shop/?u=57168106299" "Mozilla/5.0 (Linux; Android 6.0.1; Nexus 5X Build/MMB29P) AppleWebKit/537.36 (KHTML, like Gecko) Chrome/150.0.7871.128 Mobile Safari/537.36 (compatible; GoogleOther)"
66.249.69.134 - - [23/Jul/2026:00:48:36 +0000] "GET /?p=67008009009189 HTTP/1.1" 404 83812 "-" "Mozilla/5.0 (Linux; Android 6.0.1; Nexus 5X Build/MMB29P) AppleWebKit/537.36 (KHTML, like Gecko) Chrome/150.0.7871.128 Mobile Safari/537.36 (compatible; GoogleOther)"
66.249.69.135 - - [23/Jul/2026:00:49:10 +0000] "GET /?p=80263474869735 HTTP/1.1" 404 83812 "-" "Mozilla/5.0 (Linux; Android 6.0.1; Nexus 5X Build/MMB29P) AppleWebKit/537.36 (KHTML, like Gecko) Chrome/150.0.7871.128 Mobile Safari/537.36 (compatible; GoogleOther)"
66.249.69.135 - - [23/Jul/2026:00:49:40 +0000] "GET /?p=39804086390383 HTTP/1.1" 404 83812 "-" "Mozilla/5.0 (Linux; Android 6.0.1; Nexus 5X Build/MMB29P) AppleWebKit/537.36 (KHTML, like Gecko) Chrome/150.0.7871.128 Mobile Safari/537.36 (compatible; GoogleOther)"
104.23.217.111 - - [23/Jul/2026:00:49:50 +0000] "GET /wp-admin/install.php?step=1 HTTP/1.1" 404 83832 "-" "http://globallegacygroup.shop/wp-admin/install.php?step=1"
66.249.69.136 - - [23/Jul/2026:00:50:37 +0000] "GET /?p=15533644522656 HTTP/1.1" 404 83812 "-" "Mozilla/5.0 (Linux; Android 6.0.1; Nexus 5X Build/MMB29P) AppleWebKit/537.36 (KHTML, like Gecko) Chrome/150.0.7871.128 Mobile Safari/537.36 (compatible; GoogleOther)"
66.249.69.135 - - [23/Jul/2026:00:50:57 +0000] "GET /?p=94055247413466 HTTP/1.1" 404 83812 "-" "Mozilla/5.0 (Linux; Android 6.0.1; Nexus 5X Build/MMB29P) AppleWebKit/537.36 (KHTML, like Gecko) Chrome/150.0.7871.128 Mobile Safari/537.36 (compatible; GoogleOther)"
66.249.69.135 - - [23/Jul/2026:00:51:07 +0000] "GET /?p=62289308461979 HTTP/1.1" 404 83812 "-" "Mozilla/5.0 (Linux; Android 6.0.1; Nexus 5X Build/MMB29P) AppleWebKit/537.36 (KHTML, like Gecko) Chrome/150.0.7871.128 Mobile Safari/537.36 (compatible; GoogleOther)"
66.249.69.135 - - [23/Jul/2026:00:51:43 +0000] "GET /?b=80081217949 HTTP/1.1" 200 98809 "-" "Mozilla/5.0 (Linux; Android 6.0.1; Nexus 5X Build/MMB29P) AppleWebKit/537.36 (KHTML, like Gecko) Chrome/150.0.7871.128 Mobile Safari/537.36 (compatible; GoogleOther)"
66.249.69.136 - - [23/Jul/2026:00:52:12 +0000] "GET /?b=83643261810 HTTP/1.1" 200 98809 "-" "Mozilla/5.0 (Linux; Android 6.0.1; Nexus 5X Build/MMB29P) AppleWebKit/537.36 (KHTML, like Gecko) Chrome/150.0.7871.128 Mobile Safari/537.36 (compatible; GoogleOther)"
66.249.69.135 - - [23/Jul/2026:00:52:18 +0000] "GET /?p=51744036383160 HTTP/1.1" 404 83812 "-" "Mozilla/5.0 (Linux; Android 6.0.1; Nexus 5X Build/MMB29P) AppleWebKit/537.36 (KHTML, like Gecko) Chrome/150.0.7871.128 Mobile Safari/537.36 (compatible; GoogleOther)"
66.249.69.134 - - [23/Jul/2026:00:53:02 +0000] "GET /?w=46172265609 HTTP/1.1" 404 83812 "-" "Mozilla/5.0 (Linux; Android 6.0.1; Nexus 5X Build/MMB29P) AppleWebKit/537.36 (KHTML, like Gecko) Chrome/150.0.7871.128 Mobile Safari/537.36 (compatible; GoogleOther)"
66.249.69.134 - - [23/Jul/2026:00:54:27 +0000] "GET /?p=32817196929199 HTTP/1.1" 404 83812 "-" "Mozilla/5.0 (Linux; Android 6.0.1; Nexus 5X Build/MMB29P) AppleWebKit/537.36 (KHTML, like Gecko) Chrome/150.0.7871.128 Mobile Safari/537.36 (compatible; GoogleOther)"
66.249.69.134 - - [23/Jul/2026:00:54:51 +0000] "GET /?p=33088136752269 HTTP/1.1" 404 83812 "-" "Mozilla/5.0 (Linux; Android 6.0.1; Nexus 5X Build/MMB29P) AppleWebKit/537.36 (KHTML, like Gecko) Chrome/150.0.7871.128 Mobile Safari/537.36 (compatible; GoogleOther)"
66.249.69.135 - - [23/Jul/2026:00:55:11 +0000] "GET /?p=86486361431278 HTTP/1.1" 404 83812 "-" "Mozilla/5.0 (Linux; Android 6.0.1; Nexus 5X Build/MMB29P) AppleWebKit/537.36 (KHTML, like Gecko) Chrome/150.0.7871.128 Mobile Safari/537.36 (compatible; GoogleOther)"
66.249.69.134 - - [23/Jul/2026:00:55:24 +0000] "GET /?p=51048258514466 HTTP/1.1" 404 83812 "-" "Mozilla/5.0 (Linux; Android 6.0.1; Nexus 5X Build/MMB29P) AppleWebKit/537.36 (KHTML, like Gecko) Chrome/150.0.7871.128 Mobile Safari/537.36 (compatible; GoogleOther)"
198.177.124.148 - - [23/Jul/2026:00:55:35 +0000] "POST /wp-cron.php?doing_wp_cron=1784768135.0274679660797119140625 HTTP/1.1" 200 - "-" "WordPress/7.0.2; https://globallegacygroup.shop"
66.249.69.134 - - [23/Jul/2026:00:55:34 +0000] "GET /?l=17613158968 HTTP/1.1" 200 98809 "-" "Mozilla/5.0 (Linux; Android 6.0.1; Nexus 5X Build/MMB29P) AppleWebKit/537.36 (KHTML, like Gecko) Chrome/150.0.7871.128 Mobile Safari/537.36 (compatible; GoogleOther)"
66.249.69.134 - - [23/Jul/2026:00:55:37 +0000] "GET /wp-includes/js/jquery/jquery-migrate.min.js?ver=3.4.1 HTTP/1.1" 200 13577 "http://globallegacygroup.shop/?l=17613158968" "Mozilla/5.0 (Linux; Android 6.0.1; Nexus 5X Build/MMB29P) AppleWebKit/537.36 (KHTML, like Gecko) Chrome/150.0.7871.128 Mobile Safari/537.36 (compatible; GoogleOther)"
66.249.69.134 - - [23/Jul/2026:00:55:38 +0000] "GET /wp-includes/js/jquery/jquery.min.js?ver=3.7.1 HTTP/1.1" 200 87553 "http://globallegacygroup.shop/?l=17613158968" "Mozilla/5.0 (Linux; Android 6.0.1; Nexus 5X Build/MMB29P) AppleWebKit/537.36 (KHTML, like Gecko) Chrome/150.0.7871.128 Mobile Safari/537.36 (compatible; GoogleOther)"
66.249.69.134 - - [23/Jul/2026:00:55:40 +0000] "GET /wp-includes/blocks/navigation/style.min.css?ver=7.0.2 HTTP/1.1" 200 20709 "http://globallegacygroup.shop/?l=17613158968" "Mozilla/5.0 (Linux; Android 6.0.1; Nexus 5X Build/MMB29P) AppleWebKit/537.36 (KHTML, like Gecko) Chrome/150.0.7871.128 Mobile Safari/537.36 (compatible; GoogleOther)"
66.249.69.134 - - [23/Jul/2026:00:55:42 +0000] "GET /wp-content/plugins/pixelyoursite/dist/scripts/public.js?ver=11.2.1 HTTP/1.1" 200 172979 "http://globallegacygroup.shop/?l=17613158968" "Mozilla/5.0 (Linux; Android 6.0.1; Nexus 5X Build/MMB29P) AppleWebKit/537.36 (KHTML, like Gecko) Chrome/150.0.7871.128 Mobile Safari/537.36 (compatible; GoogleOther)"
66.249.69.134 - - [23/Jul/2026:00:55:44 +0000] "GET /wp-content/plugins/pixelyoursite/dist/scripts/tld.min.js?ver=2.3.1 HTTP/1.1" 200 141079 "http://globallegacygroup.shop/?l=17613158968" "Mozilla/5.0 (Linux; Android 6.0.1; Nexus 5X Build/MMB29P) AppleWebKit/537.36 (KHTML, like Gecko) Chrome/150.0.7871.128 Mobile Safari/537.36 (compatible; GoogleOther)"
66.249.69.135 - - [23/Jul/2026:00:55:48 +0000] "GET /wp-content/plugins/pixelyoursite/dist/scripts/js.cookie-2.1.3.min.js?ver=2.1.3 HTTP/1.1" 200 1709 "http://globallegacygroup.shop/?l=17613158968" "Mozilla/5.0 (Linux; Android 6.0.1; Nexus 5X Build/MMB29P) AppleWebKit/537.36 (KHTML, like Gecko) Chrome/150.0.7871.128 Mobile Safari/537.36 (compatible; GoogleOther)"
66.249.69.134 - - [23/Jul/2026:00:55:46 +0000] "GET /?p=83146573621999 HTTP/1.1" 404 83812 "-" "Mozilla/5.0 (Linux; Android 6.0.1; Nexus 5X Build/MMB29P) AppleWebKit/537.36 (KHTML, like Gecko) Chrome/150.0.7871.128 Mobile Safari/537.36 (compatible; GoogleOther)"
66.249.69.136 - - [23/Jul/2026:00:55:50 +0000] "GET /wp-includes/js/dist/script-modules/block-library/navigation/view.min.js?ver=96a846e1d7b789c39ab9 HTTP/1.1" 200 3053 "http://globallegacygroup.shop/?l=17613158968" "Mozilla/5.0 (Linux; Android 6.0.1; Nexus 5X Build/MMB29P) AppleWebKit/537.36 (KHTML, like Gecko) Chrome/150.0.7871.128 Mobile Safari/537.36 (compatible; GoogleOther)"
66.249.69.136 - - [23/Jul/2026:00:55:52 +0000] "GET /wp-content/plugins/pixelyoursite/dist/scripts/jquery.bind-first-0.2.3.min.js?ver=0.2.3 HTTP/1.1" 200 1317 "http://globallegacygroup.shop/?l=17613158968" "Mozilla/5.0 (Linux; Android 6.0.1; Nexus 5X Build/MMB29P) AppleWebKit/537.36 (KHTML, like Gecko) Chrome/150.0.7871.128 Mobile Safari/537.36 (compatible; GoogleOther)"
66.249.69.135 - - [23/Jul/2026:00:55:52 +0000] "GET /?b=8008197409 HTTP/1.1" 200 98809 "-" "Mozilla/5.0 (Linux; Android 6.0.1; Nexus 5X Build/MMB29P) AppleWebKit/537.36 (KHTML, like Gecko) Chrome/150.0.7871.128 Mobile Safari/537.36 (compatible; GoogleOther)"
66.249.69.135 - - [23/Jul/2026:00:56:15 +0000] "GET /?p=36497695517615 HTTP/1.1" 404 83812 "-" "Mozilla/5.0 (Linux; Android 6.0.1; Nexus 5X Build/MMB29P) AppleWebKit/537.36 (KHTML, like Gecko) Chrome/150.0.7871.128 Mobile Safari/537.36 (compatible; GoogleOther)"
66.249.69.134 - - [23/Jul/2026:00:56:33 +0000] "GET /?p=76631298000112 HTTP/1.1" 404 83812 "-" "Mozilla/5.0 (Linux; Android 6.0.1; Nexus 5X Build/MMB29P) AppleWebKit/537.36 (KHTML, like Gecko) Chrome/150.0.7871.128 Mobile Safari/537.36 (compatible; GoogleOther)"
66.249.69.134 - - [23/Jul/2026:00:56:53 +0000] "GET /?p=41453994053858 HTTP/1.1" 404 83812 "-" "Mozilla/5.0 (Linux; Android 6.0.1; Nexus 5X Build/MMB29P) AppleWebKit/537.36 (KHTML, like Gecko) Chrome/150.0.7871.128 Mobile Safari/537.36 (compatible; GoogleOther)"
66.249.69.135 - - [23/Jul/2026:00:57:28 +0000] "GET /?p=40140190747503 HTTP/1.1" 404 83812 "-" "Mozilla/5.0 (Linux; Android 6.0.1; Nexus 5X Build/MMB29P) AppleWebKit/537.36 (KHTML, like Gecko) Chrome/150.0.7871.128 Mobile Safari/537.36 (compatible; GoogleOther)"
66.249.69.135 - - [23/Jul/2026:00:57:39 +0000] "GET /wp-content/plugins/pixelyoursite/dist/scripts/jquery.bind-first-0.2.3.min.js?ver=0.2.3 HTTP/1.1" 200 1317 "http://globallegacygroup.shop/?b=83643261810" "Mozilla/5.0 (Linux; Android 6.0.1; Nexus 5X Build/MMB29P) AppleWebKit/537.36 (KHTML, like Gecko) Chrome/150.0.7871.128 Mobile Safari/537.36 (compatible; GoogleOther)"
66.249.69.134 - - [23/Jul/2026:00:57:42 +0000] "GET /wp-includes/blocks/navigation/style.min.css?ver=7.0.2 HTTP/1.1" 200 20709 "http://globallegacygroup.shop/?b=83643261810" "Mozilla/5.0 (Linux; Android 6.0.1; Nexus 5X Build/MMB29P) AppleWebKit/537.36 (KHTML, like Gecko) Chrome/150.0.7871.128 Mobile Safari/537.36 (compatible; GoogleOther)"
66.249.69.136 - - [23/Jul/2026:00:58:07 +0000] "GET /?p=87980094496114 HTTP/1.1" 404 83812 "-" "Mozilla/5.0 (Linux; Android 6.0.1; Nexus 5X Build/MMB29P) AppleWebKit/537.36 (KHTML, like Gecko) Chrome/150.0.7871.128 Mobile Safari/537.36 (compatible; GoogleOther)"
66.249.69.135 - - [23/Jul/2026:00:58:12 +0000] "GET /?p=88478951924060 HTTP/1.1" 404 83812 "-" "Mozilla/5.0 (Linux; Android 6.0.1; Nexus 5X Build/MMB29P) AppleWebKit/537.36 (KHTML, like Gecko) Chrome/150.0.7871.128 Mobile Safari/537.36 (compatible; GoogleOther)"
66.249.69.134 - - [23/Jul/2026:00:58:21 +0000] "GET /?p=28658150451441 HTTP/1.1" 404 83812 "-" "Mozilla/5.0 (Linux; Android 6.0.1; Nexus 5X Build/MMB29P) AppleWebKit/537.36 (KHTML, like Gecko) Chrome/150.0.7871.128 Mobile Safari/537.36 (compatible; GoogleOther)"
66.249.69.134 - - [23/Jul/2026:00:58:26 +0000] "GET /?u=57168253646 HTTP/1.1" 200 98809 "-" "Mozilla/5.0 (Linux; Android 6.0.1; Nexus 5X Build/MMB29P) AppleWebKit/537.36 (KHTML, like Gecko) Chrome/150.0.7871.128 Mobile Safari/537.36 (compatible; GoogleOther)"
66.249.69.134 - - [23/Jul/2026:00:58:32 +0000] "GET /wp-includes/blocks/navigation/style.min.css?ver=7.0.2 HTTP/1.1" 200 20709 "http://globallegacygroup.shop/?u=57168253646" "Mozilla/5.0 (Linux; Android 6.0.1; Nexus 5X Build/MMB29P) AppleWebKit/537.36 (KHTML, like Gecko) Chrome/150.0.7871.128 Mobile Safari/537.36 (compatible; GoogleOther)"
66.249.69.134 - - [23/Jul/2026:00:58:37 +0000] "GET /?p=86558328702753 HTTP/1.1" 404 83812 "-" "Mozilla/5.0 (Linux; Android 6.0.1; Nexus 5X Build/MMB29P) AppleWebKit/537.36 (KHTML, like Gecko) Chrome/150.0.7871.128 Mobile Safari/537.36 (compatible; GoogleOther)"
66.249.69.134 - - [23/Jul/2026:00:58:56 +0000] "GET /?p=60289499036805 HTTP/1.1" 404 83812 "-" "Mozilla/5.0 (Linux; Android 6.0.1; Nexus 5X Build/MMB29P) AppleWebKit/537.36 (KHTML, like Gecko) Chrome/150.0.7871.128 Mobile Safari/537.36 (compatible; GoogleOther)"
66.249.69.136 - - [23/Jul/2026:00:59:11 +0000] "GET /?p=56150797869465 HTTP/1.1" 404 83812 "-" "Mozilla/5.0 (Linux; Android 6.0.1; Nexus 5X Build/MMB29P) AppleWebKit/537.36 (KHTML, like Gecko) Chrome/150.0.7871.128 Mobile Safari/537.36 (compatible; GoogleOther)"
66.249.69.134 - - [23/Jul/2026:00:59:22 +0000] "GET /?p=78346113597447 HTTP/1.1" 404 83812 "-" "Mozilla/5.0 (Linux; Android 6.0.1; Nexus 5X Build/MMB29P) AppleWebKit/537.36 (KHTML, like Gecko) Chrome/150.0.7871.128 Mobile Safari/537.36 (compatible; GoogleOther)"
104.23.166.19 - - [23/Jul/2026:00:59:31 +0000] "GET /wp-admin/install.php?step=1 HTTP/1.1" 404 83832 "-" "http://globallegacygroup.shop/wp-admin/install.php?step=1"
66.249.69.134 - - [23/Jul/2026:01:00:12 +0000] "GET /?l=17613128581 HTTP/1.1" 200 98809 "-" "Mozilla/5.0 (Linux; Android 6.0.1; Nexus 5X Build/MMB29P) AppleWebKit/537.36 (KHTML, like Gecko) Chrome/150.0.7871.128 Mobile Safari/537.36 (compatible; GoogleOther)"
66.249.69.135 - - [23/Jul/2026:01:00:35 +0000] "GET /?p=41470903775034 HTTP/1.1" 404 83812 "-" "Mozilla/5.0 (Linux; Android 6.0.1; Nexus 5X Build/MMB29P) AppleWebKit/537.36 (KHTML, like Gecko) Chrome/150.0.7871.128 Mobile Safari/537.36 (compatible; GoogleOther)"
66.249.69.134 - - [23/Jul/2026:01:00:50 +0000] "GET /?p=44604945092834 HTTP/1.1" 404 83812 "-" "Mozilla/5.0 (Linux; Android 6.0.1; Nexus 5X Build/MMB29P) AppleWebKit/537.36 (KHTML, like Gecko) Chrome/150.0.7871.128 Mobile Safari/537.36 (compatible; GoogleOther)"
66.249.69.134 - - [23/Jul/2026:01:01:05 +0000] "GET /?p=13638298945744 HTTP/1.1" 404 83812 "-" "Mozilla/5.0 (Linux; Android 6.0.1; Nexus 5X Build/MMB29P) AppleWebKit/537.36 (KHTML, like Gecko) Chrome/150.0.7871.128 Mobile Safari/537.36 (compatible; GoogleOther)"
198.177.124.148 - - [23/Jul/2026:01:02:26 +0000] "GET /.well-known/acme-challenge/QUBG06FV-25Z9J-2E7J5YN31PXI7_6SZ HTTP/1.1" 200 64 "-" "Cpanel-HTTP-Client/1.0"
198.177.124.148 - - [23/Jul/2026:01:02:26 +0000] "GET /.well-known/acme-challenge/_O1IZQO-H-AP23PMQF76G2Y4QV4WU-EN HTTP/1.1" 200 64 "-" "Cpanel-HTTP-Client/1.0"
66.249.69.134 - - [23/Jul/2026:01:03:45 +0000] "GET /?l=2296956870 HTTP/1.1" 200 98809 "-" "Mozilla/5.0 (Linux; Android 6.0.1; Nexus 5X Build/MMB29P) AppleWebKit/537.36 (KHTML, like Gecko) Chrome/150.0.7871.128 Mobile Safari/537.36 (compatible; GoogleOther)"
43.164.197.117 - - [23/Jul/2026:01:05:25 +0000] "GET / HTTP/1.1" 200 98809 "-" "Mozilla/5.0 (iPhone; CPU iPhone OS 13_2_3 like Mac OS X) AppleWebKit/605.1.15 (KHTML, like Gecko) Version/13.0.3 Mobile/15E148 Safari/604.1"
66.249.69.136 - - [23/Jul/2026:01:06:35 +0000] "GET /robots.txt HTTP/1.1" 200 123 "-" "Mozilla/5.0 (compatible; Googlebot/2.1; +http://www.google.com/bot.html)"
66.249.69.134 - - [23/Jul/2026:01:06:51 +0000] "GET /?p=18081730814434 HTTP/1.1" 404 83812 "-" "Mozilla/5.0 (Linux; Android 6.0.1; Nexus 5X Build/MMB29P) AppleWebKit/537.36 (KHTML, like Gecko) Chrome/150.0.7871.128 Mobile Safari/537.36 (compatible; GoogleOther)"
66.249.69.134 - - [23/Jul/2026:01:06:59 +0000] "GET /?b=80081174009 HTTP/1.1" 200 98809 "-" "Mozilla/5.0 (Linux; Android 6.0.1; Nexus 5X Build/MMB29P) AppleWebKit/537.36 (KHTML, like Gecko) Chrome/150.0.7871.128 Mobile Safari/537.36 (compatible; GoogleOther)"
66.249.69.134 - - [23/Jul/2026:01:07:03 +0000] "GET /?p=39268968528316 HTTP/1.1" 404 83812 "-" "Mozilla/5.0 (Linux; Android 6.0.1; Nexus 5X Build/MMB29P) AppleWebKit/537.36 (KHTML, like Gecko) Chrome/150.0.7871.128 Mobile Safari/537.36 (compatible; GoogleOther)"
198.177.124.148 - - [23/Jul/2026:01:07:35 +0000] "POST /wp-cron.php?doing_wp_cron=1784768855.2826089859008789062500 HTTP/1.1" 200 - "-" "WordPress/7.0.2; https://globallegacygroup.shop"
66.249.69.134 - - [23/Jul/2026:01:07:34 +0000] "GET /?p=88590443134094 HTTP/1.1" 404 83812 "-" "Mozilla/5.0 (Linux; Android 6.0.1; Nexus 5X Build/MMB29P) AppleWebKit/537.36 (KHTML, like Gecko) Chrome/150.0.7871.128 Mobile Safari/537.36 (compatible; GoogleOther)"
66.249.69.134 - - [23/Jul/2026:01:07:46 +0000] "GET /robots.txt HTTP/1.1" 200 123 "-" "Mozilla/5.0 (compatible; Googlebot/2.1; +http://www.google.com/bot.html)"
66.249.69.134 - - [23/Jul/2026:01:07:59 +0000] "GET /?p=65782424093933 HTTP/1.1" 404 83812 "-" "Mozilla/5.0 (Linux; Android 6.0.1; Nexus 5X Build/MMB29P) AppleWebKit/537.36 (KHTML, like Gecko) Chrome/150.0.7871.128 Mobile Safari/537.36 (compatible; GoogleOther)"
66.249.69.134 - - [23/Jul/2026:01:08:10 +0000] "GET /?p=48002107936822 HTTP/1.1" 404 83812 "-" "Mozilla/5.0 (Linux; Android 6.0.1; Nexus 5X Build/MMB29P) AppleWebKit/537.36 (KHTML, like Gecko) Chrome/150.0.7871.128 Mobile Safari/537.36 (compatible; GoogleOther)"
66.249.69.134 - - [23/Jul/2026:01:08:19 +0000] "GET /?p=50306252525527 HTTP/1.1" 404 83812 "-" "Mozilla/5.0 (Linux; Android 6.0.1; Nexus 5X Build/MMB29P) AppleWebKit/537.36 (KHTML, like Gecko) Chrome/150.0.7871.128 Mobile Safari/537.36 (compatible; GoogleOther)"
66.249.69.134 - - [23/Jul/2026:01:08:44 +0000] "GET /?b=8008165392 HTTP/1.1" 200 98809 "-" "Mozilla/5.0 (Linux; Android 6.0.1; Nexus 5X Build/MMB29P) AppleWebKit/537.36 (KHTML, like Gecko) Chrome/150.0.7871.128 Mobile Safari/537.36 (compatible; GoogleOther)"
66.249.69.134 - - [23/Jul/2026:01:09:44 +0000] "GET /robots.txt HTTP/1.1" 200 123 "-" "Mozilla/5.0 (compatible; Googlebot/2.1; +http://www.google.com/bot.html)"
66.249.69.136 - - [23/Jul/2026:01:10:20 +0000] "GET /?p=76404445214182 HTTP/1.1" 404 83812 "-" "Mozilla/5.0 (Linux; Android 6.0.1; Nexus 5X Build/MMB29P) AppleWebKit/537.36 (KHTML, like Gecko) Chrome/150.0.7871.128 Mobile Safari/537.36 (compatible; GoogleOther)"
66.249.69.134 - - [23/Jul/2026:01:10:51 +0000] "GET /?p=17480462241952 HTTP/1.1" 404 83812 "-" "Mozilla/5.0 (Linux; Android 6.0.1; Nexus 5X Build/MMB29P) AppleWebKit/537.36 (KHTML, like Gecko) Chrome/150.0.7871.128 Mobile Safari/537.36 (compatible; GoogleOther)"
66.249.69.134 - - [23/Jul/2026:01:11:14 +0000] "GET /?p=43706544692035 HTTP/1.1" 404 83812 "-" "Mozilla/5.0 (Linux; Android 6.0.1; Nexus 5X Build/MMB29P) AppleWebKit/537.36 (KHTML, like Gecko) Chrome/150.0.7871.128 Mobile Safari/537.36 (compatible; GoogleOther)"
66.249.69.135 - - [23/Jul/2026:01:11:47 +0000] "GET /robots.txt HTTP/1.1" 200 123 "-" "Mozilla/5.0 (compatible; Googlebot/2.1; +http://www.google.com/bot.html)"
104.23.217.111 - - [23/Jul/2026:01:11:57 +0000] "GET /wp-admin/install.php?step=1 HTTP/1.1" 404 83832 "-" "http://globallegacygroup.shop/wp-admin/install.php?step=1"
66.249.69.135 - - [23/Jul/2026:01:12:40 +0000] "GET /?p=34456493723829 HTTP/1.1" 404 83812 "-" "Mozilla/5.0 (Linux; Android 6.0.1; Nexus 5X Build/MMB29P) AppleWebKit/537.36 (KHTML, like Gecko) Chrome/150.0.7871.128 Mobile Safari/537.36 (compatible; GoogleOther)"
66.249.69.134 - - [23/Jul/2026:01:13:11 +0000] "GET /robots.txt HTTP/1.1" 200 123 "-" "Mozilla/5.0 (compatible; Googlebot/2.1; +http://www.google.com/bot.html)"
66.249.69.135 - - [23/Jul/2026:01:13:23 +0000] "GET /?p=44620907811696 HTTP/1.1" 404 83812 "-" "Mozilla/5.0 (Linux; Android 6.0.1; Nexus 5X Build/MMB29P) AppleWebKit/537.36 (KHTML, like Gecko) Chrome/150.0.7871.128 Mobile Safari/537.36 (compatible; GoogleOther)"
66.249.69.134 - - [23/Jul/2026:01:13:56 +0000] "GET /?p=71282977256686 HTTP/1.1" 404 83812 "-" "Mozilla/5.0 (Linux; Android 6.0.1; Nexus 5X Build/MMB29P) AppleWebKit/537.36 (KHTML, like Gecko) Chrome/150.0.7871.128 Mobile Safari/537.36 (compatible; GoogleOther)"
66.249.69.134 - - [23/Jul/2026:01:14:42 +0000] "GET /robots.txt HTTP/1.1" 200 123 "-" "Mozilla/5.0 (compatible; Googlebot/2.1; +http://www.google.com/bot.html)"
66.249.69.136 - - [23/Jul/2026:01:15:02 +0000] "GET /?p=94586685979887 HTTP/1.1" 404 83812 "-" "Mozilla/5.0 (Linux; Android 6.0.1; Nexus 5X Build/MMB29P) AppleWebKit/537.36 (KHTML, like Gecko) Chrome/150.0.7871.128 Mobile Safari/537.36 (compatible; GoogleOther)"
66.249.69.135 - - [23/Jul/2026:01:15:32 +0000] "GET /?p=66829023247198 HTTP/1.1" 404 83812 "-" "Mozilla/5.0 (Linux; Android 6.0.1; Nexus 5X Build/MMB29P) AppleWebKit/537.36 (KHTML, like Gecko) Chrome/150.0.7871.128 Mobile Safari/537.36 (compatible; GoogleOther)"
66.249.69.135 - - [23/Jul/2026:01:17:10 +0000] "GET /robots.txt HTTP/1.1" 200 123 "-" "Mozilla/5.0 (compatible; Googlebot/2.1; +http://www.google.com/bot.html)"
66.249.69.135 - - [23/Jul/2026:01:17:47 +0000] "GET /?p=42028816094830 HTTP/1.1" 404 83812 "-" "Mozilla/5.0 (Linux; Android 6.0.1; Nexus 5X Build/MMB29P) AppleWebKit/537.36 (KHTML, like Gecko) Chrome/150.0.7871.128 Mobile Safari/537.36 (compatible; GoogleOther)"
66.249.69.136 - - [23/Jul/2026:01:18:12 +0000] "GET /?p=12894348245851 HTTP/1.1" 404 83812 "-" "Mozilla/5.0 (Linux; Android 6.0.1; Nexus 5X Build/MMB29P) AppleWebKit/537.36 (KHTML, like Gecko) Chrome/150.0.7871.128 Mobile Safari/537.36 (compatible; GoogleOther)"
66.249.69.135 - - [23/Jul/2026:01:19:37 +0000] "GET /?p=93245579412490 HTTP/1.1" 404 83812 "-" "Mozilla/5.0 (Linux; Android 6.0.1; Nexus 5X Build/MMB29P) AppleWebKit/537.36 (KHTML, like Gecko) Chrome/150.0.7871.128 Mobile Safari/537.36 (compatible; GoogleOther)"
66.249.69.134 - - [23/Jul/2026:01:20:05 +0000] "GET /?p=67875006100298 HTTP/1.1" 404 83812 "-" "Mozilla/5.0 (Linux; Android 6.0.1; Nexus 5X Build/MMB29P) AppleWebKit/537.36 (KHTML, like Gecko) Chrome/150.0.7871.128 Mobile Safari/537.36 (compatible; GoogleOther)"
66.249.69.134 - - [23/Jul/2026:01:21:26 +0000] "GET /?p=22424264247713 HTTP/1.1" 404 83812 "-" "Mozilla/5.0 (Linux; Android 6.0.1; Nexus 5X Build/MMB29P) AppleWebKit/537.36 (KHTML, like Gecko) Chrome/150.0.7871.128 Mobile Safari/537.36 (compatible; GoogleOther)"
66.249.69.136 - - [23/Jul/2026:01:22:58 +0000] "GET /?p=14095058765963 HTTP/1.1" 404 83812 "-" "Mozilla/5.0 (Linux; Android 6.0.1; Nexus 5X Build/MMB29P) AppleWebKit/537.36 (KHTML, like Gecko) Chrome/150.0.7871.128 Mobile Safari/537.36 (compatible; GoogleOther)"
66.249.69.134 - - [23/Jul/2026:01:24:36 +0000] "GET /?p=12979420694126 HTTP/1.1" 404 83812 "-" "Mozilla/5.0 (Linux; Android 6.0.1; Nexus 5X Build/MMB29P) AppleWebKit/537.36 (KHTML, like Gecko) Chrome/150.0.7871.128 Mobile Safari/537.36 (compatible; GoogleOther)"
66.249.69.134 - - [23/Jul/2026:01:25:44 +0000] "GET /?p=25654094863587 HTTP/1.1" 404 83812 "-" "Mozilla/5.0 (Linux; Android 6.0.1; Nexus 5X Build/MMB29P) AppleWebKit/537.36 (KHTML, like Gecko) Chrome/150.0.7871.128 Mobile Safari/537.36 (compatible; GoogleOther)"
66.249.69.136 - - [23/Jul/2026:01:27:47 +0000] "GET /?p=44553613452075 HTTP/1.1" 404 83812 "-" "Mozilla/5.0 (Linux; Android 6.0.1; Nexus 5X Build/MMB29P) AppleWebKit/537.36 (KHTML, like Gecko) Chrome/150.0.7871.128 Mobile Safari/537.36 (compatible; GoogleOther)"
66.249.69.136 - - [23/Jul/2026:01:30:51 +0000] "GET /?p=78403771717329 HTTP/1.1" 404 83812 "-" "Mozilla/5.0 (Linux; Android 6.0.1; Nexus 5X Build/MMB29P) AppleWebKit/537.36 (KHTML, like Gecko) Chrome/150.0.7871.128 Mobile Safari/537.36 (compatible; GoogleOther)"
66.249.69.135 - - [23/Jul/2026:01:32:26 +0000] "GET /?p=80004523597650 HTTP/1.1" 404 83812 "-" "Mozilla/5.0 (Linux; Android 6.0.1; Nexus 5X Build/MMB29P) AppleWebKit/537.36 (KHTML, like Gecko) Chrome/150.0.7871.128 Mobile Safari/537.36 (compatible; GoogleOther)"
66.249.69.135 - - [23/Jul/2026:01:33:07 +0000] "GET /?p=78243665721109 HTTP/1.1" 404 83812 "-" "Mozilla/5.0 (Linux; Android 6.0.1; Nexus 5X Build/MMB29P) AppleWebKit/537.36 (KHTML, like Gecko) Chrome/150.0.7871.128 Mobile Safari/537.36 (compatible; GoogleOther)"
66.249.69.134 - - [23/Jul/2026:01:34:29 +0000] "GET /?p=21679237146170 HTTP/1.1" 404 83812 "-" "Mozilla/5.0 (Linux; Android 6.0.1; Nexus 5X Build/MMB29P) AppleWebKit/537.36 (KHTML, like Gecko) Chrome/150.0.7871.128 Mobile Safari/537.36 (compatible; GoogleOther)"
66.249.69.136 - - [23/Jul/2026:01:35:25 +0000] "GET /?p=72224902163709 HTTP/1.1" 404 83812 "-" "Mozilla/5.0 (Linux; Android 6.0.1; Nexus 5X Build/MMB29P) AppleWebKit/537.36 (KHTML, like Gecko) Chrome/150.0.7871.128 Mobile Safari/537.36 (compatible; GoogleOther)"
104.23.223.111 - - [23/Jul/2026:01:37:10 +0000] "GET /wp-admin/install.php?step=1 HTTP/1.1" 404 83832 "-" "http://globallegacygroup.shop/wp-admin/install.php?step=1"
66.249.69.134 - - [23/Jul/2026:01:37:25 +0000] "GET /?p=35934722471279 HTTP/1.1" 404 83812 "-" "Mozilla/5.0 (Linux; Android 6.0.1; Nexus 5X Build/MMB29P) AppleWebKit/537.36 (KHTML, like Gecko) Chrome/150.0.7871.128 Mobile Safari/537.36 (compatible; GoogleOther)"
66.249.69.134 - - [23/Jul/2026:01:38:38 +0000] "GET /?l=17613236003 HTTP/1.1" 200 98809 "-" "Mozilla/5.0 (Linux; Android 6.0.1; Nexus 5X Build/MMB29P) AppleWebKit/537.36 (KHTML, like Gecko) Chrome/150.0.7871.128 Mobile Safari/537.36 (compatible; GoogleOther)"
66.249.69.135 - - [23/Jul/2026:01:42:55 +0000] "GET /?p=99127130184606 HTTP/1.1" 404 83812 "-" "Mozilla/5.0 (Linux; Android 6.0.1; Nexus 5X Build/MMB29P) AppleWebKit/537.36 (KHTML, like Gecko) Chrome/150.0.7871.128 Mobile Safari/537.36 (compatible; GoogleOther)"
66.249.69.136 - - [23/Jul/2026:01:44:17 +0000] "GET /?p=87790929180459 HTTP/1.1" 404 83812 "-" "Mozilla/5.0 (Linux; Android 6.0.1; Nexus 5X Build/MMB29P) AppleWebKit/537.36 (KHTML, like Gecko) Chrome/150.0.7871.128 Mobile Safari/537.36 (compatible; GoogleOther)"
66.249.69.134 - - [23/Jul/2026:01:48:46 +0000] "GET /?p=27685238904479 HTTP/1.1" 404 83812 "-" "Mozilla/5.0 (Linux; Android 6.0.1; Nexus 5X Build/MMB29P) AppleWebKit/537.36 (KHTML, like Gecko) Chrome/150.0.7871.128 Mobile Safari/537.36 (compatible; GoogleOther)"
66.249.69.134 - - [23/Jul/2026:01:54:11 +0000] "GET /?p=24929954833847 HTTP/1.1" 404 83812 "-" "Mozilla/5.0 (Linux; Android 6.0.1; Nexus 5X Build/MMB29P) AppleWebKit/537.36 (KHTML, like Gecko) Chrome/150.0.7871.128 Mobile Safari/537.36 (compatible; GoogleOther)"
198.177.124.148 - - [23/Jul/2026:01:57:37 +0000] "POST /wp-cron.php?doing_wp_cron=1784771857.9541399478912353515625 HTTP/1.1" 200 - "-" "WordPress/7.0.2; https://globallegacygroup.shop"
162.158.182.148 - - [23/Jul/2026:01:57:34 +0000] "GET /wp-admin/install.php?step=1 HTTP/1.1" 404 83832 "-" "http://globallegacygroup.shop/wp-admin/install.php?step=1"
66.249.69.134 - - [23/Jul/2026:02:01:36 +0000] "GET /?p=32097228955990 HTTP/1.1" 404 83812 "-" "Mozilla/5.0 (Linux; Android 6.0.1; Nexus 5X Build/MMB29P) AppleWebKit/537.36 (KHTML, like Gecko) Chrome/150.0.7871.128 Mobile Safari/537.36 (compatible; GoogleOther)"
172.70.248.69 - - [23/Jul/2026:02:01:49 +0000] "GET /wp-admin/install.php?step=1 HTTP/1.1" 404 83832 "-" "http://globallegacygroup.shop/wp-admin/install.php?step=1"
43.130.3.120 - - [23/Jul/2026:02:03:37 +0000] "GET / HTTP/1.1" 301 - "-" "Mozilla/5.0 (iPhone; CPU iPhone OS 13_2_3 like Mac OS X) AppleWebKit/605.1.15 (KHTML, like Gecko) Version/13.0.3 Mobile/15E148 Safari/604.1"
43.130.3.120 - - [23/Jul/2026:02:03:42 +0000] "GET / HTTP/1.1" 200 98809 "http://www.globallegacygroup.shop" "Mozilla/5.0 (iPhone; CPU iPhone OS 13_2_3 like Mac OS X) AppleWebKit/605.1.15 (KHTML, like Gecko) Version/13.0.3 Mobile/15E148 Safari/604.1"
172.71.148.121 - - [23/Jul/2026:02:03:50 +0000] "GET /wp-admin/install.php?step=1 HTTP/1.1" 404 83832 "-" "http://globallegacygroup.shop/wp-admin/install.php?step=1"
66.249.69.135 - - [23/Jul/2026:02:05:21 +0000] "GET /?b=83643147518 HTTP/1.1" 200 98809 "-" "Mozilla/5.0 (Linux; Android 6.0.1; Nexus 5X Build/MMB29P) AppleWebKit/537.36 (KHTML, like Gecko) Chrome/150.0.7871.128 Mobile Safari/537.36 (compatible; GoogleOther)"
66.249.69.136 - - [23/Jul/2026:02:17:53 +0000] "GET /?b=83643108436 HTTP/1.1" 200 98809 "-" "Mozilla/5.0 (Linux; Android 6.0.1; Nexus 5X Build/MMB29P) AppleWebKit/537.36 (KHTML, like Gecko) Chrome/150.0.7871.128 Mobile Safari/537.36 (compatible; GoogleOther)"
66.249.69.134 - - [23/Jul/2026:02:25:56 +0000] "GET /robots.txt HTTP/1.1" 200 88 "-" "Mozilla/5.0 (compatible; Googlebot/2.1; +http://www.google.com/bot.html)"
66.249.69.135 - - [23/Jul/2026:02:26:26 +0000] "GET /?u=5716862687 HTTP/1.1" 200 98809 "-" "Mozilla/5.0 (Linux; Android 6.0.1; Nexus 5X Build/MMB29P) AppleWebKit/537.36 (KHTML, like Gecko) Chrome/150.0.7871.128 Mobile Safari/537.36 (compatible; GoogleOther)"
66.249.69.135 - - [23/Jul/2026:02:28:42 +0000] "GET /robots.txt HTTP/1.1" 200 88 "-" "Mozilla/5.0 (compatible; Googlebot/2.1; +http://www.google.com/bot.html)"
66.249.69.134 - - [23/Jul/2026:02:29:51 +0000] "GET /?p=77606261841835 HTTP/1.1" 404 83812 "-" "Mozilla/5.0 (Linux; Android 6.0.1; Nexus 5X Build/MMB29P) AppleWebKit/537.36 (KHTML, like Gecko) Chrome/150.0.7871.128 Mobile Safari/537.36 (compatible; GoogleOther)"
66.249.69.135 - - [23/Jul/2026:02:35:03 +0000] "GET /robots.txt HTTP/1.1" 200 88 "-" "Mozilla/5.0 (compatible; Googlebot/2.1; +http://www.google.com/bot.html)"
66.249.69.135 - - [23/Jul/2026:02:35:18 +0000] "GET /?b=8364335822 HTTP/1.1" 200 98809 "-" "Mozilla/5.0 (Linux; Android 6.0.1; Nexus 5X Build/MMB29P) AppleWebKit/537.36 (KHTML, like Gecko) Chrome/150.0.7871.128 Mobile Safari/537.36 (compatible; GoogleOther)"
172.71.172.22 - - [23/Jul/2026:02:35:26 +0000] "GET /wp-admin/install.php?step=1 HTTP/1.1" 404 83832 "-" "http://globallegacygroup.shop/wp-admin/install.php?step=1"
66.249.69.134 - - [23/Jul/2026:02:36:29 +0000] "GET /robots.txt HTTP/1.1" 200 88 "-" "Mozilla/5.0 (compatible; Googlebot/2.1; +http://www.google.com/bot.html)"
66.249.69.135 - - [23/Jul/2026:02:36:44 +0000] "GET /?l=17613177275 HTTP/1.1" 200 98809 "-" "Mozilla/5.0 (Linux; Android 6.0.1; Nexus 5X Build/MMB29P) AppleWebKit/537.36 (KHTML, like Gecko) Chrome/150.0.7871.128 Mobile Safari/537.36 (compatible; GoogleOther)"
66.249.69.135 - - [23/Jul/2026:02:37:52 +0000] "GET /robots.txt HTTP/1.1" 200 88 "-" "Mozilla/5.0 (compatible; Googlebot/2.1; +http://www.google.com/bot.html)"
66.249.69.135 - - [23/Jul/2026:02:38:14 +0000] "GET /?b=8008121928 HTTP/1.1" 200 98809 "-" "Mozilla/5.0 (Linux; Android 6.0.1; Nexus 5X Build/MMB29P) AppleWebKit/537.36 (KHTML, like Gecko) Chrome/150.0.7871.128 Mobile Safari/537.36 (compatible; GoogleOther)"
66.249.69.134 - - [23/Jul/2026:02:39:07 +0000] "GET /?p=71073182051888 HTTP/1.1" 404 83812 "-" "Mozilla/5.0 (Linux; Android 6.0.1; Nexus 5X Build/MMB29P) AppleWebKit/537.36 (KHTML, like Gecko) Chrome/150.0.7871.128 Mobile Safari/537.36 (compatible; GoogleOther)"
66.249.69.135 - - [23/Jul/2026:02:39:37 +0000] "GET /?r=9829719519 HTTP/1.1" 200 98809 "-" "Mozilla/5.0 (Linux; Android 6.0.1; Nexus 5X Build/MMB29P) AppleWebKit/537.36 (KHTML, like Gecko) Chrome/150.0.7871.128 Mobile Safari/537.36 (compatible; GoogleOther)"
66.249.69.136 - - [23/Jul/2026:02:41:12 +0000] "GET /?u=5716861513 HTTP/1.1" 200 98809 "-" "Mozilla/5.0 (Linux; Android 6.0.1; Nexus 5X Build/MMB29P) AppleWebKit/537.36 (KHTML, like Gecko) Chrome/150.0.7871.128 Mobile Safari/537.36 (compatible; GoogleOther)"
104.23.239.44 - - [23/Jul/2026:02:42:54 +0000] "GET /wp-admin/install.php?step=1 HTTP/1.1" 404 83832 "-" "http://globallegacygroup.shop/wp-admin/install.php?step=1"
104.197.69.115 - - [23/Jul/2026:02:46:53 +0000] "GET / HTTP/1.1" 200 98809 "-" "Mozilla/5.0 (Windows NT 10.0; Win64; x64) AppleWebKit/537.36 (KHTML, like Gecko) Chrome/125.0.6422.60 Safari/537.36 Edge/12.246"
34.123.170.104 - - [23/Jul/2026:02:46:57 +0000] "GET /wp-includes/js/jquery/jquery-migrate.min.js?ver=3.4.1 HTTP/1.1" 200 13577 "http://globallegacygroup.shop/" "Mozilla/5.0 (Windows NT 10.0; Win64; x64) AppleWebKit/537.36 (KHTML, like Gecko) Chrome/125.0.6422.60 Safari/537.36 Edge/12.246"
34.122.147.229 - - [23/Jul/2026:02:46:57 +0000] "GET /wp-includes/js/jquery/jquery.min.js?ver=3.7.1 HTTP/1.1" 200 87553 "http://globallegacygroup.shop/" "Mozilla/5.0 (Windows NT 10.0; Win64; x64) AppleWebKit/537.36 (KHTML, like Gecko) Chrome/125.0.6422.60 Safari/537.36 Edge/12.246"
34.123.170.104 - - [23/Jul/2026:02:46:57 +0000] "GET /wp-includes/blocks/navigation/style.min.css?ver=7.0.2 HTTP/1.1" 200 20709 "http://globallegacygroup.shop/" "Mozilla/5.0 (Windows NT 10.0; Win64; x64) AppleWebKit/537.36 (KHTML, like Gecko) Chrome/125.0.6422.60 Safari/537.36 Edge/12.246"
104.197.69.115 - - [23/Jul/2026:02:46:57 +0000] "GET /wp-content/themes/twentytwentyfour/assets/images/tourist-and-building.webp HTTP/1.1" 200 66482 "http://globallegacygroup.shop/" "Mozilla/5.0 (Windows NT 10.0; Win64; x64) AppleWebKit/537.36 (KHTML, like Gecko) Chrome/125.0.6422.60 Safari/537.36 Edge/12.246"
34.122.147.229 - - [23/Jul/2026:02:46:57 +0000] "GET /wp-content/themes/twentytwentyfour/assets/images/building-exterior.webp HTTP/1.1" 200 199724 "http://globallegacygroup.shop/" "Mozilla/5.0 (Windows NT 10.0; Win64; x64) AppleWebKit/537.36 (KHTML, like Gecko) Chrome/125.0.6422.60 Safari/537.36 Edge/12.246"
104.197.69.115 - - [23/Jul/2026:02:46:57 +0000] "GET /wp-content/themes/twentytwentyfour/assets/images/windows.webp HTTP/1.1" 200 126244 "http://globallegacygroup.shop/" "Mozilla/5.0 (Windows NT 10.0; Win64; x64) AppleWebKit/537.36 (KHTML, like Gecko) Chrome/125.0.6422.60 Safari/537.36 Edge/12.246"
34.123.170.104 - - [23/Jul/2026:02:46:57 +0000] "GET /wp-includes/js/dist/script-modules/interactivity/index.min.js?ver=efaa5193bbad9c60ffd1 HTTP/1.1" 200 40106 "http://globallegacygroup.shop/" "Mozilla/5.0 (Windows NT 10.0; Win64; x64) AppleWebKit/537.36 (KHTML, like Gecko) Chrome/125.0.6422.60 Safari/537.36 Edge/12.246"
34.122.147.229 - - [23/Jul/2026:02:46:57 +0000] "GET /wp-includes/js/dist/script-modules/block-library/navigation/view.min.js?ver=96a846e1d7b789c39ab9 HTTP/1.1" 200 3053 "http://globallegacygroup.shop/" "Mozilla/5.0 (Windows NT 10.0; Win64; x64) AppleWebKit/537.36 (KHTML, like Gecko) Chrome/125.0.6422.60 Safari/537.36 Edge/12.246"
34.122.147.229 - - [23/Jul/2026:02:46:57 +0000] "GET /wp-content/plugins/pixelyoursite/dist/scripts/tld.min.js?ver=2.3.1 HTTP/1.1" 200 141079 "http://globallegacygroup.shop/" "Mozilla/5.0 (Windows NT 10.0; Win64; x64) AppleWebKit/537.36 (KHTML, like Gecko) Chrome/125.0.6422.60 Safari/537.36 Edge/12.246"
104.197.69.115 - - [23/Jul/2026:02:46:57 +0000] "GET /wp-content/plugins/pixelyoursite/dist/scripts/js.cookie-2.1.3.min.js?ver=2.1.3 HTTP/1.1" 200 1709 "http://globallegacygroup.shop/" "Mozilla/5.0 (Windows NT 10.0; Win64; x64) AppleWebKit/537.36 (KHTML, like Gecko) Chrome/125.0.6422.60 Safari/537.36 Edge/12.246"
34.123.170.104 - - [23/Jul/2026:02:46:57 +0000] "GET /wp-content/plugins/pixelyoursite/dist/scripts/jquery.bind-first-0.2.3.min.js?ver=0.2.3 HTTP/1.1" 200 1317 "http://globallegacygroup.shop/" "Mozilla/5.0 (Windows NT 10.0; Win64; x64) AppleWebKit/537.36 (KHTML, like Gecko) Chrome/125.0.6422.60 Safari/537.36 Edge/12.246"
104.197.69.115 - - [23/Jul/2026:02:46:57 +0000] "GET /wp-content/themes/twentytwentyfour/assets/fonts/cardo/cardo_italic_400.woff2 HTTP/1.1" 200 105184 "http://globallegacygroup.shop/" "Mozilla/5.0 (Windows NT 10.0; Win64; x64) AppleWebKit/537.36 (KHTML, like Gecko) Chrome/125.0.6422.60 Safari/537.36 Edge/12.246"
104.197.69.115 - - [23/Jul/2026:02:46:57 +0000] "GET /wp-content/plugins/pixelyoursite/dist/scripts/public.js?ver=11.2.1 HTTP/1.1" 200 172979 "http://globallegacygroup.shop/" "Mozilla/5.0 (Windows NT 10.0; Win64; x64) AppleWebKit/537.36 (KHTML, like Gecko) Chrome/125.0.6422.60 Safari/537.36 Edge/12.246"
104.197.69.115 - - [23/Jul/2026:02:46:58 +0000] "GET /wp-includes/js/wp-emoji-release.min.js?ver=7.0.2 HTTP/1.1" 200 22752 "http://globallegacygroup.shop/" "Mozilla/5.0 (Windows NT 10.0; Win64; x64) AppleWebKit/537.36 (KHTML, like Gecko) Chrome/125.0.6422.60 Safari/537.36 Edge/12.246"
34.123.170.104 - - [23/Jul/2026:02:46:57 +0000] "GET /wp-content/themes/twentytwentyfour/assets/fonts/cardo/cardo_normal_400.woff2 HTTP/1.1" 200 146060 "http://globallegacygroup.shop/" "Mozilla/5.0 (Windows NT 10.0; Win64; x64) AppleWebKit/537.36 (KHTML, like Gecko) Chrome/125.0.6422.60 Safari/537.36 Edge/12.246"
34.122.147.229 - - [23/Jul/2026:02:46:57 +0000] "GET /wp-content/themes/twentytwentyfour/assets/fonts/inter/Inter-VariableFont_slnt,wght.woff2 HTTP/1.1" 200 326628 "http://globallegacygroup.shop/" "Mozilla/5.0 (Windows NT 10.0; Win64; x64) AppleWebKit/537.36 (KHTML, like Gecko) Chrome/125.0.6422.60 Safari/537.36 Edge/12.246"
198.177.124.148 - - [23/Jul/2026:02:56:35 +0000] "POST /wp-cron.php?doing_wp_cron=1784775395.3858919143676757812500 HTTP/1.1" 200 - "-" "WordPress/7.0.2; https://globallegacygroup.shop"
111.230.233.46 - - [23/Jul/2026:02:56:33 +0000] "GET / HTTP/1.1" 200 98809 "-" "Mozilla/5.0 (iPhone; CPU iPhone OS 13_2_3 like Mac OS X) AppleWebKit/605.1.15 (KHTML, like Gecko) Version/13.0.3 Mobile/15E148 Safari/604.1"