HEX
Server: Apache
System: Linux server1.yalehafricanfoods.shop 5.14.0-687.15.1.el9_8.x86_64 #1 SMP PREEMPT_DYNAMIC Thu Jun 11 08:51:45 EDT 2026 x86_64
User: yalenocb (1002)
PHP: 8.1.34
Disabled: NONE
Upload Files
File: /home/yalenocb/access-logs/globallegacygroup.shop.yalehafricanfoods.shop
104.23.223.110 - - [21/Jul/2026:07:31:03 +0000] "GET /wp-admin/install.php?step=1 HTTP/1.1" 200 1425 "-" "http://globallegacygroup.shop/wp-admin/install.php?step=1"
104.23.217.110 - - [21/Jul/2026:07:57:04 +0000] "GET /wp-admin/install.php?step=1 HTTP/1.1" 200 1425 "-" "http://globallegacygroup.shop/wp-admin/install.php?step=1"
162.158.94.82 - - [21/Jul/2026:08:05:25 +0000] "GET /wp-admin/install.php?step=1 HTTP/1.1" 200 1425 "-" "http://globallegacygroup.shop/wp-admin/install.php?step=1"
198.177.124.148 - - [21/Jul/2026:08:13:59 +0000] "POST /wp-cron.php?doing_wp_cron=1784621639.4244079589843750000000 HTTP/1.1" 200 - "-" "WordPress/7.0.2; https://globallegacygroup.shop"
104.23.223.110 - - [21/Jul/2026:08:13:58 +0000] "GET /wp-admin/install.php?step=1 HTTP/1.1" 200 1425 "-" "http://globallegacygroup.shop/wp-admin/install.php?step=1"
104.23.223.110 - - [21/Jul/2026:08:34:21 +0000] "GET /wp-admin/install.php?step=1 HTTP/1.1" 200 1425 "-" "http://globallegacygroup.shop/wp-admin/install.php?step=1"
151.115.91.2 - - [21/Jul/2026:08:39:55 +0000] "HEAD / HTTP/1.1" 200 - "-" "python-httpx/0.28.1"
151.115.91.2 - - [21/Jul/2026:08:39:59 +0000] "GET / HTTP/1.1" 200 98585 "-" "Mozilla/5.0 (X11; Linux x86_64) AppleWebKit/537.36 (KHTML, like Gecko) Chrome/134.0.0.0 Safari/537.3"
151.115.91.2 - - [21/Jul/2026:08:40:04 +0000] "GET /wp-includes/blocks/navigation/style.min.css?ver=7.0.2 HTTP/1.1" 200 20709 "http://globallegacygroup.shop/" "Mozilla/5.0 (X11; Linux x86_64) AppleWebKit/537.36 (KHTML, like Gecko) Chrome/134.0.0.0 Safari/537.3"
151.115.91.2 - - [21/Jul/2026:08:40:04 +0000] "GET /wp-includes/js/jquery/jquery-migrate.min.js?ver=3.4.1 HTTP/1.1" 200 13577 "http://globallegacygroup.shop/" "Mozilla/5.0 (X11; Linux x86_64) AppleWebKit/537.36 (KHTML, like Gecko) Chrome/134.0.0.0 Safari/537.3"
151.115.91.2 - - [21/Jul/2026:08:40:04 +0000] "GET /wp-includes/js/jquery/jquery.min.js?ver=3.7.1 HTTP/1.1" 200 87553 "http://globallegacygroup.shop/" "Mozilla/5.0 (X11; Linux x86_64) AppleWebKit/537.36 (KHTML, like Gecko) Chrome/134.0.0.0 Safari/537.3"
151.115.91.2 - - [21/Jul/2026:08:40:04 +0000] "GET /wp-content/themes/twentytwentyfour/assets/images/tourist-and-building.webp HTTP/1.1" 200 66482 "http://globallegacygroup.shop/" "Mozilla/5.0 (X11; Linux x86_64) AppleWebKit/537.36 (KHTML, like Gecko) Chrome/134.0.0.0 Safari/537.3"
151.115.91.2 - - [21/Jul/2026:08:40:04 +0000] "GET /wp-content/themes/twentytwentyfour/assets/images/building-exterior.webp HTTP/1.1" 200 199724 "http://globallegacygroup.shop/" "Mozilla/5.0 (X11; Linux x86_64) AppleWebKit/537.36 (KHTML, like Gecko) Chrome/134.0.0.0 Safari/537.3"
151.115.91.2 - - [21/Jul/2026:08:40:05 +0000] "GET /wp-content/themes/twentytwentyfour/assets/images/windows.webp HTTP/1.1" 200 126244 "http://globallegacygroup.shop/" "Mozilla/5.0 (X11; Linux x86_64) AppleWebKit/537.36 (KHTML, like Gecko) Chrome/134.0.0.0 Safari/537.3"
151.115.91.2 - - [21/Jul/2026:08:40:05 +0000] "GET /wp-content/plugins/pixelyoursite/dist/scripts/jquery.bind-first-0.2.3.min.js?ver=0.2.3 HTTP/1.1" 200 1317 "http://globallegacygroup.shop/" "Mozilla/5.0 (X11; Linux x86_64) AppleWebKit/537.36 (KHTML, like Gecko) Chrome/134.0.0.0 Safari/537.3"
151.115.91.2 - - [21/Jul/2026:08:40:05 +0000] "GET /wp-includes/js/dist/script-modules/interactivity/index.min.js?ver=efaa5193bbad9c60ffd1 HTTP/1.1" 200 40106 "http://globallegacygroup.shop/" "Mozilla/5.0 (X11; Linux x86_64) AppleWebKit/537.36 (KHTML, like Gecko) Chrome/134.0.0.0 Safari/537.3"
151.115.91.2 - - [21/Jul/2026:08:40:05 +0000] "GET /wp-includes/js/dist/script-modules/block-library/navigation/view.min.js?ver=96a846e1d7b789c39ab9 HTTP/1.1" 200 3053 "http://globallegacygroup.shop/" "Mozilla/5.0 (X11; Linux x86_64) AppleWebKit/537.36 (KHTML, like Gecko) Chrome/134.0.0.0 Safari/537.3"
151.115.91.2 - - [21/Jul/2026:08:40:05 +0000] "GET /wp-content/themes/twentytwentyfour/assets/fonts/inter/Inter-VariableFont_slnt,wght.woff2 HTTP/1.1" 200 326628 "http://globallegacygroup.shop/" "Mozilla/5.0 (X11; Linux x86_64) AppleWebKit/537.36 (KHTML, like Gecko) Chrome/134.0.0.0 Safari/537.3"
151.115.91.2 - - [21/Jul/2026:08:40:05 +0000] "GET /wp-content/plugins/pixelyoursite/dist/scripts/js.cookie-2.1.3.min.js?ver=2.1.3 HTTP/1.1" 200 1709 "http://globallegacygroup.shop/" "Mozilla/5.0 (X11; Linux x86_64) AppleWebKit/537.36 (KHTML, like Gecko) Chrome/134.0.0.0 Safari/537.3"
151.115.91.2 - - [21/Jul/2026:08:40:05 +0000] "GET /wp-content/themes/twentytwentyfour/assets/fonts/cardo/cardo_normal_400.woff2 HTTP/1.1" 200 146060 "http://globallegacygroup.shop/" "Mozilla/5.0 (X11; Linux x86_64) AppleWebKit/537.36 (KHTML, like Gecko) Chrome/134.0.0.0 Safari/537.3"
151.115.91.2 - - [21/Jul/2026:08:40:05 +0000] "GET /wp-content/plugins/pixelyoursite/dist/scripts/tld.min.js?ver=2.3.1 HTTP/1.1" 200 141079 "http://globallegacygroup.shop/" "Mozilla/5.0 (X11; Linux x86_64) AppleWebKit/537.36 (KHTML, like Gecko) Chrome/134.0.0.0 Safari/537.3"
151.115.91.2 - - [21/Jul/2026:08:40:05 +0000] "GET /wp-content/themes/twentytwentyfour/assets/fonts/cardo/cardo_italic_400.woff2 HTTP/1.1" 200 105184 "http://globallegacygroup.shop/" "Mozilla/5.0 (X11; Linux x86_64) AppleWebKit/537.36 (KHTML, like Gecko) Chrome/134.0.0.0 Safari/537.3"
151.115.91.2 - - [21/Jul/2026:08:40:05 +0000] "GET /wp-content/plugins/pixelyoursite/dist/scripts/public.js?ver=11.2.1 HTTP/1.1" 200 172979 "http://globallegacygroup.shop/" "Mozilla/5.0 (X11; Linux x86_64) AppleWebKit/537.36 (KHTML, like Gecko) Chrome/134.0.0.0 Safari/537.3"
151.115.91.2 - - [21/Jul/2026:08:40:06 +0000] "GET /wp-includes/js/wp-emoji-release.min.js?ver=7.0.2 HTTP/1.1" 200 22752 "http://globallegacygroup.shop/" "Mozilla/5.0 (X11; Linux x86_64) AppleWebKit/537.36 (KHTML, like Gecko) Chrome/134.0.0.0 Safari/537.3"
151.115.91.2 - - [21/Jul/2026:08:40:19 +0000] "GET /favicon.ico HTTP/1.1" 302 - "-" "Mozilla/5.0 (X11; Linux x86_64) AppleWebKit/537.36 (KHTML, like Gecko) Chrome/134.0.0.0 Safari/537.3"
151.115.91.2 - - [21/Jul/2026:08:40:37 +0000] "GET /ads.txt HTTP/1.1" 404 83573 "-" "Mozilla/5.0 (X11; Linux x86_64) AppleWebKit/537.36 (KHTML, like Gecko) Chrome/134.0.0.0 Safari/537.3"
151.115.91.2 - - [21/Jul/2026:08:40:40 +0000] "GET /app-ads.txt HTTP/1.1" 404 83577 "-" "Mozilla/5.0 (X11; Linux x86_64) AppleWebKit/537.36 (KHTML, like Gecko) Chrome/134.0.0.0 Safari/537.3"
172.70.240.163 - - [21/Jul/2026:08:40:41 +0000] "GET /wp-admin/install.php?step=1 HTTP/1.1" 200 1425 "-" "http://globallegacygroup.shop/wp-admin/install.php?step=1"
151.115.91.2 - - [21/Jul/2026:08:40:42 +0000] "GET /sellers.json HTTP/1.1" 404 83578 "-" "Mozilla/5.0 (X11; Linux x86_64) AppleWebKit/537.36 (KHTML, like Gecko) Chrome/134.0.0.0 Safari/537.3"
104.23.221.118 - - [21/Jul/2026:09:09:44 +0000] "GET /wp-admin/install.php?step=1 HTTP/1.1" 200 1425 "-" "http://globallegacygroup.shop/wp-admin/install.php?step=1"
202.134.9.140 - - [21/Jul/2026:09:15:49 +0000] "POST /wp-login.php HTTP/1.1" 302 - "http://globallegacygroup.shop/wp-admin/" "Mozilla/5.0 (Windows NT 10.0; Win64; x64) AppleWebKit/537.36 (KHTML, like Gecko) Chrome/90.0.4430.85 Safari/537.36"
104.23.223.110 - - [21/Jul/2026:09:17:15 +0000] "GET /wp-admin/install.php?step=1 HTTP/1.1" 200 1425 "-" "http://globallegacygroup.shop/wp-admin/install.php?step=1"
172.71.144.63 - - [21/Jul/2026:09:42:22 +0000] "GET /wp-admin/install.php?step=1 HTTP/1.1" 200 1425 "-" "http://globallegacygroup.shop/wp-admin/install.php?step=1"
172.71.95.38 - - [21/Jul/2026:09:49:57 +0000] "GET /wp-admin/install.php?step=1 HTTP/1.1" 200 1425 "-" "http://globallegacygroup.shop/wp-admin/install.php?step=1"
198.177.124.148 - - [21/Jul/2026:09:53:59 +0000] "POST /wp-cron.php?doing_wp_cron=1784627639.1272869110107421875000 HTTP/1.1" 200 - "-" "WordPress/7.0.2; https://globallegacygroup.shop"
172.70.240.163 - - [21/Jul/2026:09:53:58 +0000] "GET /wp-admin/install.php?step=1 HTTP/1.1" 200 1425 "-" "http://globallegacygroup.shop/wp-admin/install.php?step=1"
198.177.124.148 - - [21/Jul/2026:10:02:32 +0000] "GET /.well-known/acme-challenge/C4LH28-C4V-61YVLM3P5ABXCKMS5A_TE HTTP/1.1" 200 64 "-" "Cpanel-HTTP-Client/1.0"
198.177.124.148 - - [21/Jul/2026:10:02:33 +0000] "GET /.well-known/acme-challenge/K2TX4C_03_7W8THRDVVNRPHJJ4KWYAYJ HTTP/1.1" 200 64 "-" "Cpanel-HTTP-Client/1.0"
43.130.91.95 - - [21/Jul/2026:10:03:00 +0000] "GET / HTTP/1.1" 200 98585 "-" "Mozilla/5.0 (iPhone; CPU iPhone OS 13_2_3 like Mac OS X) AppleWebKit/605.1.15 (KHTML, like Gecko) Version/13.0.3 Mobile/15E148 Safari/604.1"
66.249.69.135 - - [21/Jul/2026:10:15:08 +0000] "GET /robots.txt HTTP/1.1" 200 123 "-" "Mozilla/5.0 (compatible; Googlebot/2.1; +http://www.google.com/bot.html)"
66.249.69.134 - - [21/Jul/2026:10:15:52 +0000] "GET /?p=71389497256096 HTTP/1.1" 404 83566 "-" "Mozilla/5.0 (Linux; Android 6.0.1; Nexus 5X Build/MMB29P) AppleWebKit/537.36 (KHTML, like Gecko) Chrome/150.0.7871.128 Mobile Safari/537.36 (compatible; GoogleOther)"
104.23.217.111 - - [21/Jul/2026:10:16:52 +0000] "GET /wp-admin/install.php?step=1 HTTP/1.1" 404 83586 "-" "http://globallegacygroup.shop/wp-admin/install.php?step=1"
66.249.69.134 - - [21/Jul/2026:10:16:57 +0000] "GET /?p=81476932905325 HTTP/1.1" 404 83566 "-" "Mozilla/5.0 (Linux; Android 6.0.1; Nexus 5X Build/MMB29P) AppleWebKit/537.36 (KHTML, like Gecko) Chrome/150.0.7871.128 Mobile Safari/537.36 (compatible; GoogleOther)"
66.249.69.136 - - [21/Jul/2026:10:20:55 +0000] "GET /?p=95110050461772 HTTP/1.1" 404 83566 "-" "Mozilla/5.0 (Linux; Android 6.0.1; Nexus 5X Build/MMB29P) AppleWebKit/537.36 (KHTML, like Gecko) Chrome/150.0.7871.128 Mobile Safari/537.36 (compatible; GoogleOther)"
172.64.192.108 - - [21/Jul/2026:10:31:25 +0000] "GET /wp-admin/install.php?step=1 HTTP/1.1" 404 83586 "-" "http://globallegacygroup.shop/wp-admin/install.php?step=1"
66.249.69.136 - - [21/Jul/2026:10:55:30 +0000] "GET /?p=73220526771490 HTTP/1.1" 404 83566 "-" "Mozilla/5.0 (Linux; Android 6.0.1; Nexus 5X Build/MMB29P) AppleWebKit/537.36 (KHTML, like Gecko) Chrome/150.0.7871.128 Mobile Safari/537.36 (compatible; GoogleOther)"
66.249.69.135 - - [21/Jul/2026:10:56:24 +0000] "GET /?p=60613925286396 HTTP/1.1" 404 83566 "-" "Mozilla/5.0 (Linux; Android 6.0.1; Nexus 5X Build/MMB29P) AppleWebKit/537.36 (KHTML, like Gecko) Chrome/150.0.7871.128 Mobile Safari/537.36 (compatible; GoogleOther)"
66.249.69.135 - - [21/Jul/2026:10:56:44 +0000] "GET /?p=15352190443336 HTTP/1.1" 404 83566 "-" "Mozilla/5.0 (Linux; Android 6.0.1; Nexus 5X Build/MMB29P) AppleWebKit/537.36 (KHTML, like Gecko) Chrome/150.0.7871.128 Mobile Safari/537.36 (compatible; GoogleOther)"
170.106.180.139 - - [21/Jul/2026:10:57:05 +0000] "GET / HTTP/1.1" 301 - "-" "Mozilla/5.0 (iPhone; CPU iPhone OS 13_2_3 like Mac OS X) AppleWebKit/605.1.15 (KHTML, like Gecko) Version/13.0.3 Mobile/15E148 Safari/604.1"
170.106.180.139 - - [21/Jul/2026:10:57:10 +0000] "GET / HTTP/1.1" 200 98585 "http://www.globallegacygroup.shop" "Mozilla/5.0 (iPhone; CPU iPhone OS 13_2_3 like Mac OS X) AppleWebKit/605.1.15 (KHTML, like Gecko) Version/13.0.3 Mobile/15E148 Safari/604.1"
66.249.69.136 - - [21/Jul/2026:10:57:37 +0000] "GET /?p=17488389457818 HTTP/1.1" 404 83566 "-" "Mozilla/5.0 (Linux; Android 6.0.1; Nexus 5X Build/MMB29P) AppleWebKit/537.36 (KHTML, like Gecko) Chrome/150.0.7871.128 Mobile Safari/537.36 (compatible; GoogleOther)"
172.69.151.213 - - [21/Jul/2026:10:58:11 +0000] "GET /wp-admin/install.php?step=1 HTTP/1.1" 404 83586 "-" "http://globallegacygroup.shop/wp-admin/install.php?step=1"
104.23.170.142 - - [21/Jul/2026:10:58:42 +0000] "GET /wp-admin/install.php?step=1 HTTP/1.1" 404 83586 "-" "http://globallegacygroup.shop/wp-admin/install.php?step=1"
177.136.248.118 - - [21/Jul/2026:11:19:01 +0000] "GET / HTTP/1.1" 200 98585 "-" "Mozilla/5.0 (Windows NT 10.0; Win64; x64) AppleWebKit/537.36 (KHTML, like Gecko) Chrome/124.0.0.0 Safari/537.36"
177.136.248.118 - - [21/Jul/2026:11:19:08 +0000] "GET / HTTP/1.1" 301 - "-" "Mozilla/5.0 (Windows NT 10.0; Win64; x64) AppleWebKit/537.36 (KHTML, like Gecko) Chrome/124.0.0.0 Safari/537.36"
177.136.248.118 - - [21/Jul/2026:11:19:11 +0000] "GET / HTTP/1.1" 200 98585 "http://www.globallegacygroup.shop" "Mozilla/5.0 (Windows NT 10.0; Win64; x64) AppleWebKit/537.36 (KHTML, like Gecko) Chrome/124.0.0.0 Safari/537.36"
104.23.217.110 - - [21/Jul/2026:11:20:35 +0000] "GET /wp-admin/install.php?step=1 HTTP/1.1" 404 83586 "-" "http://globallegacygroup.shop/wp-admin/install.php?step=1"
172.71.172.112 - - [21/Jul/2026:11:32:42 +0000] "GET /wp-admin/install.php?step=1 HTTP/1.1" 404 83586 "-" "http://globallegacygroup.shop/wp-admin/install.php?step=1"
104.23.217.111 - - [21/Jul/2026:11:42:59 +0000] "GET /wp-admin/install.php?step=1 HTTP/1.1" 404 83586 "-" "http://globallegacygroup.shop/wp-admin/install.php?step=1"
172.68.192.205 - - [21/Jul/2026:11:59:53 +0000] "GET /wp-admin/install.php?step=1 HTTP/1.1" 404 83586 "-" "http://globallegacygroup.shop/wp-admin/install.php?step=1"
43.165.186.188 - - [21/Jul/2026:12:05:36 +0000] "GET / HTTP/1.1" 301 - "-" "Mozilla/5.0 (iPhone; CPU iPhone OS 13_2_3 like Mac OS X) AppleWebKit/605.1.15 (KHTML, like Gecko) Version/13.0.3 Mobile/15E148 Safari/604.1"
43.165.186.188 - - [21/Jul/2026:12:05:39 +0000] "GET / HTTP/1.1" 200 98585 "http://www.globallegacygroup.shop" "Mozilla/5.0 (iPhone; CPU iPhone OS 13_2_3 like Mac OS X) AppleWebKit/605.1.15 (KHTML, like Gecko) Version/13.0.3 Mobile/15E148 Safari/604.1"
66.249.69.134 - - [21/Jul/2026:12:16:04 +0000] "GET /robots.txt HTTP/1.1" 200 123 "-" "Mozilla/5.0 (compatible; Googlebot/2.1; +http://www.google.com/bot.html)"
198.177.124.148 - - [21/Jul/2026:12:16:35 +0000] "POST /wp-cron.php?doing_wp_cron=1784636195.2798800468444824218750 HTTP/1.1" 200 - "-" "WordPress/7.0.2; https://globallegacygroup.shop"
66.249.69.135 - - [21/Jul/2026:12:16:33 +0000] "GET /?l=17613200890 HTTP/1.1" 200 98585 "-" "Mozilla/5.0 (Linux; Android 6.0.1; Nexus 5X Build/MMB29P) AppleWebKit/537.36 (KHTML, like Gecko) Chrome/150.0.7871.128 Mobile Safari/537.36 (compatible; GoogleOther)"
66.249.69.136 - - [21/Jul/2026:12:18:24 +0000] "GET /wp-includes/js/jquery/jquery-migrate.min.js?ver=3.4.1 HTTP/1.1" 200 13577 "http://globallegacygroup.shop/?l=17613200890" "Mozilla/5.0 (Linux; Android 6.0.1; Nexus 5X Build/MMB29P) AppleWebKit/537.36 (KHTML, like Gecko) Chrome/150.0.7871.128 Mobile Safari/537.36 (compatible; GoogleOther)"
66.249.69.134 - - [21/Jul/2026:12:18:26 +0000] "GET /wp-includes/js/jquery/jquery.min.js?ver=3.7.1 HTTP/1.1" 200 87553 "http://globallegacygroup.shop/?l=17613200890" "Mozilla/5.0 (Linux; Android 6.0.1; Nexus 5X Build/MMB29P) AppleWebKit/537.36 (KHTML, like Gecko) Chrome/150.0.7871.128 Mobile Safari/537.36 (compatible; GoogleOther)"
66.249.69.134 - - [21/Jul/2026:12:18:29 +0000] "GET /wp-content/plugins/pixelyoursite/dist/scripts/jquery.bind-first-0.2.3.min.js?ver=0.2.3 HTTP/1.1" 200 1317 "http://globallegacygroup.shop/?l=17613200890" "Mozilla/5.0 (Linux; Android 6.0.1; Nexus 5X Build/MMB29P) AppleWebKit/537.36 (KHTML, like Gecko) Chrome/150.0.7871.128 Mobile Safari/537.36 (compatible; GoogleOther)"
66.249.69.134 - - [21/Jul/2026:12:18:39 +0000] "GET /wp-content/plugins/pixelyoursite/dist/scripts/js.cookie-2.1.3.min.js?ver=2.1.3 HTTP/1.1" 200 1709 "http://globallegacygroup.shop/?l=17613200890" "Mozilla/5.0 (Linux; Android 6.0.1; Nexus 5X Build/MMB29P) AppleWebKit/537.36 (KHTML, like Gecko) Chrome/150.0.7871.128 Mobile Safari/537.36 (compatible; GoogleOther)"
66.249.69.134 - - [21/Jul/2026:12:18:41 +0000] "GET /wp-content/plugins/pixelyoursite/dist/scripts/tld.min.js?ver=2.3.1 HTTP/1.1" 200 141079 "http://globallegacygroup.shop/?l=17613200890" "Mozilla/5.0 (Linux; Android 6.0.1; Nexus 5X Build/MMB29P) AppleWebKit/537.36 (KHTML, like Gecko) Chrome/150.0.7871.128 Mobile Safari/537.36 (compatible; GoogleOther)"
66.249.69.134 - - [21/Jul/2026:12:18:44 +0000] "GET /wp-content/plugins/pixelyoursite/dist/scripts/public.js?ver=11.2.1 HTTP/1.1" 200 172979 "http://globallegacygroup.shop/?l=17613200890" "Mozilla/5.0 (Linux; Android 6.0.1; Nexus 5X Build/MMB29P) AppleWebKit/537.36 (KHTML, like Gecko) Chrome/150.0.7871.128 Mobile Safari/537.36 (compatible; GoogleOther)"
104.23.221.118 - - [21/Jul/2026:12:20:14 +0000] "GET /wp-admin/install.php?step=1 HTTP/1.1" 404 83586 "-" "http://globallegacygroup.shop/wp-admin/install.php?step=1"
172.68.229.120 - - [21/Jul/2026:12:31:47 +0000] "GET /wp-admin/install.php?step=1 HTTP/1.1" 404 83586 "-" "http://globallegacygroup.shop/wp-admin/install.php?step=1"
49.233.45.47 - - [21/Jul/2026:12:43:30 +0000] "GET / HTTP/1.1" 301 - "-" "Mozilla/5.0 (iPhone; CPU iPhone OS 13_2_3 like Mac OS X) AppleWebKit/605.1.15 (KHTML, like Gecko) Version/13.0.3 Mobile/15E148 Safari/604.1"
49.233.45.47 - - [21/Jul/2026:12:43:35 +0000] "GET / HTTP/1.1" 200 98585 "http://www.globallegacygroup.shop" "Mozilla/5.0 (iPhone; CPU iPhone OS 13_2_3 like Mac OS X) AppleWebKit/605.1.15 (KHTML, like Gecko) Version/13.0.3 Mobile/15E148 Safari/604.1"
162.158.86.134 - - [21/Jul/2026:12:58:25 +0000] "GET /wp-admin/install.php?step=1 HTTP/1.1" 404 83586 "-" "http://globallegacygroup.shop/wp-admin/install.php?step=1"
198.177.124.148 - - [21/Jul/2026:13:02:30 +0000] "GET /.well-known/acme-challenge/35P_XCCM5J-UOJQYZCT8FZ4JZSAIRX2Y HTTP/1.1" 200 64 "-" "Cpanel-HTTP-Client/1.0"
198.177.124.148 - - [21/Jul/2026:13:02:31 +0000] "GET /.well-known/acme-challenge/64_8X895F_1BT-55RAG2CGOYOG9I8Y29 HTTP/1.1" 200 64 "-" "Cpanel-HTTP-Client/1.0"
104.23.221.119 - - [21/Jul/2026:13:14:02 +0000] "GET /wp-admin/install.php?step=1 HTTP/1.1" 404 83586 "-" "http://globallegacygroup.shop/wp-admin/install.php?step=1"
172.70.248.69 - - [21/Jul/2026:13:16:58 +0000] "GET /wp-admin/install.php?step=1 HTTP/1.1" 404 83586 "-" "http://globallegacygroup.shop/wp-admin/install.php?step=1"
172.71.172.113 - - [21/Jul/2026:13:38:15 +0000] "GET /wp-admin/install.php?step=1 HTTP/1.1" 404 83586 "-" "http://globallegacygroup.shop/wp-admin/install.php?step=1"
172.69.151.214 - - [21/Jul/2026:13:48:39 +0000] "GET /wp-admin/install.php?step=1 HTTP/1.1" 404 83586 "-" "http://globallegacygroup.shop/wp-admin/install.php?step=1"
104.23.221.118 - - [21/Jul/2026:13:50:05 +0000] "GET /wp-admin/install.php?step=1 HTTP/1.1" 404 83586 "-" "http://globallegacygroup.shop/wp-admin/install.php?step=1"
172.70.240.163 - - [21/Jul/2026:14:10:48 +0000] "GET /wp-admin/install.php?step=1 HTTP/1.1" 404 83586 "-" "http://globallegacygroup.shop/wp-admin/install.php?step=1"
104.23.217.111 - - [21/Jul/2026:14:17:33 +0000] "GET /wp-admin/install.php?step=1 HTTP/1.1" 404 83586 "-" "http://globallegacygroup.shop/wp-admin/install.php?step=1"
84.32.41.136 - - [21/Jul/2026:14:29:09 +0000] "GET / HTTP/1.1" 200 98585 "-" "Mozilla/5.0 (Windows NT 10.0; Win64; x64) AppleWebKit/537.36 (KHTML, like Gecko) Chrome/124.0.0.0 Safari/537.36"
84.32.41.136 - - [21/Jul/2026:14:29:16 +0000] "GET / HTTP/1.1" 200 98585 "http://globallegacygroup.shop" "Mozilla/5.0 (Windows NT 10.0; Win64; x64) AppleWebKit/537.36 (KHTML, like Gecko) Chrome/124.0.0.0 Safari/537.36"
84.32.41.136 - - [21/Jul/2026:14:29:21 +0000] "GET /wp-content/themes/twentytwentyfour/assets/fonts/cardo/cardo_italic_400.woff2 HTTP/1.1" 200 105184 "http://globallegacygroup.shop" "Mozilla/5.0 (Windows NT 10.0; Win64; x64) AppleWebKit/537.36 (KHTML, like Gecko) Chrome/124.0.0.0 Safari/537.36"
84.32.41.136 - - [21/Jul/2026:14:29:24 +0000] "GET /wp-content/themes/twentytwentyfour/assets/fonts/cardo/cardo_normal_400.woff2 HTTP/1.1" 200 146060 "http://globallegacygroup.shop" "Mozilla/5.0 (Windows NT 10.0; Win64; x64) AppleWebKit/537.36 (KHTML, like Gecko) Chrome/124.0.0.0 Safari/537.36"
84.32.41.136 - - [21/Jul/2026:14:29:28 +0000] "GET /wp-content/themes/twentytwentyfour/assets/fonts/cardo/cardo_normal_700.woff2 HTTP/1.1" 200 132564 "http://globallegacygroup.shop" "Mozilla/5.0 (Windows NT 10.0; Win64; x64) AppleWebKit/537.36 (KHTML, like Gecko) Chrome/124.0.0.0 Safari/537.36"
84.32.41.136 - - [21/Jul/2026:14:29:31 +0000] "GET /wp-content/themes/twentytwentyfour/assets/fonts/inter/Inter-VariableFont_slnt,wght.woff2 HTTP/1.1" 200 326628 "http://globallegacygroup.shop" "Mozilla/5.0 (Windows NT 10.0; Win64; x64) AppleWebKit/537.36 (KHTML, like Gecko) Chrome/124.0.0.0 Safari/537.36"
84.32.41.136 - - [21/Jul/2026:14:29:34 +0000] "GET /wp-content/themes/twentytwentyfour/assets/images/building-exterior.webp HTTP/1.1" 200 199724 "http://globallegacygroup.shop" "Mozilla/5.0 (Windows NT 10.0; Win64; x64) AppleWebKit/537.36 (KHTML, like Gecko) Chrome/124.0.0.0 Safari/537.36"
84.32.41.136 - - [21/Jul/2026:14:29:39 +0000] "GET /wp-content/themes/twentytwentyfour/assets/images/tourist-and-building.webp HTTP/1.1" 200 66482 "http://globallegacygroup.shop" "Mozilla/5.0 (Windows NT 10.0; Win64; x64) AppleWebKit/537.36 (KHTML, like Gecko) Chrome/124.0.0.0 Safari/537.36"
84.32.41.136 - - [21/Jul/2026:14:29:41 +0000] "GET /wp-content/themes/twentytwentyfour/assets/images/windows.webp HTTP/1.1" 200 126244 "http://globallegacygroup.shop" "Mozilla/5.0 (Windows NT 10.0; Win64; x64) AppleWebKit/537.36 (KHTML, like Gecko) Chrome/124.0.0.0 Safari/537.36"
84.32.41.136 - - [21/Jul/2026:14:29:51 +0000] "GET / HTTP/1.1" 200 98585 "http://globallegacygroup.shop" "Mozilla/5.0 (Windows NT 10.0; Win64; x64) AppleWebKit/537.36 (KHTML, like Gecko) Chrome/124.0.0.0 Safari/537.36"
43.134.163.229 - - [21/Jul/2026:14:30:03 +0000] "GET / HTTP/1.1" 200 98585 "-" "Mozilla/5.0 (iPhone; CPU iPhone OS 13_2_3 like Mac OS X) AppleWebKit/605.1.15 (KHTML, like Gecko) Version/13.0.3 Mobile/15E148 Safari/604.1"
54.211.75.142 - - [21/Jul/2026:14:35:16 +0000] "GET / HTTP/1.1" 200 98585 "-" "Mozilla/5.0 (iPad; CPU OS 7_1_2 like Mac OS X) AppleWebKit/537.51.2 (KHTML, like Gecko) Version/7.0 Mobile/11D257 Safari/9537.53"
104.23.223.111 - - [21/Jul/2026:14:35:54 +0000] "GET /wp-admin/install.php?step=1 HTTP/1.1" 404 83586 "-" "http://globallegacygroup.shop/wp-admin/install.php?step=1"
172.69.195.88 - - [21/Jul/2026:14:54:43 +0000] "GET /wp-admin/install.php?step=1 HTTP/1.1" 404 83586 "-" "http://globallegacygroup.shop/wp-admin/install.php?step=1"
162.158.182.149 - - [21/Jul/2026:15:01:37 +0000] "GET /wp-admin/install.php?step=1 HTTP/1.1" 404 83586 "-" "http://globallegacygroup.shop/wp-admin/install.php?step=1"
49.51.253.26 - - [21/Jul/2026:15:03:49 +0000] "GET / HTTP/1.1" 301 - "-" "Mozilla/5.0 (iPhone; CPU iPhone OS 13_2_3 like Mac OS X) AppleWebKit/605.1.15 (KHTML, like Gecko) Version/13.0.3 Mobile/15E148 Safari/604.1"
49.51.253.26 - - [21/Jul/2026:15:03:52 +0000] "GET / HTTP/1.1" 200 98585 "http://www.globallegacygroup.shop" "Mozilla/5.0 (iPhone; CPU iPhone OS 13_2_3 like Mac OS X) AppleWebKit/605.1.15 (KHTML, like Gecko) Version/13.0.3 Mobile/15E148 Safari/604.1"
104.23.221.118 - - [21/Jul/2026:15:23:43 +0000] "GET /wp-admin/install.php?step=1 HTTP/1.1" 404 83586 "-" "http://globallegacygroup.shop/wp-admin/install.php?step=1"
198.11.177.243 - - [21/Jul/2026:15:27:00 +0000] "GET / HTTP/1.1" 301 - "-" "Mozilla/5.0 (iPhone; CPU iPhone OS 13_2_3 like Mac OS X) AppleWebKit/605.1.15 (KHTML, like Gecko) Version/13.0.3 Mobile/15E148 Safari/604.1"
198.11.177.243 - - [21/Jul/2026:15:27:07 +0000] "GET / HTTP/1.1" 200 98585 "http://www.globallegacygroup.shop" "Mozilla/5.0 (iPhone; CPU iPhone OS 13_2_3 like Mac OS X) AppleWebKit/605.1.15 (KHTML, like Gecko) Version/13.0.3 Mobile/15E148 Safari/604.1"
172.69.151.213 - - [21/Jul/2026:15:27:38 +0000] "GET /wp-admin/install.php?step=1 HTTP/1.1" 404 83586 "-" "http://globallegacygroup.shop/wp-admin/install.php?step=1"
172.71.144.62 - - [21/Jul/2026:15:45:15 +0000] "GET /wp-admin/install.php?step=1 HTTP/1.1" 404 83586 "-" "http://globallegacygroup.shop/wp-admin/install.php?step=1"
198.177.124.148 - - [21/Jul/2026:16:02:28 +0000] "GET /.well-known/acme-challenge/XIIMCL_H_23_HVVBIO6UXZKB4__AADH2 HTTP/1.1" 200 64 "-" "Cpanel-HTTP-Client/1.0"
162.158.182.149 - - [21/Jul/2026:16:17:04 +0000] "GET /wp-admin/install.php?step=1 HTTP/1.1" 404 83586 "-" "http://globallegacygroup.shop/wp-admin/install.php?step=1"
162.158.110.169 - - [21/Jul/2026:16:19:27 +0000] "GET /wp-admin/install.php?step=1 HTTP/1.1" 404 83586 "-" "http://globallegacygroup.shop/wp-admin/install.php?step=1"
88.97.176.205 - - [21/Jul/2026:16:35:29 +0000] "GET / HTTP/1.1" 200 98585 "-" "Mozilla/5.0 (Windows NT 10.0; Win64; x64) AppleWebKit/537.36 (KHTML, like Gecko) Chrome/150.0.0.0 Safari/537.36"
200.162.144.77 - - [21/Jul/2026:16:36:36 +0000] "GET / HTTP/1.1" 200 98585 "-" "Mozilla/5.0 (Linux; Android 10; K) AppleWebKit/537.36 (KHTML, like Gecko) Chrome/148.0.0.0 Mobile Safari/537.36"
104.244.210.61 - - [21/Jul/2026:16:36:37 +0000] "GET / HTTP/1.1" 200 98585 "-" "Mozilla/5.0 (Linux; Android 10; K) AppleWebKit/537.36 (KHTML, like Gecko) Chrome/148.0.0.0 Mobile Safari/537.36"
104.244.210.61 - - [21/Jul/2026:16:38:37 +0000] "GET /favicon.ico HTTP/1.1" 302 - "-" "Mozilla/5.0 (Linux; Android 10; K) AppleWebKit/537.36 (KHTML, like Gecko) Chrome/148.0.0.0 Mobile Safari/537.36"
172.70.246.215 - - [21/Jul/2026:16:41:19 +0000] "GET /wp-admin/install.php?step=1 HTTP/1.1" 404 83586 "-" "http://globallegacygroup.shop/wp-admin/install.php?step=1"
104.23.239.45 - - [21/Jul/2026:16:48:13 +0000] "GET /wp-admin/install.php?step=1 HTTP/1.1" 404 83586 "-" "http://globallegacygroup.shop/wp-admin/install.php?step=1"
162.158.110.168 - - [21/Jul/2026:17:01:11 +0000] "GET /wp-admin/install.php?step=1 HTTP/1.1" 404 83586 "-" "http://globallegacygroup.shop/wp-admin/install.php?step=1"
162.158.94.83 - - [21/Jul/2026:17:25:05 +0000] "GET /wp-admin/install.php?step=1 HTTP/1.1" 404 83586 "-" "http://globallegacygroup.shop/wp-admin/install.php?step=1"
104.23.221.118 - - [21/Jul/2026:17:33:28 +0000] "GET /wp-admin/install.php?step=1 HTTP/1.1" 404 83586 "-" "http://globallegacygroup.shop/wp-admin/install.php?step=1"
172.69.151.214 - - [21/Jul/2026:17:59:35 +0000] "GET /wp-admin/install.php?step=1 HTTP/1.1" 404 83586 "-" "http://globallegacygroup.shop/wp-admin/install.php?step=1"
104.23.223.110 - - [21/Jul/2026:18:03:13 +0000] "GET /wp-admin/install.php?step=1 HTTP/1.1" 404 83586 "-" "http://globallegacygroup.shop/wp-admin/install.php?step=1"
162.14.66.219 - - [21/Jul/2026:18:15:14 +0000] "GET / HTTP/1.1" 200 98585 "-" "Mozilla/5.0 (iPhone; CPU iPhone OS 13_2_3 like Mac OS X) AppleWebKit/605.1.15 (KHTML, like Gecko) Version/13.0.3 Mobile/15E148 Safari/604.1"
104.23.166.88 - - [21/Jul/2026:18:16:30 +0000] "GET /wp-admin/install.php?step=1 HTTP/1.1" 404 83586 "-" "http://globallegacygroup.shop/wp-admin/install.php?step=1"
162.158.182.149 - - [21/Jul/2026:18:21:08 +0000] "GET /wp-admin/install.php?step=1 HTTP/1.1" 404 83586 "-" "http://globallegacygroup.shop/wp-admin/install.php?step=1"
184.75.223.219 - - [21/Jul/2026:18:25:44 +0000] "HEAD /?author=1 HTTP/1.1" 404 - "https://www.google.com" "Mozilla/5.0 (Windows NT 10.0; Win64; x64) AppleWebKit/537.36 (KHTML, like Gecko) Chrome/143.0.0.0 Safari/537.36"
184.75.223.219 - - [21/Jul/2026:18:25:47 +0000] "GET /wp-json/wp/v2/users HTTP/1.1" 401 108 "https://www.google.com" "Mozilla/5.0 (Windows NT 10.0; Win64; x64) AppleWebKit/537.36 (KHTML, like Gecko) Chrome/143.0.0.0 Safari/537.36"
172.68.192.204 - - [21/Jul/2026:18:29:59 +0000] "GET /wp-admin/install.php?step=1 HTTP/1.1" 404 83586 "-" "http://globallegacygroup.shop/wp-admin/install.php?step=1"
172.70.240.163 - - [21/Jul/2026:18:40:16 +0000] "GET /wp-admin/install.php?step=1 HTTP/1.1" 404 83586 "-" "http://globallegacygroup.shop/wp-admin/install.php?step=1"
104.23.217.110 - - [21/Jul/2026:18:55:25 +0000] "GET /wp-admin/install.php?step=1 HTTP/1.1" 404 83586 "-" "http://globallegacygroup.shop/wp-admin/install.php?step=1"
43.157.153.236 - - [21/Jul/2026:18:58:16 +0000] "GET / HTTP/1.1" 200 98585 "-" "Mozilla/5.0 (iPhone; CPU iPhone OS 13_2_3 like Mac OS X) AppleWebKit/605.1.15 (KHTML, like Gecko) Version/13.0.3 Mobile/15E148 Safari/604.1"
198.177.124.148 - - [21/Jul/2026:19:02:27 +0000] "GET /.well-known/acme-challenge/4TWB7PYZXDRWESZ01-R-6I45DJHZ81G- HTTP/1.1" 200 64 "-" "Cpanel-HTTP-Client/1.0"
198.177.124.148 - - [21/Jul/2026:19:02:27 +0000] "GET /.well-known/acme-challenge/5_1WLWC9NDZIKFUOM6IX59XXBNYT_B5V HTTP/1.1" 200 64 "-" "Cpanel-HTTP-Client/1.0"
104.23.221.118 - - [21/Jul/2026:19:10:52 +0000] "GET /wp-admin/install.php?step=1 HTTP/1.1" 404 83586 "-" "http://globallegacygroup.shop/wp-admin/install.php?step=1"
172.70.246.215 - - [21/Jul/2026:19:35:59 +0000] "GET /wp-admin/install.php?step=1 HTTP/1.1" 404 83586 "-" "http://globallegacygroup.shop/wp-admin/install.php?step=1"
198.177.124.148 - - [21/Jul/2026:19:37:41 +0000] "POST /wp-cron.php?doing_wp_cron=1784662661.3363490104675292968750 HTTP/1.1" 200 - "-" "WordPress/7.0.2; https://globallegacygroup.shop"
172.71.144.62 - - [21/Jul/2026:19:37:38 +0000] "GET /wp-admin/install.php?step=1 HTTP/1.1" 404 83586 "-" "http://globallegacygroup.shop/wp-admin/install.php?step=1"
129.226.146.146 - - [21/Jul/2026:19:53:40 +0000] "GET / HTTP/1.1" 301 - "-" "Mozilla/5.0 (iPhone; CPU iPhone OS 13_2_3 like Mac OS X) AppleWebKit/605.1.15 (KHTML, like Gecko) Version/13.0.3 Mobile/15E148 Safari/604.1"
129.226.146.146 - - [21/Jul/2026:19:53:42 +0000] "GET / HTTP/1.1" 200 98585 "http://www.globallegacygroup.shop" "Mozilla/5.0 (iPhone; CPU iPhone OS 13_2_3 like Mac OS X) AppleWebKit/605.1.15 (KHTML, like Gecko) Version/13.0.3 Mobile/15E148 Safari/604.1"
104.23.217.110 - - [21/Jul/2026:20:03:59 +0000] "GET /wp-admin/install.php?step=1 HTTP/1.1" 404 83586 "-" "http://globallegacygroup.shop/wp-admin/install.php?step=1"
172.71.144.62 - - [21/Jul/2026:20:11:53 +0000] "GET /wp-admin/install.php?step=1 HTTP/1.1" 404 83586 "-" "http://globallegacygroup.shop/wp-admin/install.php?step=1"
104.23.221.119 - - [21/Jul/2026:20:25:19 +0000] "GET /wp-admin/install.php?step=1 HTTP/1.1" 404 83586 "-" "http://globallegacygroup.shop/wp-admin/install.php?step=1"
136.66.77.85 - - [21/Jul/2026:20:29:06 +0000] "GET /wp-login.php HTTP/1.1" 302 - "-" "Mozilla/5.0 (Windows NT 10.0; Win64; x64) AppleWebKit/537.36 (KHTML, like Gecko) HeadlessChrome/150.0.0.0 Safari/537.36"
172.71.102.220 - - [21/Jul/2026:20:37:08 +0000] "GET /wp-admin/install.php?step=1 HTTP/1.1" 404 83586 "-" "http://globallegacygroup.shop/wp-admin/install.php?step=1"
104.23.217.110 - - [21/Jul/2026:20:52:33 +0000] "GET /wp-admin/install.php?step=1 HTTP/1.1" 404 83586 "-" "http://globallegacygroup.shop/wp-admin/install.php?step=1"
43.153.122.30 - - [21/Jul/2026:21:06:44 +0000] "GET / HTTP/1.1" 301 - "-" "Mozilla/5.0 (iPhone; CPU iPhone OS 13_2_3 like Mac OS X) AppleWebKit/605.1.15 (KHTML, like Gecko) Version/13.0.3 Mobile/15E148 Safari/604.1"
43.153.122.30 - - [21/Jul/2026:21:06:47 +0000] "GET / HTTP/1.1" 200 98585 "http://www.globallegacygroup.shop" "Mozilla/5.0 (iPhone; CPU iPhone OS 13_2_3 like Mac OS X) AppleWebKit/605.1.15 (KHTML, like Gecko) Version/13.0.3 Mobile/15E148 Safari/604.1"
66.249.69.136 - - [21/Jul/2026:21:07:54 +0000] "GET /robots.txt HTTP/1.1" 200 123 "-" "Mozilla/5.0 (compatible; Googlebot/2.1; +http://www.google.com/bot.html)"
66.249.69.136 - - [21/Jul/2026:21:08:02 +0000] "GET /?p=65289649053278 HTTP/1.1" 404 83566 "-" "Mozilla/5.0 (Linux; Android 6.0.1; Nexus 5X Build/MMB29P) AppleWebKit/537.36 (KHTML, like Gecko) Chrome/150.0.7871.128 Mobile Safari/537.36 (compatible; GoogleOther)"
66.249.69.134 - - [21/Jul/2026:21:09:34 +0000] "GET /?p=46954898017916 HTTP/1.1" 404 83566 "-" "Mozilla/5.0 (Linux; Android 6.0.1; Nexus 5X Build/MMB29P) AppleWebKit/537.36 (KHTML, like Gecko) Chrome/150.0.7871.128 Mobile Safari/537.36 (compatible; GoogleOther)"
66.249.69.135 - - [21/Jul/2026:21:09:57 +0000] "GET /?p=56175002860869 HTTP/1.1" 404 83566 "-" "Mozilla/5.0 (Linux; Android 6.0.1; Nexus 5X Build/MMB29P) AppleWebKit/537.36 (KHTML, like Gecko) Chrome/150.0.7871.128 Mobile Safari/537.36 (compatible; GoogleOther)"
141.101.76.185 - - [21/Jul/2026:21:10:03 +0000] "GET /wp-admin/install.php?step=1 HTTP/1.1" 404 83586 "-" "http://globallegacygroup.shop/wp-admin/install.php?step=1"
66.249.69.136 - - [21/Jul/2026:21:12:00 +0000] "GET /?p=91767021909406 HTTP/1.1" 404 83566 "-" "Mozilla/5.0 (Linux; Android 6.0.1; Nexus 5X Build/MMB29P) AppleWebKit/537.36 (KHTML, like Gecko) Chrome/150.0.7871.128 Mobile Safari/537.36 (compatible; GoogleOther)"
66.249.69.135 - - [21/Jul/2026:21:12:15 +0000] "GET /?p=89305820941322 HTTP/1.1" 404 83566 "-" "Mozilla/5.0 (Linux; Android 6.0.1; Nexus 5X Build/MMB29P) AppleWebKit/537.36 (KHTML, like Gecko) Chrome/150.0.7871.128 Mobile Safari/537.36 (compatible; GoogleOther)"
104.23.217.111 - - [21/Jul/2026:21:32:00 +0000] "GET /wp-admin/install.php?step=1 HTTP/1.1" 404 83586 "-" "http://globallegacygroup.shop/wp-admin/install.php?step=1"
172.71.164.57 - - [21/Jul/2026:21:51:40 +0000] "GET /wp-admin/install.php?step=1 HTTP/1.1" 404 83586 "-" "http://globallegacygroup.shop/wp-admin/install.php?step=1"
172.69.151.214 - - [21/Jul/2026:21:56:33 +0000] "GET /wp-admin/install.php?step=1 HTTP/1.1" 404 83586 "-" "http://globallegacygroup.shop/wp-admin/install.php?step=1"
198.177.124.148 - - [21/Jul/2026:22:02:23 +0000] "GET /.well-known/acme-challenge/QB2ZK6-19V-TFB-1W7R_3AVUOIV-VQ2E HTTP/1.1" 200 64 "-" "Cpanel-HTTP-Client/1.0"
198.177.124.148 - - [21/Jul/2026:22:02:23 +0000] "GET /.well-known/acme-challenge/53HI1S24ANO0PWHU0Z9F4EBAALTFDE25 HTTP/1.1" 200 64 "-" "Cpanel-HTTP-Client/1.0"
93.123.109.152 - - [21/Jul/2026:22:03:55 +0000] "GET /app/.git/config HTTP/1.1" 301 - "-" "Mozilla/5.0 (Windows NT 10.0; Win64; x64) AppleWebKit/537.36 (KHTML, like Gecko) Chrome/123.0.0.0 Safari/537.36"
93.123.109.152 - - [21/Jul/2026:22:03:55 +0000] "GET /staging/.git/config HTTP/1.1" 301 - "-" "Mozilla/5.0 (Windows NT 10.0; Win64; x64) AppleWebKit/537.36 (KHTML, like Gecko) Chrome/123.0.0.0 Safari/537.36"
93.123.109.152 - - [21/Jul/2026:22:03:55 +0000] "GET /application/.git/config HTTP/1.1" 301 - "-" "Mozilla/5.0 (Windows NT 10.0; Win64; x64) AppleWebKit/537.36 (KHTML, like Gecko) Chrome/123.0.0.0 Safari/537.36"
93.123.109.152 - - [21/Jul/2026:22:03:55 +0000] "GET /api/.git/config HTTP/1.1" 301 - "-" "Mozilla/5.0 (Windows NT 10.0; Win64; x64) AppleWebKit/537.36 (KHTML, like Gecko) Chrome/123.0.0.0 Safari/537.36"
93.123.109.152 - - [21/Jul/2026:22:03:55 +0000] "GET /wp-content/.git/config HTTP/1.1" 301 - "-" "Mozilla/5.0 (Windows NT 10.0; Win64; x64) AppleWebKit/537.36 (KHTML, like Gecko) Chrome/123.0.0.0 Safari/537.36"
93.123.109.152 - - [21/Jul/2026:22:03:55 +0000] "GET /backend/.git/config HTTP/1.1" 301 - "-" "Mozilla/5.0 (Windows NT 10.0; Win64; x64) AppleWebKit/537.36 (KHTML, like Gecko) Chrome/123.0.0.0 Safari/537.36"
93.123.109.152 - - [21/Jul/2026:22:03:55 +0000] "GET /backup/.git/config HTTP/1.1" 301 - "-" "Mozilla/5.0 (Windows NT 10.0; Win64; x64) AppleWebKit/537.36 (KHTML, like Gecko) Chrome/123.0.0.0 Safari/537.36"
93.123.109.152 - - [21/Jul/2026:22:03:55 +0000] "GET /dev/.git/config HTTP/1.1" 301 - "-" "Mozilla/5.0 (Windows NT 10.0; Win64; x64) AppleWebKit/537.36 (KHTML, like Gecko) Chrome/123.0.0.0 Safari/537.36"
93.123.109.152 - - [21/Jul/2026:22:03:55 +0000] "GET /wp-admin/.git/config HTTP/1.1" 301 - "-" "Mozilla/5.0 (Windows NT 10.0; Win64; x64) AppleWebKit/537.36 (KHTML, like Gecko) Chrome/123.0.0.0 Safari/537.36"
93.123.109.152 - - [21/Jul/2026:22:03:55 +0000] "GET /v2/.git/config HTTP/1.1" 301 - "-" "Mozilla/5.0 (Windows NT 10.0; Win64; x64) AppleWebKit/537.36 (KHTML, like Gecko) Chrome/123.0.0.0 Safari/537.36"
93.123.109.152 - - [21/Jul/2026:22:03:55 +0000] "GET /mail/.git/config HTTP/1.1" 301 - "-" "Mozilla/5.0 (Windows NT 10.0; Win64; x64) AppleWebKit/537.36 (KHTML, like Gecko) Chrome/123.0.0.0 Safari/537.36"
93.123.109.152 - - [21/Jul/2026:22:03:55 +0000] "GET /.git/config HTTP/1.1" 301 - "-" "Mozilla/5.0 (Windows NT 10.0; Win64; x64) AppleWebKit/537.36 (KHTML, like Gecko) Chrome/123.0.0.0 Safari/537.36"
93.123.109.152 - - [21/Jul/2026:22:03:55 +0000] "GET /public/.git/config HTTP/1.1" 301 - "-" "Mozilla/5.0 (Windows NT 10.0; Win64; x64) AppleWebKit/537.36 (KHTML, like Gecko) Chrome/123.0.0.0 Safari/537.36"
93.123.109.152 - - [21/Jul/2026:22:03:55 +0000] "GET /admin/.git/config HTTP/1.1" 301 - "-" "Mozilla/5.0 (Windows NT 10.0; Win64; x64) AppleWebKit/537.36 (KHTML, like Gecko) Chrome/123.0.0.0 Safari/537.36"
93.123.109.152 - - [21/Jul/2026:22:03:55 +0000] "GET /wp/.git/config HTTP/1.1" 301 - "-" "Mozilla/5.0 (Windows NT 10.0; Win64; x64) AppleWebKit/537.36 (KHTML, like Gecko) Chrome/123.0.0.0 Safari/537.36"
93.123.109.152 - - [21/Jul/2026:22:03:55 +0000] "GET /git/.git/config HTTP/1.1" 301 - "-" "Mozilla/5.0 (Windows NT 10.0; Win64; x64) AppleWebKit/537.36 (KHTML, like Gecko) Chrome/123.0.0.0 Safari/537.36"
104.23.217.110 - - [21/Jul/2026:22:13:46 +0000] "GET /wp-admin/install.php?step=1 HTTP/1.1" 404 83586 "-" "http://globallegacygroup.shop/wp-admin/install.php?step=1"
172.70.246.214 - - [21/Jul/2026:22:24:28 +0000] "GET /wp-admin/install.php?step=1 HTTP/1.1" 404 83586 "-" "http://globallegacygroup.shop/wp-admin/install.php?step=1"
45.92.85.193 - - [21/Jul/2026:22:37:06 +0000] "GET / HTTP/1.1" 200 98585 "-" "Mozilla/5.0 (Windows NT 10.0; Win64; x64) AppleWebKit/537.36 (KHTML, like Gecko) Chrome/94.0.4606.61 Safari/537.36"
104.23.221.118 - - [21/Jul/2026:22:45:53 +0000] "GET /wp-admin/install.php?step=1 HTTP/1.1" 404 83586 "-" "http://globallegacygroup.shop/wp-admin/install.php?step=1"
66.249.77.74 - - [21/Jul/2026:22:58:52 +0000] "GET /robots.txt HTTP/1.1" 301 - "-" "Mozilla/5.0 (compatible; Googlebot/2.1; +http://www.google.com/bot.html)"
66.249.69.135 - - [21/Jul/2026:22:58:55 +0000] "GET /robots.txt HTTP/1.1" 200 123 "-" "Mozilla/5.0 (compatible; Googlebot/2.1; +http://www.google.com/bot.html)"
66.249.77.75 - - [21/Jul/2026:22:58:57 +0000] "GET /information/privacy_policy.html HTTP/1.1" 301 - "-" "Mozilla/5.0 (Linux; Android 6.0.1; Nexus 5X Build/MMB29P) AppleWebKit/537.36 (KHTML, like Gecko) Chrome/150.0.7871.128 Mobile Safari/537.36 (compatible; Googlebot/2.1; +http://www.google.com/bot.html)"
66.249.69.134 - - [21/Jul/2026:22:58:59 +0000] "GET /information/privacy_policy.html HTTP/1.1" 404 83597 "-" "Mozilla/5.0 (Linux; Android 6.0.1; Nexus 5X Build/MMB29P) AppleWebKit/537.36 (KHTML, like Gecko) Chrome/150.0.7871.128 Mobile Safari/537.36 (compatible; Googlebot/2.1; +http://www.google.com/bot.html)"
136.67.60.28 - - [21/Jul/2026:23:02:11 +0000] "GET /wp-content/plugins/helodoly/wp-config-sample.php HTTP/1.1" 404 83614 "-" "Mozilla/5.0 (Windows NT 10.0; Win64; x64) AppleWebKit/537.36 (KHTML, like Gecko) Chrome/91.0.4472.124 Safari/537.36"
172.70.248.69 - - [21/Jul/2026:23:06:20 +0000] "GET /wp-admin/install.php?step=1 HTTP/1.1" 404 83586 "-" "http://globallegacygroup.shop/wp-admin/install.php?step=1"
136.67.60.28 - - [21/Jul/2026:23:15:28 +0000] "GET /system/bootstrap.php HTTP/1.1" 404 83586 "-" "Mozilla/5.0 (Windows NT 10.0; Win64; x64) AppleWebKit/537.36 (KHTML, like Gecko) Chrome/91.0.4472.124 Safari/537.36"
136.67.60.28 - - [21/Jul/2026:23:15:29 +0000] "GET /bootstrap.php HTTP/1.1" 404 83579 "-" "Mozilla/5.0 (Windows NT 10.0; Win64; x64) AppleWebKit/537.36 (KHTML, like Gecko) Chrome/91.0.4472.124 Safari/537.36"
172.68.183.50 - - [21/Jul/2026:23:18:34 +0000] "GET /wp-admin/install.php?step=1 HTTP/1.1" 404 83586 "-" "http://globallegacygroup.shop/wp-admin/install.php?step=1"
136.67.60.28 - - [21/Jul/2026:23:21:48 +0000] "GET /wp-content/plugins/config-cs/bootstrap.php HTTP/1.1" 302 35496 "-" "Mozilla/5.0 (Windows NT 10.0; Win64; x64) AppleWebKit/537.36 (KHTML, like Gecko) Chrome/91.0.4472.124 Safari/537.36"
136.67.60.28 - - [21/Jul/2026:23:21:48 +0000] "GET /wp-content/plugins/config-cs/bootstrap.php?p= HTTP/1.1" 200 35496 "http://globallegacygroup.shop/wp-content/plugins/config-cs/bootstrap.php" "Mozilla/5.0 (Windows NT 10.0; Win64; x64) AppleWebKit/537.36 (KHTML, like Gecko) Chrome/91.0.4472.124 Safari/537.36"
43.165.7.132 - - [21/Jul/2026:23:27:30 +0000] "GET / HTTP/1.1" 200 98585 "-" "Mozilla/5.0 (iPhone; CPU iPhone OS 13_2_3 like Mac OS X) AppleWebKit/605.1.15 (KHTML, like Gecko) Version/13.0.3 Mobile/15E148 Safari/604.1"
104.23.217.111 - - [21/Jul/2026:23:27:42 +0000] "GET /wp-admin/install.php?step=1 HTTP/1.1" 404 83586 "-" "http://globallegacygroup.shop/wp-admin/install.php?step=1"
129.204.188.64 - - [21/Jul/2026:23:30:11 +0000] "GET / HTTP/1.1" 301 - "-" "Mozilla/5.0 (iPhone; CPU iPhone OS 13_2_3 like Mac OS X) AppleWebKit/605.1.15 (KHTML, like Gecko) Version/13.0.3 Mobile/15E148 Safari/604.1"
129.204.188.64 - - [21/Jul/2026:23:30:15 +0000] "GET / HTTP/1.1" 200 98585 "http://www.globallegacygroup.shop" "Mozilla/5.0 (iPhone; CPU iPhone OS 13_2_3 like Mac OS X) AppleWebKit/605.1.15 (KHTML, like Gecko) Version/13.0.3 Mobile/15E148 Safari/604.1"
172.71.144.63 - - [21/Jul/2026:23:38:58 +0000] "GET /wp-admin/install.php?step=1 HTTP/1.1" 500 2559 "-" "http://globallegacygroup.shop/wp-admin/install.php?step=1"
104.23.239.45 - - [22/Jul/2026:00:09:28 +0000] "GET /wp-admin/install.php?step=1 HTTP/1.1" 404 83586 "-" "http://globallegacygroup.shop/wp-admin/install.php?step=1"
172.68.192.205 - - [22/Jul/2026:00:17:53 +0000] "GET /wp-admin/install.php?step=1 HTTP/1.1" 404 83586 "-" "http://globallegacygroup.shop/wp-admin/install.php?step=1"
43.153.48.240 - - [22/Jul/2026:00:27:19 +0000] "GET / HTTP/1.1" 301 - "-" "Mozilla/5.0 (iPhone; CPU iPhone OS 13_2_3 like Mac OS X) AppleWebKit/605.1.15 (KHTML, like Gecko) Version/13.0.3 Mobile/15E148 Safari/604.1"
43.153.48.240 - - [22/Jul/2026:00:27:22 +0000] "GET / HTTP/1.1" 200 98585 "http://www.globallegacygroup.shop" "Mozilla/5.0 (iPhone; CPU iPhone OS 13_2_3 like Mac OS X) AppleWebKit/605.1.15 (KHTML, like Gecko) Version/13.0.3 Mobile/15E148 Safari/604.1"
172.70.240.162 - - [22/Jul/2026:00:33:17 +0000] "GET /wp-admin/install.php?step=1 HTTP/1.1" 404 83586 "-" "http://globallegacygroup.shop/wp-admin/install.php?step=1"
63.141.250.58 - - [22/Jul/2026:00:49:34 +0000] "GET /index.php?params=1 HTTP/1.1" 301 - "-" "Mozilla/5.0 (Windows NT 10.0; Win64; x64) AppleWebKit/537.36 (KHTML, like Gecko) Chrome/131.0.0.0 Safari/537.36"
63.141.250.58 - - [22/Jul/2026:00:49:39 +0000] "GET /?params=1 HTTP/1.1" 200 98594 "-" "Mozilla/5.0 (Windows NT 10.0; Win64; x64) AppleWebKit/537.36 (KHTML, like Gecko) Chrome/131.0.0.0 Safari/537.36"
63.141.250.58 - - [22/Jul/2026:00:51:04 +0000] "GET /index.php?params=1 HTTP/1.1" 301 - "-" "Mozilla/5.0 (Windows NT 10.0; Win64; x64) AppleWebKit/537.36 (KHTML, like Gecko) Chrome/131.0.0.0 Safari/537.36"
63.141.250.58 - - [22/Jul/2026:00:51:06 +0000] "GET /?params=1 HTTP/1.1" 200 98594 "-" "Mozilla/5.0 (Windows NT 10.0; Win64; x64) AppleWebKit/537.36 (KHTML, like Gecko) Chrome/131.0.0.0 Safari/537.36"
104.23.221.118 - - [22/Jul/2026:00:56:17 +0000] "GET /wp-admin/install.php?step=1 HTTP/1.1" 404 83586 "-" "http://globallegacygroup.shop/wp-admin/install.php?step=1"
198.177.124.148 - - [22/Jul/2026:01:01:23 +0000] "GET /.well-known/acme-challenge/7KYVFDHARMLV637TYGUFL2N9_HU081EA HTTP/1.1" 200 64 "-" "Cpanel-HTTP-Client/1.0"
198.177.124.148 - - [22/Jul/2026:01:01:23 +0000] "GET /.well-known/acme-challenge/GNEWY7ZOZFGKX6VZC3ZT2BQI189-ETO- HTTP/1.1" 200 64 "-" "Cpanel-HTTP-Client/1.0"
170.106.65.93 - - [22/Jul/2026:01:08:05 +0000] "GET / HTTP/1.1" 200 98585 "-" "Mozilla/5.0 (iPhone; CPU iPhone OS 13_2_3 like Mac OS X) AppleWebKit/605.1.15 (KHTML, like Gecko) Version/13.0.3 Mobile/15E148 Safari/604.1"
62.210.198.165 - - [22/Jul/2026:01:09:32 +0000] "HEAD / HTTP/1.1" 200 - "-" "python-httpx/0.28.1"
62.210.198.165 - - [22/Jul/2026:01:09:41 +0000] "GET / HTTP/1.1" 200 98585 "-" "Mozilla/5.0 (X11; Linux x86_64) AppleWebKit/537.36 (KHTML, like Gecko) Chrome/134.0.0.0 Safari/537.3"
62.210.198.165 - - [22/Jul/2026:01:09:45 +0000] "GET /wp-includes/blocks/navigation/style.min.css?ver=7.0.2 HTTP/1.1" 200 20709 "http://globallegacygroup.shop/" "Mozilla/5.0 (X11; Linux x86_64) AppleWebKit/537.36 (KHTML, like Gecko) Chrome/134.0.0.0 Safari/537.3"
62.210.198.165 - - [22/Jul/2026:01:09:45 +0000] "GET /wp-includes/js/jquery/jquery-migrate.min.js?ver=3.4.1 HTTP/1.1" 200 13577 "http://globallegacygroup.shop/" "Mozilla/5.0 (X11; Linux x86_64) AppleWebKit/537.36 (KHTML, like Gecko) Chrome/134.0.0.0 Safari/537.3"
62.210.198.165 - - [22/Jul/2026:01:09:45 +0000] "GET /wp-content/themes/twentytwentyfour/assets/images/tourist-and-building.webp HTTP/1.1" 200 66482 "http://globallegacygroup.shop/" "Mozilla/5.0 (X11; Linux x86_64) AppleWebKit/537.36 (KHTML, like Gecko) Chrome/134.0.0.0 Safari/537.3"
62.210.198.165 - - [22/Jul/2026:01:09:45 +0000] "GET /wp-includes/js/jquery/jquery.min.js?ver=3.7.1 HTTP/1.1" 200 87553 "http://globallegacygroup.shop/" "Mozilla/5.0 (X11; Linux x86_64) AppleWebKit/537.36 (KHTML, like Gecko) Chrome/134.0.0.0 Safari/537.3"
62.210.198.165 - - [22/Jul/2026:01:09:45 +0000] "GET /wp-content/themes/twentytwentyfour/assets/images/building-exterior.webp HTTP/1.1" 200 199724 "http://globallegacygroup.shop/" "Mozilla/5.0 (X11; Linux x86_64) AppleWebKit/537.36 (KHTML, like Gecko) Chrome/134.0.0.0 Safari/537.3"
62.210.198.165 - - [22/Jul/2026:01:09:46 +0000] "GET /wp-content/themes/twentytwentyfour/assets/images/windows.webp HTTP/1.1" 200 126244 "http://globallegacygroup.shop/" "Mozilla/5.0 (X11; Linux x86_64) AppleWebKit/537.36 (KHTML, like Gecko) Chrome/134.0.0.0 Safari/537.3"
62.210.198.165 - - [22/Jul/2026:01:09:46 +0000] "GET /wp-includes/js/dist/script-modules/interactivity/index.min.js?ver=efaa5193bbad9c60ffd1 HTTP/1.1" 200 40106 "http://globallegacygroup.shop/" "Mozilla/5.0 (X11; Linux x86_64) AppleWebKit/537.36 (KHTML, like Gecko) Chrome/134.0.0.0 Safari/537.3"
62.210.198.165 - - [22/Jul/2026:01:09:46 +0000] "GET /wp-includes/js/dist/script-modules/block-library/navigation/view.min.js?ver=96a846e1d7b789c39ab9 HTTP/1.1" 200 3053 "http://globallegacygroup.shop/" "Mozilla/5.0 (X11; Linux x86_64) AppleWebKit/537.36 (KHTML, like Gecko) Chrome/134.0.0.0 Safari/537.3"
62.210.198.165 - - [22/Jul/2026:01:09:46 +0000] "GET /wp-content/plugins/pixelyoursite/dist/scripts/jquery.bind-first-0.2.3.min.js?ver=0.2.3 HTTP/1.1" 200 1317 "http://globallegacygroup.shop/" "Mozilla/5.0 (X11; Linux x86_64) AppleWebKit/537.36 (KHTML, like Gecko) Chrome/134.0.0.0 Safari/537.3"
62.210.198.165 - - [22/Jul/2026:01:09:46 +0000] "GET /wp-content/plugins/pixelyoursite/dist/scripts/tld.min.js?ver=2.3.1 HTTP/1.1" 200 141079 "http://globallegacygroup.shop/" "Mozilla/5.0 (X11; Linux x86_64) AppleWebKit/537.36 (KHTML, like Gecko) Chrome/134.0.0.0 Safari/537.3"
62.210.198.165 - - [22/Jul/2026:01:09:46 +0000] "GET /wp-content/plugins/pixelyoursite/dist/scripts/js.cookie-2.1.3.min.js?ver=2.1.3 HTTP/1.1" 200 1709 "http://globallegacygroup.shop/" "Mozilla/5.0 (X11; Linux x86_64) AppleWebKit/537.36 (KHTML, like Gecko) Chrome/134.0.0.0 Safari/537.3"
62.210.198.165 - - [22/Jul/2026:01:09:46 +0000] "GET /wp-content/themes/twentytwentyfour/assets/fonts/cardo/cardo_normal_400.woff2 HTTP/1.1" 200 146060 "http://globallegacygroup.shop/" "Mozilla/5.0 (X11; Linux x86_64) AppleWebKit/537.36 (KHTML, like Gecko) Chrome/134.0.0.0 Safari/537.3"
62.210.198.165 - - [22/Jul/2026:01:09:46 +0000] "GET /wp-content/plugins/pixelyoursite/dist/scripts/public.js?ver=11.2.1 HTTP/1.1" 200 172979 "http://globallegacygroup.shop/" "Mozilla/5.0 (X11; Linux x86_64) AppleWebKit/537.36 (KHTML, like Gecko) Chrome/134.0.0.0 Safari/537.3"
62.210.198.165 - - [22/Jul/2026:01:09:46 +0000] "GET /wp-content/themes/twentytwentyfour/assets/fonts/cardo/cardo_italic_400.woff2 HTTP/1.1" 200 105184 "http://globallegacygroup.shop/" "Mozilla/5.0 (X11; Linux x86_64) AppleWebKit/537.36 (KHTML, like Gecko) Chrome/134.0.0.0 Safari/537.3"
62.210.198.165 - - [22/Jul/2026:01:09:46 +0000] "GET /wp-includes/js/wp-emoji-release.min.js?ver=7.0.2 HTTP/1.1" 200 22752 "http://globallegacygroup.shop/" "Mozilla/5.0 (X11; Linux x86_64) AppleWebKit/537.36 (KHTML, like Gecko) Chrome/134.0.0.0 Safari/537.3"
62.210.198.165 - - [22/Jul/2026:01:09:46 +0000] "GET /wp-content/themes/twentytwentyfour/assets/fonts/inter/Inter-VariableFont_slnt,wght.woff2 HTTP/1.1" 200 326628 "http://globallegacygroup.shop/" "Mozilla/5.0 (X11; Linux x86_64) AppleWebKit/537.36 (KHTML, like Gecko) Chrome/134.0.0.0 Safari/537.3"
62.210.198.165 - - [22/Jul/2026:01:10:00 +0000] "GET /favicon.ico HTTP/1.1" 302 - "-" "Mozilla/5.0 (X11; Linux x86_64) AppleWebKit/537.36 (KHTML, like Gecko) Chrome/134.0.0.0 Safari/537.3"
62.210.198.165 - - [22/Jul/2026:01:10:12 +0000] "GET /ads.txt HTTP/1.1" 404 83573 "-" "Mozilla/5.0 (X11; Linux x86_64) AppleWebKit/537.36 (KHTML, like Gecko) Chrome/134.0.0.0 Safari/537.3"
62.210.198.165 - - [22/Jul/2026:01:10:20 +0000] "GET /app-ads.txt HTTP/1.1" 404 83577 "-" "Mozilla/5.0 (X11; Linux x86_64) AppleWebKit/537.36 (KHTML, like Gecko) Chrome/134.0.0.0 Safari/537.3"
62.210.198.165 - - [22/Jul/2026:01:10:23 +0000] "GET /sellers.json HTTP/1.1" 404 83578 "-" "Mozilla/5.0 (X11; Linux x86_64) AppleWebKit/537.36 (KHTML, like Gecko) Chrome/134.0.0.0 Safari/537.3"
51.158.203.229 - - [22/Jul/2026:01:15:46 +0000] "HEAD / HTTP/1.1" 200 - "-" "python-httpx/0.28.1"
51.158.203.229 - - [22/Jul/2026:01:15:54 +0000] "GET / HTTP/1.1" 200 98585 "-" "Mozilla/5.0 (X11; Linux x86_64) AppleWebKit/537.36 (KHTML, like Gecko) Chrome/134.0.0.0 Safari/537.3"
51.158.203.229 - - [22/Jul/2026:01:15:57 +0000] "GET /wp-includes/blocks/navigation/style.min.css?ver=7.0.2 HTTP/1.1" 200 20709 "http://globallegacygroup.shop/" "Mozilla/5.0 (X11; Linux x86_64) AppleWebKit/537.36 (KHTML, like Gecko) Chrome/134.0.0.0 Safari/537.3"
51.158.203.229 - - [22/Jul/2026:01:15:57 +0000] "GET /wp-includes/js/jquery/jquery-migrate.min.js?ver=3.4.1 HTTP/1.1" 200 13577 "http://globallegacygroup.shop/" "Mozilla/5.0 (X11; Linux x86_64) AppleWebKit/537.36 (KHTML, like Gecko) Chrome/134.0.0.0 Safari/537.3"
