103.160.213.66 - - [21/Jul/2026:23:36:56 +0000] "POST /xmlrpc.php HTTP/1.1" 200 401 "-" "Mozilla/5.0 (Windows NT 10.0; Win64; x64) AppleWebKit/537.36 (KHTML, like Gecko) Chrome/95.0.4638.69 Safari/537.36"
103.160.213.66 - - [21/Jul/2026:23:36:58 +0000] "POST /xmlrpc.php HTTP/1.1" 200 401 "-" "Mozilla/5.0 (Windows NT 10.0; Win64; x64) AppleWebKit/537.36 (KHTML, like Gecko) Chrome/95.0.4638.69 Safari/537.36"
103.160.213.66 - - [21/Jul/2026:23:36:59 +0000] "POST /xmlrpc.php HTTP/1.1" 200 401 "-" "Mozilla/5.0 (Windows NT 10.0; Win64; x64) AppleWebKit/537.36 (KHTML, like Gecko) Chrome/95.0.4638.69 Safari/537.36"
103.160.213.66 - - [21/Jul/2026:23:37:00 +0000] "POST /xmlrpc.php HTTP/1.1" 200 401 "-" "Mozilla/5.0 (Windows NT 10.0; Win64; x64) AppleWebKit/537.36 (KHTML, like Gecko) Chrome/95.0.4638.69 Safari/537.36"
103.160.213.66 - - [21/Jul/2026:23:37:01 +0000] "POST /xmlrpc.php HTTP/1.1" 200 401 "-" "Mozilla/5.0 (Windows NT 10.0; Win64; x64) AppleWebKit/537.36 (KHTML, like Gecko) Chrome/95.0.4638.69 Safari/537.36"
103.160.213.66 - - [21/Jul/2026:23:37:02 +0000] "POST /xmlrpc.php HTTP/1.1" 200 401 "-" "Mozilla/5.0 (Windows NT 10.0; Win64; x64) AppleWebKit/537.36 (KHTML, like Gecko) Chrome/95.0.4638.69 Safari/537.36"
103.160.213.66 - - [21/Jul/2026:23:37:03 +0000] "POST /xmlrpc.php HTTP/1.1" 200 401 "-" "Mozilla/5.0 (Windows NT 10.0; Win64; x64) AppleWebKit/537.36 (KHTML, like Gecko) Chrome/95.0.4638.69 Safari/537.36"
103.160.213.66 - - [21/Jul/2026:23:37:04 +0000] "POST /xmlrpc.php HTTP/1.1" 200 401 "-" "Mozilla/5.0 (Windows NT 10.0; Win64; x64) AppleWebKit/537.36 (KHTML, like Gecko) Chrome/95.0.4638.69 Safari/537.36"
103.160.213.66 - - [21/Jul/2026:23:37:06 +0000] "POST /xmlrpc.php HTTP/1.1" 200 401 "-" "Mozilla/5.0 (Windows NT 10.0; Win64; x64) AppleWebKit/537.36 (KHTML, like Gecko) Chrome/95.0.4638.69 Safari/537.36"
103.160.213.66 - - [21/Jul/2026:23:37:06 +0000] "POST /xmlrpc.php HTTP/1.1" 200 401 "-" "Mozilla/5.0 (Windows NT 10.0; Win64; x64) AppleWebKit/537.36 (KHTML, like Gecko) Chrome/95.0.4638.69 Safari/537.36"
103.160.213.66 - - [21/Jul/2026:23:37:07 +0000] "POST /xmlrpc.php HTTP/1.1" 200 401 "-" "Mozilla/5.0 (Windows NT 10.0; Win64; x64) AppleWebKit/537.36 (KHTML, like Gecko) Chrome/95.0.4638.69 Safari/537.36"
103.160.213.66 - - [21/Jul/2026:23:37:08 +0000] "POST /xmlrpc.php HTTP/1.1" 200 401 "-" "Mozilla/5.0 (Windows NT 10.0; Win64; x64) AppleWebKit/537.36 (KHTML, like Gecko) Chrome/95.0.4638.69 Safari/537.36"
103.160.213.66 - - [21/Jul/2026:23:37:09 +0000] "POST /xmlrpc.php HTTP/1.1" 200 401 "-" "Mozilla/5.0 (Windows NT 10.0; Win64; x64) AppleWebKit/537.36 (KHTML, like Gecko) Chrome/95.0.4638.69 Safari/537.36"
103.160.213.66 - - [21/Jul/2026:23:37:10 +0000] "POST /xmlrpc.php HTTP/1.1" 200 401 "-" "Mozilla/5.0 (Windows NT 10.0; Win64; x64) AppleWebKit/537.36 (KHTML, like Gecko) Chrome/95.0.4638.69 Safari/537.36"
103.160.213.66 - - [21/Jul/2026:23:37:11 +0000] "POST /xmlrpc.php HTTP/1.1" 200 401 "-" "Mozilla/5.0 (Windows NT 10.0; Win64; x64) AppleWebKit/537.36 (KHTML, like Gecko) Chrome/95.0.4638.69 Safari/537.36"
103.160.213.66 - - [21/Jul/2026:23:37:13 +0000] "POST /xmlrpc.php HTTP/1.1" 200 401 "-" "Mozilla/5.0 (Windows NT 10.0; Win64; x64) AppleWebKit/537.36 (KHTML, like Gecko) Chrome/95.0.4638.69 Safari/537.36"
103.160.213.66 - - [21/Jul/2026:23:37:14 +0000] "POST /xmlrpc.php HTTP/1.1" 200 401 "-" "Mozilla/5.0 (Windows NT 10.0; Win64; x64) AppleWebKit/537.36 (KHTML, like Gecko) Chrome/95.0.4638.69 Safari/537.36"
103.160.213.66 - - [21/Jul/2026:23:37:15 +0000] "POST /xmlrpc.php HTTP/1.1" 200 401 "-" "Mozilla/5.0 (Windows NT 10.0; Win64; x64) AppleWebKit/537.36 (KHTML, like Gecko) Chrome/95.0.4638.69 Safari/537.36"
103.160.213.66 - - [21/Jul/2026:23:37:16 +0000] "POST /xmlrpc.php HTTP/1.1" 200 401 "-" "Mozilla/5.0 (Windows NT 10.0; Win64; x64) AppleWebKit/537.36 (KHTML, like Gecko) Chrome/95.0.4638.69 Safari/537.36"
103.160.213.66 - - [21/Jul/2026:23:37:17 +0000] "POST /xmlrpc.php HTTP/1.1" 200 401 "-" "Mozilla/5.0 (Windows NT 10.0; Win64; x64) AppleWebKit/537.36 (KHTML, like Gecko) Chrome/95.0.4638.69 Safari/537.36"
103.160.213.66 - - [21/Jul/2026:23:37:19 +0000] "POST /xmlrpc.php HTTP/1.1" 200 401 "-" "Mozilla/5.0 (Windows NT 10.0; Win64; x64) AppleWebKit/537.36 (KHTML, like Gecko) Chrome/95.0.4638.69 Safari/537.36"
103.160.213.66 - - [21/Jul/2026:23:37:20 +0000] "POST /xmlrpc.php HTTP/1.1" 200 401 "-" "Mozilla/5.0 (Windows NT 10.0; Win64; x64) AppleWebKit/537.36 (KHTML, like Gecko) Chrome/95.0.4638.69 Safari/537.36"
103.160.213.66 - - [21/Jul/2026:23:37:21 +0000] "POST /xmlrpc.php HTTP/1.1" 200 401 "-" "Mozilla/5.0 (Windows NT 10.0; Win64; x64) AppleWebKit/537.36 (KHTML, like Gecko) Chrome/95.0.4638.69 Safari/537.36"
103.160.213.66 - - [21/Jul/2026:23:37:23 +0000] "POST /xmlrpc.php HTTP/1.1" 200 401 "-" "Mozilla/5.0 (Windows NT 10.0; Win64; x64) AppleWebKit/537.36 (KHTML, like Gecko) Chrome/95.0.4638.69 Safari/537.36"
103.160.213.66 - - [21/Jul/2026:23:37:24 +0000] "POST /xmlrpc.php HTTP/1.1" 200 401 "-" "Mozilla/5.0 (Windows NT 10.0; Win64; x64) AppleWebKit/537.36 (KHTML, like Gecko) Chrome/95.0.4638.69 Safari/537.36"
103.160.213.66 - - [21/Jul/2026:23:37:26 +0000] "POST /xmlrpc.php HTTP/1.1" 200 401 "-" "Mozilla/5.0 (Windows NT 10.0; Win64; x64) AppleWebKit/537.36 (KHTML, like Gecko) Chrome/95.0.4638.69 Safari/537.36"
103.160.213.66 - - [21/Jul/2026:23:37:27 +0000] "POST /xmlrpc.php HTTP/1.1" 200 401 "-" "Mozilla/5.0 (Windows NT 10.0; Win64; x64) AppleWebKit/537.36 (KHTML, like Gecko) Chrome/95.0.4638.69 Safari/537.36"
103.160.213.66 - - [21/Jul/2026:23:37:28 +0000] "POST /xmlrpc.php HTTP/1.1" 200 401 "-" "Mozilla/5.0 (Windows NT 10.0; Win64; x64) AppleWebKit/537.36 (KHTML, like Gecko) Chrome/95.0.4638.69 Safari/537.36"
103.160.213.66 - - [21/Jul/2026:23:37:30 +0000] "POST /xmlrpc.php HTTP/1.1" 200 401 "-" "Mozilla/5.0 (Windows NT 10.0; Win64; x64) AppleWebKit/537.36 (KHTML, like Gecko) Chrome/95.0.4638.69 Safari/537.36"
103.160.213.66 - - [21/Jul/2026:23:37:31 +0000] "POST /xmlrpc.php HTTP/1.1" 200 401 "-" "Mozilla/5.0 (Windows NT 10.0; Win64; x64) AppleWebKit/537.36 (KHTML, like Gecko) Chrome/95.0.4638.69 Safari/537.36"
103.160.213.66 - - [21/Jul/2026:23:37:32 +0000] "POST /xmlrpc.php HTTP/1.1" 200 401 "-" "Mozilla/5.0 (Windows NT 10.0; Win64; x64) AppleWebKit/537.36 (KHTML, like Gecko) Chrome/95.0.4638.69 Safari/537.36"
103.160.213.66 - - [21/Jul/2026:23:37:33 +0000] "POST /xmlrpc.php HTTP/1.1" 200 401 "-" "Mozilla/5.0 (Windows NT 10.0; Win64; x64) AppleWebKit/537.36 (KHTML, like Gecko) Chrome/95.0.4638.69 Safari/537.36"
103.160.213.66 - - [21/Jul/2026:23:37:34 +0000] "POST /xmlrpc.php HTTP/1.1" 200 401 "-" "Mozilla/5.0 (Windows NT 10.0; Win64; x64) AppleWebKit/537.36 (KHTML, like Gecko) Chrome/95.0.4638.69 Safari/537.36"
103.160.213.66 - - [21/Jul/2026:23:37:36 +0000] "POST /xmlrpc.php HTTP/1.1" 200 401 "-" "Mozilla/5.0 (Windows NT 10.0; Win64; x64) AppleWebKit/537.36 (KHTML, like Gecko) Chrome/95.0.4638.69 Safari/537.36"
103.160.213.66 - - [21/Jul/2026:23:37:37 +0000] "POST /xmlrpc.php HTTP/1.1" 200 401 "-" "Mozilla/5.0 (Windows NT 10.0; Win64; x64) AppleWebKit/537.36 (KHTML, like Gecko) Chrome/95.0.4638.69 Safari/537.36"
103.160.213.66 - - [21/Jul/2026:23:37:39 +0000] "POST /xmlrpc.php HTTP/1.1" 200 401 "-" "Mozilla/5.0 (Windows NT 10.0; Win64; x64) AppleWebKit/537.36 (KHTML, like Gecko) Chrome/95.0.4638.69 Safari/537.36"
103.160.213.66 - - [21/Jul/2026:23:37:40 +0000] "POST /xmlrpc.php HTTP/1.1" 200 401 "-" "Mozilla/5.0 (Windows NT 10.0; Win64; x64) AppleWebKit/537.36 (KHTML, like Gecko) Chrome/95.0.4638.69 Safari/537.36"
103.160.213.66 - - [21/Jul/2026:23:37:41 +0000] "POST /xmlrpc.php HTTP/1.1" 200 401 "-" "Mozilla/5.0 (Windows NT 10.0; Win64; x64) AppleWebKit/537.36 (KHTML, like Gecko) Chrome/95.0.4638.69 Safari/537.36"
103.160.213.66 - - [21/Jul/2026:23:37:42 +0000] "POST /xmlrpc.php HTTP/1.1" 200 401 "-" "Mozilla/5.0 (Windows NT 10.0; Win64; x64) AppleWebKit/537.36 (KHTML, like Gecko) Chrome/95.0.4638.69 Safari/537.36"
103.160.213.66 - - [21/Jul/2026:23:37:44 +0000] "POST /xmlrpc.php HTTP/1.1" 200 401 "-" "Mozilla/5.0 (Windows NT 10.0; Win64; x64) AppleWebKit/537.36 (KHTML, like Gecko) Chrome/95.0.4638.69 Safari/537.36"
103.160.213.66 - - [21/Jul/2026:23:37:45 +0000] "POST /xmlrpc.php HTTP/1.1" 200 401 "-" "Mozilla/5.0 (Windows NT 10.0; Win64; x64) AppleWebKit/537.36 (KHTML, like Gecko) Chrome/95.0.4638.69 Safari/537.36"
103.160.213.66 - - [21/Jul/2026:23:37:47 +0000] "POST /xmlrpc.php HTTP/1.1" 200 401 "-" "Mozilla/5.0 (Windows NT 10.0; Win64; x64) AppleWebKit/537.36 (KHTML, like Gecko) Chrome/95.0.4638.69 Safari/537.36"
103.160.213.66 - - [21/Jul/2026:23:37:49 +0000] "POST /xmlrpc.php HTTP/1.1" 200 401 "-" "Mozilla/5.0 (Windows NT 10.0; Win64; x64) AppleWebKit/537.36 (KHTML, like Gecko) Chrome/95.0.4638.69 Safari/537.36"
103.160.213.66 - - [21/Jul/2026:23:37:50 +0000] "POST /xmlrpc.php HTTP/1.1" 200 401 "-" "Mozilla/5.0 (Windows NT 10.0; Win64; x64) AppleWebKit/537.36 (KHTML, like Gecko) Chrome/95.0.4638.69 Safari/537.36"
103.160.213.66 - - [21/Jul/2026:23:37:51 +0000] "POST /xmlrpc.php HTTP/1.1" 200 401 "-" "Mozilla/5.0 (Windows NT 10.0; Win64; x64) AppleWebKit/537.36 (KHTML, like Gecko) Chrome/95.0.4638.69 Safari/537.36"
103.160.213.66 - - [21/Jul/2026:23:37:52 +0000] "POST /xmlrpc.php HTTP/1.1" 200 401 "-" "Mozilla/5.0 (Windows NT 10.0; Win64; x64) AppleWebKit/537.36 (KHTML, like Gecko) Chrome/95.0.4638.69 Safari/537.36"
103.160.213.66 - - [21/Jul/2026:23:37:53 +0000] "POST /xmlrpc.php HTTP/1.1" 200 401 "-" "Mozilla/5.0 (Windows NT 10.0; Win64; x64) AppleWebKit/537.36 (KHTML, like Gecko) Chrome/95.0.4638.69 Safari/537.36"
103.160.213.66 - - [21/Jul/2026:23:37:55 +0000] "POST /xmlrpc.php HTTP/1.1" 200 401 "-" "Mozilla/5.0 (Windows NT 10.0; Win64; x64) AppleWebKit/537.36 (KHTML, like Gecko) Chrome/95.0.4638.69 Safari/537.36"
103.160.213.66 - - [21/Jul/2026:23:37:56 +0000] "POST /xmlrpc.php HTTP/1.1" 200 401 "-" "Mozilla/5.0 (Windows NT 10.0; Win64; x64) AppleWebKit/537.36 (KHTML, like Gecko) Chrome/95.0.4638.69 Safari/537.36"
103.160.213.66 - - [21/Jul/2026:23:37:57 +0000] "POST /xmlrpc.php HTTP/1.1" 200 401 "-" "Mozilla/5.0 (Windows NT 10.0; Win64; x64) AppleWebKit/537.36 (KHTML, like Gecko) Chrome/95.0.4638.69 Safari/537.36"
103.160.213.66 - - [21/Jul/2026:23:37:59 +0000] "POST /xmlrpc.php HTTP/1.1" 200 401 "-" "Mozilla/5.0 (Windows NT 10.0; Win64; x64) AppleWebKit/537.36 (KHTML, like Gecko) Chrome/95.0.4638.69 Safari/537.36"
103.160.213.66 - - [21/Jul/2026:23:38:01 +0000] "POST /xmlrpc.php HTTP/1.1" 200 401 "-" "Mozilla/5.0 (Windows NT 10.0; Win64; x64) AppleWebKit/537.36 (KHTML, like Gecko) Chrome/95.0.4638.69 Safari/537.36"
103.160.213.66 - - [21/Jul/2026:23:38:02 +0000] "POST /xmlrpc.php HTTP/1.1" 200 401 "-" "Mozilla/5.0 (Windows NT 10.0; Win64; x64) AppleWebKit/537.36 (KHTML, like Gecko) Chrome/95.0.4638.69 Safari/537.36"
103.160.213.66 - - [21/Jul/2026:23:38:04 +0000] "POST /xmlrpc.php HTTP/1.1" 200 401 "-" "Mozilla/5.0 (Windows NT 10.0; Win64; x64) AppleWebKit/537.36 (KHTML, like Gecko) Chrome/95.0.4638.69 Safari/537.36"
103.160.213.66 - - [21/Jul/2026:23:38:06 +0000] "POST /xmlrpc.php HTTP/1.1" 200 401 "-" "Mozilla/5.0 (Windows NT 10.0; Win64; x64) AppleWebKit/537.36 (KHTML, like Gecko) Chrome/95.0.4638.69 Safari/537.36"
103.160.213.66 - - [21/Jul/2026:23:38:07 +0000] "POST /xmlrpc.php HTTP/1.1" 200 401 "-" "Mozilla/5.0 (Windows NT 10.0; Win64; x64) AppleWebKit/537.36 (KHTML, like Gecko) Chrome/95.0.4638.69 Safari/537.36"
103.160.213.66 - - [21/Jul/2026:23:38:08 +0000] "POST /xmlrpc.php HTTP/1.1" 200 401 "-" "Mozilla/5.0 (Windows NT 10.0; Win64; x64) AppleWebKit/537.36 (KHTML, like Gecko) Chrome/95.0.4638.69 Safari/537.36"
103.160.213.66 - - [21/Jul/2026:23:38:10 +0000] "POST /xmlrpc.php HTTP/1.1" 200 401 "-" "Mozilla/5.0 (Windows NT 10.0; Win64; x64) AppleWebKit/537.36 (KHTML, like Gecko) Chrome/95.0.4638.69 Safari/537.36"
103.160.213.66 - - [21/Jul/2026:23:38:12 +0000] "POST /xmlrpc.php HTTP/1.1" 200 401 "-" "Mozilla/5.0 (Windows NT 10.0; Win64; x64) AppleWebKit/537.36 (KHTML, like Gecko) Chrome/95.0.4638.69 Safari/537.36"
103.160.213.66 - - [21/Jul/2026:23:38:13 +0000] "POST /xmlrpc.php HTTP/1.1" 200 401 "-" "Mozilla/5.0 (Windows NT 10.0; Win64; x64) AppleWebKit/537.36 (KHTML, like Gecko) Chrome/95.0.4638.69 Safari/537.36"
103.160.213.66 - - [21/Jul/2026:23:38:15 +0000] "POST /xmlrpc.php HTTP/1.1" 200 401 "-" "Mozilla/5.0 (Windows NT 10.0; Win64; x64) AppleWebKit/537.36 (KHTML, like Gecko) Chrome/95.0.4638.69 Safari/537.36"
103.160.213.66 - - [21/Jul/2026:23:38:17 +0000] "POST /xmlrpc.php HTTP/1.1" 200 401 "-" "Mozilla/5.0 (Windows NT 10.0; Win64; x64) AppleWebKit/537.36 (KHTML, like Gecko) Chrome/95.0.4638.69 Safari/537.36"
103.160.213.66 - - [21/Jul/2026:23:38:19 +0000] "POST /xmlrpc.php HTTP/1.1" 200 401 "-" "Mozilla/5.0 (Windows NT 10.0; Win64; x64) AppleWebKit/537.36 (KHTML, like Gecko) Chrome/95.0.4638.69 Safari/537.36"
103.160.213.66 - - [21/Jul/2026:23:38:21 +0000] "POST /xmlrpc.php HTTP/1.1" 200 401 "-" "Mozilla/5.0 (Windows NT 10.0; Win64; x64) AppleWebKit/537.36 (KHTML, like Gecko) Chrome/95.0.4638.69 Safari/537.36"
103.160.213.66 - - [21/Jul/2026:23:38:22 +0000] "POST /xmlrpc.php HTTP/1.1" 200 401 "-" "Mozilla/5.0 (Windows NT 10.0; Win64; x64) AppleWebKit/537.36 (KHTML, like Gecko) Chrome/95.0.4638.69 Safari/537.36"
103.160.213.66 - - [21/Jul/2026:23:38:24 +0000] "POST /xmlrpc.php HTTP/1.1" 200 401 "-" "Mozilla/5.0 (Windows NT 10.0; Win64; x64) AppleWebKit/537.36 (KHTML, like Gecko) Chrome/95.0.4638.69 Safari/537.36"
103.160.213.66 - - [21/Jul/2026:23:38:26 +0000] "POST /xmlrpc.php HTTP/1.1" 200 401 "-" "Mozilla/5.0 (Windows NT 10.0; Win64; x64) AppleWebKit/537.36 (KHTML, like Gecko) Chrome/95.0.4638.69 Safari/537.36"
103.160.213.66 - - [21/Jul/2026:23:38:27 +0000] "POST /xmlrpc.php HTTP/1.1" 200 401 "-" "Mozilla/5.0 (Windows NT 10.0; Win64; x64) AppleWebKit/537.36 (KHTML, like Gecko) Chrome/95.0.4638.69 Safari/537.36"
103.160.213.66 - - [21/Jul/2026:23:38:29 +0000] "POST /xmlrpc.php HTTP/1.1" 200 401 "-" "Mozilla/5.0 (Windows NT 10.0; Win64; x64) AppleWebKit/537.36 (KHTML, like Gecko) Chrome/95.0.4638.69 Safari/537.36"
103.160.213.66 - - [21/Jul/2026:23:38:29 +0000] "POST /xmlrpc.php HTTP/1.1" 200 401 "-" "Mozilla/5.0 (Windows NT 10.0; Win64; x64) AppleWebKit/537.36 (KHTML, like Gecko) Chrome/95.0.4638.69 Safari/537.36"
103.160.213.66 - - [21/Jul/2026:23:38:31 +0000] "POST /xmlrpc.php HTTP/1.1" 200 401 "-" "Mozilla/5.0 (Windows NT 10.0; Win64; x64) AppleWebKit/537.36 (KHTML, like Gecko) Chrome/95.0.4638.69 Safari/537.36"
103.160.213.66 - - [21/Jul/2026:23:38:32 +0000] "POST /xmlrpc.php HTTP/1.1" 200 401 "-" "Mozilla/5.0 (Windows NT 10.0; Win64; x64) AppleWebKit/537.36 (KHTML, like Gecko) Chrome/95.0.4638.69 Safari/537.36"
103.160.213.66 - - [21/Jul/2026:23:38:33 +0000] "POST /xmlrpc.php HTTP/1.1" 200 401 "-" "Mozilla/5.0 (Windows NT 10.0; Win64; x64) AppleWebKit/537.36 (KHTML, like Gecko) Chrome/95.0.4638.69 Safari/537.36"
103.160.213.66 - - [21/Jul/2026:23:38:35 +0000] "POST /xmlrpc.php HTTP/1.1" 200 401 "-" "Mozilla/5.0 (Windows NT 10.0; Win64; x64) AppleWebKit/537.36 (KHTML, like Gecko) Chrome/95.0.4638.69 Safari/537.36"
103.160.213.66 - - [21/Jul/2026:23:38:36 +0000] "POST /xmlrpc.php HTTP/1.1" 200 401 "-" "Mozilla/5.0 (Windows NT 10.0; Win64; x64) AppleWebKit/537.36 (KHTML, like Gecko) Chrome/95.0.4638.69 Safari/537.36"
103.160.213.66 - - [21/Jul/2026:23:38:38 +0000] "POST /xmlrpc.php HTTP/1.1" 200 401 "-" "Mozilla/5.0 (Windows NT 10.0; Win64; x64) AppleWebKit/537.36 (KHTML, like Gecko) Chrome/95.0.4638.69 Safari/537.36"
103.160.213.66 - - [21/Jul/2026:23:38:39 +0000] "POST /xmlrpc.php HTTP/1.1" 200 401 "-" "Mozilla/5.0 (Windows NT 10.0; Win64; x64) AppleWebKit/537.36 (KHTML, like Gecko) Chrome/95.0.4638.69 Safari/537.36"
103.160.213.66 - - [21/Jul/2026:23:38:40 +0000] "POST /xmlrpc.php HTTP/1.1" 200 401 "-" "Mozilla/5.0 (Windows NT 10.0; Win64; x64) AppleWebKit/537.36 (KHTML, like Gecko) Chrome/95.0.4638.69 Safari/537.36"
103.160.213.66 - - [21/Jul/2026:23:38:42 +0000] "POST /xmlrpc.php HTTP/1.1" 200 401 "-" "Mozilla/5.0 (Windows NT 10.0; Win64; x64) AppleWebKit/537.36 (KHTML, like Gecko) Chrome/95.0.4638.69 Safari/537.36"
103.160.213.66 - - [21/Jul/2026:23:38:43 +0000] "POST /xmlrpc.php HTTP/1.1" 200 401 "-" "Mozilla/5.0 (Windows NT 10.0; Win64; x64) AppleWebKit/537.36 (KHTML, like Gecko) Chrome/95.0.4638.69 Safari/537.36"
103.160.213.66 - - [21/Jul/2026:23:38:44 +0000] "POST /xmlrpc.php HTTP/1.1" 200 401 "-" "Mozilla/5.0 (Windows NT 10.0; Win64; x64) AppleWebKit/537.36 (KHTML, like Gecko) Chrome/95.0.4638.69 Safari/537.36"
103.160.213.66 - - [21/Jul/2026:23:38:46 +0000] "POST /xmlrpc.php HTTP/1.1" 200 401 "-" "Mozilla/5.0 (Windows NT 10.0; Win64; x64) AppleWebKit/537.36 (KHTML, like Gecko) Chrome/95.0.4638.69 Safari/537.36"
103.160.213.66 - - [21/Jul/2026:23:38:48 +0000] "POST /xmlrpc.php HTTP/1.1" 200 401 "-" "Mozilla/5.0 (Windows NT 10.0; Win64; x64) AppleWebKit/537.36 (KHTML, like Gecko) Chrome/95.0.4638.69 Safari/537.36"
103.160.213.66 - - [21/Jul/2026:23:38:49 +0000] "POST /xmlrpc.php HTTP/1.1" 200 401 "-" "Mozilla/5.0 (Windows NT 10.0; Win64; x64) AppleWebKit/537.36 (KHTML, like Gecko) Chrome/95.0.4638.69 Safari/537.36"
103.160.213.66 - - [21/Jul/2026:23:38:51 +0000] "POST /xmlrpc.php HTTP/1.1" 200 401 "-" "Mozilla/5.0 (Windows NT 10.0; Win64; x64) AppleWebKit/537.36 (KHTML, like Gecko) Chrome/95.0.4638.69 Safari/537.36"
103.160.213.66 - - [21/Jul/2026:23:38:52 +0000] "POST /xmlrpc.php HTTP/1.1" 200 401 "-" "Mozilla/5.0 (Windows NT 10.0; Win64; x64) AppleWebKit/537.36 (KHTML, like Gecko) Chrome/95.0.4638.69 Safari/537.36"
103.160.213.66 - - [21/Jul/2026:23:38:54 +0000] "POST /xmlrpc.php HTTP/1.1" 200 401 "-" "Mozilla/5.0 (Windows NT 10.0; Win64; x64) AppleWebKit/537.36 (KHTML, like Gecko) Chrome/95.0.4638.69 Safari/537.36"
63.141.250.58 - - [22/Jul/2026:00:49:22 +0000] "GET /index.php?params=1 HTTP/1.1" 301 - "-" "Mozilla/5.0 (Windows NT 10.0; Win64; x64) AppleWebKit/537.36 (KHTML, like Gecko) Chrome/131.0.0.0 Safari/537.36"
63.141.250.58 - - [22/Jul/2026:00:49:24 +0000] "GET /?params=1 HTTP/1.1" 200 31069 "-" "Mozilla/5.0 (Windows NT 10.0; Win64; x64) AppleWebKit/537.36 (KHTML, like Gecko) Chrome/131.0.0.0 Safari/537.36"
63.141.250.58 - - [22/Jul/2026:00:50:46 +0000] "GET /index.php?params=1 HTTP/1.1" 301 - "-" "Mozilla/5.0 (Windows NT 10.0; Win64; x64) AppleWebKit/537.36 (KHTML, like Gecko) Chrome/131.0.0.0 Safari/537.36"
63.141.250.58 - - [22/Jul/2026:00:50:49 +0000] "GET /?params=1 HTTP/1.1" 200 31069 "-" "Mozilla/5.0 (Windows NT 10.0; Win64; x64) AppleWebKit/537.36 (KHTML, like Gecko) Chrome/131.0.0.0 Safari/537.36"
43.135.142.7 - - [22/Jul/2026:01:11:09 +0000] "GET / HTTP/1.1" 200 31069 "-" "Mozilla/5.0 (iPhone; CPU iPhone OS 13_2_3 like Mac OS X) AppleWebKit/605.1.15 (KHTML, like Gecko) Version/13.0.3 Mobile/15E148 Safari/604.1"
104.23.172.82 - - [22/Jul/2026:01:29:08 +0000] "GET /wp-admin/install.php?step=1 HTTP/1.1" 404 78632 "-" "http://doublegstextbooks.shop/wp-admin/install.php?step=1"
198.177.124.148 - - [22/Jul/2026:02:18:11 +0000] "POST /wp-cron.php?doing_wp_cron=1784686691.2782471179962158203125 HTTP/1.1" 200 - "-" "WordPress/7.0.2; https://doublegstextbooks.shop"
185.177.72.100 - - [22/Jul/2026:02:18:09 +0000] "GET /wp-json/gravitysmtp/v1/tests/mock-data?page=gravitysmtp-settings HTTP/1.1" 404 114 "-" "curl/8.7.1"
185.177.72.100 - - [22/Jul/2026:02:18:11 +0000] "GET / HTTP/1.1" 200 31069 "-" "curl/8.7.1"
185.177.72.100 - - [22/Jul/2026:02:18:12 +0000] "GET /admin HTTP/1.1" 302 - "-" "curl/8.7.1"
43.135.211.148 - - [22/Jul/2026:02:19:19 +0000] "GET / HTTP/1.1" 200 31069 "-" "Mozilla/5.0 (iPhone; CPU iPhone OS 13_2_3 like Mac OS X) AppleWebKit/605.1.15 (KHTML, like Gecko) Version/13.0.3 Mobile/15E148 Safari/604.1"
43.140.247.223 - - [22/Jul/2026:02:42:14 +0000] "GET / HTTP/1.1" 200 31069 "-" "Mozilla/5.0 (iPhone; CPU iPhone OS 13_2_3 like Mac OS X) AppleWebKit/605.1.15 (KHTML, like Gecko) Version/13.0.3 Mobile/15E148 Safari/604.1"
104.23.221.64 - - [22/Jul/2026:03:11:34 +0000] "GET /wp-admin/install.php?step=1 HTTP/1.1" 404 78619 "-" "http://doublegstextbooks.shop/wp-admin/install.php?step=1"
185.177.72.100 - - [22/Jul/2026:03:28:08 +0000] "POST / HTTP/1.1" 200 31069 "-" "Mozilla/5.0 (Windows NT 10.0; Win64; x64) AppleWebKit/537.36"
185.177.72.100 - - [22/Jul/2026:03:28:10 +0000] "POST / HTTP/1.1" 200 31069 "-" "Mozilla/5.0 (Windows NT 10.0; Win64; x64) AppleWebKit/537.36"
185.177.72.100 - - [22/Jul/2026:03:28:11 +0000] "POST /_next HTTP/1.1" 404 78619 "-" "Mozilla/5.0 (Windows NT 10.0; Win64; x64) AppleWebKit/537.36"
185.177.72.100 - - [22/Jul/2026:03:28:12 +0000] "POST /api HTTP/1.1" 404 78619 "-" "Mozilla/5.0 (Windows NT 10.0; Win64; x64) AppleWebKit/537.36"
185.177.72.100 - - [22/Jul/2026:03:28:14 +0000] "POST /api/auth HTTP/1.1" 404 78619 "-" "Mozilla/5.0 (Windows NT 10.0; Win64; x64) AppleWebKit/537.36"
185.177.72.100 - - [22/Jul/2026:03:28:15 +0000] "POST /api/auth/callback HTTP/1.1" 404 78619 "-" "Mozilla/5.0 (Windows NT 10.0; Win64; x64) AppleWebKit/537.36"
185.177.72.100 - - [22/Jul/2026:03:28:16 +0000] "POST /api/auth/session HTTP/1.1" 404 78619 "-" "Mozilla/5.0 (Windows NT 10.0; Win64; x64) AppleWebKit/537.36"
185.177.72.100 - - [22/Jul/2026:03:28:18 +0000] "POST /_rsc HTTP/1.1" 404 78619 "-" "Mozilla/5.0 (Windows NT 10.0; Win64; x64) AppleWebKit/537.36"
185.177.72.100 - - [22/Jul/2026:03:28:19 +0000] "POST /__rsc HTTP/1.1" 404 78619 "-" "Mozilla/5.0 (Windows NT 10.0; Win64; x64) AppleWebKit/537.36"
185.177.72.100 - - [22/Jul/2026:03:28:21 +0000] "POST /.action HTTP/1.1" 404 78619 "-" "Mozilla/5.0 (Windows NT 10.0; Win64; x64) AppleWebKit/537.36"
185.177.72.100 - - [22/Jul/2026:03:28:22 +0000] "POST /__nextjs_action HTTP/1.1" 404 78619 "-" "Mozilla/5.0 (Windows NT 10.0; Win64; x64) AppleWebKit/537.36"
185.177.72.100 - - [22/Jul/2026:03:28:24 +0000] "POST /_middleware HTTP/1.1" 404 78619 "-" "Mozilla/5.0 (Windows NT 10.0; Win64; x64) AppleWebKit/537.36"
185.177.72.100 - - [22/Jul/2026:03:28:25 +0000] "POST /_next/image HTTP/1.1" 404 78619 "-" "Mozilla/5.0 (Windows NT 10.0; Win64; x64) AppleWebKit/537.36"
185.177.72.100 - - [22/Jul/2026:03:28:27 +0000] "POST /RSC/jvx07jwnnc9yk9w.txt HTTP/1.1" 404 78619 "-" "Mozilla/5.0 (Windows NT 10.0; Win64; x64) AppleWebKit/537.36"
185.177.72.100 - - [22/Jul/2026:03:28:28 +0000] "POST /RSC/R/8a1dj70c6sb1sqy.txt HTTP/1.1" 404 78619 "-" "Mozilla/5.0 (Windows NT 10.0; Win64; x64) AppleWebKit/537.36"
185.177.72.100 - - [22/Jul/2026:03:28:30 +0000] "POST /vendor/phpunit/phpunit/src/Util/PHP/eval-stdin.php HTTP/1.1" 404 78619 "-" "curl/8.7.1"
185.177.72.100 - - [22/Jul/2026:03:28:31 +0000] "POST /vendor/phpunit/phpunit/Util/PHP/eval-stdin.php HTTP/1.1" 404 78619 "-" "curl/8.7.1"
185.177.72.100 - - [22/Jul/2026:03:28:33 +0000] "POST /laravel/vendor/phpunit/phpunit/src/Util/PHP/eval-stdin.php HTTP/1.1" 404 78619 "-" "curl/8.7.1"
185.177.72.100 - - [22/Jul/2026:03:28:34 +0000] "POST /yii/vendor/phpunit/phpunit/src/Util/PHP/eval-stdin.php HTTP/1.1" 404 78619 "-" "curl/8.7.1"
185.177.72.100 - - [22/Jul/2026:03:28:35 +0000] "POST /zend/vendor/phpunit/phpunit/src/Util/PHP/eval-stdin.php HTTP/1.1" 404 78619 "-" "curl/8.7.1"
185.177.72.100 - - [22/Jul/2026:03:28:36 +0000] "POST /lib/vendor/phpunit/phpunit/src/Util/PHP/eval-stdin.php HTTP/1.1" 404 78619 "-" "curl/8.7.1"
185.177.72.56 - - [22/Jul/2026:03:40:07 +0000] "GET /wp-includes/js/dist/script-modules/block-library/navigation/view.min.js HTTP/1.1" 200 3053 "-" "curl/8.7.1"
185.177.72.56 - - [22/Jul/2026:03:40:07 +0000] "POST / HTTP/1.1" 200 31069 "-" "Mozilla/5.0 (Windows NT 10.0; Win64; x64) AppleWebKit/537.36"
185.177.72.56 - - [22/Jul/2026:03:40:09 +0000] "POST / HTTP/1.1" 200 31069 "-" "Mozilla/5.0 (Windows NT 10.0; Win64; x64) AppleWebKit/537.36"
185.177.72.56 - - [22/Jul/2026:03:40:11 +0000] "POST /_next HTTP/1.1" 404 78619 "-" "Mozilla/5.0 (Windows NT 10.0; Win64; x64) AppleWebKit/537.36"
185.177.72.56 - - [22/Jul/2026:03:40:13 +0000] "POST /api HTTP/1.1" 404 78619 "-" "Mozilla/5.0 (Windows NT 10.0; Win64; x64) AppleWebKit/537.36"
185.177.72.56 - - [22/Jul/2026:03:40:15 +0000] "POST /api/auth HTTP/1.1" 404 78619 "-" "Mozilla/5.0 (Windows NT 10.0; Win64; x64) AppleWebKit/537.36"
185.177.72.56 - - [22/Jul/2026:03:40:17 +0000] "POST /api/auth/callback HTTP/1.1" 404 78619 "-" "Mozilla/5.0 (Windows NT 10.0; Win64; x64) AppleWebKit/537.36"
185.177.72.56 - - [22/Jul/2026:03:40:19 +0000] "POST /api/auth/session HTTP/1.1" 404 78619 "-" "Mozilla/5.0 (Windows NT 10.0; Win64; x64) AppleWebKit/537.36"
185.177.72.56 - - [22/Jul/2026:03:40:21 +0000] "POST /_rsc HTTP/1.1" 404 78619 "-" "Mozilla/5.0 (Windows NT 10.0; Win64; x64) AppleWebKit/537.36"
185.177.72.56 - - [22/Jul/2026:03:40:23 +0000] "POST /__rsc HTTP/1.1" 404 78619 "-" "Mozilla/5.0 (Windows NT 10.0; Win64; x64) AppleWebKit/537.36"
185.177.72.56 - - [22/Jul/2026:03:40:25 +0000] "POST /.action HTTP/1.1" 404 78619 "-" "Mozilla/5.0 (Windows NT 10.0; Win64; x64) AppleWebKit/537.36"
185.177.72.56 - - [22/Jul/2026:03:40:26 +0000] "POST /__nextjs_action HTTP/1.1" 404 78619 "-" "Mozilla/5.0 (Windows NT 10.0; Win64; x64) AppleWebKit/537.36"
185.177.72.56 - - [22/Jul/2026:03:40:28 +0000] "POST /_middleware HTTP/1.1" 404 78619 "-" "Mozilla/5.0 (Windows NT 10.0; Win64; x64) AppleWebKit/537.36"
185.177.72.56 - - [22/Jul/2026:03:40:30 +0000] "POST /_next/image HTTP/1.1" 404 78619 "-" "Mozilla/5.0 (Windows NT 10.0; Win64; x64) AppleWebKit/537.36"
185.177.72.56 - - [22/Jul/2026:03:40:32 +0000] "POST /RSC/z75hzjc97nlk327.txt HTTP/1.1" 404 78619 "-" "Mozilla/5.0 (Windows NT 10.0; Win64; x64) AppleWebKit/537.36"
185.177.72.56 - - [22/Jul/2026:03:40:33 +0000] "POST /RSC/R/imj9yapda800w0a.txt HTTP/1.1" 404 78619 "-" "Mozilla/5.0 (Windows NT 10.0; Win64; x64) AppleWebKit/537.36"
185.177.72.56 - - [22/Jul/2026:03:40:35 +0000] "POST /vendor/phpunit/phpunit/src/Util/PHP/eval-stdin.php HTTP/1.1" 404 78619 "-" "curl/8.7.1"
185.177.72.56 - - [22/Jul/2026:03:40:37 +0000] "POST /vendor/phpunit/phpunit/Util/PHP/eval-stdin.php HTTP/1.1" 404 78619 "-" "curl/8.7.1"
185.177.72.56 - - [22/Jul/2026:03:40:39 +0000] "POST /laravel/vendor/phpunit/phpunit/src/Util/PHP/eval-stdin.php HTTP/1.1" 404 78619 "-" "curl/8.7.1"
185.177.72.56 - - [22/Jul/2026:03:40:41 +0000] "POST /yii/vendor/phpunit/phpunit/src/Util/PHP/eval-stdin.php HTTP/1.1" 404 78619 "-" "curl/8.7.1"
185.177.72.56 - - [22/Jul/2026:03:40:43 +0000] "POST /zend/vendor/phpunit/phpunit/src/Util/PHP/eval-stdin.php HTTP/1.1" 404 78619 "-" "curl/8.7.1"
185.177.72.56 - - [22/Jul/2026:03:40:44 +0000] "POST /lib/vendor/phpunit/phpunit/src/Util/PHP/eval-stdin.php HTTP/1.1" 404 78619 "-" "curl/8.7.1"
185.177.72.100 - - [22/Jul/2026:03:49:45 +0000] "GET /wp-includes/js/dist/script-modules/block-library/navigation/view.min.js HTTP/1.1" 200 3053 "-" "curl/8.7.1"
185.177.72.100 - - [22/Jul/2026:03:49:45 +0000] "POST / HTTP/1.1" 200 31069 "-" "Mozilla/5.0 (Windows NT 10.0; Win64; x64) AppleWebKit/537.36"
185.177.72.100 - - [22/Jul/2026:03:49:46 +0000] "POST / HTTP/1.1" 200 31069 "-" "Mozilla/5.0 (Windows NT 10.0; Win64; x64) AppleWebKit/537.36"
185.177.72.100 - - [22/Jul/2026:03:49:47 +0000] "POST /_next HTTP/1.1" 404 78619 "-" "Mozilla/5.0 (Windows NT 10.0; Win64; x64) AppleWebKit/537.36"
185.177.72.100 - - [22/Jul/2026:03:49:48 +0000] "POST /api HTTP/1.1" 404 78619 "-" "Mozilla/5.0 (Windows NT 10.0; Win64; x64) AppleWebKit/537.36"
185.177.72.100 - - [22/Jul/2026:03:49:49 +0000] "POST /api/auth HTTP/1.1" 404 78619 "-" "Mozilla/5.0 (Windows NT 10.0; Win64; x64) AppleWebKit/537.36"
185.177.72.100 - - [22/Jul/2026:03:49:50 +0000] "POST /api/auth/callback HTTP/1.1" 404 78619 "-" "Mozilla/5.0 (Windows NT 10.0; Win64; x64) AppleWebKit/537.36"
185.177.72.100 - - [22/Jul/2026:03:49:51 +0000] "POST /api/auth/session HTTP/1.1" 404 78619 "-" "Mozilla/5.0 (Windows NT 10.0; Win64; x64) AppleWebKit/537.36"
185.177.72.100 - - [22/Jul/2026:03:49:53 +0000] "POST /_rsc HTTP/1.1" 404 78619 "-" "Mozilla/5.0 (Windows NT 10.0; Win64; x64) AppleWebKit/537.36"
185.177.72.100 - - [22/Jul/2026:03:49:54 +0000] "POST /__rsc HTTP/1.1" 404 78619 "-" "Mozilla/5.0 (Windows NT 10.0; Win64; x64) AppleWebKit/537.36"
185.177.72.100 - - [22/Jul/2026:03:49:55 +0000] "POST /.action HTTP/1.1" 404 78619 "-" "Mozilla/5.0 (Windows NT 10.0; Win64; x64) AppleWebKit/537.36"
185.177.72.100 - - [22/Jul/2026:03:49:56 +0000] "POST /__nextjs_action HTTP/1.1" 404 78619 "-" "Mozilla/5.0 (Windows NT 10.0; Win64; x64) AppleWebKit/537.36"
185.177.72.100 - - [22/Jul/2026:03:49:57 +0000] "POST /_middleware HTTP/1.1" 404 78619 "-" "Mozilla/5.0 (Windows NT 10.0; Win64; x64) AppleWebKit/537.36"
185.177.72.100 - - [22/Jul/2026:03:49:58 +0000] "POST /_next/image HTTP/1.1" 404 78619 "-" "Mozilla/5.0 (Windows NT 10.0; Win64; x64) AppleWebKit/537.36"
185.177.72.100 - - [22/Jul/2026:03:49:59 +0000] "POST /RSC/da8c198j2lu1t7n.txt HTTP/1.1" 404 78619 "-" "Mozilla/5.0 (Windows NT 10.0; Win64; x64) AppleWebKit/537.36"
185.177.72.100 - - [22/Jul/2026:03:50:00 +0000] "POST /RSC/R/myfvbh44q3xu17a.txt HTTP/1.1" 404 78619 "-" "Mozilla/5.0 (Windows NT 10.0; Win64; x64) AppleWebKit/537.36"
185.177.72.100 - - [22/Jul/2026:03:50:01 +0000] "POST /vendor/phpunit/phpunit/src/Util/PHP/eval-stdin.php HTTP/1.1" 404 78619 "-" "curl/8.7.1"
185.177.72.100 - - [22/Jul/2026:03:50:03 +0000] "POST /vendor/phpunit/phpunit/Util/PHP/eval-stdin.php HTTP/1.1" 404 78619 "-" "curl/8.7.1"
185.177.72.100 - - [22/Jul/2026:03:50:04 +0000] "POST /laravel/vendor/phpunit/phpunit/src/Util/PHP/eval-stdin.php HTTP/1.1" 404 78619 "-" "curl/8.7.1"
185.177.72.100 - - [22/Jul/2026:03:50:06 +0000] "POST /yii/vendor/phpunit/phpunit/src/Util/PHP/eval-stdin.php HTTP/1.1" 404 78619 "-" "curl/8.7.1"
185.177.72.100 - - [22/Jul/2026:03:50:07 +0000] "POST /zend/vendor/phpunit/phpunit/src/Util/PHP/eval-stdin.php HTTP/1.1" 404 78619 "-" "curl/8.7.1"
185.177.72.100 - - [22/Jul/2026:03:50:08 +0000] "POST /lib/vendor/phpunit/phpunit/src/Util/PHP/eval-stdin.php HTTP/1.1" 404 78619 "-" "curl/8.7.1"
106.75.19.104 - - [22/Jul/2026:04:33:59 +0000] "GET / HTTP/1.1" 200 31069 "-" "Mozilla/5.0 (Macintosh; Intel Mac OS X 9_1) AppleWebKit/562.49 (KHTML, like Gecko) Chrome/102.0.2511 Safari/537.36"
106.75.19.104 - - [22/Jul/2026:04:34:10 +0000] "GET /sitemap.xml HTTP/1.1" 301 - "-" "Go-http-client/1.1"
106.75.19.104 - - [22/Jul/2026:04:34:11 +0000] "GET /robots.txt HTTP/1.1" 200 123 "-" "Go-http-client/1.1"
198.177.124.148 - - [22/Jul/2026:04:52:49 +0000] "POST /wp-cron.php?doing_wp_cron=1784695969.7532849311828613281250 HTTP/1.1" 200 - "-" "WordPress/7.0.2; https://doublegstextbooks.shop"
104.23.223.69 - - [22/Jul/2026:04:52:48 +0000] "GET /wp-admin/install.php?step=1 HTTP/1.1" 404 78619 "-" "http://doublegstextbooks.shop/wp-admin/install.php?step=1"
198.177.124.148 - - [22/Jul/2026:05:48:19 +0000] "POST /wp-cron.php?doing_wp_cron=1784699299.7935149669647216796875 HTTP/1.1" 200 - "-" "WordPress/7.0.2; https://doublegstextbooks.shop"
43.157.174.69 - - [22/Jul/2026:05:48:18 +0000] "GET / HTTP/1.1" 200 31069 "-" "Mozilla/5.0 (iPhone; CPU iPhone OS 13_2_3 like Mac OS X) AppleWebKit/605.1.15 (KHTML, like Gecko) Version/13.0.3 Mobile/15E148 Safari/604.1"
198.177.124.148 - - [22/Jul/2026:06:31:07 +0000] "POST /wp-cron.php?doing_wp_cron=1784701867.2873530387878417968750 HTTP/1.1" 200 - "-" "WordPress/7.0.2; https://doublegstextbooks.shop"
104.23.223.69 - - [22/Jul/2026:06:31:05 +0000] "GET /wp-admin/install.php?step=1 HTTP/1.1" 404 78619 "-" "http://doublegstextbooks.shop/wp-admin/install.php?step=1"
198.177.124.148 - - [22/Jul/2026:08:14:24 +0000] "POST /wp-cron.php?doing_wp_cron=1784708064.6301751136779785156250 HTTP/1.1" 200 - "-" "WordPress/7.0.2; https://doublegstextbooks.shop"
104.23.223.68 - - [22/Jul/2026:08:14:22 +0000] "GET /wp-admin/install.php?step=1 HTTP/1.1" 404 78619 "-" "http://doublegstextbooks.shop/wp-admin/install.php?step=1"
198.177.124.148 - - [22/Jul/2026:09:10:19 +0000] "POST /wp-cron.php?doing_wp_cron=1784711419.3757109642028808593750 HTTP/1.1" 200 - "-" "WordPress/7.0.2; https://doublegstextbooks.shop"
43.153.122.30 - - [22/Jul/2026:09:10:17 +0000] "GET / HTTP/1.1" 200 31069 "-" "Mozilla/5.0 (iPhone; CPU iPhone OS 13_2_3 like Mac OS X) AppleWebKit/605.1.15 (KHTML, like Gecko) Version/13.0.3 Mobile/15E148 Safari/604.1"
172.68.193.203 - - [22/Jul/2026:09:11:31 +0000] "GET /wp-admin/install.php?step=1 HTTP/1.1" 404 78619 "-" "http://doublegstextbooks.shop/wp-admin/install.php?step=1"
198.177.124.148 - - [22/Jul/2026:10:55:23 +0000] "POST /wp-cron.php?doing_wp_cron=1784717723.3213748931884765625000 HTTP/1.1" 200 - "-" "WordPress/7.0.2; https://doublegstextbooks.shop"
172.71.102.132 - - [22/Jul/2026:10:55:21 +0000] "GET /wp-admin/install.php?step=1 HTTP/1.1" 404 78619 "-" "http://doublegstextbooks.shop/wp-admin/install.php?step=1"
198.177.124.148 - - [22/Jul/2026:12:15:13 +0000] "POST /wp-cron.php?doing_wp_cron=1784722512.9932460784912109375000 HTTP/1.1" 200 - "-" "WordPress/7.0.2; https://doublegstextbooks.shop"
49.51.72.76 - - [22/Jul/2026:12:15:09 +0000] "GET / HTTP/1.1" 200 31069 "-" "Mozilla/5.0 (iPhone; CPU iPhone OS 13_2_3 like Mac OS X) AppleWebKit/605.1.15 (KHTML, like Gecko) Version/13.0.3 Mobile/15E148 Safari/604.1"
198.177.124.148 - - [22/Jul/2026:12:38:09 +0000] "POST /wp-cron.php?doing_wp_cron=1784723889.0629599094390869140625 HTTP/1.1" 200 - "-" "WordPress/7.0.2; https://doublegstextbooks.shop"
104.23.217.116 - - [22/Jul/2026:12:38:07 +0000] "GET /wp-admin/install.php?step=1 HTTP/1.1" 404 78619 "-" "http://doublegstextbooks.shop/wp-admin/install.php?step=1"
66.249.72.234 - - [22/Jul/2026:13:07:28 +0000] "GET /robots.txt HTTP/1.1" 200 123 "-" "Mozilla/5.0 (compatible; Googlebot/2.1; +http://www.google.com/bot.html)"
162.14.66.219 - - [22/Jul/2026:13:50:52 +0000] "GET / HTTP/1.1" 200 31069 "-" "Mozilla/5.0 (iPhone; CPU iPhone OS 13_2_3 like Mac OS X) AppleWebKit/605.1.15 (KHTML, like Gecko) Version/13.0.3 Mobile/15E148 Safari/604.1"
172.70.248.40 - - [22/Jul/2026:14:24:13 +0000] "GET /wp-admin/install.php?step=1 HTTP/1.1" 404 78619 "-" "http://doublegstextbooks.shop/wp-admin/install.php?step=1"
198.177.124.148 - - [22/Jul/2026:15:28:16 +0000] "POST /wp-cron.php?doing_wp_cron=1784734096.7809898853302001953125 HTTP/1.1" 200 - "-" "WordPress/7.0.2; https://doublegstextbooks.shop"
43.165.198.144 - - [22/Jul/2026:15:28:14 +0000] "GET / HTTP/1.1" 200 31069 "-" "Mozilla/5.0 (iPhone; CPU iPhone OS 13_2_3 like Mac OS X) AppleWebKit/605.1.15 (KHTML, like Gecko) Version/13.0.3 Mobile/15E148 Safari/604.1"
104.23.223.68 - - [22/Jul/2026:16:06:02 +0000] "GET /wp-admin/install.php?step=1 HTTP/1.1" 404 78619 "-" "http://doublegstextbooks.shop/wp-admin/install.php?step=1"
198.177.124.148 - - [22/Jul/2026:16:32:22 +0000] "POST /wp-cron.php?doing_wp_cron=1784737942.1063759326934814453125 HTTP/1.1" 200 - "-" "WordPress/7.0.2; https://doublegstextbooks.shop"
66.249.72.234 - - [22/Jul/2026:16:32:20 +0000] "GET /robots.txt HTTP/1.1" 200 123 "-" "Mozilla/5.0 (compatible; Googlebot/2.1; +http://www.google.com/bot.html)"
198.177.124.148 - - [22/Jul/2026:17:21:18 +0000] "POST /wp-cron.php?doing_wp_cron=1784740878.7510681152343750000000 HTTP/1.1" 200 - "-" "WordPress/7.0.2; https://doublegstextbooks.shop"
49.12.147.139 - - [22/Jul/2026:17:21:16 +0000] "GET / HTTP/1.1" 200 31069 "-" "Mozilla/5.0 (Macintosh; Intel Mac OS X 10_15_7) AppleWebKit/537.36 (KHTML, like Gecko) Chrome/122.0.0.0 Safari/537.36"
198.177.124.148 - - [22/Jul/2026:17:53:59 +0000] "POST /wp-cron.php?doing_wp_cron=1784742839.2606999874114990234375 HTTP/1.1" 200 - "-" "WordPress/7.0.2; https://doublegstextbooks.shop"
172.70.242.86 - - [22/Jul/2026:17:53:57 +0000] "GET /wp-admin/install.php?step=1 HTTP/1.1" 404 78619 "-" "http://doublegstextbooks.shop/wp-admin/install.php?step=1"
198.177.124.148 - - [22/Jul/2026:18:36:18 +0000] "POST /wp-cron.php?doing_wp_cron=1784745378.1633720397949218750000 HTTP/1.1" 200 - "-" "WordPress/7.0.2; https://doublegstextbooks.shop"
167.172.234.239 - - [22/Jul/2026:18:36:16 +0000] "GET / HTTP/1.1" 200 31069 "-" "Mozilla/5.0 (X11; Linux x86_64; rv:142.0) Gecko/20100101 Firefox/142.0"
43.133.91.48 - - [22/Jul/2026:18:40:20 +0000] "GET / HTTP/1.1" 200 31069 "-" "Mozilla/5.0 (iPhone; CPU iPhone OS 13_2_3 like Mac OS X) AppleWebKit/605.1.15 (KHTML, like Gecko) Version/13.0.3 Mobile/15E148 Safari/604.1"
172.71.144.12 - - [22/Jul/2026:21:32:36 +0000] "GET /wp-admin/install.php?step=1 HTTP/1.1" 404 78619 "-" "http://doublegstextbooks.shop/wp-admin/install.php?step=1"
198.177.124.148 - - [22/Jul/2026:21:56:35 +0000] "POST /wp-cron.php?doing_wp_cron=1784757395.0217308998107910156250 HTTP/1.1" 200 - "-" "WordPress/7.0.2; https://doublegstextbooks.shop"
43.134.93.164 - - [22/Jul/2026:21:56:33 +0000] "GET / HTTP/1.1" 200 31069 "-" "Mozilla/5.0 (iPhone; CPU iPhone OS 13_2_3 like Mac OS X) AppleWebKit/605.1.15 (KHTML, like Gecko) Version/13.0.3 Mobile/15E148 Safari/604.1"
198.177.124.148 - - [22/Jul/2026:22:59:33 +0000] "POST /wp-cron.php?doing_wp_cron=1784761173.1962859630584716796875 HTTP/1.1" 200 - "-" "WordPress/7.0.2; https://doublegstextbooks.shop"
66.249.72.235 - - [22/Jul/2026:22:59:31 +0000] "GET /robots.txt HTTP/1.1" 200 123 "-" "Mozilla/5.0 (compatible; Googlebot/2.1; +http://www.google.com/bot.html)"
66.249.72.235 - - [22/Jul/2026:22:59:57 +0000] "GET / HTTP/1.1" 200 31069 "-" "Mozilla/5.0 (Linux; Android 6.0.1; Nexus 5X Build/MMB29P) AppleWebKit/537.36 (KHTML, like Gecko) Chrome/150.0.7871.128 Mobile Safari/537.36 (compatible; Googlebot/2.1; +http://www.google.com/bot.html)"
66.249.72.233 - - [22/Jul/2026:23:02:24 +0000] "GET / HTTP/1.1" 200 31069 "-" "Mozilla/5.0 (Linux; Android 6.0.1; Nexus 5X Build/MMB29P) AppleWebKit/537.36 (KHTML, like Gecko) Chrome/99.0.4844.84 Mobile Safari/537.36 (compatible; Googlebot/2.1; +http://www.google.com/bot.html)"
66.249.72.234 - - [22/Jul/2026:23:02:34 +0000] "GET / HTTP/1.1" 200 31069 "-" "Mozilla/5.0 (compatible; Googlebot/2.1; +http://www.google.com/bot.html)"
66.249.72.235 - - [22/Jul/2026:23:04:15 +0000] "GET /favicon.ico HTTP/1.1" 302 - "-" "Googlebot-Image/1.0"
104.23.221.64 - - [22/Jul/2026:23:17:08 +0000] "GET /wp-admin/install.php?step=1 HTTP/1.1" 404 78619 "-" "http://doublegstextbooks.shop/wp-admin/install.php?step=1"
198.177.124.148 - - [23/Jul/2026:00:50:44 +0000] "POST /wp-cron.php?doing_wp_cron=1784767844.4108879566192626953125 HTTP/1.1" 200 - "-" "WordPress/7.0.2; https://doublegstextbooks.shop"
129.204.188.64 - - [23/Jul/2026:00:50:42 +0000] "GET / HTTP/1.1" 200 31069 "-" "Mozilla/5.0 (iPhone; CPU iPhone OS 13_2_3 like Mac OS X) AppleWebKit/605.1.15 (KHTML, like Gecko) Version/13.0.3 Mobile/15E148 Safari/604.1"
198.177.124.148 - - [23/Jul/2026:00:59:05 +0000] "POST /wp-cron.php?doing_wp_cron=1784768345.6586759090423583984375 HTTP/1.1" 200 - "-" "WordPress/7.0.2; https://doublegstextbooks.shop"
104.23.223.69 - - [23/Jul/2026:00:59:04 +0000] "GET /wp-admin/install.php?step=1 HTTP/1.1" 404 78619 "-" "http://doublegstextbooks.shop/wp-admin/install.php?step=1"
43.130.131.18 - - [23/Jul/2026:01:12:05 +0000] "GET / HTTP/1.1" 200 31069 "-" "Mozilla/5.0 (iPhone; CPU iPhone OS 13_2_3 like Mac OS X) AppleWebKit/605.1.15 (KHTML, like Gecko) Version/13.0.3 Mobile/15E148 Safari/604.1"
198.177.124.148 - - [23/Jul/2026:01:21:25 +0000] "POST /wp-cron.php?doing_wp_cron=1784769685.0403280258178710937500 HTTP/1.1" 200 - "-" "WordPress/7.0.2; https://doublegstextbooks.shop"
150.109.230.210 - - [23/Jul/2026:01:21:23 +0000] "GET / HTTP/1.1" 200 31069 "-" "Mozilla/5.0 (iPhone; CPU iPhone OS 13_2_3 like Mac OS X) AppleWebKit/605.1.15 (KHTML, like Gecko) Version/13.0.3 Mobile/15E148 Safari/604.1"
198.177.124.148 - - [23/Jul/2026:02:12:24 +0000] "POST /wp-cron.php?doing_wp_cron=1784772743.9875719547271728515625 HTTP/1.1" 200 - "-" "WordPress/7.0.2; https://doublegstextbooks.shop"
172.71.148.29 - - [23/Jul/2026:02:12:22 +0000] "GET /wp-admin/install.php?step=1 HTTP/1.1" 404 78619 "-" "http://doublegstextbooks.shop/wp-admin/install.php?step=1"