HEX
Server: Apache
System: Linux server1.yalehafricanfoods.shop 5.14.0-687.15.1.el9_8.x86_64 #1 SMP PREEMPT_DYNAMIC Thu Jun 11 08:51:45 EDT 2026 x86_64
User: yalenocb (1002)
PHP: 8.1.34
Disabled: NONE
Upload Files
File: /home/yalenocb/access-logs/doradgreatresources.shop.yalehafricanfoods.shop
104.23.221.41 - - [21/Jul/2026:07:30:38 +0000] "GET /wp-admin/install.php?step=1 HTTP/1.1" 200 1439 "-" "http://doradgreatresources.shop/wp-admin/install.php?step=1"
172.71.148.28 - - [21/Jul/2026:07:54:44 +0000] "GET /wp-admin/install.php?step=1 HTTP/1.1" 200 1439 "-" "http://doradgreatresources.shop/wp-admin/install.php?step=1"
193.42.0.80 - - [21/Jul/2026:08:00:49 +0000] "GET / HTTP/1.1" 301 - "-" "Go-http-client/1.1"
45.150.172.138 - - [21/Jul/2026:08:00:48 +0000] "GET / HTTP/1.1" 200 89954 "-" "Go-http-client/1.1"
85.190.233.251 - - [21/Jul/2026:08:00:51 +0000] "GET / HTTP/1.1" 200 89954 "http://www.doradgreatresources.shop" "Go-http-client/1.1"
162.158.183.64 - - [21/Jul/2026:08:04:06 +0000] "GET /wp-admin/install.php?step=1 HTTP/1.1" 200 1439 "-" "http://doradgreatresources.shop/wp-admin/install.php?step=1"
51.158.203.199 - - [21/Jul/2026:08:05:16 +0000] "HEAD / HTTP/1.1" 200 - "-" "python-httpx/0.28.1"
51.158.203.199 - - [21/Jul/2026:08:05:26 +0000] "GET / HTTP/1.1" 200 89954 "-" "Mozilla/5.0 (X11; Linux x86_64) AppleWebKit/537.36 (KHTML, like Gecko) Chrome/134.0.0.0 Safari/537.3"
51.158.203.199 - - [21/Jul/2026:08:05:28 +0000] "GET /wp-includes/blocks/navigation/style.min.css?ver=7.0.2 HTTP/1.1" 200 20709 "http://doradgreatresources.shop/" "Mozilla/5.0 (X11; Linux x86_64) AppleWebKit/537.36 (KHTML, like Gecko) Chrome/134.0.0.0 Safari/537.3"
51.158.203.199 - - [21/Jul/2026:08:05:28 +0000] "GET /wp-includes/js/dist/script-modules/block-library/navigation/view.min.js?ver=96a846e1d7b789c39ab9 HTTP/1.1" 200 3053 "http://doradgreatresources.shop/" "Mozilla/5.0 (X11; Linux x86_64) AppleWebKit/537.36 (KHTML, like Gecko) Chrome/134.0.0.0 Safari/537.3"
51.158.203.199 - - [21/Jul/2026:08:05:28 +0000] "GET /wp-content/themes/twentytwentyfour/assets/images/tourist-and-building.webp HTTP/1.1" 200 66482 "http://doradgreatresources.shop/" "Mozilla/5.0 (X11; Linux x86_64) AppleWebKit/537.36 (KHTML, like Gecko) Chrome/134.0.0.0 Safari/537.3"
51.158.203.199 - - [21/Jul/2026:08:05:28 +0000] "GET /wp-includes/js/dist/script-modules/interactivity/index.min.js?ver=efaa5193bbad9c60ffd1 HTTP/1.1" 200 40106 "http://doradgreatresources.shop/" "Mozilla/5.0 (X11; Linux x86_64) AppleWebKit/537.36 (KHTML, like Gecko) Chrome/134.0.0.0 Safari/537.3"
51.158.203.199 - - [21/Jul/2026:08:05:28 +0000] "GET /wp-content/themes/twentytwentyfour/assets/images/windows.webp HTTP/1.1" 200 126244 "http://doradgreatresources.shop/" "Mozilla/5.0 (X11; Linux x86_64) AppleWebKit/537.36 (KHTML, like Gecko) Chrome/134.0.0.0 Safari/537.3"
51.158.203.199 - - [21/Jul/2026:08:05:28 +0000] "GET /wp-content/themes/twentytwentyfour/assets/fonts/cardo/cardo_normal_400.woff2 HTTP/1.1" 200 146060 "http://doradgreatresources.shop/" "Mozilla/5.0 (X11; Linux x86_64) AppleWebKit/537.36 (KHTML, like Gecko) Chrome/134.0.0.0 Safari/537.3"
51.158.203.199 - - [21/Jul/2026:08:05:28 +0000] "GET /wp-content/themes/twentytwentyfour/assets/images/building-exterior.webp HTTP/1.1" 200 199724 "http://doradgreatresources.shop/" "Mozilla/5.0 (X11; Linux x86_64) AppleWebKit/537.36 (KHTML, like Gecko) Chrome/134.0.0.0 Safari/537.3"
51.158.203.199 - - [21/Jul/2026:08:05:28 +0000] "GET /wp-content/themes/twentytwentyfour/assets/fonts/cardo/cardo_italic_400.woff2 HTTP/1.1" 200 105184 "http://doradgreatresources.shop/" "Mozilla/5.0 (X11; Linux x86_64) AppleWebKit/537.36 (KHTML, like Gecko) Chrome/134.0.0.0 Safari/537.3"
51.158.203.199 - - [21/Jul/2026:08:05:28 +0000] "GET /wp-includes/js/wp-emoji-release.min.js?ver=7.0.2 HTTP/1.1" 200 22752 "http://doradgreatresources.shop/" "Mozilla/5.0 (X11; Linux x86_64) AppleWebKit/537.36 (KHTML, like Gecko) Chrome/134.0.0.0 Safari/537.3"
51.158.203.199 - - [21/Jul/2026:08:05:28 +0000] "GET /wp-content/themes/twentytwentyfour/assets/fonts/inter/Inter-VariableFont_slnt,wght.woff2 HTTP/1.1" 200 326628 "http://doradgreatresources.shop/" "Mozilla/5.0 (X11; Linux x86_64) AppleWebKit/537.36 (KHTML, like Gecko) Chrome/134.0.0.0 Safari/537.3"
51.158.203.199 - - [21/Jul/2026:08:05:29 +0000] "GET /favicon.ico HTTP/1.1" 302 - "http://doradgreatresources.shop/" "Mozilla/5.0 (X11; Linux x86_64) AppleWebKit/537.36 (KHTML, like Gecko) Chrome/134.0.0.0 Safari/537.3"
51.158.203.199 - - [21/Jul/2026:08:05:30 +0000] "GET /wp-includes/images/w-logo-blue-white-bg.png HTTP/1.1" 200 4119 "http://doradgreatresources.shop/" "Mozilla/5.0 (X11; Linux x86_64) AppleWebKit/537.36 (KHTML, like Gecko) Chrome/134.0.0.0 Safari/537.3"
51.158.203.199 - - [21/Jul/2026:08:05:33 +0000] "GET /favicon.ico HTTP/1.1" 302 - "-" "Mozilla/5.0 (X11; Linux x86_64) AppleWebKit/537.36 (KHTML, like Gecko) Chrome/134.0.0.0 Safari/537.3"
51.158.203.199 - - [21/Jul/2026:08:05:34 +0000] "GET /wp-includes/images/w-logo-blue-white-bg.png HTTP/1.1" 200 4119 "-" "Mozilla/5.0 (X11; Linux x86_64) AppleWebKit/537.36 (KHTML, like Gecko) Chrome/134.0.0.0 Safari/537.3"
51.158.203.199 - - [21/Jul/2026:08:05:44 +0000] "GET /ads.txt HTTP/1.1" 404 75516 "-" "Mozilla/5.0 (X11; Linux x86_64) AppleWebKit/537.36 (KHTML, like Gecko) Chrome/134.0.0.0 Safari/537.3"
51.158.203.199 - - [21/Jul/2026:08:05:46 +0000] "GET /app-ads.txt HTTP/1.1" 404 75516 "-" "Mozilla/5.0 (X11; Linux x86_64) AppleWebKit/537.36 (KHTML, like Gecko) Chrome/134.0.0.0 Safari/537.3"
51.158.203.199 - - [21/Jul/2026:08:05:48 +0000] "GET /sellers.json HTTP/1.1" 404 75516 "-" "Mozilla/5.0 (X11; Linux x86_64) AppleWebKit/537.36 (KHTML, like Gecko) Chrome/134.0.0.0 Safari/537.3"
198.177.124.148 - - [21/Jul/2026:08:11:26 +0000] "POST /wp-cron.php?doing_wp_cron=1784621486.8162770271301269531250 HTTP/1.1" 200 - "-" "WordPress/7.0.2; https://doradgreatresources.shop"
172.71.95.124 - - [21/Jul/2026:08:11:25 +0000] "GET /wp-admin/install.php?step=1 HTTP/1.1" 200 1439 "-" "http://doradgreatresources.shop/wp-admin/install.php?step=1"
104.23.217.95 - - [21/Jul/2026:08:34:35 +0000] "GET /wp-admin/install.php?step=1 HTTP/1.1" 200 1439 "-" "http://doradgreatresources.shop/wp-admin/install.php?step=1"
141.101.98.202 - - [21/Jul/2026:08:40:30 +0000] "GET /wp-admin/install.php?step=1 HTTP/1.1" 200 1439 "-" "http://doradgreatresources.shop/wp-admin/install.php?step=1"
66.249.69.166 - - [21/Jul/2026:08:45:13 +0000] "GET /sitemap38.xml HTTP/1.1" 404 75516 "-" "Mozilla/5.0 (compatible; Googlebot/2.1; +http://www.google.com/bot.html)"
172.70.247.44 - - [21/Jul/2026:09:08:17 +0000] "GET /wp-admin/install.php?step=1 HTTP/1.1" 200 1439 "-" "http://doradgreatresources.shop/wp-admin/install.php?step=1"
172.71.144.163 - - [21/Jul/2026:09:13:46 +0000] "GET /wp-admin/install.php?step=1 HTTP/1.1" 200 1439 "-" "http://doradgreatresources.shop/wp-admin/install.php?step=1"
198.177.124.148 - - [21/Jul/2026:09:25:44 +0000] "POST /wp-cron.php?doing_wp_cron=1784625944.1895370483398437500000 HTTP/1.1" 200 - "-" "WordPress/7.0.2; https://doradgreatresources.shop"
43.165.167.69 - - [21/Jul/2026:09:25:42 +0000] "GET / HTTP/1.1" 200 89954 "-" "Mozilla/5.0 (iPhone; CPU iPhone OS 13_2_3 like Mac OS X) AppleWebKit/605.1.15 (KHTML, like Gecko) Version/13.0.3 Mobile/15E148 Safari/604.1"
162.158.94.232 - - [21/Jul/2026:09:38:43 +0000] "GET /wp-admin/install.php?step=1 HTTP/1.1" 200 1439 "-" "http://doradgreatresources.shop/wp-admin/install.php?step=1"
172.71.98.169 - - [21/Jul/2026:09:49:09 +0000] "GET /wp-admin/install.php?step=1 HTTP/1.1" 200 1439 "-" "http://doradgreatresources.shop/wp-admin/install.php?step=1"
104.23.239.40 - - [21/Jul/2026:09:52:00 +0000] "GET /wp-admin/install.php?step=1 HTTP/1.1" 200 1439 "-" "http://doradgreatresources.shop/wp-admin/install.php?step=1"
198.177.124.148 - - [21/Jul/2026:10:02:32 +0000] "GET /.well-known/acme-challenge/V153ZTOVJROG9MBT411K3QZR-WWU4UZG HTTP/1.1" 200 64 "-" "Cpanel-HTTP-Client/1.0"
198.177.124.148 - - [21/Jul/2026:10:02:33 +0000] "GET /.well-known/acme-challenge/T-FEXSTB3ML7M8CRAQCA9H8RDLE4R10I HTTP/1.1" 200 64 "-" "Cpanel-HTTP-Client/1.0"
43.159.35.188 - - [21/Jul/2026:10:11:17 +0000] "GET / HTTP/1.1" 301 - "-" "Mozilla/5.0 (iPhone; CPU iPhone OS 13_2_3 like Mac OS X) AppleWebKit/605.1.15 (KHTML, like Gecko) Version/13.0.3 Mobile/15E148 Safari/604.1"
43.159.35.188 - - [21/Jul/2026:10:11:19 +0000] "GET / HTTP/1.1" 200 89954 "http://www.doradgreatresources.shop" "Mozilla/5.0 (iPhone; CPU iPhone OS 13_2_3 like Mac OS X) AppleWebKit/605.1.15 (KHTML, like Gecko) Version/13.0.3 Mobile/15E148 Safari/604.1"
104.23.221.40 - - [21/Jul/2026:10:16:12 +0000] "GET /wp-admin/install.php?step=1 HTTP/1.1" 404 75516 "-" "http://doradgreatresources.shop/wp-admin/install.php?step=1"
198.177.124.148 - - [21/Jul/2026:10:32:39 +0000] "POST /wp-cron.php?doing_wp_cron=1784629959.2251129150390625000000 HTTP/1.1" 200 - "-" "WordPress/7.0.2; https://doradgreatresources.shop"
172.69.150.234 - - [21/Jul/2026:10:32:38 +0000] "GET /wp-admin/install.php?step=1 HTTP/1.1" 404 75516 "-" "http://doradgreatresources.shop/wp-admin/install.php?step=1"
172.70.242.97 - - [21/Jul/2026:10:58:43 +0000] "GET /wp-admin/install.php?step=1 HTTP/1.1" 404 75516 "-" "http://doradgreatresources.shop/wp-admin/install.php?step=1"
162.158.86.72 - - [21/Jul/2026:10:59:11 +0000] "GET /wp-admin/install.php?step=1 HTTP/1.1" 404 75516 "-" "http://doradgreatresources.shop/wp-admin/install.php?step=1"
66.249.69.166 - - [21/Jul/2026:11:15:29 +0000] "GET /?x=3163950212 HTTP/1.1" 200 89954 "-" "Mozilla/5.0 (compatible; Googlebot/2.1; +http://www.google.com/bot.html)"
172.69.150.234 - - [21/Jul/2026:11:16:34 +0000] "GET /wp-admin/install.php?step=1 HTTP/1.1" 404 75516 "-" "http://doradgreatresources.shop/wp-admin/install.php?step=1"
102.88.111.173 - - [21/Jul/2026:11:24:28 +0000] "GET / HTTP/1.1" 200 89954 "-" "Mozilla/5.0 (Windows NT 10.0; Win64; x64) AppleWebKit/537.36 (KHTML, like Gecko) Chrome/140.0.0.0 Safari/537.36 Edg/140.0.0.0"
102.88.111.173 - - [21/Jul/2026:11:24:31 +0000] "GET /wp-includes/blocks/navigation/style.min.css?ver=7.0.2 HTTP/1.1" 200 20709 "http://doradgreatresources.shop/" "Mozilla/5.0 (Windows NT 10.0; Win64; x64) AppleWebKit/537.36 (KHTML, like Gecko) Chrome/140.0.0.0 Safari/537.36 Edg/140.0.0.0"
102.88.111.173 - - [21/Jul/2026:11:24:35 +0000] "GET /wp-includes/js/dist/script-modules/interactivity/index.min.js?ver=efaa5193bbad9c60ffd1 HTTP/1.1" 200 40106 "-" "Mozilla/5.0 (Windows NT 10.0; Win64; x64) AppleWebKit/537.36 (KHTML, like Gecko) Chrome/140.0.0.0 Safari/537.36 Edg/140.0.0.0"
102.88.111.173 - - [21/Jul/2026:11:24:39 +0000] "GET /wp-content/themes/twentytwentyfour/assets/images/tourist-and-building.webp HTTP/1.1" 200 66482 "http://doradgreatresources.shop/" "Mozilla/5.0 (Windows NT 10.0; Win64; x64) AppleWebKit/537.36 (KHTML, like Gecko) Chrome/140.0.0.0 Safari/537.36 Edg/140.0.0.0"
102.88.111.173 - - [21/Jul/2026:11:24:37 +0000] "GET /wp-content/themes/twentytwentyfour/assets/fonts/cardo/cardo_normal_400.woff2 HTTP/1.1" 200 146060 "http://doradgreatresources.shop/" "Mozilla/5.0 (Windows NT 10.0; Win64; x64) AppleWebKit/537.36 (KHTML, like Gecko) Chrome/140.0.0.0 Safari/537.36 Edg/140.0.0.0"
102.88.111.173 - - [21/Jul/2026:11:24:40 +0000] "GET /wp-content/themes/twentytwentyfour/assets/images/windows.webp HTTP/1.1" 200 126244 "http://doradgreatresources.shop/" "Mozilla/5.0 (Windows NT 10.0; Win64; x64) AppleWebKit/537.36 (KHTML, like Gecko) Chrome/140.0.0.0 Safari/537.36 Edg/140.0.0.0"
102.88.111.173 - - [21/Jul/2026:11:24:38 +0000] "GET /wp-content/themes/twentytwentyfour/assets/fonts/cardo/cardo_italic_400.woff2 HTTP/1.1" 200 105184 "http://doradgreatresources.shop/" "Mozilla/5.0 (Windows NT 10.0; Win64; x64) AppleWebKit/537.36 (KHTML, like Gecko) Chrome/140.0.0.0 Safari/537.36 Edg/140.0.0.0"
102.88.111.173 - - [21/Jul/2026:11:24:37 +0000] "GET /wp-content/themes/twentytwentyfour/assets/images/building-exterior.webp HTTP/1.1" 200 199724 "http://doradgreatresources.shop/" "Mozilla/5.0 (Windows NT 10.0; Win64; x64) AppleWebKit/537.36 (KHTML, like Gecko) Chrome/140.0.0.0 Safari/537.36 Edg/140.0.0.0"
102.88.111.173 - - [21/Jul/2026:11:24:37 +0000] "GET /wp-content/themes/twentytwentyfour/assets/fonts/inter/Inter-VariableFont_slnt,wght.woff2 HTTP/1.1" 200 326628 "http://doradgreatresources.shop/" "Mozilla/5.0 (Windows NT 10.0; Win64; x64) AppleWebKit/537.36 (KHTML, like Gecko) Chrome/140.0.0.0 Safari/537.36 Edg/140.0.0.0"
102.88.111.173 - - [21/Jul/2026:11:24:54 +0000] "GET /wp-includes/js/dist/script-modules/block-library/navigation/view.min.js?ver=96a846e1d7b789c39ab9 HTTP/1.1" 200 3053 "http://doradgreatresources.shop/" "Mozilla/5.0 (Windows NT 10.0; Win64; x64) AppleWebKit/537.36 (KHTML, like Gecko) Chrome/140.0.0.0 Safari/537.36 Edg/140.0.0.0"
102.88.111.173 - - [21/Jul/2026:11:24:56 +0000] "GET /wp-includes/js/wp-emoji-release.min.js?ver=7.0.2 HTTP/1.1" 200 22752 "http://doradgreatresources.shop/" "Mozilla/5.0 (Windows NT 10.0; Win64; x64) AppleWebKit/537.36 (KHTML, like Gecko) Chrome/140.0.0.0 Safari/537.36 Edg/140.0.0.0"
198.177.124.148 - - [21/Jul/2026:11:25:07 +0000] "POST /wp-cron.php?doing_wp_cron=1784633107.9454998970031738281250 HTTP/1.1" 200 - "-" "WordPress/7.0.2; https://doradgreatresources.shop"
102.88.111.173 - - [21/Jul/2026:11:25:06 +0000] "GET /favicon.ico HTTP/1.1" 302 - "http://doradgreatresources.shop/" "Mozilla/5.0 (Windows NT 10.0; Win64; x64) AppleWebKit/537.36 (KHTML, like Gecko) Chrome/140.0.0.0 Safari/537.36 Edg/140.0.0.0"
102.88.111.173 - - [21/Jul/2026:11:25:15 +0000] "GET /wp-includes/images/w-logo-blue-white-bg.png HTTP/1.1" 200 4119 "http://doradgreatresources.shop/" "Mozilla/5.0 (Windows NT 10.0; Win64; x64) AppleWebKit/537.36 (KHTML, like Gecko) Chrome/140.0.0.0 Safari/537.36 Edg/140.0.0.0"
104.23.217.94 - - [21/Jul/2026:11:33:00 +0000] "GET /wp-admin/install.php?step=1 HTTP/1.1" 404 75516 "-" "http://doradgreatresources.shop/wp-admin/install.php?step=1"
102.88.111.173 - - [21/Jul/2026:11:41:16 +0000] "GET /wp-admin HTTP/1.1" 301 289 "-" "Mozilla/5.0 (Windows NT 10.0; Win64; x64) AppleWebKit/537.36 (KHTML, like Gecko) Chrome/140.0.0.0 Safari/537.36 Edg/140.0.0.0"
102.88.111.173 - - [21/Jul/2026:11:41:17 +0000] "GET /wp-admin/ HTTP/1.1" 302 - "-" "Mozilla/5.0 (Windows NT 10.0; Win64; x64) AppleWebKit/537.36 (KHTML, like Gecko) Chrome/140.0.0.0 Safari/537.36 Edg/140.0.0.0"
104.23.217.94 - - [21/Jul/2026:11:42:19 +0000] "GET /wp-admin/install.php?step=1 HTTP/1.1" 404 75516 "-" "http://doradgreatresources.shop/wp-admin/install.php?step=1"
172.71.144.162 - - [21/Jul/2026:11:58:44 +0000] "GET /wp-admin/install.php?step=1 HTTP/1.1" 404 75516 "-" "http://doradgreatresources.shop/wp-admin/install.php?step=1"
43.158.91.71 - - [21/Jul/2026:12:05:48 +0000] "GET / HTTP/1.1" 301 - "-" "Mozilla/5.0 (iPhone; CPU iPhone OS 13_2_3 like Mac OS X) AppleWebKit/605.1.15 (KHTML, like Gecko) Version/13.0.3 Mobile/15E148 Safari/604.1"
43.158.91.71 - - [21/Jul/2026:12:05:50 +0000] "GET / HTTP/1.1" 200 89954 "http://www.doradgreatresources.shop" "Mozilla/5.0 (iPhone; CPU iPhone OS 13_2_3 like Mac OS X) AppleWebKit/605.1.15 (KHTML, like Gecko) Version/13.0.3 Mobile/15E148 Safari/604.1"
162.158.183.64 - - [21/Jul/2026:12:19:17 +0000] "GET /wp-admin/install.php?step=1 HTTP/1.1" 404 75516 "-" "http://doradgreatresources.shop/wp-admin/install.php?step=1"
198.177.124.148 - - [21/Jul/2026:12:31:10 +0000] "POST /wp-cron.php?doing_wp_cron=1784637070.9021570682525634765625 HTTP/1.1" 200 - "-" "WordPress/7.0.2; https://doradgreatresources.shop"
104.23.223.4 - - [21/Jul/2026:12:31:09 +0000] "GET /wp-admin/install.php?step=1 HTTP/1.1" 404 75516 "-" "http://doradgreatresources.shop/wp-admin/install.php?step=1"
49.233.45.47 - - [21/Jul/2026:12:31:08 +0000] "GET / HTTP/1.1" 200 89954 "-" "Mozilla/5.0 (iPhone; CPU iPhone OS 13_2_3 like Mac OS X) AppleWebKit/605.1.15 (KHTML, like Gecko) Version/13.0.3 Mobile/15E148 Safari/604.1"
178.62.117.195 - - [21/Jul/2026:12:56:40 +0000] "GET / HTTP/1.1" 200 89954 "-" "Mozilla/5.0 (X11; Linux x86_64) AppleWebKit/537.36 (KHTML, like Gecko) Chrome/142.0.0.0 Safari/537.36"
178.62.117.195 - - [21/Jul/2026:12:56:42 +0000] "GET /favicon.ico HTTP/1.1" 302 - "http://doradgreatresources.shop/" "Mozilla/5.0 (X11; Linux x86_64) AppleWebKit/537.36 (KHTML, like Gecko) Chrome/142.0.0.0 Safari/537.36"
104.23.223.5 - - [21/Jul/2026:12:59:53 +0000] "GET /wp-admin/install.php?step=1 HTTP/1.1" 404 75516 "-" "http://doradgreatresources.shop/wp-admin/install.php?step=1"
198.177.124.148 - - [21/Jul/2026:13:02:31 +0000] "GET /.well-known/acme-challenge/_VX17E95FQ7N7HF6GR3-D68HV_YMTBWC HTTP/1.1" 200 64 "-" "Cpanel-HTTP-Client/1.0"
198.177.124.148 - - [21/Jul/2026:13:02:31 +0000] "GET /.well-known/acme-challenge/__SRMS4M2TE-RHRPCQUUUD-IH1R7PTH9 HTTP/1.1" 200 64 "-" "Cpanel-HTTP-Client/1.0"
172.69.150.234 - - [21/Jul/2026:13:15:26 +0000] "GET /wp-admin/install.php?step=1 HTTP/1.1" 404 75516 "-" "http://doradgreatresources.shop/wp-admin/install.php?step=1"
141.101.98.202 - - [21/Jul/2026:13:16:04 +0000] "GET /wp-admin/install.php?step=1 HTTP/1.1" 404 75516 "-" "http://doradgreatresources.shop/wp-admin/install.php?step=1"
172.71.172.14 - - [21/Jul/2026:13:17:57 +0000] "GET /wp-admin/install.php?step=1 HTTP/1.1" 404 75516 "-" "http://doradgreatresources.shop/wp-admin/install.php?step=1"
43.131.32.36 - - [21/Jul/2026:13:21:20 +0000] "GET / HTTP/1.1" 200 89954 "-" "Mozilla/5.0 (iPhone; CPU iPhone OS 13_2_3 like Mac OS X) AppleWebKit/605.1.15 (KHTML, like Gecko) Version/13.0.3 Mobile/15E148 Safari/604.1"
104.23.223.4 - - [21/Jul/2026:13:35:53 +0000] "GET /wp-admin/install.php?step=1 HTTP/1.1" 404 75516 "-" "http://doradgreatresources.shop/wp-admin/install.php?step=1"
172.71.144.162 - - [21/Jul/2026:13:48:29 +0000] "GET /wp-admin/install.php?step=1 HTTP/1.1" 404 75516 "-" "http://doradgreatresources.shop/wp-admin/install.php?step=1"
54.167.146.86 - - [21/Jul/2026:13:54:56 +0000] "GET / HTTP/1.1" 200 89954 "-" "Mozilla/5.0 (Windows NT 6.3; Win64; x64) AppleWebKit/537.36 (KHTML, like Gecko) Chrome/100.0.4896.60 Safari/537.36"
43.157.175.122 - - [21/Jul/2026:14:08:51 +0000] "GET / HTTP/1.1" 301 - "-" "Mozilla/5.0 (iPhone; CPU iPhone OS 13_2_3 like Mac OS X) AppleWebKit/605.1.15 (KHTML, like Gecko) Version/13.0.3 Mobile/15E148 Safari/604.1"
43.157.175.122 - - [21/Jul/2026:14:08:53 +0000] "GET / HTTP/1.1" 200 89954 "http://www.doradgreatresources.shop" "Mozilla/5.0 (iPhone; CPU iPhone OS 13_2_3 like Mac OS X) AppleWebKit/605.1.15 (KHTML, like Gecko) Version/13.0.3 Mobile/15E148 Safari/604.1"
172.71.148.29 - - [21/Jul/2026:14:08:54 +0000] "GET /wp-admin/install.php?step=1 HTTP/1.1" 404 75516 "-" "http://doradgreatresources.shop/wp-admin/install.php?step=1"
162.158.216.13 - - [21/Jul/2026:14:15:20 +0000] "GET /wp-admin/install.php?step=1 HTTP/1.1" 404 75516 "-" "http://doradgreatresources.shop/wp-admin/install.php?step=1"
93.123.109.152 - - [21/Jul/2026:14:33:50 +0000] "GET /wp-admin/.git/config HTTP/1.1" 301 - "-" "Mozilla/5.0 (Windows NT 10.0; Win64; x64) AppleWebKit/537.36 (KHTML, like Gecko) Chrome/123.0.0.0 Safari/537.36"
93.123.109.152 - - [21/Jul/2026:14:33:50 +0000] "GET /app/.git/config HTTP/1.1" 301 - "-" "Mozilla/5.0 (Windows NT 10.0; Win64; x64) AppleWebKit/537.36 (KHTML, like Gecko) Chrome/123.0.0.0 Safari/537.36"
93.123.109.152 - - [21/Jul/2026:14:33:50 +0000] "GET /mail/.git/config HTTP/1.1" 301 - "-" "Mozilla/5.0 (Windows NT 10.0; Win64; x64) AppleWebKit/537.36 (KHTML, like Gecko) Chrome/123.0.0.0 Safari/537.36"
93.123.109.152 - - [21/Jul/2026:14:33:50 +0000] "GET /application/.git/config HTTP/1.1" 301 - "-" "Mozilla/5.0 (Windows NT 10.0; Win64; x64) AppleWebKit/537.36 (KHTML, like Gecko) Chrome/123.0.0.0 Safari/537.36"
93.123.109.152 - - [21/Jul/2026:14:33:50 +0000] "GET /staging/.git/config HTTP/1.1" 301 - "-" "Mozilla/5.0 (Windows NT 10.0; Win64; x64) AppleWebKit/537.36 (KHTML, like Gecko) Chrome/123.0.0.0 Safari/537.36"
93.123.109.152 - - [21/Jul/2026:14:33:50 +0000] "GET /admin/.git/config HTTP/1.1" 301 - "-" "Mozilla/5.0 (Windows NT 10.0; Win64; x64) AppleWebKit/537.36 (KHTML, like Gecko) Chrome/123.0.0.0 Safari/537.36"
93.123.109.152 - - [21/Jul/2026:14:33:50 +0000] "GET /backup/.git/config HTTP/1.1" 301 - "-" "Mozilla/5.0 (Windows NT 10.0; Win64; x64) AppleWebKit/537.36 (KHTML, like Gecko) Chrome/123.0.0.0 Safari/537.36"
93.123.109.152 - - [21/Jul/2026:14:33:50 +0000] "GET /v2/.git/config HTTP/1.1" 301 - "-" "Mozilla/5.0 (Windows NT 10.0; Win64; x64) AppleWebKit/537.36 (KHTML, like Gecko) Chrome/123.0.0.0 Safari/537.36"
93.123.109.152 - - [21/Jul/2026:14:33:50 +0000] "GET /wp/.git/config HTTP/1.1" 301 - "-" "Mozilla/5.0 (Windows NT 10.0; Win64; x64) AppleWebKit/537.36 (KHTML, like Gecko) Chrome/123.0.0.0 Safari/537.36"
93.123.109.152 - - [21/Jul/2026:14:33:50 +0000] "GET /public/.git/config HTTP/1.1" 301 - "-" "Mozilla/5.0 (Windows NT 10.0; Win64; x64) AppleWebKit/537.36 (KHTML, like Gecko) Chrome/123.0.0.0 Safari/537.36"
93.123.109.152 - - [21/Jul/2026:14:33:50 +0000] "GET /.git/config HTTP/1.1" 301 - "-" "Mozilla/5.0 (Windows NT 10.0; Win64; x64) AppleWebKit/537.36 (KHTML, like Gecko) Chrome/123.0.0.0 Safari/537.36"
93.123.109.152 - - [21/Jul/2026:14:33:50 +0000] "GET /wp-content/.git/config HTTP/1.1" 301 - "-" "Mozilla/5.0 (Windows NT 10.0; Win64; x64) AppleWebKit/537.36 (KHTML, like Gecko) Chrome/123.0.0.0 Safari/537.36"
93.123.109.152 - - [21/Jul/2026:14:33:50 +0000] "GET /dev/.git/config HTTP/1.1" 301 - "-" "Mozilla/5.0 (Windows NT 10.0; Win64; x64) AppleWebKit/537.36 (KHTML, like Gecko) Chrome/123.0.0.0 Safari/537.36"
93.123.109.152 - - [21/Jul/2026:14:33:50 +0000] "GET /git/.git/config HTTP/1.1" 301 - "-" "Mozilla/5.0 (Windows NT 10.0; Win64; x64) AppleWebKit/537.36 (KHTML, like Gecko) Chrome/123.0.0.0 Safari/537.36"
93.123.109.152 - - [21/Jul/2026:14:33:50 +0000] "GET /backend/.git/config HTTP/1.1" 301 - "-" "Mozilla/5.0 (Windows NT 10.0; Win64; x64) AppleWebKit/537.36 (KHTML, like Gecko) Chrome/123.0.0.0 Safari/537.36"
93.123.109.152 - - [21/Jul/2026:14:33:50 +0000] "GET /api/.git/config HTTP/1.1" 301 - "-" "Mozilla/5.0 (Windows NT 10.0; Win64; x64) AppleWebKit/537.36 (KHTML, like Gecko) Chrome/123.0.0.0 Safari/537.36"
172.70.240.177 - - [21/Jul/2026:14:38:05 +0000] "GET /wp-admin/install.php?step=1 HTTP/1.1" 404 75516 "-" "http://doradgreatresources.shop/wp-admin/install.php?step=1"
172.71.144.162 - - [21/Jul/2026:14:53:11 +0000] "GET /wp-admin/install.php?step=1 HTTP/1.1" 404 75516 "-" "http://doradgreatresources.shop/wp-admin/install.php?step=1"
172.71.164.77 - - [21/Jul/2026:15:00:24 +0000] "GET /wp-admin/install.php?step=1 HTTP/1.1" 404 75516 "-" "http://doradgreatresources.shop/wp-admin/install.php?step=1"
43.157.38.131 - - [21/Jul/2026:15:03:48 +0000] "GET / HTTP/1.1" 301 - "-" "Mozilla/5.0 (iPhone; CPU iPhone OS 13_2_3 like Mac OS X) AppleWebKit/605.1.15 (KHTML, like Gecko) Version/13.0.3 Mobile/15E148 Safari/604.1"
43.157.38.131 - - [21/Jul/2026:15:03:50 +0000] "GET / HTTP/1.1" 200 89954 "http://www.doradgreatresources.shop" "Mozilla/5.0 (iPhone; CPU iPhone OS 13_2_3 like Mac OS X) AppleWebKit/605.1.15 (KHTML, like Gecko) Version/13.0.3 Mobile/15E148 Safari/604.1"
66.249.69.165 - - [21/Jul/2026:15:13:20 +0000] "GET /sitemap.xml HTTP/1.1" 301 - "-" "Mozilla/5.0 (compatible; Googlebot/2.1; +http://www.google.com/bot.html)"
198.177.124.148 - - [21/Jul/2026:15:28:35 +0000] "POST /wp-cron.php?doing_wp_cron=1784647715.4032709598541259765625 HTTP/1.1" 200 - "-" "WordPress/7.0.2; https://doradgreatresources.shop"
172.69.150.234 - - [21/Jul/2026:15:28:34 +0000] "GET /wp-admin/install.php?step=1 HTTP/1.1" 404 75516 "-" "http://doradgreatresources.shop/wp-admin/install.php?step=1"
172.70.248.159 - - [21/Jul/2026:15:47:52 +0000] "GET /wp-admin/install.php?step=1 HTTP/1.1" 404 75516 "-" "http://doradgreatresources.shop/wp-admin/install.php?step=1"
198.177.124.148 - - [21/Jul/2026:16:02:27 +0000] "GET /.well-known/acme-challenge/1WJ6TTUG7HZ6O8ZW2GRC9ZEN2E2V9F98 HTTP/1.1" 200 64 "-" "Cpanel-HTTP-Client/1.0"
198.177.124.148 - - [21/Jul/2026:16:02:28 +0000] "GET /.well-known/acme-challenge/Z-A24MX3EYGXP0VL4VJY_0A2U3LKK1GE HTTP/1.1" 200 64 "-" "Cpanel-HTTP-Client/1.0"
172.70.247.44 - - [21/Jul/2026:16:18:36 +0000] "GET /wp-admin/install.php?step=1 HTTP/1.1" 404 75516 "-" "http://doradgreatresources.shop/wp-admin/install.php?step=1"
162.158.183.64 - - [21/Jul/2026:16:22:16 +0000] "GET /wp-admin/install.php?step=1 HTTP/1.1" 404 75516 "-" "http://doradgreatresources.shop/wp-admin/install.php?step=1"
162.158.183.63 - - [21/Jul/2026:16:41:18 +0000] "GET /wp-admin/install.php?step=1 HTTP/1.1" 404 75516 "-" "http://doradgreatresources.shop/wp-admin/install.php?step=1"
104.23.223.5 - - [21/Jul/2026:16:46:19 +0000] "GET /wp-admin/install.php?step=1 HTTP/1.1" 404 75516 "-" "http://doradgreatresources.shop/wp-admin/install.php?step=1"
104.23.221.40 - - [21/Jul/2026:17:00:05 +0000] "GET /wp-admin/install.php?step=1 HTTP/1.1" 404 75516 "-" "http://doradgreatresources.shop/wp-admin/install.php?step=1"
43.153.49.151 - - [21/Jul/2026:17:19:40 +0000] "GET / HTTP/1.1" 200 89954 "-" "Mozilla/5.0 (iPhone; CPU iPhone OS 13_2_3 like Mac OS X) AppleWebKit/605.1.15 (KHTML, like Gecko) Version/13.0.3 Mobile/15E148 Safari/604.1"
104.23.223.4 - - [21/Jul/2026:17:21:50 +0000] "GET /wp-admin/install.php?step=1 HTTP/1.1" 404 75516 "-" "http://doradgreatresources.shop/wp-admin/install.php?step=1"
104.23.223.4 - - [21/Jul/2026:17:31:10 +0000] "GET /wp-admin/install.php?step=1 HTTP/1.1" 404 75516 "-" "http://doradgreatresources.shop/wp-admin/install.php?step=1"
104.23.221.40 - - [21/Jul/2026:17:57:04 +0000] "GET /wp-admin/install.php?step=1 HTTP/1.1" 404 75516 "-" "http://doradgreatresources.shop/wp-admin/install.php?step=1"
170.106.187.106 - - [21/Jul/2026:18:05:42 +0000] "GET / HTTP/1.1" 301 - "-" "Mozilla/5.0 (iPhone; CPU iPhone OS 13_2_3 like Mac OS X) AppleWebKit/605.1.15 (KHTML, like Gecko) Version/13.0.3 Mobile/15E148 Safari/604.1"
170.106.187.106 - - [21/Jul/2026:18:05:44 +0000] "GET / HTTP/1.1" 200 89954 "http://www.doradgreatresources.shop" "Mozilla/5.0 (iPhone; CPU iPhone OS 13_2_3 like Mac OS X) AppleWebKit/605.1.15 (KHTML, like Gecko) Version/13.0.3 Mobile/15E148 Safari/604.1"
104.23.223.5 - - [21/Jul/2026:18:05:54 +0000] "GET /wp-admin/install.php?step=1 HTTP/1.1" 404 75516 "-" "http://doradgreatresources.shop/wp-admin/install.php?step=1"
104.23.223.4 - - [21/Jul/2026:18:17:06 +0000] "GET /wp-admin/install.php?step=1 HTTP/1.1" 404 75516 "-" "http://doradgreatresources.shop/wp-admin/install.php?step=1"
198.177.124.148 - - [21/Jul/2026:18:29:26 +0000] "POST /wp-cron.php?doing_wp_cron=1784658566.2854549884796142578125 HTTP/1.1" 200 - "-" "WordPress/7.0.2; https://doradgreatresources.shop"
172.70.240.177 - - [21/Jul/2026:18:29:24 +0000] "GET /wp-admin/install.php?step=1 HTTP/1.1" 404 75516 "-" "http://doradgreatresources.shop/wp-admin/install.php?step=1"
104.23.221.41 - - [21/Jul/2026:18:40:39 +0000] "GET /wp-admin/install.php?step=1 HTTP/1.1" 404 75516 "-" "http://doradgreatresources.shop/wp-admin/install.php?step=1"
175.178.110.121 - - [21/Jul/2026:18:49:44 +0000] "GET / HTTP/1.1" 301 - "-" "Mozilla/5.0 (iPhone; CPU iPhone OS 13_2_3 like Mac OS X) AppleWebKit/605.1.15 (KHTML, like Gecko) Version/13.0.3 Mobile/15E148 Safari/604.1"
175.178.110.121 - - [21/Jul/2026:18:49:46 +0000] "GET / HTTP/1.1" 200 89954 "http://www.doradgreatresources.shop" "Mozilla/5.0 (iPhone; CPU iPhone OS 13_2_3 like Mac OS X) AppleWebKit/605.1.15 (KHTML, like Gecko) Version/13.0.3 Mobile/15E148 Safari/604.1"
172.71.103.90 - - [21/Jul/2026:18:54:29 +0000] "GET /wp-admin/install.php?step=1 HTTP/1.1" 404 75516 "-" "http://doradgreatresources.shop/wp-admin/install.php?step=1"
198.177.124.148 - - [21/Jul/2026:19:02:27 +0000] "GET /.well-known/acme-challenge/SR-ERV0_NEDCHW9XVWFLE2D-U5WT_JEF HTTP/1.1" 200 64 "-" "Cpanel-HTTP-Client/1.0"
198.177.124.148 - - [21/Jul/2026:19:02:27 +0000] "GET /.well-known/acme-challenge/T56JAFZE557L9C6HBC3_FD0X2NKCVR6F HTTP/1.1" 200 64 "-" "Cpanel-HTTP-Client/1.0"
172.69.150.234 - - [21/Jul/2026:19:08:18 +0000] "GET /wp-admin/install.php?step=1 HTTP/1.1" 404 75516 "-" "http://doradgreatresources.shop/wp-admin/install.php?step=1"
198.177.124.148 - - [21/Jul/2026:19:37:21 +0000] "POST /wp-cron.php?doing_wp_cron=1784662641.9285318851470947265625 HTTP/1.1" 200 - "-" "WordPress/7.0.2; https://doradgreatresources.shop"
162.158.110.125 - - [21/Jul/2026:19:37:20 +0000] "GET /wp-admin/install.php?step=1 HTTP/1.1" 404 75516 "-" "http://doradgreatresources.shop/wp-admin/install.php?step=1"
104.23.221.41 - - [21/Jul/2026:19:37:44 +0000] "GET /wp-admin/install.php?step=1 HTTP/1.1" 404 75516 "-" "http://doradgreatresources.shop/wp-admin/install.php?step=1"
162.158.94.233 - - [21/Jul/2026:20:06:49 +0000] "GET /wp-admin/install.php?step=1 HTTP/1.1" 404 75516 "-" "http://doradgreatresources.shop/wp-admin/install.php?step=1"
198.177.124.148 - - [21/Jul/2026:20:12:12 +0000] "POST /wp-cron.php?doing_wp_cron=1784664732.4879899024963378906250 HTTP/1.1" 200 - "-" "WordPress/7.0.2; https://doradgreatresources.shop"
172.71.148.28 - - [21/Jul/2026:20:12:11 +0000] "GET /wp-admin/install.php?step=1 HTTP/1.1" 404 75516 "-" "http://doradgreatresources.shop/wp-admin/install.php?step=1"
172.70.240.177 - - [21/Jul/2026:20:23:42 +0000] "GET /wp-admin/install.php?step=1 HTTP/1.1" 404 75516 "-" "http://doradgreatresources.shop/wp-admin/install.php?step=1"
34.193.242.118 - - [21/Jul/2026:20:31:41 +0000] "GET /robots.txt HTTP/1.1" 200 125 "-" "Mozilla/5.0 (Macintosh; Intel Mac OS X 10_10_1) AppleWebKit/600.2.5 (KHTML, like Gecko) Version/8.0.2 Safari/600.2.5 (Gort)"
162.158.183.64 - - [21/Jul/2026:20:36:47 +0000] "GET /wp-admin/install.php?step=1 HTTP/1.1" 404 75516 "-" "http://doradgreatresources.shop/wp-admin/install.php?step=1"
104.23.221.41 - - [21/Jul/2026:20:52:24 +0000] "GET /wp-admin/install.php?step=1 HTTP/1.1" 404 75516 "-" "http://doradgreatresources.shop/wp-admin/install.php?step=1"
162.158.183.64 - - [21/Jul/2026:20:53:30 +0000] "GET /wp-admin/install.php?step=1 HTTP/1.1" 404 75516 "-" "http://doradgreatresources.shop/wp-admin/install.php?step=1"
66.249.69.166 - - [21/Jul/2026:20:59:06 +0000] "GET /?y=36658131060 HTTP/1.1" 200 89954 "-" "Mozilla/5.0 (Linux; Android 6.0.1; Nexus 5X Build/MMB29P) AppleWebKit/537.36 (KHTML, like Gecko) Chrome/150.0.7871.128 Mobile Safari/537.36 (compatible; Googlebot/2.1; +http://www.google.com/bot.html)"
101.32.49.171 - - [21/Jul/2026:21:07:25 +0000] "GET / HTTP/1.1" 301 - "-" "Mozilla/5.0 (iPhone; CPU iPhone OS 13_2_3 like Mac OS X) AppleWebKit/605.1.15 (KHTML, like Gecko) Version/13.0.3 Mobile/15E148 Safari/604.1"
101.32.49.171 - - [21/Jul/2026:21:07:28 +0000] "GET / HTTP/1.1" 200 89954 "http://www.doradgreatresources.shop" "Mozilla/5.0 (iPhone; CPU iPhone OS 13_2_3 like Mac OS X) AppleWebKit/605.1.15 (KHTML, like Gecko) Version/13.0.3 Mobile/15E148 Safari/604.1"
172.70.247.43 - - [21/Jul/2026:21:12:52 +0000] "GET /wp-admin/install.php?step=1 HTTP/1.1" 404 75516 "-" "http://doradgreatresources.shop/wp-admin/install.php?step=1"
43.166.142.76 - - [21/Jul/2026:21:19:26 +0000] "GET / HTTP/1.1" 200 89954 "-" "Mozilla/5.0 (iPhone; CPU iPhone OS 13_2_3 like Mac OS X) AppleWebKit/605.1.15 (KHTML, like Gecko) Version/13.0.3 Mobile/15E148 Safari/604.1"
198.177.124.148 - - [21/Jul/2026:21:30:57 +0000] "POST /wp-cron.php?doing_wp_cron=1784669457.6052210330963134765625 HTTP/1.1" 200 - "-" "WordPress/7.0.2; https://doradgreatresources.shop"
104.23.221.40 - - [21/Jul/2026:21:30:55 +0000] "GET /wp-admin/install.php?step=1 HTTP/1.1" 404 75516 "-" "http://doradgreatresources.shop/wp-admin/install.php?step=1"
162.158.110.125 - - [21/Jul/2026:21:51:31 +0000] "GET /wp-admin/install.php?step=1 HTTP/1.1" 404 75516 "-" "http://doradgreatresources.shop/wp-admin/install.php?step=1"
104.23.217.94 - - [21/Jul/2026:21:52:38 +0000] "GET /wp-admin/install.php?step=1 HTTP/1.1" 404 75516 "-" "http://doradgreatresources.shop/wp-admin/install.php?step=1"
198.177.124.148 - - [21/Jul/2026:22:02:23 +0000] "GET /.well-known/acme-challenge/AMCIFRONNREQ80UK9CULR30RC6U3Z3LV HTTP/1.1" 200 64 "-" "Cpanel-HTTP-Client/1.0"
198.177.124.148 - - [21/Jul/2026:22:02:23 +0000] "GET /.well-known/acme-challenge/EC57YYL50YJ6JMQ82-05-CK7ZCZ-KN5L HTTP/1.1" 200 64 "-" "Cpanel-HTTP-Client/1.0"
49.51.132.100 - - [21/Jul/2026:22:05:59 +0000] "GET / HTTP/1.1" 301 - "-" "Mozilla/5.0 (iPhone; CPU iPhone OS 13_2_3 like Mac OS X) AppleWebKit/605.1.15 (KHTML, like Gecko) Version/13.0.3 Mobile/15E148 Safari/604.1"
49.51.132.100 - - [21/Jul/2026:22:06:01 +0000] "GET / HTTP/1.1" 200 89954 "http://www.doradgreatresources.shop" "Mozilla/5.0 (iPhone; CPU iPhone OS 13_2_3 like Mac OS X) AppleWebKit/605.1.15 (KHTML, like Gecko) Version/13.0.3 Mobile/15E148 Safari/604.1"
162.158.183.63 - - [21/Jul/2026:22:13:04 +0000] "GET /wp-admin/install.php?step=1 HTTP/1.1" 404 75516 "-" "http://doradgreatresources.shop/wp-admin/install.php?step=1"
104.23.221.41 - - [21/Jul/2026:22:15:37 +0000] "GET /wp-admin/install.php?step=1 HTTP/1.1" 404 75516 "-" "http://doradgreatresources.shop/wp-admin/install.php?step=1"
162.158.110.124 - - [21/Jul/2026:22:23:26 +0000] "GET /wp-admin/install.php?step=1 HTTP/1.1" 404 75516 "-" "http://doradgreatresources.shop/wp-admin/install.php?step=1"
198.177.124.148 - - [21/Jul/2026:22:34:33 +0000] "POST /wp-cron.php?doing_wp_cron=1784673273.9693720340728759765625 HTTP/1.1" 200 - "-" "WordPress/7.0.2; https://doradgreatresources.shop"
155.94.203.249 - - [21/Jul/2026:22:34:32 +0000] "GET / HTTP/1.1" 200 89954 "-" "Mozilla/5.0 (Windows NT 10.0; Win64; x64) AppleWebKit/537.36 (KHTML, like Gecko) Chrome/94.0.4606.61 Safari/537.36"
172.70.242.97 - - [21/Jul/2026:22:42:32 +0000] "GET /wp-admin/install.php?step=1 HTTP/1.1" 404 75516 "-" "http://doradgreatresources.shop/wp-admin/install.php?step=1"
136.67.60.28 - - [21/Jul/2026:23:02:20 +0000] "GET /wp-content/plugins/helodoly/wp-config-sample.php HTTP/1.1" 404 75516 "-" "Mozilla/5.0 (Windows NT 10.0; Win64; x64) AppleWebKit/537.36 (KHTML, like Gecko) Chrome/91.0.4472.124 Safari/537.36"
104.23.221.41 - - [21/Jul/2026:23:05:55 +0000] "GET /wp-admin/install.php?step=1 HTTP/1.1" 404 75516 "-" "http://doradgreatresources.shop/wp-admin/install.php?step=1"
172.70.240.177 - - [21/Jul/2026:23:14:34 +0000] "GET /wp-admin/install.php?step=1 HTTP/1.1" 404 75516 "-" "http://doradgreatresources.shop/wp-admin/install.php?step=1"
136.67.60.28 - - [21/Jul/2026:23:15:24 +0000] "GET /system/bootstrap.php HTTP/1.1" 404 75516 "-" "Mozilla/5.0 (Windows NT 10.0; Win64; x64) AppleWebKit/537.36 (KHTML, like Gecko) Chrome/91.0.4472.124 Safari/537.36"
136.67.60.28 - - [21/Jul/2026:23:15:50 +0000] "GET /bootstrap.php HTTP/1.1" 404 75516 "-" "Mozilla/5.0 (Windows NT 10.0; Win64; x64) AppleWebKit/537.36 (KHTML, like Gecko) Chrome/91.0.4472.124 Safari/537.36"
136.67.60.28 - - [21/Jul/2026:23:16:06 +0000] "GET /wp-content/plugins/config-bs/bootstrap.php HTTP/1.1" 404 75516 "-" "Mozilla/5.0 (Windows NT 10.0; Win64; x64) AppleWebKit/537.36 (KHTML, like Gecko) Chrome/91.0.4472.124 Safari/537.36"
136.67.60.28 - - [21/Jul/2026:23:21:48 +0000] "GET /wp-content/plugins/config-cs/bootstrap.php HTTP/1.1" 404 75516 "-" "Mozilla/5.0 (Windows NT 10.0; Win64; x64) AppleWebKit/537.36 (KHTML, like Gecko) Chrome/91.0.4472.124 Safari/537.36"
198.177.124.148 - - [21/Jul/2026:23:30:18 +0000] "POST /wp-cron.php?doing_wp_cron=1784676618.8886849880218505859375 HTTP/1.1" 200 - "-" "WordPress/7.0.2; https://doradgreatresources.shop"
172.70.240.176 - - [21/Jul/2026:23:30:17 +0000] "GET /wp-admin/install.php?step=1 HTTP/1.1" 404 75516 "-" "http://doradgreatresources.shop/wp-admin/install.php?step=1"
104.23.239.40 - - [21/Jul/2026:23:38:05 +0000] "GET /wp-admin/install.php?step=1 HTTP/1.1" 404 75516 "-" "http://doradgreatresources.shop/wp-admin/install.php?step=1"
172.64.192.13 - - [22/Jul/2026:00:15:22 +0000] "GET /wp-admin/install.php?step=1 HTTP/1.1" 404 75516 "-" "http://doradgreatresources.shop/wp-admin/install.php?step=1"
104.23.221.40 - - [22/Jul/2026:00:32:07 +0000] "GET /wp-admin/install.php?step=1 HTTP/1.1" 404 75516 "-" "http://doradgreatresources.shop/wp-admin/install.php?step=1"
162.14.109.170 - - [22/Jul/2026:00:47:00 +0000] "GET / HTTP/1.1" 200 89954 "-" "Mozilla/5.0 (iPhone; CPU iPhone OS 13_2_3 like Mac OS X) AppleWebKit/605.1.15 (KHTML, like Gecko) Version/13.0.3 Mobile/15E148 Safari/604.1"
63.141.250.58 - - [22/Jul/2026:00:49:22 +0000] "GET /index.php?params=1 HTTP/1.1" 301 - "-" "Mozilla/5.0 (Windows NT 10.0; Win64; x64) AppleWebKit/537.36 (KHTML, like Gecko) Chrome/131.0.0.0 Safari/537.36"
63.141.250.58 - - [22/Jul/2026:00:49:23 +0000] "GET /?params=1 HTTP/1.1" 200 89954 "-" "Mozilla/5.0 (Windows NT 10.0; Win64; x64) AppleWebKit/537.36 (KHTML, like Gecko) Chrome/131.0.0.0 Safari/537.36"
63.141.250.58 - - [22/Jul/2026:00:50:48 +0000] "GET /index.php?params=1 HTTP/1.1" 301 - "-" "Mozilla/5.0 (Windows NT 10.0; Win64; x64) AppleWebKit/537.36 (KHTML, like Gecko) Chrome/131.0.0.0 Safari/537.36"
63.141.250.58 - - [22/Jul/2026:00:50:50 +0000] "GET /?params=1 HTTP/1.1" 200 89954 "-" "Mozilla/5.0 (Windows NT 10.0; Win64; x64) AppleWebKit/537.36 (KHTML, like Gecko) Chrome/131.0.0.0 Safari/537.36"
172.71.182.253 - - [22/Jul/2026:00:55:54 +0000] "GET /wp-admin/install.php?step=1 HTTP/1.1" 404 75516 "-" "http://doradgreatresources.shop/wp-admin/install.php?step=1"
198.177.124.148 - - [22/Jul/2026:01:01:23 +0000] "GET /.well-known/acme-challenge/92I3NSD5F-AOHX44GWHU9_0B57URR185 HTTP/1.1" 200 64 "-" "Cpanel-HTTP-Client/1.0"
198.177.124.148 - - [22/Jul/2026:01:01:24 +0000] "GET /.well-known/acme-challenge/7JC0V-DFR1PKLXZD_R9HAUGYWGYET758 HTTP/1.1" 200 64 "-" "Cpanel-HTTP-Client/1.0"
43.157.191.20 - - [22/Jul/2026:01:08:32 +0000] "GET / HTTP/1.1" 200 89954 "-" "Mozilla/5.0 (iPhone; CPU iPhone OS 13_2_3 like Mac OS X) AppleWebKit/605.1.15 (KHTML, like Gecko) Version/13.0.3 Mobile/15E148 Safari/604.1"
172.70.242.97 - - [22/Jul/2026:01:15:42 +0000] "GET /wp-admin/install.php?step=1 HTTP/1.1" 404 75516 "-" "http://doradgreatresources.shop/wp-admin/install.php?step=1"
172.71.103.90 - - [22/Jul/2026:01:15:56 +0000] "GET /wp-admin/install.php?step=1 HTTP/1.1" 404 75516 "-" "http://doradgreatresources.shop/wp-admin/install.php?step=1"
198.177.124.148 - - [22/Jul/2026:01:27:04 +0000] "POST /wp-cron.php?doing_wp_cron=1784683624.0345098972320556640625 HTTP/1.1" 200 - "-" "WordPress/7.0.2; https://doradgreatresources.shop"
43.166.255.102 - - [22/Jul/2026:01:27:02 +0000] "GET / HTTP/1.1" 200 89954 "-" "Mozilla/5.0 (iPhone; CPU iPhone OS 13_2_3 like Mac OS X) AppleWebKit/605.1.15 (KHTML, like Gecko) Version/13.0.3 Mobile/15E148 Safari/604.1"
104.23.223.4 - - [22/Jul/2026:01:37:24 +0000] "GET /wp-admin/install.php?step=1 HTTP/1.1" 404 75516 "-" "http://doradgreatresources.shop/wp-admin/install.php?step=1"
172.71.164.77 - - [22/Jul/2026:01:46:27 +0000] "GET /wp-admin/install.php?step=1 HTTP/1.1" 404 75516 "-" "http://doradgreatresources.shop/wp-admin/install.php?step=1"
172.70.248.158 - - [22/Jul/2026:01:59:21 +0000] "GET /wp-admin/install.php?step=1 HTTP/1.1" 404 75516 "-" "http://doradgreatresources.shop/wp-admin/install.php?step=1"
43.161.234.148 - - [22/Jul/2026:02:02:19 +0000] "GET / HTTP/1.1" 301 - "-" "Mozilla/5.0 (iPhone; CPU iPhone OS 13_2_3 like Mac OS X) AppleWebKit/605.1.15 (KHTML, like Gecko) Version/13.0.3 Mobile/15E148 Safari/604.1"
43.161.234.148 - - [22/Jul/2026:02:02:22 +0000] "GET / HTTP/1.1" 200 89954 "http://www.doradgreatresources.shop" "Mozilla/5.0 (iPhone; CPU iPhone OS 13_2_3 like Mac OS X) AppleWebKit/605.1.15 (KHTML, like Gecko) Version/13.0.3 Mobile/15E148 Safari/604.1"
84.32.41.136 - - [22/Jul/2026:02:06:25 +0000] "GET / HTTP/1.1" 200 89954 "-" "Mozilla/5.0 (Windows NT 10.0; Win64; x64; rv:109.0) Gecko/20100101 Firefox/121.0"
84.32.41.136 - - [22/Jul/2026:02:06:28 +0000] "GET /wp-content/themes/twentytwentyfour/assets/fonts/cardo/cardo_italic_400.woff2 HTTP/1.1" 200 105184 "http://doradgreatresources.shop" "Mozilla/5.0 (Windows NT 10.0; Win64; x64; rv:109.0) Gecko/20100101 Firefox/121.0"
84.32.41.136 - - [22/Jul/2026:02:06:31 +0000] "GET /wp-content/themes/twentytwentyfour/assets/fonts/cardo/cardo_normal_400.woff2 HTTP/1.1" 200 146060 "http://doradgreatresources.shop" "Mozilla/5.0 (Windows NT 10.0; Win64; x64; rv:109.0) Gecko/20100101 Firefox/121.0"
84.32.41.136 - - [22/Jul/2026:02:06:33 +0000] "GET /wp-content/themes/twentytwentyfour/assets/fonts/cardo/cardo_normal_700.woff2 HTTP/1.1" 200 132564 "http://doradgreatresources.shop" "Mozilla/5.0 (Windows NT 10.0; Win64; x64; rv:109.0) Gecko/20100101 Firefox/121.0"
84.32.41.136 - - [22/Jul/2026:02:06:36 +0000] "GET /wp-content/themes/twentytwentyfour/assets/fonts/inter/Inter-VariableFont_slnt,wght.woff2 HTTP/1.1" 200 326628 "http://doradgreatresources.shop" "Mozilla/5.0 (Windows NT 10.0; Win64; x64; rv:109.0) Gecko/20100101 Firefox/121.0"
84.32.41.136 - - [22/Jul/2026:02:06:37 +0000] "GET / HTTP/1.1" 200 89954 "http://doradgreatresources.shop" "Mozilla/5.0 (Windows NT 10.0; Win64; x64; rv:109.0) Gecko/20100101 Firefox/121.0"
84.32.41.136 - - [22/Jul/2026:02:06:39 +0000] "GET /wp-content/themes/twentytwentyfour/assets/images/building-exterior.webp HTTP/1.1" 200 199724 "http://doradgreatresources.shop" "Mozilla/5.0 (Windows NT 10.0; Win64; x64; rv:109.0) Gecko/20100101 Firefox/121.0"
84.32.41.136 - - [22/Jul/2026:02:06:41 +0000] "GET /wp-content/themes/twentytwentyfour/assets/images/tourist-and-building.webp HTTP/1.1" 200 66482 "http://doradgreatresources.shop" "Mozilla/5.0 (Windows NT 10.0; Win64; x64; rv:109.0) Gecko/20100101 Firefox/121.0"
84.32.41.136 - - [22/Jul/2026:02:06:44 +0000] "GET /wp-content/themes/twentytwentyfour/assets/images/windows.webp HTTP/1.1" 200 126244 "http://doradgreatresources.shop" "Mozilla/5.0 (Windows NT 10.0; Win64; x64; rv:109.0) Gecko/20100101 Firefox/121.0"
185.177.72.49 - - [22/Jul/2026:02:17:15 +0000] "GET /wp-json/gravitysmtp/v1/tests/mock-data?page=gravitysmtp-settings HTTP/1.1" 404 114 "-" "curl/8.7.1"
185.177.72.49 - - [22/Jul/2026:02:17:16 +0000] "GET / HTTP/1.1" 200 89954 "-" "curl/8.7.1"
185.177.72.49 - - [22/Jul/2026:02:17:17 +0000] "GET /admin HTTP/1.1" 302 - "-" "curl/8.7.1"
172.71.144.163 - - [22/Jul/2026:02:17:32 +0000] "GET /wp-admin/install.php?step=1 HTTP/1.1" 404 75516 "-" "http://doradgreatresources.shop/wp-admin/install.php?step=1"
43.131.32.36 - - [22/Jul/2026:02:22:44 +0000] "GET / HTTP/1.1" 301 - "-" "Mozilla/5.0 (iPhone; CPU iPhone OS 13_2_3 like Mac OS X) AppleWebKit/605.1.15 (KHTML, like Gecko) Version/13.0.3 Mobile/15E148 Safari/604.1"
43.131.32.36 - - [22/Jul/2026:02:22:46 +0000] "GET / HTTP/1.1" 200 89954 "http://www.doradgreatresources.shop" "Mozilla/5.0 (iPhone; CPU iPhone OS 13_2_3 like Mac OS X) AppleWebKit/605.1.15 (KHTML, like Gecko) Version/13.0.3 Mobile/15E148 Safari/604.1"
185.177.72.29 - - [22/Jul/2026:02:37:59 +0000] "GET /wp-includes/js/dist/script-modules/block-library/navigation/view.min.js HTTP/1.1" 200 3053 "-" "curl/8.7.1"
185.177.72.29 - - [22/Jul/2026:02:37:59 +0000] "POST / HTTP/1.1" 200 89954 "-" "Mozilla/5.0 (Windows NT 10.0; Win64; x64) AppleWebKit/537.36"
185.177.72.29 - - [22/Jul/2026:02:38:01 +0000] "POST / HTTP/1.1" 200 89954 "-" "Mozilla/5.0 (Windows NT 10.0; Win64; x64) AppleWebKit/537.36"
185.177.72.29 - - [22/Jul/2026:02:38:03 +0000] "POST /_next HTTP/1.1" 404 75516 "-" "Mozilla/5.0 (Windows NT 10.0; Win64; x64) AppleWebKit/537.36"
185.177.72.29 - - [22/Jul/2026:02:38:05 +0000] "POST /api HTTP/1.1" 404 75516 "-" "Mozilla/5.0 (Windows NT 10.0; Win64; x64) AppleWebKit/537.36"
185.177.72.29 - - [22/Jul/2026:02:38:06 +0000] "POST /api/auth HTTP/1.1" 404 75516 "-" "Mozilla/5.0 (Windows NT 10.0; Win64; x64) AppleWebKit/537.36"
185.177.72.29 - - [22/Jul/2026:02:38:08 +0000] "POST /api/auth/callback HTTP/1.1" 404 75516 "-" "Mozilla/5.0 (Windows NT 10.0; Win64; x64) AppleWebKit/537.36"
185.177.72.29 - - [22/Jul/2026:02:38:10 +0000] "POST /api/auth/session HTTP/1.1" 404 75516 "-" "Mozilla/5.0 (Windows NT 10.0; Win64; x64) AppleWebKit/537.36"
185.177.72.29 - - [22/Jul/2026:02:38:12 +0000] "POST /_rsc HTTP/1.1" 404 75516 "-" "Mozilla/5.0 (Windows NT 10.0; Win64; x64) AppleWebKit/537.36"
185.177.72.29 - - [22/Jul/2026:02:38:13 +0000] "POST /__rsc HTTP/1.1" 404 75516 "-" "Mozilla/5.0 (Windows NT 10.0; Win64; x64) AppleWebKit/537.36"
185.177.72.29 - - [22/Jul/2026:02:38:15 +0000] "POST /.action HTTP/1.1" 404 75516 "-" "Mozilla/5.0 (Windows NT 10.0; Win64; x64) AppleWebKit/537.36"
185.177.72.29 - - [22/Jul/2026:02:38:17 +0000] "POST /__nextjs_action HTTP/1.1" 404 75516 "-" "Mozilla/5.0 (Windows NT 10.0; Win64; x64) AppleWebKit/537.36"
185.177.72.29 - - [22/Jul/2026:02:38:19 +0000] "POST /_middleware HTTP/1.1" 404 75516 "-" "Mozilla/5.0 (Windows NT 10.0; Win64; x64) AppleWebKit/537.36"
185.177.72.29 - - [22/Jul/2026:02:38:20 +0000] "POST /_next/image HTTP/1.1" 404 75516 "-" "Mozilla/5.0 (Windows NT 10.0; Win64; x64) AppleWebKit/537.36"
185.177.72.29 - - [22/Jul/2026:02:38:22 +0000] "POST /RSC/bg7v5vvkarnvxys.txt HTTP/1.1" 404 75516 "-" "Mozilla/5.0 (Windows NT 10.0; Win64; x64) AppleWebKit/537.36"
185.177.72.29 - - [22/Jul/2026:02:38:23 +0000] "POST /RSC/R/p3k97tcvfnx0dn1.txt HTTP/1.1" 404 75516 "-" "Mozilla/5.0 (Windows NT 10.0; Win64; x64) AppleWebKit/537.36"
185.177.72.29 - - [22/Jul/2026:02:38:25 +0000] "POST /vendor/phpunit/phpunit/src/Util/PHP/eval-stdin.php HTTP/1.1" 404 75516 "-" "curl/8.7.1"
185.177.72.29 - - [22/Jul/2026:02:38:26 +0000] "POST /vendor/phpunit/phpunit/Util/PHP/eval-stdin.php HTTP/1.1" 404 75516 "-" "curl/8.7.1"
185.177.72.29 - - [22/Jul/2026:02:38:28 +0000] "POST /laravel/vendor/phpunit/phpunit/src/Util/PHP/eval-stdin.php HTTP/1.1" 404 75516 "-" "curl/8.7.1"
185.177.72.29 - - [22/Jul/2026:02:38:29 +0000] "POST /yii/vendor/phpunit/phpunit/src/Util/PHP/eval-stdin.php HTTP/1.1" 404 75516 "-" "curl/8.7.1"
185.177.72.29 - - [22/Jul/2026:02:38:31 +0000] "POST /zend/vendor/phpunit/phpunit/src/Util/PHP/eval-stdin.php HTTP/1.1" 404 75516 "-" "curl/8.7.1"
185.177.72.29 - - [22/Jul/2026:02:38:32 +0000] "POST /lib/vendor/phpunit/phpunit/src/Util/PHP/eval-stdin.php HTTP/1.1" 404 75516 "-" "curl/8.7.1"
162.158.110.124 - - [22/Jul/2026:02:44:50 +0000] "GET /wp-admin/install.php?step=1 HTTP/1.1" 404 75516 "-" "http://doradgreatresources.shop/wp-admin/install.php?step=1"
172.70.242.96 - - [22/Jul/2026:02:49:54 +0000] "GET /wp-admin/install.php?step=1 HTTP/1.1" 404 75516 "-" "http://doradgreatresources.shop/wp-admin/install.php?step=1"
104.23.223.4 - - [22/Jul/2026:02:57:32 +0000] "GET /wp-admin/install.php?step=1 HTTP/1.1" 404 75516 "-" "http://doradgreatresources.shop/wp-admin/install.php?step=1"
162.158.94.232 - - [22/Jul/2026:03:09:32 +0000] "GET /wp-admin/install.php?step=1 HTTP/1.1" 404 75516 "-" "http://doradgreatresources.shop/wp-admin/install.php?step=1"
185.177.72.49 - - [22/Jul/2026:03:26:53 +0000] "POST / HTTP/1.1" 200 89954 "-" "Mozilla/5.0 (Windows NT 10.0; Win64; x64) AppleWebKit/537.36"
185.177.72.49 - - [22/Jul/2026:03:26:54 +0000] "POST / HTTP/1.1" 200 89954 "-" "Mozilla/5.0 (Windows NT 10.0; Win64; x64) AppleWebKit/537.36"
185.177.72.49 - - [22/Jul/2026:03:26:56 +0000] "POST /_next HTTP/1.1" 404 75516 "-" "Mozilla/5.0 (Windows NT 10.0; Win64; x64) AppleWebKit/537.36"
185.177.72.49 - - [22/Jul/2026:03:26:57 +0000] "POST /api HTTP/1.1" 404 75516 "-" "Mozilla/5.0 (Windows NT 10.0; Win64; x64) AppleWebKit/537.36"
185.177.72.49 - - [22/Jul/2026:03:26:59 +0000] "POST /api/auth HTTP/1.1" 404 75516 "-" "Mozilla/5.0 (Windows NT 10.0; Win64; x64) AppleWebKit/537.36"
185.177.72.49 - - [22/Jul/2026:03:27:00 +0000] "POST /api/auth/callback HTTP/1.1" 404 75516 "-" "Mozilla/5.0 (Windows NT 10.0; Win64; x64) AppleWebKit/537.36"
185.177.72.49 - - [22/Jul/2026:03:27:02 +0000] "POST /api/auth/session HTTP/1.1" 404 75516 "-" "Mozilla/5.0 (Windows NT 10.0; Win64; x64) AppleWebKit/537.36"
185.177.72.49 - - [22/Jul/2026:03:27:03 +0000] "POST /_rsc HTTP/1.1" 404 75516 "-" "Mozilla/5.0 (Windows NT 10.0; Win64; x64) AppleWebKit/537.36"
185.177.72.49 - - [22/Jul/2026:03:27:05 +0000] "POST /__rsc HTTP/1.1" 404 75516 "-" "Mozilla/5.0 (Windows NT 10.0; Win64; x64) AppleWebKit/537.36"
185.177.72.49 - - [22/Jul/2026:03:27:06 +0000] "POST /.action HTTP/1.1" 404 75516 "-" "Mozilla/5.0 (Windows NT 10.0; Win64; x64) AppleWebKit/537.36"
185.177.72.49 - - [22/Jul/2026:03:27:08 +0000] "POST /__nextjs_action HTTP/1.1" 404 75516 "-" "Mozilla/5.0 (Windows NT 10.0; Win64; x64) AppleWebKit/537.36"
185.177.72.49 - - [22/Jul/2026:03:27:09 +0000] "POST /_middleware HTTP/1.1" 404 75516 "-" "Mozilla/5.0 (Windows NT 10.0; Win64; x64) AppleWebKit/537.36"
185.177.72.49 - - [22/Jul/2026:03:27:11 +0000] "POST /_next/image HTTP/1.1" 404 75516 "-" "Mozilla/5.0 (Windows NT 10.0; Win64; x64) AppleWebKit/537.36"
185.177.72.49 - - [22/Jul/2026:03:27:12 +0000] "POST /RSC/aof73wl7r18wbro.txt HTTP/1.1" 404 75516 "-" "Mozilla/5.0 (Windows NT 10.0; Win64; x64) AppleWebKit/537.36"
185.177.72.49 - - [22/Jul/2026:03:27:13 +0000] "POST /RSC/R/nsimuek9109ssrr.txt HTTP/1.1" 404 75516 "-" "Mozilla/5.0 (Windows NT 10.0; Win64; x64) AppleWebKit/537.36"
185.177.72.49 - - [22/Jul/2026:03:27:15 +0000] "POST /vendor/phpunit/phpunit/src/Util/PHP/eval-stdin.php HTTP/1.1" 404 75516 "-" "curl/8.7.1"
185.177.72.49 - - [22/Jul/2026:03:27:16 +0000] "POST /vendor/phpunit/phpunit/Util/PHP/eval-stdin.php HTTP/1.1" 404 75516 "-" "curl/8.7.1"
185.177.72.49 - - [22/Jul/2026:03:27:17 +0000] "POST /laravel/vendor/phpunit/phpunit/src/Util/PHP/eval-stdin.php HTTP/1.1" 404 75516 "-" "curl/8.7.1"
185.177.72.49 - - [22/Jul/2026:03:27:19 +0000] "POST /yii/vendor/phpunit/phpunit/src/Util/PHP/eval-stdin.php HTTP/1.1" 404 75516 "-" "curl/8.7.1"
185.177.72.49 - - [22/Jul/2026:03:27:20 +0000] "POST /zend/vendor/phpunit/phpunit/src/Util/PHP/eval-stdin.php HTTP/1.1" 404 75516 "-" "curl/8.7.1"
185.177.72.49 - - [22/Jul/2026:03:27:22 +0000] "POST /lib/vendor/phpunit/phpunit/src/Util/PHP/eval-stdin.php HTTP/1.1" 404 75516 "-" "curl/8.7.1"
