197.211.59.91 - - [22/Jul/2026:12:40:11 +0000] "POST /wp-admin/admin-ajax.php HTTP/1.1" 200 47 "https://digitalclass.shop/wp-admin/admin.php?page=wpforms-builder&view=settings&form_id=231&section=notifications" "Mozilla/5.0 (Windows NT 10.0; Win64; x64) AppleWebKit/537.36 (KHTML, like Gecko) Chrome/150.0.0.0 Safari/537.36"
198.177.124.148 - - [22/Jul/2026:12:41:14 +0000] "POST /wp-cron.php?doing_wp_cron=1784724074.7099559307098388671875 HTTP/1.1" 200 - "-" "WordPress/7.0.2; https://digitalclass.shop"
197.211.59.91 - - [22/Jul/2026:12:41:13 +0000] "POST /wp-admin/admin-ajax.php HTTP/1.1" 200 77 "https://digitalclass.shop/wp-admin/post.php?post=213&action=elementor" "Mozilla/5.0 (Windows NT 10.0; Win64; x64) AppleWebKit/537.36 (KHTML, like Gecko) Chrome/150.0.0.0 Safari/537.36"
198.177.124.148 - - [22/Jul/2026:12:41:28 +0000] "POST /wp-cron.php?doing_wp_cron=1784724088.4022231101989746093750 HTTP/1.1" 200 - "-" "WordPress/7.0.2; https://digitalclass.shop"
197.211.59.91 - - [22/Jul/2026:12:41:27 +0000] "POST /wp-admin/admin-ajax.php HTTP/1.1" 200 77 "https://digitalclass.shop/wp-admin/post.php?post=213&action=elementor" "Mozilla/5.0 (Windows NT 10.0; Win64; x64) AppleWebKit/537.36 (KHTML, like Gecko) Chrome/150.0.0.0 Safari/537.36"
197.211.59.91 - - [22/Jul/2026:12:41:43 +0000] "POST /wp-admin/admin-ajax.php HTTP/1.1" 200 77 "https://digitalclass.shop/wp-admin/post.php?post=213&action=elementor" "Mozilla/5.0 (Windows NT 10.0; Win64; x64) AppleWebKit/537.36 (KHTML, like Gecko) Chrome/150.0.0.0 Safari/537.36"
197.211.59.91 - - [22/Jul/2026:12:41:57 +0000] "POST /wp-admin/admin-ajax.php HTTP/1.1" 200 77 "https://digitalclass.shop/wp-admin/post.php?post=213&action=elementor" "Mozilla/5.0 (Windows NT 10.0; Win64; x64) AppleWebKit/537.36 (KHTML, like Gecko) Chrome/150.0.0.0 Safari/537.36"
198.177.124.148 - - [22/Jul/2026:12:42:23 +0000] "POST /wp-cron.php?doing_wp_cron=1784724143.5069050788879394531250 HTTP/1.1" 200 - "-" "WordPress/7.0.2; https://digitalclass.shop"
197.211.59.91 - - [22/Jul/2026:12:42:22 +0000] "POST /wp-admin/admin-ajax.php HTTP/1.1" 200 77 "https://digitalclass.shop/wp-admin/post.php?post=213&action=elementor" "Mozilla/5.0 (Windows NT 10.0; Win64; x64) AppleWebKit/537.36 (KHTML, like Gecko) Chrome/150.0.0.0 Safari/537.36"
197.211.59.91 - - [22/Jul/2026:12:42:37 +0000] "POST /wp-admin/admin-ajax.php HTTP/1.1" 200 77 "https://digitalclass.shop/wp-admin/post.php?post=213&action=elementor" "Mozilla/5.0 (Windows NT 10.0; Win64; x64) AppleWebKit/537.36 (KHTML, like Gecko) Chrome/150.0.0.0 Safari/537.36"
197.211.59.91 - - [22/Jul/2026:12:42:53 +0000] "POST /wp-admin/admin-ajax.php HTTP/1.1" 200 77 "https://digitalclass.shop/wp-admin/post.php?post=213&action=elementor" "Mozilla/5.0 (Windows NT 10.0; Win64; x64) AppleWebKit/537.36 (KHTML, like Gecko) Chrome/150.0.0.0 Safari/537.36"
197.211.59.91 - - [22/Jul/2026:12:43:08 +0000] "POST /wp-admin/admin-ajax.php HTTP/1.1" 200 77 "https://digitalclass.shop/wp-admin/post.php?post=213&action=elementor" "Mozilla/5.0 (Windows NT 10.0; Win64; x64) AppleWebKit/537.36 (KHTML, like Gecko) Chrome/150.0.0.0 Safari/537.36"
198.177.124.148 - - [22/Jul/2026:12:43:24 +0000] "POST /wp-cron.php?doing_wp_cron=1784724204.4813840389251708984375 HTTP/1.1" 200 - "-" "WordPress/7.0.2; https://digitalclass.shop"
197.211.59.91 - - [22/Jul/2026:12:43:23 +0000] "POST /wp-admin/admin-ajax.php HTTP/1.1" 200 77 "https://digitalclass.shop/wp-admin/post.php?post=213&action=elementor" "Mozilla/5.0 (Windows NT 10.0; Win64; x64) AppleWebKit/537.36 (KHTML, like Gecko) Chrome/150.0.0.0 Safari/537.36"
197.211.59.91 - - [22/Jul/2026:12:43:38 +0000] "POST /wp-admin/admin-ajax.php HTTP/1.1" 200 77 "https://digitalclass.shop/wp-admin/post.php?post=213&action=elementor" "Mozilla/5.0 (Windows NT 10.0; Win64; x64) AppleWebKit/537.36 (KHTML, like Gecko) Chrome/150.0.0.0 Safari/537.36"
197.211.59.91 - - [22/Jul/2026:12:43:54 +0000] "POST /wp-admin/admin-ajax.php HTTP/1.1" 200 77 "https://digitalclass.shop/wp-admin/post.php?post=213&action=elementor" "Mozilla/5.0 (Windows NT 10.0; Win64; x64) AppleWebKit/537.36 (KHTML, like Gecko) Chrome/150.0.0.0 Safari/537.36"
197.211.59.91 - - [22/Jul/2026:12:44:08 +0000] "POST /wp-admin/admin-ajax.php HTTP/1.1" 200 77 "https://digitalclass.shop/wp-admin/post.php?post=213&action=elementor" "Mozilla/5.0 (Windows NT 10.0; Win64; x64) AppleWebKit/537.36 (KHTML, like Gecko) Chrome/150.0.0.0 Safari/537.36"
198.177.124.148 - - [22/Jul/2026:12:44:26 +0000] "POST /wp-cron.php?doing_wp_cron=1784724266.0506289005279541015625 HTTP/1.1" 200 - "-" "WordPress/7.0.2; https://digitalclass.shop"
197.211.59.91 - - [22/Jul/2026:12:44:24 +0000] "POST /wp-admin/admin-ajax.php HTTP/1.1" 200 77 "https://digitalclass.shop/wp-admin/post.php?post=213&action=elementor" "Mozilla/5.0 (Windows NT 10.0; Win64; x64) AppleWebKit/537.36 (KHTML, like Gecko) Chrome/150.0.0.0 Safari/537.36"
197.211.59.91 - - [22/Jul/2026:12:44:38 +0000] "POST /wp-admin/admin-ajax.php HTTP/1.1" 200 77 "https://digitalclass.shop/wp-admin/post.php?post=213&action=elementor" "Mozilla/5.0 (Windows NT 10.0; Win64; x64) AppleWebKit/537.36 (KHTML, like Gecko) Chrome/150.0.0.0 Safari/537.36"
197.211.59.91 - - [22/Jul/2026:12:44:54 +0000] "POST /wp-admin/admin-ajax.php HTTP/1.1" 200 77 "https://digitalclass.shop/wp-admin/post.php?post=213&action=elementor" "Mozilla/5.0 (Windows NT 10.0; Win64; x64) AppleWebKit/537.36 (KHTML, like Gecko) Chrome/150.0.0.0 Safari/537.36"
197.211.59.91 - - [22/Jul/2026:12:45:09 +0000] "POST /wp-admin/admin-ajax.php HTTP/1.1" 200 77 "https://digitalclass.shop/wp-admin/post.php?post=213&action=elementor" "Mozilla/5.0 (Windows NT 10.0; Win64; x64) AppleWebKit/537.36 (KHTML, like Gecko) Chrome/150.0.0.0 Safari/537.36"
198.177.124.148 - - [22/Jul/2026:12:45:25 +0000] "POST /wp-cron.php?doing_wp_cron=1784724325.3382990360260009765625 HTTP/1.1" 200 - "-" "WordPress/7.0.2; https://digitalclass.shop"
197.211.59.91 - - [22/Jul/2026:12:45:24 +0000] "POST /wp-admin/admin-ajax.php HTTP/1.1" 200 77 "https://digitalclass.shop/wp-admin/post.php?post=213&action=elementor" "Mozilla/5.0 (Windows NT 10.0; Win64; x64) AppleWebKit/537.36 (KHTML, like Gecko) Chrome/150.0.0.0 Safari/537.36"
197.211.59.91 - - [22/Jul/2026:12:45:39 +0000] "POST /wp-admin/admin-ajax.php HTTP/1.1" 200 77 "https://digitalclass.shop/wp-admin/post.php?post=213&action=elementor" "Mozilla/5.0 (Windows NT 10.0; Win64; x64) AppleWebKit/537.36 (KHTML, like Gecko) Chrome/150.0.0.0 Safari/537.36"
197.211.59.91 - - [22/Jul/2026:12:45:54 +0000] "POST /wp-admin/admin-ajax.php HTTP/1.1" 200 77 "https://digitalclass.shop/wp-admin/post.php?post=213&action=elementor" "Mozilla/5.0 (Windows NT 10.0; Win64; x64) AppleWebKit/537.36 (KHTML, like Gecko) Chrome/150.0.0.0 Safari/537.36"
197.211.59.91 - - [22/Jul/2026:12:46:09 +0000] "POST /wp-admin/admin-ajax.php HTTP/1.1" 200 77 "https://digitalclass.shop/wp-admin/post.php?post=213&action=elementor" "Mozilla/5.0 (Windows NT 10.0; Win64; x64) AppleWebKit/537.36 (KHTML, like Gecko) Chrome/150.0.0.0 Safari/537.36"
198.177.124.148 - - [22/Jul/2026:12:46:25 +0000] "POST /wp-cron.php?doing_wp_cron=1784724385.2088959217071533203125 HTTP/1.1" 200 - "-" "WordPress/7.0.2; https://digitalclass.shop"
197.211.59.91 - - [22/Jul/2026:12:46:24 +0000] "POST /wp-admin/admin-ajax.php HTTP/1.1" 200 77 "https://digitalclass.shop/wp-admin/post.php?post=213&action=elementor" "Mozilla/5.0 (Windows NT 10.0; Win64; x64) AppleWebKit/537.36 (KHTML, like Gecko) Chrome/150.0.0.0 Safari/537.36"
197.211.59.91 - - [22/Jul/2026:12:46:39 +0000] "POST /wp-admin/admin-ajax.php HTTP/1.1" 200 77 "https://digitalclass.shop/wp-admin/post.php?post=213&action=elementor" "Mozilla/5.0 (Windows NT 10.0; Win64; x64) AppleWebKit/537.36 (KHTML, like Gecko) Chrome/150.0.0.0 Safari/537.36"
197.211.59.91 - - [22/Jul/2026:12:47:14 +0000] "POST /wp-admin/admin-ajax.php HTTP/1.1" 200 77 "https://digitalclass.shop/wp-admin/post.php?post=213&action=elementor" "Mozilla/5.0 (Windows NT 10.0; Win64; x64) AppleWebKit/537.36 (KHTML, like Gecko) Chrome/150.0.0.0 Safari/537.36"
198.177.124.148 - - [22/Jul/2026:12:47:28 +0000] "POST /wp-cron.php?doing_wp_cron=1784724448.2296080589294433593750 HTTP/1.1" 200 - "-" "WordPress/7.0.2; https://digitalclass.shop"
197.211.59.91 - - [22/Jul/2026:12:47:27 +0000] "POST /wp-admin/admin-ajax.php HTTP/1.1" 200 77 "https://digitalclass.shop/wp-admin/post.php?post=213&action=elementor" "Mozilla/5.0 (Windows NT 10.0; Win64; x64) AppleWebKit/537.36 (KHTML, like Gecko) Chrome/150.0.0.0 Safari/537.36"
197.211.59.91 - - [22/Jul/2026:12:47:43 +0000] "POST /wp-admin/admin-ajax.php HTTP/1.1" 200 77 "https://digitalclass.shop/wp-admin/post.php?post=213&action=elementor" "Mozilla/5.0 (Windows NT 10.0; Win64; x64) AppleWebKit/537.36 (KHTML, like Gecko) Chrome/150.0.0.0 Safari/537.36"
197.211.59.91 - - [22/Jul/2026:12:47:57 +0000] "POST /wp-admin/admin-ajax.php HTTP/1.1" 200 77 "https://digitalclass.shop/wp-admin/post.php?post=213&action=elementor" "Mozilla/5.0 (Windows NT 10.0; Win64; x64) AppleWebKit/537.36 (KHTML, like Gecko) Chrome/150.0.0.0 Safari/537.36"
197.211.59.91 - - [22/Jul/2026:12:48:13 +0000] "POST /wp-admin/admin-ajax.php HTTP/1.1" 200 77 "https://digitalclass.shop/wp-admin/post.php?post=213&action=elementor" "Mozilla/5.0 (Windows NT 10.0; Win64; x64) AppleWebKit/537.36 (KHTML, like Gecko) Chrome/150.0.0.0 Safari/537.36"
198.177.124.148 - - [22/Jul/2026:12:48:28 +0000] "POST /wp-cron.php?doing_wp_cron=1784724508.2443640232086181640625 HTTP/1.1" 200 - "-" "WordPress/7.0.2; https://digitalclass.shop"
197.211.59.91 - - [22/Jul/2026:12:48:27 +0000] "POST /wp-admin/admin-ajax.php HTTP/1.1" 200 77 "https://digitalclass.shop/wp-admin/post.php?post=213&action=elementor" "Mozilla/5.0 (Windows NT 10.0; Win64; x64) AppleWebKit/537.36 (KHTML, like Gecko) Chrome/150.0.0.0 Safari/537.36"
197.211.59.91 - - [22/Jul/2026:12:48:43 +0000] "POST /wp-admin/admin-ajax.php HTTP/1.1" 200 77 "https://digitalclass.shop/wp-admin/post.php?post=213&action=elementor" "Mozilla/5.0 (Windows NT 10.0; Win64; x64) AppleWebKit/537.36 (KHTML, like Gecko) Chrome/150.0.0.0 Safari/537.36"
197.211.59.91 - - [22/Jul/2026:12:48:57 +0000] "POST /wp-admin/admin-ajax.php HTTP/1.1" 200 77 "https://digitalclass.shop/wp-admin/post.php?post=213&action=elementor" "Mozilla/5.0 (Windows NT 10.0; Win64; x64) AppleWebKit/537.36 (KHTML, like Gecko) Chrome/150.0.0.0 Safari/537.36"
197.211.59.91 - - [22/Jul/2026:12:49:13 +0000] "POST /wp-admin/admin-ajax.php HTTP/1.1" 200 77 "https://digitalclass.shop/wp-admin/post.php?post=213&action=elementor" "Mozilla/5.0 (Windows NT 10.0; Win64; x64) AppleWebKit/537.36 (KHTML, like Gecko) Chrome/150.0.0.0 Safari/537.36"
198.177.124.148 - - [22/Jul/2026:12:49:28 +0000] "POST /wp-cron.php?doing_wp_cron=1784724568.9018309116363525390625 HTTP/1.1" 200 - "-" "WordPress/7.0.2; https://digitalclass.shop"
197.211.59.91 - - [22/Jul/2026:12:49:28 +0000] "POST /wp-admin/admin-ajax.php HTTP/1.1" 200 77 "https://digitalclass.shop/wp-admin/post.php?post=213&action=elementor" "Mozilla/5.0 (Windows NT 10.0; Win64; x64) AppleWebKit/537.36 (KHTML, like Gecko) Chrome/150.0.0.0 Safari/537.36"
197.211.59.91 - - [22/Jul/2026:12:49:52 +0000] "POST /wp-admin/admin-ajax.php HTTP/1.1" 200 77 "https://digitalclass.shop/wp-admin/post.php?post=213&action=elementor" "Mozilla/5.0 (Windows NT 10.0; Win64; x64) AppleWebKit/537.36 (KHTML, like Gecko) Chrome/150.0.0.0 Safari/537.36"
197.211.59.91 - - [22/Jul/2026:12:50:07 +0000] "POST /wp-admin/admin-ajax.php HTTP/1.1" 200 77 "https://digitalclass.shop/wp-admin/post.php?post=213&action=elementor" "Mozilla/5.0 (Windows NT 10.0; Win64; x64) AppleWebKit/537.36 (KHTML, like Gecko) Chrome/150.0.0.0 Safari/537.36"
198.177.124.148 - - [22/Jul/2026:12:50:24 +0000] "POST /wp-cron.php?doing_wp_cron=1784724624.2298970222473144531250 HTTP/1.1" 200 - "-" "WordPress/7.0.2; https://digitalclass.shop"
197.211.59.91 - - [22/Jul/2026:12:50:23 +0000] "POST /wp-admin/admin-ajax.php HTTP/1.1" 200 77 "https://digitalclass.shop/wp-admin/post.php?post=213&action=elementor" "Mozilla/5.0 (Windows NT 10.0; Win64; x64) AppleWebKit/537.36 (KHTML, like Gecko) Chrome/150.0.0.0 Safari/537.36"
197.211.59.91 - - [22/Jul/2026:12:50:38 +0000] "POST /wp-admin/admin-ajax.php HTTP/1.1" 200 77 "https://digitalclass.shop/wp-admin/post.php?post=213&action=elementor" "Mozilla/5.0 (Windows NT 10.0; Win64; x64) AppleWebKit/537.36 (KHTML, like Gecko) Chrome/150.0.0.0 Safari/537.36"
68.65.120.76 - - [22/Jul/2026:12:50:46 +0000] "GET / HTTP/1.1" 200 99361 "-" "Mozilla/5.0 (Windows NT 10.0; Win64; x64; rv:122.0) Gecko/20100101 Firefox/122.0"
68.65.120.76 - - [22/Jul/2026:12:50:53 +0000] "GET / HTTP/1.1" 200 99361 "-" "Softaculous"
68.65.120.76 - - [22/Jul/2026:12:50:56 +0000] "GET / HTTP/1.1" 200 99361 "-" "Mozilla/5.0 (Windows NT 10.0; Win64; x64; rv:122.0) Gecko/20100101 Firefox/122.0"
197.211.59.91 - - [22/Jul/2026:12:51:12 +0000] "POST /wp-admin/admin-ajax.php HTTP/1.1" 200 77 "https://digitalclass.shop/wp-admin/post.php?post=213&action=elementor" "Mozilla/5.0 (Windows NT 10.0; Win64; x64) AppleWebKit/537.36 (KHTML, like Gecko) Chrome/150.0.0.0 Safari/537.36"
198.177.124.148 - - [22/Jul/2026:12:51:26 +0000] "POST /wp-cron.php?doing_wp_cron=1784724686.6760120391845703125000 HTTP/1.1" 200 - "-" "WordPress/7.0.2; https://digitalclass.shop"
197.211.59.91 - - [22/Jul/2026:12:51:26 +0000] "POST /wp-admin/admin-ajax.php HTTP/1.1" 200 77 "https://digitalclass.shop/wp-admin/post.php?post=213&action=elementor" "Mozilla/5.0 (Windows NT 10.0; Win64; x64) AppleWebKit/537.36 (KHTML, like Gecko) Chrome/150.0.0.0 Safari/537.36"
197.211.59.91 - - [22/Jul/2026:12:51:41 +0000] "POST /wp-admin/admin-ajax.php HTTP/1.1" 200 77 "https://digitalclass.shop/wp-admin/post.php?post=213&action=elementor" "Mozilla/5.0 (Windows NT 10.0; Win64; x64) AppleWebKit/537.36 (KHTML, like Gecko) Chrome/150.0.0.0 Safari/537.36"
197.211.59.91 - - [22/Jul/2026:12:51:56 +0000] "POST /wp-admin/admin-ajax.php HTTP/1.1" 200 77 "https://digitalclass.shop/wp-admin/post.php?post=213&action=elementor" "Mozilla/5.0 (Windows NT 10.0; Win64; x64) AppleWebKit/537.36 (KHTML, like Gecko) Chrome/150.0.0.0 Safari/537.36"
197.211.59.91 - - [22/Jul/2026:12:52:11 +0000] "POST /wp-admin/admin-ajax.php HTTP/1.1" 200 77 "https://digitalclass.shop/wp-admin/post.php?post=213&action=elementor" "Mozilla/5.0 (Windows NT 10.0; Win64; x64) AppleWebKit/537.36 (KHTML, like Gecko) Chrome/150.0.0.0 Safari/537.36"
198.177.124.148 - - [22/Jul/2026:12:52:28 +0000] "POST /wp-cron.php?doing_wp_cron=1784724748.7186388969421386718750 HTTP/1.1" 200 - "-" "WordPress/7.0.2; https://digitalclass.shop"
197.211.59.91 - - [22/Jul/2026:12:52:26 +0000] "POST /wp-admin/admin-ajax.php HTTP/1.1" 200 77 "https://digitalclass.shop/wp-admin/post.php?post=213&action=elementor" "Mozilla/5.0 (Windows NT 10.0; Win64; x64) AppleWebKit/537.36 (KHTML, like Gecko) Chrome/150.0.0.0 Safari/537.36"
173.239.240.111 - - [22/Jul/2026:12:52:27 +0000] "GET /wp-login.php HTTP/1.1" 200 4727 "-" "Mozilla/5.0 (Windows NT 10.0; Win64; x64) AppleWebKit/537.36 Chrome/129.0.0.0 Safari/537.36"
173.239.240.111 - - [22/Jul/2026:12:52:32 +0000] "GET /?author=1 HTTP/1.1" 301 - "-" "Mozilla/5.0 (Windows NT 10.0; Win64; rv:143.0) Gecko/20100101 Firefox/143.0"
173.239.240.111 - - [22/Jul/2026:12:52:35 +0000] "GET /?rest_route=/wp/v2/users HTTP/1.1" 200 878 "-" "Mozilla/5.0 (Windows NT 10.0; Win64; x64) AppleWebKit/537.36 Chrome/129.0.0.0 Safari/537.36"
197.211.59.91 - - [22/Jul/2026:12:52:56 +0000] "POST /wp-admin/admin-ajax.php HTTP/1.1" 200 77 "https://digitalclass.shop/wp-admin/post.php?post=213&action=elementor" "Mozilla/5.0 (Windows NT 10.0; Win64; x64) AppleWebKit/537.36 (KHTML, like Gecko) Chrome/150.0.0.0 Safari/537.36"
197.211.59.91 - - [22/Jul/2026:12:53:10 +0000] "POST /wp-admin/admin-ajax.php HTTP/1.1" 200 77 "https://digitalclass.shop/wp-admin/post.php?post=213&action=elementor" "Mozilla/5.0 (Windows NT 10.0; Win64; x64) AppleWebKit/537.36 (KHTML, like Gecko) Chrome/150.0.0.0 Safari/537.36"
198.177.124.148 - - [22/Jul/2026:12:53:27 +0000] "POST /wp-cron.php?doing_wp_cron=1784724807.4643630981445312500000 HTTP/1.1" 200 - "-" "WordPress/7.0.2; https://digitalclass.shop"
197.211.59.91 - - [22/Jul/2026:12:53:26 +0000] "POST /wp-admin/admin-ajax.php HTTP/1.1" 200 77 "https://digitalclass.shop/wp-admin/post.php?post=213&action=elementor" "Mozilla/5.0 (Windows NT 10.0; Win64; x64) AppleWebKit/537.36 (KHTML, like Gecko) Chrome/150.0.0.0 Safari/537.36"
197.211.59.91 - - [22/Jul/2026:12:53:40 +0000] "POST /wp-admin/admin-ajax.php HTTP/1.1" 200 77 "https://digitalclass.shop/wp-admin/post.php?post=213&action=elementor" "Mozilla/5.0 (Windows NT 10.0; Win64; x64) AppleWebKit/537.36 (KHTML, like Gecko) Chrome/150.0.0.0 Safari/537.36"
198.177.124.148 - - [22/Jul/2026:12:54:01 +0000] "POST /wp-cron.php?doing_wp_cron=1784724841.2749829292297363281250 HTTP/1.1" 200 - "-" "WordPress/7.0.2; https://digitalclass.shop"
197.211.59.91 - - [22/Jul/2026:12:54:00 +0000] "POST /wp-admin/admin-ajax.php HTTP/1.1" 200 77 "https://digitalclass.shop/wp-admin/post.php?post=213&action=elementor" "Mozilla/5.0 (Windows NT 10.0; Win64; x64) AppleWebKit/537.36 (KHTML, like Gecko) Chrome/150.0.0.0 Safari/537.36"
197.211.59.91 - - [22/Jul/2026:12:54:14 +0000] "POST /wp-admin/admin-ajax.php HTTP/1.1" 200 77 "https://digitalclass.shop/wp-admin/post.php?post=213&action=elementor" "Mozilla/5.0 (Windows NT 10.0; Win64; x64) AppleWebKit/537.36 (KHTML, like Gecko) Chrome/150.0.0.0 Safari/537.36"
198.177.124.148 - - [22/Jul/2026:12:54:31 +0000] "POST /wp-cron.php?doing_wp_cron=1784724871.2344179153442382812500 HTTP/1.1" 200 - "-" "WordPress/7.0.2; https://digitalclass.shop"
197.211.59.91 - - [22/Jul/2026:12:54:30 +0000] "POST /wp-admin/admin-ajax.php HTTP/1.1" 200 77 "https://digitalclass.shop/wp-admin/post.php?post=213&action=elementor" "Mozilla/5.0 (Windows NT 10.0; Win64; x64) AppleWebKit/537.36 (KHTML, like Gecko) Chrome/150.0.0.0 Safari/537.36"
197.211.59.91 - - [22/Jul/2026:12:54:53 +0000] "POST /wp-admin/admin-ajax.php HTTP/1.1" 200 77 "https://digitalclass.shop/wp-admin/post.php?post=213&action=elementor" "Mozilla/5.0 (Windows NT 10.0; Win64; x64) AppleWebKit/537.36 (KHTML, like Gecko) Chrome/150.0.0.0 Safari/537.36"
197.211.59.91 - - [22/Jul/2026:12:55:08 +0000] "POST /wp-admin/admin-ajax.php HTTP/1.1" 200 77 "https://digitalclass.shop/wp-admin/post.php?post=213&action=elementor" "Mozilla/5.0 (Windows NT 10.0; Win64; x64) AppleWebKit/537.36 (KHTML, like Gecko) Chrome/150.0.0.0 Safari/537.36"
198.177.124.148 - - [22/Jul/2026:12:55:23 +0000] "POST /wp-cron.php?doing_wp_cron=1784724923.8563458919525146484375 HTTP/1.1" 200 - "-" "WordPress/7.0.2; https://digitalclass.shop"
197.211.59.91 - - [22/Jul/2026:12:55:23 +0000] "POST /wp-admin/admin-ajax.php HTTP/1.1" 200 77 "https://digitalclass.shop/wp-admin/post.php?post=213&action=elementor" "Mozilla/5.0 (Windows NT 10.0; Win64; x64) AppleWebKit/537.36 (KHTML, like Gecko) Chrome/150.0.0.0 Safari/537.36"
197.211.59.91 - - [22/Jul/2026:12:55:38 +0000] "POST /wp-admin/admin-ajax.php HTTP/1.1" 200 77 "https://digitalclass.shop/wp-admin/post.php?post=213&action=elementor" "Mozilla/5.0 (Windows NT 10.0; Win64; x64) AppleWebKit/537.36 (KHTML, like Gecko) Chrome/150.0.0.0 Safari/537.36"
197.211.59.91 - - [22/Jul/2026:12:55:53 +0000] "POST /wp-admin/admin-ajax.php HTTP/1.1" 200 77 "https://digitalclass.shop/wp-admin/post.php?post=213&action=elementor" "Mozilla/5.0 (Windows NT 10.0; Win64; x64) AppleWebKit/537.36 (KHTML, like Gecko) Chrome/150.0.0.0 Safari/537.36"
197.211.59.91 - - [22/Jul/2026:12:56:08 +0000] "POST /wp-admin/admin-ajax.php HTTP/1.1" 200 77 "https://digitalclass.shop/wp-admin/post.php?post=213&action=elementor" "Mozilla/5.0 (Windows NT 10.0; Win64; x64) AppleWebKit/537.36 (KHTML, like Gecko) Chrome/150.0.0.0 Safari/537.36"
198.177.124.148 - - [22/Jul/2026:12:56:24 +0000] "POST /wp-cron.php?doing_wp_cron=1784724984.6536369323730468750000 HTTP/1.1" 200 - "-" "WordPress/7.0.2; https://digitalclass.shop"
197.211.59.91 - - [22/Jul/2026:12:56:23 +0000] "POST /wp-admin/admin-ajax.php HTTP/1.1" 200 77 "https://digitalclass.shop/wp-admin/post.php?post=213&action=elementor" "Mozilla/5.0 (Windows NT 10.0; Win64; x64) AppleWebKit/537.36 (KHTML, like Gecko) Chrome/150.0.0.0 Safari/537.36"
197.211.59.91 - - [22/Jul/2026:12:56:38 +0000] "POST /wp-admin/admin-ajax.php HTTP/1.1" 200 77 "https://digitalclass.shop/wp-admin/post.php?post=213&action=elementor" "Mozilla/5.0 (Windows NT 10.0; Win64; x64) AppleWebKit/537.36 (KHTML, like Gecko) Chrome/150.0.0.0 Safari/537.36"
197.211.59.91 - - [22/Jul/2026:12:56:53 +0000] "POST /wp-admin/admin-ajax.php HTTP/1.1" 200 77 "https://digitalclass.shop/wp-admin/post.php?post=213&action=elementor" "Mozilla/5.0 (Windows NT 10.0; Win64; x64) AppleWebKit/537.36 (KHTML, like Gecko) Chrome/150.0.0.0 Safari/537.36"
197.211.59.91 - - [22/Jul/2026:12:57:08 +0000] "POST /wp-admin/admin-ajax.php HTTP/1.1" 200 77 "https://digitalclass.shop/wp-admin/post.php?post=213&action=elementor" "Mozilla/5.0 (Windows NT 10.0; Win64; x64) AppleWebKit/537.36 (KHTML, like Gecko) Chrome/150.0.0.0 Safari/537.36"
198.177.124.148 - - [22/Jul/2026:12:57:26 +0000] "POST /wp-cron.php?doing_wp_cron=1784725046.1654310226440429687500 HTTP/1.1" 200 - "-" "WordPress/7.0.2; https://digitalclass.shop"
197.211.59.91 - - [22/Jul/2026:12:57:23 +0000] "POST /wp-admin/admin-ajax.php HTTP/1.1" 200 77 "https://digitalclass.shop/wp-admin/post.php?post=213&action=elementor" "Mozilla/5.0 (Windows NT 10.0; Win64; x64) AppleWebKit/537.36 (KHTML, like Gecko) Chrome/150.0.0.0 Safari/537.36"
197.211.59.91 - - [22/Jul/2026:12:57:38 +0000] "POST /wp-admin/admin-ajax.php HTTP/1.1" 200 77 "https://digitalclass.shop/wp-admin/post.php?post=213&action=elementor" "Mozilla/5.0 (Windows NT 10.0; Win64; x64) AppleWebKit/537.36 (KHTML, like Gecko) Chrome/150.0.0.0 Safari/537.36"
197.211.59.91 - - [22/Jul/2026:12:57:53 +0000] "POST /wp-admin/admin-ajax.php HTTP/1.1" 200 77 "https://digitalclass.shop/wp-admin/post.php?post=213&action=elementor" "Mozilla/5.0 (Windows NT 10.0; Win64; x64) AppleWebKit/537.36 (KHTML, like Gecko) Chrome/150.0.0.0 Safari/537.36"
197.211.59.91 - - [22/Jul/2026:12:58:08 +0000] "POST /wp-admin/admin-ajax.php HTTP/1.1" 200 77 "https://digitalclass.shop/wp-admin/post.php?post=213&action=elementor" "Mozilla/5.0 (Windows NT 10.0; Win64; x64) AppleWebKit/537.36 (KHTML, like Gecko) Chrome/150.0.0.0 Safari/537.36"
198.177.124.148 - - [22/Jul/2026:12:58:26 +0000] "POST /wp-cron.php?doing_wp_cron=1784725106.2916369438171386718750 HTTP/1.1" 200 - "-" "WordPress/7.0.2; https://digitalclass.shop"
197.211.59.91 - - [22/Jul/2026:12:58:23 +0000] "POST /wp-admin/admin-ajax.php HTTP/1.1" 200 77 "https://digitalclass.shop/wp-admin/post.php?post=213&action=elementor" "Mozilla/5.0 (Windows NT 10.0; Win64; x64) AppleWebKit/537.36 (KHTML, like Gecko) Chrome/150.0.0.0 Safari/537.36"
197.211.59.91 - - [22/Jul/2026:12:58:38 +0000] "POST /wp-admin/admin-ajax.php HTTP/1.1" 200 77 "https://digitalclass.shop/wp-admin/post.php?post=213&action=elementor" "Mozilla/5.0 (Windows NT 10.0; Win64; x64) AppleWebKit/537.36 (KHTML, like Gecko) Chrome/150.0.0.0 Safari/537.36"
197.211.59.91 - - [22/Jul/2026:12:58:53 +0000] "POST /wp-admin/admin-ajax.php HTTP/1.1" 200 77 "https://digitalclass.shop/wp-admin/post.php?post=213&action=elementor" "Mozilla/5.0 (Windows NT 10.0; Win64; x64) AppleWebKit/537.36 (KHTML, like Gecko) Chrome/150.0.0.0 Safari/537.36"
197.211.59.91 - - [22/Jul/2026:12:59:08 +0000] "POST /wp-admin/admin-ajax.php HTTP/1.1" 200 77 "https://digitalclass.shop/wp-admin/post.php?post=213&action=elementor" "Mozilla/5.0 (Windows NT 10.0; Win64; x64) AppleWebKit/537.36 (KHTML, like Gecko) Chrome/150.0.0.0 Safari/537.36"
198.177.124.148 - - [22/Jul/2026:12:59:27 +0000] "POST /wp-cron.php?doing_wp_cron=1784725167.7398641109466552734375 HTTP/1.1" 200 - "-" "WordPress/7.0.2; https://digitalclass.shop"
197.211.59.91 - - [22/Jul/2026:12:59:25 +0000] "POST /wp-admin/admin-ajax.php HTTP/1.1" 200 77 "https://digitalclass.shop/wp-admin/post.php?post=213&action=elementor" "Mozilla/5.0 (Windows NT 10.0; Win64; x64) AppleWebKit/537.36 (KHTML, like Gecko) Chrome/150.0.0.0 Safari/537.36"
197.211.59.91 - - [22/Jul/2026:12:59:39 +0000] "POST /wp-admin/admin-ajax.php HTTP/1.1" 200 77 "https://digitalclass.shop/wp-admin/post.php?post=213&action=elementor" "Mozilla/5.0 (Windows NT 10.0; Win64; x64) AppleWebKit/537.36 (KHTML, like Gecko) Chrome/150.0.0.0 Safari/537.36"
197.211.59.91 - - [22/Jul/2026:12:59:55 +0000] "POST /wp-admin/admin-ajax.php HTTP/1.1" 200 77 "https://digitalclass.shop/wp-admin/post.php?post=213&action=elementor" "Mozilla/5.0 (Windows NT 10.0; Win64; x64) AppleWebKit/537.36 (KHTML, like Gecko) Chrome/150.0.0.0 Safari/537.36"
197.211.59.91 - - [22/Jul/2026:13:00:09 +0000] "POST /wp-admin/admin-ajax.php HTTP/1.1" 200 77 "https://digitalclass.shop/wp-admin/post.php?post=213&action=elementor" "Mozilla/5.0 (Windows NT 10.0; Win64; x64) AppleWebKit/537.36 (KHTML, like Gecko) Chrome/150.0.0.0 Safari/537.36"
198.177.124.148 - - [22/Jul/2026:13:00:35 +0000] "POST /wp-cron.php?doing_wp_cron=1784725235.7388470172882080078125 HTTP/1.1" 200 - "-" "WordPress/7.0.2; https://digitalclass.shop"
197.211.59.91 - - [22/Jul/2026:13:00:34 +0000] "POST /wp-admin/admin-ajax.php HTTP/1.1" 200 77 "https://digitalclass.shop/wp-admin/post.php?post=213&action=elementor" "Mozilla/5.0 (Windows NT 10.0; Win64; x64) AppleWebKit/537.36 (KHTML, like Gecko) Chrome/150.0.0.0 Safari/537.36"
197.211.59.91 - - [22/Jul/2026:13:00:49 +0000] "POST /wp-admin/admin-ajax.php HTTP/1.1" 200 77 "https://digitalclass.shop/wp-admin/post.php?post=213&action=elementor" "Mozilla/5.0 (Windows NT 10.0; Win64; x64) AppleWebKit/537.36 (KHTML, like Gecko) Chrome/150.0.0.0 Safari/537.36"
197.211.59.91 - - [22/Jul/2026:13:01:03 +0000] "POST /wp-admin/admin-ajax.php HTTP/1.1" 200 77 "https://digitalclass.shop/wp-admin/post.php?post=213&action=elementor" "Mozilla/5.0 (Windows NT 10.0; Win64; x64) AppleWebKit/537.36 (KHTML, like Gecko) Chrome/150.0.0.0 Safari/537.36"
197.211.59.91 - - [22/Jul/2026:13:01:24 +0000] "POST /wp-admin/admin-ajax.php HTTP/1.1" 200 77 "https://digitalclass.shop/wp-admin/post.php?post=213&action=elementor" "Mozilla/5.0 (Windows NT 10.0; Win64; x64) AppleWebKit/537.36 (KHTML, like Gecko) Chrome/150.0.0.0 Safari/537.36"
197.211.59.91 - - [22/Jul/2026:13:01:38 +0000] "POST /wp-admin/admin-ajax.php HTTP/1.1" 200 77 "https://digitalclass.shop/wp-admin/post.php?post=213&action=elementor" "Mozilla/5.0 (Windows NT 10.0; Win64; x64) AppleWebKit/537.36 (KHTML, like Gecko) Chrome/150.0.0.0 Safari/537.36"
197.211.59.91 - - [22/Jul/2026:13:02:13 +0000] "POST /wp-admin/admin-ajax.php HTTP/1.1" 200 77 "https://digitalclass.shop/wp-admin/post.php?post=213&action=elementor" "Mozilla/5.0 (Windows NT 10.0; Win64; x64) AppleWebKit/537.36 (KHTML, like Gecko) Chrome/150.0.0.0 Safari/537.36"
197.211.59.91 - - [22/Jul/2026:13:02:22 +0000] "POST /wp-admin/admin-ajax.php HTTP/1.1" 200 77 "https://digitalclass.shop/wp-admin/post.php?post=213&action=elementor" "Mozilla/5.0 (Windows NT 10.0; Win64; x64) AppleWebKit/537.36 (KHTML, like Gecko) Chrome/150.0.0.0 Safari/537.36"
198.177.124.148 - - [22/Jul/2026:13:02:39 +0000] "POST /wp-cron.php?doing_wp_cron=1784725359.1013219356536865234375 HTTP/1.1" 200 - "-" "WordPress/7.0.2; https://digitalclass.shop"
197.211.59.91 - - [22/Jul/2026:13:02:37 +0000] "POST /wp-admin/admin-ajax.php HTTP/1.1" 200 77 "https://digitalclass.shop/wp-admin/post.php?post=213&action=elementor" "Mozilla/5.0 (Windows NT 10.0; Win64; x64) AppleWebKit/537.36 (KHTML, like Gecko) Chrome/150.0.0.0 Safari/537.36"
197.211.59.91 - - [22/Jul/2026:13:02:52 +0000] "POST /wp-admin/admin-ajax.php HTTP/1.1" 200 77 "https://digitalclass.shop/wp-admin/post.php?post=213&action=elementor" "Mozilla/5.0 (Windows NT 10.0; Win64; x64) AppleWebKit/537.36 (KHTML, like Gecko) Chrome/150.0.0.0 Safari/537.36"
197.211.59.91 - - [22/Jul/2026:13:03:08 +0000] "POST /wp-admin/admin-ajax.php HTTP/1.1" 200 77 "https://digitalclass.shop/wp-admin/post.php?post=213&action=elementor" "Mozilla/5.0 (Windows NT 10.0; Win64; x64) AppleWebKit/537.36 (KHTML, like Gecko) Chrome/150.0.0.0 Safari/537.36"
198.177.124.148 - - [22/Jul/2026:13:03:24 +0000] "POST /wp-cron.php?doing_wp_cron=1784725404.4401850700378417968750 HTTP/1.1" 200 - "-" "WordPress/7.0.2; https://digitalclass.shop"
197.211.59.91 - - [22/Jul/2026:13:03:22 +0000] "POST /wp-admin/admin-ajax.php HTTP/1.1" 200 77 "https://digitalclass.shop/wp-admin/post.php?post=213&action=elementor" "Mozilla/5.0 (Windows NT 10.0; Win64; x64) AppleWebKit/537.36 (KHTML, like Gecko) Chrome/150.0.0.0 Safari/537.36"
197.211.59.91 - - [22/Jul/2026:13:03:38 +0000] "POST /wp-admin/admin-ajax.php HTTP/1.1" 200 77 "https://digitalclass.shop/wp-admin/post.php?post=213&action=elementor" "Mozilla/5.0 (Windows NT 10.0; Win64; x64) AppleWebKit/537.36 (KHTML, like Gecko) Chrome/150.0.0.0 Safari/537.36"
197.211.59.91 - - [22/Jul/2026:13:03:52 +0000] "POST /wp-admin/admin-ajax.php HTTP/1.1" 200 77 "https://digitalclass.shop/wp-admin/post.php?post=213&action=elementor" "Mozilla/5.0 (Windows NT 10.0; Win64; x64) AppleWebKit/537.36 (KHTML, like Gecko) Chrome/150.0.0.0 Safari/537.36"
197.211.59.91 - - [22/Jul/2026:13:04:08 +0000] "POST /wp-admin/admin-ajax.php HTTP/1.1" 200 77 "https://digitalclass.shop/wp-admin/post.php?post=213&action=elementor" "Mozilla/5.0 (Windows NT 10.0; Win64; x64) AppleWebKit/537.36 (KHTML, like Gecko) Chrome/150.0.0.0 Safari/537.36"
198.177.124.148 - - [22/Jul/2026:13:04:25 +0000] "POST /wp-cron.php?doing_wp_cron=1784725464.9498090744018554687500 HTTP/1.1" 200 - "-" "WordPress/7.0.2; https://digitalclass.shop"
197.211.59.91 - - [22/Jul/2026:13:04:23 +0000] "POST /wp-admin/admin-ajax.php HTTP/1.1" 200 77 "https://digitalclass.shop/wp-admin/post.php?post=213&action=elementor" "Mozilla/5.0 (Windows NT 10.0; Win64; x64) AppleWebKit/537.36 (KHTML, like Gecko) Chrome/150.0.0.0 Safari/537.36"
197.211.59.91 - - [22/Jul/2026:13:04:38 +0000] "POST /wp-admin/admin-ajax.php HTTP/1.1" 200 77 "https://digitalclass.shop/wp-admin/post.php?post=213&action=elementor" "Mozilla/5.0 (Windows NT 10.0; Win64; x64) AppleWebKit/537.36 (KHTML, like Gecko) Chrome/150.0.0.0 Safari/537.36"
197.211.59.91 - - [22/Jul/2026:13:04:53 +0000] "POST /wp-admin/admin-ajax.php HTTP/1.1" 200 77 "https://digitalclass.shop/wp-admin/post.php?post=213&action=elementor" "Mozilla/5.0 (Windows NT 10.0; Win64; x64) AppleWebKit/537.36 (KHTML, like Gecko) Chrome/150.0.0.0 Safari/537.36"
197.211.59.91 - - [22/Jul/2026:13:05:08 +0000] "POST /wp-admin/admin-ajax.php HTTP/1.1" 200 77 "https://digitalclass.shop/wp-admin/post.php?post=213&action=elementor" "Mozilla/5.0 (Windows NT 10.0; Win64; x64) AppleWebKit/537.36 (KHTML, like Gecko) Chrome/150.0.0.0 Safari/537.36"
198.177.124.148 - - [22/Jul/2026:13:05:58 +0000] "POST /wp-cron.php?doing_wp_cron=1784725558.3887710571289062500000 HTTP/1.1" 200 - "-" "WordPress/7.0.2; https://digitalclass.shop"
197.211.59.91 - - [22/Jul/2026:13:05:56 +0000] "POST /wp-admin/admin-ajax.php HTTP/1.1" 200 77 "https://digitalclass.shop/wp-admin/post.php?post=213&action=elementor" "Mozilla/5.0 (Windows NT 10.0; Win64; x64) AppleWebKit/537.36 (KHTML, like Gecko) Chrome/150.0.0.0 Safari/537.36"
197.211.59.91 - - [22/Jul/2026:13:06:12 +0000] "POST /wp-admin/admin-ajax.php HTTP/1.1" 200 77 "https://digitalclass.shop/wp-admin/post.php?post=213&action=elementor" "Mozilla/5.0 (Windows NT 10.0; Win64; x64) AppleWebKit/537.36 (KHTML, like Gecko) Chrome/150.0.0.0 Safari/537.36"
198.177.124.148 - - [22/Jul/2026:13:06:27 +0000] "POST /wp-cron.php?doing_wp_cron=1784725587.4474980831146240234375 HTTP/1.1" 200 - "-" "WordPress/7.0.2; https://digitalclass.shop"
197.211.59.91 - - [22/Jul/2026:13:06:26 +0000] "POST /wp-admin/admin-ajax.php HTTP/1.1" 200 77 "https://digitalclass.shop/wp-admin/post.php?post=213&action=elementor" "Mozilla/5.0 (Windows NT 10.0; Win64; x64) AppleWebKit/537.36 (KHTML, like Gecko) Chrome/150.0.0.0 Safari/537.36"
197.211.59.91 - - [22/Jul/2026:13:06:42 +0000] "POST /wp-admin/admin-ajax.php HTTP/1.1" 200 77 "https://digitalclass.shop/wp-admin/post.php?post=213&action=elementor" "Mozilla/5.0 (Windows NT 10.0; Win64; x64) AppleWebKit/537.36 (KHTML, like Gecko) Chrome/150.0.0.0 Safari/537.36"
198.177.124.148 - - [22/Jul/2026:13:07:34 +0000] "POST /wp-cron.php?doing_wp_cron=1784725654.6266078948974609375000 HTTP/1.1" 200 - "-" "WordPress/7.0.2; https://digitalclass.shop"
197.211.59.91 - - [22/Jul/2026:13:07:32 +0000] "POST /wp-admin/admin-ajax.php HTTP/1.1" 200 77 "https://digitalclass.shop/wp-admin/post.php?post=213&action=elementor" "Mozilla/5.0 (Windows NT 10.0; Win64; x64) AppleWebKit/537.36 (KHTML, like Gecko) Chrome/150.0.0.0 Safari/537.36"
197.211.59.91 - - [22/Jul/2026:13:07:47 +0000] "POST /wp-admin/admin-ajax.php HTTP/1.1" 200 77 "https://digitalclass.shop/wp-admin/post.php?post=213&action=elementor" "Mozilla/5.0 (Windows NT 10.0; Win64; x64) AppleWebKit/537.36 (KHTML, like Gecko) Chrome/150.0.0.0 Safari/537.36"
197.211.59.91 - - [22/Jul/2026:13:08:02 +0000] "POST /wp-admin/admin-ajax.php HTTP/1.1" 200 77 "https://digitalclass.shop/wp-admin/post.php?post=213&action=elementor" "Mozilla/5.0 (Windows NT 10.0; Win64; x64) AppleWebKit/537.36 (KHTML, like Gecko) Chrome/150.0.0.0 Safari/537.36"
198.177.124.148 - - [22/Jul/2026:13:08:29 +0000] "POST /wp-cron.php?doing_wp_cron=1784725709.0227859020233154296875 HTTP/1.1" 200 - "-" "WordPress/7.0.2; https://digitalclass.shop"
197.211.59.91 - - [22/Jul/2026:13:08:26 +0000] "POST /wp-admin/admin-ajax.php HTTP/1.1" 200 77 "https://digitalclass.shop/wp-admin/post.php?post=213&action=elementor" "Mozilla/5.0 (Windows NT 10.0; Win64; x64) AppleWebKit/537.36 (KHTML, like Gecko) Chrome/150.0.0.0 Safari/537.36"
197.211.59.91 - - [22/Jul/2026:13:08:53 +0000] "POST /wp-admin/admin-ajax.php HTTP/1.1" 200 77 "https://digitalclass.shop/wp-admin/post.php?post=213&action=elementor" "Mozilla/5.0 (Windows NT 10.0; Win64; x64) AppleWebKit/537.36 (KHTML, like Gecko) Chrome/150.0.0.0 Safari/537.36"
197.211.59.91 - - [22/Jul/2026:13:09:08 +0000] "POST /wp-admin/admin-ajax.php HTTP/1.1" 200 77 "https://digitalclass.shop/wp-admin/post.php?post=213&action=elementor" "Mozilla/5.0 (Windows NT 10.0; Win64; x64) AppleWebKit/537.36 (KHTML, like Gecko) Chrome/150.0.0.0 Safari/537.36"
198.177.124.148 - - [22/Jul/2026:13:09:58 +0000] "POST /wp-cron.php?doing_wp_cron=1784725798.7906050682067871093750 HTTP/1.1" 200 - "-" "WordPress/7.0.2; https://digitalclass.shop"
197.211.59.91 - - [22/Jul/2026:13:09:55 +0000] "POST /wp-admin/admin-ajax.php HTTP/1.1" 200 77 "https://digitalclass.shop/wp-admin/post.php?post=213&action=elementor" "Mozilla/5.0 (Windows NT 10.0; Win64; x64) AppleWebKit/537.36 (KHTML, like Gecko) Chrome/150.0.0.0 Safari/537.36"
185.191.171.8 - - [22/Jul/2026:13:10:53 +0000] "GET /robots.txt HTTP/1.1" 200 97 "-" "Mozilla/5.0 (compatible; SemrushBot/7~bl; +http://www.semrush.com/bot.html)"
197.211.59.91 - - [22/Jul/2026:13:10:56 +0000] "POST /wp-admin/admin-ajax.php HTTP/1.1" 200 77 "https://digitalclass.shop/wp-admin/post.php?post=213&action=elementor" "Mozilla/5.0 (Windows NT 10.0; Win64; x64) AppleWebKit/537.36 (KHTML, like Gecko) Chrome/150.0.0.0 Safari/537.36"
85.208.96.198 - - [22/Jul/2026:13:10:56 +0000] "GET /category/uncategorized/ HTTP/1.1" 404 89718 "-" "Mozilla/5.0 (compatible; SemrushBot/7~bl; +http://www.semrush.com/bot.html)"
197.211.59.91 - - [22/Jul/2026:13:11:06 +0000] "POST /wp-admin/admin-ajax.php HTTP/1.1" 200 77 "https://digitalclass.shop/wp-admin/post.php?post=213&action=elementor" "Mozilla/5.0 (Windows NT 10.0; Win64; x64) AppleWebKit/537.36 (KHTML, like Gecko) Chrome/150.0.0.0 Safari/537.36"
198.177.124.148 - - [22/Jul/2026:13:11:23 +0000] "POST /wp-cron.php?doing_wp_cron=1784725883.0308909416198730468750 HTTP/1.1" 200 - "-" "WordPress/7.0.2; https://digitalclass.shop"
197.211.59.91 - - [22/Jul/2026:13:11:21 +0000] "POST /wp-admin/admin-ajax.php HTTP/1.1" 200 77 "https://digitalclass.shop/wp-admin/post.php?post=213&action=elementor" "Mozilla/5.0 (Windows NT 10.0; Win64; x64) AppleWebKit/537.36 (KHTML, like Gecko) Chrome/150.0.0.0 Safari/537.36"
197.211.59.91 - - [22/Jul/2026:13:11:43 +0000] "POST /wp-admin/admin-ajax.php HTTP/1.1" 200 77 "https://digitalclass.shop/wp-admin/post.php?post=213&action=elementor" "Mozilla/5.0 (Windows NT 10.0; Win64; x64) AppleWebKit/537.36 (KHTML, like Gecko) Chrome/150.0.0.0 Safari/537.36"
197.211.59.91 - - [22/Jul/2026:13:11:58 +0000] "POST /wp-admin/admin-ajax.php HTTP/1.1" 200 77 "https://digitalclass.shop/wp-admin/post.php?post=213&action=elementor" "Mozilla/5.0 (Windows NT 10.0; Win64; x64) AppleWebKit/537.36 (KHTML, like Gecko) Chrome/150.0.0.0 Safari/537.36"
198.177.124.148 - - [22/Jul/2026:13:12:24 +0000] "POST /wp-cron.php?doing_wp_cron=1784725944.1228890419006347656250 HTTP/1.1" 200 - "-" "WordPress/7.0.2; https://digitalclass.shop"
197.211.59.91 - - [22/Jul/2026:13:12:22 +0000] "POST /wp-admin/admin-ajax.php HTTP/1.1" 200 77 "https://digitalclass.shop/wp-admin/post.php?post=213&action=elementor" "Mozilla/5.0 (Windows NT 10.0; Win64; x64) AppleWebKit/537.36 (KHTML, like Gecko) Chrome/150.0.0.0 Safari/537.36"
197.211.59.91 - - [22/Jul/2026:13:12:38 +0000] "POST /wp-admin/admin-ajax.php HTTP/1.1" 200 77 "https://digitalclass.shop/wp-admin/post.php?post=213&action=elementor" "Mozilla/5.0 (Windows NT 10.0; Win64; x64) AppleWebKit/537.36 (KHTML, like Gecko) Chrome/150.0.0.0 Safari/537.36"
197.211.59.91 - - [22/Jul/2026:13:12:54 +0000] "POST /wp-admin/admin-ajax.php HTTP/1.1" 200 77 "https://digitalclass.shop/wp-admin/post.php?post=213&action=elementor" "Mozilla/5.0 (Windows NT 10.0; Win64; x64) AppleWebKit/537.36 (KHTML, like Gecko) Chrome/150.0.0.0 Safari/537.36"
197.211.59.91 - - [22/Jul/2026:13:13:09 +0000] "POST /wp-admin/admin-ajax.php HTTP/1.1" 200 77 "https://digitalclass.shop/wp-admin/post.php?post=213&action=elementor" "Mozilla/5.0 (Windows NT 10.0; Win64; x64) AppleWebKit/537.36 (KHTML, like Gecko) Chrome/150.0.0.0 Safari/537.36"
198.177.124.148 - - [22/Jul/2026:13:13:27 +0000] "POST /wp-cron.php?doing_wp_cron=1784726007.8759469985961914062500 HTTP/1.1" 200 - "-" "WordPress/7.0.2; https://digitalclass.shop"
197.211.59.91 - - [22/Jul/2026:13:13:24 +0000] "POST /wp-admin/admin-ajax.php HTTP/1.1" 200 77 "https://digitalclass.shop/wp-admin/post.php?post=213&action=elementor" "Mozilla/5.0 (Windows NT 10.0; Win64; x64) AppleWebKit/537.36 (KHTML, like Gecko) Chrome/150.0.0.0 Safari/537.36"
197.211.59.91 - - [22/Jul/2026:13:13:40 +0000] "POST /wp-admin/admin-ajax.php HTTP/1.1" 200 77 "https://digitalclass.shop/wp-admin/post.php?post=213&action=elementor" "Mozilla/5.0 (Windows NT 10.0; Win64; x64) AppleWebKit/537.36 (KHTML, like Gecko) Chrome/150.0.0.0 Safari/537.36"
197.211.59.91 - - [22/Jul/2026:13:13:54 +0000] "POST /wp-admin/admin-ajax.php HTTP/1.1" 200 77 "https://digitalclass.shop/wp-admin/post.php?post=213&action=elementor" "Mozilla/5.0 (Windows NT 10.0; Win64; x64) AppleWebKit/537.36 (KHTML, like Gecko) Chrome/150.0.0.0 Safari/537.36"
197.211.59.91 - - [22/Jul/2026:13:14:09 +0000] "POST /wp-admin/admin-ajax.php HTTP/1.1" 200 77 "https://digitalclass.shop/wp-admin/post.php?post=213&action=elementor" "Mozilla/5.0 (Windows NT 10.0; Win64; x64) AppleWebKit/537.36 (KHTML, like Gecko) Chrome/150.0.0.0 Safari/537.36"
198.177.124.148 - - [22/Jul/2026:13:14:26 +0000] "POST /wp-cron.php?doing_wp_cron=1784726066.7774279117584228515625 HTTP/1.1" 200 - "-" "WordPress/7.0.2; https://digitalclass.shop"
197.211.59.91 - - [22/Jul/2026:13:14:24 +0000] "POST /wp-admin/admin-ajax.php HTTP/1.1" 200 77 "https://digitalclass.shop/wp-admin/post.php?post=213&action=elementor" "Mozilla/5.0 (Windows NT 10.0; Win64; x64) AppleWebKit/537.36 (KHTML, like Gecko) Chrome/150.0.0.0 Safari/537.36"
197.211.59.91 - - [22/Jul/2026:13:14:39 +0000] "POST /wp-admin/admin-ajax.php HTTP/1.1" 200 77 "https://digitalclass.shop/wp-admin/post.php?post=213&action=elementor" "Mozilla/5.0 (Windows NT 10.0; Win64; x64) AppleWebKit/537.36 (KHTML, like Gecko) Chrome/150.0.0.0 Safari/537.36"
197.211.59.91 - - [22/Jul/2026:13:14:55 +0000] "POST /wp-admin/admin-ajax.php HTTP/1.1" 200 77 "https://digitalclass.shop/wp-admin/post.php?post=213&action=elementor" "Mozilla/5.0 (Windows NT 10.0; Win64; x64) AppleWebKit/537.36 (KHTML, like Gecko) Chrome/150.0.0.0 Safari/537.36"
197.211.59.91 - - [22/Jul/2026:13:15:10 +0000] "POST /wp-admin/admin-ajax.php HTTP/1.1" 200 77 "https://digitalclass.shop/wp-admin/post.php?post=213&action=elementor" "Mozilla/5.0 (Windows NT 10.0; Win64; x64) AppleWebKit/537.36 (KHTML, like Gecko) Chrome/150.0.0.0 Safari/537.36"
198.177.124.148 - - [22/Jul/2026:13:15:30 +0000] "POST /wp-cron.php?doing_wp_cron=1784726130.0830121040344238281250 HTTP/1.1" 200 - "-" "WordPress/7.0.2; https://digitalclass.shop"
197.211.59.91 - - [22/Jul/2026:13:15:25 +0000] "POST /wp-admin/admin-ajax.php HTTP/1.1" 200 77 "https://digitalclass.shop/wp-admin/post.php?post=213&action=elementor" "Mozilla/5.0 (Windows NT 10.0; Win64; x64) AppleWebKit/537.36 (KHTML, like Gecko) Chrome/150.0.0.0 Safari/537.36"
197.211.59.91 - - [22/Jul/2026:13:15:52 +0000] "POST /wp-admin/admin-ajax.php HTTP/1.1" 200 77 "https://digitalclass.shop/wp-admin/post.php?post=213&action=elementor" "Mozilla/5.0 (Windows NT 10.0; Win64; x64) AppleWebKit/537.36 (KHTML, like Gecko) Chrome/150.0.0.0 Safari/537.36"
198.177.124.148 - - [22/Jul/2026:13:16:24 +0000] "POST /wp-cron.php?doing_wp_cron=1784726184.3071439266204833984375 HTTP/1.1" 200 - "-" "WordPress/7.0.2; https://digitalclass.shop"
197.211.59.91 - - [22/Jul/2026:13:16:22 +0000] "POST /wp-admin/admin-ajax.php HTTP/1.1" 200 77 "https://digitalclass.shop/wp-admin/post.php?post=213&action=elementor" "Mozilla/5.0 (Windows NT 10.0; Win64; x64) AppleWebKit/537.36 (KHTML, like Gecko) Chrome/150.0.0.0 Safari/537.36"
197.211.59.91 - - [22/Jul/2026:13:16:38 +0000] "POST /wp-admin/admin-ajax.php HTTP/1.1" 200 77 "https://digitalclass.shop/wp-admin/post.php?post=213&action=elementor" "Mozilla/5.0 (Windows NT 10.0; Win64; x64) AppleWebKit/537.36 (KHTML, like Gecko) Chrome/150.0.0.0 Safari/537.36"
197.211.59.91 - - [22/Jul/2026:13:16:56 +0000] "POST /wp-admin/admin-ajax.php HTTP/1.1" 200 77 "https://digitalclass.shop/wp-admin/post.php?post=213&action=elementor" "Mozilla/5.0 (Windows NT 10.0; Win64; x64) AppleWebKit/537.36 (KHTML, like Gecko) Chrome/150.0.0.0 Safari/537.36"
198.177.124.148 - - [22/Jul/2026:13:17:25 +0000] "POST /wp-cron.php?doing_wp_cron=1784726245.5859661102294921875000 HTTP/1.1" 200 - "-" "WordPress/7.0.2; https://digitalclass.shop"
197.211.59.91 - - [22/Jul/2026:13:17:23 +0000] "POST /wp-admin/admin-ajax.php HTTP/1.1" 200 77 "https://digitalclass.shop/wp-admin/post.php?post=213&action=elementor" "Mozilla/5.0 (Windows NT 10.0; Win64; x64) AppleWebKit/537.36 (KHTML, like Gecko) Chrome/150.0.0.0 Safari/537.36"
197.211.59.91 - - [22/Jul/2026:13:17:37 +0000] "POST /wp-admin/admin-ajax.php HTTP/1.1" 200 77 "https://digitalclass.shop/wp-admin/post.php?post=213&action=elementor" "Mozilla/5.0 (Windows NT 10.0; Win64; x64) AppleWebKit/537.36 (KHTML, like Gecko) Chrome/150.0.0.0 Safari/537.36"
197.211.59.91 - - [22/Jul/2026:13:18:00 +0000] "POST /wp-admin/admin-ajax.php HTTP/1.1" 200 77 "https://digitalclass.shop/wp-admin/post.php?post=213&action=elementor" "Mozilla/5.0 (Windows NT 10.0; Win64; x64) AppleWebKit/537.36 (KHTML, like Gecko) Chrome/150.0.0.0 Safari/537.36"
197.211.59.91 - - [22/Jul/2026:13:18:14 +0000] "POST /wp-admin/admin-ajax.php HTTP/1.1" 200 77 "https://digitalclass.shop/wp-admin/post.php?post=213&action=elementor" "Mozilla/5.0 (Windows NT 10.0; Win64; x64) AppleWebKit/537.36 (KHTML, like Gecko) Chrome/150.0.0.0 Safari/537.36"
198.177.124.148 - - [22/Jul/2026:13:18:34 +0000] "POST /wp-cron.php?doing_wp_cron=1784726314.4687719345092773437500 HTTP/1.1" 200 - "-" "WordPress/7.0.2; https://digitalclass.shop"
197.211.59.91 - - [22/Jul/2026:13:18:30 +0000] "POST /wp-admin/admin-ajax.php HTTP/1.1" 200 77 "https://digitalclass.shop/wp-admin/post.php?post=213&action=elementor" "Mozilla/5.0 (Windows NT 10.0; Win64; x64) AppleWebKit/537.36 (KHTML, like Gecko) Chrome/150.0.0.0 Safari/537.36"
197.211.59.91 - - [22/Jul/2026:13:19:01 +0000] "POST /wp-admin/admin-ajax.php HTTP/1.1" 200 77 "https://digitalclass.shop/wp-admin/post.php?post=213&action=elementor" "Mozilla/5.0 (Windows NT 10.0; Win64; x64) AppleWebKit/537.36 (KHTML, like Gecko) Chrome/150.0.0.0 Safari/537.36"
197.211.59.91 - - [22/Jul/2026:13:19:17 +0000] "POST /wp-admin/admin-ajax.php HTTP/1.1" 200 77 "https://digitalclass.shop/wp-admin/post.php?post=213&action=elementor" "Mozilla/5.0 (Windows NT 10.0; Win64; x64) AppleWebKit/537.36 (KHTML, like Gecko) Chrome/150.0.0.0 Safari/537.36"
198.177.124.148 - - [22/Jul/2026:13:20:09 +0000] "POST /wp-cron.php?doing_wp_cron=1784726409.1646330356597900390625 HTTP/1.1" 200 - "-" "WordPress/7.0.2; https://digitalclass.shop"
197.211.59.91 - - [22/Jul/2026:13:20:07 +0000] "POST /wp-admin/admin-ajax.php HTTP/1.1" 200 77 "https://digitalclass.shop/wp-admin/post.php?post=213&action=elementor" "Mozilla/5.0 (Windows NT 10.0; Win64; x64) AppleWebKit/537.36 (KHTML, like Gecko) Chrome/150.0.0.0 Safari/537.36"
192.71.126.249 - - [22/Jul/2026:13:20:15 +0000] "GET /category/uncategorized/ HTTP/1.1" 200 89718 "-" "Mozilla/5.0 (Windows NT 10.0; Win64; x64) AppleWebKit/537.36 (KHTML, like Gecko) Chrome/122.0.0.0 Safari/537.3"
192.71.142.134 - - [22/Jul/2026:13:20:19 +0000] "GET /author/digital/ HTTP/1.1" 200 89623 "-" "Mozilla/5.0 (Windows NT 10.0; Win64; x64) AppleWebKit/537.36 (KHTML, like Gecko) Chrome/122.0.0.0 Safari/537.3"
198.177.124.148 - - [22/Jul/2026:13:20:24 +0000] "POST /wp-cron.php?doing_wp_cron=1784726424.0268568992614746093750 HTTP/1.1" 200 - "-" "WordPress/7.0.2; https://digitalclass.shop"
192.71.126.245 - - [22/Jul/2026:13:20:22 +0000] "GET /hello-world/ HTTP/1.1" 200 106996 "-" "Mozilla/5.0 (Windows NT 10.0; Win64; x64) AppleWebKit/537.36 (KHTML, like Gecko) Chrome/122.0.0.0 Safari/537.3"
197.211.59.91 - - [22/Jul/2026:13:20:23 +0000] "POST /wp-admin/admin-ajax.php HTTP/1.1" 200 77 "https://digitalclass.shop/wp-admin/post.php?post=213&action=elementor" "Mozilla/5.0 (Windows NT 10.0; Win64; x64) AppleWebKit/537.36 (KHTML, like Gecko) Chrome/150.0.0.0 Safari/537.36"
197.211.59.91 - - [22/Jul/2026:13:20:37 +0000] "POST /wp-admin/admin-ajax.php HTTP/1.1" 200 77 "https://digitalclass.shop/wp-admin/post.php?post=213&action=elementor" "Mozilla/5.0 (Windows NT 10.0; Win64; x64) AppleWebKit/537.36 (KHTML, like Gecko) Chrome/150.0.0.0 Safari/537.36"
197.211.59.91 - - [22/Jul/2026:13:21:19 +0000] "POST /wp-admin/admin-ajax.php HTTP/1.1" 200 77 "https://digitalclass.shop/wp-admin/post.php?post=213&action=elementor" "Mozilla/5.0 (Windows NT 10.0; Win64; x64) AppleWebKit/537.36 (KHTML, like Gecko) Chrome/150.0.0.0 Safari/537.36"
198.177.124.148 - - [22/Jul/2026:13:21:34 +0000] "POST /wp-cron.php?doing_wp_cron=1784726494.7757980823516845703125 HTTP/1.1" 200 - "-" "WordPress/7.0.2; https://digitalclass.shop"
197.211.59.91 - - [22/Jul/2026:13:21:33 +0000] "POST /wp-admin/admin-ajax.php HTTP/1.1" 200 77 "https://digitalclass.shop/wp-admin/post.php?post=213&action=elementor" "Mozilla/5.0 (Windows NT 10.0; Win64; x64) AppleWebKit/537.36 (KHTML, like Gecko) Chrome/150.0.0.0 Safari/537.36"
197.211.59.91 - - [22/Jul/2026:13:21:52 +0000] "POST /wp-admin/admin-ajax.php HTTP/1.1" 200 77 "https://digitalclass.shop/wp-admin/post.php?post=213&action=elementor" "Mozilla/5.0 (Windows NT 10.0; Win64; x64) AppleWebKit/537.36 (KHTML, like Gecko) Chrome/150.0.0.0 Safari/537.36"
197.211.59.91 - - [22/Jul/2026:13:22:07 +0000] "POST /wp-admin/admin-ajax.php HTTP/1.1" 200 77 "https://digitalclass.shop/wp-admin/post.php?post=213&action=elementor" "Mozilla/5.0 (Windows NT 10.0; Win64; x64) AppleWebKit/537.36 (KHTML, like Gecko) Chrome/150.0.0.0 Safari/537.36"
198.177.124.148 - - [22/Jul/2026:13:22:25 +0000] "POST /wp-cron.php?doing_wp_cron=1784726545.3250219821929931640625 HTTP/1.1" 200 - "-" "WordPress/7.0.2; https://digitalclass.shop"
197.211.59.91 - - [22/Jul/2026:13:22:23 +0000] "POST /wp-admin/admin-ajax.php HTTP/1.1" 200 77 "https://digitalclass.shop/wp-admin/post.php?post=213&action=elementor" "Mozilla/5.0 (Windows NT 10.0; Win64; x64) AppleWebKit/537.36 (KHTML, like Gecko) Chrome/150.0.0.0 Safari/537.36"
197.211.59.91 - - [22/Jul/2026:13:22:37 +0000] "POST /wp-admin/admin-ajax.php HTTP/1.1" 200 77 "https://digitalclass.shop/wp-admin/post.php?post=213&action=elementor" "Mozilla/5.0 (Windows NT 10.0; Win64; x64) AppleWebKit/537.36 (KHTML, like Gecko) Chrome/150.0.0.0 Safari/537.36"
197.211.59.91 - - [22/Jul/2026:13:22:53 +0000] "POST /wp-admin/admin-ajax.php HTTP/1.1" 200 77 "https://digitalclass.shop/wp-admin/post.php?post=213&action=elementor" "Mozilla/5.0 (Windows NT 10.0; Win64; x64) AppleWebKit/537.36 (KHTML, like Gecko) Chrome/150.0.0.0 Safari/537.36"
197.211.59.91 - - [22/Jul/2026:13:23:07 +0000] "POST /wp-admin/admin-ajax.php HTTP/1.1" 200 77 "https://digitalclass.shop/wp-admin/post.php?post=213&action=elementor" "Mozilla/5.0 (Windows NT 10.0; Win64; x64) AppleWebKit/537.36 (KHTML, like Gecko) Chrome/150.0.0.0 Safari/537.36"
198.177.124.148 - - [22/Jul/2026:13:23:24 +0000] "POST /wp-cron.php?doing_wp_cron=1784726604.7410109043121337890625 HTTP/1.1" 200 - "-" "WordPress/7.0.2; https://digitalclass.shop"
197.211.59.91 - - [22/Jul/2026:13:23:23 +0000] "POST /wp-admin/admin-ajax.php HTTP/1.1" 200 77 "https://digitalclass.shop/wp-admin/post.php?post=213&action=elementor" "Mozilla/5.0 (Windows NT 10.0; Win64; x64) AppleWebKit/537.36 (KHTML, like Gecko) Chrome/150.0.0.0 Safari/537.36"
197.211.59.91 - - [22/Jul/2026:13:23:37 +0000] "POST /wp-admin/admin-ajax.php HTTP/1.1" 200 77 "https://digitalclass.shop/wp-admin/post.php?post=213&action=elementor" "Mozilla/5.0 (Windows NT 10.0; Win64; x64) AppleWebKit/537.36 (KHTML, like Gecko) Chrome/150.0.0.0 Safari/537.36"
