197.211.59.91 - - [22/Jul/2026:12:26:20 +0000] "GET /wp-content/plugins/elementor/assets/js/packages/editor-global-classes/editor-global-classes.min.js?ver=4.1.5 HTTP/1.1" 200 82434 "-" "Mozilla/5.0 (Windows NT 10.0; Win64; x64) AppleWebKit/537.36 (KHTML, like Gecko) Chrome/150.0.0.0 Safari/537.36"
197.211.59.91 - - [22/Jul/2026:12:26:20 +0000] "POST /wp-admin/admin-ajax.php HTTP/1.1" 200 77 "https://digitalclass.shop/wp-admin/post.php?post=133&action=elementor" "Mozilla/5.0 (Windows NT 10.0; Win64; x64) AppleWebKit/537.36 (KHTML, like Gecko) Chrome/150.0.0.0 Safari/537.36"
198.177.124.148 - - [22/Jul/2026:12:26:26 +0000] "POST /wp-cron.php?doing_wp_cron=1784723186.0380930900573730468750 HTTP/1.1" 200 - "-" "WordPress/7.0.2; https://digitalclass.shop"
124.123.100.130 - - [22/Jul/2026:12:26:25 +0000] "POST /xmlrpc.php HTTP/1.1" 200 403 "-" "Jetpack by WordPress.com (Jetpack 13.0; WordPress 6.2)"
197.211.59.91 - - [22/Jul/2026:12:26:35 +0000] "POST /wp-admin/admin-ajax.php HTTP/1.1" 200 77 "https://digitalclass.shop/wp-admin/post.php?post=133&action=elementor" "Mozilla/5.0 (Windows NT 10.0; Win64; x64) AppleWebKit/537.36 (KHTML, like Gecko) Chrome/150.0.0.0 Safari/537.36"
124.123.100.130 - - [22/Jul/2026:12:26:35 +0000] "POST /xmlrpc.php HTTP/1.1" 200 403 "-" "WordPress.com; https://wordpress.com"
124.123.100.130 - - [22/Jul/2026:12:26:46 +0000] "POST /xmlrpc.php HTTP/1.1" 200 403 "-" "Jetpack by WordPress.com (Jetpack 13.0; WordPress 6.1)"
197.211.59.91 - - [22/Jul/2026:12:26:50 +0000] "POST /wp-admin/admin-ajax.php HTTP/1.1" 200 77 "https://digitalclass.shop/wp-admin/post.php?post=133&action=elementor" "Mozilla/5.0 (Windows NT 10.0; Win64; x64) AppleWebKit/537.36 (KHTML, like Gecko) Chrome/150.0.0.0 Safari/537.36"
124.123.100.130 - - [22/Jul/2026:12:26:56 +0000] "POST /xmlrpc.php HTTP/1.1" 200 403 "-" "Jetpack by WordPress.com (Jetpack 12.0; WordPress 6.4)"
197.211.59.91 - - [22/Jul/2026:12:26:56 +0000] "GET /wp-admin/edit.php?post_type=page HTTP/1.1" 200 200920 "https://digitalclass.shop/wp-admin/" "Mozilla/5.0 (Windows NT 10.0; Win64; x64) AppleWebKit/537.36 (KHTML, like Gecko) Chrome/150.0.0.0 Safari/537.36"
197.211.59.91 - - [22/Jul/2026:12:27:01 +0000] "POST /wp-admin/admin-ajax.php HTTP/1.1" 200 47 "https://digitalclass.shop/wp-admin/edit.php?post_type=page" "Mozilla/5.0 (Windows NT 10.0; Win64; x64) AppleWebKit/537.36 (KHTML, like Gecko) Chrome/150.0.0.0 Safari/537.36"
197.211.59.91 - - [22/Jul/2026:12:27:04 +0000] "POST /wp-admin/admin-ajax.php HTTP/1.1" 200 47 "https://digitalclass.shop/wp-admin/admin.php?page=wpforms-builder&view=settings&form_id=231&section=notifications" "Mozilla/5.0 (Windows NT 10.0; Win64; x64) AppleWebKit/537.36 (KHTML, like Gecko) Chrome/150.0.0.0 Safari/537.36"
40.77.167.49 - - [22/Jul/2026:12:27:03 +0000] "GET /massager/ HTTP/1.1" 404 57241 "-" "Mozilla/5.0 AppleWebKit/537.36 (KHTML, like Gecko; compatible; bingbot/2.0; +http://www.bing.com/bingbot.htm) Chrome/116.0.1938.76 Safari/537.36"
124.123.100.130 - - [22/Jul/2026:12:27:07 +0000] "POST /xmlrpc.php HTTP/1.1" 200 403 "-" "Jetpack/13.0; WordPress/6.1; http://site59436672.com"
197.211.59.91 - - [22/Jul/2026:12:27:11 +0000] "POST /wp-admin/admin-ajax.php HTTP/1.1" 200 47 "https://digitalclass.shop/wp-admin/edit.php?post_type=page" "Mozilla/5.0 (Windows NT 10.0; Win64; x64) AppleWebKit/537.36 (KHTML, like Gecko) Chrome/150.0.0.0 Safari/537.36"
124.123.100.130 - - [22/Jul/2026:12:27:17 +0000] "POST /xmlrpc.php HTTP/1.1" 200 403 "-" "Jetpack/13.0; WordPress/6.3; http://site61019473.com"
198.177.124.148 - - [22/Jul/2026:12:27:22 +0000] "POST /wp-cron.php?doing_wp_cron=1784723242.1549150943756103515625 HTTP/1.1" 200 - "-" "WordPress/7.0.2; https://digitalclass.shop"
197.211.59.91 - - [22/Jul/2026:12:27:21 +0000] "POST /wp-admin/admin-ajax.php HTTP/1.1" 200 47 "https://digitalclass.shop/wp-admin/edit.php?post_type=page" "Mozilla/5.0 (Windows NT 10.0; Win64; x64) AppleWebKit/537.36 (KHTML, like Gecko) Chrome/150.0.0.0 Safari/537.36"
124.123.100.130 - - [22/Jul/2026:12:27:28 +0000] "POST /xmlrpc.php HTTP/1.1" 200 403 "-" "Jetpack/12.0; WordPress/6.2; http://site54348549.com"
197.211.59.91 - - [22/Jul/2026:12:27:31 +0000] "POST /wp-admin/admin-ajax.php HTTP/1.1" 200 47 "https://digitalclass.shop/wp-admin/edit.php?post_type=page" "Mozilla/5.0 (Windows NT 10.0; Win64; x64) AppleWebKit/537.36 (KHTML, like Gecko) Chrome/150.0.0.0 Safari/537.36"
124.123.100.130 - - [22/Jul/2026:12:27:39 +0000] "POST /xmlrpc.php HTTP/1.1" 200 403 "-" "Jetpack/12.5; WordPress/6.1; http://site63776704.com"
197.211.59.91 - - [22/Jul/2026:12:27:41 +0000] "POST /wp-admin/admin-ajax.php HTTP/1.1" 200 47 "https://digitalclass.shop/wp-admin/edit.php?post_type=page" "Mozilla/5.0 (Windows NT 10.0; Win64; x64) AppleWebKit/537.36 (KHTML, like Gecko) Chrome/150.0.0.0 Safari/537.36"
197.211.59.91 - - [22/Jul/2026:12:27:45 +0000] "GET /wp-admin/post.php?post=213&action=elementor HTTP/1.1" 200 2289532 "https://digitalclass.shop/wp-admin/edit.php?post_type=page" "Mozilla/5.0 (Windows NT 10.0; Win64; x64) AppleWebKit/537.36 (KHTML, like Gecko) Chrome/150.0.0.0 Safari/537.36"
124.123.100.130 - - [22/Jul/2026:12:27:49 +0000] "POST /xmlrpc.php HTTP/1.1" 200 403 "-" "Jetpack/12.5; WordPress/6.2; http://site47979948.com"
197.211.59.91 - - [22/Jul/2026:12:27:52 +0000] "GET /wp-json/elementor/v1/variables/list HTTP/1.1" 200 64 "https://digitalclass.shop/wp-admin/post.php?post=213&action=elementor" "Mozilla/5.0 (Windows NT 10.0; Win64; x64) AppleWebKit/537.36 (KHTML, like Gecko) Chrome/150.0.0.0 Safari/537.36"
197.211.59.91 - - [22/Jul/2026:12:27:53 +0000] "POST /wp-admin/admin-ajax.php HTTP/1.1" 200 77 "https://digitalclass.shop/wp-admin/post.php?post=213&action=elementor" "Mozilla/5.0 (Windows NT 10.0; Win64; x64) AppleWebKit/537.36 (KHTML, like Gecko) Chrome/150.0.0.0 Safari/537.36"
197.211.59.91 - - [22/Jul/2026:12:27:52 +0000] "GET /massager/?elementor-preview=213&ver=1784723267 HTTP/1.1" 200 82700 "https://digitalclass.shop/wp-admin/post.php?post=213&action=elementor" "Mozilla/5.0 (Windows NT 10.0; Win64; x64) AppleWebKit/537.36 (KHTML, like Gecko) Chrome/150.0.0.0 Safari/537.36"
197.211.59.91 - - [22/Jul/2026:12:27:56 +0000] "GET /wp-content/uploads/elementor/css/local-213-preview-desktop.css?ver=6a60b74af3c97 HTTP/1.1" 200 1040 "https://digitalclass.shop/massager/?elementor-preview=213&ver=1784723267" "Mozilla/5.0 (Windows NT 10.0; Win64; x64) AppleWebKit/537.36 (KHTML, like Gecko) Chrome/150.0.0.0 Safari/537.36"
197.211.59.91 - - [22/Jul/2026:12:27:53 +0000] "GET /wp-json/elementor/v1/site-navigation/recent-posts?posts_per_page=6&_locale=user HTTP/1.1" 200 1384 "https://digitalclass.shop/wp-admin/post.php?post=213&action=elementor" "Mozilla/5.0 (Windows NT 10.0; Win64; x64) AppleWebKit/537.36 (KHTML, like Gecko) Chrome/150.0.0.0 Safari/537.36"
197.211.59.91 - - [22/Jul/2026:12:27:53 +0000] "GET /wp-json/elementor/v1/checklist/user-progress HTTP/1.1" 200 534 "https://digitalclass.shop/wp-admin/post.php?post=213&action=elementor" "Mozilla/5.0 (Windows NT 10.0; Win64; x64) AppleWebKit/537.36 (KHTML, like Gecko) Chrome/150.0.0.0 Safari/537.36"
197.211.59.91 - - [22/Jul/2026:12:27:56 +0000] "GET /wp-content/uploads/elementor/css/local-213-preview-mobile.css?ver=6a60b74af3c97 HTTP/1.1" 200 472 "https://digitalclass.shop/massager/?elementor-preview=213&ver=1784723267" "Mozilla/5.0 (Windows NT 10.0; Win64; x64) AppleWebKit/537.36 (KHTML, like Gecko) Chrome/150.0.0.0 Safari/537.36"
197.211.59.91 - - [22/Jul/2026:12:27:54 +0000] "GET /wp-json/elementor/v1/global-classes/usage HTTP/1.1" 200 21 "https://digitalclass.shop/wp-admin/post.php?post=213&action=elementor" "Mozilla/5.0 (Windows NT 10.0; Win64; x64) AppleWebKit/537.36 (KHTML, like Gecko) Chrome/150.0.0.0 Safari/537.36"
197.211.59.91 - - [22/Jul/2026:12:27:54 +0000] "GET /wp-json/elementor/v1/global-classes?context=preview HTTP/1.1" 200 21 "https://digitalclass.shop/wp-admin/post.php?post=213&action=elementor" "Mozilla/5.0 (Windows NT 10.0; Win64; x64) AppleWebKit/537.36 (KHTML, like Gecko) Chrome/150.0.0.0 Safari/537.36"
197.211.59.91 - - [22/Jul/2026:12:27:55 +0000] "GET /wp-json/elementor/v1/global-classes?context=frontend HTTP/1.1" 200 21 "https://digitalclass.shop/wp-admin/post.php?post=213&action=elementor" "Mozilla/5.0 (Windows NT 10.0; Win64; x64) AppleWebKit/537.36 (KHTML, like Gecko) Chrome/150.0.0.0 Safari/537.36"
197.211.59.91 - - [22/Jul/2026:12:27:56 +0000] "GET /wp-json/elementor/v1/kit-elements-defaults HTTP/1.1" 200 2 "https://digitalclass.shop/wp-admin/post.php?post=213&action=elementor" "Mozilla/5.0 (Windows NT 10.0; Win64; x64) AppleWebKit/537.36 (KHTML, like Gecko) Chrome/150.0.0.0 Safari/537.36"
197.211.59.91 - - [22/Jul/2026:12:27:56 +0000] "GET /wp-json/elementor/v1/user-data/current-user?context=edit HTTP/1.1" 200 2678 "https://digitalclass.shop/wp-admin/post.php?post=213&action=elementor" "Mozilla/5.0 (Windows NT 10.0; Win64; x64) AppleWebKit/537.36 (KHTML, like Gecko) Chrome/150.0.0.0 Safari/537.36"
197.211.59.91 - - [22/Jul/2026:12:27:56 +0000] "GET /wp-json/elementor/v1/components HTTP/1.1" 200 21 "https://digitalclass.shop/wp-admin/post.php?post=213&action=elementor" "Mozilla/5.0 (Windows NT 10.0; Win64; x64) AppleWebKit/537.36 (KHTML, like Gecko) Chrome/150.0.0.0 Safari/537.36"
197.211.59.91 - - [22/Jul/2026:12:27:57 +0000] "POST /wp-admin/admin-ajax.php HTTP/1.1" 200 1483494 "https://digitalclass.shop/wp-admin/post.php?post=213&action=elementor" "Mozilla/5.0 (Windows NT 10.0; Win64; x64) AppleWebKit/537.36 (KHTML, like Gecko) Chrome/150.0.0.0 Safari/537.36"
197.211.59.91 - - [22/Jul/2026:12:27:58 +0000] "POST /wp-admin/admin-ajax.php HTTP/1.1" 200 16 "https://digitalclass.shop/wp-admin/post.php?post=213&action=elementor" "Mozilla/5.0 (Windows NT 10.0; Win64; x64) AppleWebKit/537.36 (KHTML, like Gecko) Chrome/150.0.0.0 Safari/537.36"
197.211.59.91 - - [22/Jul/2026:12:27:59 +0000] "POST /wp-json/elementor/v1/design-system-sync/stylesheet HTTP/1.1" 204 - "https://digitalclass.shop/wp-admin/post.php?post=213&action=elementor" "Mozilla/5.0 (Windows NT 10.0; Win64; x64) AppleWebKit/537.36 (KHTML, like Gecko) Chrome/150.0.0.0 Safari/537.36"
124.123.100.130 - - [22/Jul/2026:12:28:00 +0000] "POST /xmlrpc.php HTTP/1.1" 200 403 "-" "Jetpack by WordPress.com"
197.211.59.91 - - [22/Jul/2026:12:28:01 +0000] "GET /wp-json/elementor/v1/globals HTTP/1.1" 200 884 "https://digitalclass.shop/wp-admin/post.php?post=213&action=elementor" "Mozilla/5.0 (Windows NT 10.0; Win64; x64) AppleWebKit/537.36 (KHTML, like Gecko) Chrome/150.0.0.0 Safari/537.36"
197.211.59.91 - - [22/Jul/2026:12:28:01 +0000] "GET /wp-json/wpforms/v1/elementor/themes/?_locale=user HTTP/1.1" 200 9111 "https://digitalclass.shop/massager/?elementor-preview=213&ver=1784723267" "Mozilla/5.0 (Windows NT 10.0; Win64; x64) AppleWebKit/537.36 (KHTML, like Gecko) Chrome/150.0.0.0 Safari/537.36"
197.211.59.91 - - [22/Jul/2026:12:28:01 +0000] "GET /wp-json/?rest_route=%2Fangie%2Fv1%2Felementor-kit%2Fschema HTTP/1.1" 404 114 "https://digitalclass.shop/wp-admin/post.php?post=213&action=elementor" "Mozilla/5.0 (Windows NT 10.0; Win64; x64) AppleWebKit/537.36 (KHTML, like Gecko) Chrome/150.0.0.0 Safari/537.36"
197.211.59.91 - - [22/Jul/2026:12:28:02 +0000] "GET /wp-json/elementor/v1/global-classes/post?context=preview&post_id=213 HTTP/1.1" 200 352 "https://digitalclass.shop/wp-admin/post.php?post=213&action=elementor" "Mozilla/5.0 (Windows NT 10.0; Win64; x64) AppleWebKit/537.36 (KHTML, like Gecko) Chrome/150.0.0.0 Safari/537.36"
197.211.59.91 - - [22/Jul/2026:12:28:07 +0000] "GET /wp-content/plugins/elementor/assets/lib/font-awesome/css/fontawesome.min.css?ver=5.15.3 HTTP/1.1" 200 58071 "https://digitalclass.shop/massager/?elementor-preview=213&ver=1784723267" "Mozilla/5.0 (Windows NT 10.0; Win64; x64) AppleWebKit/537.36 (KHTML, like Gecko) Chrome/150.0.0.0 Safari/537.36"
197.211.59.91 - - [22/Jul/2026:12:28:08 +0000] "GET /wp-content/plugins/elementor/assets/lib/font-awesome/css/brands.min.css?ver=5.15.3 HTTP/1.1" 200 675 "https://digitalclass.shop/massager/?elementor-preview=213&ver=1784723267" "Mozilla/5.0 (Windows NT 10.0; Win64; x64) AppleWebKit/537.36 (KHTML, like Gecko) Chrome/150.0.0.0 Safari/537.36"
197.211.59.91 - - [22/Jul/2026:12:28:09 +0000] "GET /wp-content/plugins/elementor/assets/lib/font-awesome/css/regular.min.css?ver=5.15.3 HTTP/1.1" 200 677 "https://digitalclass.shop/massager/?elementor-preview=213&ver=1784723267" "Mozilla/5.0 (Windows NT 10.0; Win64; x64) AppleWebKit/537.36 (KHTML, like Gecko) Chrome/150.0.0.0 Safari/537.36"
197.211.59.91 - - [22/Jul/2026:12:28:05 +0000] "GET /wp-json/elementor/v1/global-classes/post?context=frontend&post_id=213 HTTP/1.1" 200 335 "https://digitalclass.shop/wp-admin/post.php?post=213&action=elementor" "Mozilla/5.0 (Windows NT 10.0; Win64; x64) AppleWebKit/537.36 (KHTML, like Gecko) Chrome/150.0.0.0 Safari/537.36"
197.211.59.91 - - [22/Jul/2026:12:28:09 +0000] "GET /wp-content/plugins/elementor/assets/lib/font-awesome/css/solid.min.css?ver=5.15.3 HTTP/1.1" 200 669 "https://digitalclass.shop/massager/?elementor-preview=213&ver=1784723267" "Mozilla/5.0 (Windows NT 10.0; Win64; x64) AppleWebKit/537.36 (KHTML, like Gecko) Chrome/150.0.0.0 Safari/537.36"
197.211.59.91 - - [22/Jul/2026:12:28:07 +0000] "POST /wp-admin/admin-ajax.php HTTP/1.1" 200 109 "https://digitalclass.shop/wp-admin/post.php?post=213&action=elementor" "Mozilla/5.0 (Windows NT 10.0; Win64; x64) AppleWebKit/537.36 (KHTML, like Gecko) Chrome/150.0.0.0 Safari/537.36"
197.211.59.91 - - [22/Jul/2026:12:28:07 +0000] "GET /wp-json/elementor/v1/global-classes?context=preview HTTP/1.1" 200 21 "https://digitalclass.shop/wp-admin/post.php?post=213&action=elementor" "Mozilla/5.0 (Windows NT 10.0; Win64; x64) AppleWebKit/537.36 (KHTML, like Gecko) Chrome/150.0.0.0 Safari/537.36"
197.211.59.91 - - [22/Jul/2026:12:28:07 +0000] "POST /wp-admin/admin-ajax.php HTTP/1.1" 200 114 "https://digitalclass.shop/wp-admin/post.php?post=213&action=elementor" "Mozilla/5.0 (Windows NT 10.0; Win64; x64) AppleWebKit/537.36 (KHTML, like Gecko) Chrome/150.0.0.0 Safari/537.36"
197.211.59.91 - - [22/Jul/2026:12:28:07 +0000] "GET /wp-json/elementor/v1/global-classes?context=frontend HTTP/1.1" 200 21 "https://digitalclass.shop/wp-admin/post.php?post=213&action=elementor" "Mozilla/5.0 (Windows NT 10.0; Win64; x64) AppleWebKit/537.36 (KHTML, like Gecko) Chrome/150.0.0.0 Safari/537.36"
197.211.59.91 - - [22/Jul/2026:12:28:09 +0000] "POST /wp-admin/admin-ajax.php HTTP/1.1" 200 1488 "https://digitalclass.shop/wp-admin/post.php?post=213&action=elementor" "Mozilla/5.0 (Windows NT 10.0; Win64; x64) AppleWebKit/537.36 (KHTML, like Gecko) Chrome/150.0.0.0 Safari/537.36"
197.211.59.91 - - [22/Jul/2026:12:28:10 +0000] "POST /wp-admin/admin-ajax.php HTTP/1.1" 200 1573 "https://digitalclass.shop/wp-admin/post.php?post=213&action=elementor" "Mozilla/5.0 (Windows NT 10.0; Win64; x64) AppleWebKit/537.36 (KHTML, like Gecko) Chrome/150.0.0.0 Safari/537.36"
124.123.100.130 - - [22/Jul/2026:12:28:10 +0000] "POST /xmlrpc.php HTTP/1.1" 200 403 "-" "Jetpack by WordPress.com"
197.211.59.91 - - [22/Jul/2026:12:28:12 +0000] "POST /wp-admin/admin-ajax.php HTTP/1.1" 200 77 "https://digitalclass.shop/wp-admin/post.php?post=213&action=elementor" "Mozilla/5.0 (Windows NT 10.0; Win64; x64) AppleWebKit/537.36 (KHTML, like Gecko) Chrome/150.0.0.0 Safari/537.36"
197.211.59.91 - - [22/Jul/2026:12:28:11 +0000] "GET /wp-content/uploads/2026/06/ChatGPT-Image-Jun-11-2026-12_47_25-PM-768x1024-1-150x150.png HTTP/1.1" 404 121964 "https://digitalclass.shop/massager/?elementor-preview=213&ver=1784723267" "Mozilla/5.0 (Windows NT 10.0; Win64; x64) AppleWebKit/537.36 (KHTML, like Gecko) Chrome/150.0.0.0 Safari/537.36"
197.211.59.91 - - [22/Jul/2026:12:28:12 +0000] "GET /wp-content/uploads/2026/06/IMG-20260624-WA0000-150x150.jpg HTTP/1.1" 404 121906 "https://digitalclass.shop/massager/?elementor-preview=213&ver=1784723267" "Mozilla/5.0 (Windows NT 10.0; Win64; x64) AppleWebKit/537.36 (KHTML, like Gecko) Chrome/150.0.0.0 Safari/537.36"
197.211.59.91 - - [22/Jul/2026:12:28:14 +0000] "GET /wp-json/elementor/v1/global-classes/post?context=frontend&post_id=213 HTTP/1.1" 200 335 "https://digitalclass.shop/wp-admin/post.php?post=213&action=elementor" "Mozilla/5.0 (Windows NT 10.0; Win64; x64) AppleWebKit/537.36 (KHTML, like Gecko) Chrome/150.0.0.0 Safari/537.36"
197.211.59.91 - - [22/Jul/2026:12:28:14 +0000] "GET /wp-json/elementor/v1/global-classes/post?context=preview&post_id=213 HTTP/1.1" 200 352 "https://digitalclass.shop/wp-admin/post.php?post=213&action=elementor" "Mozilla/5.0 (Windows NT 10.0; Win64; x64) AppleWebKit/537.36 (KHTML, like Gecko) Chrome/150.0.0.0 Safari/537.36"
197.211.59.91 - - [22/Jul/2026:12:28:12 +0000] "GET /wp-content/uploads/2026/06/FB_IMG_1764943490574-1-150x150.jpg HTTP/1.1" 404 121912 "https://digitalclass.shop/massager/?elementor-preview=213&ver=1784723267" "Mozilla/5.0 (Windows NT 10.0; Win64; x64) AppleWebKit/537.36 (KHTML, like Gecko) Chrome/150.0.0.0 Safari/537.36"
197.211.59.91 - - [22/Jul/2026:12:28:19 +0000] "GET /wp-content/plugins/elementor/assets/js/image-carousel.6167d20b95b33386757b.bundle.min.js HTTP/1.1" 200 408 "https://digitalclass.shop/massager/?elementor-preview=213&ver=1784723267" "Mozilla/5.0 (Windows NT 10.0; Win64; x64) AppleWebKit/537.36 (KHTML, like Gecko) Chrome/150.0.0.0 Safari/537.36"
197.211.59.91 - - [22/Jul/2026:12:28:16 +0000] "GET /wp-content/uploads/2026/07/2026-01-05.png HTTP/1.1" 404 121872 "https://digitalclass.shop/massager/?elementor-preview=213&ver=1784723267" "Mozilla/5.0 (Windows NT 10.0; Win64; x64) AppleWebKit/537.36 (KHTML, like Gecko) Chrome/150.0.0.0 Safari/537.36"
197.211.59.91 - - [22/Jul/2026:12:28:18 +0000] "GET /wp-json/elementor/v1/global-classes/post?context=frontend&post_id=213 HTTP/1.1" 200 335 "https://digitalclass.shop/wp-admin/post.php?post=213&action=elementor" "Mozilla/5.0 (Windows NT 10.0; Win64; x64) AppleWebKit/537.36 (KHTML, like Gecko) Chrome/150.0.0.0 Safari/537.36"
198.177.124.148 - - [22/Jul/2026:12:28:22 +0000] "POST /wp-cron.php?doing_wp_cron=1784723302.2287240028381347656250 HTTP/1.1" 200 - "-" "WordPress/7.0.2; https://digitalclass.shop"
197.211.59.91 - - [22/Jul/2026:12:28:18 +0000] "GET /wp-content/uploads/2026/07/2026-01-05-150x150.png HTTP/1.1" 404 121888 "https://digitalclass.shop/massager/?elementor-preview=213&ver=1784723267" "Mozilla/5.0 (Windows NT 10.0; Win64; x64) AppleWebKit/537.36 (KHTML, like Gecko) Chrome/150.0.0.0 Safari/537.36"
197.211.59.91 - - [22/Jul/2026:12:28:18 +0000] "GET /wp-content/uploads/2026/06/cropped-IMG-20260624-WA0000-150x150.jpg HTTP/1.1" 404 121922 "https://digitalclass.shop/massager/?elementor-preview=213&ver=1784723267" "Mozilla/5.0 (Windows NT 10.0; Win64; x64) AppleWebKit/537.36 (KHTML, like Gecko) Chrome/150.0.0.0 Safari/537.36"
197.211.59.91 - - [22/Jul/2026:12:28:20 +0000] "GET /wp-content/uploads/2026/06/FB_IMG_1764943490574-1-150x150.jpg HTTP/1.1" 404 121909 "https://digitalclass.shop/wp-admin/post.php?post=213&action=elementor" "Mozilla/5.0 (Windows NT 10.0; Win64; x64) AppleWebKit/537.36 (KHTML, like Gecko) Chrome/150.0.0.0 Safari/537.36"
124.123.100.130 - - [22/Jul/2026:12:28:21 +0000] "POST /xmlrpc.php HTTP/1.1" 200 403 "-" "Jetpack/12.0; WordPress/6.1; http://site58726992.com"
197.211.59.91 - - [22/Jul/2026:12:28:19 +0000] "GET /wp-content/uploads/2026/06/FB_IMG_1764943490574-2-150x150.jpg HTTP/1.1" 404 121912 "https://digitalclass.shop/massager/?elementor-preview=213&ver=1784723267" "Mozilla/5.0 (Windows NT 10.0; Win64; x64) AppleWebKit/537.36 (KHTML, like Gecko) Chrome/150.0.0.0 Safari/537.36"
197.211.59.91 - - [22/Jul/2026:12:28:22 +0000] "GET /wp-content/uploads/2026/07/vlc-record-2024-04-12-05h04m47s-videoplayback-1.mp4-1-1.mp4 HTTP/1.1" 404 121962 "https://digitalclass.shop/massager/?elementor-preview=213&ver=1784723267" "Mozilla/5.0 (Windows NT 10.0; Win64; x64) AppleWebKit/537.36 (KHTML, like Gecko) Chrome/150.0.0.0 Safari/537.36"
197.211.59.91 - - [22/Jul/2026:12:28:22 +0000] "GET /wp-content/uploads/2026/06/IMG-20260624-WA0000-150x150.jpg HTTP/1.1" 404 121903 "https://digitalclass.shop/wp-admin/post.php?post=213&action=elementor" "Mozilla/5.0 (Windows NT 10.0; Win64; x64) AppleWebKit/537.36 (KHTML, like Gecko) Chrome/150.0.0.0 Safari/537.36"
197.211.59.91 - - [22/Jul/2026:12:28:24 +0000] "POST /wp-admin/admin-ajax.php HTTP/1.1" 200 77 "https://digitalclass.shop/wp-admin/post.php?post=213&action=elementor" "Mozilla/5.0 (Windows NT 10.0; Win64; x64) AppleWebKit/537.36 (KHTML, like Gecko) Chrome/150.0.0.0 Safari/537.36"
197.211.59.91 - - [22/Jul/2026:12:28:22 +0000] "GET /wp-content/uploads/2026/07/2026-01-05-150x150.png HTTP/1.1" 404 121885 "https://digitalclass.shop/wp-admin/post.php?post=213&action=elementor" "Mozilla/5.0 (Windows NT 10.0; Win64; x64) AppleWebKit/537.36 (KHTML, like Gecko) Chrome/150.0.0.0 Safari/537.36"
197.211.59.91 - - [22/Jul/2026:12:28:23 +0000] "GET /wp-content/uploads/2026/06/ChatGPT-Image-Jun-11-2026-12_47_25-PM-768x1024-1-150x150.png HTTP/1.1" 404 121961 "https://digitalclass.shop/wp-admin/post.php?post=213&action=elementor" "Mozilla/5.0 (Windows NT 10.0; Win64; x64) AppleWebKit/537.36 (KHTML, like Gecko) Chrome/150.0.0.0 Safari/537.36"
197.211.59.91 - - [22/Jul/2026:12:28:23 +0000] "GET /wp-content/uploads/2026/06/cropped-IMG-20260624-WA0000-150x150.jpg HTTP/1.1" 404 121919 "https://digitalclass.shop/wp-admin/post.php?post=213&action=elementor" "Mozilla/5.0 (Windows NT 10.0; Win64; x64) AppleWebKit/537.36 (KHTML, like Gecko) Chrome/150.0.0.0 Safari/537.36"
197.211.59.91 - - [22/Jul/2026:12:28:25 +0000] "GET /wp-content/uploads/2026/06/FB_IMG_1764943490574-1-150x150.jpg HTTP/1.1" 404 121912 "https://digitalclass.shop/massager/?elementor-preview=213&ver=1784723267" "Mozilla/5.0 (Windows NT 10.0; Win64; x64) AppleWebKit/537.36 (KHTML, like Gecko) Chrome/150.0.0.0 Safari/537.36"
197.211.59.91 - - [22/Jul/2026:12:28:26 +0000] "GET /wp-content/uploads/2026/06/FB_IMG_1764943490574-2-150x150.jpg HTTP/1.1" 404 121909 "https://digitalclass.shop/wp-admin/post.php?post=213&action=elementor" "Mozilla/5.0 (Windows NT 10.0; Win64; x64) AppleWebKit/537.36 (KHTML, like Gecko) Chrome/150.0.0.0 Safari/537.36"
197.211.59.91 - - [22/Jul/2026:12:28:26 +0000] "GET /wp-content/uploads/2026/07/2026-01-05.png HTTP/1.1" 404 121869 "https://digitalclass.shop/wp-admin/post.php?post=213&action=elementor" "Mozilla/5.0 (Windows NT 10.0; Win64; x64) AppleWebKit/537.36 (KHTML, like Gecko) Chrome/150.0.0.0 Safari/537.36"
197.211.59.91 - - [22/Jul/2026:12:28:27 +0000] "GET /wp-content/uploads/2026/06/IMG-20260624-WA0000-150x150.jpg HTTP/1.1" 404 121906 "https://digitalclass.shop/massager/?elementor-preview=213&ver=1784723267" "Mozilla/5.0 (Windows NT 10.0; Win64; x64) AppleWebKit/537.36 (KHTML, like Gecko) Chrome/150.0.0.0 Safari/537.36"
197.211.59.91 - - [22/Jul/2026:12:28:28 +0000] "GET /wp-content/uploads/2026/07/2026-01-05-150x150.png HTTP/1.1" 404 121888 "https://digitalclass.shop/massager/?elementor-preview=213&ver=1784723267" "Mozilla/5.0 (Windows NT 10.0; Win64; x64) AppleWebKit/537.36 (KHTML, like Gecko) Chrome/150.0.0.0 Safari/537.36"
197.211.59.91 - - [22/Jul/2026:12:28:29 +0000] "GET /wp-content/uploads/2026/06/ChatGPT-Image-Jun-11-2026-12_47_25-PM-768x1024-1-150x150.png HTTP/1.1" 404 121964 "https://digitalclass.shop/massager/?elementor-preview=213&ver=1784723267" "Mozilla/5.0 (Windows NT 10.0; Win64; x64) AppleWebKit/537.36 (KHTML, like Gecko) Chrome/150.0.0.0 Safari/537.36"
197.211.59.91 - - [22/Jul/2026:12:28:30 +0000] "GET /wp-content/uploads/2026/06/cropped-IMG-20260624-WA0000-150x150.jpg HTTP/1.1" 404 121922 "https://digitalclass.shop/massager/?elementor-preview=213&ver=1784723267" "Mozilla/5.0 (Windows NT 10.0; Win64; x64) AppleWebKit/537.36 (KHTML, like Gecko) Chrome/150.0.0.0 Safari/537.36"
124.123.100.130 - - [22/Jul/2026:12:28:32 +0000] "POST /xmlrpc.php HTTP/1.1" 200 403 "-" "WordPress.com; https://wordpress.com"
197.211.59.91 - - [22/Jul/2026:12:28:31 +0000] "GET /wp-content/uploads/2026/06/FB_IMG_1764943490574-2-150x150.jpg HTTP/1.1" 404 121912 "https://digitalclass.shop/massager/?elementor-preview=213&ver=1784723267" "Mozilla/5.0 (Windows NT 10.0; Win64; x64) AppleWebKit/537.36 (KHTML, like Gecko) Chrome/150.0.0.0 Safari/537.36"
197.211.59.91 - - [22/Jul/2026:12:28:39 +0000] "POST /wp-admin/admin-ajax.php HTTP/1.1" 200 77 "https://digitalclass.shop/wp-admin/post.php?post=213&action=elementor" "Mozilla/5.0 (Windows NT 10.0; Win64; x64) AppleWebKit/537.36 (KHTML, like Gecko) Chrome/150.0.0.0 Safari/537.36"
124.123.100.130 - - [22/Jul/2026:12:28:42 +0000] "POST /xmlrpc.php HTTP/1.1" 200 403 "-" "WordPress.com; https://wordpress.com"
197.211.59.91 - - [22/Jul/2026:12:28:54 +0000] "POST /wp-admin/admin-ajax.php HTTP/1.1" 200 77 "https://digitalclass.shop/wp-admin/post.php?post=213&action=elementor" "Mozilla/5.0 (Windows NT 10.0; Win64; x64) AppleWebKit/537.36 (KHTML, like Gecko) Chrome/150.0.0.0 Safari/537.36"
124.123.100.130 - - [22/Jul/2026:12:28:53 +0000] "POST /xmlrpc.php HTTP/1.1" 200 403 "-" "Jetpack by WordPress.com"
197.211.59.91 - - [22/Jul/2026:12:29:00 +0000] "GET /wp-json/elementor/v1/user-data/current-user?context=edit HTTP/1.1" 200 2678 "https://digitalclass.shop/wp-admin/post.php?post=213&action=elementor" "Mozilla/5.0 (Windows NT 10.0; Win64; x64) AppleWebKit/537.36 (KHTML, like Gecko) Chrome/150.0.0.0 Safari/537.36"
124.123.100.130 - - [22/Jul/2026:12:29:03 +0000] "POST /xmlrpc.php HTTP/1.1" 200 403 "-" "Jetpack/12.0; WordPress/6.3; http://site88286221.com"
197.211.59.91 - - [22/Jul/2026:12:29:05 +0000] "POST /wp-admin/admin-ajax.php HTTP/1.1" 200 47 "https://digitalclass.shop/wp-admin/admin.php?page=wpforms-builder&view=settings&form_id=231&section=notifications" "Mozilla/5.0 (Windows NT 10.0; Win64; x64) AppleWebKit/537.36 (KHTML, like Gecko) Chrome/150.0.0.0 Safari/537.36"
197.211.59.91 - - [22/Jul/2026:12:29:09 +0000] "POST /wp-admin/admin-ajax.php HTTP/1.1" 200 77 "https://digitalclass.shop/wp-admin/post.php?post=213&action=elementor" "Mozilla/5.0 (Windows NT 10.0; Win64; x64) AppleWebKit/537.36 (KHTML, like Gecko) Chrome/150.0.0.0 Safari/537.36"
124.123.100.130 - - [22/Jul/2026:12:29:14 +0000] "POST /xmlrpc.php HTTP/1.1" 200 403 "-" "Jetpack by WordPress.com"
198.177.124.148 - - [22/Jul/2026:12:29:27 +0000] "POST /wp-cron.php?doing_wp_cron=1784723367.7683000564575195312500 HTTP/1.1" 200 - "-" "WordPress/7.0.2; https://digitalclass.shop"
197.211.59.91 - - [22/Jul/2026:12:29:24 +0000] "POST /wp-admin/admin-ajax.php HTTP/1.1" 200 77 "https://digitalclass.shop/wp-admin/post.php?post=213&action=elementor" "Mozilla/5.0 (Windows NT 10.0; Win64; x64) AppleWebKit/537.36 (KHTML, like Gecko) Chrome/150.0.0.0 Safari/537.36"
124.123.100.130 - - [22/Jul/2026:12:29:24 +0000] "POST /xmlrpc.php HTTP/1.1" 200 403 "-" "WordPress.com; https://wordpress.com"
124.123.100.130 - - [22/Jul/2026:12:29:35 +0000] "POST /xmlrpc.php HTTP/1.1" 200 403 "-" "Jetpack by WordPress.com"
197.211.59.91 - - [22/Jul/2026:12:29:36 +0000] "POST /wp-admin/admin-ajax.php HTTP/1.1" 200 96 "https://digitalclass.shop/wp-admin/post.php?post=213&action=elementor" "Mozilla/5.0 (Windows NT 10.0; Win64; x64) AppleWebKit/537.36 (KHTML, like Gecko) Chrome/150.0.0.0 Safari/537.36"
197.211.59.91 - - [22/Jul/2026:12:29:39 +0000] "POST /wp-admin/admin-ajax.php HTTP/1.1" 200 77 "https://digitalclass.shop/wp-admin/post.php?post=213&action=elementor" "Mozilla/5.0 (Windows NT 10.0; Win64; x64) AppleWebKit/537.36 (KHTML, like Gecko) Chrome/150.0.0.0 Safari/537.36"
124.123.100.130 - - [22/Jul/2026:12:29:46 +0000] "POST /xmlrpc.php HTTP/1.1" 200 403 "-" "WordPress.com; https://wordpress.com"
197.211.59.91 - - [22/Jul/2026:12:29:54 +0000] "POST /wp-admin/admin-ajax.php HTTP/1.1" 200 77 "https://digitalclass.shop/wp-admin/post.php?post=213&action=elementor" "Mozilla/5.0 (Windows NT 10.0; Win64; x64) AppleWebKit/537.36 (KHTML, like Gecko) Chrome/150.0.0.0 Safari/537.36"
124.123.100.130 - - [22/Jul/2026:12:29:56 +0000] "POST /xmlrpc.php HTTP/1.1" 200 403 "-" "Jetpack by WordPress.com"
124.123.100.130 - - [22/Jul/2026:12:30:07 +0000] "POST /xmlrpc.php HTTP/1.1" 200 403 "-" "Jetpack/12.0; WordPress/6.4; http://site39858540.com"
197.211.59.91 - - [22/Jul/2026:12:30:09 +0000] "POST /wp-admin/admin-ajax.php HTTP/1.1" 200 77 "https://digitalclass.shop/wp-admin/post.php?post=213&action=elementor" "Mozilla/5.0 (Windows NT 10.0; Win64; x64) AppleWebKit/537.36 (KHTML, like Gecko) Chrome/150.0.0.0 Safari/537.36"
124.123.100.130 - - [22/Jul/2026:12:30:18 +0000] "POST /xmlrpc.php HTTP/1.1" 200 403 "-" "Jetpack by WordPress.com"
198.177.124.148 - - [22/Jul/2026:12:30:27 +0000] "POST /wp-cron.php?doing_wp_cron=1784723427.0669000148773193359375 HTTP/1.1" 200 - "-" "WordPress/7.0.2; https://digitalclass.shop"
197.211.59.91 - - [22/Jul/2026:12:30:24 +0000] "POST /wp-admin/admin-ajax.php HTTP/1.1" 200 77 "https://digitalclass.shop/wp-admin/post.php?post=213&action=elementor" "Mozilla/5.0 (Windows NT 10.0; Win64; x64) AppleWebKit/537.36 (KHTML, like Gecko) Chrome/150.0.0.0 Safari/537.36"
124.123.100.130 - - [22/Jul/2026:12:30:28 +0000] "POST /xmlrpc.php HTTP/1.1" 200 403 "-" "Jetpack/12.0; WordPress/6.2; http://site79190337.com"
197.211.59.91 - - [22/Jul/2026:12:30:36 +0000] "GET /wp-json/elementor/v1/checklist/user-progress HTTP/1.1" 200 534 "https://digitalclass.shop/wp-admin/post.php?post=213&action=elementor" "Mozilla/5.0 (Windows NT 10.0; Win64; x64) AppleWebKit/537.36 (KHTML, like Gecko) Chrome/150.0.0.0 Safari/537.36"
197.211.59.91 - - [22/Jul/2026:12:30:37 +0000] "PUT /wp-json/elementor/v1/global-classes?context=preview HTTP/1.1" 204 - "https://digitalclass.shop/wp-admin/post.php?post=213&action=elementor" "Mozilla/5.0 (Windows NT 10.0; Win64; x64) AppleWebKit/537.36 (KHTML, like Gecko) Chrome/150.0.0.0 Safari/537.36"
197.211.59.91 - - [22/Jul/2026:12:30:39 +0000] "POST /wp-admin/admin-ajax.php HTTP/1.1" 200 77 "https://digitalclass.shop/wp-admin/post.php?post=213&action=elementor" "Mozilla/5.0 (Windows NT 10.0; Win64; x64) AppleWebKit/537.36 (KHTML, like Gecko) Chrome/150.0.0.0 Safari/537.36"
124.123.100.130 - - [22/Jul/2026:12:30:39 +0000] "POST /xmlrpc.php HTTP/1.1" 200 403 "-" "WordPress.com; https://wordpress.com"
197.211.59.91 - - [22/Jul/2026:12:30:37 +0000] "POST /wp-admin/admin-ajax.php HTTP/1.1" 200 1537 "https://digitalclass.shop/wp-admin/post.php?post=213&action=elementor" "Mozilla/5.0 (Windows NT 10.0; Win64; x64) AppleWebKit/537.36 (KHTML, like Gecko) Chrome/150.0.0.0 Safari/537.36"
197.211.59.91 - - [22/Jul/2026:12:30:42 +0000] "GET /wp-json/elementor/v1/checklist/user-progress HTTP/1.1" 200 534 "https://digitalclass.shop/wp-admin/post.php?post=213&action=elementor" "Mozilla/5.0 (Windows NT 10.0; Win64; x64) AppleWebKit/537.36 (KHTML, like Gecko) Chrome/150.0.0.0 Safari/537.36"
197.211.59.91 - - [22/Jul/2026:12:30:42 +0000] "POST /wp-admin/admin-ajax.php HTTP/1.1" 200 3291 "https://digitalclass.shop/wp-admin/post.php?post=213&action=elementor" "Mozilla/5.0 (Windows NT 10.0; Win64; x64) AppleWebKit/537.36 (KHTML, like Gecko) Chrome/150.0.0.0 Safari/537.36"
124.123.100.130 - - [22/Jul/2026:12:30:49 +0000] "POST /xmlrpc.php HTTP/1.1" 200 403 "-" "WordPress.com; https://wordpress.com"
197.211.59.91 - - [22/Jul/2026:12:30:54 +0000] "POST /wp-admin/admin-ajax.php HTTP/1.1" 200 77 "https://digitalclass.shop/wp-admin/post.php?post=213&action=elementor" "Mozilla/5.0 (Windows NT 10.0; Win64; x64) AppleWebKit/537.36 (KHTML, like Gecko) Chrome/150.0.0.0 Safari/537.36"
124.123.100.130 - - [22/Jul/2026:12:31:00 +0000] "POST /xmlrpc.php HTTP/1.1" 200 403 "-" "WordPress.com; https://wordpress.com"
197.211.59.91 - - [22/Jul/2026:12:31:06 +0000] "POST /wp-admin/admin-ajax.php HTTP/1.1" 200 47 "https://digitalclass.shop/wp-admin/admin.php?page=wpforms-builder&view=settings&form_id=231&section=notifications" "Mozilla/5.0 (Windows NT 10.0; Win64; x64) AppleWebKit/537.36 (KHTML, like Gecko) Chrome/150.0.0.0 Safari/537.36"
197.211.59.91 - - [22/Jul/2026:12:31:09 +0000] "POST /wp-admin/admin-ajax.php HTTP/1.1" 200 77 "https://digitalclass.shop/wp-admin/post.php?post=213&action=elementor" "Mozilla/5.0 (Windows NT 10.0; Win64; x64) AppleWebKit/537.36 (KHTML, like Gecko) Chrome/150.0.0.0 Safari/537.36"
124.123.100.130 - - [22/Jul/2026:12:31:10 +0000] "POST /xmlrpc.php HTTP/1.1" 200 403 "-" "Jetpack by WordPress.com"
198.177.124.148 - - [22/Jul/2026:12:31:24 +0000] "POST /wp-cron.php?doing_wp_cron=1784723483.9854259490966796875000 HTTP/1.1" 200 - "-" "WordPress/7.0.2; https://digitalclass.shop"
124.123.100.130 - - [22/Jul/2026:12:31:21 +0000] "POST /xmlrpc.php HTTP/1.1" 200 403 "-" "Jetpack by WordPress.com"
197.211.59.91 - - [22/Jul/2026:12:31:24 +0000] "POST /wp-admin/admin-ajax.php HTTP/1.1" 200 77 "https://digitalclass.shop/wp-admin/post.php?post=213&action=elementor" "Mozilla/5.0 (Windows NT 10.0; Win64; x64) AppleWebKit/537.36 (KHTML, like Gecko) Chrome/150.0.0.0 Safari/537.36"
197.211.59.91 - - [22/Jul/2026:12:31:30 +0000] "POST /wp-admin/admin-ajax.php HTTP/1.1" 200 144 "https://digitalclass.shop/wp-admin/admin.php?page=wpforms-builder&view=settings&form_id=231&section=notifications" "Mozilla/5.0 (Windows NT 10.0; Win64; x64) AppleWebKit/537.36 (KHTML, like Gecko) Chrome/150.0.0.0 Safari/537.36"
124.123.100.130 - - [22/Jul/2026:12:31:32 +0000] "POST /xmlrpc.php HTTP/1.1" 200 403 "-" "Jetpack by WordPress.com"
197.211.59.91 - - [22/Jul/2026:12:31:33 +0000] "POST /wp-json/wpforms/v1/themes/custom/?_locale=user HTTP/1.1" 200 15 "https://digitalclass.shop/wp-admin/admin.php?page=wpforms-builder&view=settings&form_id=231&section=notifications" "Mozilla/5.0 (Windows NT 10.0; Win64; x64) AppleWebKit/537.36 (KHTML, like Gecko) Chrome/150.0.0.0 Safari/537.36"
197.211.59.91 - - [22/Jul/2026:12:31:39 +0000] "POST /wp-admin/admin-ajax.php HTTP/1.1" 200 77 "https://digitalclass.shop/wp-admin/post.php?post=213&action=elementor" "Mozilla/5.0 (Windows NT 10.0; Win64; x64) AppleWebKit/537.36 (KHTML, like Gecko) Chrome/150.0.0.0 Safari/537.36"
197.211.59.91 - - [22/Jul/2026:12:31:39 +0000] "GET /wp-json/elementor/v1/checklist/user-progress HTTP/1.1" 200 534 "https://digitalclass.shop/wp-admin/post.php?post=213&action=elementor" "Mozilla/5.0 (Windows NT 10.0; Win64; x64) AppleWebKit/537.36 (KHTML, like Gecko) Chrome/150.0.0.0 Safari/537.36"
124.123.100.130 - - [22/Jul/2026:12:31:42 +0000] "POST /xmlrpc.php HTTP/1.1" 200 403 "-" "Jetpack by WordPress.com"
197.211.59.91 - - [22/Jul/2026:12:31:43 +0000] "POST /wp-admin/admin-ajax.php HTTP/1.1" 200 4210 "https://digitalclass.shop/wp-admin/post.php?post=213&action=elementor" "Mozilla/5.0 (Windows NT 10.0; Win64; x64) AppleWebKit/537.36 (KHTML, like Gecko) Chrome/150.0.0.0 Safari/537.36"
197.211.59.91 - - [22/Jul/2026:12:31:50 +0000] "GET /wp-content/plugins/wpforms-lite/assets/images/submit-spin.svg HTTP/1.1" 200 509 "https://digitalclass.shop/massager/?elementor-preview=213&ver=1784723267" "Mozilla/5.0 (Windows NT 10.0; Win64; x64) AppleWebKit/537.36 (KHTML, like Gecko) Chrome/150.0.0.0 Safari/537.36"
197.211.59.91 - - [22/Jul/2026:12:31:54 +0000] "POST /wp-admin/admin-ajax.php HTTP/1.1" 200 77 "https://digitalclass.shop/wp-admin/post.php?post=213&action=elementor" "Mozilla/5.0 (Windows NT 10.0; Win64; x64) AppleWebKit/537.36 (KHTML, like Gecko) Chrome/150.0.0.0 Safari/537.36"
124.123.100.130 - - [22/Jul/2026:12:31:53 +0000] "POST /xmlrpc.php HTTP/1.1" 200 403 "-" "Jetpack by WordPress.com"
124.123.100.130 - - [22/Jul/2026:12:32:03 +0000] "POST /xmlrpc.php HTTP/1.1" 200 403 "-" "WordPress.com; https://wordpress.com"
197.211.59.91 - - [22/Jul/2026:12:32:07 +0000] "POST /wp-admin/admin-ajax.php HTTP/1.1" 200 47 "https://digitalclass.shop/wp-admin/admin.php?page=wpforms-builder&view=settings&form_id=231&section=notifications" "Mozilla/5.0 (Windows NT 10.0; Win64; x64) AppleWebKit/537.36 (KHTML, like Gecko) Chrome/150.0.0.0 Safari/537.36"
197.211.59.91 - - [22/Jul/2026:12:32:09 +0000] "POST /wp-admin/admin-ajax.php HTTP/1.1" 200 77 "https://digitalclass.shop/wp-admin/post.php?post=213&action=elementor" "Mozilla/5.0 (Windows NT 10.0; Win64; x64) AppleWebKit/537.36 (KHTML, like Gecko) Chrome/150.0.0.0 Safari/537.36"
124.123.100.130 - - [22/Jul/2026:12:32:14 +0000] "POST /xmlrpc.php HTTP/1.1" 200 403 "-" "WordPress.com; https://wordpress.com"
198.177.124.148 - - [22/Jul/2026:12:32:25 +0000] "POST /wp-cron.php?doing_wp_cron=1784723545.0333979129791259765625 HTTP/1.1" 200 - "-" "WordPress/7.0.2; https://digitalclass.shop"
197.211.59.91 - - [22/Jul/2026:12:32:24 +0000] "POST /wp-admin/admin-ajax.php HTTP/1.1" 200 77 "https://digitalclass.shop/wp-admin/post.php?post=213&action=elementor" "Mozilla/5.0 (Windows NT 10.0; Win64; x64) AppleWebKit/537.36 (KHTML, like Gecko) Chrome/150.0.0.0 Safari/537.36"
124.123.100.130 - - [22/Jul/2026:12:32:24 +0000] "POST /xmlrpc.php HTTP/1.1" 200 403 "-" "Jetpack by WordPress.com"
124.123.100.130 - - [22/Jul/2026:12:32:35 +0000] "POST /xmlrpc.php HTTP/1.1" 200 403 "-" "WordPress.com; https://wordpress.com"
197.211.59.91 - - [22/Jul/2026:12:32:38 +0000] "GET /wp-json/elementor/v1/user-data/current-user?context=edit HTTP/1.1" 200 2678 "https://digitalclass.shop/wp-admin/post.php?post=213&action=elementor" "Mozilla/5.0 (Windows NT 10.0; Win64; x64) AppleWebKit/537.36 (KHTML, like Gecko) Chrome/150.0.0.0 Safari/537.36"
197.211.59.91 - - [22/Jul/2026:12:32:39 +0000] "POST /wp-admin/admin-ajax.php HTTP/1.1" 200 77 "https://digitalclass.shop/wp-admin/post.php?post=213&action=elementor" "Mozilla/5.0 (Windows NT 10.0; Win64; x64) AppleWebKit/537.36 (KHTML, like Gecko) Chrome/150.0.0.0 Safari/537.36"
124.123.100.130 - - [22/Jul/2026:12:32:46 +0000] "POST /xmlrpc.php HTTP/1.1" 200 403 "-" "WordPress.com; https://wordpress.com"
197.211.59.91 - - [22/Jul/2026:12:32:54 +0000] "POST /wp-admin/admin-ajax.php HTTP/1.1" 200 77 "https://digitalclass.shop/wp-admin/post.php?post=213&action=elementor" "Mozilla/5.0 (Windows NT 10.0; Win64; x64) AppleWebKit/537.36 (KHTML, like Gecko) Chrome/150.0.0.0 Safari/537.36"
124.123.100.130 - - [22/Jul/2026:12:32:56 +0000] "POST /xmlrpc.php HTTP/1.1" 200 403 "-" "Jetpack/13.0; WordPress/6.4; http://site52739945.com"
124.123.100.130 - - [22/Jul/2026:12:33:07 +0000] "POST /xmlrpc.php HTTP/1.1" 200 403 "-" "WordPress.com; https://wordpress.com"
197.211.59.91 - - [22/Jul/2026:12:33:09 +0000] "POST /wp-admin/admin-ajax.php HTTP/1.1" 200 77 "https://digitalclass.shop/wp-admin/post.php?post=213&action=elementor" "Mozilla/5.0 (Windows NT 10.0; Win64; x64) AppleWebKit/537.36 (KHTML, like Gecko) Chrome/150.0.0.0 Safari/537.36"
124.123.100.130 - - [22/Jul/2026:12:33:18 +0000] "POST /xmlrpc.php HTTP/1.1" 200 403 "-" "Jetpack/12.5; WordPress/6.3; http://site92614734.com"
198.177.124.148 - - [22/Jul/2026:12:33:25 +0000] "POST /wp-cron.php?doing_wp_cron=1784723605.8718690872192382812500 HTTP/1.1" 200 - "-" "WordPress/7.0.2; https://digitalclass.shop"
197.211.59.91 - - [22/Jul/2026:12:33:24 +0000] "POST /wp-admin/admin-ajax.php HTTP/1.1" 200 77 "https://digitalclass.shop/wp-admin/post.php?post=213&action=elementor" "Mozilla/5.0 (Windows NT 10.0; Win64; x64) AppleWebKit/537.36 (KHTML, like Gecko) Chrome/150.0.0.0 Safari/537.36"
124.123.100.130 - - [22/Jul/2026:12:33:28 +0000] "POST /xmlrpc.php HTTP/1.1" 200 403 "-" "Jetpack by WordPress.com"
197.211.59.91 - - [22/Jul/2026:12:33:39 +0000] "POST /wp-admin/admin-ajax.php HTTP/1.1" 200 77 "https://digitalclass.shop/wp-admin/post.php?post=213&action=elementor" "Mozilla/5.0 (Windows NT 10.0; Win64; x64) AppleWebKit/537.36 (KHTML, like Gecko) Chrome/150.0.0.0 Safari/537.36"
197.211.59.91 - - [22/Jul/2026:12:33:38 +0000] "GET /wp-json/elementor/v1/checklist/user-progress HTTP/1.1" 200 534 "https://digitalclass.shop/wp-admin/post.php?post=213&action=elementor" "Mozilla/5.0 (Windows NT 10.0; Win64; x64) AppleWebKit/537.36 (KHTML, like Gecko) Chrome/150.0.0.0 Safari/537.36"
124.123.100.130 - - [22/Jul/2026:12:33:39 +0000] "POST /xmlrpc.php HTTP/1.1" 200 403 "-" "Jetpack/12.0; WordPress/6.4; http://site47884788.com"
197.211.59.91 - - [22/Jul/2026:12:33:39 +0000] "PUT /wp-json/elementor/v1/global-classes?context=preview HTTP/1.1" 204 - "https://digitalclass.shop/wp-admin/post.php?post=213&action=elementor" "Mozilla/5.0 (Windows NT 10.0; Win64; x64) AppleWebKit/537.36 (KHTML, like Gecko) Chrome/150.0.0.0 Safari/537.36"
197.211.59.91 - - [22/Jul/2026:12:33:38 +0000] "POST /wp-admin/admin-ajax.php HTTP/1.1" 200 1537 "https://digitalclass.shop/wp-admin/post.php?post=213&action=elementor" "Mozilla/5.0 (Windows NT 10.0; Win64; x64) AppleWebKit/537.36 (KHTML, like Gecko) Chrome/150.0.0.0 Safari/537.36"
197.211.59.91 - - [22/Jul/2026:12:33:44 +0000] "GET /wp-json/elementor/v1/checklist/user-progress HTTP/1.1" 200 534 "https://digitalclass.shop/wp-admin/post.php?post=213&action=elementor" "Mozilla/5.0 (Windows NT 10.0; Win64; x64) AppleWebKit/537.36 (KHTML, like Gecko) Chrome/150.0.0.0 Safari/537.36"
124.123.100.130 - - [22/Jul/2026:12:33:49 +0000] "POST /xmlrpc.php HTTP/1.1" 200 403 "-" "Jetpack by WordPress.com (Jetpack 12.0; WordPress 6.2)"
124.123.100.130 - - [22/Jul/2026:12:34:00 +0000] "POST /xmlrpc.php HTTP/1.1" 200 403 "-" "WordPress.com; https://wordpress.com"
197.211.59.91 - - [22/Jul/2026:12:34:06 +0000] "POST /wp-admin/admin-ajax.php HTTP/1.1" 200 77 "https://digitalclass.shop/wp-admin/post.php?post=213&action=elementor" "Mozilla/5.0 (Windows NT 10.0; Win64; x64) AppleWebKit/537.36 (KHTML, like Gecko) Chrome/150.0.0.0 Safari/537.36"
197.211.59.91 - - [22/Jul/2026:12:34:08 +0000] "POST /wp-admin/admin-ajax.php HTTP/1.1" 200 47 "https://digitalclass.shop/wp-admin/admin.php?page=wpforms-builder&view=settings&form_id=231&section=notifications" "Mozilla/5.0 (Windows NT 10.0; Win64; x64) AppleWebKit/537.36 (KHTML, like Gecko) Chrome/150.0.0.0 Safari/537.36"
124.123.100.130 - - [22/Jul/2026:12:34:10 +0000] "POST /xmlrpc.php HTTP/1.1" 200 403 "-" "WordPress.com; https://wordpress.com"
198.177.124.148 - - [22/Jul/2026:12:34:23 +0000] "POST /wp-cron.php?doing_wp_cron=1784723663.0616130828857421875000 HTTP/1.1" 200 - "-" "WordPress/7.0.2; https://digitalclass.shop"
197.211.59.91 - - [22/Jul/2026:12:34:20 +0000] "POST /wp-admin/admin-ajax.php HTTP/1.1" 200 77 "https://digitalclass.shop/wp-admin/post.php?post=213&action=elementor" "Mozilla/5.0 (Windows NT 10.0; Win64; x64) AppleWebKit/537.36 (KHTML, like Gecko) Chrome/150.0.0.0 Safari/537.36"
124.123.100.130 - - [22/Jul/2026:12:34:21 +0000] "POST /xmlrpc.php HTTP/1.1" 200 403 "-" "Jetpack by WordPress.com"
124.123.100.130 - - [22/Jul/2026:12:34:32 +0000] "POST /xmlrpc.php HTTP/1.1" 200 403 "-" "Jetpack by WordPress.com (Jetpack 12.1; WordPress 6.2)"
124.123.100.130 - - [22/Jul/2026:12:34:42 +0000] "POST /xmlrpc.php HTTP/1.1" 200 403 "-" "WordPress.com; https://wordpress.com"
124.123.100.130 - - [22/Jul/2026:12:34:53 +0000] "POST /xmlrpc.php HTTP/1.1" 200 403 "-" "Jetpack by WordPress.com"
124.123.100.130 - - [22/Jul/2026:12:35:03 +0000] "POST /xmlrpc.php HTTP/1.1" 200 403 "-" "Jetpack/12.5; WordPress/6.2; http://site36994474.com"
197.211.59.91 - - [22/Jul/2026:12:35:12 +0000] "POST /wp-admin/admin-ajax.php HTTP/1.1" 200 77 "https://digitalclass.shop/wp-admin/post.php?post=213&action=elementor" "Mozilla/5.0 (Windows NT 10.0; Win64; x64) AppleWebKit/537.36 (KHTML, like Gecko) Chrome/150.0.0.0 Safari/537.36"
124.123.100.130 - - [22/Jul/2026:12:35:14 +0000] "POST /xmlrpc.php HTTP/1.1" 200 403 "-" "Jetpack by WordPress.com"
198.177.124.148 - - [22/Jul/2026:12:35:26 +0000] "POST /wp-cron.php?doing_wp_cron=1784723726.2458600997924804687500 HTTP/1.1" 200 - "-" "WordPress/7.0.2; https://digitalclass.shop"
124.123.100.130 - - [22/Jul/2026:12:35:25 +0000] "POST /xmlrpc.php HTTP/1.1" 200 403 "-" "Jetpack/12.5; WordPress/6.3; http://site42328922.com"
197.211.59.91 - - [22/Jul/2026:12:35:27 +0000] "POST /wp-admin/admin-ajax.php HTTP/1.1" 200 77 "https://digitalclass.shop/wp-admin/post.php?post=213&action=elementor" "Mozilla/5.0 (Windows NT 10.0; Win64; x64) AppleWebKit/537.36 (KHTML, like Gecko) Chrome/150.0.0.0 Safari/537.36"
124.123.100.130 - - [22/Jul/2026:12:35:35 +0000] "POST /xmlrpc.php HTTP/1.1" 200 403 "-" "WordPress.com; https://wordpress.com"
124.123.100.130 - - [22/Jul/2026:12:35:46 +0000] "POST /xmlrpc.php HTTP/1.1" 200 403 "-" "Jetpack/13.0; WordPress/6.3; http://site57368206.com"
124.123.100.130 - - [22/Jul/2026:12:35:57 +0000] "POST /xmlrpc.php HTTP/1.1" 200 403 "-" "Jetpack/12.1; WordPress/6.4; http://site43568228.com"
124.123.100.130 - - [22/Jul/2026:12:36:07 +0000] "POST /xmlrpc.php HTTP/1.1" 200 403 "-" "Jetpack/12.0; WordPress/6.2; http://site64764402.com"
197.211.59.91 - - [22/Jul/2026:12:36:09 +0000] "POST /wp-admin/admin-ajax.php HTTP/1.1" 200 47 "https://digitalclass.shop/wp-admin/admin.php?page=wpforms-builder&view=settings&form_id=231&section=notifications" "Mozilla/5.0 (Windows NT 10.0; Win64; x64) AppleWebKit/537.36 (KHTML, like Gecko) Chrome/150.0.0.0 Safari/537.36"
198.177.124.148 - - [22/Jul/2026:12:36:22 +0000] "POST /wp-cron.php?doing_wp_cron=1784723782.4258689880371093750000 HTTP/1.1" 200 - "-" "WordPress/7.0.2; https://digitalclass.shop"
124.123.100.130 - - [22/Jul/2026:12:36:18 +0000] "POST /xmlrpc.php HTTP/1.1" 200 403 "-" "WordPress.com; https://wordpress.com"
197.211.59.91 - - [22/Jul/2026:12:36:24 +0000] "POST /wp-admin/admin-ajax.php HTTP/1.1" 200 77 "https://digitalclass.shop/wp-admin/post.php?post=213&action=elementor" "Mozilla/5.0 (Windows NT 10.0; Win64; x64) AppleWebKit/537.36 (KHTML, like Gecko) Chrome/150.0.0.0 Safari/537.36"
124.123.100.130 - - [22/Jul/2026:12:36:28 +0000] "POST /xmlrpc.php HTTP/1.1" 200 403 "-" "Jetpack by WordPress.com"
124.123.100.130 - - [22/Jul/2026:12:36:39 +0000] "POST /xmlrpc.php HTTP/1.1" 200 403 "-" "Jetpack by WordPress.com"
197.211.59.91 - - [22/Jul/2026:12:36:39 +0000] "POST /wp-admin/admin-ajax.php HTTP/1.1" 200 77 "https://digitalclass.shop/wp-admin/post.php?post=213&action=elementor" "Mozilla/5.0 (Windows NT 10.0; Win64; x64) AppleWebKit/537.36 (KHTML, like Gecko) Chrome/150.0.0.0 Safari/537.36"
124.123.100.130 - - [22/Jul/2026:12:36:50 +0000] "POST /xmlrpc.php HTTP/1.1" 200 403 "-" "Jetpack/12.5; WordPress/6.4; http://site35358854.com"
124.123.100.130 - - [22/Jul/2026:12:37:00 +0000] "POST /xmlrpc.php HTTP/1.1" 200 403 "-" "Jetpack by WordPress.com (Jetpack 12.1; WordPress 6.1)"
124.123.100.130 - - [22/Jul/2026:12:37:11 +0000] "POST /xmlrpc.php HTTP/1.1" 200 403 "-" "Jetpack by WordPress.com"
198.177.124.148 - - [22/Jul/2026:12:37:25 +0000] "POST /wp-cron.php?doing_wp_cron=1784723845.2687540054321289062500 HTTP/1.1" 200 - "-" "WordPress/7.0.2; https://digitalclass.shop"
124.123.100.130 - - [22/Jul/2026:12:37:21 +0000] "POST /xmlrpc.php HTTP/1.1" 200 403 "-" "Jetpack by WordPress.com"
124.123.100.130 - - [22/Jul/2026:12:37:32 +0000] "POST /xmlrpc.php HTTP/1.1" 200 403 "-" "Jetpack/12.1; WordPress/6.2; http://site76038972.com"
197.211.59.91 - - [22/Jul/2026:12:37:43 +0000] "POST /wp-admin/admin-ajax.php HTTP/1.1" 200 77 "https://digitalclass.shop/wp-admin/post.php?post=213&action=elementor" "Mozilla/5.0 (Windows NT 10.0; Win64; x64) AppleWebKit/537.36 (KHTML, like Gecko) Chrome/150.0.0.0 Safari/537.36"
124.123.100.130 - - [22/Jul/2026:12:37:43 +0000] "POST /xmlrpc.php HTTP/1.1" 200 403 "-" "WordPress.com; https://wordpress.com"
124.123.100.130 - - [22/Jul/2026:12:37:53 +0000] "POST /xmlrpc.php HTTP/1.1" 200 403 "-" "WordPress.com; https://wordpress.com"
197.211.59.91 - - [22/Jul/2026:12:37:57 +0000] "POST /wp-admin/admin-ajax.php HTTP/1.1" 200 77 "https://digitalclass.shop/wp-admin/post.php?post=213&action=elementor" "Mozilla/5.0 (Windows NT 10.0; Win64; x64) AppleWebKit/537.36 (KHTML, like Gecko) Chrome/150.0.0.0 Safari/537.36"
124.123.100.130 - - [22/Jul/2026:12:38:04 +0000] "POST /xmlrpc.php HTTP/1.1" 200 403 "-" "Jetpack by WordPress.com"
197.211.59.91 - - [22/Jul/2026:12:38:10 +0000] "POST /wp-admin/admin-ajax.php HTTP/1.1" 200 47 "https://digitalclass.shop/wp-admin/admin.php?page=wpforms-builder&view=settings&form_id=231&section=notifications" "Mozilla/5.0 (Windows NT 10.0; Win64; x64) AppleWebKit/537.36 (KHTML, like Gecko) Chrome/150.0.0.0 Safari/537.36"
197.211.59.91 - - [22/Jul/2026:12:38:12 +0000] "POST /wp-admin/admin-ajax.php HTTP/1.1" 200 77 "https://digitalclass.shop/wp-admin/post.php?post=213&action=elementor" "Mozilla/5.0 (Windows NT 10.0; Win64; x64) AppleWebKit/537.36 (KHTML, like Gecko) Chrome/150.0.0.0 Safari/537.36"
124.123.100.130 - - [22/Jul/2026:12:38:14 +0000] "POST /xmlrpc.php HTTP/1.1" 200 403 "-" "WordPress.com; https://wordpress.com"
198.177.124.148 - - [22/Jul/2026:12:38:26 +0000] "POST /wp-cron.php?doing_wp_cron=1784723906.5345449447631835937500 HTTP/1.1" 200 - "-" "WordPress/7.0.2; https://digitalclass.shop"
124.123.100.130 - - [22/Jul/2026:12:38:25 +0000] "POST /xmlrpc.php HTTP/1.1" 200 403 "-" "WordPress.com; https://wordpress.com"
124.123.100.130 - - [22/Jul/2026:12:38:36 +0000] "POST /xmlrpc.php HTTP/1.1" 200 403 "-" "Jetpack by WordPress.com (Jetpack 13.0; WordPress 6.3)"
198.177.124.148 - - [22/Jul/2026:12:39:31 +0000] "POST /wp-cron.php?doing_wp_cron=1784723971.1787500381469726562500 HTTP/1.1" 200 - "-" "WordPress/7.0.2; https://digitalclass.shop"
197.211.59.91 - - [22/Jul/2026:12:39:29 +0000] "POST /wp-admin/admin-ajax.php HTTP/1.1" 200 77 "https://digitalclass.shop/wp-admin/post.php?post=213&action=elementor" "Mozilla/5.0 (Windows NT 10.0; Win64; x64) AppleWebKit/537.36 (KHTML, like Gecko) Chrome/150.0.0.0 Safari/537.36"
197.211.59.91 - - [22/Jul/2026:12:39:44 +0000] "POST /wp-admin/admin-ajax.php HTTP/1.1" 200 77 "https://digitalclass.shop/wp-admin/post.php?post=213&action=elementor" "Mozilla/5.0 (Windows NT 10.0; Win64; x64) AppleWebKit/537.36 (KHTML, like Gecko) Chrome/150.0.0.0 Safari/537.36"
197.211.59.91 - - [22/Jul/2026:12:40:08 +0000] "POST /wp-admin/admin-ajax.php HTTP/1.1" 200 77 "https://digitalclass.shop/wp-admin/post.php?post=213&action=elementor" "Mozilla/5.0 (Windows NT 10.0; Win64; x64) AppleWebKit/537.36 (KHTML, like Gecko) Chrome/150.0.0.0 Safari/537.36"
