197.211.59.91 - - [22/Jul/2026:13:23:53 +0000] "POST /wp-admin/admin-ajax.php HTTP/1.1" 200 77 "https://digitalclass.shop/wp-admin/post.php?post=213&action=elementor" "Mozilla/5.0 (Windows NT 10.0; Win64; x64) AppleWebKit/537.36 (KHTML, like Gecko) Chrome/150.0.0.0 Safari/537.36"
197.211.59.91 - - [22/Jul/2026:13:24:07 +0000] "POST /wp-admin/admin-ajax.php HTTP/1.1" 200 77 "https://digitalclass.shop/wp-admin/post.php?post=213&action=elementor" "Mozilla/5.0 (Windows NT 10.0; Win64; x64) AppleWebKit/537.36 (KHTML, like Gecko) Chrome/150.0.0.0 Safari/537.36"
198.177.124.148 - - [22/Jul/2026:13:24:26 +0000] "POST /wp-cron.php?doing_wp_cron=1784726666.8216660022735595703125 HTTP/1.1" 200 - "-" "WordPress/7.0.2; https://digitalclass.shop"
197.211.59.91 - - [22/Jul/2026:13:24:25 +0000] "POST /wp-admin/admin-ajax.php HTTP/1.1" 200 77 "https://digitalclass.shop/wp-admin/post.php?post=213&action=elementor" "Mozilla/5.0 (Windows NT 10.0; Win64; x64) AppleWebKit/537.36 (KHTML, like Gecko) Chrome/150.0.0.0 Safari/537.36"
197.211.59.91 - - [22/Jul/2026:13:24:39 +0000] "POST /wp-admin/admin-ajax.php HTTP/1.1" 200 77 "https://digitalclass.shop/wp-admin/post.php?post=213&action=elementor" "Mozilla/5.0 (Windows NT 10.0; Win64; x64) AppleWebKit/537.36 (KHTML, like Gecko) Chrome/150.0.0.0 Safari/537.36"
197.211.59.91 - - [22/Jul/2026:13:24:55 +0000] "POST /wp-admin/admin-ajax.php HTTP/1.1" 200 77 "https://digitalclass.shop/wp-admin/post.php?post=213&action=elementor" "Mozilla/5.0 (Windows NT 10.0; Win64; x64) AppleWebKit/537.36 (KHTML, like Gecko) Chrome/150.0.0.0 Safari/537.36"
197.211.59.91 - - [22/Jul/2026:13:25:09 +0000] "POST /wp-admin/admin-ajax.php HTTP/1.1" 200 77 "https://digitalclass.shop/wp-admin/post.php?post=213&action=elementor" "Mozilla/5.0 (Windows NT 10.0; Win64; x64) AppleWebKit/537.36 (KHTML, like Gecko) Chrome/150.0.0.0 Safari/537.36"
198.177.124.148 - - [22/Jul/2026:13:25:27 +0000] "POST /wp-cron.php?doing_wp_cron=1784726726.9463191032409667968750 HTTP/1.1" 200 - "-" "WordPress/7.0.2; https://digitalclass.shop"
197.211.59.91 - - [22/Jul/2026:13:25:25 +0000] "POST /wp-admin/admin-ajax.php HTTP/1.1" 200 77 "https://digitalclass.shop/wp-admin/post.php?post=213&action=elementor" "Mozilla/5.0 (Windows NT 10.0; Win64; x64) AppleWebKit/537.36 (KHTML, like Gecko) Chrome/150.0.0.0 Safari/537.36"
197.211.59.91 - - [22/Jul/2026:13:25:40 +0000] "POST /wp-admin/admin-ajax.php HTTP/1.1" 200 77 "https://digitalclass.shop/wp-admin/post.php?post=213&action=elementor" "Mozilla/5.0 (Windows NT 10.0; Win64; x64) AppleWebKit/537.36 (KHTML, like Gecko) Chrome/150.0.0.0 Safari/537.36"
197.211.59.91 - - [22/Jul/2026:13:25:58 +0000] "POST /wp-admin/admin-ajax.php HTTP/1.1" 200 77 "https://digitalclass.shop/wp-admin/post.php?post=213&action=elementor" "Mozilla/5.0 (Windows NT 10.0; Win64; x64) AppleWebKit/537.36 (KHTML, like Gecko) Chrome/150.0.0.0 Safari/537.36"
198.177.124.148 - - [22/Jul/2026:13:26:24 +0000] "POST /wp-cron.php?doing_wp_cron=1784726784.3385500907897949218750 HTTP/1.1" 200 - "-" "WordPress/7.0.2; https://digitalclass.shop"
197.211.59.91 - - [22/Jul/2026:13:26:22 +0000] "POST /wp-admin/admin-ajax.php HTTP/1.1" 200 77 "https://digitalclass.shop/wp-admin/post.php?post=213&action=elementor" "Mozilla/5.0 (Windows NT 10.0; Win64; x64) AppleWebKit/537.36 (KHTML, like Gecko) Chrome/150.0.0.0 Safari/537.36"
197.211.59.91 - - [22/Jul/2026:13:26:37 +0000] "POST /wp-admin/admin-ajax.php HTTP/1.1" 200 77 "https://digitalclass.shop/wp-admin/post.php?post=213&action=elementor" "Mozilla/5.0 (Windows NT 10.0; Win64; x64) AppleWebKit/537.36 (KHTML, like Gecko) Chrome/150.0.0.0 Safari/537.36"
197.211.59.91 - - [22/Jul/2026:13:26:52 +0000] "POST /wp-admin/admin-ajax.php HTTP/1.1" 200 77 "https://digitalclass.shop/wp-admin/post.php?post=213&action=elementor" "Mozilla/5.0 (Windows NT 10.0; Win64; x64) AppleWebKit/537.36 (KHTML, like Gecko) Chrome/150.0.0.0 Safari/537.36"
197.211.59.91 - - [22/Jul/2026:13:27:08 +0000] "POST /wp-admin/admin-ajax.php HTTP/1.1" 200 77 "https://digitalclass.shop/wp-admin/post.php?post=213&action=elementor" "Mozilla/5.0 (Windows NT 10.0; Win64; x64) AppleWebKit/537.36 (KHTML, like Gecko) Chrome/150.0.0.0 Safari/537.36"
198.177.124.148 - - [22/Jul/2026:13:27:24 +0000] "POST /wp-cron.php?doing_wp_cron=1784726844.4930119514465332031250 HTTP/1.1" 200 - "-" "WordPress/7.0.2; https://digitalclass.shop"
197.211.59.91 - - [22/Jul/2026:13:27:23 +0000] "POST /wp-admin/admin-ajax.php HTTP/1.1" 200 77 "https://digitalclass.shop/wp-admin/post.php?post=213&action=elementor" "Mozilla/5.0 (Windows NT 10.0; Win64; x64) AppleWebKit/537.36 (KHTML, like Gecko) Chrome/150.0.0.0 Safari/537.36"
197.211.59.91 - - [22/Jul/2026:13:27:38 +0000] "POST /wp-admin/admin-ajax.php HTTP/1.1" 200 77 "https://digitalclass.shop/wp-admin/post.php?post=213&action=elementor" "Mozilla/5.0 (Windows NT 10.0; Win64; x64) AppleWebKit/537.36 (KHTML, like Gecko) Chrome/150.0.0.0 Safari/537.36"
197.211.59.91 - - [22/Jul/2026:13:27:56 +0000] "POST /wp-admin/admin-ajax.php HTTP/1.1" 200 77 "https://digitalclass.shop/wp-admin/post.php?post=213&action=elementor" "Mozilla/5.0 (Windows NT 10.0; Win64; x64) AppleWebKit/537.36 (KHTML, like Gecko) Chrome/150.0.0.0 Safari/537.36"
197.211.59.91 - - [22/Jul/2026:13:28:10 +0000] "POST /wp-admin/admin-ajax.php HTTP/1.1" 200 77 "https://digitalclass.shop/wp-admin/post.php?post=213&action=elementor" "Mozilla/5.0 (Windows NT 10.0; Win64; x64) AppleWebKit/537.36 (KHTML, like Gecko) Chrome/150.0.0.0 Safari/537.36"
198.177.124.148 - - [22/Jul/2026:13:28:28 +0000] "POST /wp-cron.php?doing_wp_cron=1784726908.7337830066680908203125 HTTP/1.1" 200 - "-" "WordPress/7.0.2; https://digitalclass.shop"
197.211.59.91 - - [22/Jul/2026:13:28:26 +0000] "POST /wp-admin/admin-ajax.php HTTP/1.1" 200 77 "https://digitalclass.shop/wp-admin/post.php?post=213&action=elementor" "Mozilla/5.0 (Windows NT 10.0; Win64; x64) AppleWebKit/537.36 (KHTML, like Gecko) Chrome/150.0.0.0 Safari/537.36"
197.211.59.91 - - [22/Jul/2026:13:28:40 +0000] "POST /wp-admin/admin-ajax.php HTTP/1.1" 200 77 "https://digitalclass.shop/wp-admin/post.php?post=213&action=elementor" "Mozilla/5.0 (Windows NT 10.0; Win64; x64) AppleWebKit/537.36 (KHTML, like Gecko) Chrome/150.0.0.0 Safari/537.36"
198.177.124.148 - - [22/Jul/2026:13:30:03 +0000] "POST /wp-cron.php?doing_wp_cron=1784727002.7830810546875000000000 HTTP/1.1" 200 - "-" "WordPress/7.0.2; https://digitalclass.shop"
197.211.59.91 - - [22/Jul/2026:13:29:57 +0000] "POST /wp-admin/admin-ajax.php HTTP/1.1" 200 77 "https://digitalclass.shop/wp-admin/post.php?post=213&action=elementor" "Mozilla/5.0 (Windows NT 10.0; Win64; x64) AppleWebKit/537.36 (KHTML, like Gecko) Chrome/150.0.0.0 Safari/537.36"
198.177.124.148 - - [22/Jul/2026:13:30:24 +0000] "POST /wp-cron.php?doing_wp_cron=1784727024.3061931133270263671875 HTTP/1.1" 200 - "-" "WordPress/7.0.2; https://digitalclass.shop"
197.211.59.91 - - [22/Jul/2026:13:30:22 +0000] "POST /wp-admin/admin-ajax.php HTTP/1.1" 200 77 "https://digitalclass.shop/wp-admin/post.php?post=213&action=elementor" "Mozilla/5.0 (Windows NT 10.0; Win64; x64) AppleWebKit/537.36 (KHTML, like Gecko) Chrome/150.0.0.0 Safari/537.36"
197.211.59.91 - - [22/Jul/2026:13:30:38 +0000] "POST /wp-admin/admin-ajax.php HTTP/1.1" 200 77 "https://digitalclass.shop/wp-admin/post.php?post=213&action=elementor" "Mozilla/5.0 (Windows NT 10.0; Win64; x64) AppleWebKit/537.36 (KHTML, like Gecko) Chrome/150.0.0.0 Safari/537.36"
198.177.124.148 - - [22/Jul/2026:13:32:41 +0000] "POST /wp-cron.php?doing_wp_cron=1784727161.7476069927215576171875 HTTP/1.1" 200 - "-" "WordPress/7.0.2; https://digitalclass.shop"
197.211.59.91 - - [22/Jul/2026:13:32:39 +0000] "POST /wp-admin/admin-ajax.php HTTP/1.1" 200 77 "https://digitalclass.shop/wp-admin/post.php?post=213&action=elementor" "Mozilla/5.0 (Windows NT 10.0; Win64; x64) AppleWebKit/537.36 (KHTML, like Gecko) Chrome/150.0.0.0 Safari/537.36"
198.177.124.148 - - [22/Jul/2026:13:34:43 +0000] "POST /wp-cron.php?doing_wp_cron=1784727283.1065440177917480468750 HTTP/1.1" 200 - "-" "WordPress/7.0.2; https://digitalclass.shop"
197.211.59.91 - - [22/Jul/2026:13:34:40 +0000] "POST /wp-admin/admin-ajax.php HTTP/1.1" 200 77 "https://digitalclass.shop/wp-admin/post.php?post=213&action=elementor" "Mozilla/5.0 (Windows NT 10.0; Win64; x64) AppleWebKit/537.36 (KHTML, like Gecko) Chrome/150.0.0.0 Safari/537.36"
198.177.124.148 - - [22/Jul/2026:13:36:44 +0000] "POST /wp-cron.php?doing_wp_cron=1784727404.6539890766143798828125 HTTP/1.1" 200 - "-" "WordPress/7.0.2; https://digitalclass.shop"
197.211.59.91 - - [22/Jul/2026:13:36:41 +0000] "POST /wp-admin/admin-ajax.php HTTP/1.1" 200 77 "https://digitalclass.shop/wp-admin/post.php?post=213&action=elementor" "Mozilla/5.0 (Windows NT 10.0; Win64; x64) AppleWebKit/537.36 (KHTML, like Gecko) Chrome/150.0.0.0 Safari/537.36"
198.177.124.148 - - [22/Jul/2026:13:38:45 +0000] "POST /wp-cron.php?doing_wp_cron=1784727525.4012830257415771484375 HTTP/1.1" 200 - "-" "WordPress/7.0.2; https://digitalclass.shop"
197.211.59.91 - - [22/Jul/2026:13:38:42 +0000] "POST /wp-admin/admin-ajax.php HTTP/1.1" 200 77 "https://digitalclass.shop/wp-admin/post.php?post=213&action=elementor" "Mozilla/5.0 (Windows NT 10.0; Win64; x64) AppleWebKit/537.36 (KHTML, like Gecko) Chrome/150.0.0.0 Safari/537.36"
198.177.124.148 - - [22/Jul/2026:13:40:48 +0000] "POST /wp-cron.php?doing_wp_cron=1784727647.8959240913391113281250 HTTP/1.1" 200 - "-" "WordPress/7.0.2; https://digitalclass.shop"
197.211.59.91 - - [22/Jul/2026:13:40:43 +0000] "POST /wp-admin/admin-ajax.php HTTP/1.1" 200 77 "https://digitalclass.shop/wp-admin/post.php?post=213&action=elementor" "Mozilla/5.0 (Windows NT 10.0; Win64; x64) AppleWebKit/537.36 (KHTML, like Gecko) Chrome/150.0.0.0 Safari/537.36"
69.63.184.15 - - [22/Jul/2026:13:41:51 +0000] "GET /robots.txt HTTP/1.1" 206 97 "-" "facebookexternalhit/1.1 (+http://www.facebook.com/externalhit_uatext.php)"
198.177.124.148 - - [22/Jul/2026:13:41:56 +0000] "POST /wp-cron.php?doing_wp_cron=1784727716.3619420528411865234375 HTTP/1.1" 200 - "-" "WordPress/7.0.2; https://digitalclass.shop"
31.13.127.70 - - [22/Jul/2026:13:41:52 +0000] "GET /book HTTP/1.1" 404 84255 "-" "facebookexternalhit/1.1 (+http://www.facebook.com/externalhit_uatext.php)"
173.252.87.13 - - [22/Jul/2026:13:41:57 +0000] "GET /book HTTP/1.1" 404 84255 "-" "facebookexternalhit/1.1 (+http://www.facebook.com/externalhit_uatext.php)"
173.252.87.114 - - [22/Jul/2026:13:42:03 +0000] "GET /book HTTP/1.1" 404 84255 "-" "facebookexternalhit/1.1 (+http://www.facebook.com/externalhit_uatext.php)"
173.252.105.65 - - [22/Jul/2026:13:42:03 +0000] "GET /book HTTP/1.1" 404 84255 "-" "facebookexternalhit/1.1 (+http://www.facebook.com/externalhit_uatext.php)"
173.252.87.35 - - [22/Jul/2026:13:42:08 +0000] "GET /book HTTP/1.1" 404 84255 "-" "facebookexternalhit/1.1 (+http://www.facebook.com/externalhit_uatext.php)"
198.177.124.148 - - [22/Jul/2026:13:42:47 +0000] "POST /wp-cron.php?doing_wp_cron=1784727767.8298768997192382812500 HTTP/1.1" 200 - "-" "WordPress/7.0.2; https://digitalclass.shop"
197.211.59.91 - - [22/Jul/2026:13:42:44 +0000] "POST /wp-admin/admin-ajax.php HTTP/1.1" 200 77 "https://digitalclass.shop/wp-admin/post.php?post=213&action=elementor" "Mozilla/5.0 (Windows NT 10.0; Win64; x64) AppleWebKit/537.36 (KHTML, like Gecko) Chrome/150.0.0.0 Safari/537.36"
198.177.124.148 - - [22/Jul/2026:13:44:49 +0000] "POST /wp-cron.php?doing_wp_cron=1784727889.1609120368957519531250 HTTP/1.1" 200 - "-" "WordPress/7.0.2; https://digitalclass.shop"
197.211.59.91 - - [22/Jul/2026:13:44:45 +0000] "POST /wp-admin/admin-ajax.php HTTP/1.1" 200 77 "https://digitalclass.shop/wp-admin/post.php?post=213&action=elementor" "Mozilla/5.0 (Windows NT 10.0; Win64; x64) AppleWebKit/537.36 (KHTML, like Gecko) Chrome/150.0.0.0 Safari/537.36"
198.177.124.148 - - [22/Jul/2026:13:46:48 +0000] "POST /wp-cron.php?doing_wp_cron=1784728008.8355391025543212890625 HTTP/1.1" 200 - "-" "WordPress/7.0.2; https://digitalclass.shop"
197.211.59.91 - - [22/Jul/2026:13:46:46 +0000] "POST /wp-admin/admin-ajax.php HTTP/1.1" 200 77 "https://digitalclass.shop/wp-admin/post.php?post=213&action=elementor" "Mozilla/5.0 (Windows NT 10.0; Win64; x64) AppleWebKit/537.36 (KHTML, like Gecko) Chrome/150.0.0.0 Safari/537.36"
173.252.82.55 - - [22/Jul/2026:13:47:01 +0000] "GET /book HTTP/1.1" 404 84255 "-" "facebookexternalhit/1.1 (+http://www.facebook.com/externalhit_uatext.php)"
173.252.82.32 - - [22/Jul/2026:13:47:05 +0000] "GET /book HTTP/1.1" 404 84255 "-" "facebookexternalhit/1.1 (+http://www.facebook.com/externalhit_uatext.php)"
173.252.82.48 - - [22/Jul/2026:13:47:05 +0000] "GET /book HTTP/1.1" 404 84255 "-" "facebookexternalhit/1.1 (+http://www.facebook.com/externalhit_uatext.php)"
173.252.82.17 - - [22/Jul/2026:13:47:05 +0000] "GET /book HTTP/1.1" 404 84255 "-" "facebookexternalhit/1.1 (+http://www.facebook.com/externalhit_uatext.php)"
173.252.82.34 - - [22/Jul/2026:13:47:10 +0000] "GET /book HTTP/1.1" 404 84255 "-" "facebookexternalhit/1.1 (+http://www.facebook.com/externalhit_uatext.php)"
173.252.95.45 - - [22/Jul/2026:13:47:13 +0000] "GET /book HTTP/1.1" 404 84255 "-" "facebookexternalhit/1.1 (+http://www.facebook.com/externalhit_uatext.php)"
173.252.82.24 - - [22/Jul/2026:13:47:13 +0000] "GET /book HTTP/1.1" 404 84255 "-" "facebookexternalhit/1.1 (+http://www.facebook.com/externalhit_uatext.php)"
198.177.124.148 - - [22/Jul/2026:13:48:51 +0000] "POST /wp-cron.php?doing_wp_cron=1784728131.1682360172271728515625 HTTP/1.1" 200 - "-" "WordPress/7.0.2; https://digitalclass.shop"
197.211.59.91 - - [22/Jul/2026:13:48:47 +0000] "POST /wp-admin/admin-ajax.php HTTP/1.1" 200 77 "https://digitalclass.shop/wp-admin/post.php?post=213&action=elementor" "Mozilla/5.0 (Windows NT 10.0; Win64; x64) AppleWebKit/537.36 (KHTML, like Gecko) Chrome/150.0.0.0 Safari/537.36"
185.191.171.14 - - [22/Jul/2026:13:49:01 +0000] "GET /school/ HTTP/1.1" 404 84231 "-" "Mozilla/5.0 (compatible; SemrushBot/7~bl; +http://www.semrush.com/bot.html)"
31.13.127.40 - - [22/Jul/2026:13:49:03 +0000] "GET / HTTP/1.1" 404 99361 "-" "facebookexternalhit/1.1 (+http://www.facebook.com/externalhit_uatext.php)"
173.252.82.11 - - [22/Jul/2026:13:49:09 +0000] "GET /wp-content/themes/twentytwentyfour/assets/images/tourist-and-building.webp HTTP/1.1" 200 66482 "-" "facebookexternalhit/1.1 (+http://www.facebook.com/externalhit_uatext.php)"
173.252.82.52 - - [22/Jul/2026:13:49:09 +0000] "GET /wp-content/themes/twentytwentyfour/assets/images/building-exterior.webp HTTP/1.1" 200 199724 "-" "facebookexternalhit/1.1 (+http://www.facebook.com/externalhit_uatext.php)"
173.252.82.33 - - [22/Jul/2026:13:49:09 +0000] "GET /wp-content/themes/twentytwentyfour/assets/images/windows.webp HTTP/1.1" 200 126244 "-" "facebookexternalhit/1.1 (+http://www.facebook.com/externalhit_uatext.php)"
31.13.127.56 - - [22/Jul/2026:13:49:08 +0000] "GET / HTTP/1.1" 404 99361 "-" "facebookexternalhit/1.1 (+http://www.facebook.com/externalhit_uatext.php)"
31.13.127.3 - - [22/Jul/2026:13:49:12 +0000] "GET /wp-content/themes/twentytwentyfour/assets/images/building-exterior.webp HTTP/1.1" 200 199724 "-" "facebookexternalhit/1.1 (+http://www.facebook.com/externalhit_uatext.php)"
69.63.184.7 - - [22/Jul/2026:13:49:12 +0000] "GET / HTTP/1.1" 404 99361 "-" "facebookexternalhit/1.1 (+http://www.facebook.com/externalhit_uatext.php)"
173.252.82.3 - - [22/Jul/2026:13:49:12 +0000] "GET / HTTP/1.1" 404 99361 "-" "facebookexternalhit/1.1 (+http://www.facebook.com/externalhit_uatext.php)"
69.171.236.4 - - [22/Jul/2026:13:49:12 +0000] "GET / HTTP/1.1" 404 99361 "-" "facebookexternalhit/1.1 (+http://www.facebook.com/externalhit_uatext.php)"
197.211.59.91 - - [22/Jul/2026:13:49:18 +0000] "GET /wp-includes/blocks/navigation/style.min.css?ver=7.0.2 HTTP/1.1" 200 20709 "https://digitalclass.shop/" "Mozilla/5.0 (Windows NT 10.0; Win64; x64) AppleWebKit/537.36 (KHTML, like Gecko) Chrome/150.0.0.0 Safari/537.36"
197.211.59.91 - - [22/Jul/2026:13:49:13 +0000] "GET / HTTP/1.1" 200 99360 "https://eventsmanager.facebook.com/" "Mozilla/5.0 (Windows NT 10.0; Win64; x64) AppleWebKit/537.36 (KHTML, like Gecko) Chrome/150.0.0.0 Safari/537.36"
31.13.127.64 - - [22/Jul/2026:13:49:18 +0000] "GET /wp-content/themes/twentytwentyfour/assets/images/tourist-and-building.webp HTTP/1.1" 200 66482 "-" "facebookexternalhit/1.1 (+http://www.facebook.com/externalhit_uatext.php)"
31.13.127.31 - - [22/Jul/2026:13:49:18 +0000] "GET /wp-content/themes/twentytwentyfour/assets/images/building-exterior.webp HTTP/1.1" 200 199724 "-" "facebookexternalhit/1.1 (+http://www.facebook.com/externalhit_uatext.php)"
31.13.127.49 - - [22/Jul/2026:13:49:18 +0000] "GET /wp-content/themes/twentytwentyfour/assets/images/windows.webp HTTP/1.1" 200 126244 "-" "facebookexternalhit/1.1 (+http://www.facebook.com/externalhit_uatext.php)"
31.13.127.55 - - [22/Jul/2026:13:49:18 +0000] "GET /wp-content/themes/twentytwentyfour/assets/images/building-exterior.webp HTTP/1.1" 200 199724 "-" "facebookexternalhit/1.1 (+http://www.facebook.com/externalhit_uatext.php)"
197.211.59.91 - - [22/Jul/2026:13:49:19 +0000] "GET /wp-content/themes/twentytwentyfour/assets/images/windows.webp HTTP/1.1" 200 126244 "https://digitalclass.shop/" "Mozilla/5.0 (Windows NT 10.0; Win64; x64) AppleWebKit/537.36 (KHTML, like Gecko) Chrome/150.0.0.0 Safari/537.36"
197.211.59.91 - - [22/Jul/2026:13:49:19 +0000] "GET /wp-content/themes/twentytwentyfour/assets/images/tourist-and-building.webp HTTP/1.1" 200 66482 "https://digitalclass.shop/" "Mozilla/5.0 (Windows NT 10.0; Win64; x64) AppleWebKit/537.36 (KHTML, like Gecko) Chrome/150.0.0.0 Safari/537.36"
197.211.59.91 - - [22/Jul/2026:13:49:19 +0000] "GET /wp-content/themes/twentytwentyfour/assets/images/building-exterior.webp HTTP/1.1" 200 199724 "https://digitalclass.shop/" "Mozilla/5.0 (Windows NT 10.0; Win64; x64) AppleWebKit/537.36 (KHTML, like Gecko) Chrome/150.0.0.0 Safari/537.36"
197.211.59.91 - - [22/Jul/2026:13:49:19 +0000] "GET /wp-content/themes/twentytwentyfour/assets/fonts/cardo/cardo_normal_400.woff2 HTTP/1.1" 200 146060 "https://digitalclass.shop/" "Mozilla/5.0 (Windows NT 10.0; Win64; x64) AppleWebKit/537.36 (KHTML, like Gecko) Chrome/150.0.0.0 Safari/537.36"
197.211.59.91 - - [22/Jul/2026:13:49:19 +0000] "GET /wp-includes/js/dist/script-modules/interactivity/index.min.js?ver=efaa5193bbad9c60ffd1 HTTP/1.1" 200 40106 "https://digitalclass.shop/" "Mozilla/5.0 (Windows NT 10.0; Win64; x64) AppleWebKit/537.36 (KHTML, like Gecko) Chrome/150.0.0.0 Safari/537.36"
197.211.59.91 - - [22/Jul/2026:13:49:19 +0000] "GET /wp-includes/js/dist/script-modules/block-library/navigation/view.min.js?ver=96a846e1d7b789c39ab9 HTTP/1.1" 200 3053 "https://digitalclass.shop/" "Mozilla/5.0 (Windows NT 10.0; Win64; x64) AppleWebKit/537.36 (KHTML, like Gecko) Chrome/150.0.0.0 Safari/537.36"
197.211.59.91 - - [22/Jul/2026:13:49:20 +0000] "GET /wp-content/plugins/pixelyoursite/dist/scripts/jquery.bind-first-0.2.3.min.js?ver=0.2.3 HTTP/1.1" 200 1317 "https://digitalclass.shop/" "Mozilla/5.0 (Windows NT 10.0; Win64; x64) AppleWebKit/537.36 (KHTML, like Gecko) Chrome/150.0.0.0 Safari/537.36"
197.211.59.91 - - [22/Jul/2026:13:49:19 +0000] "GET /wp-content/themes/twentytwentyfour/assets/fonts/cardo/cardo_italic_400.woff2 HTTP/1.1" 200 105184 "https://digitalclass.shop/" "Mozilla/5.0 (Windows NT 10.0; Win64; x64) AppleWebKit/537.36 (KHTML, like Gecko) Chrome/150.0.0.0 Safari/537.36"
197.211.59.91 - - [22/Jul/2026:13:49:20 +0000] "GET /wp-content/plugins/pixelyoursite/dist/scripts/js.cookie-2.1.3.min.js?ver=2.1.3 HTTP/1.1" 200 1709 "https://digitalclass.shop/" "Mozilla/5.0 (Windows NT 10.0; Win64; x64) AppleWebKit/537.36 (KHTML, like Gecko) Chrome/150.0.0.0 Safari/537.36"
197.211.59.91 - - [22/Jul/2026:13:49:20 +0000] "GET /wp-content/plugins/pixelyoursite/dist/scripts/tld.min.js?ver=2.3.1 HTTP/1.1" 200 141079 "https://digitalclass.shop/" "Mozilla/5.0 (Windows NT 10.0; Win64; x64) AppleWebKit/537.36 (KHTML, like Gecko) Chrome/150.0.0.0 Safari/537.36"
197.211.59.91 - - [22/Jul/2026:13:49:19 +0000] "GET /wp-content/themes/twentytwentyfour/assets/fonts/inter/Inter-VariableFont_slnt,wght.woff2 HTTP/1.1" 200 326628 "https://digitalclass.shop/" "Mozilla/5.0 (Windows NT 10.0; Win64; x64) AppleWebKit/537.36 (KHTML, like Gecko) Chrome/150.0.0.0 Safari/537.36"
197.211.59.91 - - [22/Jul/2026:13:49:20 +0000] "GET /wp-content/plugins/pixelyoursite/dist/scripts/public.js?ver=11.2.1 HTTP/1.1" 200 172979 "https://digitalclass.shop/" "Mozilla/5.0 (Windows NT 10.0; Win64; x64) AppleWebKit/537.36 (KHTML, like Gecko) Chrome/150.0.0.0 Safari/537.36"
173.252.82.26 - - [22/Jul/2026:13:49:17 +0000] "GET / HTTP/1.1" 404 99361 "-" "facebookexternalhit/1.1 (+http://www.facebook.com/externalhit_uatext.php)"
197.211.59.91 - - [22/Jul/2026:13:49:21 +0000] "GET /wp-includes/js/wp-emoji-release.min.js?ver=7.0.2 HTTP/1.1" 200 22752 "https://digitalclass.shop/" "Mozilla/5.0 (Windows NT 10.0; Win64; x64) AppleWebKit/537.36 (KHTML, like Gecko) Chrome/150.0.0.0 Safari/537.36"
198.177.124.148 - - [22/Jul/2026:13:49:24 +0000] "POST /wp-cron.php?doing_wp_cron=1784728164.5027580261230468750000 HTTP/1.1" 200 - "-" "WordPress/7.0.2; https://digitalclass.shop"
197.211.59.91 - - [22/Jul/2026:13:49:21 +0000] "POST /wp-json/pys-facebook/v1/event HTTP/1.1" 200 16 "https://digitalclass.shop/" "Mozilla/5.0 (Windows NT 10.0; Win64; x64) AppleWebKit/537.36 (KHTML, like Gecko) Chrome/150.0.0.0 Safari/537.36"
197.211.59.91 - - [22/Jul/2026:13:49:21 +0000] "GET /wp-admin/admin-ajax.php?action=pys_get_pbid HTTP/1.1" 200 1 "https://digitalclass.shop/" "Mozilla/5.0 (Windows NT 10.0; Win64; x64) AppleWebKit/537.36 (KHTML, like Gecko) Chrome/150.0.0.0 Safari/537.36"
197.211.59.91 - - [22/Jul/2026:13:49:22 +0000] "GET /favicon.ico HTTP/1.1" 302 - "https://digitalclass.shop/" "Mozilla/5.0 (Windows NT 10.0; Win64; x64) AppleWebKit/537.36 (KHTML, like Gecko) Chrome/150.0.0.0 Safari/537.36"
173.252.82.43 - - [22/Jul/2026:13:49:21 +0000] "GET / HTTP/1.1" 404 99361 "-" "facebookexternalhit/1.1 (+http://www.facebook.com/externalhit_uatext.php)"
198.177.124.148 - - [22/Jul/2026:13:50:25 +0000] "POST /wp-cron.php?doing_wp_cron=1784728225.3741080760955810546875 HTTP/1.1" 200 - "-" "WordPress/7.0.2; https://digitalclass.shop"
85.208.96.197 - - [22/Jul/2026:13:50:19 +0000] "GET /goods/ HTTP/1.1" 404 84227 "-" "Mozilla/5.0 (compatible; SemrushBot/7~bl; +http://www.semrush.com/bot.html)"
197.211.59.91 - - [22/Jul/2026:13:50:48 +0000] "POST /wp-admin/admin-ajax.php HTTP/1.1" 200 77 "https://digitalclass.shop/wp-admin/post.php?post=213&action=elementor" "Mozilla/5.0 (Windows NT 10.0; Win64; x64) AppleWebKit/537.36 (KHTML, like Gecko) Chrome/150.0.0.0 Safari/537.36"
198.177.124.148 - - [22/Jul/2026:13:52:52 +0000] "POST /wp-cron.php?doing_wp_cron=1784728372.3694949150085449218750 HTTP/1.1" 200 - "-" "WordPress/7.0.2; https://digitalclass.shop"
197.211.59.91 - - [22/Jul/2026:13:52:50 +0000] "POST /wp-admin/admin-ajax.php HTTP/1.1" 200 77 "https://digitalclass.shop/wp-admin/post.php?post=213&action=elementor" "Mozilla/5.0 (Windows NT 10.0; Win64; x64) AppleWebKit/537.36 (KHTML, like Gecko) Chrome/150.0.0.0 Safari/537.36"
198.177.124.148 - - [22/Jul/2026:13:54:54 +0000] "POST /wp-cron.php?doing_wp_cron=1784728493.9608240127563476562500 HTTP/1.1" 200 - "-" "WordPress/7.0.2; https://digitalclass.shop"
197.211.59.91 - - [22/Jul/2026:13:54:51 +0000] "POST /wp-admin/admin-ajax.php HTTP/1.1" 200 77 "https://digitalclass.shop/wp-admin/post.php?post=213&action=elementor" "Mozilla/5.0 (Windows NT 10.0; Win64; x64) AppleWebKit/537.36 (KHTML, like Gecko) Chrome/150.0.0.0 Safari/537.36"
173.252.95.12 - - [22/Jul/2026:13:54:52 +0000] "GET / HTTP/1.1" 404 99361 "-" "facebookexternalhit/1.1 (+http://www.facebook.com/externalhit_uatext.php)"
173.252.95.24 - - [22/Jul/2026:13:54:57 +0000] "GET / HTTP/1.1" 404 99361 "-" "facebookexternalhit/1.1 (+http://www.facebook.com/externalhit_uatext.php)"
198.177.124.148 - - [22/Jul/2026:13:56:53 +0000] "POST /wp-cron.php?doing_wp_cron=1784728613.4239261150360107421875 HTTP/1.1" 200 - "-" "WordPress/7.0.2; https://digitalclass.shop"
197.211.59.91 - - [22/Jul/2026:13:56:51 +0000] "POST /wp-admin/admin-ajax.php HTTP/1.1" 200 77 "https://digitalclass.shop/wp-admin/post.php?post=213&action=elementor" "Mozilla/5.0 (Windows NT 10.0; Win64; x64) AppleWebKit/537.36 (KHTML, like Gecko) Chrome/150.0.0.0 Safari/537.36"
198.177.124.148 - - [22/Jul/2026:13:58:54 +0000] "POST /wp-cron.php?doing_wp_cron=1784728734.5341930389404296875000 HTTP/1.1" 200 - "-" "WordPress/7.0.2; https://digitalclass.shop"
197.211.59.91 - - [22/Jul/2026:13:58:52 +0000] "POST /wp-admin/admin-ajax.php HTTP/1.1" 200 77 "https://digitalclass.shop/wp-admin/post.php?post=213&action=elementor" "Mozilla/5.0 (Windows NT 10.0; Win64; x64) AppleWebKit/537.36 (KHTML, like Gecko) Chrome/150.0.0.0 Safari/537.36"
198.177.124.148 - - [22/Jul/2026:14:00:57 +0000] "POST /wp-cron.php?doing_wp_cron=1784728857.1918120384216308593750 HTTP/1.1" 200 - "-" "WordPress/7.0.2; https://digitalclass.shop"
197.211.59.91 - - [22/Jul/2026:14:00:53 +0000] "POST /wp-admin/admin-ajax.php HTTP/1.1" 200 77 "https://digitalclass.shop/wp-admin/post.php?post=213&action=elementor" "Mozilla/5.0 (Windows NT 10.0; Win64; x64) AppleWebKit/537.36 (KHTML, like Gecko) Chrome/150.0.0.0 Safari/537.36"
198.177.124.148 - - [22/Jul/2026:14:02:58 +0000] "POST /wp-cron.php?doing_wp_cron=1784728977.9257531166076660156250 HTTP/1.1" 200 - "-" "WordPress/7.0.2; https://digitalclass.shop"
197.211.59.91 - - [22/Jul/2026:14:02:54 +0000] "POST /wp-admin/admin-ajax.php HTTP/1.1" 200 77 "https://digitalclass.shop/wp-admin/post.php?post=213&action=elementor" "Mozilla/5.0 (Windows NT 10.0; Win64; x64) AppleWebKit/537.36 (KHTML, like Gecko) Chrome/150.0.0.0 Safari/537.36"
198.177.124.148 - - [22/Jul/2026:14:04:59 +0000] "POST /wp-cron.php?doing_wp_cron=1784729099.3418869972229003906250 HTTP/1.1" 200 - "-" "WordPress/7.0.2; https://digitalclass.shop"
197.211.59.91 - - [22/Jul/2026:14:04:55 +0000] "POST /wp-admin/admin-ajax.php HTTP/1.1" 200 77 "https://digitalclass.shop/wp-admin/post.php?post=213&action=elementor" "Mozilla/5.0 (Windows NT 10.0; Win64; x64) AppleWebKit/537.36 (KHTML, like Gecko) Chrome/150.0.0.0 Safari/537.36"
198.177.124.148 - - [22/Jul/2026:14:06:59 +0000] "POST /wp-cron.php?doing_wp_cron=1784729219.1108279228210449218750 HTTP/1.1" 200 - "-" "WordPress/7.0.2; https://digitalclass.shop"
197.211.59.91 - - [22/Jul/2026:14:06:56 +0000] "POST /wp-admin/admin-ajax.php HTTP/1.1" 200 77 "https://digitalclass.shop/wp-admin/post.php?post=213&action=elementor" "Mozilla/5.0 (Windows NT 10.0; Win64; x64) AppleWebKit/537.36 (KHTML, like Gecko) Chrome/150.0.0.0 Safari/537.36"
198.177.124.148 - - [22/Jul/2026:14:09:00 +0000] "POST /wp-cron.php?doing_wp_cron=1784729340.6046578884124755859375 HTTP/1.1" 200 - "-" "WordPress/7.0.2; https://digitalclass.shop"
197.211.59.91 - - [22/Jul/2026:14:08:57 +0000] "POST /wp-admin/admin-ajax.php HTTP/1.1" 200 77 "https://digitalclass.shop/wp-admin/post.php?post=213&action=elementor" "Mozilla/5.0 (Windows NT 10.0; Win64; x64) AppleWebKit/537.36 (KHTML, like Gecko) Chrome/150.0.0.0 Safari/537.36"
198.177.124.148 - - [22/Jul/2026:14:11:01 +0000] "POST /wp-cron.php?doing_wp_cron=1784729461.1528789997100830078125 HTTP/1.1" 200 - "-" "WordPress/7.0.2; https://digitalclass.shop"
197.211.59.91 - - [22/Jul/2026:14:10:58 +0000] "POST /wp-admin/admin-ajax.php HTTP/1.1" 200 77 "https://digitalclass.shop/wp-admin/post.php?post=213&action=elementor" "Mozilla/5.0 (Windows NT 10.0; Win64; x64) AppleWebKit/537.36 (KHTML, like Gecko) Chrome/150.0.0.0 Safari/537.36"
198.177.124.148 - - [22/Jul/2026:14:13:03 +0000] "POST /wp-cron.php?doing_wp_cron=1784729583.6548719406127929687500 HTTP/1.1" 200 - "-" "WordPress/7.0.2; https://digitalclass.shop"
197.211.59.91 - - [22/Jul/2026:14:12:59 +0000] "POST /wp-admin/admin-ajax.php HTTP/1.1" 200 77 "https://digitalclass.shop/wp-admin/post.php?post=213&action=elementor" "Mozilla/5.0 (Windows NT 10.0; Win64; x64) AppleWebKit/537.36 (KHTML, like Gecko) Chrome/150.0.0.0 Safari/537.36"
198.177.124.148 - - [22/Jul/2026:14:15:08 +0000] "POST /wp-cron.php?doing_wp_cron=1784729707.9010479450225830078125 HTTP/1.1" 200 - "-" "WordPress/7.0.2; https://digitalclass.shop"
197.211.59.91 - - [22/Jul/2026:14:15:00 +0000] "POST /wp-admin/admin-ajax.php HTTP/1.1" 200 77 "https://digitalclass.shop/wp-admin/post.php?post=213&action=elementor" "Mozilla/5.0 (Windows NT 10.0; Win64; x64) AppleWebKit/537.36 (KHTML, like Gecko) Chrome/150.0.0.0 Safari/537.36"
198.177.124.148 - - [22/Jul/2026:14:17:04 +0000] "POST /wp-cron.php?doing_wp_cron=1784729824.4725608825683593750000 HTTP/1.1" 200 - "-" "WordPress/7.0.2; https://digitalclass.shop"
197.211.59.91 - - [22/Jul/2026:14:17:01 +0000] "POST /wp-admin/admin-ajax.php HTTP/1.1" 200 77 "https://digitalclass.shop/wp-admin/post.php?post=213&action=elementor" "Mozilla/5.0 (Windows NT 10.0; Win64; x64) AppleWebKit/537.36 (KHTML, like Gecko) Chrome/150.0.0.0 Safari/537.36"
198.177.124.148 - - [22/Jul/2026:14:19:05 +0000] "POST /wp-cron.php?doing_wp_cron=1784729945.0326759815216064453125 HTTP/1.1" 200 - "-" "WordPress/7.0.2; https://digitalclass.shop"
197.211.59.91 - - [22/Jul/2026:14:19:03 +0000] "POST /wp-admin/admin-ajax.php HTTP/1.1" 200 77 "https://digitalclass.shop/wp-admin/post.php?post=213&action=elementor" "Mozilla/5.0 (Windows NT 10.0; Win64; x64) AppleWebKit/537.36 (KHTML, like Gecko) Chrome/150.0.0.0 Safari/537.36"
198.177.124.148 - - [22/Jul/2026:14:21:07 +0000] "POST /wp-cron.php?doing_wp_cron=1784730067.2341990470886230468750 HTTP/1.1" 200 - "-" "WordPress/7.0.2; https://digitalclass.shop"
197.211.59.91 - - [22/Jul/2026:14:21:03 +0000] "POST /wp-admin/admin-ajax.php HTTP/1.1" 200 77 "https://digitalclass.shop/wp-admin/post.php?post=213&action=elementor" "Mozilla/5.0 (Windows NT 10.0; Win64; x64) AppleWebKit/537.36 (KHTML, like Gecko) Chrome/150.0.0.0 Safari/537.36"
198.177.124.148 - - [22/Jul/2026:14:23:08 +0000] "POST /wp-cron.php?doing_wp_cron=1784730188.1714038848876953125000 HTTP/1.1" 200 - "-" "WordPress/7.0.2; https://digitalclass.shop"
197.211.59.91 - - [22/Jul/2026:14:23:05 +0000] "POST /wp-admin/admin-ajax.php HTTP/1.1" 200 77 "https://digitalclass.shop/wp-admin/post.php?post=213&action=elementor" "Mozilla/5.0 (Windows NT 10.0; Win64; x64) AppleWebKit/537.36 (KHTML, like Gecko) Chrome/150.0.0.0 Safari/537.36"
198.177.124.148 - - [22/Jul/2026:14:25:09 +0000] "POST /wp-cron.php?doing_wp_cron=1784730309.7277040481567382812500 HTTP/1.1" 200 - "-" "WordPress/7.0.2; https://digitalclass.shop"
197.211.59.91 - - [22/Jul/2026:14:25:05 +0000] "POST /wp-admin/admin-ajax.php HTTP/1.1" 200 77 "https://digitalclass.shop/wp-admin/post.php?post=213&action=elementor" "Mozilla/5.0 (Windows NT 10.0; Win64; x64) AppleWebKit/537.36 (KHTML, like Gecko) Chrome/150.0.0.0 Safari/537.36"
198.177.124.148 - - [22/Jul/2026:14:27:08 +0000] "POST /wp-cron.php?doing_wp_cron=1784730428.2070460319519042968750 HTTP/1.1" 200 - "-" "WordPress/7.0.2; https://digitalclass.shop"
197.211.59.91 - - [22/Jul/2026:14:27:06 +0000] "POST /wp-admin/admin-ajax.php HTTP/1.1" 200 77 "https://digitalclass.shop/wp-admin/post.php?post=213&action=elementor" "Mozilla/5.0 (Windows NT 10.0; Win64; x64) AppleWebKit/537.36 (KHTML, like Gecko) Chrome/150.0.0.0 Safari/537.36"
198.177.124.148 - - [22/Jul/2026:14:29:09 +0000] "POST /wp-cron.php?doing_wp_cron=1784730549.9112389087677001953125 HTTP/1.1" 200 - "-" "WordPress/7.0.2; https://digitalclass.shop"
197.211.59.91 - - [22/Jul/2026:14:29:07 +0000] "POST /wp-admin/admin-ajax.php HTTP/1.1" 200 77 "https://digitalclass.shop/wp-admin/post.php?post=213&action=elementor" "Mozilla/5.0 (Windows NT 10.0; Win64; x64) AppleWebKit/537.36 (KHTML, like Gecko) Chrome/150.0.0.0 Safari/537.36"
135.181.3.246 - - [22/Jul/2026:15:05:59 +0000] "GET /robots.txt HTTP/1.1" 200 97 "-" "Mozilla/5.0 (compatible; SERankingBacklinksBot/1.0; +https://seranking.com/backlinks-crawler)"
198.177.124.148 - - [22/Jul/2026:15:06:06 +0000] "POST /wp-cron.php?doing_wp_cron=1784732766.0316751003265380859375 HTTP/1.1" 200 - "-" "WordPress/7.0.2; https://digitalclass.shop"
135.181.3.246 - - [22/Jul/2026:15:06:00 +0000] "GET /wp-sitemap-users-1.xml HTTP/1.1" 200 256 "-" "Mozilla/5.0 (compatible; SERankingBacklinksBot/1.0; +https://seranking.com/backlinks-crawler)"
135.181.3.246 - - [22/Jul/2026:15:06:09 +0000] "GET /wp-sitemap-posts-page-1.xml HTTP/1.1" 200 1767 "-" "Mozilla/5.0 (compatible; SERankingBacklinksBot/1.0; +https://seranking.com/backlinks-crawler)"
135.181.3.246 - - [22/Jul/2026:15:06:16 +0000] "GET /wp-sitemap-posts-post-1.xml HTTP/1.1" 200 297 "-" "Mozilla/5.0 (compatible; SERankingBacklinksBot/1.0; +https://seranking.com/backlinks-crawler)"
198.177.124.148 - - [22/Jul/2026:15:06:24 +0000] "POST /wp-cron.php?doing_wp_cron=1784732784.0899970531463623046875 HTTP/1.1" 200 - "-" "WordPress/7.0.2; https://digitalclass.shop"
135.181.3.246 - - [22/Jul/2026:15:06:22 +0000] "GET /wp-sitemap-taxonomies-category-1.xml HTTP/1.1" 200 264 "-" "Mozilla/5.0 (compatible; SERankingBacklinksBot/1.0; +https://seranking.com/backlinks-crawler)"
135.181.3.246 - - [22/Jul/2026:15:06:27 +0000] "GET /car/ HTTP/1.1" 200 53165 "-" "Mozilla/5.0 (compatible; SERankingBacklinksBot/1.0; +https://seranking.com/backlinks-crawler)"
135.181.3.246 - - [22/Jul/2026:15:06:33 +0000] "GET /fan/ HTTP/1.1" 200 61190 "-" "Mozilla/5.0 (compatible; SERankingBacklinksBot/1.0; +https://seranking.com/backlinks-crawler)"
135.181.3.246 - - [22/Jul/2026:15:06:42 +0000] "GET /cars/ HTTP/1.1" 200 40667 "-" "Mozilla/5.0 (compatible; SERankingBacklinksBot/1.0; +https://seranking.com/backlinks-crawler)"
135.181.3.246 - - [22/Jul/2026:15:06:51 +0000] "GET /cart/ HTTP/1.1" 200 85868 "-" "Mozilla/5.0 (compatible; SERankingBacklinksBot/1.0; +https://seranking.com/backlinks-crawler)"
135.181.3.246 - - [22/Jul/2026:15:06:58 +0000] "GET /code/ HTTP/1.1" 200 76531 "-" "Mozilla/5.0 (compatible; SERankingBacklinksBot/1.0; +https://seranking.com/backlinks-crawler)"
135.181.3.246 - - [22/Jul/2026:15:07:05 +0000] "GET /shoe/ HTTP/1.1" 200 74839 "-" "Mozilla/5.0 (compatible; SERankingBacklinksBot/1.0; +https://seranking.com/backlinks-crawler)"
135.181.3.246 - - [22/Jul/2026:15:07:11 +0000] "GET /shop/ HTTP/1.1" 200 82782 "-" "Mozilla/5.0 (compatible; SERankingBacklinksBot/1.0; +https://seranking.com/backlinks-crawler)"
135.181.3.246 - - [22/Jul/2026:15:07:16 +0000] "GET /fan-2/ HTTP/1.1" 200 66309 "-" "Mozilla/5.0 (compatible; SERankingBacklinksBot/1.0; +https://seranking.com/backlinks-crawler)"
198.177.124.148 - - [22/Jul/2026:15:07:24 +0000] "POST /wp-cron.php?doing_wp_cron=1784732844.1330370903015136718750 HTTP/1.1" 200 - "-" "WordPress/7.0.2; https://digitalclass.shop"
135.181.3.246 - - [22/Jul/2026:15:07:22 +0000] "GET /goods/ HTTP/1.1" 200 84227 "-" "Mozilla/5.0 (compatible; SERankingBacklinksBot/1.0; +https://seranking.com/backlinks-crawler)"
135.181.3.246 - - [22/Jul/2026:15:07:28 +0000] "GET /school/ HTTP/1.1" 200 84231 "-" "Mozilla/5.0 (compatible; SERankingBacklinksBot/1.0; +https://seranking.com/backlinks-crawler)"
135.181.3.246 - - [22/Jul/2026:15:07:35 +0000] "GET /checkout/ HTTP/1.1" 200 84887 "-" "Mozilla/5.0 (compatible; SERankingBacklinksBot/1.0; +https://seranking.com/backlinks-crawler)"
135.181.3.246 - - [22/Jul/2026:15:07:41 +0000] "GET /massager/ HTTP/1.1" 200 57241 "-" "Mozilla/5.0 (compatible; SERankingBacklinksBot/1.0; +https://seranking.com/backlinks-crawler)"
135.181.3.246 - - [22/Jul/2026:15:07:47 +0000] "GET /education/ HTTP/1.1" 200 68625 "-" "Mozilla/5.0 (compatible; SERankingBacklinksBot/1.0; +https://seranking.com/backlinks-crawler)"
135.181.3.246 - - [22/Jul/2026:15:07:53 +0000] "GET /cacservice/ HTTP/1.1" 200 65567 "-" "Mozilla/5.0 (compatible; SERankingBacklinksBot/1.0; +https://seranking.com/backlinks-crawler)"
135.181.3.246 - - [22/Jul/2026:15:08:00 +0000] "GET /my-account/ HTTP/1.1" 200 83200 "-" "Mozilla/5.0 (compatible; SERankingBacklinksBot/1.0; +https://seranking.com/backlinks-crawler)"
135.181.3.246 - - [22/Jul/2026:15:08:07 +0000] "GET /hello-world/ HTTP/1.1" 200 106996 "-" "Mozilla/5.0 (compatible; SERankingBacklinksBot/1.0; +https://seranking.com/backlinks-crawler)"
135.181.3.246 - - [22/Jul/2026:15:08:13 +0000] "GET /author/digital/ HTTP/1.1" 200 89623 "-" "Mozilla/5.0 (compatible; SERankingBacklinksBot/1.0; +https://seranking.com/backlinks-crawler)"
135.181.3.246 - - [22/Jul/2026:15:08:18 +0000] "GET /category/uncategorized/ HTTP/1.1" 200 89718 "-" "Mozilla/5.0 (compatible; SERankingBacklinksBot/1.0; +https://seranking.com/backlinks-crawler)"
185.191.171.16 - - [22/Jul/2026:15:33:36 +0000] "GET /robots.txt HTTP/1.1" 200 97 "-" "Mozilla/5.0 (compatible; SemrushBot/7~bl; +http://www.semrush.com/bot.html)"
85.208.96.212 - - [22/Jul/2026:15:33:40 +0000] "GET /wp-comments-post.php HTTP/1.1" 405 - "-" "Mozilla/5.0 (compatible; SemrushBot/7~bl; +http://www.semrush.com/bot.html)"
198.177.124.148 - - [22/Jul/2026:15:46:49 +0000] "POST /wp-cron.php?doing_wp_cron=1784735209.5386140346527099609375 HTTP/1.1" 200 - "-" "WordPress/7.0.2; https://digitalclass.shop"
85.208.96.208 - - [22/Jul/2026:15:46:46 +0000] "GET /education/ HTTP/1.1" 404 68625 "-" "Mozilla/5.0 (compatible; SemrushBot/7~bl; +http://www.semrush.com/bot.html)"
198.177.124.148 - - [22/Jul/2026:16:30:29 +0000] "POST /wp-cron.php?doing_wp_cron=1784737829.2599449157714843750000 HTTP/1.1" 200 - "-" "WordPress/7.0.2; https://digitalclass.shop"
40.77.167.42 - - [22/Jul/2026:16:30:26 +0000] "GET /cart/ HTTP/1.1" 404 85868 "-" "Mozilla/5.0 AppleWebKit/537.36 (KHTML, like Gecko; compatible; bingbot/2.0; +http://www.bing.com/bingbot.htm) Chrome/116.0.1938.76 Safari/537.36"
198.177.124.148 - - [22/Jul/2026:17:09:53 +0000] "POST /wp-cron.php?doing_wp_cron=1784740193.1263151168823242187500 HTTP/1.1" 200 - "-" "WordPress/7.0.2; https://digitalclass.shop"
130.131.233.88 - - [22/Jul/2026:17:09:49 +0000] "GET /wp-content/themes/admin.php HTTP/1.1" 404 85142 "-" "Mozilla/5.0 (Windows NT 10.0; Win64; x64) AppleWebKit/537.36 (KHTML, like Gecko) Chrome/120.0.0.0 Safari/537.36"
130.131.233.88 - - [22/Jul/2026:17:09:53 +0000] "GET /m.php HTTP/1.1" 404 84256 "-" "Mozilla/5.0 (Windows NT 10.0; Win64; x64) AppleWebKit/537.36 (KHTML, like Gecko) Chrome/120.0.0.0 Safari/537.36"
130.131.233.88 - - [22/Jul/2026:17:09:55 +0000] "GET /wp-admin/css/wp-login.php HTTP/1.1" 404 85136 "-" "Mozilla/5.0 (Windows NT 10.0; Win64; x64) AppleWebKit/537.36 (KHTML, like Gecko) Chrome/120.0.0.0 Safari/537.36"
130.131.233.88 - - [22/Jul/2026:17:10:00 +0000] "GET /wk/index.php HTTP/1.1" 301 - "-" "Mozilla/5.0 (Windows NT 10.0; Win64; x64) AppleWebKit/537.36 (KHTML, like Gecko) Chrome/120.0.0.0 Safari/537.36"
130.131.233.88 - - [22/Jul/2026:17:10:05 +0000] "GET /mini.php HTTP/1.1" 404 84259 "-" "Mozilla/5.0 (Windows NT 10.0; Win64; x64) AppleWebKit/537.36 (KHTML, like Gecko) Chrome/120.0.0.0 Safari/537.36"
130.131.233.88 - - [22/Jul/2026:17:10:10 +0000] "GET /w.php HTTP/1.1" 404 84256 "-" "Mozilla/5.0 (Windows NT 10.0; Win64; x64) AppleWebKit/537.36 (KHTML, like Gecko) Chrome/120.0.0.0 Safari/537.36"
130.131.233.88 - - [22/Jul/2026:17:10:14 +0000] "GET /admin.php HTTP/1.1" 404 84260 "-" "Mozilla/5.0 (Windows NT 10.0; Win64; x64) AppleWebKit/537.36 (KHTML, like Gecko) Chrome/120.0.0.0 Safari/537.36"
130.131.233.88 - - [22/Jul/2026:17:10:19 +0000] "GET /wp-includes/js/codemirror/about.php HTTP/1.1" 404 85168 "-" "Mozilla/5.0 (Windows NT 10.0; Win64; x64) AppleWebKit/537.36 (KHTML, like Gecko) Chrome/120.0.0.0 Safari/537.36"
198.177.124.148 - - [22/Jul/2026:17:10:23 +0000] "POST /wp-cron.php?doing_wp_cron=1784740223.7050330638885498046875 HTTP/1.1" 200 - "-" "WordPress/7.0.2; https://digitalclass.shop"
130.131.233.88 - - [22/Jul/2026:17:10:21 +0000] "GET /wp-admin/css/colors/blue/ HTTP/1.1" 404 85140 "-" "Mozilla/5.0 (Windows NT 10.0; Win64; x64) AppleWebKit/537.36 (KHTML, like Gecko) Chrome/120.0.0.0 Safari/537.36"
130.131.233.88 - - [22/Jul/2026:17:10:23 +0000] "GET /wp-includes/Requests/library/ HTTP/1.1" 404 85150 "-" "Mozilla/5.0 (Windows NT 10.0; Win64; x64) AppleWebKit/537.36 (KHTML, like Gecko) Chrome/120.0.0.0 Safari/537.36"
130.131.233.88 - - [22/Jul/2026:17:10:26 +0000] "GET /wp-content/admin.php HTTP/1.1" 404 84271 "-" "Mozilla/5.0 (Windows NT 10.0; Win64; x64) AppleWebKit/537.36 (KHTML, like Gecko) Chrome/120.0.0.0 Safari/537.36"
130.131.233.88 - - [22/Jul/2026:17:10:29 +0000] "GET /wp-configs.php HTTP/1.1" 404 84265 "-" "Mozilla/5.0 (Windows NT 10.0; Win64; x64) AppleWebKit/537.36 (KHTML, like Gecko) Chrome/120.0.0.0 Safari/537.36"
130.131.233.88 - - [22/Jul/2026:17:10:34 +0000] "GET /php.php HTTP/1.1" 404 84258 "-" "Mozilla/5.0 (Windows NT 10.0; Win64; x64) AppleWebKit/537.36 (KHTML, like Gecko) Chrome/120.0.0.0 Safari/537.36"
130.131.233.88 - - [22/Jul/2026:17:10:39 +0000] "GET /wp-includes/index.php HTTP/1.1" 301 - "-" "Mozilla/5.0 (Windows NT 10.0; Win64; x64) AppleWebKit/537.36 (KHTML, like Gecko) Chrome/120.0.0.0 Safari/537.36"
130.131.233.88 - - [22/Jul/2026:17:10:42 +0000] "GET /wp-admin/a.php HTTP/1.1" 404 84265 "-" "Mozilla/5.0 (Windows NT 10.0; Win64; x64) AppleWebKit/537.36 (KHTML, like Gecko) Chrome/120.0.0.0 Safari/537.36"
130.131.233.88 - - [22/Jul/2026:17:10:45 +0000] "GET /wp-includes/sitemaps/providers/ HTTP/1.1" 404 85156 "-" "Mozilla/5.0 (Windows NT 10.0; Win64; x64) AppleWebKit/537.36 (KHTML, like Gecko) Chrome/120.0.0.0 Safari/537.36"
130.131.233.88 - - [22/Jul/2026:17:10:49 +0000] "GET /wp-includes/block-bindings/ HTTP/1.1" 404 84278 "-" "Mozilla/5.0 (Windows NT 10.0; Win64; x64) AppleWebKit/537.36 (KHTML, like Gecko) Chrome/120.0.0.0 Safari/537.36"
130.131.233.88 - - [22/Jul/2026:17:10:54 +0000] "GET /wp-includes/Text/about.php HTTP/1.1" 404 85139 "-" "Mozilla/5.0 (Windows NT 10.0; Win64; x64) AppleWebKit/537.36 (KHTML, like Gecko) Chrome/120.0.0.0 Safari/537.36"
130.131.233.88 - - [22/Jul/2026:17:10:57 +0000] "GET /wp-admin.php HTTP/1.1" 404 84263 "-" "Mozilla/5.0 (Windows NT 10.0; Win64; x64) AppleWebKit/537.36 (KHTML, like Gecko) Chrome/120.0.0.0 Safari/537.36"
130.131.233.88 - - [22/Jul/2026:17:10:59 +0000] "GET /size.php HTTP/1.1" 404 84259 "-" "Mozilla/5.0 (Windows NT 10.0; Win64; x64) AppleWebKit/537.36 (KHTML, like Gecko) Chrome/120.0.0.0 Safari/537.36"
130.131.233.88 - - [22/Jul/2026:17:11:03 +0000] "GET /wp-includes/wp-class.php HTTP/1.1" 404 84275 "-" "Mozilla/5.0 (Windows NT 10.0; Win64; x64) AppleWebKit/537.36 (KHTML, like Gecko) Chrome/120.0.0.0 Safari/537.36"
130.131.233.88 - - [22/Jul/2026:17:11:07 +0000] "GET /403.php HTTP/1.1" 404 84258 "-" "Mozilla/5.0 (Windows NT 10.0; Win64; x64) AppleWebKit/537.36 (KHTML, like Gecko) Chrome/120.0.0.0 Safari/537.36"
130.131.233.88 - - [22/Jul/2026:17:11:10 +0000] "GET /wp-includes/IXR/wp-login.php HTTP/1.1" 404 85145 "-" "Mozilla/5.0 (Windows NT 10.0; Win64; x64) AppleWebKit/537.36 (KHTML, like Gecko) Chrome/120.0.0.0 Safari/537.36"
130.131.233.88 - - [22/Jul/2026:17:11:12 +0000] "GET /as.php HTTP/1.1" 404 84257 "-" "Mozilla/5.0 (Windows NT 10.0; Win64; x64) AppleWebKit/537.36 (KHTML, like Gecko) Chrome/120.0.0.0 Safari/537.36"
130.131.233.88 - - [22/Jul/2026:17:11:13 +0000] "GET /wp-admin/includes/index.php HTTP/1.1" 301 - "-" "Mozilla/5.0 (Windows NT 10.0; Win64; x64) AppleWebKit/537.36 (KHTML, like Gecko) Chrome/120.0.0.0 Safari/537.36"
130.131.233.88 - - [22/Jul/2026:17:11:14 +0000] "GET /wp-admin/js/widgets/index.php HTTP/1.1" 301 - "-" "Mozilla/5.0 (Windows NT 10.0; Win64; x64) AppleWebKit/537.36 (KHTML, like Gecko) Chrome/120.0.0.0 Safari/537.36"
130.131.233.88 - - [22/Jul/2026:17:11:16 +0000] "GET /plugins.php HTTP/1.1" 404 84262 "-" "Mozilla/5.0 (Windows NT 10.0; Win64; x64) AppleWebKit/537.36 (KHTML, like Gecko) Chrome/120.0.0.0 Safari/537.36"
130.131.233.88 - - [22/Jul/2026:17:11:17 +0000] "GET /adminfuns.php HTTP/1.1" 404 84264 "-" "Mozilla/5.0 (Windows NT 10.0; Win64; x64) AppleWebKit/537.36 (KHTML, like Gecko) Chrome/120.0.0.0 Safari/537.36"
130.131.233.88 - - [22/Jul/2026:17:11:19 +0000] "GET /file.php HTTP/1.1" 404 84259 "-" "Mozilla/5.0 (Windows NT 10.0; Win64; x64) AppleWebKit/537.36 (KHTML, like Gecko) Chrome/120.0.0.0 Safari/537.36"
198.177.124.148 - - [22/Jul/2026:17:11:22 +0000] "POST /wp-cron.php?doing_wp_cron=1784740282.0147099494934082031250 HTTP/1.1" 200 - "-" "WordPress/7.0.2; https://digitalclass.shop"
130.131.233.88 - - [22/Jul/2026:17:11:20 +0000] "GET /wp-includes/js/index.php HTTP/1.1" 301 - "-" "Mozilla/5.0 (Windows NT 10.0; Win64; x64) AppleWebKit/537.36 (KHTML, like Gecko) Chrome/120.0.0.0 Safari/537.36"
130.131.233.88 - - [22/Jul/2026:17:11:22 +0000] "GET /go.php HTTP/1.1" 404 84257 "-" "Mozilla/5.0 (Windows NT 10.0; Win64; x64) AppleWebKit/537.36 (KHTML, like Gecko) Chrome/120.0.0.0 Safari/537.36"
130.131.233.88 - - [22/Jul/2026:17:11:23 +0000] "GET /aaa.php/getid3-core.php HTTP/1.1" 404 84274 "-" "Mozilla/5.0 (Windows NT 10.0; Win64; x64) AppleWebKit/537.36 (KHTML, like Gecko) Chrome/120.0.0.0 Safari/537.36"
130.131.233.88 - - [22/Jul/2026:17:11:24 +0000] "GET /adminer.php HTTP/1.1" 404 84262 "-" "Mozilla/5.0 (Windows NT 10.0; Win64; x64) AppleWebKit/537.36 (KHTML, like Gecko) Chrome/120.0.0.0 Safari/537.36"
130.131.233.88 - - [22/Jul/2026:17:11:27 +0000] "GET /wp-admin/maint/index.php HTTP/1.1" 301 - "-" "Mozilla/5.0 (Windows NT 10.0; Win64; x64) AppleWebKit/537.36 (KHTML, like Gecko) Chrome/120.0.0.0 Safari/537.36"
130.131.233.88 - - [22/Jul/2026:17:11:31 +0000] "GET /wp-content/uploads/2024/ HTTP/1.1" 404 85135 "-" "Mozilla/5.0 (Windows NT 10.0; Win64; x64) AppleWebKit/537.36 (KHTML, like Gecko) Chrome/120.0.0.0 Safari/537.36"
130.131.233.88 - - [22/Jul/2026:17:11:35 +0000] "GET /alfa.php HTTP/1.1" 404 84259 "-" "Mozilla/5.0 (Windows NT 10.0; Win64; x64) AppleWebKit/537.36 (KHTML, like Gecko) Chrome/120.0.0.0 Safari/537.36"
130.131.233.88 - - [22/Jul/2026:17:11:38 +0000] "GET /wp-content/uploads/ HTTP/1.1" 404 84270 "-" "Mozilla/5.0 (Windows NT 10.0; Win64; x64) AppleWebKit/537.36 (KHTML, like Gecko) Chrome/120.0.0.0 Safari/537.36"
130.131.233.88 - - [22/Jul/2026:17:11:40 +0000] "GET /wp-content/themes/alera/alpha.php HTTP/1.1" 404 85162 "-" "Mozilla/5.0 (Windows NT 10.0; Win64; x64) AppleWebKit/537.36 (KHTML, like Gecko) Chrome/120.0.0.0 Safari/537.36"
130.131.233.88 - - [22/Jul/2026:17:11:41 +0000] "GET /wp-includes/SimplePie/about.php HTTP/1.1" 404 85154 "-" "Mozilla/5.0 (Windows NT 10.0; Win64; x64) AppleWebKit/537.36 (KHTML, like Gecko) Chrome/120.0.0.0 Safari/537.36"
130.131.233.88 - - [22/Jul/2026:17:11:42 +0000] "GET /wp-content/plugins/linkpreview/index.php HTTP/1.1" 301 - "-" "Mozilla/5.0 (Windows NT 10.0; Win64; x64) AppleWebKit/537.36 (KHTML, like Gecko) Chrome/120.0.0.0 Safari/537.36"
130.131.233.88 - - [22/Jul/2026:17:11:43 +0000] "GET /edit.php HTTP/1.1" 404 84259 "-" "Mozilla/5.0 (Windows NT 10.0; Win64; x64) AppleWebKit/537.36 (KHTML, like Gecko) Chrome/120.0.0.0 Safari/537.36"
130.131.233.88 - - [22/Jul/2026:17:11:47 +0000] "GET /wp-includes/block-supports/ HTTP/1.1" 404 84278 "-" "Mozilla/5.0 (Windows NT 10.0; Win64; x64) AppleWebKit/537.36 (KHTML, like Gecko) Chrome/120.0.0.0 Safari/537.36"
130.131.233.88 - - [22/Jul/2026:17:11:52 +0000] "GET /wp-content/ HTTP/1.1" 200 - "-" "Mozilla/5.0 (Windows NT 10.0; Win64; x64) AppleWebKit/537.36 (KHTML, like Gecko) Chrome/120.0.0.0 Safari/537.36"
130.131.233.88 - - [22/Jul/2026:17:11:52 +0000] "GET /file5.php HTTP/1.1" 404 84260 "-" "Mozilla/5.0 (Windows NT 10.0; Win64; x64) AppleWebKit/537.36 (KHTML, like Gecko) Chrome/120.0.0.0 Safari/537.36"
130.131.233.88 - - [22/Jul/2026:17:11:54 +0000] "GET /sf.php HTTP/1.1" 404 84257 "-" "Mozilla/5.0 (Windows NT 10.0; Win64; x64) AppleWebKit/537.36 (KHTML, like Gecko) Chrome/120.0.0.0 Safari/537.36"
130.131.233.88 - - [22/Jul/2026:17:11:55 +0000] "GET /404.php HTTP/1.1" 404 84258 "-" "Mozilla/5.0 (Windows NT 10.0; Win64; x64) AppleWebKit/537.36 (KHTML, like Gecko) Chrome/120.0.0.0 Safari/537.36"
130.131.233.88 - - [22/Jul/2026:17:11:57 +0000] "GET /wp-admin/js/widgets/ HTTP/1.1" 404 85123 "-" "Mozilla/5.0 (Windows NT 10.0; Win64; x64) AppleWebKit/537.36 (KHTML, like Gecko) Chrome/120.0.0.0 Safari/537.36"
130.131.233.88 - - [22/Jul/2026:17:11:58 +0000] "GET /wso.php HTTP/1.1" 404 84258 "-" "Mozilla/5.0 (Windows NT 10.0; Win64; x64) AppleWebKit/537.36 (KHTML, like Gecko) Chrome/120.0.0.0 Safari/537.36"
130.131.233.88 - - [22/Jul/2026:17:11:59 +0000] "GET /ioxi-o.php HTTP/1.1" 404 84261 "-" "Mozilla/5.0 (Windows NT 10.0; Win64; x64) AppleWebKit/537.36 (KHTML, like Gecko) Chrome/120.0.0.0 Safari/537.36"
130.131.233.88 - - [22/Jul/2026:17:12:00 +0000] "GET /file56.php HTTP/1.1" 404 84261 "-" "Mozilla/5.0 (Windows NT 10.0; Win64; x64) AppleWebKit/537.36 (KHTML, like Gecko) Chrome/120.0.0.0 Safari/537.36"
130.131.233.88 - - [22/Jul/2026:17:12:02 +0000] "GET /wp-includes/PHPMailer/admin.php HTTP/1.1" 404 85154 "-" "Mozilla/5.0 (Windows NT 10.0; Win64; x64) AppleWebKit/537.36 (KHTML, like Gecko) Chrome/120.0.0.0 Safari/537.36"
130.131.233.88 - - [22/Jul/2026:17:12:04 +0000] "GET /wp-admin/css/index.php HTTP/1.1" 301 - "-" "Mozilla/5.0 (Windows NT 10.0; Win64; x64) AppleWebKit/537.36 (KHTML, like Gecko) Chrome/120.0.0.0 Safari/537.36"
130.131.233.88 - - [22/Jul/2026:17:12:07 +0000] "GET /wp-content/edit.php HTTP/1.1" 404 84270 "-" "Mozilla/5.0 (Windows NT 10.0; Win64; x64) AppleWebKit/537.36 (KHTML, like Gecko) Chrome/120.0.0.0 Safari/537.36"
130.131.233.88 - - [22/Jul/2026:17:12:10 +0000] "GET /2.php HTTP/1.1" 404 84256 "-" "Mozilla/5.0 (Windows NT 10.0; Win64; x64) AppleWebKit/537.36 (KHTML, like Gecko) Chrome/120.0.0.0 Safari/537.36"
130.131.233.88 - - [22/Jul/2026:17:12:13 +0000] "GET /wp-content/uploads/admin.php HTTP/1.1" 404 85145 "-" "Mozilla/5.0 (Windows NT 10.0; Win64; x64) AppleWebKit/537.36 (KHTML, like Gecko) Chrome/120.0.0.0 Safari/537.36"
130.131.233.88 - - [22/Jul/2026:17:12:15 +0000] "GET /mah.php HTTP/1.1" 404 84258 "-" "Mozilla/5.0 (Windows NT 10.0; Win64; x64) AppleWebKit/537.36 (KHTML, like Gecko) Chrome/120.0.0.0 Safari/537.36"
