197.211.59.91 - - [22/Jul/2026:11:37:41 +0000] "GET /wp-content/plugins/wpforms-lite/assets/images/addon-icon-paypal-commerce.png HTTP/1.1" 200 22086 "https://digitalclass.shop/wp-admin/admin.php?page=wpforms-builder&view=fields&form_id=231&newform=1" "Mozilla/5.0 (Windows NT 10.0; Win64; x64) AppleWebKit/537.36 (KHTML, like Gecko) Chrome/150.0.0.0 Safari/537.36"
197.211.59.91 - - [22/Jul/2026:11:37:42 +0000] "GET /wp-content/plugins/wpforms-lite/assets/images/addon-icon-coupons.png HTTP/1.1" 200 4928 "https://digitalclass.shop/wp-admin/admin.php?page=wpforms-builder&view=fields&form_id=231&newform=1" "Mozilla/5.0 (Windows NT 10.0; Win64; x64) AppleWebKit/537.36 (KHTML, like Gecko) Chrome/150.0.0.0 Safari/537.36"
197.211.59.91 - - [22/Jul/2026:11:37:42 +0000] "GET /wp-content/plugins/wpforms-lite/assets/images/addon-icon-authorize-net.png HTTP/1.1" 200 4259 "https://digitalclass.shop/wp-admin/admin.php?page=wpforms-builder&view=fields&form_id=231&newform=1" "Mozilla/5.0 (Windows NT 10.0; Win64; x64) AppleWebKit/537.36 (KHTML, like Gecko) Chrome/150.0.0.0 Safari/537.36"
197.211.59.91 - - [22/Jul/2026:11:37:42 +0000] "GET /wp-content/plugins/wpforms-lite/assets/images/addon-icon-paypal-standard.png HTTP/1.1" 200 22086 "https://digitalclass.shop/wp-admin/admin.php?page=wpforms-builder&view=fields&form_id=231&newform=1" "Mozilla/5.0 (Windows NT 10.0; Win64; x64) AppleWebKit/537.36 (KHTML, like Gecko) Chrome/150.0.0.0 Safari/537.36"
197.211.59.91 - - [22/Jul/2026:11:37:45 +0000] "GET /wp-includes/js/tinymce/skins/lightgray/skin.min.css?wp-mce-49110-20250317 HTTP/1.1" 200 44010 "https://digitalclass.shop/wp-admin/admin.php?page=wpforms-builder&view=fields&form_id=231&newform=1" "Mozilla/5.0 (Windows NT 10.0; Win64; x64) AppleWebKit/537.36 (KHTML, like Gecko) Chrome/150.0.0.0 Safari/537.36"
197.211.59.91 - - [22/Jul/2026:11:37:45 +0000] "GET /wp-includes/js/tinymce/skins/lightgray/content.min.css?wp-mce-49110-20250317 HTTP/1.1" 200 4017 "https://digitalclass.shop/wp-admin/admin.php?page=wpforms-builder&view=fields&form_id=231&newform=1" "Mozilla/5.0 (Windows NT 10.0; Win64; x64) AppleWebKit/537.36 (KHTML, like Gecko) Chrome/150.0.0.0 Safari/537.36"
197.211.59.91 - - [22/Jul/2026:11:37:45 +0000] "GET /wp-includes/js/tinymce/skins/wordpress/wp-content.css?ver=7.0.2&wp-mce-49110-20250317 HTTP/1.1" 200 8760 "https://digitalclass.shop/wp-admin/admin.php?page=wpforms-builder&view=fields&form_id=231&newform=1" "Mozilla/5.0 (Windows NT 10.0; Win64; x64) AppleWebKit/537.36 (KHTML, like Gecko) Chrome/150.0.0.0 Safari/537.36"
197.211.59.91 - - [22/Jul/2026:11:37:45 +0000] "GET /wp-includes/css/dashicons.min.css?ver=7.0.2&wp-mce-49110-20250317 HTTP/1.1" 200 59004 "https://digitalclass.shop/wp-admin/admin.php?page=wpforms-builder&view=fields&form_id=231&newform=1" "Mozilla/5.0 (Windows NT 10.0; Win64; x64) AppleWebKit/537.36 (KHTML, like Gecko) Chrome/150.0.0.0 Safari/537.36"
197.211.59.91 - - [22/Jul/2026:11:37:45 +0000] "POST /wp-admin/admin-ajax.php HTTP/1.1" 200 144 "https://digitalclass.shop/wp-admin/admin.php?page=wpforms-builder&view=fields&form_id=231&newform=1" "Mozilla/5.0 (Windows NT 10.0; Win64; x64) AppleWebKit/537.36 (KHTML, like Gecko) Chrome/150.0.0.0 Safari/537.36"
197.211.59.91 - - [22/Jul/2026:11:37:47 +0000] "POST /wp-json/wpforms/v1/themes/custom/?_locale=user HTTP/1.1" 200 15 "https://digitalclass.shop/wp-admin/admin.php?page=wpforms-builder&view=fields&form_id=231" "Mozilla/5.0 (Windows NT 10.0; Win64; x64) AppleWebKit/537.36 (KHTML, like Gecko) Chrome/150.0.0.0 Safari/537.36"
197.211.59.91 - - [22/Jul/2026:11:37:49 +0000] "GET /wp-content/plugins/wpforms-lite/assets/js/admin/builder/providers.min.js?ver=2.0.0.2 HTTP/1.1" 200 13448 "-" "Mozilla/5.0 (Windows NT 10.0; Win64; x64) AppleWebKit/537.36 (KHTML, like Gecko) Chrome/150.0.0.0 Safari/537.36"
197.211.59.91 - - [22/Jul/2026:11:37:49 +0000] "GET /wp-content/plugins/wpforms-lite/assets/js/integrations/constant-contact-v3/builder.min.js?ver=2.0.0.2 HTTP/1.1" 200 6160 "-" "Mozilla/5.0 (Windows NT 10.0; Win64; x64) AppleWebKit/537.36 (KHTML, like Gecko) Chrome/150.0.0.0 Safari/537.36"
197.211.59.91 - - [22/Jul/2026:11:37:49 +0000] "GET /wp-content/plugins/wpforms-lite/assets/js/admin/builder/panel-loader.min.js?ver=2.0.0.2 HTTP/1.1" 200 2255 "-" "Mozilla/5.0 (Windows NT 10.0; Win64; x64) AppleWebKit/537.36 (KHTML, like Gecko) Chrome/150.0.0.0 Safari/537.36"
197.211.59.91 - - [22/Jul/2026:11:37:49 +0000] "GET /wp-admin/js/editor.min.js?ver=7.0.2 HTTP/1.1" 200 13085 "-" "Mozilla/5.0 (Windows NT 10.0; Win64; x64) AppleWebKit/537.36 (KHTML, like Gecko) Chrome/150.0.0.0 Safari/537.36"
197.211.59.91 - - [22/Jul/2026:11:37:49 +0000] "GET /wp-includes/js/tinymce/wp-tinymce.js?ver=49110-20250317 HTTP/1.1" 200 671433 "-" "Mozilla/5.0 (Windows NT 10.0; Win64; x64) AppleWebKit/537.36 (KHTML, like Gecko) Chrome/150.0.0.0 Safari/537.36"
197.211.59.91 - - [22/Jul/2026:11:38:05 +0000] "POST /wp-admin/admin-ajax.php HTTP/1.1" 200 13240 "https://digitalclass.shop/wp-admin/admin.php?page=wpforms-builder&view=fields&form_id=231" "Mozilla/5.0 (Windows NT 10.0; Win64; x64) AppleWebKit/537.36 (KHTML, like Gecko) Chrome/150.0.0.0 Safari/537.36"
198.177.124.148 - - [22/Jul/2026:11:38:34 +0000] "POST /wp-cron.php?doing_wp_cron=1784720314.7098701000213623046875 HTTP/1.1" 200 - "-" "WordPress/7.0.2; https://digitalclass.shop"
197.211.59.91 - - [22/Jul/2026:11:38:33 +0000] "POST /wp-admin/admin-ajax.php HTTP/1.1" 200 47 "https://digitalclass.shop/wp-admin/admin.php?page=wpforms-builder&view=fields&form_id=231" "Mozilla/5.0 (Windows NT 10.0; Win64; x64) AppleWebKit/537.36 (KHTML, like Gecko) Chrome/150.0.0.0 Safari/537.36"
198.177.124.148 - - [22/Jul/2026:11:39:36 +0000] "POST /wp-cron.php?doing_wp_cron=1784720376.2191319465637207031250 HTTP/1.1" 200 - "-" "WordPress/7.0.2; https://digitalclass.shop"
197.211.59.91 - - [22/Jul/2026:11:39:34 +0000] "POST /wp-admin/admin-ajax.php HTTP/1.1" 200 47 "https://digitalclass.shop/wp-admin/admin.php?page=wpforms-builder&view=fields&form_id=231" "Mozilla/5.0 (Windows NT 10.0; Win64; x64) AppleWebKit/537.36 (KHTML, like Gecko) Chrome/150.0.0.0 Safari/537.36"
197.211.59.91 - - [22/Jul/2026:11:39:58 +0000] "POST /wp-admin/admin-ajax.php HTTP/1.1" 200 16 "https://digitalclass.shop/wp-admin/admin.php?page=wpforms-builder&view=fields&form_id=231" "Mozilla/5.0 (Windows NT 10.0; Win64; x64) AppleWebKit/537.36 (KHTML, like Gecko) Chrome/150.0.0.0 Safari/537.36"
198.177.124.148 - - [22/Jul/2026:11:53:02 +0000] "POST /wp-cron.php?doing_wp_cron=1784721182.6930739879608154296875 HTTP/1.1" 200 - "-" "WordPress/7.0.2; https://digitalclass.shop"
197.211.59.91 - - [22/Jul/2026:11:53:01 +0000] "POST /wp-admin/admin-ajax.php HTTP/1.1" 200 47 "https://digitalclass.shop/wp-admin/admin.php?page=wpforms-builder&view=settings&form_id=231&section=notifications" "Mozilla/5.0 (Windows NT 10.0; Win64; x64) AppleWebKit/537.36 (KHTML, like Gecko) Chrome/150.0.0.0 Safari/537.36"
198.177.124.148 - - [22/Jul/2026:12:09:13 +0000] "POST /wp-cron.php?doing_wp_cron=1784722153.2864179611206054687500 HTTP/1.1" 200 - "-" "WordPress/7.0.2; https://digitalclass.shop"
197.211.59.91 - - [22/Jul/2026:12:09:11 +0000] "POST /wp-admin/admin-ajax.php HTTP/1.1" 200 104 "https://digitalclass.shop/wp-admin/admin.php?page=wpforms-builder&view=settings&form_id=231&section=notifications" "Mozilla/5.0 (Windows NT 10.0; Win64; x64) AppleWebKit/537.36 (KHTML, like Gecko) Chrome/150.0.0.0 Safari/537.36"
198.177.124.148 - - [22/Jul/2026:12:09:56 +0000] "POST /wp-cron.php?doing_wp_cron=1784722196.4779739379882812500000 HTTP/1.1" 200 - "-" "WordPress/7.0.2; https://digitalclass.shop"
197.211.59.91 - - [22/Jul/2026:12:09:55 +0000] "POST /wp-admin/admin-ajax.php HTTP/1.1" 200 47 "https://digitalclass.shop/wp-admin/admin.php?page=wpforms-builder&view=settings&form_id=231&section=notifications" "Mozilla/5.0 (Windows NT 10.0; Win64; x64) AppleWebKit/537.36 (KHTML, like Gecko) Chrome/150.0.0.0 Safari/537.36"
198.177.124.148 - - [22/Jul/2026:12:11:57 +0000] "POST /wp-cron.php?doing_wp_cron=1784722317.5825889110565185546875 HTTP/1.1" 200 - "-" "WordPress/7.0.2; https://digitalclass.shop"
197.211.59.91 - - [22/Jul/2026:12:11:55 +0000] "POST /wp-admin/admin-ajax.php HTTP/1.1" 200 47 "https://digitalclass.shop/wp-admin/admin.php?page=wpforms-builder&view=settings&form_id=231&section=notifications" "Mozilla/5.0 (Windows NT 10.0; Win64; x64) AppleWebKit/537.36 (KHTML, like Gecko) Chrome/150.0.0.0 Safari/537.36"
124.123.100.130 - - [22/Jul/2026:12:12:16 +0000] "POST /xmlrpc.php HTTP/1.1" 200 403 "-" "WordPress.com; https://wordpress.com"
198.177.124.148 - - [22/Jul/2026:12:12:31 +0000] "POST /wp-cron.php?doing_wp_cron=1784722351.5268769264221191406250 HTTP/1.1" 200 - "-" "WordPress/7.0.2; https://digitalclass.shop"
124.123.100.130 - - [22/Jul/2026:12:12:28 +0000] "POST /xmlrpc.php HTTP/1.1" 200 403 "-" "WordPress.com; https://wordpress.com"
124.123.100.130 - - [22/Jul/2026:12:12:37 +0000] "POST /xmlrpc.php HTTP/1.1" 200 403 "-" "Jetpack/12.5; WordPress/6.4; http://site75524741.com"
124.123.100.130 - - [22/Jul/2026:12:12:48 +0000] "POST /xmlrpc.php HTTP/1.1" 200 403 "-" "Jetpack by WordPress.com"
124.123.100.130 - - [22/Jul/2026:12:12:58 +0000] "POST /xmlrpc.php HTTP/1.1" 200 403 "-" "Jetpack by WordPress.com"
124.123.100.130 - - [22/Jul/2026:12:13:09 +0000] "POST /xmlrpc.php HTTP/1.1" 200 403 "-" "WordPress.com; https://wordpress.com"
124.123.100.130 - - [22/Jul/2026:12:13:20 +0000] "POST /xmlrpc.php HTTP/1.1" 200 403 "-" "Jetpack/12.1; WordPress/6.1; http://site59846586.com"
198.177.124.148 - - [22/Jul/2026:12:13:33 +0000] "POST /wp-cron.php?doing_wp_cron=1784722413.1553609371185302734375 HTTP/1.1" 200 - "-" "WordPress/7.0.2; https://digitalclass.shop"
124.123.100.130 - - [22/Jul/2026:12:13:30 +0000] "POST /xmlrpc.php HTTP/1.1" 200 403 "-" "Jetpack by WordPress.com"
124.123.100.130 - - [22/Jul/2026:12:13:41 +0000] "POST /xmlrpc.php HTTP/1.1" 200 403 "-" "Jetpack/13.0; WordPress/6.3; http://site11535993.com"
124.123.100.130 - - [22/Jul/2026:12:13:51 +0000] "POST /xmlrpc.php HTTP/1.1" 200 403 "-" "WordPress.com; https://wordpress.com"
124.123.100.130 - - [22/Jul/2026:12:14:02 +0000] "POST /xmlrpc.php HTTP/1.1" 200 403 "-" "Jetpack by WordPress.com (Jetpack 12.5; WordPress 6.4)"
124.123.100.130 - - [22/Jul/2026:12:14:13 +0000] "POST /xmlrpc.php HTTP/1.1" 200 403 "-" "WordPress.com; https://wordpress.com"
124.123.100.130 - - [22/Jul/2026:12:14:24 +0000] "POST /xmlrpc.php HTTP/1.1" 200 403 "-" "Jetpack by WordPress.com"
124.123.100.130 - - [22/Jul/2026:12:14:34 +0000] "POST /xmlrpc.php HTTP/1.1" 200 403 "-" "Jetpack/12.5; WordPress/6.3; http://site58563792.com"
124.123.100.130 - - [22/Jul/2026:12:14:46 +0000] "POST /xmlrpc.php HTTP/1.1" 200 403 "-" "Jetpack/13.0; WordPress/6.4; http://site47623265.com"
124.123.100.130 - - [22/Jul/2026:12:14:56 +0000] "POST /xmlrpc.php HTTP/1.1" 200 403 "-" "WordPress.com; https://wordpress.com"
124.123.100.130 - - [22/Jul/2026:12:15:08 +0000] "POST /xmlrpc.php HTTP/1.1" 200 403 "-" "Jetpack/12.5; WordPress/6.4; http://site28643573.com"
124.123.100.130 - - [22/Jul/2026:12:15:17 +0000] "POST /xmlrpc.php HTTP/1.1" 200 403 "-" "Jetpack/12.1; WordPress/6.4; http://site38054178.com"
124.123.100.130 - - [22/Jul/2026:12:15:28 +0000] "POST /xmlrpc.php HTTP/1.1" 200 403 "-" "Jetpack/12.1; WordPress/6.1; http://site42027457.com"
124.123.100.130 - - [22/Jul/2026:12:15:39 +0000] "POST /xmlrpc.php HTTP/1.1" 200 403 "-" "WordPress.com; https://wordpress.com"
124.123.100.130 - - [22/Jul/2026:12:15:49 +0000] "POST /xmlrpc.php HTTP/1.1" 200 403 "-" "Jetpack by WordPress.com"
124.123.100.130 - - [22/Jul/2026:12:15:59 +0000] "POST /xmlrpc.php HTTP/1.1" 200 403 "-" "WordPress.com; https://wordpress.com"
124.123.100.130 - - [22/Jul/2026:12:16:11 +0000] "POST /xmlrpc.php HTTP/1.1" 200 403 "-" "Jetpack/12.1; WordPress/6.1; http://site86111042.com"
124.123.100.130 - - [22/Jul/2026:12:16:20 +0000] "POST /xmlrpc.php HTTP/1.1" 200 403 "-" "Jetpack/12.5; WordPress/6.4; http://site23477059.com"
198.177.124.148 - - [22/Jul/2026:12:16:34 +0000] "POST /wp-cron.php?doing_wp_cron=1784722594.3708670139312744140625 HTTP/1.1" 200 - "-" "WordPress/7.0.2; https://digitalclass.shop"
124.123.100.130 - - [22/Jul/2026:12:16:31 +0000] "POST /xmlrpc.php HTTP/1.1" 200 403 "-" "Jetpack by WordPress.com"
124.123.100.130 - - [22/Jul/2026:12:16:41 +0000] "POST /xmlrpc.php HTTP/1.1" 200 403 "-" "Jetpack by WordPress.com (Jetpack 12.0; WordPress 6.4)"
124.123.100.130 - - [22/Jul/2026:12:16:52 +0000] "POST /xmlrpc.php HTTP/1.1" 200 403 "-" "Jetpack by WordPress.com (Jetpack 13.0; WordPress 6.3)"
124.123.100.130 - - [22/Jul/2026:12:17:02 +0000] "POST /xmlrpc.php HTTP/1.1" 200 403 "-" "Jetpack by WordPress.com"
124.123.100.130 - - [22/Jul/2026:12:17:13 +0000] "POST /xmlrpc.php HTTP/1.1" 200 403 "-" "Jetpack by WordPress.com"
198.177.124.148 - - [22/Jul/2026:12:17:25 +0000] "POST /wp-cron.php?doing_wp_cron=1784722645.6618049144744873046875 HTTP/1.1" 200 - "-" "WordPress/7.0.2; https://digitalclass.shop"
124.123.100.130 - - [22/Jul/2026:12:17:24 +0000] "POST /xmlrpc.php HTTP/1.1" 200 403 "-" "Jetpack by WordPress.com"
124.123.100.130 - - [22/Jul/2026:12:17:34 +0000] "POST /xmlrpc.php HTTP/1.1" 200 403 "-" "Jetpack by WordPress.com (Jetpack 12.0; WordPress 6.2)"
124.123.100.130 - - [22/Jul/2026:12:17:45 +0000] "POST /xmlrpc.php HTTP/1.1" 200 403 "-" "Jetpack by WordPress.com"
124.123.100.130 - - [22/Jul/2026:12:17:55 +0000] "POST /xmlrpc.php HTTP/1.1" 200 403 "-" "WordPress.com; https://wordpress.com"
124.123.100.130 - - [22/Jul/2026:12:18:06 +0000] "POST /xmlrpc.php HTTP/1.1" 200 403 "-" "Jetpack by WordPress.com"
124.123.100.130 - - [22/Jul/2026:12:18:17 +0000] "POST /xmlrpc.php HTTP/1.1" 200 403 "-" "WordPress.com; https://wordpress.com"
198.177.124.148 - - [22/Jul/2026:12:18:29 +0000] "POST /wp-cron.php?doing_wp_cron=1784722709.1406929492950439453125 HTTP/1.1" 200 - "-" "WordPress/7.0.2; https://digitalclass.shop"
124.123.100.130 - - [22/Jul/2026:12:18:27 +0000] "POST /xmlrpc.php HTTP/1.1" 200 403 "-" "WordPress.com; https://wordpress.com"
124.123.100.130 - - [22/Jul/2026:12:18:38 +0000] "POST /xmlrpc.php HTTP/1.1" 200 403 "-" "Jetpack by WordPress.com"
124.123.100.130 - - [22/Jul/2026:12:18:49 +0000] "POST /xmlrpc.php HTTP/1.1" 200 403 "-" "Jetpack by WordPress.com (Jetpack 13.0; WordPress 6.3)"
124.123.100.130 - - [22/Jul/2026:12:18:59 +0000] "POST /xmlrpc.php HTTP/1.1" 200 403 "-" "Jetpack/12.0; WordPress/6.2; http://site32538816.com"
124.123.100.130 - - [22/Jul/2026:12:19:10 +0000] "POST /xmlrpc.php HTTP/1.1" 200 403 "-" "Jetpack by WordPress.com"
198.177.124.148 - - [22/Jul/2026:12:19:23 +0000] "POST /wp-cron.php?doing_wp_cron=1784722763.0547940731048583984375 HTTP/1.1" 200 - "-" "WordPress/7.0.2; https://digitalclass.shop"
124.123.100.130 - - [22/Jul/2026:12:19:21 +0000] "POST /xmlrpc.php HTTP/1.1" 200 403 "-" "Jetpack/12.5; WordPress/6.4; http://site76214053.com"
124.123.100.130 - - [22/Jul/2026:12:19:31 +0000] "POST /xmlrpc.php HTTP/1.1" 200 403 "-" "Jetpack by WordPress.com"
124.123.100.130 - - [22/Jul/2026:12:19:42 +0000] "POST /xmlrpc.php HTTP/1.1" 200 403 "-" "Jetpack/13.0; WordPress/6.4; http://site80029311.com"
124.123.100.130 - - [22/Jul/2026:12:19:52 +0000] "POST /xmlrpc.php HTTP/1.1" 200 403 "-" "WordPress.com; https://wordpress.com"
124.123.100.130 - - [22/Jul/2026:12:20:03 +0000] "POST /xmlrpc.php HTTP/1.1" 200 403 "-" "Jetpack by WordPress.com"
124.123.100.130 - - [22/Jul/2026:12:20:13 +0000] "POST /xmlrpc.php HTTP/1.1" 200 403 "-" "Jetpack/12.0; WordPress/6.3; http://site52822203.com"
198.177.124.148 - - [22/Jul/2026:12:20:27 +0000] "POST /wp-cron.php?doing_wp_cron=1784722827.4439320564270019531250 HTTP/1.1" 200 - "-" "WordPress/7.0.2; https://digitalclass.shop"
124.123.100.130 - - [22/Jul/2026:12:20:25 +0000] "POST /xmlrpc.php HTTP/1.1" 200 403 "-" "Jetpack/13.0; WordPress/6.4; http://site72943718.com"
124.123.100.130 - - [22/Jul/2026:12:20:35 +0000] "POST /xmlrpc.php HTTP/1.1" 200 403 "-" "Jetpack/13.0; WordPress/6.3; http://site21377370.com"
124.123.100.130 - - [22/Jul/2026:12:20:45 +0000] "POST /xmlrpc.php HTTP/1.1" 200 403 "-" "Jetpack by WordPress.com (Jetpack 13.0; WordPress 6.2)"
124.123.100.130 - - [22/Jul/2026:12:20:56 +0000] "POST /xmlrpc.php HTTP/1.1" 200 403 "-" "Jetpack/13.0; WordPress/6.4; http://site93926662.com"
197.211.59.91 - - [22/Jul/2026:12:21:00 +0000] "POST /wp-admin/admin-ajax.php HTTP/1.1" 200 47 "https://digitalclass.shop/wp-admin/admin.php?page=wpforms-builder&view=settings&form_id=231&section=notifications" "Mozilla/5.0 (Windows NT 10.0; Win64; x64) AppleWebKit/537.36 (KHTML, like Gecko) Chrome/150.0.0.0 Safari/537.36"
124.123.100.130 - - [22/Jul/2026:12:21:07 +0000] "POST /xmlrpc.php HTTP/1.1" 200 403 "-" "WordPress.com; https://wordpress.com"
124.123.100.130 - - [22/Jul/2026:12:21:17 +0000] "POST /xmlrpc.php HTTP/1.1" 200 403 "-" "Jetpack by WordPress.com"
198.177.124.148 - - [22/Jul/2026:12:21:33 +0000] "POST /wp-cron.php?doing_wp_cron=1784722893.2008769512176513671875 HTTP/1.1" 200 - "-" "WordPress/7.0.2; https://digitalclass.shop"
124.123.100.130 - - [22/Jul/2026:12:21:29 +0000] "POST /xmlrpc.php HTTP/1.1" 200 403 "-" "WordPress.com; https://wordpress.com"
124.123.100.130 - - [22/Jul/2026:12:21:39 +0000] "POST /xmlrpc.php HTTP/1.1" 200 403 "-" "Jetpack by WordPress.com (Jetpack 13.0; WordPress 6.4)"
124.123.100.130 - - [22/Jul/2026:12:21:49 +0000] "POST /xmlrpc.php HTTP/1.1" 200 403 "-" "WordPress.com; https://wordpress.com"
124.123.100.130 - - [22/Jul/2026:12:22:00 +0000] "POST /xmlrpc.php HTTP/1.1" 200 403 "-" "Jetpack/13.0; WordPress/6.2; http://site14561854.com"
124.123.100.130 - - [22/Jul/2026:12:22:10 +0000] "POST /xmlrpc.php HTTP/1.1" 200 403 "-" "WordPress.com; https://wordpress.com"
198.177.124.148 - - [22/Jul/2026:12:22:23 +0000] "POST /wp-cron.php?doing_wp_cron=1784722943.6135909557342529296875 HTTP/1.1" 200 - "-" "WordPress/7.0.2; https://digitalclass.shop"
124.123.100.130 - - [22/Jul/2026:12:22:21 +0000] "POST /xmlrpc.php HTTP/1.1" 200 403 "-" "Jetpack by WordPress.com (Jetpack 13.0; WordPress 6.1)"
124.123.100.130 - - [22/Jul/2026:12:22:32 +0000] "POST /xmlrpc.php HTTP/1.1" 200 403 "-" "Jetpack/12.1; WordPress/6.3; http://site15792991.com"
124.123.100.130 - - [22/Jul/2026:12:22:42 +0000] "POST /xmlrpc.php HTTP/1.1" 200 403 "-" "Jetpack/13.0; WordPress/6.3; http://site59321748.com"
197.211.59.91 - - [22/Jul/2026:12:22:42 +0000] "GET /wp-admin/ HTTP/1.1" 200 225925 "-" "Mozilla/5.0 (Windows NT 10.0; Win64; x64) AppleWebKit/537.36 (KHTML, like Gecko) Chrome/150.0.0.0 Safari/537.36"
197.211.59.91 - - [22/Jul/2026:12:22:48 +0000] "GET /favicon.ico HTTP/1.1" 302 - "https://digitalclass.shop/wp-admin/" "Mozilla/5.0 (Windows NT 10.0; Win64; x64) AppleWebKit/537.36 (KHTML, like Gecko) Chrome/150.0.0.0 Safari/537.36"
124.123.100.130 - - [22/Jul/2026:12:22:53 +0000] "POST /xmlrpc.php HTTP/1.1" 200 403 "-" "Jetpack/12.0; WordPress/6.2; http://site52666224.com"
197.211.59.91 - - [22/Jul/2026:12:23:02 +0000] "POST /wp-admin/admin-ajax.php HTTP/1.1" 200 47 "https://digitalclass.shop/wp-admin/admin.php?page=wpforms-builder&view=settings&form_id=231&section=notifications" "Mozilla/5.0 (Windows NT 10.0; Win64; x64) AppleWebKit/537.36 (KHTML, like Gecko) Chrome/150.0.0.0 Safari/537.36"
124.123.100.130 - - [22/Jul/2026:12:23:03 +0000] "POST /xmlrpc.php HTTP/1.1" 200 403 "-" "Jetpack by WordPress.com (Jetpack 12.0; WordPress 6.1)"
124.123.100.130 - - [22/Jul/2026:12:23:14 +0000] "POST /xmlrpc.php HTTP/1.1" 200 403 "-" "Jetpack by WordPress.com"
198.177.124.148 - - [22/Jul/2026:12:23:27 +0000] "POST /wp-cron.php?doing_wp_cron=1784723007.4858019351959228515625 HTTP/1.1" 200 - "-" "WordPress/7.0.2; https://digitalclass.shop"
124.123.100.130 - - [22/Jul/2026:12:23:25 +0000] "POST /xmlrpc.php HTTP/1.1" 200 403 "-" "Jetpack/13.0; WordPress/6.3; http://site88763787.com"
124.123.100.130 - - [22/Jul/2026:12:23:35 +0000] "POST /xmlrpc.php HTTP/1.1" 200 403 "-" "WordPress.com; https://wordpress.com"
124.123.100.130 - - [22/Jul/2026:12:23:46 +0000] "POST /xmlrpc.php HTTP/1.1" 200 403 "-" "Jetpack/12.5; WordPress/6.1; http://site57355477.com"
197.211.59.91 - - [22/Jul/2026:12:23:49 +0000] "POST /wp-admin/admin-ajax.php HTTP/1.1" 200 47 "https://digitalclass.shop/wp-admin/" "Mozilla/5.0 (Windows NT 10.0; Win64; x64) AppleWebKit/537.36 (KHTML, like Gecko) Chrome/150.0.0.0 Safari/537.36"
124.123.100.130 - - [22/Jul/2026:12:23:56 +0000] "POST /xmlrpc.php HTTP/1.1" 200 403 "-" "WordPress.com; https://wordpress.com"
197.211.59.91 - - [22/Jul/2026:12:24:02 +0000] "POST /wp-admin/admin-ajax.php HTTP/1.1" 200 47 "https://digitalclass.shop/wp-admin/admin.php?page=wpforms-builder&view=settings&form_id=231&section=notifications" "Mozilla/5.0 (Windows NT 10.0; Win64; x64) AppleWebKit/537.36 (KHTML, like Gecko) Chrome/150.0.0.0 Safari/537.36"
124.123.100.130 - - [22/Jul/2026:12:24:07 +0000] "POST /xmlrpc.php HTTP/1.1" 200 403 "-" "Jetpack by WordPress.com"
124.123.100.130 - - [22/Jul/2026:12:24:18 +0000] "POST /xmlrpc.php HTTP/1.1" 200 403 "-" "Jetpack by WordPress.com (Jetpack 12.5; WordPress 6.2)"
198.177.124.148 - - [22/Jul/2026:12:24:33 +0000] "POST /wp-cron.php?doing_wp_cron=1784723073.0968699455261230468750 HTTP/1.1" 200 - "-" "WordPress/7.0.2; https://digitalclass.shop"
124.123.100.130 - - [22/Jul/2026:12:24:28 +0000] "POST /xmlrpc.php HTTP/1.1" 200 403 "-" "WordPress.com; https://wordpress.com"
124.123.100.130 - - [22/Jul/2026:12:24:39 +0000] "POST /xmlrpc.php HTTP/1.1" 200 403 "-" "Jetpack/12.0; WordPress/6.3; http://site75555566.com"
124.123.100.130 - - [22/Jul/2026:12:24:49 +0000] "POST /xmlrpc.php HTTP/1.1" 200 403 "-" "Jetpack/12.5; WordPress/6.2; http://site40007385.com"
197.211.59.91 - - [22/Jul/2026:12:24:52 +0000] "POST /wp-admin/admin-ajax.php HTTP/1.1" 200 47 "https://digitalclass.shop/wp-admin/" "Mozilla/5.0 (Windows NT 10.0; Win64; x64) AppleWebKit/537.36 (KHTML, like Gecko) Chrome/150.0.0.0 Safari/537.36"
197.211.59.91 - - [22/Jul/2026:12:24:54 +0000] "GET /wp-admin/edit.php?post_type=page HTTP/1.1" 200 200920 "https://digitalclass.shop/wp-admin/" "Mozilla/5.0 (Windows NT 10.0; Win64; x64) AppleWebKit/537.36 (KHTML, like Gecko) Chrome/150.0.0.0 Safari/537.36"
197.211.59.91 - - [22/Jul/2026:12:24:55 +0000] "GET /wp-admin/post-new.php?post_type=page HTTP/1.1" 200 676605 "https://digitalclass.shop/wp-admin/" "Mozilla/5.0 (Windows NT 10.0; Win64; x64) AppleWebKit/537.36 (KHTML, like Gecko) Chrome/150.0.0.0 Safari/537.36"
197.211.59.91 - - [22/Jul/2026:12:25:00 +0000] "GET /wp-content/plugins/wpforms-lite/assets/css/admin/edit-post-education.min.css?ver=2.0.0.2 HTTP/1.1" 200 1942 "https://digitalclass.shop/wp-admin/edit.php?post_type=page" "Mozilla/5.0 (Windows NT 10.0; Win64; x64) AppleWebKit/537.36 (KHTML, like Gecko) Chrome/150.0.0.0 Safari/537.36"
197.211.59.91 - - [22/Jul/2026:12:24:56 +0000] "GET /wp-admin/edit.php?post_type=page HTTP/1.1" 200 200920 "https://digitalclass.shop/wp-admin/" "Mozilla/5.0 (Windows NT 10.0; Win64; x64) AppleWebKit/537.36 (KHTML, like Gecko) Chrome/150.0.0.0 Safari/537.36"
197.211.59.91 - - [22/Jul/2026:12:25:02 +0000] "GET /wp-admin/js/tags-suggest.min.js?ver=7.0.2 HTTP/1.1" 200 2269 "https://digitalclass.shop/wp-admin/edit.php?post_type=page" "Mozilla/5.0 (Windows NT 10.0; Win64; x64) AppleWebKit/537.36 (KHTML, like Gecko) Chrome/150.0.0.0 Safari/537.36"
197.211.59.91 - - [22/Jul/2026:12:25:02 +0000] "GET /wp-admin/js/inline-edit-post.min.js?ver=7.0.2 HTTP/1.1" 200 9613 "https://digitalclass.shop/wp-admin/edit.php?post_type=page" "Mozilla/5.0 (Windows NT 10.0; Win64; x64) AppleWebKit/537.36 (KHTML, like Gecko) Chrome/150.0.0.0 Safari/537.36"
197.211.59.91 - - [22/Jul/2026:12:25:02 +0000] "GET /wp-content/plugins/wpforms-lite/assets/js/admin/education/edit-post.es5.min.js?ver=2.0.0.2 HTTP/1.1" 200 5918 "https://digitalclass.shop/wp-admin/edit.php?post_type=page" "Mozilla/5.0 (Windows NT 10.0; Win64; x64) AppleWebKit/537.36 (KHTML, like Gecko) Chrome/150.0.0.0 Safari/537.36"
124.123.100.130 - - [22/Jul/2026:12:25:00 +0000] "POST /xmlrpc.php HTTP/1.1" 200 403 "-" "WordPress.com; https://wordpress.com"
197.211.59.91 - - [22/Jul/2026:12:25:05 +0000] "GET /wp-admin/js/tags-suggest.min.js?ver=7.0.2 HTTP/1.1" 200 2269 "-" "Mozilla/5.0 (Windows NT 10.0; Win64; x64) AppleWebKit/537.36 (KHTML, like Gecko) Chrome/150.0.0.0 Safari/537.36"
197.211.59.91 - - [22/Jul/2026:12:25:05 +0000] "GET /wp-admin/js/inline-edit-post.min.js?ver=7.0.2 HTTP/1.1" 200 9613 "-" "Mozilla/5.0 (Windows NT 10.0; Win64; x64) AppleWebKit/537.36 (KHTML, like Gecko) Chrome/150.0.0.0 Safari/537.36"
197.211.59.91 - - [22/Jul/2026:12:25:05 +0000] "GET /wp-content/plugins/wpforms-lite/assets/js/admin/education/edit-post.es5.min.js?ver=2.0.0.2 HTTP/1.1" 200 5918 "-" "Mozilla/5.0 (Windows NT 10.0; Win64; x64) AppleWebKit/537.36 (KHTML, like Gecko) Chrome/150.0.0.0 Safari/537.36"
197.211.59.91 - - [22/Jul/2026:12:25:03 +0000] "POST /wp-admin/admin-ajax.php HTTP/1.1" 200 47 "https://digitalclass.shop/wp-admin/admin.php?page=wpforms-builder&view=settings&form_id=231&section=notifications" "Mozilla/5.0 (Windows NT 10.0; Win64; x64) AppleWebKit/537.36 (KHTML, like Gecko) Chrome/150.0.0.0 Safari/537.36"
197.211.59.91 - - [22/Jul/2026:12:25:03 +0000] "POST /wp-admin/admin-ajax.php HTTP/1.1" 200 47 "https://digitalclass.shop/wp-admin/edit.php?post_type=page" "Mozilla/5.0 (Windows NT 10.0; Win64; x64) AppleWebKit/537.36 (KHTML, like Gecko) Chrome/150.0.0.0 Safari/537.36"
124.123.100.130 - - [22/Jul/2026:12:25:11 +0000] "POST /xmlrpc.php HTTP/1.1" 200 403 "-" "Jetpack/13.0; WordPress/6.2; http://site37316071.com"
197.211.59.91 - - [22/Jul/2026:12:25:13 +0000] "POST /wp-admin/admin-ajax.php HTTP/1.1" 200 47 "https://digitalclass.shop/wp-admin/edit.php?post_type=page" "Mozilla/5.0 (Windows NT 10.0; Win64; x64) AppleWebKit/537.36 (KHTML, like Gecko) Chrome/150.0.0.0 Safari/537.36"
197.211.59.91 - - [22/Jul/2026:12:25:23 +0000] "GET /wp-includes/css/dashicons.min.css?ver=7.0.2 HTTP/1.1" 200 59004 "https://digitalclass.shop/wp-admin/post.php?post=133&action=elementor" "Mozilla/5.0 (Windows NT 10.0; Win64; x64) AppleWebKit/537.36 (KHTML, like Gecko) Chrome/150.0.0.0 Safari/537.36"
197.211.59.91 - - [22/Jul/2026:12:25:23 +0000] "GET /wp-includes/css/wp-pointer.min.css?ver=7.0.2 HTTP/1.1" 200 3252 "https://digitalclass.shop/wp-admin/post.php?post=133&action=elementor" "Mozilla/5.0 (Windows NT 10.0; Win64; x64) AppleWebKit/537.36 (KHTML, like Gecko) Chrome/150.0.0.0 Safari/537.36"
197.211.59.91 - - [22/Jul/2026:12:25:23 +0000] "GET /wp-admin/css/widgets.min.css?ver=7.0.2 HTTP/1.1" 200 14620 "https://digitalclass.shop/wp-admin/post.php?post=133&action=elementor" "Mozilla/5.0 (Windows NT 10.0; Win64; x64) AppleWebKit/537.36 (KHTML, like Gecko) Chrome/150.0.0.0 Safari/537.36"
197.211.59.91 - - [22/Jul/2026:12:25:23 +0000] "GET /wp-includes/css/buttons.min.css?ver=7.0.2 HTTP/1.1" 200 8152 "https://digitalclass.shop/wp-admin/post.php?post=133&action=elementor" "Mozilla/5.0 (Windows NT 10.0; Win64; x64) AppleWebKit/537.36 (KHTML, like Gecko) Chrome/150.0.0.0 Safari/537.36"
197.211.59.91 - - [22/Jul/2026:12:25:23 +0000] "GET /wp-admin/css/media.min.css?ver=7.0.2 HTTP/1.1" 200 22893 "https://digitalclass.shop/wp-admin/post.php?post=133&action=elementor" "Mozilla/5.0 (Windows NT 10.0; Win64; x64) AppleWebKit/537.36 (KHTML, like Gecko) Chrome/150.0.0.0 Safari/537.36"
197.211.59.91 - - [22/Jul/2026:12:25:23 +0000] "GET /wp-includes/css/media-views.min.css?ver=7.0.2 HTTP/1.1" 200 49456 "https://digitalclass.shop/wp-admin/post.php?post=133&action=elementor" "Mozilla/5.0 (Windows NT 10.0; Win64; x64) AppleWebKit/537.36 (KHTML, like Gecko) Chrome/150.0.0.0 Safari/537.36"
197.211.59.91 - - [22/Jul/2026:12:25:24 +0000] "GET /wp-includes/css/wp-auth-check.min.css?ver=7.0.2 HTTP/1.1" 200 1885 "https://digitalclass.shop/wp-admin/post.php?post=133&action=elementor" "Mozilla/5.0 (Windows NT 10.0; Win64; x64) AppleWebKit/537.36 (KHTML, like Gecko) Chrome/150.0.0.0 Safari/537.36"
197.211.59.91 - - [22/Jul/2026:12:25:24 +0000] "GET /wp-content/plugins/elementor/assets/lib/e-select2/css/e-select2.min.css?ver=4.0.6-rc.1 HTTP/1.1" 200 14773 "https://digitalclass.shop/wp-admin/post.php?post=133&action=elementor" "Mozilla/5.0 (Windows NT 10.0; Win64; x64) AppleWebKit/537.36 (KHTML, like Gecko) Chrome/150.0.0.0 Safari/537.36"
197.211.59.91 - - [22/Jul/2026:12:25:24 +0000] "GET /wp-content/plugins/elementor/assets/lib/flatpickr/flatpickr.min.css?ver=4.6.13 HTTP/1.1" 200 15588 "https://digitalclass.shop/wp-admin/post.php?post=133&action=elementor" "Mozilla/5.0 (Windows NT 10.0; Win64; x64) AppleWebKit/537.36 (KHTML, like Gecko) Chrome/150.0.0.0 Safari/537.36"
197.211.59.91 - - [22/Jul/2026:12:25:24 +0000] "GET /wp-content/plugins/elementor/assets/lib/pickr/themes/monolith.min.css?ver=1.8.2 HTTP/1.1" 200 9117 "https://digitalclass.shop/wp-admin/post.php?post=133&action=elementor" "Mozilla/5.0 (Windows NT 10.0; Win64; x64) AppleWebKit/537.36 (KHTML, like Gecko) Chrome/150.0.0.0 Safari/537.36"
197.211.59.91 - - [22/Jul/2026:12:25:24 +0000] "GET /wp-content/plugins/elementor/assets/css/editor-v2-app-bar-overrides.min.css?ver=4.1.5 HTTP/1.1" 200 1007 "https://digitalclass.shop/wp-admin/post.php?post=133&action=elementor" "Mozilla/5.0 (Windows NT 10.0; Win64; x64) AppleWebKit/537.36 (KHTML, like Gecko) Chrome/150.0.0.0 Safari/537.36"
197.211.59.91 - - [22/Jul/2026:12:25:24 +0000] "GET /wp-content/plugins/elementor/assets/css/modules/ai/editor.min.css?ver=4.1.5 HTTP/1.1" 200 587 "https://digitalclass.shop/wp-admin/post.php?post=133&action=elementor" "Mozilla/5.0 (Windows NT 10.0; Win64; x64) AppleWebKit/537.36 (KHTML, like Gecko) Chrome/150.0.0.0 Safari/537.36"
197.211.59.91 - - [22/Jul/2026:12:25:25 +0000] "GET /wp-content/plugins/elementor/assets/css/modules/container-converter/editor.min.css?ver=4.1.5 HTTP/1.1" 200 399 "https://digitalclass.shop/wp-admin/post.php?post=133&action=elementor" "Mozilla/5.0 (Windows NT 10.0; Win64; x64) AppleWebKit/537.36 (KHTML, like Gecko) Chrome/150.0.0.0 Safari/537.36"
197.211.59.91 - - [22/Jul/2026:12:25:25 +0000] "GET /wp-content/plugins/elementor/assets/css/modules/notes/editor.min.css?ver=4.1.5 HTTP/1.1" 200 117 "https://digitalclass.shop/wp-admin/post.php?post=133&action=elementor" "Mozilla/5.0 (Windows NT 10.0; Win64; x64) AppleWebKit/537.36 (KHTML, like Gecko) Chrome/150.0.0.0 Safari/537.36"
197.211.59.91 - - [22/Jul/2026:12:25:15 +0000] "GET /wp-admin/post.php?post=133&action=elementor HTTP/1.1" 200 2198802 "https://digitalclass.shop/wp-admin/edit.php?post_type=page" "Mozilla/5.0 (Windows NT 10.0; Win64; x64) AppleWebKit/537.36 (KHTML, like Gecko) Chrome/150.0.0.0 Safari/537.36"
197.211.59.91 - - [22/Jul/2026:12:25:24 +0000] "GET /wp-content/plugins/wpforms-lite/assets/css/admin-integrations.min.css?ver=2.0.0.2 HTTP/1.1" 200 122675 "https://digitalclass.shop/wp-admin/post.php?post=133&action=elementor" "Mozilla/5.0 (Windows NT 10.0; Win64; x64) AppleWebKit/537.36 (KHTML, like Gecko) Chrome/150.0.0.0 Safari/537.36"
197.211.59.91 - - [22/Jul/2026:12:25:25 +0000] "GET /wp-content/plugins/elementor/assets/css/modules/atomic-widgets/editor.min.css?ver=4.1.5 HTTP/1.1" 200 1468 "https://digitalclass.shop/wp-admin/post.php?post=133&action=elementor" "Mozilla/5.0 (Windows NT 10.0; Win64; x64) AppleWebKit/537.36 (KHTML, like Gecko) Chrome/150.0.0.0 Safari/537.36"
197.211.59.91 - - [22/Jul/2026:12:25:25 +0000] "GET /wp-content/plugins/elementor/assets/css/modules/design-system-sync/design-system-sync.min.css?ver=4.1.5 HTTP/1.1" 200 1772 "https://digitalclass.shop/wp-admin/post.php?post=133&action=elementor" "Mozilla/5.0 (Windows NT 10.0; Win64; x64) AppleWebKit/537.36 (KHTML, like Gecko) Chrome/150.0.0.0 Safari/537.36"
197.211.59.91 - - [22/Jul/2026:12:25:24 +0000] "GET /wp-content/plugins/elementor/assets/css/editor.min.css?ver=4.1.5 HTTP/1.1" 200 246451 "https://digitalclass.shop/wp-admin/post.php?post=133&action=elementor" "Mozilla/5.0 (Windows NT 10.0; Win64; x64) AppleWebKit/537.36 (KHTML, like Gecko) Chrome/150.0.0.0 Safari/537.36"
197.211.59.91 - - [22/Jul/2026:12:25:25 +0000] "GET /wp-admin/load-scripts.php?c=1&load%5Bchunk_0%5D=jquery-core,jquery-migrate,jquery-ui-core,jquery-ui-mouse,underscore,backbone,wp-api-request,wp-hooks&ver=7.0.2 HTTP/1.1" 200 175429 "https://digitalclass.shop/wp-admin/post.php?post=133&action=elementor" "Mozilla/5.0 (Windows NT 10.0; Win64; x64) AppleWebKit/537.36 (KHTML, like Gecko) Chrome/150.0.0.0 Safari/537.36"
197.211.59.91 - - [22/Jul/2026:12:25:25 +0000] "GET /wp-includes/js/utils.min.js?ver=7.0.2 HTTP/1.1" 200 1864 "https://digitalclass.shop/wp-admin/post.php?post=133&action=elementor" "Mozilla/5.0 (Windows NT 10.0; Win64; x64) AppleWebKit/537.36 (KHTML, like Gecko) Chrome/150.0.0.0 Safari/537.36"
197.211.59.91 - - [22/Jul/2026:12:25:25 +0000] "GET /wp-includes/js/plupload/moxie.min.js?ver=1.3.5.1 HTTP/1.1" 200 87394 "https://digitalclass.shop/wp-admin/post.php?post=133&action=elementor" "Mozilla/5.0 (Windows NT 10.0; Win64; x64) AppleWebKit/537.36 (KHTML, like Gecko) Chrome/150.0.0.0 Safari/537.36"
197.211.59.91 - - [22/Jul/2026:12:25:25 +0000] "GET /wp-includes/js/plupload/plupload.min.js?ver=2.1.9 HTTP/1.1" 200 15605 "https://digitalclass.shop/wp-admin/post.php?post=133&action=elementor" "Mozilla/5.0 (Windows NT 10.0; Win64; x64) AppleWebKit/537.36 (KHTML, like Gecko) Chrome/150.0.0.0 Safari/537.36"
197.211.59.91 - - [22/Jul/2026:12:25:25 +0000] "GET /wp-admin/js/widgets/media-widgets.min.js?ver=7.0.2 HTTP/1.1" 200 14241 "https://digitalclass.shop/wp-admin/post.php?post=133&action=elementor" "Mozilla/5.0 (Windows NT 10.0; Win64; x64) AppleWebKit/537.36 (KHTML, like Gecko) Chrome/150.0.0.0 Safari/537.36"
197.211.59.91 - - [22/Jul/2026:12:25:26 +0000] "GET /wp-admin/js/widgets/media-audio-widget.min.js?ver=7.0.2 HTTP/1.1" 200 1447 "https://digitalclass.shop/wp-admin/post.php?post=133&action=elementor" "Mozilla/5.0 (Windows NT 10.0; Win64; x64) AppleWebKit/537.36 (KHTML, like Gecko) Chrome/150.0.0.0 Safari/537.36"
197.211.59.91 - - [22/Jul/2026:12:25:26 +0000] "GET /wp-admin/js/widgets/media-image-widget.min.js?ver=7.0.2 HTTP/1.1" 200 2024 "https://digitalclass.shop/wp-admin/post.php?post=133&action=elementor" "Mozilla/5.0 (Windows NT 10.0; Win64; x64) AppleWebKit/537.36 (KHTML, like Gecko) Chrome/150.0.0.0 Safari/537.36"
197.211.59.91 - - [22/Jul/2026:12:25:26 +0000] "GET /wp-admin/js/widgets/media-gallery-widget.min.js?ver=7.0.2 HTTP/1.1" 200 3766 "https://digitalclass.shop/wp-admin/post.php?post=133&action=elementor" "Mozilla/5.0 (Windows NT 10.0; Win64; x64) AppleWebKit/537.36 (KHTML, like Gecko) Chrome/150.0.0.0 Safari/537.36"
197.211.59.91 - - [22/Jul/2026:12:25:26 +0000] "GET /wp-admin/js/widgets/media-video-widget.min.js?ver=7.0.2 HTTP/1.1" 200 2702 "https://digitalclass.shop/wp-admin/post.php?post=133&action=elementor" "Mozilla/5.0 (Windows NT 10.0; Win64; x64) AppleWebKit/537.36 (KHTML, like Gecko) Chrome/150.0.0.0 Safari/537.36"
197.211.59.91 - - [22/Jul/2026:12:25:26 +0000] "GET /wp-admin/js/widgets/text-widgets.min.js?ver=7.0.2 HTTP/1.1" 200 5853 "https://digitalclass.shop/wp-admin/post.php?post=133&action=elementor" "Mozilla/5.0 (Windows NT 10.0; Win64; x64) AppleWebKit/537.36 (KHTML, like Gecko) Chrome/150.0.0.0 Safari/537.36"
197.211.59.91 - - [22/Jul/2026:12:25:26 +0000] "GET /wp-admin/js/widgets/custom-html-widgets.min.js?ver=7.0.2 HTTP/1.1" 200 5582 "https://digitalclass.shop/wp-admin/post.php?post=133&action=elementor" "Mozilla/5.0 (Windows NT 10.0; Win64; x64) AppleWebKit/537.36 (KHTML, like Gecko) Chrome/150.0.0.0 Safari/537.36"
197.211.59.91 - - [22/Jul/2026:12:25:26 +0000] "GET /wp-admin/load-scripts.php?c=1&load%5Bchunk_0%5D=jquery-ui-draggable,react,react-dom&ver=7.0.2 HTTP/1.1" 200 161009 "https://digitalclass.shop/wp-admin/post.php?post=133&action=elementor" "Mozilla/5.0 (Windows NT 10.0; Win64; x64) AppleWebKit/537.36 (KHTML, like Gecko) Chrome/150.0.0.0 Safari/537.36"
197.211.59.91 - - [22/Jul/2026:12:25:26 +0000] "GET /wp-content/plugins/elementor/assets/js/editor-document.min.js?ver=4.1.5 HTTP/1.1" 200 25841 "https://digitalclass.shop/wp-admin/post.php?post=133&action=elementor" "Mozilla/5.0 (Windows NT 10.0; Win64; x64) AppleWebKit/537.36 (KHTML, like Gecko) Chrome/150.0.0.0 Safari/537.36"
197.211.59.91 - - [22/Jul/2026:12:25:26 +0000] "GET /wp-content/plugins/elementor/assets/js/ai-layout.min.js?ver=4.1.5 HTTP/1.1" 200 206706 "https://digitalclass.shop/wp-admin/post.php?post=133&action=elementor" "Mozilla/5.0 (Windows NT 10.0; Win64; x64) AppleWebKit/537.36 (KHTML, like Gecko) Chrome/150.0.0.0 Safari/537.36"
197.211.59.91 - - [22/Jul/2026:12:25:26 +0000] "GET /wp-content/plugins/elementor/assets/js/nested-elements.min.js?ver=4.1.5 HTTP/1.1" 200 6396 "https://digitalclass.shop/wp-admin/post.php?post=133&action=elementor" "Mozilla/5.0 (Windows NT 10.0; Win64; x64) AppleWebKit/537.36 (KHTML, like Gecko) Chrome/150.0.0.0 Safari/537.36"
124.123.100.130 - - [22/Jul/2026:12:25:21 +0000] "POST /xmlrpc.php HTTP/1.1" 200 403 "-" "Jetpack/13.0; WordPress/6.4; http://site58406671.com"
197.211.59.91 - - [22/Jul/2026:12:25:26 +0000] "GET /wp-content/plugins/elementor/assets/js/editor-modules.min.js?ver=4.1.5 HTTP/1.1" 200 49544 "https://digitalclass.shop/wp-admin/post.php?post=133&action=elementor" "Mozilla/5.0 (Windows NT 10.0; Win64; x64) AppleWebKit/537.36 (KHTML, like Gecko) Chrome/150.0.0.0 Safari/537.36"
197.211.59.91 - - [22/Jul/2026:12:25:26 +0000] "GET /wp-content/plugins/elementor/assets/js/ai.min.js?ver=4.1.5 HTTP/1.1" 200 657699 "https://digitalclass.shop/wp-admin/post.php?post=133&action=elementor" "Mozilla/5.0 (Windows NT 10.0; Win64; x64) AppleWebKit/537.36 (KHTML, like Gecko) Chrome/150.0.0.0 Safari/537.36"
197.211.59.91 - - [22/Jul/2026:12:25:27 +0000] "GET /wp-content/plugins/elementor/assets/js/nested-tabs.min.js?ver=4.1.5 HTTP/1.1" 200 10854 "https://digitalclass.shop/wp-admin/post.php?post=133&action=elementor" "Mozilla/5.0 (Windows NT 10.0; Win64; x64) AppleWebKit/537.36 (KHTML, like Gecko) Chrome/150.0.0.0 Safari/537.36"
197.211.59.91 - - [22/Jul/2026:12:25:27 +0000] "GET /wp-content/plugins/elementor/assets/js/nested-accordion.min.js?ver=4.1.5 HTTP/1.1" 200 10859 "https://digitalclass.shop/wp-admin/post.php?post=133&action=elementor" "Mozilla/5.0 (Windows NT 10.0; Win64; x64) AppleWebKit/537.36 (KHTML, like Gecko) Chrome/150.0.0.0 Safari/537.36"
197.211.59.91 - - [22/Jul/2026:12:25:27 +0000] "GET /wp-content/plugins/elementor/assets/js/editor-v4-opt-in-alphachip.min.js?ver=4.1.5 HTTP/1.1" 200 8758 "https://digitalclass.shop/wp-admin/post.php?post=133&action=elementor" "Mozilla/5.0 (Windows NT 10.0; Win64; x64) AppleWebKit/537.36 (KHTML, like Gecko) Chrome/150.0.0.0 Safari/537.36"
197.211.59.91 - - [22/Jul/2026:12:25:27 +0000] "GET /wp-content/plugins/elementor/assets/js/kit-elements-defaults-editor.min.js?ver=4.1.5 HTTP/1.1" 200 32712 "https://digitalclass.shop/wp-admin/post.php?post=133&action=elementor" "Mozilla/5.0 (Windows NT 10.0; Win64; x64) AppleWebKit/537.36 (KHTML, like Gecko) Chrome/150.0.0.0 Safari/537.36"
197.211.59.91 - - [22/Jul/2026:12:25:27 +0000] "GET /wp-content/plugins/elementor/assets/js/packages/utils/utils.min.js?ver=4.1.5 HTTP/1.1" 200 4411 "https://digitalclass.shop/wp-admin/post.php?post=133&action=elementor" "Mozilla/5.0 (Windows NT 10.0; Win64; x64) AppleWebKit/537.36 (KHTML, like Gecko) Chrome/150.0.0.0 Safari/537.36"
197.211.59.91 - - [22/Jul/2026:12:25:27 +0000] "GET /wp-content/plugins/elementor/assets/js/packages/editor-v1-adapters/editor-v1-adapters.min.js?ver=4.1.5 HTTP/1.1" 200 6602 "https://digitalclass.shop/wp-admin/post.php?post=133&action=elementor" "Mozilla/5.0 (Windows NT 10.0; Win64; x64) AppleWebKit/537.36 (KHTML, like Gecko) Chrome/150.0.0.0 Safari/537.36"
197.211.59.91 - - [22/Jul/2026:12:25:27 +0000] "GET /wp-content/plugins/elementor/assets/js/packages/env/env.min.js?ver=4.1.5 HTTP/1.1" 200 1180 "https://digitalclass.shop/wp-admin/post.php?post=133&action=elementor" "Mozilla/5.0 (Windows NT 10.0; Win64; x64) AppleWebKit/537.36 (KHTML, like Gecko) Chrome/150.0.0.0 Safari/537.36"
197.211.59.91 - - [22/Jul/2026:12:25:27 +0000] "GET /wp-content/plugins/elementor/assets/js/packages/http-client/http-client.min.js?ver=4.1.5 HTTP/1.1" 200 38279 "https://digitalclass.shop/wp-admin/post.php?post=133&action=elementor" "Mozilla/5.0 (Windows NT 10.0; Win64; x64) AppleWebKit/537.36 (KHTML, like Gecko) Chrome/150.0.0.0 Safari/537.36"
197.211.59.91 - - [22/Jul/2026:12:25:27 +0000] "GET /wp-content/plugins/elementor/assets/js/packages/query/query.min.js?ver=4.1.5 HTTP/1.1" 200 38337 "https://digitalclass.shop/wp-admin/post.php?post=133&action=elementor" "Mozilla/5.0 (Windows NT 10.0; Win64; x64) AppleWebKit/537.36 (KHTML, like Gecko) Chrome/150.0.0.0 Safari/537.36"
197.211.59.91 - - [22/Jul/2026:12:25:28 +0000] "GET /wp-content/plugins/elementor/assets/js/packages/editor-current-user/editor-current-user.min.js?ver=4.1.5 HTTP/1.1" 200 2096 "https://digitalclass.shop/wp-admin/post.php?post=133&action=elementor" "Mozilla/5.0 (Windows NT 10.0; Win64; x64) AppleWebKit/537.36 (KHTML, like Gecko) Chrome/150.0.0.0 Safari/537.36"
197.211.59.91 - - [22/Jul/2026:12:25:28 +0000] "GET /wp-content/plugins/elementor/assets/js/packages/editor-ui/editor-ui.min.js?ver=4.1.5 HTTP/1.1" 200 41859 "https://digitalclass.shop/wp-admin/post.php?post=133&action=elementor" "Mozilla/5.0 (Windows NT 10.0; Win64; x64) AppleWebKit/537.36 (KHTML, like Gecko) Chrome/150.0.0.0 Safari/537.36"
197.211.59.91 - - [22/Jul/2026:12:25:28 +0000] "GET /wp-content/plugins/elementor/assets/js/packages/locations/locations.min.js?ver=4.1.5 HTTP/1.1" 200 2302 "https://digitalclass.shop/wp-admin/post.php?post=133&action=elementor" "Mozilla/5.0 (Windows NT 10.0; Win64; x64) AppleWebKit/537.36 (KHTML, like Gecko) Chrome/150.0.0.0 Safari/537.36"
197.211.59.91 - - [22/Jul/2026:12:25:28 +0000] "GET /wp-content/plugins/elementor/assets/js/packages/store/store.min.js?ver=4.1.5 HTTP/1.1" 200 37901 "https://digitalclass.shop/wp-admin/post.php?post=133&action=elementor" "Mozilla/5.0 (Windows NT 10.0; Win64; x64) AppleWebKit/537.36 (KHTML, like Gecko) Chrome/150.0.0.0 Safari/537.36"
197.211.59.91 - - [22/Jul/2026:12:25:28 +0000] "GET /wp-content/plugins/elementor/assets/js/packages/editor/editor.min.js?ver=4.1.5 HTTP/1.1" 200 1937 "https://digitalclass.shop/wp-admin/post.php?post=133&action=elementor" "Mozilla/5.0 (Windows NT 10.0; Win64; x64) AppleWebKit/537.36 (KHTML, like Gecko) Chrome/150.0.0.0 Safari/537.36"
197.211.59.91 - - [22/Jul/2026:12:25:28 +0000] "GET /wp-content/plugins/elementor/assets/js/packages/editor-documents/editor-documents.min.js?ver=4.1.5 HTTP/1.1" 200 7055 "https://digitalclass.shop/wp-admin/post.php?post=133&action=elementor" "Mozilla/5.0 (Windows NT 10.0; Win64; x64) AppleWebKit/537.36 (KHTML, like Gecko) Chrome/150.0.0.0 Safari/537.36"
197.211.59.91 - - [22/Jul/2026:12:25:28 +0000] "GET /wp-content/plugins/elementor/assets/js/packages/editor-responsive/editor-responsive.min.js?ver=4.1.5 HTTP/1.1" 200 2148 "https://digitalclass.shop/wp-admin/post.php?post=133&action=elementor" "Mozilla/5.0 (Windows NT 10.0; Win64; x64) AppleWebKit/537.36 (KHTML, like Gecko) Chrome/150.0.0.0 Safari/537.36"
197.211.59.91 - - [22/Jul/2026:12:25:28 +0000] "GET /wp-content/plugins/elementor/assets/js/packages/events/events.min.js?ver=4.1.5 HTTP/1.1" 200 1880 "https://digitalclass.shop/wp-admin/post.php?post=133&action=elementor" "Mozilla/5.0 (Windows NT 10.0; Win64; x64) AppleWebKit/537.36 (KHTML, like Gecko) Chrome/150.0.0.0 Safari/537.36"
197.211.59.91 - - [22/Jul/2026:12:25:28 +0000] "GET /wp-content/plugins/elementor/assets/js/packages/menus/menus.min.js?ver=4.1.5 HTTP/1.1" 200 2148 "https://digitalclass.shop/wp-admin/post.php?post=133&action=elementor" "Mozilla/5.0 (Windows NT 10.0; Win64; x64) AppleWebKit/537.36 (KHTML, like Gecko) Chrome/150.0.0.0 Safari/537.36"
197.211.59.91 - - [22/Jul/2026:12:25:28 +0000] "GET /wp-content/plugins/elementor/assets/js/packages/editor-app-bar/editor-app-bar.min.js?ver=4.1.5 HTTP/1.1" 200 36861 "https://digitalclass.shop/wp-admin/post.php?post=133&action=elementor" "Mozilla/5.0 (Windows NT 10.0; Win64; x64) AppleWebKit/537.36 (KHTML, like Gecko) Chrome/150.0.0.0 Safari/537.36"
197.211.59.91 - - [22/Jul/2026:12:25:28 +0000] "GET /wp-content/plugins/elementor/assets/js/checklist.min.js?ver=4.1.5 HTTP/1.1" 200 50953 "https://digitalclass.shop/wp-admin/post.php?post=133&action=elementor" "Mozilla/5.0 (Windows NT 10.0; Win64; x64) AppleWebKit/537.36 (KHTML, like Gecko) Chrome/150.0.0.0 Safari/537.36"
197.211.59.91 - - [22/Jul/2026:12:25:28 +0000] "GET /wp-includes/js/hoverIntent.min.js?ver=1.10.2 HTTP/1.1" 200 1499 "https://digitalclass.shop/wp-admin/post.php?post=133&action=elementor" "Mozilla/5.0 (Windows NT 10.0; Win64; x64) AppleWebKit/537.36 (KHTML, like Gecko) Chrome/150.0.0.0 Safari/537.36"
197.211.59.91 - - [22/Jul/2026:12:25:28 +0000] "GET /wp-content/plugins/elementor/assets/js/editor-environment-v2.min.js?ver=4.1.5 HTTP/1.1" 200 206 "https://digitalclass.shop/wp-admin/post.php?post=133&action=elementor" "Mozilla/5.0 (Windows NT 10.0; Win64; x64) AppleWebKit/537.36 (KHTML, like Gecko) Chrome/150.0.0.0 Safari/537.36"
197.211.59.91 - - [22/Jul/2026:12:25:28 +0000] "GET /wp-content/plugins/elementor/assets/js/packages/editor-notifications/editor-notifications.min.js?ver=4.1.5 HTTP/1.1" 200 28084 "https://digitalclass.shop/wp-admin/post.php?post=133&action=elementor" "Mozilla/5.0 (Windows NT 10.0; Win64; x64) AppleWebKit/537.36 (KHTML, like Gecko) Chrome/150.0.0.0 Safari/537.36"
197.211.59.91 - - [22/Jul/2026:12:25:28 +0000] "GET /wp-content/plugins/elementor/assets/js/packages/editor-panels/editor-panels.min.js?ver=4.1.5 HTTP/1.1" 200 6320 "https://digitalclass.shop/wp-admin/post.php?post=133&action=elementor" "Mozilla/5.0 (Windows NT 10.0; Win64; x64) AppleWebKit/537.36 (KHTML, like Gecko) Chrome/150.0.0.0 Safari/537.36"
197.211.59.91 - - [22/Jul/2026:12:25:27 +0000] "GET /wp-content/plugins/elementor/assets/js/e-react-promotions.min.js?ver=4.1.5 HTTP/1.1" 200 925129 "https://digitalclass.shop/wp-admin/post.php?post=133&action=elementor" "Mozilla/5.0 (Windows NT 10.0; Win64; x64) AppleWebKit/537.36 (KHTML, like Gecko) Chrome/150.0.0.0 Safari/537.36"
197.211.59.91 - - [22/Jul/2026:12:25:28 +0000] "GET /wp-content/plugins/elementor/assets/js/packages/editor-elements-panel/editor-elements-panel.min.js?ver=4.1.5 HTTP/1.1" 200 2883 "https://digitalclass.shop/wp-admin/post.php?post=133&action=elementor" "Mozilla/5.0 (Windows NT 10.0; Win64; x64) AppleWebKit/537.36 (KHTML, like Gecko) Chrome/150.0.0.0 Safari/537.36"
197.211.59.91 - - [22/Jul/2026:12:25:29 +0000] "GET /wp-content/plugins/elementor/assets/js/packages/editor-elements-panel-notice/editor-elements-panel-notice.min.js?ver=4.1.5 HTTP/1.1" 200 1298 "https://digitalclass.shop/wp-admin/post.php?post=133&action=elementor" "Mozilla/5.0 (Windows NT 10.0; Win64; x64) AppleWebKit/537.36 (KHTML, like Gecko) Chrome/150.0.0.0 Safari/537.36"
197.211.59.91 - - [22/Jul/2026:12:25:29 +0000] "GET /wp-content/plugins/elementor/assets/js/packages/unlock-v4-promo/unlock-v4-promo.min.js?ver=4.1.5 HTTP/1.1" 200 3351 "https://digitalclass.shop/wp-admin/post.php?post=133&action=elementor" "Mozilla/5.0 (Windows NT 10.0; Win64; x64) AppleWebKit/537.36 (KHTML, like Gecko) Chrome/150.0.0.0 Safari/537.36"
197.211.59.91 - - [22/Jul/2026:12:25:29 +0000] "GET /wp-content/plugins/elementor/assets/js/packages/elementor-v3-mcp/elementor-v3-mcp.min.js?ver=4.1.5 HTTP/1.1" 200 348277 "https://digitalclass.shop/wp-admin/post.php?post=133&action=elementor" "Mozilla/5.0 (Windows NT 10.0; Win64; x64) AppleWebKit/537.36 (KHTML, like Gecko) Chrome/150.0.0.0 Safari/537.36"
197.211.59.91 - - [22/Jul/2026:12:25:29 +0000] "GET /wp-content/plugins/elementor/assets/js/packages/elementor-kit-mcp/elementor-kit-mcp.min.js?ver=4.1.5 HTTP/1.1" 200 8916 "https://digitalclass.shop/wp-admin/post.php?post=133&action=elementor" "Mozilla/5.0 (Windows NT 10.0; Win64; x64) AppleWebKit/537.36 (KHTML, like Gecko) Chrome/150.0.0.0 Safari/537.36"
197.211.59.91 - - [22/Jul/2026:12:25:29 +0000] "GET /wp-content/plugins/elementor/assets/js/packages/editor-site-navigation/editor-site-navigation.min.js?ver=4.1.5 HTTP/1.1" 200 22875 "https://digitalclass.shop/wp-admin/post.php?post=133&action=elementor" "Mozilla/5.0 (Windows NT 10.0; Win64; x64) AppleWebKit/537.36 (KHTML, like Gecko) Chrome/150.0.0.0 Safari/537.36"
197.211.59.91 - - [22/Jul/2026:12:25:29 +0000] "GET /wp-content/plugins/elementor/assets/js/packages/editor-props/editor-props.min.js?ver=4.1.5 HTTP/1.1" 200 46468 "https://digitalclass.shop/wp-admin/post.php?post=133&action=elementor" "Mozilla/5.0 (Windows NT 10.0; Win64; x64) AppleWebKit/537.36 (KHTML, like Gecko) Chrome/150.0.0.0 Safari/537.36"
197.211.59.91 - - [22/Jul/2026:12:25:29 +0000] "GET /wp-content/plugins/elementor/assets/js/packages/editor-styles/editor-styles.min.js?ver=4.1.5 HTTP/1.1" 200 1444 "https://digitalclass.shop/wp-admin/post.php?post=133&action=elementor" "Mozilla/5.0 (Windows NT 10.0; Win64; x64) AppleWebKit/537.36 (KHTML, like Gecko) Chrome/150.0.0.0 Safari/537.36"
197.211.59.91 - - [22/Jul/2026:12:25:29 +0000] "GET /wp-content/plugins/elementor/assets/js/packages/editor-elements/editor-elements.min.js?ver=4.1.5 HTTP/1.1" 200 18224 "https://digitalclass.shop/wp-admin/post.php?post=133&action=elementor" "Mozilla/5.0 (Windows NT 10.0; Win64; x64) AppleWebKit/537.36 (KHTML, like Gecko) Chrome/150.0.0.0 Safari/537.36"
197.211.59.91 - - [22/Jul/2026:12:25:29 +0000] "GET /wp-content/plugins/elementor/assets/js/packages/session/session.min.js?ver=4.1.5 HTTP/1.1" 200 1621 "https://digitalclass.shop/wp-admin/post.php?post=133&action=elementor" "Mozilla/5.0 (Windows NT 10.0; Win64; x64) AppleWebKit/537.36 (KHTML, like Gecko) Chrome/150.0.0.0 Safari/537.36"
