195.49.128.211 - - [22/Jul/2026:07:38:24 +0000] "POST /xmlrpc.php HTTP/1.1" 200 403 "-" "Jetpack/12.0; WordPress/6.1; http://site48371513.com"
195.49.128.211 - - [22/Jul/2026:07:38:35 +0000] "POST /xmlrpc.php HTTP/1.1" 200 403 "-" "Jetpack by WordPress.com"
195.49.128.211 - - [22/Jul/2026:07:38:45 +0000] "POST /xmlrpc.php HTTP/1.1" 200 403 "-" "Jetpack by WordPress.com"
195.49.128.211 - - [22/Jul/2026:07:38:56 +0000] "POST /xmlrpc.php HTTP/1.1" 200 403 "-" "Jetpack by WordPress.com"
195.49.128.211 - - [22/Jul/2026:07:39:06 +0000] "POST /xmlrpc.php HTTP/1.1" 200 403 "-" "WordPress.com; https://wordpress.com"
195.49.128.211 - - [22/Jul/2026:07:39:17 +0000] "POST /xmlrpc.php HTTP/1.1" 200 403 "-" "Jetpack by WordPress.com"
198.177.124.148 - - [22/Jul/2026:07:39:29 +0000] "POST /wp-cron.php?doing_wp_cron=1784705969.5360980033874511718750 HTTP/1.1" 200 - "-" "WordPress/7.0.2; https://digitalclass.shop"
195.49.128.211 - - [22/Jul/2026:07:39:27 +0000] "POST /xmlrpc.php HTTP/1.1" 200 403 "-" "Jetpack/12.0; WordPress/6.1; http://site84418565.com"
195.49.128.211 - - [22/Jul/2026:07:39:38 +0000] "POST /xmlrpc.php HTTP/1.1" 200 403 "-" "WordPress.com; https://wordpress.com"
195.49.128.211 - - [22/Jul/2026:07:39:48 +0000] "POST /xmlrpc.php HTTP/1.1" 200 403 "-" "WordPress.com; https://wordpress.com"
195.49.128.211 - - [22/Jul/2026:07:39:59 +0000] "POST /xmlrpc.php HTTP/1.1" 200 403 "-" "Jetpack by WordPress.com"
195.49.128.211 - - [22/Jul/2026:07:40:09 +0000] "POST /xmlrpc.php HTTP/1.1" 200 403 "-" "WordPress.com; https://wordpress.com"
198.177.124.148 - - [22/Jul/2026:07:40:23 +0000] "POST /wp-cron.php?doing_wp_cron=1784706023.4248440265655517578125 HTTP/1.1" 200 - "-" "WordPress/7.0.2; https://digitalclass.shop"
195.49.128.211 - - [22/Jul/2026:07:40:20 +0000] "POST /xmlrpc.php HTTP/1.1" 200 403 "-" "WordPress.com; https://wordpress.com"
195.49.128.211 - - [22/Jul/2026:07:40:30 +0000] "POST /xmlrpc.php HTTP/1.1" 200 403 "-" "Jetpack by WordPress.com"
195.49.128.211 - - [22/Jul/2026:07:40:41 +0000] "POST /xmlrpc.php HTTP/1.1" 200 403 "-" "WordPress.com; https://wordpress.com"
195.49.128.211 - - [22/Jul/2026:07:40:51 +0000] "POST /xmlrpc.php HTTP/1.1" 200 403 "-" "Jetpack/12.1; WordPress/6.1; http://site26721043.com"
195.49.128.211 - - [22/Jul/2026:07:41:02 +0000] "POST /xmlrpc.php HTTP/1.1" 200 403 "-" "Jetpack by WordPress.com"
195.49.128.211 - - [22/Jul/2026:07:41:12 +0000] "POST /xmlrpc.php HTTP/1.1" 200 403 "-" "Jetpack/13.0; WordPress/6.2; http://site35218201.com"
198.177.124.148 - - [22/Jul/2026:07:41:25 +0000] "POST /wp-cron.php?doing_wp_cron=1784706085.5414779186248779296875 HTTP/1.1" 200 - "-" "WordPress/7.0.2; https://digitalclass.shop"
195.49.128.211 - - [22/Jul/2026:07:41:23 +0000] "POST /xmlrpc.php HTTP/1.1" 200 403 "-" "Jetpack by WordPress.com (Jetpack 12.0; WordPress 6.4)"
195.49.128.211 - - [22/Jul/2026:07:41:33 +0000] "POST /xmlrpc.php HTTP/1.1" 200 403 "-" "WordPress.com; https://wordpress.com"
195.49.128.211 - - [22/Jul/2026:07:41:44 +0000] "POST /xmlrpc.php HTTP/1.1" 200 403 "-" "WordPress.com; https://wordpress.com"
195.49.128.211 - - [22/Jul/2026:07:41:54 +0000] "POST /xmlrpc.php HTTP/1.1" 200 403 "-" "Jetpack by WordPress.com"
195.49.128.211 - - [22/Jul/2026:07:42:05 +0000] "POST /xmlrpc.php HTTP/1.1" 200 403 "-" "Jetpack by WordPress.com"
195.49.128.211 - - [22/Jul/2026:07:42:15 +0000] "POST /xmlrpc.php HTTP/1.1" 200 403 "-" "Jetpack by WordPress.com"
198.177.124.148 - - [22/Jul/2026:07:42:28 +0000] "POST /wp-cron.php?doing_wp_cron=1784706148.1965050697326660156250 HTTP/1.1" 200 - "-" "WordPress/7.0.2; https://digitalclass.shop"
195.49.128.211 - - [22/Jul/2026:07:42:26 +0000] "POST /xmlrpc.php HTTP/1.1" 200 403 "-" "Jetpack by WordPress.com (Jetpack 12.1; WordPress 6.4)"
195.49.128.211 - - [22/Jul/2026:07:42:36 +0000] "POST /xmlrpc.php HTTP/1.1" 200 403 "-" "Jetpack by WordPress.com"
195.49.128.211 - - [22/Jul/2026:07:42:47 +0000] "POST /xmlrpc.php HTTP/1.1" 200 403 "-" "Jetpack by WordPress.com (Jetpack 12.0; WordPress 6.2)"
195.49.128.211 - - [22/Jul/2026:07:42:57 +0000] "POST /xmlrpc.php HTTP/1.1" 200 403 "-" "Jetpack by WordPress.com (Jetpack 13.0; WordPress 6.3)"
195.49.128.211 - - [22/Jul/2026:07:43:08 +0000] "POST /xmlrpc.php HTTP/1.1" 200 403 "-" "WordPress.com; https://wordpress.com"
195.49.128.211 - - [22/Jul/2026:07:43:18 +0000] "POST /xmlrpc.php HTTP/1.1" 200 403 "-" "Jetpack by WordPress.com (Jetpack 12.0; WordPress 6.1)"
198.177.124.148 - - [22/Jul/2026:07:43:33 +0000] "POST /wp-cron.php?doing_wp_cron=1784706213.1647799015045166015625 HTTP/1.1" 200 - "-" "WordPress/7.0.2; https://digitalclass.shop"
195.49.128.211 - - [22/Jul/2026:07:43:29 +0000] "POST /xmlrpc.php HTTP/1.1" 200 403 "-" "Jetpack by WordPress.com (Jetpack 12.0; WordPress 6.2)"
195.49.128.211 - - [22/Jul/2026:07:43:39 +0000] "POST /xmlrpc.php HTTP/1.1" 200 403 "-" "Jetpack by WordPress.com (Jetpack 12.5; WordPress 6.1)"
195.49.128.211 - - [22/Jul/2026:07:43:49 +0000] "POST /xmlrpc.php HTTP/1.1" 200 403 "-" "Jetpack by WordPress.com (Jetpack 12.1; WordPress 6.3)"
195.49.128.211 - - [22/Jul/2026:07:44:00 +0000] "POST /xmlrpc.php HTTP/1.1" 200 403 "-" "Jetpack by WordPress.com"
195.49.128.211 - - [22/Jul/2026:07:44:10 +0000] "POST /xmlrpc.php HTTP/1.1" 200 403 "-" "WordPress.com; https://wordpress.com"
198.177.124.148 - - [22/Jul/2026:07:44:23 +0000] "POST /wp-cron.php?doing_wp_cron=1784706263.6552689075469970703125 HTTP/1.1" 200 - "-" "WordPress/7.0.2; https://digitalclass.shop"
195.49.128.211 - - [22/Jul/2026:07:44:21 +0000] "POST /xmlrpc.php HTTP/1.1" 200 403 "-" "WordPress.com; https://wordpress.com"
195.49.128.211 - - [22/Jul/2026:07:44:31 +0000] "POST /xmlrpc.php HTTP/1.1" 200 403 "-" "WordPress.com; https://wordpress.com"
195.49.128.211 - - [22/Jul/2026:07:44:42 +0000] "POST /xmlrpc.php HTTP/1.1" 200 403 "-" "Jetpack by WordPress.com"
195.49.128.211 - - [22/Jul/2026:07:44:52 +0000] "POST /xmlrpc.php HTTP/1.1" 200 403 "-" "WordPress.com; https://wordpress.com"
195.49.128.211 - - [22/Jul/2026:07:45:03 +0000] "POST /xmlrpc.php HTTP/1.1" 200 403 "-" "WordPress.com; https://wordpress.com"
195.49.128.211 - - [22/Jul/2026:07:45:13 +0000] "POST /xmlrpc.php HTTP/1.1" 200 403 "-" "Jetpack by WordPress.com"
198.177.124.148 - - [22/Jul/2026:07:53:57 +0000] "POST /wp-cron.php?doing_wp_cron=1784706837.1754179000854492187500 HTTP/1.1" 200 - "-" "WordPress/7.0.2; https://digitalclass.shop"
209.38.128.94 - - [22/Jul/2026:07:53:53 +0000] "GET / HTTP/1.1" 404 99431 "-" "Mozilla/5.0 (X11; Linux x86_64; rv:142.0) Gecko/20100101 Firefox/142.0"
198.177.124.148 - - [22/Jul/2026:08:11:51 +0000] "POST /wp-cron.php?doing_wp_cron=1784707911.8943779468536376953125 HTTP/1.1" 200 - "-" "WordPress/7.0.2; https://digitalclass.shop"
40.77.167.79 - - [22/Jul/2026:08:11:48 +0000] "GET /code/ HTTP/1.1" 404 76531 "-" "Mozilla/5.0 AppleWebKit/537.36 (KHTML, like Gecko; compatible; bingbot/2.0; +http://www.bing.com/bingbot.htm) Chrome/116.0.1938.76 Safari/537.36"
198.177.124.148 - - [22/Jul/2026:08:13:06 +0000] "POST /wp-cron.php?doing_wp_cron=1784707986.1782128810882568359375 HTTP/1.1" 200 - "-" "WordPress/7.0.2; https://digitalclass.shop"
40.77.167.44 - - [22/Jul/2026:08:13:00 +0000] "GET /school/ HTTP/1.1" 404 84231 "-" "Mozilla/5.0 AppleWebKit/537.36 (KHTML, like Gecko; compatible; bingbot/2.0; +http://www.bing.com/bingbot.htm) Chrome/116.0.1938.76 Safari/537.36"
185.191.171.15 - - [22/Jul/2026:08:19:35 +0000] "GET /robots.txt HTTP/1.1" 200 97 "-" "Mozilla/5.0 (compatible; SemrushBot/7~bl; +http://www.semrush.com/bot.html)"
198.177.124.148 - - [22/Jul/2026:08:19:49 +0000] "POST /wp-cron.php?doing_wp_cron=1784708389.6758129596710205078125 HTTP/1.1" 200 - "-" "WordPress/7.0.2; https://digitalclass.shop"
85.208.96.201 - - [22/Jul/2026:08:19:46 +0000] "GET /product/vehicle-booking-fee/ HTTP/1.1" 404 84279 "-" "Mozilla/5.0 (compatible; SemrushBot/7~bl; +http://www.semrush.com/bot.html)"
85.208.96.193 - - [22/Jul/2026:08:19:56 +0000] "GET /index.php/sitemap.xml HTTP/1.1" 301 - "-" "Mozilla/5.0 (compatible; SemrushBot/7~bl; +http://www.semrush.com/bot.html)"
85.208.96.206 - - [22/Jul/2026:08:20:10 +0000] "GET /wp-sitemap.xml HTTP/1.1" 404 547 "-" "Mozilla/5.0 (compatible; SemrushBot/7~bl; +http://www.semrush.com/bot.html)"
198.177.124.148 - - [22/Jul/2026:08:27:25 +0000] "POST /wp-cron.php?doing_wp_cron=1784708845.1009080410003662109375 HTTP/1.1" 200 - "-" "WordPress/7.0.2; https://digitalclass.shop"
52.167.144.205 - - [22/Jul/2026:08:27:21 +0000] "GET /shoe/ HTTP/1.1" 404 74838 "-" "Mozilla/5.0 AppleWebKit/537.36 (KHTML, like Gecko; compatible; bingbot/2.0; +http://www.bing.com/bingbot.htm) Chrome/116.0.1938.76 Safari/537.36"
198.177.124.148 - - [22/Jul/2026:08:50:06 +0000] "POST /wp-cron.php?doing_wp_cron=1784710206.4869689941406250000000 HTTP/1.1" 200 - "-" "WordPress/7.0.2; https://digitalclass.shop"
115.245.198.210 - - [22/Jul/2026:08:50:02 +0000] "POST /xmlrpc.php HTTP/1.1" 200 403 "-" "Jetpack by WordPress.com"
117.255.101.224 - - [22/Jul/2026:08:50:13 +0000] "POST /xmlrpc.php HTTP/1.1" 200 403 "-" "Jetpack/12.5; WordPress/6.3; http://site42307827.com"
198.177.124.148 - - [22/Jul/2026:08:50:36 +0000] "POST /wp-cron.php?doing_wp_cron=1784710236.5955789089202880859375 HTTP/1.1" 200 - "-" "WordPress/7.0.2; https://digitalclass.shop"
115.245.198.210 - - [22/Jul/2026:08:50:34 +0000] "POST /xmlrpc.php HTTP/1.1" 200 403 "-" "Jetpack by WordPress.com"
117.255.101.224 - - [22/Jul/2026:08:50:44 +0000] "POST /xmlrpc.php HTTP/1.1" 200 403 "-" "Jetpack by WordPress.com (Jetpack 13.0; WordPress 6.4)"
117.255.101.224 - - [22/Jul/2026:08:50:55 +0000] "POST /xmlrpc.php HTTP/1.1" 200 403 "-" "Jetpack by WordPress.com"
115.245.198.210 - - [22/Jul/2026:08:51:05 +0000] "POST /xmlrpc.php HTTP/1.1" 200 403 "-" "WordPress.com; https://wordpress.com"
117.255.101.224 - - [22/Jul/2026:08:51:16 +0000] "POST /xmlrpc.php HTTP/1.1" 200 403 "-" "Jetpack/12.1; WordPress/6.2; http://site53684714.com"
198.177.124.148 - - [22/Jul/2026:08:51:28 +0000] "POST /wp-cron.php?doing_wp_cron=1784710288.1939060688018798828125 HTTP/1.1" 200 - "-" "WordPress/7.0.2; https://digitalclass.shop"
115.245.198.210 - - [22/Jul/2026:08:51:26 +0000] "POST /xmlrpc.php HTTP/1.1" 200 403 "-" "WordPress.com; https://wordpress.com"
117.255.101.224 - - [22/Jul/2026:08:51:37 +0000] "POST /xmlrpc.php HTTP/1.1" 200 403 "-" "Jetpack/13.0; WordPress/6.2; http://site71286638.com"
115.245.198.210 - - [22/Jul/2026:08:51:47 +0000] "POST /xmlrpc.php HTTP/1.1" 200 403 "-" "Jetpack/12.1; WordPress/6.1; http://site33469851.com"
115.245.198.210 - - [22/Jul/2026:08:51:58 +0000] "POST /xmlrpc.php HTTP/1.1" 200 403 "-" "Jetpack by WordPress.com"
117.255.101.224 - - [22/Jul/2026:08:52:08 +0000] "POST /xmlrpc.php HTTP/1.1" 200 403 "-" "Jetpack by WordPress.com (Jetpack 13.0; WordPress 6.4)"
198.177.124.148 - - [22/Jul/2026:08:52:22 +0000] "POST /wp-cron.php?doing_wp_cron=1784710342.3008520603179931640625 HTTP/1.1" 200 - "-" "WordPress/7.0.2; https://digitalclass.shop"
115.245.198.210 - - [22/Jul/2026:08:52:20 +0000] "POST /xmlrpc.php HTTP/1.1" 200 403 "-" "Jetpack/12.0; WordPress/6.1; http://site53051973.com"
115.245.198.210 - - [22/Jul/2026:08:52:29 +0000] "POST /xmlrpc.php HTTP/1.1" 200 403 "-" "WordPress.com; https://wordpress.com"
115.245.198.210 - - [22/Jul/2026:08:52:40 +0000] "POST /xmlrpc.php HTTP/1.1" 200 403 "-" "WordPress.com; https://wordpress.com"
117.255.101.224 - - [22/Jul/2026:08:52:50 +0000] "POST /xmlrpc.php HTTP/1.1" 200 403 "-" "Jetpack by WordPress.com (Jetpack 12.1; WordPress 6.2)"
115.245.198.210 - - [22/Jul/2026:08:53:01 +0000] "POST /xmlrpc.php HTTP/1.1" 200 403 "-" "Jetpack by WordPress.com"
115.245.198.210 - - [22/Jul/2026:08:53:13 +0000] "POST /xmlrpc.php HTTP/1.1" 200 403 "-" "WordPress.com; https://wordpress.com"
198.177.124.148 - - [22/Jul/2026:08:53:24 +0000] "POST /wp-cron.php?doing_wp_cron=1784710404.5427060127258300781250 HTTP/1.1" 200 - "-" "WordPress/7.0.2; https://digitalclass.shop"
117.255.101.224 - - [22/Jul/2026:08:53:22 +0000] "POST /xmlrpc.php HTTP/1.1" 200 403 "-" "Jetpack/12.1; WordPress/6.4; http://site88738601.com"
115.245.198.210 - - [22/Jul/2026:08:53:33 +0000] "POST /xmlrpc.php HTTP/1.1" 200 403 "-" "Jetpack by WordPress.com"
198.177.124.148 - - [22/Jul/2026:08:53:45 +0000] "POST /wp-cron.php?doing_wp_cron=1784710425.8858859539031982421875 HTTP/1.1" 200 - "-" "WordPress/7.0.2; https://digitalclass.shop"
115.245.198.210 - - [22/Jul/2026:08:53:43 +0000] "POST /xmlrpc.php HTTP/1.1" 200 403 "-" "Jetpack by WordPress.com"
198.177.124.148 - - [22/Jul/2026:08:53:56 +0000] "POST /wp-cron.php?doing_wp_cron=1784710436.5408060550689697265625 HTTP/1.1" 200 - "-" "WordPress/7.0.2; https://digitalclass.shop"
117.255.101.224 - - [22/Jul/2026:08:53:53 +0000] "POST /xmlrpc.php HTTP/1.1" 200 403 "-" "WordPress.com; https://wordpress.com"
115.245.198.210 - - [22/Jul/2026:08:54:04 +0000] "POST /xmlrpc.php HTTP/1.1" 200 403 "-" "Jetpack/12.0; WordPress/6.2; http://site80662583.com"
115.245.198.210 - - [22/Jul/2026:08:54:15 +0000] "POST /xmlrpc.php HTTP/1.1" 200 403 "-" "Jetpack by WordPress.com (Jetpack 12.0; WordPress 6.4)"
198.177.124.148 - - [22/Jul/2026:08:54:27 +0000] "POST /wp-cron.php?doing_wp_cron=1784710467.8763849735260009765625 HTTP/1.1" 200 - "-" "WordPress/7.0.2; https://digitalclass.shop"
115.245.198.210 - - [22/Jul/2026:08:54:25 +0000] "POST /xmlrpc.php HTTP/1.1" 200 403 "-" "Jetpack/12.5; WordPress/6.3; http://site73085755.com"
115.245.198.210 - - [22/Jul/2026:08:54:35 +0000] "POST /xmlrpc.php HTTP/1.1" 200 403 "-" "Jetpack by WordPress.com (Jetpack 12.1; WordPress 6.2)"
117.255.101.224 - - [22/Jul/2026:08:54:45 +0000] "POST /xmlrpc.php HTTP/1.1" 200 403 "-" "Jetpack by WordPress.com (Jetpack 12.5; WordPress 6.1)"
115.245.198.210 - - [22/Jul/2026:08:54:56 +0000] "POST /xmlrpc.php HTTP/1.1" 200 403 "-" "Jetpack by WordPress.com"
115.245.198.210 - - [22/Jul/2026:08:55:07 +0000] "POST /xmlrpc.php HTTP/1.1" 200 403 "-" "Jetpack by WordPress.com"
115.245.198.210 - - [22/Jul/2026:08:55:17 +0000] "POST /xmlrpc.php HTTP/1.1" 200 403 "-" "WordPress.com; https://wordpress.com"
198.177.124.148 - - [22/Jul/2026:08:55:30 +0000] "POST /wp-cron.php?doing_wp_cron=1784710530.6405520439147949218750 HTTP/1.1" 200 - "-" "WordPress/7.0.2; https://digitalclass.shop"
115.245.198.210 - - [22/Jul/2026:08:55:28 +0000] "POST /xmlrpc.php HTTP/1.1" 200 403 "-" "Jetpack/13.0; WordPress/6.2; http://site66763398.com"
117.255.101.224 - - [22/Jul/2026:08:55:38 +0000] "POST /xmlrpc.php HTTP/1.1" 200 403 "-" "Jetpack by WordPress.com (Jetpack 13.0; WordPress 6.1)"
117.255.101.224 - - [22/Jul/2026:08:55:48 +0000] "POST /xmlrpc.php HTTP/1.1" 200 403 "-" "Jetpack/13.0; WordPress/6.2; http://site34805449.com"
117.255.101.224 - - [22/Jul/2026:08:55:59 +0000] "POST /xmlrpc.php HTTP/1.1" 200 403 "-" "WordPress.com; https://wordpress.com"
115.245.198.210 - - [22/Jul/2026:08:56:11 +0000] "POST /xmlrpc.php HTTP/1.1" 200 403 "-" "Jetpack/12.0; WordPress/6.2; http://site54951799.com"
198.177.124.148 - - [22/Jul/2026:08:56:22 +0000] "POST /wp-cron.php?doing_wp_cron=1784710582.7853250503540039062500 HTTP/1.1" 200 - "-" "WordPress/7.0.2; https://digitalclass.shop"
117.255.101.224 - - [22/Jul/2026:08:56:20 +0000] "POST /xmlrpc.php HTTP/1.1" 200 403 "-" "WordPress.com; https://wordpress.com"
115.245.198.210 - - [22/Jul/2026:08:56:31 +0000] "POST /xmlrpc.php HTTP/1.1" 200 403 "-" "Jetpack by WordPress.com (Jetpack 12.0; WordPress 6.2)"
115.245.198.210 - - [22/Jul/2026:08:56:41 +0000] "POST /xmlrpc.php HTTP/1.1" 200 403 "-" "WordPress.com; https://wordpress.com"
115.245.198.210 - - [22/Jul/2026:08:56:51 +0000] "POST /xmlrpc.php HTTP/1.1" 200 403 "-" "Jetpack by WordPress.com (Jetpack 12.5; WordPress 6.1)"
115.245.198.210 - - [22/Jul/2026:08:57:02 +0000] "POST /xmlrpc.php HTTP/1.1" 200 403 "-" "Jetpack by WordPress.com (Jetpack 12.0; WordPress 6.3)"
117.255.101.224 - - [22/Jul/2026:08:57:12 +0000] "POST /xmlrpc.php HTTP/1.1" 200 403 "-" "WordPress.com; https://wordpress.com"
206.237.119.235 - - [22/Jul/2026:08:57:18 +0000] "GET /wp-links-opmI.php HTTP/1.1" 404 84251 "-" "Mozilla/5.0 (Windows NT 10.0; Win64; x64) AppleWebKit/537.36 (KHTML, like Gecko) Chrome/150.0.0.0 Safari/537.36"
117.255.101.224 - - [22/Jul/2026:08:57:27 +0000] "POST /xmlrpc.php HTTP/1.1" 200 403 "-" "Jetpack/12.0; WordPress/6.2; http://site53857582.com"
206.237.119.235 - - [22/Jul/2026:08:57:29 +0000] "GET /wp-includes/js/jquery/jquery.min.js?ver=3.7.1 HTTP/1.1" 200 87553 "https://digitalclass.shop/wp-links-opmI.php" "Mozilla/5.0 (Windows NT 10.0; Win64; x64) AppleWebKit/537.36 (KHTML, like Gecko) Chrome/150.0.0.0 Safari/537.36"
206.237.119.235 - - [22/Jul/2026:08:57:29 +0000] "GET /wp-includes/js/jquery/jquery-migrate.min.js?ver=3.4.1 HTTP/1.1" 200 13577 "https://digitalclass.shop/wp-links-opmI.php" "Mozilla/5.0 (Windows NT 10.0; Win64; x64) AppleWebKit/537.36 (KHTML, like Gecko) Chrome/150.0.0.0 Safari/537.36"
206.237.119.235 - - [22/Jul/2026:08:57:35 +0000] "GET /wp-includes/js/dist/script-modules/interactivity/index.min.js?ver=efaa5193bbad9c60ffd1 HTTP/1.1" 200 40106 "https://digitalclass.shop/wp-links-opmI.php" "Mozilla/5.0 (Windows NT 10.0; Win64; x64) AppleWebKit/537.36 (KHTML, like Gecko) Chrome/150.0.0.0 Safari/537.36"
206.237.119.235 - - [22/Jul/2026:08:57:36 +0000] "GET /wp-includes/js/dist/script-modules/block-library/navigation/view.min.js?ver=96a846e1d7b789c39ab9 HTTP/1.1" 200 3053 "https://digitalclass.shop/wp-links-opmI.php" "Mozilla/5.0 (Windows NT 10.0; Win64; x64) AppleWebKit/537.36 (KHTML, like Gecko) Chrome/150.0.0.0 Safari/537.36"
206.237.119.235 - - [22/Jul/2026:08:57:42 +0000] "GET /wp-content/plugins/pixelyoursite/dist/scripts/tld.min.js?ver=2.3.1 HTTP/1.1" 200 141079 "https://digitalclass.shop/wp-links-opmI.php" "Mozilla/5.0 (Windows NT 10.0; Win64; x64) AppleWebKit/537.36 (KHTML, like Gecko) Chrome/150.0.0.0 Safari/537.36"
206.237.119.235 - - [22/Jul/2026:08:57:42 +0000] "GET /wp-content/plugins/pixelyoursite/dist/scripts/js.cookie-2.1.3.min.js?ver=2.1.3 HTTP/1.1" 200 1709 "https://digitalclass.shop/wp-links-opmI.php" "Mozilla/5.0 (Windows NT 10.0; Win64; x64) AppleWebKit/537.36 (KHTML, like Gecko) Chrome/150.0.0.0 Safari/537.36"
115.245.198.210 - - [22/Jul/2026:08:57:35 +0000] "POST /xmlrpc.php HTTP/1.1" 200 403 "-" "Jetpack by WordPress.com"
206.237.119.235 - - [22/Jul/2026:08:57:43 +0000] "GET /wp-content/plugins/pixelyoursite/dist/scripts/jquery.bind-first-0.2.3.min.js?ver=0.2.3 HTTP/1.1" 200 1317 "https://digitalclass.shop/wp-links-opmI.php" "Mozilla/5.0 (Windows NT 10.0; Win64; x64) AppleWebKit/537.36 (KHTML, like Gecko) Chrome/150.0.0.0 Safari/537.36"
206.237.119.235 - - [22/Jul/2026:08:57:43 +0000] "GET /wp-content/plugins/pixelyoursite/dist/scripts/public.js?ver=11.2.1 HTTP/1.1" 200 172979 "https://digitalclass.shop/wp-links-opmI.php" "Mozilla/5.0 (Windows NT 10.0; Win64; x64) AppleWebKit/537.36 (KHTML, like Gecko) Chrome/150.0.0.0 Safari/537.36"
115.245.198.210 - - [22/Jul/2026:08:57:44 +0000] "POST /xmlrpc.php HTTP/1.1" 200 403 "-" "Jetpack/12.0; WordPress/6.1; http://site14247709.com"
206.237.119.235 - - [22/Jul/2026:08:57:45 +0000] "GET /wp-admin/admin-ajax.php?action=pys_get_pbid HTTP/1.1" 200 1 "https://digitalclass.shop/wp-links-opmI.php" "Mozilla/5.0 (Windows NT 10.0; Win64; x64) AppleWebKit/537.36 (KHTML, like Gecko) Chrome/150.0.0.0 Safari/537.36"
117.255.101.224 - - [22/Jul/2026:08:57:54 +0000] "POST /xmlrpc.php HTTP/1.1" 200 403 "-" "Jetpack by WordPress.com (Jetpack 12.5; WordPress 6.3)"
115.245.198.210 - - [22/Jul/2026:08:58:05 +0000] "POST /xmlrpc.php HTTP/1.1" 200 403 "-" "Jetpack by WordPress.com (Jetpack 13.0; WordPress 6.1)"
117.255.101.224 - - [22/Jul/2026:08:58:15 +0000] "POST /xmlrpc.php HTTP/1.1" 200 403 "-" "Jetpack by WordPress.com (Jetpack 13.0; WordPress 6.2)"
206.237.119.235 - - [22/Jul/2026:08:58:21 +0000] "GET /wp-content/themes/twentytwentyfour/assets/fonts/inter/Inter-VariableFont_slnt,wght.woff2 HTTP/1.1" 200 326628 "https://digitalclass.shop/wp-links-opmI.php" "Mozilla/5.0 (Windows NT 10.0; Win64; x64) AppleWebKit/537.36 (KHTML, like Gecko) Chrome/150.0.0.0 Safari/537.36"
206.237.119.235 - - [22/Jul/2026:08:58:22 +0000] "GET /wp-includes/js/wp-emoji-release.min.js?ver=7.0.2 HTTP/1.1" 200 22752 "https://digitalclass.shop/wp-links-opmI.php" "Mozilla/5.0 (Windows NT 10.0; Win64; x64) AppleWebKit/537.36 (KHTML, like Gecko) Chrome/150.0.0.0 Safari/537.36"
206.237.119.235 - - [22/Jul/2026:08:58:21 +0000] "GET /wp-content/themes/twentytwentyfour/assets/fonts/cardo/cardo_normal_400.woff2 HTTP/1.1" 200 146060 "https://digitalclass.shop/wp-links-opmI.php" "Mozilla/5.0 (Windows NT 10.0; Win64; x64) AppleWebKit/537.36 (KHTML, like Gecko) Chrome/150.0.0.0 Safari/537.36"
198.177.124.148 - - [22/Jul/2026:08:58:28 +0000] "POST /wp-cron.php?doing_wp_cron=1784710708.4858338832855224609375 HTTP/1.1" 200 - "-" "WordPress/7.0.2; https://digitalclass.shop"
115.245.198.210 - - [22/Jul/2026:08:58:26 +0000] "POST /xmlrpc.php HTTP/1.1" 200 403 "-" "Jetpack/13.0; WordPress/6.2; http://site63228175.com"
117.255.101.224 - - [22/Jul/2026:08:58:36 +0000] "POST /xmlrpc.php HTTP/1.1" 200 403 "-" "Jetpack by WordPress.com"
115.245.198.210 - - [22/Jul/2026:08:58:47 +0000] "POST /xmlrpc.php HTTP/1.1" 200 403 "-" "WordPress.com; https://wordpress.com"
117.255.101.224 - - [22/Jul/2026:08:58:57 +0000] "POST /xmlrpc.php HTTP/1.1" 200 403 "-" "WordPress.com; https://wordpress.com"
115.245.198.210 - - [22/Jul/2026:08:59:08 +0000] "POST /xmlrpc.php HTTP/1.1" 200 403 "-" "Jetpack by WordPress.com"
117.255.101.224 - - [22/Jul/2026:08:59:18 +0000] "POST /xmlrpc.php HTTP/1.1" 200 403 "-" "Jetpack by WordPress.com"
198.177.124.148 - - [22/Jul/2026:08:59:31 +0000] "POST /wp-cron.php?doing_wp_cron=1784710771.2213470935821533203125 HTTP/1.1" 200 - "-" "WordPress/7.0.2; https://digitalclass.shop"
115.245.198.210 - - [22/Jul/2026:08:59:29 +0000] "POST /xmlrpc.php HTTP/1.1" 200 403 "-" "Jetpack by WordPress.com"
117.255.101.224 - - [22/Jul/2026:08:59:39 +0000] "POST /xmlrpc.php HTTP/1.1" 200 403 "-" "Jetpack by WordPress.com"
117.255.101.224 - - [22/Jul/2026:08:59:50 +0000] "POST /xmlrpc.php HTTP/1.1" 200 403 "-" "Jetpack by WordPress.com (Jetpack 12.1; WordPress 6.4)"
115.245.198.210 - - [22/Jul/2026:09:00:00 +0000] "POST /xmlrpc.php HTTP/1.1" 200 403 "-" "Jetpack by WordPress.com"
115.245.198.210 - - [22/Jul/2026:09:00:11 +0000] "POST /xmlrpc.php HTTP/1.1" 200 403 "-" "Jetpack/13.0; WordPress/6.1; http://site28824986.com"
198.177.124.148 - - [22/Jul/2026:09:00:24 +0000] "POST /wp-cron.php?doing_wp_cron=1784710824.5393850803375244140625 HTTP/1.1" 200 - "-" "WordPress/7.0.2; https://digitalclass.shop"
115.245.198.210 - - [22/Jul/2026:09:00:21 +0000] "POST /xmlrpc.php HTTP/1.1" 200 403 "-" "Jetpack by WordPress.com (Jetpack 13.0; WordPress 6.2)"
115.245.198.210 - - [22/Jul/2026:09:00:32 +0000] "POST /xmlrpc.php HTTP/1.1" 200 403 "-" "Jetpack by WordPress.com (Jetpack 12.0; WordPress 6.4)"
115.245.198.210 - - [22/Jul/2026:09:00:42 +0000] "POST /xmlrpc.php HTTP/1.1" 200 403 "-" "WordPress.com; https://wordpress.com"
117.255.101.224 - - [22/Jul/2026:09:00:52 +0000] "POST /xmlrpc.php HTTP/1.1" 200 403 "-" "WordPress.com; https://wordpress.com"
117.255.101.224 - - [22/Jul/2026:09:01:03 +0000] "POST /xmlrpc.php HTTP/1.1" 200 403 "-" "WordPress.com; https://wordpress.com"
115.245.198.210 - - [22/Jul/2026:09:01:13 +0000] "POST /xmlrpc.php HTTP/1.1" 200 403 "-" "WordPress.com; https://wordpress.com"
198.177.124.148 - - [22/Jul/2026:09:01:27 +0000] "POST /wp-cron.php?doing_wp_cron=1784710887.0179409980773925781250 HTTP/1.1" 200 - "-" "WordPress/7.0.2; https://digitalclass.shop"
117.255.101.224 - - [22/Jul/2026:09:01:24 +0000] "POST /xmlrpc.php HTTP/1.1" 200 403 "-" "Jetpack by WordPress.com"
117.255.101.224 - - [22/Jul/2026:09:01:35 +0000] "POST /xmlrpc.php HTTP/1.1" 200 403 "-" "WordPress.com; https://wordpress.com"
117.255.101.224 - - [22/Jul/2026:09:01:46 +0000] "POST /xmlrpc.php HTTP/1.1" 200 403 "-" "WordPress.com; https://wordpress.com"
117.255.101.224 - - [22/Jul/2026:09:01:56 +0000] "POST /xmlrpc.php HTTP/1.1" 200 403 "-" "Jetpack/12.5; WordPress/6.1; http://site50947491.com"
117.255.101.224 - - [22/Jul/2026:09:02:07 +0000] "POST /xmlrpc.php HTTP/1.1" 200 403 "-" "Jetpack/12.0; WordPress/6.2; http://site46295738.com"
115.245.198.210 - - [22/Jul/2026:09:02:18 +0000] "POST /xmlrpc.php HTTP/1.1" 200 403 "-" "Jetpack/12.1; WordPress/6.1; http://site99307866.com"
198.177.124.148 - - [22/Jul/2026:09:02:30 +0000] "POST /wp-cron.php?doing_wp_cron=1784710950.7836899757385253906250 HTTP/1.1" 200 - "-" "WordPress/7.0.2; https://digitalclass.shop"
115.245.198.210 - - [22/Jul/2026:09:02:28 +0000] "POST /xmlrpc.php HTTP/1.1" 200 403 "-" "Jetpack by WordPress.com"
117.255.101.224 - - [22/Jul/2026:09:02:39 +0000] "POST /xmlrpc.php HTTP/1.1" 200 403 "-" "Jetpack/12.0; WordPress/6.3; http://site10671181.com"
115.245.198.210 - - [22/Jul/2026:09:02:50 +0000] "POST /xmlrpc.php HTTP/1.1" 200 403 "-" "WordPress.com; https://wordpress.com"
117.255.101.224 - - [22/Jul/2026:09:03:00 +0000] "POST /xmlrpc.php HTTP/1.1" 200 403 "-" "Jetpack by WordPress.com"
115.245.198.210 - - [22/Jul/2026:09:03:11 +0000] "POST /xmlrpc.php HTTP/1.1" 200 403 "-" "Jetpack/12.0; WordPress/6.1; http://site26806173.com"
198.177.124.148 - - [22/Jul/2026:09:03:23 +0000] "POST /wp-cron.php?doing_wp_cron=1784711003.4082109928131103515625 HTTP/1.1" 200 - "-" "WordPress/7.0.2; https://digitalclass.shop"
117.255.101.224 - - [22/Jul/2026:09:03:21 +0000] "POST /xmlrpc.php HTTP/1.1" 200 403 "-" "Jetpack by WordPress.com (Jetpack 12.5; WordPress 6.1)"
117.255.101.224 - - [22/Jul/2026:09:03:32 +0000] "POST /xmlrpc.php HTTP/1.1" 200 403 "-" "Jetpack/12.1; WordPress/6.2; http://site45218687.com"
117.255.101.224 - - [22/Jul/2026:09:03:53 +0000] "POST /xmlrpc.php HTTP/1.1" 200 403 "-" "Jetpack by WordPress.com"
117.255.101.224 - - [22/Jul/2026:09:04:15 +0000] "POST /xmlrpc.php HTTP/1.1" 200 403 "-" "Jetpack/12.5; WordPress/6.1; http://site48074664.com"
198.177.124.148 - - [22/Jul/2026:09:04:27 +0000] "POST /wp-cron.php?doing_wp_cron=1784711067.1587040424346923828125 HTTP/1.1" 200 - "-" "WordPress/7.0.2; https://digitalclass.shop"
115.245.198.210 - - [22/Jul/2026:09:04:25 +0000] "POST /xmlrpc.php HTTP/1.1" 200 403 "-" "WordPress.com; https://wordpress.com"
115.245.198.210 - - [22/Jul/2026:09:04:36 +0000] "POST /xmlrpc.php HTTP/1.1" 200 403 "-" "WordPress.com; https://wordpress.com"
117.255.101.224 - - [22/Jul/2026:09:04:47 +0000] "POST /xmlrpc.php HTTP/1.1" 200 403 "-" "Jetpack by WordPress.com"
117.255.101.224 - - [22/Jul/2026:09:04:57 +0000] "POST /xmlrpc.php HTTP/1.1" 200 403 "-" "Jetpack by WordPress.com (Jetpack 12.1; WordPress 6.4)"
115.245.198.210 - - [22/Jul/2026:09:05:08 +0000] "POST /xmlrpc.php HTTP/1.1" 200 403 "-" "Jetpack/12.5; WordPress/6.1; http://site49293803.com"
115.245.198.210 - - [22/Jul/2026:09:05:19 +0000] "POST /xmlrpc.php HTTP/1.1" 200 403 "-" "Jetpack/12.0; WordPress/6.2; http://site83479203.com"
198.177.124.148 - - [22/Jul/2026:09:05:31 +0000] "POST /wp-cron.php?doing_wp_cron=1784711131.7636690139770507812500 HTTP/1.1" 200 - "-" "WordPress/7.0.2; https://digitalclass.shop"
115.245.198.210 - - [22/Jul/2026:09:05:29 +0000] "POST /xmlrpc.php HTTP/1.1" 200 403 "-" "Jetpack by WordPress.com"
117.255.101.224 - - [22/Jul/2026:09:05:51 +0000] "POST /xmlrpc.php HTTP/1.1" 200 403 "-" "Jetpack by WordPress.com (Jetpack 12.0; WordPress 6.4)"
115.245.198.210 - - [22/Jul/2026:09:06:13 +0000] "POST /xmlrpc.php HTTP/1.1" 200 403 "-" "Jetpack/12.0; WordPress/6.1; http://site89421328.com"
198.177.124.148 - - [22/Jul/2026:09:06:25 +0000] "POST /wp-cron.php?doing_wp_cron=1784711185.5168519020080566406250 HTTP/1.1" 200 - "-" "WordPress/7.0.2; https://digitalclass.shop"
117.255.101.224 - - [22/Jul/2026:09:06:23 +0000] "POST /xmlrpc.php HTTP/1.1" 200 403 "-" "Jetpack/12.5; WordPress/6.3; http://site13685469.com"
115.245.198.210 - - [22/Jul/2026:09:06:34 +0000] "POST /xmlrpc.php HTTP/1.1" 200 403 "-" "Jetpack/12.1; WordPress/6.2; http://site90721601.com"
117.255.101.224 - - [22/Jul/2026:09:06:44 +0000] "POST /xmlrpc.php HTTP/1.1" 200 403 "-" "Jetpack/12.1; WordPress/6.2; http://site98899062.com"
115.245.198.210 - - [22/Jul/2026:09:06:55 +0000] "POST /xmlrpc.php HTTP/1.1" 200 403 "-" "Jetpack by WordPress.com"
115.245.198.210 - - [22/Jul/2026:09:07:06 +0000] "POST /xmlrpc.php HTTP/1.1" 200 403 "-" "Jetpack by WordPress.com (Jetpack 12.1; WordPress 6.3)"
115.245.198.210 - - [22/Jul/2026:09:07:17 +0000] "POST /xmlrpc.php HTTP/1.1" 200 403 "-" "WordPress.com; https://wordpress.com"
198.177.124.148 - - [22/Jul/2026:09:07:29 +0000] "POST /wp-cron.php?doing_wp_cron=1784711249.4199140071868896484375 HTTP/1.1" 200 - "-" "WordPress/7.0.2; https://digitalclass.shop"
117.255.101.224 - - [22/Jul/2026:09:07:27 +0000] "POST /xmlrpc.php HTTP/1.1" 200 403 "-" "Jetpack by WordPress.com (Jetpack 12.1; WordPress 6.4)"
115.245.198.210 - - [22/Jul/2026:09:07:39 +0000] "POST /xmlrpc.php HTTP/1.1" 200 403 "-" "WordPress.com; https://wordpress.com"
115.245.198.210 - - [22/Jul/2026:09:07:49 +0000] "POST /xmlrpc.php HTTP/1.1" 200 403 "-" "Jetpack/12.5; WordPress/6.3; http://site92064476.com"
117.255.101.224 - - [22/Jul/2026:09:07:59 +0000] "POST /xmlrpc.php HTTP/1.1" 200 403 "-" "Jetpack by WordPress.com (Jetpack 12.5; WordPress 6.4)"
117.255.101.224 - - [22/Jul/2026:09:08:10 +0000] "POST /xmlrpc.php HTTP/1.1" 200 403 "-" "Jetpack by WordPress.com (Jetpack 12.1; WordPress 6.3)"
198.177.124.148 - - [22/Jul/2026:09:08:23 +0000] "POST /wp-cron.php?doing_wp_cron=1784711303.2538249492645263671875 HTTP/1.1" 200 - "-" "WordPress/7.0.2; https://digitalclass.shop"
117.255.101.224 - - [22/Jul/2026:09:08:21 +0000] "POST /xmlrpc.php HTTP/1.1" 200 403 "-" "Jetpack by WordPress.com"
117.255.101.224 - - [22/Jul/2026:09:08:31 +0000] "POST /xmlrpc.php HTTP/1.1" 200 403 "-" "Jetpack by WordPress.com"
117.255.101.224 - - [22/Jul/2026:09:08:42 +0000] "POST /xmlrpc.php HTTP/1.1" 200 403 "-" "Jetpack/12.5; WordPress/6.3; http://site57001103.com"
117.255.101.224 - - [22/Jul/2026:09:08:53 +0000] "POST /xmlrpc.php HTTP/1.1" 200 403 "-" "Jetpack/12.1; WordPress/6.3; http://site18326143.com"
115.245.198.210 - - [22/Jul/2026:09:09:04 +0000] "POST /xmlrpc.php HTTP/1.1" 200 403 "-" "Jetpack by WordPress.com (Jetpack 12.5; WordPress 6.1)"
117.255.101.224 - - [22/Jul/2026:09:09:14 +0000] "POST /xmlrpc.php HTTP/1.1" 200 403 "-" "Jetpack by WordPress.com"
198.177.124.148 - - [22/Jul/2026:09:09:27 +0000] "POST /wp-cron.php?doing_wp_cron=1784711367.4403970241546630859375 HTTP/1.1" 200 - "-" "WordPress/7.0.2; https://digitalclass.shop"
117.255.101.224 - - [22/Jul/2026:09:09:25 +0000] "POST /xmlrpc.php HTTP/1.1" 200 403 "-" "WordPress.com; https://wordpress.com"
117.255.101.224 - - [22/Jul/2026:09:09:36 +0000] "POST /xmlrpc.php HTTP/1.1" 200 403 "-" "WordPress.com; https://wordpress.com"
115.245.198.210 - - [22/Jul/2026:09:09:46 +0000] "POST /xmlrpc.php HTTP/1.1" 200 403 "-" "WordPress.com; https://wordpress.com"
115.245.198.210 - - [22/Jul/2026:09:09:57 +0000] "POST /xmlrpc.php HTTP/1.1" 200 403 "-" "Jetpack/12.5; WordPress/6.2; http://site75981829.com"
117.255.101.224 - - [22/Jul/2026:09:10:08 +0000] "POST /xmlrpc.php HTTP/1.1" 200 403 "-" "Jetpack by WordPress.com (Jetpack 12.5; WordPress 6.3)"
115.245.198.210 - - [22/Jul/2026:09:10:18 +0000] "POST /xmlrpc.php HTTP/1.1" 200 403 "-" "Jetpack/12.1; WordPress/6.2; http://site28687183.com"
198.177.124.148 - - [22/Jul/2026:09:10:31 +0000] "POST /wp-cron.php?doing_wp_cron=1784711431.5698928833007812500000 HTTP/1.1" 200 - "-" "WordPress/7.0.2; https://digitalclass.shop"
117.255.101.224 - - [22/Jul/2026:09:10:29 +0000] "POST /xmlrpc.php HTTP/1.1" 200 403 "-" "Jetpack by WordPress.com (Jetpack 13.0; WordPress 6.2)"
117.255.101.224 - - [22/Jul/2026:09:10:40 +0000] "POST /xmlrpc.php HTTP/1.1" 200 403 "-" "WordPress.com; https://wordpress.com"
115.245.198.210 - - [22/Jul/2026:09:10:50 +0000] "POST /xmlrpc.php HTTP/1.1" 200 403 "-" "WordPress.com; https://wordpress.com"
117.255.101.224 - - [22/Jul/2026:09:11:01 +0000] "POST /xmlrpc.php HTTP/1.1" 200 403 "-" "Jetpack/12.1; WordPress/6.1; http://site92327346.com"
117.255.101.224 - - [22/Jul/2026:09:11:11 +0000] "POST /xmlrpc.php HTTP/1.1" 200 403 "-" "Jetpack/12.0; WordPress/6.2; http://site22278369.com"
198.177.124.148 - - [22/Jul/2026:09:11:24 +0000] "POST /wp-cron.php?doing_wp_cron=1784711484.9476499557495117187500 HTTP/1.1" 200 - "-" "WordPress/7.0.2; https://digitalclass.shop"
115.245.198.210 - - [22/Jul/2026:09:11:22 +0000] "POST /xmlrpc.php HTTP/1.1" 200 403 "-" "Jetpack/12.1; WordPress/6.3; http://site53771937.com"
115.245.198.210 - - [22/Jul/2026:09:11:33 +0000] "POST /xmlrpc.php HTTP/1.1" 200 403 "-" "Jetpack/12.0; WordPress/6.4; http://site95492920.com"
115.245.198.210 - - [22/Jul/2026:09:11:44 +0000] "POST /xmlrpc.php HTTP/1.1" 200 403 "-" "Jetpack by WordPress.com"
115.245.198.210 - - [22/Jul/2026:09:11:54 +0000] "POST /xmlrpc.php HTTP/1.1" 200 403 "-" "WordPress.com; https://wordpress.com"
117.255.101.224 - - [22/Jul/2026:09:12:05 +0000] "POST /xmlrpc.php HTTP/1.1" 200 403 "-" "WordPress.com; https://wordpress.com"
115.245.198.210 - - [22/Jul/2026:09:12:16 +0000] "POST /xmlrpc.php HTTP/1.1" 200 403 "-" "Jetpack by WordPress.com (Jetpack 12.5; WordPress 6.2)"
198.177.124.148 - - [22/Jul/2026:09:12:30 +0000] "POST /wp-cron.php?doing_wp_cron=1784711550.2631609439849853515625 HTTP/1.1" 200 - "-" "WordPress/7.0.2; https://digitalclass.shop"
115.245.198.210 - - [22/Jul/2026:09:12:27 +0000] "POST /xmlrpc.php HTTP/1.1" 200 403 "-" "WordPress.com; https://wordpress.com"
115.245.198.210 - - [22/Jul/2026:09:12:37 +0000] "POST /xmlrpc.php HTTP/1.1" 200 403 "-" "Jetpack/13.0; WordPress/6.4; http://site64895118.com"
115.245.198.210 - - [22/Jul/2026:09:12:48 +0000] "POST /xmlrpc.php HTTP/1.1" 200 403 "-" "WordPress.com; https://wordpress.com"
117.255.101.224 - - [22/Jul/2026:09:12:58 +0000] "POST /xmlrpc.php HTTP/1.1" 200 403 "-" "Jetpack by WordPress.com (Jetpack 12.5; WordPress 6.1)"
115.245.198.210 - - [22/Jul/2026:09:13:09 +0000] "POST /xmlrpc.php HTTP/1.1" 200 403 "-" "WordPress.com; https://wordpress.com"
198.177.124.148 - - [22/Jul/2026:09:13:22 +0000] "POST /wp-cron.php?doing_wp_cron=1784711602.0387809276580810546875 HTTP/1.1" 200 - "-" "WordPress/7.0.2; https://digitalclass.shop"
115.245.198.210 - - [22/Jul/2026:09:13:20 +0000] "POST /xmlrpc.php HTTP/1.1" 200 403 "-" "WordPress.com; https://wordpress.com"
115.245.198.210 - - [22/Jul/2026:09:13:31 +0000] "POST /xmlrpc.php HTTP/1.1" 200 403 "-" "WordPress.com; https://wordpress.com"
115.245.198.210 - - [22/Jul/2026:09:13:41 +0000] "POST /xmlrpc.php HTTP/1.1" 200 403 "-" "Jetpack/12.5; WordPress/6.1; http://site95424133.com"
115.245.198.210 - - [22/Jul/2026:09:13:52 +0000] "POST /xmlrpc.php HTTP/1.1" 200 403 "-" "Jetpack/12.0; WordPress/6.3; http://site82740894.com"
117.255.101.224 - - [22/Jul/2026:09:14:02 +0000] "POST /xmlrpc.php HTTP/1.1" 200 403 "-" "Jetpack/12.5; WordPress/6.1; http://site82367117.com"
115.245.198.210 - - [22/Jul/2026:09:14:13 +0000] "POST /xmlrpc.php HTTP/1.1" 200 403 "-" "WordPress.com; https://wordpress.com"
198.177.124.148 - - [22/Jul/2026:09:14:25 +0000] "POST /wp-cron.php?doing_wp_cron=1784711665.6717948913574218750000 HTTP/1.1" 200 - "-" "WordPress/7.0.2; https://digitalclass.shop"
115.245.198.210 - - [22/Jul/2026:09:14:24 +0000] "POST /xmlrpc.php HTTP/1.1" 200 403 "-" "WordPress.com; https://wordpress.com"
117.255.101.224 - - [22/Jul/2026:09:14:35 +0000] "POST /xmlrpc.php HTTP/1.1" 200 403 "-" "Jetpack by WordPress.com (Jetpack 12.0; WordPress 6.2)"
117.255.101.224 - - [22/Jul/2026:09:14:46 +0000] "POST /xmlrpc.php HTTP/1.1" 200 403 "-" "Jetpack by WordPress.com (Jetpack 12.5; WordPress 6.2)"
115.245.198.210 - - [22/Jul/2026:09:14:57 +0000] "POST /xmlrpc.php HTTP/1.1" 200 403 "-" "Jetpack by WordPress.com (Jetpack 13.0; WordPress 6.3)"
117.255.101.224 - - [22/Jul/2026:09:15:07 +0000] "POST /xmlrpc.php HTTP/1.1" 200 403 "-" "Jetpack by WordPress.com"
117.255.101.224 - - [22/Jul/2026:09:15:18 +0000] "POST /xmlrpc.php HTTP/1.1" 200 403 "-" "Jetpack by WordPress.com (Jetpack 12.1; WordPress 6.3)"
198.177.124.148 - - [22/Jul/2026:09:15:31 +0000] "POST /wp-cron.php?doing_wp_cron=1784711731.3554759025573730468750 HTTP/1.1" 200 - "-" "WordPress/7.0.2; https://digitalclass.shop"
117.255.101.224 - - [22/Jul/2026:09:15:29 +0000] "POST /xmlrpc.php HTTP/1.1" 200 403 "-" "WordPress.com; https://wordpress.com"
115.245.198.210 - - [22/Jul/2026:09:15:39 +0000] "POST /xmlrpc.php HTTP/1.1" 200 403 "-" "Jetpack/12.5; WordPress/6.1; http://site19021970.com"
115.245.198.210 - - [22/Jul/2026:09:15:50 +0000] "POST /xmlrpc.php HTTP/1.1" 200 403 "-" "Jetpack/13.0; WordPress/6.3; http://site54878026.com"
115.245.198.210 - - [22/Jul/2026:09:16:01 +0000] "POST /xmlrpc.php HTTP/1.1" 200 403 "-" "Jetpack by WordPress.com (Jetpack 12.1; WordPress 6.1)"
117.255.101.224 - - [22/Jul/2026:09:16:12 +0000] "POST /xmlrpc.php HTTP/1.1" 200 403 "-" "Jetpack/12.0; WordPress/6.2; http://site67540117.com"
198.177.124.148 - - [22/Jul/2026:09:16:24 +0000] "POST /wp-cron.php?doing_wp_cron=1784711784.4267199039459228515625 HTTP/1.1" 200 - "-" "WordPress/7.0.2; https://digitalclass.shop"
115.245.198.210 - - [22/Jul/2026:09:16:22 +0000] "POST /xmlrpc.php HTTP/1.1" 200 403 "-" "WordPress.com; https://wordpress.com"
198.177.124.148 - - [22/Jul/2026:09:43:53 +0000] "POST /wp-cron.php?doing_wp_cron=1784713433.1063370704650878906250 HTTP/1.1" 200 - "-" "WordPress/7.0.2; https://digitalclass.shop"
52.167.144.205 - - [22/Jul/2026:09:43:50 +0000] "GET /cacservice/ HTTP/1.1" 404 65575 "-" "Mozilla/5.0 AppleWebKit/537.36 (KHTML, like Gecko; compatible; bingbot/2.0; +http://www.bing.com/bingbot.htm) Chrome/116.0.1938.76 Safari/537.36"
198.177.124.148 - - [22/Jul/2026:09:48:08 +0000] "POST /wp-cron.php?doing_wp_cron=1784713688.5553469657897949218750 HTTP/1.1" 200 - "-" "WordPress/7.0.2; https://digitalclass.shop"
185.247.184.105 - - [22/Jul/2026:09:48:06 +0000] "GET / HTTP/1.1" 200 99361 "-" "\"Mozilla/5.0 (Macintosh; Intel Mac OS X 10_15_7) AppleWebKit/537.36 (KHTML, like Gecko) Chrome/142.0.0.0 Safari/537.36\""
185.247.184.105 - - [22/Jul/2026:09:48:09 +0000] "GET /wp-includes/js/jquery/jquery.min.js?ver=3.7.1 HTTP/1.1" 200 87553 "https://digitalclass.shop/" "\"Mozilla/5.0 (Macintosh; Intel Mac OS X 10_15_7) AppleWebKit/537.36 (KHTML, like Gecko) Chrome/142.0.0.0 Safari/537.36\""
185.247.184.105 - - [22/Jul/2026:09:48:10 +0000] "GET /wp-includes/js/jquery/jquery-migrate.min.js?ver=3.4.1 HTTP/1.1" 200 13577 "https://digitalclass.shop/" "\"Mozilla/5.0 (Macintosh; Intel Mac OS X 10_15_7) AppleWebKit/537.36 (KHTML, like Gecko) Chrome/142.0.0.0 Safari/537.36\""
185.247.184.105 - - [22/Jul/2026:09:48:10 +0000] "GET /wp-includes/js/dist/script-modules/interactivity/index.min.js?ver=efaa5193bbad9c60ffd1 HTTP/1.1" 200 40106 "https://digitalclass.shop/" "\"Mozilla/5.0 (Macintosh; Intel Mac OS X 10_15_7) AppleWebKit/537.36 (KHTML, like Gecko) Chrome/142.0.0.0 Safari/537.36\""
185.247.184.105 - - [22/Jul/2026:09:48:10 +0000] "GET /wp-includes/js/dist/script-modules/block-library/navigation/view.min.js?ver=96a846e1d7b789c39ab9 HTTP/1.1" 200 3053 "https://digitalclass.shop/" "\"Mozilla/5.0 (Macintosh; Intel Mac OS X 10_15_7) AppleWebKit/537.36 (KHTML, like Gecko) Chrome/142.0.0.0 Safari/537.36\""
185.247.184.105 - - [22/Jul/2026:09:48:10 +0000] "GET /wp-content/plugins/pixelyoursite/dist/scripts/jquery.bind-first-0.2.3.min.js?ver=0.2.3 HTTP/1.1" 200 1317 "https://digitalclass.shop/" "\"Mozilla/5.0 (Macintosh; Intel Mac OS X 10_15_7) AppleWebKit/537.36 (KHTML, like Gecko) Chrome/142.0.0.0 Safari/537.36\""
185.247.184.105 - - [22/Jul/2026:09:48:11 +0000] "GET /wp-content/plugins/pixelyoursite/dist/scripts/js.cookie-2.1.3.min.js?ver=2.1.3 HTTP/1.1" 200 1709 "https://digitalclass.shop/" "\"Mozilla/5.0 (Macintosh; Intel Mac OS X 10_15_7) AppleWebKit/537.36 (KHTML, like Gecko) Chrome/142.0.0.0 Safari/537.36\""
185.247.184.105 - - [22/Jul/2026:09:48:11 +0000] "GET /wp-content/plugins/pixelyoursite/dist/scripts/tld.min.js?ver=2.3.1 HTTP/1.1" 200 141079 "https://digitalclass.shop/" "\"Mozilla/5.0 (Macintosh; Intel Mac OS X 10_15_7) AppleWebKit/537.36 (KHTML, like Gecko) Chrome/142.0.0.0 Safari/537.36\""
185.247.184.105 - - [22/Jul/2026:09:48:11 +0000] "GET /wp-content/plugins/pixelyoursite/dist/scripts/public.js?ver=11.2.1 HTTP/1.1" 200 172979 "https://digitalclass.shop/" "\"Mozilla/5.0 (Macintosh; Intel Mac OS X 10_15_7) AppleWebKit/537.36 (KHTML, like Gecko) Chrome/142.0.0.0 Safari/537.36\""
185.247.184.105 - - [22/Jul/2026:09:48:12 +0000] "GET /wp-includes/js/wp-emoji-release.min.js?ver=7.0.2 HTTP/1.1" 200 22752 "https://digitalclass.shop/" "\"Mozilla/5.0 (Macintosh; Intel Mac OS X 10_15_7) AppleWebKit/537.36 (KHTML, like Gecko) Chrome/142.0.0.0 Safari/537.36\""
185.247.184.105 - - [22/Jul/2026:09:48:12 +0000] "GET /wp-admin/admin-ajax.php?action=pys_get_pbid HTTP/1.1" 200 1 "https://digitalclass.shop/" "\"Mozilla/5.0 (Macintosh; Intel Mac OS X 10_15_7) AppleWebKit/537.36 (KHTML, like Gecko) Chrome/142.0.0.0 Safari/537.36\""
185.247.184.105 - - [22/Jul/2026:09:48:12 +0000] "POST /wp-json/pys-facebook/v1/event HTTP/1.1" 200 16 "https://digitalclass.shop/" "\"Mozilla/5.0 (Macintosh; Intel Mac OS X 10_15_7) AppleWebKit/537.36 (KHTML, like Gecko) Chrome/142.0.0.0 Safari/537.36\""
185.247.184.105 - - [22/Jul/2026:09:48:12 +0000] "GET /my-account/ HTTP/1.1" 200 83189 "-" "\"Mozilla/5.0 (Macintosh; Intel Mac OS X 10_15_7) AppleWebKit/537.36 (KHTML, like Gecko) Chrome/142.0.0.0 Safari/537.36\""
185.247.184.105 - - [22/Jul/2026:09:48:15 +0000] "POST /wp-json/pys-facebook/v1/event HTTP/1.1" 200 16 "https://digitalclass.shop/my-account/" "\"Mozilla/5.0 (Macintosh; Intel Mac OS X 10_15_7) AppleWebKit/537.36 (KHTML, like Gecko) Chrome/142.0.0.0 Safari/537.36\""
185.247.184.105 - - [22/Jul/2026:09:48:15 +0000] "GET /wp-admin/admin-ajax.php?action=pys_get_pbid HTTP/1.1" 200 1 "https://digitalclass.shop/my-account/" "\"Mozilla/5.0 (Macintosh; Intel Mac OS X 10_15_7) AppleWebKit/537.36 (KHTML, like Gecko) Chrome/142.0.0.0 Safari/537.36\""
185.247.184.105 - - [22/Jul/2026:09:48:17 +0000] "GET /goods/ HTTP/1.1" 200 84221 "-" "\"Mozilla/5.0 (Macintosh; Intel Mac OS X 10_15_7) AppleWebKit/537.36 (KHTML, like Gecko) Chrome/142.0.0.0 Safari/537.36\""
198.177.124.148 - - [22/Jul/2026:09:48:22 +0000] "POST /wp-cron.php?doing_wp_cron=1784713702.4897670745849609375000 HTTP/1.1" 200 - "-" "WordPress/7.0.2; https://digitalclass.shop"
185.247.184.105 - - [22/Jul/2026:09:48:20 +0000] "GET /wp-admin/admin-ajax.php?action=pys_get_pbid HTTP/1.1" 200 1 "https://digitalclass.shop/goods/" "\"Mozilla/5.0 (Macintosh; Intel Mac OS X 10_15_7) AppleWebKit/537.36 (KHTML, like Gecko) Chrome/142.0.0.0 Safari/537.36\""
185.220.101.145 - - [22/Jul/2026:09:48:22 +0000] "POST /wp-json/pys-facebook/v1/event HTTP/1.1" 200 16 "https://digitalclass.shop/goods/" "\"Mozilla/5.0 (Macintosh; Intel Mac OS X 10_15_7) AppleWebKit/537.36 (KHTML, like Gecko) Chrome/142.0.0.0 Safari/537.36\""
198.177.124.148 - - [22/Jul/2026:09:55:14 +0000] "POST /wp-cron.php?doing_wp_cron=1784714114.7376480102539062500000 HTTP/1.1" 200 - "-" "WordPress/7.0.2; https://digitalclass.shop"
52.167.144.176 - - [22/Jul/2026:09:55:10 +0000] "GET /wp-sitemap.xml HTTP/1.1" 404 547 "-" "Mozilla/5.0 AppleWebKit/537.36 (KHTML, like Gecko; compatible; bingbot/2.0; +http://www.bing.com/bingbot.htm) Chrome/116.0.1938.76 Safari/537.36"
74.7.175.150 - - [22/Jul/2026:10:10:41 +0000] "GET /robots.txt HTTP/1.1" 200 97 "-" "Mozilla/5.0 (Macintosh; Intel Mac OS X 10_15_7) AppleWebKit/537.36 (KHTML, like Gecko) Chrome/131.0.0.0 Safari/537.36; compatible; OAI-SearchBot/1.4; robots.txt; +https://openai.com/searchbot"
185.191.171.17 - - [22/Jul/2026:10:19:43 +0000] "GET /robots.txt HTTP/1.1" 200 97 "-" "Mozilla/5.0 (compatible; SemrushBot/7~bl; +http://www.semrush.com/bot.html)"
198.177.124.148 - - [22/Jul/2026:10:19:58 +0000] "POST /wp-cron.php?doing_wp_cron=1784715598.6628239154815673828125 HTTP/1.1" 200 - "-" "WordPress/7.0.2; https://digitalclass.shop"
85.208.96.194 - - [22/Jul/2026:10:19:54 +0000] "GET /author/digital/ HTTP/1.1" 404 89623 "-" "Mozilla/5.0 (compatible; SemrushBot/7~bl; +http://www.semrush.com/bot.html)"
198.177.124.148 - - [22/Jul/2026:10:31:33 +0000] "POST /wp-cron.php?doing_wp_cron=1784716293.2755200862884521484375 HTTP/1.1" 200 - "-" "WordPress/7.0.2; https://digitalclass.shop"
44.252.59.204 - - [22/Jul/2026:10:31:31 +0000] "GET / HTTP/1.1" 200 99361 "-" "Mozilla/5.0 (Macintosh; Intel Mac OS X 10_15_7) AppleWebKit/537.36 (KHTML, like Gecko) Chrome/134.0.0.0 Safari/537.36"
198.177.124.148 - - [22/Jul/2026:10:42:58 +0000] "POST /wp-cron.php?doing_wp_cron=1784716978.0025451183319091796875 HTTP/1.1" 200 - "-" "WordPress/7.0.2; https://digitalclass.shop"
102.90.100.149 - - [22/Jul/2026:10:42:55 +0000] "GET /shoe HTTP/1.1" 301 - "-" "Mozilla/5.0 (Windows NT 10.0; Win64; x64; rv:153.0) Gecko/20100101 Firefox/153.0"
102.90.100.149 - - [22/Jul/2026:10:42:58 +0000] "GET /shoe/ HTTP/1.1" 200 74836 "-" "Mozilla/5.0 (Windows NT 10.0; Win64; x64; rv:153.0) Gecko/20100101 Firefox/153.0"
102.90.100.149 - - [22/Jul/2026:10:43:02 +0000] "GET /wp-content/plugins/elementor/assets/css/widget-testimonial.min.css?ver=4.1.5 HTTP/1.1" 200 1646 "https://digitalclass.shop/shoe/" "Mozilla/5.0 (Windows NT 10.0; Win64; x64; rv:153.0) Gecko/20100101 Firefox/153.0"
102.90.100.149 - - [22/Jul/2026:10:43:04 +0000] "GET /wp-content/uploads/elementor/css/post-7.css?ver=1784680812 HTTP/1.1" 200 1168 "https://digitalclass.shop/shoe/" "Mozilla/5.0 (Windows NT 10.0; Win64; x64; rv:153.0) Gecko/20100101 Firefox/153.0"
102.90.100.149 - - [22/Jul/2026:10:43:04 +0000] "GET /wp-content/plugins/elementor/assets/css/widget-image-carousel.min.css?ver=4.1.5 HTTP/1.1" 200 342 "https://digitalclass.shop/shoe/" "Mozilla/5.0 (Windows NT 10.0; Win64; x64; rv:153.0) Gecko/20100101 Firefox/153.0"
102.90.100.149 - - [22/Jul/2026:10:43:04 +0000] "GET /wp-content/plugins/elementor/assets/lib/swiper/v8/css/swiper.min.css?ver=8.4.5 HTTP/1.1" 200 16471 "https://digitalclass.shop/shoe/" "Mozilla/5.0 (Windows NT 10.0; Win64; x64; rv:153.0) Gecko/20100101 Firefox/153.0"
102.90.100.149 - - [22/Jul/2026:10:43:04 +0000] "GET /wp-content/uploads/elementor/css/post-192.css?ver=1784687543 HTTP/1.1" 200 2818 "https://digitalclass.shop/shoe/" "Mozilla/5.0 (Windows NT 10.0; Win64; x64; rv:153.0) Gecko/20100101 Firefox/153.0"
102.90.100.149 - - [22/Jul/2026:10:43:04 +0000] "GET /wp-content/plugins/elementor/assets/lib/animations/styles/rollIn.min.css?ver=4.1.5 HTTP/1.1" 200 149 "https://digitalclass.shop/shoe/" "Mozilla/5.0 (Windows NT 10.0; Win64; x64; rv:153.0) Gecko/20100101 Firefox/153.0"
102.90.100.149 - - [22/Jul/2026:10:43:05 +0000] "GET /wp-content/uploads/elementor/css/local-192-frontend-desktop.css?ver=6a60354760db9 HTTP/1.1" 200 865 "https://digitalclass.shop/shoe/" "Mozilla/5.0 (Windows NT 10.0; Win64; x64; rv:153.0) Gecko/20100101 Firefox/153.0"
102.90.100.149 - - [22/Jul/2026:10:43:05 +0000] "GET /wp-includes/js/jquery/jquery-migrate.min.js?ver=3.4.1 HTTP/1.1" 200 13577 "https://digitalclass.shop/shoe/" "Mozilla/5.0 (Windows NT 10.0; Win64; x64; rv:153.0) Gecko/20100101 Firefox/153.0"
102.90.100.149 - - [22/Jul/2026:10:43:05 +0000] "GET /wp-content/plugins/elementor/assets/css/frontend.min.css?ver=4.1.5 HTTP/1.1" 200 54666 "https://digitalclass.shop/shoe/" "Mozilla/5.0 (Windows NT 10.0; Win64; x64; rv:153.0) Gecko/20100101 Firefox/153.0"
102.90.100.149 - - [22/Jul/2026:10:43:05 +0000] "GET /wp-content/plugins/wpforms-lite/assets/css/frontend/modern/wpforms-full.min.css?ver=2.0.0.2 HTTP/1.1" 200 169487 "https://digitalclass.shop/shoe/" "Mozilla/5.0 (Windows NT 10.0; Win64; x64; rv:153.0) Gecko/20100101 Firefox/153.0"
102.90.100.149 - - [22/Jul/2026:10:43:05 +0000] "GET /wp-includes/js/jquery/jquery.min.js?ver=3.7.1 HTTP/1.1" 200 87553 "https://digitalclass.shop/shoe/" "Mozilla/5.0 (Windows NT 10.0; Win64; x64; rv:153.0) Gecko/20100101 Firefox/153.0"
102.90.100.149 - - [22/Jul/2026:10:43:06 +0000] "GET /wp-content/plugins/elementor/assets/css/widget-video.min.css?ver=4.1.5 HTTP/1.1" 200 1243 "https://digitalclass.shop/shoe/" "Mozilla/5.0 (Windows NT 10.0; Win64; x64; rv:153.0) Gecko/20100101 Firefox/153.0"
102.90.100.149 - - [22/Jul/2026:10:43:07 +0000] "GET /wp-content/plugins/elementor/assets/css/conditionals/e-swiper.min.css?ver=4.1.5 HTTP/1.1" 200 5486 "https://digitalclass.shop/shoe/" "Mozilla/5.0 (Windows NT 10.0; Win64; x64; rv:153.0) Gecko/20100101 Firefox/153.0"
102.90.100.149 - - [22/Jul/2026:10:43:07 +0000] "GET /wp-content/plugins/pixelyoursite/dist/scripts/js.cookie-2.1.3.min.js?ver=2.1.3 HTTP/1.1" 200 1709 "https://digitalclass.shop/shoe/" "Mozilla/5.0 (Windows NT 10.0; Win64; x64; rv:153.0) Gecko/20100101 Firefox/153.0"
102.90.100.149 - - [22/Jul/2026:10:43:07 +0000] "GET /wp-content/plugins/elementor/assets/js/webpack.runtime.min.js?ver=4.1.5 HTTP/1.1" 200 5819 "https://digitalclass.shop/shoe/" "Mozilla/5.0 (Windows NT 10.0; Win64; x64; rv:153.0) Gecko/20100101 Firefox/153.0"
102.90.100.149 - - [22/Jul/2026:10:43:07 +0000] "GET /wp-includes/js/jquery/ui/core.min.js?ver=1.13.3 HTTP/1.1" 200 21464 "https://digitalclass.shop/shoe/" "Mozilla/5.0 (Windows NT 10.0; Win64; x64; rv:153.0) Gecko/20100101 Firefox/153.0"
102.90.100.149 - - [22/Jul/2026:10:43:07 +0000] "GET /wp-content/plugins/pixelyoursite/dist/scripts/public.js?ver=11.2.1 HTTP/1.1" 200 172979 "https://digitalclass.shop/shoe/" "Mozilla/5.0 (Windows NT 10.0; Win64; x64; rv:153.0) Gecko/20100101 Firefox/153.0"
102.90.100.149 - - [22/Jul/2026:10:43:09 +0000] "GET /wp-content/plugins/elementor/assets/js/frontend.min.js?ver=4.1.5 HTTP/1.1" 200 32098 "https://digitalclass.shop/shoe/" "Mozilla/5.0 (Windows NT 10.0; Win64; x64; rv:153.0) Gecko/20100101 Firefox/153.0"
