198.177.124.148 - - [22/Jul/2026:16:06:44 +0000] "POST /wp-cron.php?doing_wp_cron=1784736404.2967140674591064453125 HTTP/1.1" 200 - "-" "WordPress/7.0.2; https://buygreatessentials.shop"
105.113.100.132 - - [22/Jul/2026:16:06:42 +0000] "POST /wp-admin/admin-ajax.php HTTP/1.1" 200 47 "https://buygreatessentials.shop/wp-admin/post.php?post=115&action=elementor" "Mozilla/5.0 (Windows NT 10.0; Win64; x64) AppleWebKit/537.36 (KHTML, like Gecko) Chrome/150.0.0.0 Safari/537.36"
198.177.124.148 - - [22/Jul/2026:16:06:51 +0000] "POST /wp-cron.php?doing_wp_cron=1784736411.3569719791412353515625 HTTP/1.1" 200 - "-" "WordPress/7.0.2; https://buygreatessentials.shop"
105.113.100.132 - - [22/Jul/2026:16:05:11 +0000] "GET /wp-admin/post.php?post=115&action=elementor HTTP/1.1" 200 2368579 "-" "Mozilla/5.0 (Windows NT 10.0; Win64; x64) AppleWebKit/537.36 (KHTML, like Gecko) Chrome/150.0.0.0 Safari/537.36"
105.113.100.132 - - [22/Jul/2026:16:06:52 +0000] "POST /wp-admin/admin-ajax.php HTTP/1.1" 200 47 "https://buygreatessentials.shop/wp-admin/admin.php?page=wpforms-builder&view=fields&form_id=267" "Mozilla/5.0 (Windows NT 10.0; Win64; x64) AppleWebKit/537.36 (KHTML, like Gecko) Chrome/150.0.0.0 Safari/537.36"
105.113.100.132 - - [22/Jul/2026:16:07:34 +0000] "GET /wp-json/elementor/v1/variables/list HTTP/1.1" 200 64 "https://buygreatessentials.shop/wp-admin/post.php?post=115&action=elementor" "Mozilla/5.0 (Windows NT 10.0; Win64; x64) AppleWebKit/537.36 (KHTML, like Gecko) Chrome/150.0.0.0 Safari/537.36"
105.113.100.132 - - [22/Jul/2026:16:07:47 +0000] "POST /wp-admin/admin-ajax.php HTTP/1.1" 200 77 "https://buygreatessentials.shop/wp-admin/post.php?post=115&action=elementor" "Mozilla/5.0 (Windows NT 10.0; Win64; x64) AppleWebKit/537.36 (KHTML, like Gecko) Chrome/150.0.0.0 Safari/537.36"
198.177.124.148 - - [22/Jul/2026:16:08:32 +0000] "POST /wp-cron.php?doing_wp_cron=1784736512.3838438987731933593750 HTTP/1.1" 200 - "-" "WordPress/7.0.2; https://buygreatessentials.shop"
105.113.100.132 - - [22/Jul/2026:16:08:29 +0000] "POST /wp-admin/admin-ajax.php HTTP/1.1" 200 47 "https://buygreatessentials.shop/wp-admin/admin.php?page=wpforms-builder&view=fields&form_id=267" "Mozilla/5.0 (Windows NT 10.0; Win64; x64) AppleWebKit/537.36 (KHTML, like Gecko) Chrome/150.0.0.0 Safari/537.36"
198.177.124.148 - - [22/Jul/2026:16:08:33 +0000] "POST /wp-cron.php?doing_wp_cron=1784736513.0924019813537597656250 HTTP/1.1" 200 - "-" "WordPress/7.0.2; https://buygreatessentials.shop"
105.113.100.132 - - [22/Jul/2026:16:08:30 +0000] "POST /wp-admin/admin-ajax.php HTTP/1.1" 200 47 "https://buygreatessentials.shop/wp-admin/post.php?post=115&action=elementor" "Mozilla/5.0 (Windows NT 10.0; Win64; x64) AppleWebKit/537.36 (KHTML, like Gecko) Chrome/150.0.0.0 Safari/537.36"
105.113.100.132 - - [22/Jul/2026:16:08:38 +0000] "POST /wp-admin/admin-ajax.php HTTP/1.1" 200 47 "https://buygreatessentials.shop/wp-admin/post.php?post=115&action=elementor" "Mozilla/5.0 (Windows NT 10.0; Win64; x64) AppleWebKit/537.36 (KHTML, like Gecko) Chrome/150.0.0.0 Safari/537.36"
198.177.124.148 - - [22/Jul/2026:16:08:57 +0000] "POST /wp-cron.php?doing_wp_cron=1784736537.3360130786895751953125 HTTP/1.1" 200 - "-" "WordPress/7.0.2; https://buygreatessentials.shop"
105.113.100.132 - - [22/Jul/2026:16:08:45 +0000] "GET /wp-admin/edit.php?post_type=page HTTP/1.1" 200 338025 "https://buygreatessentials.shop/wp-admin/" "Mozilla/5.0 (Windows NT 10.0; Win64; x64) AppleWebKit/537.36 (KHTML, like Gecko) Chrome/150.0.0.0 Safari/537.36"
105.113.100.132 - - [22/Jul/2026:16:09:31 +0000] "POST /wp-admin/admin-ajax.php HTTP/1.1" 200 47 "https://buygreatessentials.shop/wp-admin/edit.php?post_type=page" "Mozilla/5.0 (Windows NT 10.0; Win64; x64) AppleWebKit/537.36 (KHTML, like Gecko) Chrome/150.0.0.0 Safari/537.36"
105.113.100.132 - - [22/Jul/2026:16:09:37 +0000] "POST /wp-admin/admin-ajax.php HTTP/1.1" 200 47 "https://buygreatessentials.shop/wp-admin/edit.php?post_type=page" "Mozilla/5.0 (Windows NT 10.0; Win64; x64) AppleWebKit/537.36 (KHTML, like Gecko) Chrome/150.0.0.0 Safari/537.36"
198.177.124.148 - - [22/Jul/2026:16:09:47 +0000] "POST /wp-cron.php?doing_wp_cron=1784736587.6688249111175537109375 HTTP/1.1" 200 - "-" "WordPress/7.0.2; https://buygreatessentials.shop"
105.113.100.132 - - [22/Jul/2026:16:09:43 +0000] "POST /wp-admin/admin-ajax.php HTTP/1.1" 200 77 "https://buygreatessentials.shop/wp-admin/post.php?post=115&action=elementor" "Mozilla/5.0 (Windows NT 10.0; Win64; x64) AppleWebKit/537.36 (KHTML, like Gecko) Chrome/150.0.0.0 Safari/537.36"
105.113.100.132 - - [22/Jul/2026:16:10:14 +0000] "POST /wp-admin/admin-ajax.php HTTP/1.1" 200 47 "https://buygreatessentials.shop/wp-admin/admin.php?page=wpforms-builder&view=fields&form_id=267" "Mozilla/5.0 (Windows NT 10.0; Win64; x64) AppleWebKit/537.36 (KHTML, like Gecko) Chrome/150.0.0.0 Safari/537.36"
105.113.100.132 - - [22/Jul/2026:16:10:30 +0000] "GET /wp-json/elementor/v1/variables/list HTTP/1.1" 200 64 "https://buygreatessentials.shop/wp-admin/post.php?post=115&action=elementor" "Mozilla/5.0 (Windows NT 10.0; Win64; x64) AppleWebKit/537.36 (KHTML, like Gecko) Chrome/150.0.0.0 Safari/537.36"
198.177.124.148 - - [22/Jul/2026:16:10:38 +0000] "POST /wp-cron.php?doing_wp_cron=1784736638.3149940967559814453125 HTTP/1.1" 200 - "-" "WordPress/7.0.2; https://buygreatessentials.shop"
105.113.100.132 - - [22/Jul/2026:16:09:36 +0000] "GET /wp-admin/post.php?post=115&action=elementor HTTP/1.1" 200 2368602 "https://buygreatessentials.shop/wp-admin/edit.php?post_type=page" "Mozilla/5.0 (Windows NT 10.0; Win64; x64) AppleWebKit/537.36 (KHTML, like Gecko) Chrome/150.0.0.0 Safari/537.36"
105.113.100.132 - - [22/Jul/2026:16:11:11 +0000] "POST /wp-admin/admin-ajax.php HTTP/1.1" 200 47 "https://buygreatessentials.shop/wp-admin/admin.php?page=wpforms-builder&view=fields&form_id=267" "Mozilla/5.0 (Windows NT 10.0; Win64; x64) AppleWebKit/537.36 (KHTML, like Gecko) Chrome/150.0.0.0 Safari/537.36"
198.177.124.148 - - [22/Jul/2026:16:11:21 +0000] "POST /wp-cron.php?doing_wp_cron=1784736681.1035449504852294921875 HTTP/1.1" 200 - "-" "WordPress/7.0.2; https://buygreatessentials.shop"
105.113.100.132 - - [22/Jul/2026:16:10:33 +0000] "GET /wp-admin/post.php?post=115&action=elementor HTTP/1.1" 200 2368579 "-" "Mozilla/5.0 (Windows NT 10.0; Win64; x64) AppleWebKit/537.36 (KHTML, like Gecko) Chrome/150.0.0.0 Safari/537.36"
105.113.100.132 - - [22/Jul/2026:16:11:47 +0000] "POST /wp-admin/admin-ajax.php HTTP/1.1" 200 77 "https://buygreatessentials.shop/wp-admin/post.php?post=115&action=elementor" "Mozilla/5.0 (Windows NT 10.0; Win64; x64) AppleWebKit/537.36 (KHTML, like Gecko) Chrome/150.0.0.0 Safari/537.36"
204.101.161.15 - - [22/Jul/2026:16:11:58 +0000] "GET / HTTP/1.1" 200 99529 "-" "Mozilla/5.0 (X11; Linux x86_64) AppleWebKit/537.36 (KHTML, like Gecko) Chrome/150.0.0.0 Safari/537.36"
204.101.161.15 - - [22/Jul/2026:16:12:08 +0000] "POST /wp-json/pys-facebook/v1/event HTTP/1.1" 200 16 "http://buygreatessentials.shop/" "Mozilla/5.0 (X11; Linux x86_64) AppleWebKit/537.36 (KHTML, like Gecko) Chrome/150.0.0.0 Safari/537.36"
204.101.161.15 - - [22/Jul/2026:16:12:08 +0000] "GET /wp-admin/admin-ajax.php?action=pys_get_pbid HTTP/1.1" 200 1 "http://buygreatessentials.shop/" "Mozilla/5.0 (X11; Linux x86_64) AppleWebKit/537.36 (KHTML, like Gecko) Chrome/150.0.0.0 Safari/537.36"
105.113.100.132 - - [22/Jul/2026:16:12:15 +0000] "GET /wp-json/elementor/v1/variables/list HTTP/1.1" 200 64 "https://buygreatessentials.shop/wp-admin/post.php?post=115&action=elementor" "Mozilla/5.0 (Windows NT 10.0; Win64; x64) AppleWebKit/537.36 (KHTML, like Gecko) Chrome/150.0.0.0 Safari/537.36"
198.177.124.148 - - [22/Jul/2026:16:13:18 +0000] "POST /wp-cron.php?doing_wp_cron=1784736798.6137659549713134765625 HTTP/1.1" 200 - "-" "WordPress/7.0.2; https://buygreatessentials.shop"
198.177.124.148 - - [22/Jul/2026:16:13:23 +0000] "POST /wp-cron.php?doing_wp_cron=1784736802.9295809268951416015625 HTTP/1.1" 200 - "-" "WordPress/7.0.2; https://buygreatessentials.shop"
105.113.100.132 - - [22/Jul/2026:16:13:13 +0000] "POST /wp-admin/admin-ajax.php HTTP/1.1" 200 47 "https://buygreatessentials.shop/wp-admin/admin.php?page=wpforms-builder&view=fields&form_id=267" "Mozilla/5.0 (Windows NT 10.0; Win64; x64) AppleWebKit/537.36 (KHTML, like Gecko) Chrome/150.0.0.0 Safari/537.36"
198.177.124.148 - - [22/Jul/2026:16:13:26 +0000] "POST /wp-cron.php?doing_wp_cron=1784736806.6100640296936035156250 HTTP/1.1" 200 - "-" "WordPress/7.0.2; https://buygreatessentials.shop"
105.113.100.132 - - [22/Jul/2026:16:06:47 +0000] "GET /wp-admin/post.php?post=115&action=elementor HTTP/1.1" 404 - "-" "Mozilla/5.0 (Windows NT 10.0; Win64; x64) AppleWebKit/537.36 (KHTML, like Gecko) Chrome/150.0.0.0 Safari/537.36"
105.113.100.132 - - [22/Jul/2026:16:08:17 +0000] "GET /wp-admin/post.php?post=115&action=elementor HTTP/1.1" 404 - "-" "Mozilla/5.0 (Windows NT 10.0; Win64; x64) AppleWebKit/537.36 (KHTML, like Gecko) Chrome/150.0.0.0 Safari/537.36"
105.113.100.132 - - [22/Jul/2026:16:13:47 +0000] "POST /wp-admin/admin-ajax.php HTTP/1.1" 200 77 "https://buygreatessentials.shop/wp-admin/post.php?post=115&action=elementor" "Mozilla/5.0 (Windows NT 10.0; Win64; x64) AppleWebKit/537.36 (KHTML, like Gecko) Chrome/150.0.0.0 Safari/537.36"
105.113.100.132 - - [22/Jul/2026:16:14:18 +0000] "POST /wp-admin/admin-ajax.php HTTP/1.1" 200 47 "https://buygreatessentials.shop/wp-admin/admin.php?page=wpforms-builder&view=fields&form_id=267" "Mozilla/5.0 (Windows NT 10.0; Win64; x64) AppleWebKit/537.36 (KHTML, like Gecko) Chrome/150.0.0.0 Safari/537.36"
105.113.100.132 - - [22/Jul/2026:16:14:20 +0000] "POST /wp-admin/admin-ajax.php HTTP/1.1" 200 47 "https://buygreatessentials.shop/wp-admin/post.php?post=115&action=elementor" "Mozilla/5.0 (Windows NT 10.0; Win64; x64) AppleWebKit/537.36 (KHTML, like Gecko) Chrome/150.0.0.0 Safari/537.36"
198.177.124.148 - - [22/Jul/2026:16:14:38 +0000] "POST /wp-cron.php?doing_wp_cron=1784736878.6854240894317626953125 HTTP/1.1" 200 - "-" "WordPress/7.0.2; https://buygreatessentials.shop"
105.113.100.132 - - [22/Jul/2026:16:14:37 +0000] "POST /wp-admin/admin-ajax.php HTTP/1.1" 200 47 "https://buygreatessentials.shop/wp-admin/post.php?post=115&action=elementor" "Mozilla/5.0 (Windows NT 10.0; Win64; x64) AppleWebKit/537.36 (KHTML, like Gecko) Chrome/150.0.0.0 Safari/537.36"
198.177.124.148 - - [22/Jul/2026:16:14:43 +0000] "POST /wp-cron.php?doing_wp_cron=1784736883.8805789947509765625000 HTTP/1.1" 200 - "-" "WordPress/7.0.2; https://buygreatessentials.shop"
105.113.100.132 - - [22/Jul/2026:16:14:50 +0000] "POST /wp-admin/admin-ajax.php HTTP/1.1" 200 47 "https://buygreatessentials.shop/wp-admin/post.php?post=115&action=elementor" "Mozilla/5.0 (Windows NT 10.0; Win64; x64) AppleWebKit/537.36 (KHTML, like Gecko) Chrome/150.0.0.0 Safari/537.36"
105.113.100.132 - - [22/Jul/2026:16:14:51 +0000] "POST /wp-admin/admin-ajax.php HTTP/1.1" 200 77 "https://buygreatessentials.shop/wp-admin/post.php?post=115&action=elementor" "Mozilla/5.0 (Windows NT 10.0; Win64; x64) AppleWebKit/537.36 (KHTML, like Gecko) Chrome/150.0.0.0 Safari/537.36"
105.113.100.132 - - [22/Jul/2026:16:14:52 +0000] "GET /wp-json/elementor/v1/checklist/user-progress HTTP/1.1" 403 90 "https://buygreatessentials.shop/wp-admin/post.php?post=115&action=elementor" "Mozilla/5.0 (Windows NT 10.0; Win64; x64) AppleWebKit/537.36 (KHTML, like Gecko) Chrome/150.0.0.0 Safari/537.36"
105.113.100.132 - - [22/Jul/2026:16:15:15 +0000] "POST /wp-admin/admin-ajax.php HTTP/1.1" 200 47 "https://buygreatessentials.shop/wp-admin/post.php?post=115&action=elementor" "Mozilla/5.0 (Windows NT 10.0; Win64; x64) AppleWebKit/537.36 (KHTML, like Gecko) Chrome/150.0.0.0 Safari/537.36"
105.113.100.132 - - [22/Jul/2026:16:11:10 +0000] "GET /wp-admin/post.php?post=115&action=elementor HTTP/1.1" 200 2368579 "-" "Mozilla/5.0 (Windows NT 10.0; Win64; x64) AppleWebKit/537.36 (KHTML, like Gecko) Chrome/150.0.0.0 Safari/537.36"
105.113.100.132 - - [22/Jul/2026:16:15:18 +0000] "POST /wp-admin/admin-ajax.php HTTP/1.1" 200 47 "https://buygreatessentials.shop/wp-admin/admin.php?page=wpforms-builder&view=fields&form_id=267" "Mozilla/5.0 (Windows NT 10.0; Win64; x64) AppleWebKit/537.36 (KHTML, like Gecko) Chrome/150.0.0.0 Safari/537.36"
198.177.124.148 - - [22/Jul/2026:16:15:59 +0000] "POST /wp-cron.php?doing_wp_cron=1784736959.2733459472656250000000 HTTP/1.1" 200 - "-" "WordPress/7.0.2; https://buygreatessentials.shop"
105.113.100.132 - - [22/Jul/2026:16:15:53 +0000] "GET /wp-json/elementor/v1/variables/list HTTP/1.1" 200 64 "https://buygreatessentials.shop/wp-admin/post.php?post=115&action=elementor" "Mozilla/5.0 (Windows NT 10.0; Win64; x64) AppleWebKit/537.36 (KHTML, like Gecko) Chrome/150.0.0.0 Safari/537.36"
105.113.100.132 - - [22/Jul/2026:16:16:24 +0000] "POST /wp-admin/admin-ajax.php HTTP/1.1" 200 47 "https://buygreatessentials.shop/wp-admin/admin.php?page=wpforms-builder&view=fields&form_id=267" "Mozilla/5.0 (Windows NT 10.0; Win64; x64) AppleWebKit/537.36 (KHTML, like Gecko) Chrome/150.0.0.0 Safari/537.36"
105.113.100.132 - - [22/Jul/2026:16:16:26 +0000] "POST /wp-admin/admin-ajax.php HTTP/1.1" 200 47 "https://buygreatessentials.shop/wp-admin/post.php?post=115&action=elementor" "Mozilla/5.0 (Windows NT 10.0; Win64; x64) AppleWebKit/537.36 (KHTML, like Gecko) Chrome/150.0.0.0 Safari/537.36"
198.177.124.148 - - [22/Jul/2026:16:16:44 +0000] "POST /wp-cron.php?doing_wp_cron=1784737004.0826489925384521484375 HTTP/1.1" 200 - "-" "WordPress/7.0.2; https://buygreatessentials.shop"
105.113.100.132 - - [22/Jul/2026:16:16:42 +0000] "POST /wp-admin/admin-ajax.php HTTP/1.1" 200 47 "https://buygreatessentials.shop/wp-admin/post.php?post=115&action=elementor" "Mozilla/5.0 (Windows NT 10.0; Win64; x64) AppleWebKit/537.36 (KHTML, like Gecko) Chrome/150.0.0.0 Safari/537.36"
198.177.124.148 - - [22/Jul/2026:16:16:54 +0000] "POST /wp-cron.php?doing_wp_cron=1784737014.4943380355834960937500 HTTP/1.1" 200 - "-" "WordPress/7.0.2; https://buygreatessentials.shop"
105.113.100.132 - - [22/Jul/2026:16:15:10 +0000] "GET /wp-admin/post.php?post=115&action=elementor HTTP/1.1" 200 2368579 "-" "Mozilla/5.0 (Windows NT 10.0; Win64; x64) AppleWebKit/537.36 (KHTML, like Gecko) Chrome/150.0.0.0 Safari/537.36"
105.113.100.132 - - [22/Jul/2026:16:16:52 +0000] "POST /wp-admin/admin-ajax.php HTTP/1.1" 200 77 "https://buygreatessentials.shop/wp-admin/post.php?post=115&action=elementor" "Mozilla/5.0 (Windows NT 10.0; Win64; x64) AppleWebKit/537.36 (KHTML, like Gecko) Chrome/150.0.0.0 Safari/537.36"
105.113.100.132 - - [22/Jul/2026:16:17:30 +0000] "POST /wp-admin/admin-ajax.php HTTP/1.1" 200 47 "https://buygreatessentials.shop/wp-admin/admin.php?page=wpforms-builder&view=fields&form_id=267" "Mozilla/5.0 (Windows NT 10.0; Win64; x64) AppleWebKit/537.36 (KHTML, like Gecko) Chrome/150.0.0.0 Safari/537.36"
105.113.100.132 - - [22/Jul/2026:16:16:50 +0000] "GET /wp-admin/post.php?post=115&action=elementor HTTP/1.1" 200 2368579 "-" "Mozilla/5.0 (Windows NT 10.0; Win64; x64) AppleWebKit/537.36 (KHTML, like Gecko) Chrome/150.0.0.0 Safari/537.36"
198.177.124.148 - - [22/Jul/2026:16:18:50 +0000] "POST /wp-cron.php?doing_wp_cron=1784737130.3038239479064941406250 HTTP/1.1" 200 - "-" "WordPress/7.0.2; https://buygreatessentials.shop"
105.113.100.132 - - [22/Jul/2026:16:18:46 +0000] "GET /wp-json/elementor/v1/variables/list HTTP/1.1" 200 64 "https://buygreatessentials.shop/wp-admin/post.php?post=115&action=elementor" "Mozilla/5.0 (Windows NT 10.0; Win64; x64) AppleWebKit/537.36 (KHTML, like Gecko) Chrome/150.0.0.0 Safari/537.36"
105.113.100.132 - - [22/Jul/2026:16:18:53 +0000] "POST /wp-admin/admin-ajax.php HTTP/1.1" 200 77 "https://buygreatessentials.shop/wp-admin/post.php?post=115&action=elementor" "Mozilla/5.0 (Windows NT 10.0; Win64; x64) AppleWebKit/537.36 (KHTML, like Gecko) Chrome/150.0.0.0 Safari/537.36"
105.113.100.132 - - [22/Jul/2026:16:19:27 +0000] "POST /wp-admin/admin-ajax.php HTTP/1.1" 200 47 "https://buygreatessentials.shop/wp-admin/admin.php?page=wpforms-builder&view=fields&form_id=267" "Mozilla/5.0 (Windows NT 10.0; Win64; x64) AppleWebKit/537.36 (KHTML, like Gecko) Chrome/150.0.0.0 Safari/537.36"
198.177.124.148 - - [22/Jul/2026:16:19:44 +0000] "POST /wp-cron.php?doing_wp_cron=1784737184.4645938873291015625000 HTTP/1.1" 200 - "-" "WordPress/7.0.2; https://buygreatessentials.shop"
105.113.100.132 - - [22/Jul/2026:16:19:42 +0000] "POST /wp-admin/admin-ajax.php HTTP/1.1" 200 47 "https://buygreatessentials.shop/wp-admin/post.php?post=115&action=elementor" "Mozilla/5.0 (Windows NT 10.0; Win64; x64) AppleWebKit/537.36 (KHTML, like Gecko) Chrome/150.0.0.0 Safari/537.36"
105.113.100.132 - - [22/Jul/2026:16:19:57 +0000] "POST /wp-admin/admin-ajax.php HTTP/1.1" 200 47 "https://buygreatessentials.shop/wp-admin/post.php?post=115&action=elementor" "Mozilla/5.0 (Windows NT 10.0; Win64; x64) AppleWebKit/537.36 (KHTML, like Gecko) Chrome/150.0.0.0 Safari/537.36"
105.113.100.132 - - [22/Jul/2026:16:20:26 +0000] "POST /wp-admin/admin-ajax.php HTTP/1.1" 200 47 "https://buygreatessentials.shop/wp-admin/post.php?post=115&action=elementor" "Mozilla/5.0 (Windows NT 10.0; Win64; x64) AppleWebKit/537.36 (KHTML, like Gecko) Chrome/150.0.0.0 Safari/537.36"
198.177.124.148 - - [22/Jul/2026:16:20:44 +0000] "POST /wp-cron.php?doing_wp_cron=1784737244.1873750686645507812500 HTTP/1.1" 200 - "-" "WordPress/7.0.2; https://buygreatessentials.shop"
105.113.100.132 - - [22/Jul/2026:16:20:42 +0000] "POST /wp-admin/admin-ajax.php HTTP/1.1" 200 47 "https://buygreatessentials.shop/wp-admin/post.php?post=115&action=elementor" "Mozilla/5.0 (Windows NT 10.0; Win64; x64) AppleWebKit/537.36 (KHTML, like Gecko) Chrome/150.0.0.0 Safari/537.36"
105.113.100.132 - - [22/Jul/2026:16:20:54 +0000] "POST /wp-admin/admin-ajax.php HTTP/1.1" 200 77 "https://buygreatessentials.shop/wp-admin/post.php?post=115&action=elementor" "Mozilla/5.0 (Windows NT 10.0; Win64; x64) AppleWebKit/537.36 (KHTML, like Gecko) Chrome/150.0.0.0 Safari/537.36"
198.177.124.148 - - [22/Jul/2026:16:21:36 +0000] "POST /wp-cron.php?doing_wp_cron=1784737296.7906351089477539062500 HTTP/1.1" 200 - "-" "WordPress/7.0.2; https://buygreatessentials.shop"
105.113.100.132 - - [22/Jul/2026:16:21:33 +0000] "POST /wp-admin/admin-ajax.php HTTP/1.1" 200 47 "https://buygreatessentials.shop/wp-admin/admin.php?page=wpforms-builder&view=fields&form_id=267" "Mozilla/5.0 (Windows NT 10.0; Win64; x64) AppleWebKit/537.36 (KHTML, like Gecko) Chrome/150.0.0.0 Safari/537.36"
105.113.100.132 - - [22/Jul/2026:16:21:33 +0000] "POST /wp-admin/admin-ajax.php HTTP/1.1" 200 47 "https://buygreatessentials.shop/wp-admin/post.php?post=115&action=elementor" "Mozilla/5.0 (Windows NT 10.0; Win64; x64) AppleWebKit/537.36 (KHTML, like Gecko) Chrome/150.0.0.0 Safari/537.36"
198.177.124.148 - - [22/Jul/2026:16:21:38 +0000] "POST /wp-cron.php?doing_wp_cron=1784737298.4960360527038574218750 HTTP/1.1" 200 - "-" "WordPress/7.0.2; https://buygreatessentials.shop"
105.113.100.132 - - [22/Jul/2026:16:17:35 +0000] "GET /wp-admin/post.php?post=115&action=elementor HTTP/1.1" 200 2368579 "-" "Mozilla/5.0 (Windows NT 10.0; Win64; x64) AppleWebKit/537.36 (KHTML, like Gecko) Chrome/150.0.0.0 Safari/537.36"
198.177.124.148 - - [22/Jul/2026:16:22:14 +0000] "POST /wp-cron.php?doing_wp_cron=1784737334.6147339344024658203125 HTTP/1.1" 200 - "-" "WordPress/7.0.2; https://buygreatessentials.shop"
105.113.100.132 - - [22/Jul/2026:16:21:33 +0000] "GET /wp-admin/edit.php?post_type=page HTTP/1.1" 200 338025 "https://buygreatessentials.shop/wp-admin/" "Mozilla/5.0 (Windows NT 10.0; Win64; x64) AppleWebKit/537.36 (KHTML, like Gecko) Chrome/150.0.0.0 Safari/537.36"
198.177.124.148 - - [22/Jul/2026:16:22:48 +0000] "POST /wp-cron.php?doing_wp_cron=1784737368.5614030361175537109375 HTTP/1.1" 200 - "-" "WordPress/7.0.2; https://buygreatessentials.shop"
105.113.100.132 - - [22/Jul/2026:16:22:47 +0000] "POST /wp-admin/admin-ajax.php HTTP/1.1" 200 47 "https://buygreatessentials.shop/wp-admin/edit.php?post_type=page" "Mozilla/5.0 (Windows NT 10.0; Win64; x64) AppleWebKit/537.36 (KHTML, like Gecko) Chrome/150.0.0.0 Safari/537.36"
105.113.100.132 - - [22/Jul/2026:16:22:52 +0000] "GET /wp-admin/ HTTP/1.1" 200 397598 "-" "Mozilla/5.0 (Windows NT 10.0; Win64; x64) AppleWebKit/537.36 (KHTML, like Gecko) Chrome/150.0.0.0 Safari/537.36"
105.113.100.132 - - [22/Jul/2026:16:22:55 +0000] "POST /wp-admin/admin-ajax.php HTTP/1.1" 200 77 "https://buygreatessentials.shop/wp-admin/post.php?post=115&action=elementor" "Mozilla/5.0 (Windows NT 10.0; Win64; x64) AppleWebKit/537.36 (KHTML, like Gecko) Chrome/150.0.0.0 Safari/537.36"
105.113.100.132 - - [22/Jul/2026:16:22:53 +0000] "GET /wp-admin/ HTTP/1.1" 200 397598 "-" "Mozilla/5.0 (Windows NT 10.0; Win64; x64) AppleWebKit/537.36 (KHTML, like Gecko) Chrome/150.0.0.0 Safari/537.36"
105.113.100.132 - - [22/Jul/2026:16:23:08 +0000] "POST /wp-admin/admin-ajax.php HTTP/1.1" 200 47 "https://buygreatessentials.shop/wp-admin/admin.php?page=wpforms-builder&view=fields&form_id=267" "Mozilla/5.0 (Windows NT 10.0; Win64; x64) AppleWebKit/537.36 (KHTML, like Gecko) Chrome/150.0.0.0 Safari/537.36"
105.113.100.132 - - [22/Jul/2026:16:22:56 +0000] "GET /wp-admin/post.php?post=115&action=elementor HTTP/1.1" 200 2368579 "-" "Mozilla/5.0 (Windows NT 10.0; Win64; x64) AppleWebKit/537.36 (KHTML, like Gecko) Chrome/150.0.0.0 Safari/537.36"
105.113.100.132 - - [22/Jul/2026:16:23:11 +0000] "POST /wp-admin/admin-ajax.php HTTP/1.1" 200 77 "https://buygreatessentials.shop/wp-admin/post.php?post=115&action=elementor" "Mozilla/5.0 (Windows NT 10.0; Win64; x64) AppleWebKit/537.36 (KHTML, like Gecko) Chrome/150.0.0.0 Safari/537.36"
105.113.100.132 - - [22/Jul/2026:16:23:12 +0000] "GET /wp-json/elementor/v1/checklist/user-progress HTTP/1.1" 403 90 "https://buygreatessentials.shop/wp-admin/post.php?post=115&action=elementor" "Mozilla/5.0 (Windows NT 10.0; Win64; x64) AppleWebKit/537.36 (KHTML, like Gecko) Chrome/150.0.0.0 Safari/537.36"
105.113.100.132 - - [22/Jul/2026:16:23:06 +0000] "GET /wp-admin/ HTTP/1.1" 200 397598 "-" "Mozilla/5.0 (Windows NT 10.0; Win64; x64) AppleWebKit/537.36 (KHTML, like Gecko) Chrome/150.0.0.0 Safari/537.36"
198.177.124.148 - - [22/Jul/2026:16:23:57 +0000] "POST /wp-cron.php?doing_wp_cron=1784737437.8330130577087402343750 HTTP/1.1" 200 - "-" "WordPress/7.0.2; https://buygreatessentials.shop"
105.113.100.132 - - [22/Jul/2026:16:23:52 +0000] "GET /wp-login.php?action=logout&_wpnonce=94cd7703a3 HTTP/1.1" 302 - "https://buygreatessentials.shop/wp-admin/" "Mozilla/5.0 (Windows NT 10.0; Win64; x64) AppleWebKit/537.36 (KHTML, like Gecko) Chrome/150.0.0.0 Safari/537.36"
105.113.100.132 - - [22/Jul/2026:16:23:54 +0000] "GET /wp-login.php?action=logout&_wpnonce=94cd7703a3 HTTP/1.1" 302 - "https://buygreatessentials.shop/wp-admin/" "Mozilla/5.0 (Windows NT 10.0; Win64; x64) AppleWebKit/537.36 (KHTML, like Gecko) Chrome/150.0.0.0 Safari/537.36"
105.113.100.132 - - [22/Jul/2026:16:23:26 +0000] "GET /wp-admin/ HTTP/1.1" 200 397598 "-" "Mozilla/5.0 (Windows NT 10.0; Win64; x64) AppleWebKit/537.36 (KHTML, like Gecko) Chrome/150.0.0.0 Safari/537.36"
105.113.100.132 - - [22/Jul/2026:16:24:21 +0000] "GET /wp-login.php?action=logout&_wpnonce=94cd7703a3 HTTP/1.1" 403 2734 "https://buygreatessentials.shop/wp-admin/" "Mozilla/5.0 (Windows NT 10.0; Win64; x64) AppleWebKit/537.36 (KHTML, like Gecko) Chrome/150.0.0.0 Safari/537.36"
198.177.124.148 - - [22/Jul/2026:16:24:49 +0000] "POST /wp-cron.php?doing_wp_cron=1784737489.7734990119934082031250 HTTP/1.1" 200 - "-" "WordPress/7.0.2; https://buygreatessentials.shop"
105.113.100.132 - - [22/Jul/2026:16:24:44 +0000] "GET /wp-admin/ HTTP/1.1" 302 - "-" "Mozilla/5.0 (Windows NT 10.0; Win64; x64) AppleWebKit/537.36 (KHTML, like Gecko) Chrome/150.0.0.0 Safari/537.36"
105.113.100.132 - - [22/Jul/2026:16:24:51 +0000] "GET /wp-login.php?redirect_to=https%3A%2F%2Fbuygreatessentials.shop%2Fwp-admin%2F&reauth=1 HTTP/1.1" 200 4823 "-" "Mozilla/5.0 (Windows NT 10.0; Win64; x64) AppleWebKit/537.36 (KHTML, like Gecko) Chrome/150.0.0.0 Safari/537.36"
105.113.100.132 - - [22/Jul/2026:16:25:09 +0000] "POST /wp-admin/admin-ajax.php HTTP/1.1" 200 48 "https://buygreatessentials.shop/wp-admin/admin.php?page=wpforms-builder&view=fields&form_id=267" "Mozilla/5.0 (Windows NT 10.0; Win64; x64) AppleWebKit/537.36 (KHTML, like Gecko) Chrome/150.0.0.0 Safari/537.36"
105.113.100.132 - - [22/Jul/2026:16:25:11 +0000] "POST /wp-admin/admin-ajax.php HTTP/1.1" 200 48 "https://buygreatessentials.shop/wp-admin/post.php?post=115&action=elementor" "Mozilla/5.0 (Windows NT 10.0; Win64; x64) AppleWebKit/537.36 (KHTML, like Gecko) Chrome/150.0.0.0 Safari/537.36"
105.113.100.132 - - [22/Jul/2026:16:25:11 +0000] "GET /wp-login.php?interim-login=1&wp_lang=en_US HTTP/1.1" 200 5034 "https://buygreatessentials.shop/wp-admin/admin.php?page=wpforms-builder&view=fields&form_id=267" "Mozilla/5.0 (Windows NT 10.0; Win64; x64) AppleWebKit/537.36 (KHTML, like Gecko) Chrome/150.0.0.0 Safari/537.36"
105.113.100.132 - - [22/Jul/2026:16:25:15 +0000] "GET /wp-login.php?interim-login=1&wp_lang=en_US HTTP/1.1" 200 5034 "https://buygreatessentials.shop/wp-admin/post.php?post=115&action=elementor" "Mozilla/5.0 (Windows NT 10.0; Win64; x64) AppleWebKit/537.36 (KHTML, like Gecko) Chrome/150.0.0.0 Safari/537.36"
198.177.124.148 - - [22/Jul/2026:16:27:14 +0000] "POST /wp-cron.php?doing_wp_cron=1784737634.9374120235443115234375 HTTP/1.1" 200 - "-" "WordPress/7.0.2; https://buygreatessentials.shop"
105.113.100.132 - - [22/Jul/2026:16:27:11 +0000] "POST /wp-admin/admin-ajax.php HTTP/1.1" 200 48 "https://buygreatessentials.shop/wp-admin/post.php?post=115&action=elementor" "Mozilla/5.0 (Windows NT 10.0; Win64; x64) AppleWebKit/537.36 (KHTML, like Gecko) Chrome/150.0.0.0 Safari/537.36"
105.113.100.132 - - [22/Jul/2026:16:27:11 +0000] "POST /wp-admin/admin-ajax.php HTTP/1.1" 200 48 "https://buygreatessentials.shop/wp-admin/admin.php?page=wpforms-builder&view=fields&form_id=267" "Mozilla/5.0 (Windows NT 10.0; Win64; x64) AppleWebKit/537.36 (KHTML, like Gecko) Chrome/150.0.0.0 Safari/537.36"
198.177.124.148 - - [22/Jul/2026:16:27:51 +0000] "POST /wp-cron.php?doing_wp_cron=1784737671.4713211059570312500000 HTTP/1.1" 200 - "-" "WordPress/7.0.2; https://buygreatessentials.shop"
105.113.100.132 - - [22/Jul/2026:16:27:49 +0000] "POST /wp-login.php HTTP/1.1" 302 - "https://buygreatessentials.shop/wp-login.php?redirect_to=https%3A%2F%2Fbuygreatessentials.shop%2Fwp-admin%2F&reauth=1" "Mozilla/5.0 (Windows NT 10.0; Win64; x64) AppleWebKit/537.36 (KHTML, like Gecko) Chrome/150.0.0.0 Safari/537.36"
105.113.100.132 - - [22/Jul/2026:16:27:51 +0000] "GET /wp-admin/ HTTP/1.1" 200 397673 "https://buygreatessentials.shop/wp-login.php?redirect_to=https%3A%2F%2Fbuygreatessentials.shop%2Fwp-admin%2F&reauth=1" "Mozilla/5.0 (Windows NT 10.0; Win64; x64) AppleWebKit/537.36 (KHTML, like Gecko) Chrome/150.0.0.0 Safari/537.36"
105.113.100.132 - - [22/Jul/2026:16:28:19 +0000] "GET /wp-admin/edit.php?post_type=page HTTP/1.1" 200 338025 "https://buygreatessentials.shop/wp-admin/" "Mozilla/5.0 (Windows NT 10.0; Win64; x64) AppleWebKit/537.36 (KHTML, like Gecko) Chrome/150.0.0.0 Safari/537.36"
105.113.100.132 - - [22/Jul/2026:16:28:22 +0000] "POST /wp-admin/admin-ajax.php HTTP/1.1" 200 47 "https://buygreatessentials.shop/wp-admin/edit.php?post_type=page" "Mozilla/5.0 (Windows NT 10.0; Win64; x64) AppleWebKit/537.36 (KHTML, like Gecko) Chrome/150.0.0.0 Safari/537.36"
105.113.100.132 - - [22/Jul/2026:16:28:32 +0000] "POST /wp-admin/admin-ajax.php HTTP/1.1" 200 47 "https://buygreatessentials.shop/wp-admin/edit.php?post_type=page" "Mozilla/5.0 (Windows NT 10.0; Win64; x64) AppleWebKit/537.36 (KHTML, like Gecko) Chrome/150.0.0.0 Safari/537.36"
105.113.100.132 - - [22/Jul/2026:16:29:07 +0000] "GET /powerbank-2/?elementor-preview=115&ver=1784737729 HTTP/1.1" 500 2482 "https://buygreatessentials.shop/wp-admin/post.php?post=115&action=elementor" "Mozilla/5.0 (Windows NT 10.0; Win64; x64) AppleWebKit/537.36 (KHTML, like Gecko) Chrome/150.0.0.0 Safari/537.36"
105.113.100.132 - - [22/Jul/2026:16:29:08 +0000] "POST /wp-admin/admin-ajax.php HTTP/1.1" 200 725 "https://buygreatessentials.shop/wp-admin/post.php?post=115&action=elementor" "Mozilla/5.0 (Windows NT 10.0; Win64; x64) AppleWebKit/537.36 (KHTML, like Gecko) Chrome/150.0.0.0 Safari/537.36"
105.113.100.132 - - [22/Jul/2026:16:29:08 +0000] "GET /wp-json/elementor/v1/checklist/user-progress HTTP/1.1" 500 2482 "https://buygreatessentials.shop/wp-admin/post.php?post=115&action=elementor" "Mozilla/5.0 (Windows NT 10.0; Win64; x64) AppleWebKit/537.36 (KHTML, like Gecko) Chrome/150.0.0.0 Safari/537.36"
105.113.100.132 - - [22/Jul/2026:16:29:08 +0000] "GET /wp-json/elementor/v1/site-navigation/recent-posts?posts_per_page=6&_locale=user HTTP/1.1" 500 125 "https://buygreatessentials.shop/wp-admin/post.php?post=115&action=elementor" "Mozilla/5.0 (Windows NT 10.0; Win64; x64) AppleWebKit/537.36 (KHTML, like Gecko) Chrome/150.0.0.0 Safari/537.36"
105.113.100.132 - - [22/Jul/2026:16:29:08 +0000] "GET /wp-json/elementor/v1/global-classes/usage HTTP/1.1" 500 125 "https://buygreatessentials.shop/wp-admin/post.php?post=115&action=elementor" "Mozilla/5.0 (Windows NT 10.0; Win64; x64) AppleWebKit/537.36 (KHTML, like Gecko) Chrome/150.0.0.0 Safari/537.36"
105.113.100.132 - - [22/Jul/2026:16:29:08 +0000] "GET /wp-json/elementor/v1/global-classes?context=preview HTTP/1.1" 500 125 "https://buygreatessentials.shop/wp-admin/post.php?post=115&action=elementor" "Mozilla/5.0 (Windows NT 10.0; Win64; x64) AppleWebKit/537.36 (KHTML, like Gecko) Chrome/150.0.0.0 Safari/537.36"
105.113.100.132 - - [22/Jul/2026:16:29:08 +0000] "GET /wp-json/elementor/v1/global-classes?context=frontend HTTP/1.1" 500 125 "https://buygreatessentials.shop/wp-admin/post.php?post=115&action=elementor" "Mozilla/5.0 (Windows NT 10.0; Win64; x64) AppleWebKit/537.36 (KHTML, like Gecko) Chrome/150.0.0.0 Safari/537.36"
105.113.100.132 - - [22/Jul/2026:16:29:09 +0000] "GET /wp-json/elementor/v1/components HTTP/1.1" 500 125 "https://buygreatessentials.shop/wp-admin/post.php?post=115&action=elementor" "Mozilla/5.0 (Windows NT 10.0; Win64; x64) AppleWebKit/537.36 (KHTML, like Gecko) Chrome/150.0.0.0 Safari/537.36"
105.113.100.132 - - [22/Jul/2026:16:29:09 +0000] "GET /wp-json/elementor/v1/user-data/current-user?context=edit HTTP/1.1" 500 125 "https://buygreatessentials.shop/wp-admin/post.php?post=115&action=elementor" "Mozilla/5.0 (Windows NT 10.0; Win64; x64) AppleWebKit/537.36 (KHTML, like Gecko) Chrome/150.0.0.0 Safari/537.36"
105.113.100.132 - - [22/Jul/2026:16:29:09 +0000] "GET /wp-json/elementor/v1/kit-elements-defaults HTTP/1.1" 500 2482 "https://buygreatessentials.shop/wp-admin/post.php?post=115&action=elementor" "Mozilla/5.0 (Windows NT 10.0; Win64; x64) AppleWebKit/537.36 (KHTML, like Gecko) Chrome/150.0.0.0 Safari/537.36"
105.113.100.132 - - [22/Jul/2026:16:28:38 +0000] "GET /wp-admin/post.php?post=115&action=elementor HTTP/1.1" 200 2371678 "https://buygreatessentials.shop/wp-admin/edit.php?post_type=page" "Mozilla/5.0 (Windows NT 10.0; Win64; x64) AppleWebKit/537.36 (KHTML, like Gecko) Chrome/150.0.0.0 Safari/537.36"
198.177.124.148 - - [22/Jul/2026:16:29:10 +0000] "POST /wp-cron.php?doing_wp_cron=1784737750.1611039638519287109375 HTTP/1.1" 200 - "-" "WordPress/7.0.2; https://buygreatessentials.shop"
105.113.100.132 - - [22/Jul/2026:16:28:42 +0000] "POST /wp-admin/admin-ajax.php HTTP/1.1" 200 556 "https://buygreatessentials.shop/wp-admin/edit.php?post_type=page" "Mozilla/5.0 (Windows NT 10.0; Win64; x64) AppleWebKit/537.36 (KHTML, like Gecko) Chrome/150.0.0.0 Safari/537.36"
105.113.100.132 - - [22/Jul/2026:16:29:10 +0000] "GET /wp-json/elementor/v1/variables/list HTTP/1.1" 200 64 "https://buygreatessentials.shop/wp-admin/post.php?post=115&action=elementor" "Mozilla/5.0 (Windows NT 10.0; Win64; x64) AppleWebKit/537.36 (KHTML, like Gecko) Chrome/150.0.0.0 Safari/537.36"
105.113.100.132 - - [22/Jul/2026:16:29:10 +0000] "GET /wp-json/elementor/v1/checklist/user-progress HTTP/1.1" 200 534 "https://buygreatessentials.shop/wp-admin/post.php?post=115&action=elementor" "Mozilla/5.0 (Windows NT 10.0; Win64; x64) AppleWebKit/537.36 (KHTML, like Gecko) Chrome/150.0.0.0 Safari/537.36"
105.113.100.132 - - [22/Jul/2026:16:29:10 +0000] "GET /wp-json/elementor/v1/site-navigation/recent-posts?posts_per_page=6&_locale=user HTTP/1.1" 200 714 "https://buygreatessentials.shop/wp-admin/post.php?post=115&action=elementor" "Mozilla/5.0 (Windows NT 10.0; Win64; x64) AppleWebKit/537.36 (KHTML, like Gecko) Chrome/150.0.0.0 Safari/537.36"
105.113.100.132 - - [22/Jul/2026:16:29:10 +0000] "GET /wp-json/elementor/v1/global-classes/usage HTTP/1.1" 200 21 "https://buygreatessentials.shop/wp-admin/post.php?post=115&action=elementor" "Mozilla/5.0 (Windows NT 10.0; Win64; x64) AppleWebKit/537.36 (KHTML, like Gecko) Chrome/150.0.0.0 Safari/537.36"
105.113.100.132 - - [22/Jul/2026:16:29:10 +0000] "GET /powerbank-2/?elementor-preview=115&ver=1784737729&preview-debug HTTP/1.1" 200 206492 "https://buygreatessentials.shop/wp-admin/post.php?post=115&action=elementor" "Mozilla/5.0 (Windows NT 10.0; Win64; x64) AppleWebKit/537.36 (KHTML, like Gecko) Chrome/150.0.0.0 Safari/537.36"
198.177.124.148 - - [22/Jul/2026:16:29:19 +0000] "POST /wp-cron.php?doing_wp_cron=1784737759.8476150035858154296875 HTTP/1.1" 200 - "-" "WordPress/7.0.2; https://buygreatessentials.shop"
105.113.100.132 - - [22/Jul/2026:16:29:09 +0000] "POST /wp-admin/admin-ajax.php HTTP/1.1" 200 1483838 "https://buygreatessentials.shop/wp-admin/post.php?post=115&action=elementor" "Mozilla/5.0 (Windows NT 10.0; Win64; x64) AppleWebKit/537.36 (KHTML, like Gecko) Chrome/150.0.0.0 Safari/537.36"
105.113.100.132 - - [22/Jul/2026:16:29:17 +0000] "GET /wp-json/elementor/v1/global-classes?context=preview HTTP/1.1" 200 21 "https://buygreatessentials.shop/wp-admin/post.php?post=115&action=elementor" "Mozilla/5.0 (Windows NT 10.0; Win64; x64) AppleWebKit/537.36 (KHTML, like Gecko) Chrome/150.0.0.0 Safari/537.36"
105.113.100.132 - - [22/Jul/2026:16:29:18 +0000] "GET /wp-json/elementor/v1/components HTTP/1.1" 200 21 "https://buygreatessentials.shop/wp-admin/post.php?post=115&action=elementor" "Mozilla/5.0 (Windows NT 10.0; Win64; x64) AppleWebKit/537.36 (KHTML, like Gecko) Chrome/150.0.0.0 Safari/537.36"
105.113.100.132 - - [22/Jul/2026:16:29:17 +0000] "GET /wp-json/elementor/v1/global-classes?context=frontend HTTP/1.1" 200 21 "https://buygreatessentials.shop/wp-admin/post.php?post=115&action=elementor" "Mozilla/5.0 (Windows NT 10.0; Win64; x64) AppleWebKit/537.36 (KHTML, like Gecko) Chrome/150.0.0.0 Safari/537.36"
105.113.100.132 - - [22/Jul/2026:16:29:18 +0000] "GET /wp-json/elementor/v1/user-data/current-user?context=edit HTTP/1.1" 200 1436 "https://buygreatessentials.shop/wp-admin/post.php?post=115&action=elementor" "Mozilla/5.0 (Windows NT 10.0; Win64; x64) AppleWebKit/537.36 (KHTML, like Gecko) Chrome/150.0.0.0 Safari/537.36"
105.113.100.132 - - [22/Jul/2026:16:29:19 +0000] "POST /wp-admin/admin-ajax.php HTTP/1.1" 200 80 "https://buygreatessentials.shop/wp-admin/admin.php?page=wpforms-builder&view=fields&form_id=267" "Mozilla/5.0 (Windows NT 10.0; Win64; x64) AppleWebKit/537.36 (KHTML, like Gecko) Chrome/150.0.0.0 Safari/537.36"
105.113.100.132 - - [22/Jul/2026:16:29:20 +0000] "POST /wp-admin/admin-ajax.php HTTP/1.1" 200 169 "https://buygreatessentials.shop/wp-admin/post.php?post=115&action=elementor" "Mozilla/5.0 (Windows NT 10.0; Win64; x64) AppleWebKit/537.36 (KHTML, like Gecko) Chrome/150.0.0.0 Safari/537.36"
105.113.100.132 - - [22/Jul/2026:16:29:21 +0000] "POST /wp-admin/admin-ajax.php HTTP/1.1" 200 77 "https://buygreatessentials.shop/wp-admin/post.php?post=115&action=elementor" "Mozilla/5.0 (Windows NT 10.0; Win64; x64) AppleWebKit/537.36 (KHTML, like Gecko) Chrome/150.0.0.0 Safari/537.36"
105.113.100.132 - - [22/Jul/2026:16:29:21 +0000] "POST /wp-json/elementor/v1/design-system-sync/stylesheet HTTP/1.1" 204 - "https://buygreatessentials.shop/wp-admin/post.php?post=115&action=elementor" "Mozilla/5.0 (Windows NT 10.0; Win64; x64) AppleWebKit/537.36 (KHTML, like Gecko) Chrome/150.0.0.0 Safari/537.36"
105.113.100.132 - - [22/Jul/2026:16:29:21 +0000] "GET /wp-json/elementor/v1/global-classes/post?context=frontend&post_id=115 HTTP/1.1" 200 234 "https://buygreatessentials.shop/wp-admin/post.php?post=115&action=elementor" "Mozilla/5.0 (Windows NT 10.0; Win64; x64) AppleWebKit/537.36 (KHTML, like Gecko) Chrome/150.0.0.0 Safari/537.36"
105.113.100.132 - - [22/Jul/2026:16:29:21 +0000] "GET /wp-json/elementor/v1/global-classes/post?context=preview&post_id=115 HTTP/1.1" 200 234 "https://buygreatessentials.shop/wp-admin/post.php?post=115&action=elementor" "Mozilla/5.0 (Windows NT 10.0; Win64; x64) AppleWebKit/537.36 (KHTML, like Gecko) Chrome/150.0.0.0 Safari/537.36"
105.113.100.132 - - [22/Jul/2026:16:29:40 +0000] "POST /wp-admin/admin-ajax.php HTTP/1.1" 200 77 "https://buygreatessentials.shop/wp-admin/post.php?post=115&action=elementor" "Mozilla/5.0 (Windows NT 10.0; Win64; x64) AppleWebKit/537.36 (KHTML, like Gecko) Chrome/150.0.0.0 Safari/537.36"
198.177.124.148 - - [22/Jul/2026:17:04:16 +0000] "POST /wp-cron.php?doing_wp_cron=1784739856.7700719833374023437500 HTTP/1.1" 200 - "-" "WordPress/7.0.2; https://buygreatessentials.shop"
104.199.40.115 - - [22/Jul/2026:17:04:12 +0000] "GET / HTTP/1.1" 200 99529 "-" "Mozilla/5.0 (X11; Linux x86_64) AppleWebKit/537.36 (KHTML, like Gecko) Chrome/128.0.6613.120 Safari/537.36"
198.177.124.148 - - [22/Jul/2026:17:11:52 +0000] "POST /wp-cron.php?doing_wp_cron=1784740312.1010169982910156250000 HTTP/1.1" 200 - "-" "WordPress/7.0.2; https://buygreatessentials.shop"
103.157.253.28 - - [22/Jul/2026:17:11:45 +0000] "POST /xmlrpc.php HTTP/1.1" 200 403 "-" "Mozilla/5.0 (Windows NT 10.0; x86) AppleWebKit/537.36 (KHTML, like Gecko) Opera/76.0.0.0 Safari/537.36"
198.177.124.148 - - [22/Jul/2026:17:26:36 +0000] "POST /wp-cron.php?doing_wp_cron=1784741196.1246719360351562500000 HTTP/1.1" 200 - "-" "WordPress/7.0.2; https://buygreatessentials.shop"
16.171.71.250 - - [22/Jul/2026:17:26:32 +0000] "GET /wp-login.php HTTP/1.1" 200 4823 "-" "Mozilla/5.0 (Windows NT 10.0; Win64; x64) AppleWebKit/537.36 Chrome/129.0.0.0 Safari/537.36"
16.171.71.250 - - [22/Jul/2026:17:26:36 +0000] "GET /?author=1 HTTP/1.1" 404 78007 "-" "Mozilla/5.0 (Macintosh; Intel Mac OS X 10_15_7) AppleWebKit/605.1.15 Version/17.0 Safari/605.1.15"
16.171.71.250 - - [22/Jul/2026:17:26:40 +0000] "GET /?rest_route=/wp/v2/users HTTP/1.1" 401 108 "-" "Mozilla/5.0 (Windows NT 10.0; Win64; rv:143.0) Gecko/20100101 Firefox/143.0"
198.177.124.148 - - [22/Jul/2026:17:26:45 +0000] "POST /wp-cron.php?doing_wp_cron=1784741205.0640430450439453125000 HTTP/1.1" 200 - "-" "WordPress/7.0.2; https://buygreatessentials.shop"
16.171.71.250 - - [22/Jul/2026:17:26:42 +0000] "GET /feed HTTP/1.1" 301 - "-" "Mozilla/5.0 (Windows NT 10.0; Win64; x64) AppleWebKit/537.36 Chrome/129.0.0.0 Safari/537.36"
16.171.71.250 - - [22/Jul/2026:17:26:45 +0000] "GET /feed/ HTTP/1.1" 200 9502 "-" "Mozilla/5.0 (Windows NT 10.0; Win64; x64) AppleWebKit/537.36 Chrome/129.0.0.0 Safari/537.36"
198.177.124.148 - - [22/Jul/2026:17:31:48 +0000] "POST /wp-cron.php?doing_wp_cron=1784741508.1494829654693603515625 HTTP/1.1" 200 - "-" "WordPress/7.0.2; https://buygreatessentials.shop"
54.164.167.77 - - [22/Jul/2026:17:31:44 +0000] "GET / HTTP/1.1" 301 - "-" "Mozilla/5.0 (Windows NT 10.0; Win64; x64; rv:141.0) Gecko/20100101 Firefox/141.0"
13.219.67.125 - - [22/Jul/2026:17:31:48 +0000] "GET / HTTP/1.1" 200 99529 "-" "Mozilla/5.0 (Windows NT 10.0; Win64; x64; rv:141.0) Gecko/20100101 Firefox/141.0"
198.177.124.148 - - [22/Jul/2026:17:45:12 +0000] "POST /wp-cron.php?doing_wp_cron=1784742312.0849199295043945312500 HTTP/1.1" 200 - "-" "WordPress/7.0.2; https://buygreatessentials.shop"
16.171.71.250 - - [22/Jul/2026:17:45:08 +0000] "POST /wp-login.php HTTP/1.1" 503 18956 "-" "Mozilla/5.0 (Macintosh; Intel Mac OS X 10_15_7) AppleWebKit/605.1.15 Version/17.0 Safari/605.1.15"
16.171.71.250 - - [22/Jul/2026:17:48:57 +0000] "POST /wp-login.php HTTP/1.1" 503 18042 "-" "Mozilla/5.0 (Windows NT 10.0; Win64; x64) AppleWebKit/537.36 Chrome/129.0.0.0 Safari/537.36"
16.171.71.250 - - [22/Jul/2026:17:52:42 +0000] "POST /wp-login.php HTTP/1.1" 503 18042 "-" "Mozilla/5.0 (Macintosh; Intel Mac OS X 10_15_7) AppleWebKit/605.1.15 Version/17.0 Safari/605.1.15"
198.177.124.148 - - [22/Jul/2026:18:04:21 +0000] "POST /?wordfence_syncAttackData=1784743461.5905 HTTP/1.1" 200 - "-" "WordPress/7.0.2; https://buygreatessentials.shop"
198.177.124.148 - - [22/Jul/2026:18:15:48 +0000] "POST /wp-cron.php?doing_wp_cron=1784744148.3121740818023681640625 HTTP/1.1" 200 - "-" "WordPress/7.0.2; https://buygreatessentials.shop"
16.171.71.250 - - [22/Jul/2026:18:15:43 +0000] "POST /wp-login.php HTTP/1.1" 503 18956 "-" "Mozilla/5.0 (Windows NT 10.0; Win64; rv:143.0) Gecko/20100101 Firefox/143.0"
198.177.124.148 - - [22/Jul/2026:18:41:31 +0000] "POST /wp-cron.php?doing_wp_cron=1784745691.3471739292144775390625 HTTP/1.1" 200 - "-" "WordPress/7.0.2; https://buygreatessentials.shop"
16.171.71.250 - - [22/Jul/2026:18:41:29 +0000] "POST /wp-login.php HTTP/1.1" 503 18956 "-" "Mozilla/5.0 (Windows NT 10.0; Win64; rv:143.0) Gecko/20100101 Firefox/143.0"
198.177.124.148 - - [22/Jul/2026:18:57:04 +0000] "POST /wp-cron.php?doing_wp_cron=1784746624.2536740303039550781250 HTTP/1.1" 200 - "-" "WordPress/7.0.2; https://buygreatessentials.shop"
52.71.216.196 - - [22/Jul/2026:18:57:01 +0000] "GET /wp-admin/admin-ajax.php HTTP/1.1" 400 1 "-" "Mozilla/5.0 AppleWebKit/537.36 (KHTML, like Gecko; compatible; Amazonbot/0.1; +https://developer.amazon.com/support/amazonbot) Chrome/119.0.6045.214 Safari/537.36"
54.235.125.129 - - [22/Jul/2026:18:57:05 +0000] "GET /wp-json/wp/v2/users/1 HTTP/1.1" 404 82 "-" "Mozilla/5.0 AppleWebKit/537.36 (KHTML, like Gecko; compatible; Amazonbot/0.1; +https://developer.amazon.com/support/amazonbot) Chrome/119.0.6045.214 Safari/537.36"
34.195.248.30 - - [22/Jul/2026:18:57:09 +0000] "GET /powerbank/ HTTP/1.1" 200 54950 "-" "Mozilla/5.0 AppleWebKit/537.36 (KHTML, like Gecko; compatible; Amazonbot/0.1; +https://developer.amazon.com/support/amazonbot) Chrome/119.0.6045.214 Safari/537.36"
198.177.124.148 - - [22/Jul/2026:18:58:45 +0000] "POST /wp-cron.php?doing_wp_cron=1784746725.0952999591827392578125 HTTP/1.1" 200 - "-" "WordPress/7.0.2; https://buygreatessentials.shop"
3.227.180.70 - - [22/Jul/2026:18:58:41 +0000] "GET /wp-content/uploads/2026/07/Screenshot-2025-07-21-012412-150x150.png HTTP/1.1" 404 83122 "-" "Mozilla/5.0 AppleWebKit/537.36 (KHTML, like Gecko; compatible; Amazonbot/0.1; +https://developer.amazon.com/support/amazonbot) Chrome/119.0.6045.214 Safari/537.36"
52.6.97.88 - - [22/Jul/2026:18:58:43 +0000] "GET /wp-content/uploads/2026/07/Screenshot-2025-07-21-012907-150x150.png HTTP/1.1" 404 83122 "-" "Mozilla/5.0 AppleWebKit/537.36 (KHTML, like Gecko; compatible; Amazonbot/0.1; +https://developer.amazon.com/support/amazonbot) Chrome/119.0.6045.214 Safari/537.36"
54.88.84.219 - - [22/Jul/2026:18:58:48 +0000] "GET /wp-content/uploads/2026/07/ChatGPT-Image-Jul-15-2026-12_48_13-PM-150x150.png HTTP/1.1" 200 44389 "-" "Mozilla/5.0 AppleWebKit/537.36 (KHTML, like Gecko; compatible; Amazonbot/0.1; +https://developer.amazon.com/support/amazonbot) Chrome/119.0.6045.214 Safari/537.36"
35.172.125.172 - - [22/Jul/2026:18:58:53 +0000] "GET /wp-content/uploads/2026/07/ChatGPT-Image-Jul-15-2026-12_48_13-PM.png HTTP/1.1" 200 2073744 "-" "Mozilla/5.0 AppleWebKit/537.36 (KHTML, like Gecko; compatible; Amazonbot/0.1; +https://developer.amazon.com/support/amazonbot) Chrome/119.0.6045.214 Safari/537.36"
198.177.124.148 - - [22/Jul/2026:19:07:17 +0000] "POST /wp-cron.php?doing_wp_cron=1784747237.6008050441741943359375 HTTP/1.1" 200 - "-" "WordPress/7.0.2; https://buygreatessentials.shop"
16.171.71.250 - - [22/Jul/2026:19:07:14 +0000] "POST /wp-login.php HTTP/1.1" 503 18956 "-" "Mozilla/5.0 (Macintosh; Intel Mac OS X 10_15_7) AppleWebKit/605.1.15 Version/17.0 Safari/605.1.15"
34.76.117.34 - - [22/Jul/2026:19:07:38 +0000] "GET / HTTP/1.1" 200 99529 "-" "Mozilla/5.0 (X11; Linux x86_64; rv:128.0) Gecko/20100101 Firefox/128.0"
198.177.124.148 - - [22/Jul/2026:19:58:36 +0000] "POST /wp-cron.php?doing_wp_cron=1784750316.3457920551300048828125 HTTP/1.1" 200 - "-" "WordPress/7.0.2; https://buygreatessentials.shop"
16.171.71.250 - - [22/Jul/2026:19:58:34 +0000] "POST /wp-login.php HTTP/1.1" 503 18956 "-" "Mozilla/5.0 (Windows NT 10.0; Win64; rv:143.0) Gecko/20100101 Firefox/143.0"
100.29.107.38 - - [22/Jul/2026:19:59:03 +0000] "GET /wp-comments-post.php HTTP/1.1" 405 - "-" "Mozilla/5.0 AppleWebKit/537.36 (KHTML, like Gecko; compatible; Amazonbot/0.1; +https://developer.amazon.com/support/amazonbot) Chrome/119.0.6045.214 Safari/537.36"
198.177.124.148 - - [22/Jul/2026:19:59:06 +0000] "POST /wp-cron.php?doing_wp_cron=1784750346.3914020061492919921875 HTTP/1.1" 200 - "-" "WordPress/7.0.2; https://buygreatessentials.shop"
54.164.106.236 - - [22/Jul/2026:19:59:05 +0000] "GET /wp-json/oembed/1.0/embed?url=https://buygreatessentials.shop/when-searching-cheaper-intercourse-toys/ HTTP/1.1" 200 2253 "-" "Mozilla/5.0 AppleWebKit/537.36 (KHTML, like Gecko; compatible; Amazonbot/0.1; +https://developer.amazon.com/support/amazonbot) Chrome/119.0.6045.214 Safari/537.36"
198.177.124.148 - - [22/Jul/2026:20:24:12 +0000] "POST /wp-cron.php?doing_wp_cron=1784751852.8822000026702880859375 HTTP/1.1" 200 - "-" "WordPress/7.0.2; https://buygreatessentials.shop"
16.171.71.250 - - [22/Jul/2026:20:24:10 +0000] "POST /wp-login.php HTTP/1.1" 503 18956 "-" "Mozilla/5.0 (Windows NT 10.0; Win64; rv:143.0) Gecko/20100101 Firefox/143.0"
198.177.124.148 - - [22/Jul/2026:20:40:04 +0000] "POST /wp-cron.php?doing_wp_cron=1784752804.0476388931274414062500 HTTP/1.1" 200 - "-" "WordPress/7.0.2; https://buygreatessentials.shop"
74.7.230.24 - - [22/Jul/2026:20:39:59 +0000] "GET /robots.txt HTTP/1.1" 200 124 "-" "Mozilla/5.0 (Macintosh; Intel Mac OS X 10_15_7) AppleWebKit/537.36 (KHTML, like Gecko) Chrome/131.0.0.0 Safari/537.36; compatible; OAI-SearchBot/1.4; robots.txt; +https://openai.com/searchbot"
198.177.124.148 - - [22/Jul/2026:20:49:54 +0000] "POST /wp-cron.php?doing_wp_cron=1784753394.7096099853515625000000 HTTP/1.1" 200 - "-" "WordPress/7.0.2; https://buygreatessentials.shop"
16.171.71.250 - - [22/Jul/2026:20:49:52 +0000] "POST /wp-login.php HTTP/1.1" 503 18956 "-" "Mozilla/5.0 (Windows NT 10.0; Win64; x64) AppleWebKit/537.36 Chrome/129.0.0.0 Safari/537.36"
198.177.124.148 - - [22/Jul/2026:21:01:46 +0000] "POST /wp-cron.php?doing_wp_cron=1784754106.5781428813934326171875 HTTP/1.1" 200 - "-" "WordPress/7.0.2; https://buygreatessentials.shop"
34.76.89.250 - - [22/Jul/2026:21:01:43 +0000] "GET / HTTP/1.1" 200 99529 "-" "Mozilla/5.0 (Windows NT 10.0; Win64; x64; rv:128.0) Gecko/20100101 Firefox/128.0"
198.177.124.148 - - [22/Jul/2026:21:15:28 +0000] "POST /wp-cron.php?doing_wp_cron=1784754928.3619999885559082031250 HTTP/1.1" 200 - "-" "WordPress/7.0.2; https://buygreatessentials.shop"
16.171.71.250 - - [22/Jul/2026:21:15:23 +0000] "POST /wp-login.php HTTP/1.1" 503 18956 "-" "Mozilla/5.0 (Windows NT 10.0; Win64; x64) AppleWebKit/537.36 Chrome/129.0.0.0 Safari/537.36"
198.177.124.148 - - [22/Jul/2026:21:40:50 +0000] "POST /wp-cron.php?doing_wp_cron=1784756450.6791160106658935546875 HTTP/1.1" 200 - "-" "WordPress/7.0.2; https://buygreatessentials.shop"
16.171.71.250 - - [22/Jul/2026:21:40:47 +0000] "POST /wp-login.php HTTP/1.1" 503 18956 "-" "Mozilla/5.0 (Windows NT 10.0; Win64; x64) AppleWebKit/537.36 Chrome/129.0.0.0 Safari/537.36"
198.177.124.148 - - [22/Jul/2026:21:48:49 +0000] "POST /wp-cron.php?doing_wp_cron=1784756929.8668560981750488281250 HTTP/1.1" 200 - "-" "WordPress/7.0.2; https://buygreatessentials.shop"
216.144.245.69 - - [22/Jul/2026:21:48:47 +0000] "GET /wp-login.php HTTP/1.1" 200 4823 "-" "Mozilla/5.0"
216.144.245.69 - - [22/Jul/2026:21:48:50 +0000] "GET /?author=1 HTTP/1.1" 404 78007 "-" "Mozilla/5.0"
216.144.245.69 - - [22/Jul/2026:21:48:53 +0000] "GET /?rest_route=/wp/v2/users HTTP/1.1" 401 108 "-" "Mozilla/5.0"
216.144.245.69 - - [22/Jul/2026:21:48:54 +0000] "GET /feed HTTP/1.1" 301 - "-" "Mozilla/5.0"
216.144.245.69 - - [22/Jul/2026:21:48:55 +0000] "GET /feed/ HTTP/1.1" 200 9502 "-" "Mozilla/5.0"
198.177.124.148 - - [22/Jul/2026:22:06:24 +0000] "POST /wp-cron.php?doing_wp_cron=1784757984.5260550975799560546875 HTTP/1.1" 200 - "-" "WordPress/7.0.2; https://buygreatessentials.shop"
16.171.71.250 - - [22/Jul/2026:22:06:20 +0000] "POST /wp-login.php HTTP/1.1" 503 18956 "-" "Mozilla/5.0 (Windows NT 10.0; Win64; x64) AppleWebKit/537.36 Chrome/129.0.0.0 Safari/537.36"
198.177.124.148 - - [22/Jul/2026:22:23:51 +0000] "GET / HTTP/1.1" 200 99529 "-" "WordPress/7.0.2; https://buygreatessentials.shop"
198.177.124.148 - - [22/Jul/2026:22:23:52 +0000] "GET / HTTP/1.1" 200 99529 "-" "WordPress/7.0.2; https://buygreatessentials.shop"
198.177.124.148 - - [22/Jul/2026:22:23:53 +0000] "GET / HTTP/1.1" 200 99529 "-" "WordPress/7.0.2; https://buygreatessentials.shop"
198.177.124.148 - - [22/Jul/2026:22:23:54 +0000] "GET / HTTP/1.1" 200 99529 "-" "WordPress/7.0.2; https://buygreatessentials.shop"
198.177.124.148 - - [22/Jul/2026:22:32:05 +0000] "POST /wp-cron.php?doing_wp_cron=1784759525.1652250289916992187500 HTTP/1.1" 200 - "-" "WordPress/7.0.2; https://buygreatessentials.shop"
16.171.71.250 - - [22/Jul/2026:22:31:59 +0000] "POST /wp-login.php HTTP/1.1" 503 18956 "-" "Mozilla/5.0 (Windows NT 10.0; Win64; x64) AppleWebKit/537.36 Chrome/129.0.0.0 Safari/537.36"
198.177.124.148 - - [22/Jul/2026:22:43:42 +0000] "POST /wp-cron.php?doing_wp_cron=1784760222.3134269714355468750000 HTTP/1.1" 200 - "-" "WordPress/7.0.2; https://buygreatessentials.shop"
104.28.156.101 - - [22/Jul/2026:22:43:39 +0000] "GET /wp-login.php HTTP/1.1" 200 4823 "-" "Mozilla/5.0"
104.28.156.101 - - [22/Jul/2026:22:43:42 +0000] "GET /?author=1 HTTP/1.1" 404 78007 "-" "Mozilla/5.0"
