104.28.156.101 - - [22/Jul/2026:22:43:47 +0000] "GET /?rest_route=/wp/v2/users HTTP/1.1" 401 108 "-" "Mozilla/5.0"
104.28.156.101 - - [22/Jul/2026:22:43:49 +0000] "GET /feed HTTP/1.1" 301 - "-" "Mozilla/5.0"
104.28.156.101 - - [22/Jul/2026:22:43:51 +0000] "GET /feed/ HTTP/1.1" 200 9502 "-" "Mozilla/5.0"
198.177.124.148 - - [22/Jul/2026:22:57:39 +0000] "POST /wp-cron.php?doing_wp_cron=1784761059.4259569644927978515625 HTTP/1.1" 200 - "-" "WordPress/7.0.2; https://buygreatessentials.shop"
16.171.71.250 - - [22/Jul/2026:22:57:36 +0000] "POST /wp-login.php HTTP/1.1" 503 18956 "-" "Mozilla/5.0 (Macintosh; Intel Mac OS X 10_15_7) AppleWebKit/605.1.15 Version/17.0 Safari/605.1.15"
198.177.124.148 - - [22/Jul/2026:22:59:45 +0000] "POST /wp-cron.php?doing_wp_cron=1784761185.7907888889312744140625 HTTP/1.1" 200 - "-" "WordPress/7.0.2; https://buygreatessentials.shop"
34.77.70.95 - - [22/Jul/2026:22:59:39 +0000] "GET / HTTP/1.1" 200 99529 "-" "Mozilla/5.0 (Macintosh; Intel Mac OS X 10.15; rv:133.0) Gecko/20100101 Firefox/133.0"
198.177.124.148 - - [22/Jul/2026:23:01:00 +0000] "POST /wp-cron.php?doing_wp_cron=1784761260.8399500846862792968750 HTTP/1.1" 200 - "-" "WordPress/7.0.2; https://buygreatessentials.shop"
66.249.69.97 - - [22/Jul/2026:23:00:58 +0000] "GET /robots.txt HTTP/1.1" 301 - "-" "Mozilla/5.0 (compatible; Googlebot/2.1; +http://www.google.com/bot.html)"
66.249.72.160 - - [22/Jul/2026:23:01:01 +0000] "GET /robots.txt HTTP/1.1" 200 124 "-" "Mozilla/5.0 (compatible; Googlebot/2.1; +http://www.google.com/bot.html)"
66.249.69.97 - - [22/Jul/2026:23:01:35 +0000] "GET / HTTP/1.1" 301 - "-" "Mozilla/5.0 (Linux; Android 6.0.1; Nexus 5X Build/MMB29P) AppleWebKit/537.36 (KHTML, like Gecko) Chrome/150.0.7871.128 Mobile Safari/537.36 (compatible; Googlebot/2.1; +http://www.google.com/bot.html)"
198.177.124.148 - - [22/Jul/2026:23:02:13 +0000] "POST /wp-cron.php?doing_wp_cron=1784761333.7935090065002441406250 HTTP/1.1" 200 - "-" "WordPress/7.0.2; https://buygreatessentials.shop"
66.249.72.160 - - [22/Jul/2026:23:02:11 +0000] "GET / HTTP/1.1" 200 99529 "-" "Mozilla/5.0 (Linux; Android 6.0.1; Nexus 5X Build/MMB29P) AppleWebKit/537.36 (KHTML, like Gecko) Chrome/150.0.7871.128 Mobile Safari/537.36 (compatible; Googlebot/2.1; +http://www.google.com/bot.html)"
198.177.124.148 - - [22/Jul/2026:23:18:31 +0000] "POST /wp-cron.php?doing_wp_cron=1784762311.6163558959960937500000 HTTP/1.1" 200 - "-" "WordPress/7.0.2; https://buygreatessentials.shop"
66.249.69.98 - - [22/Jul/2026:23:18:30 +0000] "GET / HTTP/1.1" 301 - "-" "Mozilla/5.0 (Linux; Android 6.0.1; Nexus 5X Build/MMB29P) AppleWebKit/537.36 (KHTML, like Gecko) Chrome/150.0.7871.128 Mobile Safari/537.36 (compatible; Googlebot/2.1; +http://www.google.com/bot.html)"
198.177.124.148 - - [22/Jul/2026:23:23:15 +0000] "POST /wp-cron.php?doing_wp_cron=1784762595.1268730163574218750000 HTTP/1.1" 200 - "-" "WordPress/7.0.2; https://buygreatessentials.shop"
16.171.71.250 - - [22/Jul/2026:23:23:11 +0000] "POST /wp-login.php HTTP/1.1" 503 18956 "-" "Mozilla/5.0 (Windows NT 10.0; Win64; rv:143.0) Gecko/20100101 Firefox/143.0"
198.177.124.148 - - [22/Jul/2026:23:48:52 +0000] "POST /wp-cron.php?doing_wp_cron=1784764132.4974501132965087890625 HTTP/1.1" 200 - "-" "WordPress/7.0.2; https://buygreatessentials.shop"
16.171.71.250 - - [22/Jul/2026:23:48:49 +0000] "POST /wp-login.php HTTP/1.1" 503 18956 "-" "Mozilla/5.0 (Windows NT 10.0; Win64; rv:143.0) Gecko/20100101 Firefox/143.0"
198.177.124.148 - - [23/Jul/2026:00:14:40 +0000] "POST /wp-cron.php?doing_wp_cron=1784765680.8931109905242919921875 HTTP/1.1" 200 - "-" "WordPress/7.0.2; https://buygreatessentials.shop"
16.171.71.250 - - [23/Jul/2026:00:14:34 +0000] "POST /wp-login.php HTTP/1.1" 503 18954 "-" "Mozilla/5.0 (Windows NT 10.0; Win64; x64) AppleWebKit/537.36 Chrome/129.0.0.0 Safari/537.36"
198.177.124.148 - - [23/Jul/2026:00:27:33 +0000] "POST /wp-cron.php?doing_wp_cron=1784766453.5438261032104492187500 HTTP/1.1" 200 - "-" "WordPress/7.0.2; https://buygreatessentials.shop"
74.7.242.28 - - [23/Jul/2026:00:27:31 +0000] "GET /wp-sitemap.xml HTTP/1.1" 200 493 "-" "Mozilla/5.0 AppleWebKit/537.36 (KHTML, like Gecko; compatible; GPTBot/1.4; +https://openai.com/gptbot)"
198.177.124.148 - - [23/Jul/2026:00:30:45 +0000] "POST /wp-cron.php?doing_wp_cron=1784766645.3208410739898681640625 HTTP/1.1" 200 - "-" "WordPress/7.0.2; https://buygreatessentials.shop"
172.233.86.182 - - [23/Jul/2026:00:30:43 +0000] "GET /wp-login.php HTTP/1.1" 200 4823 "-" "Mozilla/5.0"
172.233.86.182 - - [23/Jul/2026:00:30:45 +0000] "GET /?author=1 HTTP/1.1" 404 78007 "-" "Mozilla/5.0"
172.233.86.182 - - [23/Jul/2026:00:30:49 +0000] "GET /?rest_route=/wp/v2/users HTTP/1.1" 401 108 "-" "Mozilla/5.0"
172.233.86.182 - - [23/Jul/2026:00:30:51 +0000] "GET /feed HTTP/1.1" 301 - "-" "Mozilla/5.0"
172.233.86.182 - - [23/Jul/2026:00:30:52 +0000] "GET /feed/ HTTP/1.1" 200 9502 "-" "Mozilla/5.0"
198.177.124.148 - - [23/Jul/2026:00:36:19 +0000] "POST /wp-cron.php?doing_wp_cron=1784766979.1916980743408203125000 HTTP/1.1" 200 - "-" "WordPress/7.0.2; https://buygreatessentials.shop"
172.233.86.182 - - [23/Jul/2026:00:36:14 +0000] "POST /wp-login.php HTTP/1.1" 503 18954 "-" "Mozilla/5.0"
45.204.8.167 - - [23/Jul/2026:00:36:41 +0000] "GET /filefuns.php HTTP/1.1" 200 8 "https://www.google.com" "Mozilla/5.0 (Windows NT 10.0; Win64; x64) AppleWebKit/537.36 (KHTML, like Gecko) Chrome/114.0.0.0 Safari/537.36 Edg/114.0.1823.43"
45.204.8.167 - - [23/Jul/2026:00:36:47 +0000] "GET /filefuns.php HTTP/1.1" 200 8 "https://www.google.com" "Mozilla/5.0 (Windows NT 10.0; Win64; x64) AppleWebKit/537.36 (KHTML, like Gecko) Chrome/114.0.0.0 Safari/537.36 Edg/114.0.1823.43"
16.171.71.250 - - [23/Jul/2026:00:40:20 +0000] "POST /wp-login.php HTTP/1.1" 500 2482 "-" "Mozilla/5.0 (Macintosh; Intel Mac OS X 10_15_7) AppleWebKit/605.1.15 Version/17.0 Safari/605.1.15"
172.233.86.182 - - [23/Jul/2026:00:41:22 +0000] "POST /wp-login.php HTTP/1.1" 503 18040 "-" "Mozilla/5.0"
172.233.86.182 - - [23/Jul/2026:00:45:26 +0000] "POST /wp-login.php HTTP/1.1" 503 18040 "-" "Mozilla/5.0"
198.177.124.148 - - [23/Jul/2026:00:47:23 +0000] "POST /wp-cron.php?doing_wp_cron=1784767643.7581679821014404296875 HTTP/1.1" 200 - "-" "WordPress/7.0.2; https://buygreatessentials.shop"
198.177.124.148 - - [23/Jul/2026:00:47:22 +0000] "POST /?wordfence_syncAttackData=1784767642.2848 HTTP/1.1" 200 - "-" "WordPress/7.0.2; https://buygreatessentials.shop"
198.177.124.148 - - [23/Jul/2026:00:47:46 +0000] "POST /wp-cron.php?doing_wp_cron=1784767666.5391240119934082031250 HTTP/1.1" 200 - "-" "WordPress/7.0.2; https://buygreatessentials.shop"
74.7.241.172 - - [23/Jul/2026:00:47:45 +0000] "GET /robots.txt HTTP/1.1" 301 - "-" "Mozilla/5.0 (Macintosh; Intel Mac OS X 10_15_7) AppleWebKit/537.36 (KHTML, like Gecko) Chrome/131.0.0.0 Safari/537.36; compatible; OAI-SearchBot/1.4; robots.txt; +https://openai.com/searchbot"
74.7.241.172 - - [23/Jul/2026:00:47:46 +0000] "GET /robots.txt HTTP/1.1" 200 124 "https://www.buygreatessentials.shop/robots.txt" "Mozilla/5.0 (Macintosh; Intel Mac OS X 10_15_7) AppleWebKit/537.36 (KHTML, like Gecko) Chrome/131.0.0.0 Safari/537.36; compatible; OAI-SearchBot/1.4; robots.txt; +https://openai.com/searchbot"
198.177.124.148 - - [23/Jul/2026:00:48:47 +0000] "POST /wp-cron.php?doing_wp_cron=1784767727.5415780544281005859375 HTTP/1.1" 200 - "-" "WordPress/7.0.2; https://buygreatessentials.shop"
172.233.86.182 - - [23/Jul/2026:00:48:45 +0000] "POST /wp-login.php HTTP/1.1" 503 18954 "-" "Mozilla/5.0"
172.233.86.182 - - [23/Jul/2026:00:51:49 +0000] "POST /wp-login.php HTTP/1.1" 503 18040 "-" "Mozilla/5.0"
172.233.86.182 - - [23/Jul/2026:00:54:57 +0000] "POST /wp-login.php HTTP/1.1" 503 18040 "-" "Mozilla/5.0"
172.233.86.182 - - [23/Jul/2026:00:58:21 +0000] "POST /wp-login.php HTTP/1.1" 503 18040 "-" "Mozilla/5.0"
198.177.124.148 - - [23/Jul/2026:00:59:44 +0000] "POST /wp-cron.php?doing_wp_cron=1784768384.7436149120330810546875 HTTP/1.1" 200 - "-" "WordPress/7.0.2; https://buygreatessentials.shop"
198.177.124.148 - - [23/Jul/2026:00:59:43 +0000] "POST /?wordfence_syncAttackData=1784768383.843 HTTP/1.1" 200 - "-" "WordPress/7.0.2; https://buygreatessentials.shop"
198.177.124.148 - - [23/Jul/2026:01:02:58 +0000] "POST /wp-cron.php?doing_wp_cron=1784768578.8854990005493164062500 HTTP/1.1" 200 - "-" "WordPress/7.0.2; https://buygreatessentials.shop"
172.233.86.182 - - [23/Jul/2026:01:02:56 +0000] "POST /wp-login.php HTTP/1.1" 503 18954 "-" "Mozilla/5.0"
172.233.86.182 - - [23/Jul/2026:01:07:15 +0000] "POST /wp-login.php HTTP/1.1" 503 18040 "-" "Mozilla/5.0"
172.233.86.182 - - [23/Jul/2026:01:11:16 +0000] "POST /wp-login.php HTTP/1.1" 503 18040 "-" "Mozilla/5.0"
198.177.124.148 - - [23/Jul/2026:01:11:59 +0000] "POST /?wordfence_syncAttackData=1784769119.8278 HTTP/1.1" 200 - "-" "WordPress/7.0.2; https://buygreatessentials.shop"
198.177.124.148 - - [23/Jul/2026:01:12:59 +0000] "POST /wp-cron.php?doing_wp_cron=1784769179.4042110443115234375000 HTTP/1.1" 200 - "-" "WordPress/7.0.2; https://buygreatessentials.shop"
34.77.70.95 - - [23/Jul/2026:01:12:57 +0000] "GET / HTTP/1.1" 200 99529 "-" "Mozilla/5.0 (X11; Linux x86_64) AppleWebKit/537.36 (KHTML, like Gecko) Chrome/131.0.6778.86 Safari/537.36"
198.177.124.148 - - [23/Jul/2026:01:14:59 +0000] "POST /wp-cron.php?doing_wp_cron=1784769299.3533270359039306640625 HTTP/1.1" 200 - "-" "WordPress/7.0.2; https://buygreatessentials.shop"
172.233.86.182 - - [23/Jul/2026:01:14:56 +0000] "POST /wp-login.php HTTP/1.1" 503 18954 "-" "Mozilla/5.0"
172.233.86.182 - - [23/Jul/2026:01:19:37 +0000] "POST /wp-login.php HTTP/1.1" 503 18041 "-" "Mozilla/5.0"
172.233.86.182 - - [23/Jul/2026:01:24:01 +0000] "POST /wp-login.php HTTP/1.1" 503 18041 "-" "Mozilla/5.0"
198.177.124.148 - - [23/Jul/2026:01:33:22 +0000] "POST /?wordfence_syncAttackData=1784770402.0545 HTTP/1.1" 200 - "-" "WordPress/7.0.2; https://buygreatessentials.shop"
198.177.124.148 - - [23/Jul/2026:01:39:09 +0000] "POST /wp-cron.php?doing_wp_cron=1784770749.0181610584259033203125 HTTP/1.1" 200 - "-" "WordPress/7.0.2; https://buygreatessentials.shop"
66.249.69.99 - - [23/Jul/2026:01:39:03 +0000] "GET /robots.txt HTTP/1.1" 301 - "-" "Mozilla/5.0 (compatible; Googlebot/2.1; +http://www.google.com/bot.html)"
66.249.72.161 - - [23/Jul/2026:01:39:09 +0000] "GET /robots.txt HTTP/1.1" 200 124 "-" "Mozilla/5.0 (compatible; Googlebot/2.1; +http://www.google.com/bot.html)"
198.177.124.148 - - [23/Jul/2026:01:39:49 +0000] "POST /wp-cron.php?doing_wp_cron=1784770789.8711509704589843750000 HTTP/1.1" 200 - "-" "WordPress/7.0.2; https://buygreatessentials.shop"
66.249.69.97 - - [23/Jul/2026:01:39:48 +0000] "GET /?u=6892057843 HTTP/1.1" 301 - "-" "Mozilla/5.0 (Linux; Android 6.0.1; Nexus 5X Build/MMB29P) AppleWebKit/537.36 (KHTML, like Gecko) Chrome/150.0.7871.128 Mobile Safari/537.36 (compatible; GoogleOther)"
66.249.72.160 - - [23/Jul/2026:01:40:20 +0000] "GET /?u=6892057843 HTTP/1.1" 200 99529 "-" "Mozilla/5.0 (Linux; Android 6.0.1; Nexus 5X Build/MMB29P) AppleWebKit/537.36 (KHTML, like Gecko) Chrome/150.0.7871.128 Mobile Safari/537.36 (compatible; GoogleOther)"
193.186.4.161 - - [23/Jul/2026:01:47:14 +0000] "GET / HTTP/1.1" 200 99529 "https://www.google.co.jp/" "Mozilla/5.0 (Windows NT 10.0; Win64; x64) AppleWebKit/537.36 (KHTML, like Gecko) Chrome/150.0.0.0 Safari/537.36"
198.177.124.148 - - [23/Jul/2026:01:47:17 +0000] "POST /wp-cron.php?doing_wp_cron=1784771237.7154200077056884765625 HTTP/1.1" 200 - "-" "WordPress/7.0.2; https://buygreatessentials.shop"
66.249.82.198 - - [23/Jul/2026:01:47:14 +0000] "GET /.well-known/traffic-advice HTTP/1.1" 404 82067 "-" "Chrome Privacy Preserving Prefetch Proxy"
198.177.124.148 - - [23/Jul/2026:02:14:58 +0000] "POST /wp-cron.php?doing_wp_cron=1784772898.5400340557098388671875 HTTP/1.1" 200 - "-" "WordPress/7.0.2; https://buygreatessentials.shop"
195.40.122.179 - - [23/Jul/2026:02:14:54 +0000] "HEAD / HTTP/1.1" 200 - "-" "Mozilla/5.0 (Windows NT 11.0; Win64; x64) AppleWebKit/537.36 (KHTML, like Gecko) Chrome/125.0.0.0 Safari/537.36 Edg/125.0.0.0"
50.114.92.147 - - [23/Jul/2026:02:15:00 +0000] "GET /?rest_route=/wp/v2/users HTTP/1.1" 401 108 "-" "Mozilla/5.0 (X11; Linux x86_64) AppleWebKit/537.36 (KHTML, like Gecko) Chrome/123.0.0.0 Safari/537.36 OPR/107.0.0.0"
198.177.124.148 - - [23/Jul/2026:02:21:03 +0000] "POST /wp-cron.php?doing_wp_cron=1784773263.0306150913238525390625 HTTP/1.1" 200 - "-" "WordPress/7.0.2; https://buygreatessentials.shop"
66.249.72.174 - - [23/Jul/2026:02:20:59 +0000] "GET /tech/ HTTP/1.1" 200 59773 "-" "Mozilla/5.0 (Linux; Android 6.0.1; Nexus 5X Build/MMB29P) AppleWebKit/537.36 (KHTML, like Gecko) Chrome/150.0.7871.128 Mobile Safari/537.36 (compatible; GoogleOther)"
66.249.72.174 - - [23/Jul/2026:02:21:12 +0000] "GET /wp-content/plugins/elementor/assets/lib/swiper/v8/css/swiper.min.css?ver=8.4.5 HTTP/1.1" 200 16471 "https://buygreatessentials.shop/tech/" "Mozilla/5.0 (Linux; Android 6.0.1; Nexus 5X Build/MMB29P) AppleWebKit/537.36 (KHTML, like Gecko) Chrome/150.0.7871.128 Mobile Safari/537.36 (compatible; GoogleOther)"
66.249.72.174 - - [23/Jul/2026:02:21:15 +0000] "GET /wp-content/uploads/elementor/css/base-desktop.css?ver=6a5e34725f17c HTTP/1.1" 200 1774 "https://buygreatessentials.shop/tech/" "Mozilla/5.0 (Linux; Android 6.0.1; Nexus 5X Build/MMB29P) AppleWebKit/537.36 (KHTML, like Gecko) Chrome/150.0.7871.128 Mobile Safari/537.36 (compatible; GoogleOther)"
66.249.72.174 - - [23/Jul/2026:02:21:17 +0000] "GET /wp-content/plugins/elementor/assets/css/conditionals/e-swiper.min.css?ver=4.1.5 HTTP/1.1" 200 5486 "https://buygreatessentials.shop/tech/" "Mozilla/5.0 (Linux; Android 6.0.1; Nexus 5X Build/MMB29P) AppleWebKit/537.36 (KHTML, like Gecko) Chrome/150.0.7871.128 Mobile Safari/537.36 (compatible; GoogleOther)"
34.123.170.104 - - [23/Jul/2026:02:21:16 +0000] "GET /wp-admin/admin-ajax.php?action=pys_get_pbid HTTP/1.1" 200 1 "http://buygreatessentials.shop/" "Mozilla/5.0 (Windows NT 10.0; Win64; x64) AppleWebKit/537.36 (KHTML, like Gecko) Chrome/125.0.6422.60 Safari/537.36 Edge/12.246"
66.249.72.174 - - [23/Jul/2026:02:21:19 +0000] "GET /wp-content/uploads/elementor/css/post-157.css?ver=1783296000 HTTP/1.1" 200 3519 "https://buygreatessentials.shop/tech/" "Mozilla/5.0 (Linux; Android 6.0.1; Nexus 5X Build/MMB29P) AppleWebKit/537.36 (KHTML, like Gecko) Chrome/150.0.7871.128 Mobile Safari/537.36 (compatible; GoogleOther)"
104.197.69.115 - - [23/Jul/2026:02:21:16 +0000] "POST /wp-json/pys-facebook/v1/event HTTP/1.1" 200 16 "http://buygreatessentials.shop/" "Mozilla/5.0 (Windows NT 10.0; Win64; x64) AppleWebKit/537.36 (KHTML, like Gecko) Chrome/125.0.6422.60 Safari/537.36 Edge/12.246"
66.249.72.174 - - [23/Jul/2026:02:21:21 +0000] "GET /wp-content/uploads/elementor/css/local-157-frontend-desktop.css?ver=6a5f7e5a3d0eb HTTP/1.1" 200 405 "https://buygreatessentials.shop/tech/" "Mozilla/5.0 (Linux; Android 6.0.1; Nexus 5X Build/MMB29P) AppleWebKit/537.36 (KHTML, like Gecko) Chrome/150.0.7871.128 Mobile Safari/537.36 (compatible; GoogleOther)"
66.249.72.174 - - [23/Jul/2026:02:21:23 +0000] "GET /wp-content/plugins/elementor/assets/css/frontend.min.css?ver=4.1.5 HTTP/1.1" 200 54666 "https://buygreatessentials.shop/tech/" "Mozilla/5.0 (Linux; Android 6.0.1; Nexus 5X Build/MMB29P) AppleWebKit/537.36 (KHTML, like Gecko) Chrome/150.0.7871.128 Mobile Safari/537.36 (compatible; GoogleOther)"
66.249.72.174 - - [23/Jul/2026:02:21:26 +0000] "GET /wp-content/plugins/elementor/assets/js/frontend.min.js?ver=4.1.5 HTTP/1.1" 200 32098 "https://buygreatessentials.shop/tech/" "Mozilla/5.0 (Linux; Android 6.0.1; Nexus 5X Build/MMB29P) AppleWebKit/537.36 (KHTML, like Gecko) Chrome/150.0.7871.128 Mobile Safari/537.36 (compatible; GoogleOther)"
205.169.39.51 - - [23/Jul/2026:02:21:23 +0000] "GET /wp-content/themes/twentytwentyfour/assets/images/building-exterior.webp HTTP/1.1" 200 199724 "-" "Mozilla/5.0 (Windows NT 10.0) AppleWebKit/537.36 (KHTML, like Gecko) Chrome/106.0.0.0 Safari/537.36"
205.169.39.52 - - [23/Jul/2026:02:21:27 +0000] "GET /wp-includes/js/jquery/jquery-migrate.min.js?ver=3.4.1 HTTP/1.1" 200 13577 "-" "Mozilla/5.0 (Windows NT 10.0) AppleWebKit/537.36 (KHTML, like Gecko) Chrome/106.0.0.0 Safari/537.36"
66.249.72.174 - - [23/Jul/2026:02:21:28 +0000] "GET /wp-content/plugins/elementor/assets/lib/swiper/v8/swiper.min.js?ver=8.4.5 HTTP/1.1" 200 143709 "https://buygreatessentials.shop/tech/" "Mozilla/5.0 (Linux; Android 6.0.1; Nexus 5X Build/MMB29P) AppleWebKit/537.36 (KHTML, like Gecko) Chrome/150.0.7871.128 Mobile Safari/537.36 (compatible; GoogleOther)"
66.249.72.174 - - [23/Jul/2026:02:21:30 +0000] "GET /wp-includes/js/jquery/ui/core.min.js?ver=1.13.3 HTTP/1.1" 200 21464 "https://buygreatessentials.shop/tech/" "Mozilla/5.0 (Linux; Android 6.0.1; Nexus 5X Build/MMB29P) AppleWebKit/537.36 (KHTML, like Gecko) Chrome/150.0.7871.128 Mobile Safari/537.36 (compatible; GoogleOther)"
205.169.39.52 - - [23/Jul/2026:02:21:31 +0000] "GET /wp-includes/js/jquery/jquery.min.js?ver=3.7.1 HTTP/1.1" 200 87553 "-" "Mozilla/5.0 (Windows NT 10.0) AppleWebKit/537.36 (KHTML, like Gecko) Chrome/106.0.0.0 Safari/537.36"
198.177.124.148 - - [23/Jul/2026:02:25:07 +0000] "POST /wp-cron.php?doing_wp_cron=1784773507.5559790134429931640625 HTTP/1.1" 200 - "-" "WordPress/7.0.2; https://buygreatessentials.shop"
81.196.20.141 - - [23/Jul/2026:02:25:04 +0000] "GET / HTTP/1.1" 200 99529 "-" "Mozilla/5.0 (Windows NT 10.0; Win64; x64) AppleWebKit/537.36 (KHTML, like Gecko) Chrome/124.0.0.0 Safari/537.36"
198.177.124.148 - - [23/Jul/2026:03:01:30 +0000] "POST /wp-cron.php?doing_wp_cron=1784775690.2181329727172851562500 HTTP/1.1" 200 - "-" "WordPress/7.0.2; https://buygreatessentials.shop"
34.76.89.250 - - [23/Jul/2026:03:01:27 +0000] "GET / HTTP/1.1" 200 99529 "-" "Mozilla/5.0 (Macintosh; Intel Mac OS X 10.15; rv:133.0) Gecko/20100101 Firefox/133.0"