198.177.124.148 - - [21/Jul/2026:10:07:25 +0000] "POST /wp-cron.php?doing_wp_cron=1784628445.6623098850250244140625 HTTP/1.1" 200 - "-" "WordPress/7.0.2; https://buygreatessentials.shop"
105.113.90.82 - - [21/Jul/2026:10:07:21 +0000] "POST /wp-admin/admin-ajax.php HTTP/1.1" 200 77 "https://buygreatessentials.shop/wp-admin/post.php?post=157&action=elementor" "Mozilla/5.0 (Windows NT 10.0; Win64; x64) AppleWebKit/537.36 (KHTML, like Gecko) Chrome/150.0.0.0 Safari/537.36"
105.113.90.82 - - [21/Jul/2026:10:07:30 +0000] "POST /wp-admin/admin-ajax.php HTTP/1.1" 200 77 "https://buygreatessentials.shop/wp-admin/post.php?post=115&action=elementor" "Mozilla/5.0 (Windows NT 10.0; Win64; x64) AppleWebKit/537.36 (KHTML, like Gecko) Chrome/150.0.0.0 Safari/537.36"
198.177.124.148 - - [21/Jul/2026:10:09:23 +0000] "POST /wp-cron.php?doing_wp_cron=1784628563.7103459835052490234375 HTTP/1.1" 200 - "-" "WordPress/7.0.2; https://buygreatessentials.shop"
105.113.90.82 - - [21/Jul/2026:10:09:22 +0000] "POST /wp-admin/admin-ajax.php HTTP/1.1" 200 77 "https://buygreatessentials.shop/wp-admin/post.php?post=157&action=elementor" "Mozilla/5.0 (Windows NT 10.0; Win64; x64) AppleWebKit/537.36 (KHTML, like Gecko) Chrome/150.0.0.0 Safari/537.36"
105.113.90.82 - - [21/Jul/2026:10:09:31 +0000] "POST /wp-admin/admin-ajax.php HTTP/1.1" 200 77 "https://buygreatessentials.shop/wp-admin/post.php?post=115&action=elementor" "Mozilla/5.0 (Windows NT 10.0; Win64; x64) AppleWebKit/537.36 (KHTML, like Gecko) Chrome/150.0.0.0 Safari/537.36"
198.177.124.148 - - [21/Jul/2026:10:09:51 +0000] "POST /wp-cron.php?doing_wp_cron=1784628591.9273469448089599609375 HTTP/1.1" 200 - "-" "WordPress/7.0.2; https://buygreatessentials.shop"
105.113.90.82 - - [21/Jul/2026:10:09:50 +0000] "POST /wp-admin/admin-ajax.php HTTP/1.1" 200 77 "https://buygreatessentials.shop/wp-admin/post.php?post=157&action=elementor" "Mozilla/5.0 (Windows NT 10.0; Win64; x64) AppleWebKit/537.36 (KHTML, like Gecko) Chrome/150.0.0.0 Safari/537.36"
105.113.90.82 - - [21/Jul/2026:10:09:50 +0000] "GET /wp-json/elementor/v1/checklist/user-progress HTTP/1.1" 200 534 "https://buygreatessentials.shop/wp-admin/post.php?post=157&action=elementor" "Mozilla/5.0 (Windows NT 10.0; Win64; x64) AppleWebKit/537.36 (KHTML, like Gecko) Chrome/150.0.0.0 Safari/537.36"
105.113.90.82 - - [21/Jul/2026:10:09:51 +0000] "POST /wp-admin/admin-ajax.php HTTP/1.1" 200 77 "https://buygreatessentials.shop/wp-admin/post.php?post=115&action=elementor" "Mozilla/5.0 (Windows NT 10.0; Win64; x64) AppleWebKit/537.36 (KHTML, like Gecko) Chrome/150.0.0.0 Safari/537.36"
105.113.90.82 - - [21/Jul/2026:10:09:52 +0000] "GET /wp-json/elementor/v1/checklist/user-progress HTTP/1.1" 200 534 "https://buygreatessentials.shop/wp-admin/post.php?post=115&action=elementor" "Mozilla/5.0 (Windows NT 10.0; Win64; x64) AppleWebKit/537.36 (KHTML, like Gecko) Chrome/150.0.0.0 Safari/537.36"
105.113.90.82 - - [21/Jul/2026:10:10:01 +0000] "GET /wp-json/elementor/v1/checklist/user-progress HTTP/1.1" 200 534 "https://buygreatessentials.shop/wp-admin/post.php?post=157&action=elementor" "Mozilla/5.0 (Windows NT 10.0; Win64; x64) AppleWebKit/537.36 (KHTML, like Gecko) Chrome/150.0.0.0 Safari/537.36"
105.113.90.82 - - [21/Jul/2026:10:10:05 +0000] "POST /wp-admin/admin-ajax.php HTTP/1.1" 200 77 "https://buygreatessentials.shop/wp-admin/post.php?post=157&action=elementor" "Mozilla/5.0 (Windows NT 10.0; Win64; x64) AppleWebKit/537.36 (KHTML, like Gecko) Chrome/150.0.0.0 Safari/537.36"
105.113.90.82 - - [21/Jul/2026:10:10:06 +0000] "GET /wp-json/elementor/v1/checklist/user-progress HTTP/1.1" 200 534 "https://buygreatessentials.shop/wp-admin/post.php?post=115&action=elementor" "Mozilla/5.0 (Windows NT 10.0; Win64; x64) AppleWebKit/537.36 (KHTML, like Gecko) Chrome/150.0.0.0 Safari/537.36"
105.113.90.82 - - [21/Jul/2026:10:10:07 +0000] "POST /wp-admin/admin-ajax.php HTTP/1.1" 200 77 "https://buygreatessentials.shop/wp-admin/post.php?post=115&action=elementor" "Mozilla/5.0 (Windows NT 10.0; Win64; x64) AppleWebKit/537.36 (KHTML, like Gecko) Chrome/150.0.0.0 Safari/537.36"
105.113.90.82 - - [21/Jul/2026:10:10:24 +0000] "POST /wp-admin/admin-ajax.php HTTP/1.1" 200 77 "https://buygreatessentials.shop/wp-admin/post.php?post=115&action=elementor" "Mozilla/5.0 (Windows NT 10.0; Win64; x64) AppleWebKit/537.36 (KHTML, like Gecko) Chrome/150.0.0.0 Safari/537.36"
105.113.90.82 - - [21/Jul/2026:10:10:36 +0000] "POST /wp-admin/admin-ajax.php HTTP/1.1" 200 77 "https://buygreatessentials.shop/wp-admin/post.php?post=115&action=elementor" "Mozilla/5.0 (Windows NT 10.0; Win64; x64) AppleWebKit/537.36 (KHTML, like Gecko) Chrome/150.0.0.0 Safari/537.36"
198.177.124.148 - - [21/Jul/2026:10:10:56 +0000] "POST /wp-cron.php?doing_wp_cron=1784628656.0183079242706298828125 HTTP/1.1" 200 - "-" "WordPress/7.0.2; https://buygreatessentials.shop"
105.113.90.82 - - [21/Jul/2026:10:10:52 +0000] "POST /wp-admin/admin-ajax.php HTTP/1.1" 200 77 "https://buygreatessentials.shop/wp-admin/post.php?post=115&action=elementor" "Mozilla/5.0 (Windows NT 10.0; Win64; x64) AppleWebKit/537.36 (KHTML, like Gecko) Chrome/150.0.0.0 Safari/537.36"
105.113.90.82 - - [21/Jul/2026:10:11:06 +0000] "POST /wp-admin/admin-ajax.php HTTP/1.1" 200 77 "https://buygreatessentials.shop/wp-admin/post.php?post=115&action=elementor" "Mozilla/5.0 (Windows NT 10.0; Win64; x64) AppleWebKit/537.36 (KHTML, like Gecko) Chrome/150.0.0.0 Safari/537.36"
105.113.90.82 - - [21/Jul/2026:10:11:22 +0000] "POST /wp-admin/admin-ajax.php HTTP/1.1" 200 77 "https://buygreatessentials.shop/wp-admin/post.php?post=115&action=elementor" "Mozilla/5.0 (Windows NT 10.0; Win64; x64) AppleWebKit/537.36 (KHTML, like Gecko) Chrome/150.0.0.0 Safari/537.36"
105.113.90.82 - - [21/Jul/2026:10:11:36 +0000] "POST /wp-admin/admin-ajax.php HTTP/1.1" 200 77 "https://buygreatessentials.shop/wp-admin/post.php?post=115&action=elementor" "Mozilla/5.0 (Windows NT 10.0; Win64; x64) AppleWebKit/537.36 (KHTML, like Gecko) Chrome/150.0.0.0 Safari/537.36"
198.177.124.148 - - [21/Jul/2026:10:11:54 +0000] "POST /wp-cron.php?doing_wp_cron=1784628714.1524810791015625000000 HTTP/1.1" 200 - "-" "WordPress/7.0.2; https://buygreatessentials.shop"
105.113.90.82 - - [21/Jul/2026:10:11:52 +0000] "POST /wp-admin/admin-ajax.php HTTP/1.1" 200 77 "https://buygreatessentials.shop/wp-admin/post.php?post=115&action=elementor" "Mozilla/5.0 (Windows NT 10.0; Win64; x64) AppleWebKit/537.36 (KHTML, like Gecko) Chrome/150.0.0.0 Safari/537.36"
105.113.90.82 - - [21/Jul/2026:10:12:06 +0000] "POST /wp-admin/admin-ajax.php HTTP/1.1" 200 77 "https://buygreatessentials.shop/wp-admin/post.php?post=157&action=elementor" "Mozilla/5.0 (Windows NT 10.0; Win64; x64) AppleWebKit/537.36 (KHTML, like Gecko) Chrome/150.0.0.0 Safari/537.36"
105.113.90.82 - - [21/Jul/2026:10:12:07 +0000] "POST /wp-admin/admin-ajax.php HTTP/1.1" 200 77 "https://buygreatessentials.shop/wp-admin/post.php?post=115&action=elementor" "Mozilla/5.0 (Windows NT 10.0; Win64; x64) AppleWebKit/537.36 (KHTML, like Gecko) Chrome/150.0.0.0 Safari/537.36"
105.113.90.82 - - [21/Jul/2026:10:12:22 +0000] "POST /wp-admin/admin-ajax.php HTTP/1.1" 200 77 "https://buygreatessentials.shop/wp-admin/post.php?post=115&action=elementor" "Mozilla/5.0 (Windows NT 10.0; Win64; x64) AppleWebKit/537.36 (KHTML, like Gecko) Chrome/150.0.0.0 Safari/537.36"
105.113.90.82 - - [21/Jul/2026:10:12:36 +0000] "POST /wp-admin/admin-ajax.php HTTP/1.1" 200 77 "https://buygreatessentials.shop/wp-admin/post.php?post=115&action=elementor" "Mozilla/5.0 (Windows NT 10.0; Win64; x64) AppleWebKit/537.36 (KHTML, like Gecko) Chrome/150.0.0.0 Safari/537.36"
198.177.124.148 - - [21/Jul/2026:10:12:55 +0000] "POST /wp-cron.php?doing_wp_cron=1784628775.3152680397033691406250 HTTP/1.1" 200 - "-" "WordPress/7.0.2; https://buygreatessentials.shop"
105.113.90.82 - - [21/Jul/2026:10:12:53 +0000] "POST /wp-admin/admin-ajax.php HTTP/1.1" 200 77 "https://buygreatessentials.shop/wp-admin/post.php?post=115&action=elementor" "Mozilla/5.0 (Windows NT 10.0; Win64; x64) AppleWebKit/537.36 (KHTML, like Gecko) Chrome/150.0.0.0 Safari/537.36"
105.113.90.82 - - [21/Jul/2026:10:13:07 +0000] "POST /wp-admin/admin-ajax.php HTTP/1.1" 200 77 "https://buygreatessentials.shop/wp-admin/post.php?post=115&action=elementor" "Mozilla/5.0 (Windows NT 10.0; Win64; x64) AppleWebKit/537.36 (KHTML, like Gecko) Chrome/150.0.0.0 Safari/537.36"
105.113.90.82 - - [21/Jul/2026:10:13:21 +0000] "POST /wp-admin/admin-ajax.php HTTP/1.1" 200 77 "https://buygreatessentials.shop/wp-admin/post.php?post=115&action=elementor" "Mozilla/5.0 (Windows NT 10.0; Win64; x64) AppleWebKit/537.36 (KHTML, like Gecko) Chrome/150.0.0.0 Safari/537.36"
105.113.90.82 - - [21/Jul/2026:10:13:37 +0000] "POST /wp-admin/admin-ajax.php HTTP/1.1" 200 77 "https://buygreatessentials.shop/wp-admin/post.php?post=115&action=elementor" "Mozilla/5.0 (Windows NT 10.0; Win64; x64) AppleWebKit/537.36 (KHTML, like Gecko) Chrome/150.0.0.0 Safari/537.36"
198.177.124.148 - - [21/Jul/2026:10:13:53 +0000] "POST /wp-cron.php?doing_wp_cron=1784628833.5520780086517333984375 HTTP/1.1" 200 - "-" "WordPress/7.0.2; https://buygreatessentials.shop"
105.113.90.82 - - [21/Jul/2026:10:13:51 +0000] "POST /wp-admin/admin-ajax.php HTTP/1.1" 200 77 "https://buygreatessentials.shop/wp-admin/post.php?post=115&action=elementor" "Mozilla/5.0 (Windows NT 10.0; Win64; x64) AppleWebKit/537.36 (KHTML, like Gecko) Chrome/150.0.0.0 Safari/537.36"
105.113.90.82 - - [21/Jul/2026:10:14:07 +0000] "POST /wp-admin/admin-ajax.php HTTP/1.1" 200 77 "https://buygreatessentials.shop/wp-admin/post.php?post=115&action=elementor" "Mozilla/5.0 (Windows NT 10.0; Win64; x64) AppleWebKit/537.36 (KHTML, like Gecko) Chrome/150.0.0.0 Safari/537.36"
105.113.90.82 - - [21/Jul/2026:10:14:07 +0000] "POST /wp-admin/admin-ajax.php HTTP/1.1" 200 77 "https://buygreatessentials.shop/wp-admin/post.php?post=157&action=elementor" "Mozilla/5.0 (Windows NT 10.0; Win64; x64) AppleWebKit/537.36 (KHTML, like Gecko) Chrome/150.0.0.0 Safari/537.36"
105.113.90.82 - - [21/Jul/2026:10:14:21 +0000] "POST /wp-admin/admin-ajax.php HTTP/1.1" 200 77 "https://buygreatessentials.shop/wp-admin/post.php?post=115&action=elementor" "Mozilla/5.0 (Windows NT 10.0; Win64; x64) AppleWebKit/537.36 (KHTML, like Gecko) Chrome/150.0.0.0 Safari/537.36"
105.113.90.82 - - [21/Jul/2026:10:14:37 +0000] "POST /wp-admin/admin-ajax.php HTTP/1.1" 200 77 "https://buygreatessentials.shop/wp-admin/post.php?post=115&action=elementor" "Mozilla/5.0 (Windows NT 10.0; Win64; x64) AppleWebKit/537.36 (KHTML, like Gecko) Chrome/150.0.0.0 Safari/537.36"
198.177.124.148 - - [21/Jul/2026:10:14:53 +0000] "POST /wp-cron.php?doing_wp_cron=1784628893.7689359188079833984375 HTTP/1.1" 200 - "-" "WordPress/7.0.2; https://buygreatessentials.shop"
105.113.90.82 - - [21/Jul/2026:10:14:51 +0000] "POST /wp-admin/admin-ajax.php HTTP/1.1" 200 77 "https://buygreatessentials.shop/wp-admin/post.php?post=115&action=elementor" "Mozilla/5.0 (Windows NT 10.0; Win64; x64) AppleWebKit/537.36 (KHTML, like Gecko) Chrome/150.0.0.0 Safari/537.36"
105.113.90.82 - - [21/Jul/2026:10:15:07 +0000] "POST /wp-admin/admin-ajax.php HTTP/1.1" 200 77 "https://buygreatessentials.shop/wp-admin/post.php?post=115&action=elementor" "Mozilla/5.0 (Windows NT 10.0; Win64; x64) AppleWebKit/537.36 (KHTML, like Gecko) Chrome/150.0.0.0 Safari/537.36"
105.113.90.82 - - [21/Jul/2026:10:15:21 +0000] "POST /wp-admin/admin-ajax.php HTTP/1.1" 200 77 "https://buygreatessentials.shop/wp-admin/post.php?post=115&action=elementor" "Mozilla/5.0 (Windows NT 10.0; Win64; x64) AppleWebKit/537.36 (KHTML, like Gecko) Chrome/150.0.0.0 Safari/537.36"
105.113.90.82 - - [21/Jul/2026:10:15:37 +0000] "POST /wp-admin/admin-ajax.php HTTP/1.1" 200 77 "https://buygreatessentials.shop/wp-admin/post.php?post=115&action=elementor" "Mozilla/5.0 (Windows NT 10.0; Win64; x64) AppleWebKit/537.36 (KHTML, like Gecko) Chrome/150.0.0.0 Safari/537.36"
198.177.124.148 - - [21/Jul/2026:10:15:54 +0000] "POST /wp-cron.php?doing_wp_cron=1784628954.5215361118316650390625 HTTP/1.1" 200 - "-" "WordPress/7.0.2; https://buygreatessentials.shop"
105.113.90.82 - - [21/Jul/2026:10:15:51 +0000] "POST /wp-admin/admin-ajax.php HTTP/1.1" 200 77 "https://buygreatessentials.shop/wp-admin/post.php?post=115&action=elementor" "Mozilla/5.0 (Windows NT 10.0; Win64; x64) AppleWebKit/537.36 (KHTML, like Gecko) Chrome/150.0.0.0 Safari/537.36"
105.113.90.82 - - [21/Jul/2026:10:16:07 +0000] "POST /wp-admin/admin-ajax.php HTTP/1.1" 200 77 "https://buygreatessentials.shop/wp-admin/post.php?post=115&action=elementor" "Mozilla/5.0 (Windows NT 10.0; Win64; x64) AppleWebKit/537.36 (KHTML, like Gecko) Chrome/150.0.0.0 Safari/537.36"
105.113.90.82 - - [21/Jul/2026:10:16:08 +0000] "POST /wp-admin/admin-ajax.php HTTP/1.1" 200 77 "https://buygreatessentials.shop/wp-admin/post.php?post=157&action=elementor" "Mozilla/5.0 (Windows NT 10.0; Win64; x64) AppleWebKit/537.36 (KHTML, like Gecko) Chrome/150.0.0.0 Safari/537.36"
105.113.90.82 - - [21/Jul/2026:10:16:22 +0000] "POST /wp-admin/admin-ajax.php HTTP/1.1" 200 77 "https://buygreatessentials.shop/wp-admin/post.php?post=115&action=elementor" "Mozilla/5.0 (Windows NT 10.0; Win64; x64) AppleWebKit/537.36 (KHTML, like Gecko) Chrome/150.0.0.0 Safari/537.36"
105.113.90.82 - - [21/Jul/2026:10:16:36 +0000] "POST /wp-admin/admin-ajax.php HTTP/1.1" 200 77 "https://buygreatessentials.shop/wp-admin/post.php?post=115&action=elementor" "Mozilla/5.0 (Windows NT 10.0; Win64; x64) AppleWebKit/537.36 (KHTML, like Gecko) Chrome/150.0.0.0 Safari/537.36"
198.177.124.148 - - [21/Jul/2026:10:16:55 +0000] "POST /wp-cron.php?doing_wp_cron=1784629014.9054770469665527343750 HTTP/1.1" 200 - "-" "WordPress/7.0.2; https://buygreatessentials.shop"
105.113.90.82 - - [21/Jul/2026:10:16:52 +0000] "POST /wp-admin/admin-ajax.php HTTP/1.1" 200 77 "https://buygreatessentials.shop/wp-admin/post.php?post=115&action=elementor" "Mozilla/5.0 (Windows NT 10.0; Win64; x64) AppleWebKit/537.36 (KHTML, like Gecko) Chrome/150.0.0.0 Safari/537.36"
105.113.90.82 - - [21/Jul/2026:10:17:06 +0000] "POST /wp-admin/admin-ajax.php HTTP/1.1" 200 77 "https://buygreatessentials.shop/wp-admin/post.php?post=115&action=elementor" "Mozilla/5.0 (Windows NT 10.0; Win64; x64) AppleWebKit/537.36 (KHTML, like Gecko) Chrome/150.0.0.0 Safari/537.36"
105.113.90.82 - - [21/Jul/2026:10:17:22 +0000] "POST /wp-admin/admin-ajax.php HTTP/1.1" 200 77 "https://buygreatessentials.shop/wp-admin/post.php?post=115&action=elementor" "Mozilla/5.0 (Windows NT 10.0; Win64; x64) AppleWebKit/537.36 (KHTML, like Gecko) Chrome/150.0.0.0 Safari/537.36"
105.113.90.82 - - [21/Jul/2026:10:17:36 +0000] "POST /wp-admin/admin-ajax.php HTTP/1.1" 200 77 "https://buygreatessentials.shop/wp-admin/post.php?post=115&action=elementor" "Mozilla/5.0 (Windows NT 10.0; Win64; x64) AppleWebKit/537.36 (KHTML, like Gecko) Chrome/150.0.0.0 Safari/537.36"
198.177.124.148 - - [21/Jul/2026:10:17:55 +0000] "POST /wp-cron.php?doing_wp_cron=1784629074.9654181003570556640625 HTTP/1.1" 200 - "-" "WordPress/7.0.2; https://buygreatessentials.shop"
105.113.90.82 - - [21/Jul/2026:10:17:53 +0000] "POST /wp-admin/admin-ajax.php HTTP/1.1" 200 77 "https://buygreatessentials.shop/wp-admin/post.php?post=115&action=elementor" "Mozilla/5.0 (Windows NT 10.0; Win64; x64) AppleWebKit/537.36 (KHTML, like Gecko) Chrome/150.0.0.0 Safari/537.36"
105.113.90.82 - - [21/Jul/2026:10:18:06 +0000] "POST /wp-admin/admin-ajax.php HTTP/1.1" 200 77 "https://buygreatessentials.shop/wp-admin/post.php?post=115&action=elementor" "Mozilla/5.0 (Windows NT 10.0; Win64; x64) AppleWebKit/537.36 (KHTML, like Gecko) Chrome/150.0.0.0 Safari/537.36"
105.113.90.82 - - [21/Jul/2026:10:18:09 +0000] "POST /wp-admin/admin-ajax.php HTTP/1.1" 200 77 "https://buygreatessentials.shop/wp-admin/post.php?post=157&action=elementor" "Mozilla/5.0 (Windows NT 10.0; Win64; x64) AppleWebKit/537.36 (KHTML, like Gecko) Chrome/150.0.0.0 Safari/537.36"
105.113.90.82 - - [21/Jul/2026:10:18:22 +0000] "POST /wp-admin/admin-ajax.php HTTP/1.1" 200 77 "https://buygreatessentials.shop/wp-admin/post.php?post=115&action=elementor" "Mozilla/5.0 (Windows NT 10.0; Win64; x64) AppleWebKit/537.36 (KHTML, like Gecko) Chrome/150.0.0.0 Safari/537.36"
198.177.124.148 - - [21/Jul/2026:10:18:38 +0000] "POST /wp-cron.php?doing_wp_cron=1784629118.4384589195251464843750 HTTP/1.1" 200 - "-" "WordPress/7.0.2; https://buygreatessentials.shop"
105.113.90.82 - - [21/Jul/2026:10:18:36 +0000] "POST /wp-admin/admin-ajax.php HTTP/1.1" 200 77 "https://buygreatessentials.shop/wp-admin/post.php?post=115&action=elementor" "Mozilla/5.0 (Windows NT 10.0; Win64; x64) AppleWebKit/537.36 (KHTML, like Gecko) Chrome/150.0.0.0 Safari/537.36"
198.177.124.148 - - [21/Jul/2026:10:18:53 +0000] "POST /wp-cron.php?doing_wp_cron=1784629133.8584558963775634765625 HTTP/1.1" 200 - "-" "WordPress/7.0.2; https://buygreatessentials.shop"
105.113.90.82 - - [21/Jul/2026:10:18:52 +0000] "POST /wp-admin/admin-ajax.php HTTP/1.1" 200 77 "https://buygreatessentials.shop/wp-admin/post.php?post=115&action=elementor" "Mozilla/5.0 (Windows NT 10.0; Win64; x64) AppleWebKit/537.36 (KHTML, like Gecko) Chrome/150.0.0.0 Safari/537.36"
105.113.90.82 - - [21/Jul/2026:10:19:06 +0000] "POST /wp-admin/admin-ajax.php HTTP/1.1" 200 77 "https://buygreatessentials.shop/wp-admin/post.php?post=115&action=elementor" "Mozilla/5.0 (Windows NT 10.0; Win64; x64) AppleWebKit/537.36 (KHTML, like Gecko) Chrome/150.0.0.0 Safari/537.36"
105.113.90.82 - - [21/Jul/2026:10:19:22 +0000] "POST /wp-admin/admin-ajax.php HTTP/1.1" 200 77 "https://buygreatessentials.shop/wp-admin/post.php?post=115&action=elementor" "Mozilla/5.0 (Windows NT 10.0; Win64; x64) AppleWebKit/537.36 (KHTML, like Gecko) Chrome/150.0.0.0 Safari/537.36"
105.113.90.82 - - [21/Jul/2026:10:19:37 +0000] "POST /wp-admin/admin-ajax.php HTTP/1.1" 200 77 "https://buygreatessentials.shop/wp-admin/post.php?post=115&action=elementor" "Mozilla/5.0 (Windows NT 10.0; Win64; x64) AppleWebKit/537.36 (KHTML, like Gecko) Chrome/150.0.0.0 Safari/537.36"
105.113.90.82 - - [21/Jul/2026:10:19:37 +0000] "POST /wp-admin/admin-ajax.php HTTP/1.1" 200 77 "https://buygreatessentials.shop/wp-admin/post.php?post=157&action=elementor" "Mozilla/5.0 (Windows NT 10.0; Win64; x64) AppleWebKit/537.36 (KHTML, like Gecko) Chrome/150.0.0.0 Safari/537.36"
105.113.90.82 - - [21/Jul/2026:10:19:37 +0000] "GET /wp-json/elementor/v1/checklist/user-progress HTTP/1.1" 200 534 "https://buygreatessentials.shop/wp-admin/post.php?post=157&action=elementor" "Mozilla/5.0 (Windows NT 10.0; Win64; x64) AppleWebKit/537.36 (KHTML, like Gecko) Chrome/150.0.0.0 Safari/537.36"
198.177.124.148 - - [21/Jul/2026:10:19:54 +0000] "POST /wp-cron.php?doing_wp_cron=1784629194.5400969982147216796875 HTTP/1.1" 200 - "-" "WordPress/7.0.2; https://buygreatessentials.shop"
105.113.90.82 - - [21/Jul/2026:10:19:52 +0000] "POST /wp-admin/admin-ajax.php HTTP/1.1" 200 77 "https://buygreatessentials.shop/wp-admin/post.php?post=157&action=elementor" "Mozilla/5.0 (Windows NT 10.0; Win64; x64) AppleWebKit/537.36 (KHTML, like Gecko) Chrome/150.0.0.0 Safari/537.36"
105.113.90.82 - - [21/Jul/2026:10:20:07 +0000] "POST /wp-admin/admin-ajax.php HTTP/1.1" 200 77 "https://buygreatessentials.shop/wp-admin/post.php?post=157&action=elementor" "Mozilla/5.0 (Windows NT 10.0; Win64; x64) AppleWebKit/537.36 (KHTML, like Gecko) Chrome/150.0.0.0 Safari/537.36"
105.113.90.82 - - [21/Jul/2026:10:20:22 +0000] "POST /wp-admin/admin-ajax.php HTTP/1.1" 200 77 "https://buygreatessentials.shop/wp-admin/post.php?post=157&action=elementor" "Mozilla/5.0 (Windows NT 10.0; Win64; x64) AppleWebKit/537.36 (KHTML, like Gecko) Chrome/150.0.0.0 Safari/537.36"
105.113.90.82 - - [21/Jul/2026:10:20:22 +0000] "GET /wp-json/elementor/v1/checklist/user-progress HTTP/1.1" 200 534 "https://buygreatessentials.shop/wp-admin/post.php?post=157&action=elementor" "Mozilla/5.0 (Windows NT 10.0; Win64; x64) AppleWebKit/537.36 (KHTML, like Gecko) Chrome/150.0.0.0 Safari/537.36"
198.177.124.148 - - [21/Jul/2026:10:21:07 +0000] "POST /wp-cron.php?doing_wp_cron=1784629267.2591409683227539062500 HTTP/1.1" 200 - "-" "WordPress/7.0.2; https://buygreatessentials.shop"
105.113.90.82 - - [21/Jul/2026:10:21:04 +0000] "POST /wp-admin/admin-ajax.php HTTP/1.1" 200 77 "https://buygreatessentials.shop/wp-admin/post.php?post=157&action=elementor" "Mozilla/5.0 (Windows NT 10.0; Win64; x64) AppleWebKit/537.36 (KHTML, like Gecko) Chrome/150.0.0.0 Safari/537.36"
105.113.90.82 - - [21/Jul/2026:10:21:04 +0000] "GET /wp-json/elementor/v1/checklist/user-progress HTTP/1.1" 200 534 "https://buygreatessentials.shop/wp-admin/post.php?post=157&action=elementor" "Mozilla/5.0 (Windows NT 10.0; Win64; x64) AppleWebKit/537.36 (KHTML, like Gecko) Chrome/150.0.0.0 Safari/537.36"
105.113.90.82 - - [21/Jul/2026:10:21:21 +0000] "GET /wp-admin/ HTTP/1.1" 200 391111 "-" "Mozilla/5.0 (Windows NT 10.0; Win64; x64) AppleWebKit/537.36 (KHTML, like Gecko) Chrome/150.0.0.0 Safari/537.36"
198.177.124.148 - - [21/Jul/2026:10:21:33 +0000] "POST /wp-cron.php?doing_wp_cron=1784629293.3840250968933105468750 HTTP/1.1" 200 - "-" "WordPress/7.0.2; https://buygreatessentials.shop"
105.113.90.82 - - [21/Jul/2026:10:21:32 +0000] "GET /wp-admin/update-core.php HTTP/1.1" 404 245713 "https://buygreatessentials.shop/wp-admin/" "Mozilla/5.0 (Windows NT 10.0; Win64; x64) AppleWebKit/537.36 (KHTML, like Gecko) Chrome/150.0.0.0 Safari/537.36"
105.113.90.82 - - [21/Jul/2026:10:21:35 +0000] "GET /wp-admin/admin-ajax.php?action=pys_get_pbid HTTP/1.1" 200 1 "https://buygreatessentials.shop/wp-admin/update-core.php" "Mozilla/5.0 (Windows NT 10.0; Win64; x64) AppleWebKit/537.36 (KHTML, like Gecko) Chrome/150.0.0.0 Safari/537.36"
105.113.90.82 - - [21/Jul/2026:10:21:37 +0000] "POST /wp-admin/admin-ajax.php HTTP/1.1" 200 77 "https://buygreatessentials.shop/wp-admin/post.php?post=115&action=elementor" "Mozilla/5.0 (Windows NT 10.0; Win64; x64) AppleWebKit/537.36 (KHTML, like Gecko) Chrome/150.0.0.0 Safari/537.36"
105.113.90.82 - - [21/Jul/2026:10:21:37 +0000] "GET /wp-admin/ HTTP/1.1" 200 391111 "-" "Mozilla/5.0 (Windows NT 10.0; Win64; x64) AppleWebKit/537.36 (KHTML, like Gecko) Chrome/150.0.0.0 Safari/537.36"
198.177.124.148 - - [21/Jul/2026:10:22:44 +0000] "POST /wp-cron.php?doing_wp_cron=1784629364.1664280891418457031250 HTTP/1.1" 200 - "-" "WordPress/7.0.2; https://buygreatessentials.shop"
105.113.90.82 - - [21/Jul/2026:10:22:42 +0000] "POST /wp-admin/admin-ajax.php HTTP/1.1" 200 47 "https://buygreatessentials.shop/wp-admin/" "Mozilla/5.0 (Windows NT 10.0; Win64; x64) AppleWebKit/537.36 (KHTML, like Gecko) Chrome/150.0.0.0 Safari/537.36"
105.113.90.82 - - [21/Jul/2026:10:23:05 +0000] "POST /wp-admin/admin-ajax.php HTTP/1.1" 200 77 "https://buygreatessentials.shop/wp-admin/post.php?post=157&action=elementor" "Mozilla/5.0 (Windows NT 10.0; Win64; x64) AppleWebKit/537.36 (KHTML, like Gecko) Chrome/150.0.0.0 Safari/537.36"
105.113.90.82 - - [21/Jul/2026:10:23:39 +0000] "POST /wp-admin/admin-ajax.php HTTP/1.1" 200 77 "https://buygreatessentials.shop/wp-admin/post.php?post=115&action=elementor" "Mozilla/5.0 (Windows NT 10.0; Win64; x64) AppleWebKit/537.36 (KHTML, like Gecko) Chrome/150.0.0.0 Safari/537.36"
105.113.90.82 - - [21/Jul/2026:10:23:41 +0000] "POST /wp-admin/admin-ajax.php HTTP/1.1" 200 47 "https://buygreatessentials.shop/wp-admin/" "Mozilla/5.0 (Windows NT 10.0; Win64; x64) AppleWebKit/537.36 (KHTML, like Gecko) Chrome/150.0.0.0 Safari/537.36"
105.113.90.82 - - [21/Jul/2026:10:24:30 +0000] "GET /wp-content/plugins/insert-headers-and-footers/build/admin.css?ver=630bdd5489139625080d HTTP/1.1" 304 - "https://buygreatessentials.shop/wp-admin/admin.php?page=wpcode-settings" "Mozilla/5.0 (Windows NT 10.0; Win64; x64) AppleWebKit/537.36 (KHTML, like Gecko) Chrome/150.0.0.0 Safari/537.36"
198.177.124.148 - - [21/Jul/2026:10:24:31 +0000] "POST /wp-cron.php?doing_wp_cron=1784629471.4046859741210937500000 HTTP/1.1" 200 - "-" "WordPress/7.0.2; https://buygreatessentials.shop"
105.113.90.82 - - [21/Jul/2026:10:24:26 +0000] "GET /wp-admin/admin.php?page=wpcode-settings HTTP/1.1" 200 348213 "https://buygreatessentials.shop/wp-admin/" "Mozilla/5.0 (Windows NT 10.0; Win64; x64) AppleWebKit/537.36 (KHTML, like Gecko) Chrome/150.0.0.0 Safari/537.36"
105.113.90.82 - - [21/Jul/2026:10:24:32 +0000] "GET /wp-content/plugins/insert-headers-and-footers/build/admin.js?ver=630bdd5489139625080d HTTP/1.1" 304 - "https://buygreatessentials.shop/wp-admin/admin.php?page=wpcode-settings" "Mozilla/5.0 (Windows NT 10.0; Win64; x64) AppleWebKit/537.36 (KHTML, like Gecko) Chrome/150.0.0.0 Safari/537.36"
105.113.90.82 - - [21/Jul/2026:10:24:32 +0000] "GET /wp-content/plugins/insert-headers-and-footers/build/notices.js?ver=2.3.7 HTTP/1.1" 304 - "https://buygreatessentials.shop/wp-admin/admin.php?page=wpcode-settings" "Mozilla/5.0 (Windows NT 10.0; Win64; x64) AppleWebKit/537.36 (KHTML, like Gecko) Chrome/150.0.0.0 Safari/537.36"
105.113.90.82 - - [21/Jul/2026:10:24:33 +0000] "GET /wp-content/plugins/insert-headers-and-footers/build/connect.js?ver=23af03e215b7a990b5ad HTTP/1.1" 200 1645 "https://buygreatessentials.shop/wp-admin/admin.php?page=wpcode-settings" "Mozilla/5.0 (Windows NT 10.0; Win64; x64) AppleWebKit/537.36 (KHTML, like Gecko) Chrome/150.0.0.0 Safari/537.36"
198.177.124.148 - - [21/Jul/2026:10:24:58 +0000] "POST /wp-cron.php?doing_wp_cron=1784629498.5951840877532958984375 HTTP/1.1" 200 - "-" "WordPress/7.0.2; https://buygreatessentials.shop"
105.113.90.82 - - [21/Jul/2026:10:24:56 +0000] "GET /wp-admin/admin.php?page=wpcode-settings&view=errors HTTP/1.1" 200 347686 "https://buygreatessentials.shop/wp-admin/admin.php?page=wpcode-settings" "Mozilla/5.0 (Windows NT 10.0; Win64; x64) AppleWebKit/537.36 (KHTML, like Gecko) Chrome/150.0.0.0 Safari/537.36"
198.177.124.148 - - [21/Jul/2026:10:25:00 +0000] "POST /wp-cron.php?doing_wp_cron=1784629500.5338749885559082031250 HTTP/1.1" 200 - "-" "WordPress/7.0.2; https://buygreatessentials.shop"
105.113.90.82 - - [21/Jul/2026:10:24:57 +0000] "GET /wp-admin/admin.php?page=wpcode-settings&view=errors HTTP/1.1" 200 347686 "https://buygreatessentials.shop/wp-admin/admin.php?page=wpcode-settings" "Mozilla/5.0 (Windows NT 10.0; Win64; x64) AppleWebKit/537.36 (KHTML, like Gecko) Chrome/150.0.0.0 Safari/537.36"
105.113.90.82 - - [21/Jul/2026:10:25:00 +0000] "GET /wp-admin/admin.php?page=wpcode-settings&view=access HTTP/1.1" 200 348035 "https://buygreatessentials.shop/wp-admin/admin.php?page=wpcode-settings" "Mozilla/5.0 (Windows NT 10.0; Win64; x64) AppleWebKit/537.36 (KHTML, like Gecko) Chrome/150.0.0.0 Safari/537.36"
105.113.90.82 - - [21/Jul/2026:10:25:05 +0000] "POST /wp-admin/admin-ajax.php HTTP/1.1" 200 77 "https://buygreatessentials.shop/wp-admin/post.php?post=157&action=elementor" "Mozilla/5.0 (Windows NT 10.0; Win64; x64) AppleWebKit/537.36 (KHTML, like Gecko) Chrome/150.0.0.0 Safari/537.36"
105.113.90.82 - - [21/Jul/2026:10:25:02 +0000] "GET /wp-admin/admin.php?page=wpcode-settings&view=general HTTP/1.1" 200 348342 "https://buygreatessentials.shop/wp-admin/admin.php?page=wpcode-settings" "Mozilla/5.0 (Windows NT 10.0; Win64; x64) AppleWebKit/537.36 (KHTML, like Gecko) Chrome/150.0.0.0 Safari/537.36"
105.113.90.82 - - [21/Jul/2026:10:25:39 +0000] "POST /wp-admin/admin-ajax.php HTTP/1.1" 200 77 "https://buygreatessentials.shop/wp-admin/post.php?post=115&action=elementor" "Mozilla/5.0 (Windows NT 10.0; Win64; x64) AppleWebKit/537.36 (KHTML, like Gecko) Chrome/150.0.0.0 Safari/537.36"
105.113.90.82 - - [21/Jul/2026:10:25:44 +0000] "POST /wp-admin/admin-ajax.php HTTP/1.1" 200 16 "https://buygreatessentials.shop/wp-admin/admin.php?page=wpcode-settings&view=general" "Mozilla/5.0 (Windows NT 10.0; Win64; x64) AppleWebKit/537.36 (KHTML, like Gecko) Chrome/150.0.0.0 Safari/537.36"
105.113.90.82 - - [21/Jul/2026:10:25:59 +0000] "GET /wp-content/plugins/wpforms-lite/assets/css/admin/edit-post-education.min.css?ver=2.0.0.2 HTTP/1.1" 304 - "https://buygreatessentials.shop/wp-admin/edit.php?post_type=page" "Mozilla/5.0 (Windows NT 10.0; Win64; x64) AppleWebKit/537.36 (KHTML, like Gecko) Chrome/150.0.0.0 Safari/537.36"
105.113.90.82 - - [21/Jul/2026:10:25:56 +0000] "GET /wp-admin/edit.php?post_type=page HTTP/1.1" 200 337102 "https://buygreatessentials.shop/wp-admin/admin.php?page=wpcode-settings&view=general" "Mozilla/5.0 (Windows NT 10.0; Win64; x64) AppleWebKit/537.36 (KHTML, like Gecko) Chrome/150.0.0.0 Safari/537.36"
105.113.90.82 - - [21/Jul/2026:10:26:00 +0000] "GET /wp-content/plugins/wpforms-lite/assets/js/admin/education/edit-post.es5.min.js?ver=2.0.0.2 HTTP/1.1" 304 - "https://buygreatessentials.shop/wp-admin/edit.php?post_type=page" "Mozilla/5.0 (Windows NT 10.0; Win64; x64) AppleWebKit/537.36 (KHTML, like Gecko) Chrome/150.0.0.0 Safari/537.36"
198.177.124.148 - - [21/Jul/2026:10:26:03 +0000] "POST /wp-cron.php?doing_wp_cron=1784629563.7250220775604248046875 HTTP/1.1" 200 - "-" "WordPress/7.0.2; https://buygreatessentials.shop"
105.113.90.82 - - [21/Jul/2026:10:26:01 +0000] "POST /wp-admin/admin-ajax.php HTTP/1.1" 200 47 "https://buygreatessentials.shop/wp-admin/edit.php?post_type=page" "Mozilla/5.0 (Windows NT 10.0; Win64; x64) AppleWebKit/537.36 (KHTML, like Gecko) Chrome/150.0.0.0 Safari/537.36"
105.113.90.82 - - [21/Jul/2026:10:26:11 +0000] "POST /wp-admin/admin-ajax.php HTTP/1.1" 200 47 "https://buygreatessentials.shop/wp-admin/edit.php?post_type=page" "Mozilla/5.0 (Windows NT 10.0; Win64; x64) AppleWebKit/537.36 (KHTML, like Gecko) Chrome/150.0.0.0 Safari/537.36"
105.113.90.82 - - [21/Jul/2026:10:26:16 +0000] "GET /wp-content/plugins/insert-headers-and-footers/assets/css/admin-packs.css?ver=2.3.7 HTTP/1.1" 200 10769 "https://buygreatessentials.shop/wp-admin/admin.php?page=wpcode-snippet-manager" "Mozilla/5.0 (Windows NT 10.0; Win64; x64) AppleWebKit/537.36 (KHTML, like Gecko) Chrome/150.0.0.0 Safari/537.36"
105.113.90.82 - - [21/Jul/2026:10:26:10 +0000] "GET /wp-admin/admin.php?page=wpcode-snippet-manager HTTP/1.1" 200 1255775 "https://buygreatessentials.shop/wp-admin/edit.php?post_type=page" "Mozilla/5.0 (Windows NT 10.0; Win64; x64) AppleWebKit/537.36 (KHTML, like Gecko) Chrome/150.0.0.0 Safari/537.36"
105.113.90.82 - - [21/Jul/2026:10:26:20 +0000] "GET /wp-content/plugins/insert-headers-and-footers/assets/js/admin/packs.js?ver=2.3.7 HTTP/1.1" 200 10513 "https://buygreatessentials.shop/wp-admin/admin.php?page=wpcode-snippet-manager" "Mozilla/5.0 (Windows NT 10.0; Win64; x64) AppleWebKit/537.36 (KHTML, like Gecko) Chrome/150.0.0.0 Safari/537.36"
105.113.90.82 - - [21/Jul/2026:10:26:20 +0000] "GET /wp-admin/js/code-editor.min.js?ver=7.0.2 HTTP/1.1" 200 3543 "https://buygreatessentials.shop/wp-admin/admin.php?page=wpcode-snippet-manager" "Mozilla/5.0 (Windows NT 10.0; Win64; x64) AppleWebKit/537.36 (KHTML, like Gecko) Chrome/150.0.0.0 Safari/537.36"
105.113.90.82 - - [21/Jul/2026:10:26:20 +0000] "GET /wp-includes/js/codemirror/codemirror.min.js?ver=5.65.20 HTTP/1.1" 200 620150 "https://buygreatessentials.shop/wp-admin/admin.php?page=wpcode-snippet-manager" "Mozilla/5.0 (Windows NT 10.0; Win64; x64) AppleWebKit/537.36 (KHTML, like Gecko) Chrome/150.0.0.0 Safari/537.36"
198.177.124.148 - - [21/Jul/2026:10:27:09 +0000] "POST /wp-cron.php?doing_wp_cron=1784629629.7040550708770751953125 HTTP/1.1" 200 - "-" "WordPress/7.0.2; https://buygreatessentials.shop"
105.113.90.82 - - [21/Jul/2026:10:27:07 +0000] "POST /wp-admin/admin-ajax.php HTTP/1.1" 200 77 "https://buygreatessentials.shop/wp-admin/post.php?post=157&action=elementor" "Mozilla/5.0 (Windows NT 10.0; Win64; x64) AppleWebKit/537.36 (KHTML, like Gecko) Chrome/150.0.0.0 Safari/537.36"
105.113.90.82 - - [21/Jul/2026:10:27:16 +0000] "GET /wp-admin/admin.php?page=wpcode-headers-footers HTTP/1.1" 200 359214 "https://buygreatessentials.shop/wp-admin/admin.php?page=wpcode-snippet-manager" "Mozilla/5.0 (Windows NT 10.0; Win64; x64) AppleWebKit/537.36 (KHTML, like Gecko) Chrome/150.0.0.0 Safari/537.36"
105.113.90.82 - - [21/Jul/2026:10:27:25 +0000] "GET /wp-includes/js/codemirror/htmlhint.js?ver=1.8.0 HTTP/1.1" 200 41978 "https://buygreatessentials.shop/wp-admin/admin.php?page=wpcode-headers-footers" "Mozilla/5.0 (Windows NT 10.0; Win64; x64) AppleWebKit/537.36 (KHTML, like Gecko) Chrome/150.0.0.0 Safari/537.36"
105.113.90.82 - - [21/Jul/2026:10:27:22 +0000] "POST /wp-admin/admin-ajax.php HTTP/1.1" 200 47 "https://buygreatessentials.shop/wp-admin/admin.php?page=wpcode-snippet-manager" "Mozilla/5.0 (Windows NT 10.0; Win64; x64) AppleWebKit/537.36 (KHTML, like Gecko) Chrome/150.0.0.0 Safari/537.36"
105.113.90.82 - - [21/Jul/2026:10:27:24 +0000] "GET /wp-admin/load-scripts.php?c=0&load%5Bchunk_0%5D=jquery-core,jquery-migrate,utils,underscore,wp-codemirror&ver=7.0.2 HTTP/1.1" 200 742161 "https://buygreatessentials.shop/wp-admin/admin.php?page=wpcode-headers-footers" "Mozilla/5.0 (Windows NT 10.0; Win64; x64) AppleWebKit/537.36 (KHTML, like Gecko) Chrome/150.0.0.0 Safari/537.36"
105.113.90.82 - - [21/Jul/2026:10:27:25 +0000] "GET /wp-includes/js/codemirror/csslint.js?ver=1.0.5 HTTP/1.1" 200 374004 "https://buygreatessentials.shop/wp-admin/admin.php?page=wpcode-headers-footers" "Mozilla/5.0 (Windows NT 10.0; Win64; x64) AppleWebKit/537.36 (KHTML, like Gecko) Chrome/150.0.0.0 Safari/537.36"
105.113.90.82 - - [21/Jul/2026:10:27:27 +0000] "GET /wp-content/plugins/insert-headers-and-footers/admin/images/default-user-icon.png HTTP/1.1" 304 - "https://buygreatessentials.shop/wp-admin/admin.php?page=wpcode-headers-footers" "Mozilla/5.0 (Windows NT 10.0; Win64; x64) AppleWebKit/537.36 (KHTML, like Gecko) Chrome/150.0.0.0 Safari/537.36"
198.177.124.148 - - [21/Jul/2026:10:27:44 +0000] "POST /wp-cron.php?doing_wp_cron=1784629664.5809829235076904296875 HTTP/1.1" 200 - "-" "WordPress/7.0.2; https://buygreatessentials.shop"
105.113.90.82 - - [21/Jul/2026:10:27:40 +0000] "POST /wp-admin/admin-ajax.php HTTP/1.1" 200 77 "https://buygreatessentials.shop/wp-admin/post.php?post=115&action=elementor" "Mozilla/5.0 (Windows NT 10.0; Win64; x64) AppleWebKit/537.36 (KHTML, like Gecko) Chrome/150.0.0.0 Safari/537.36"
105.113.90.82 - - [21/Jul/2026:10:27:46 +0000] "GET /wp-admin/edit.php?post_type=page HTTP/1.1" 200 337096 "https://buygreatessentials.shop/wp-admin/admin.php?page=wpcode-headers-footers" "Mozilla/5.0 (Windows NT 10.0; Win64; x64) AppleWebKit/537.36 (KHTML, like Gecko) Chrome/150.0.0.0 Safari/537.36"
105.113.90.82 - - [21/Jul/2026:10:27:52 +0000] "POST /wp-admin/admin-ajax.php HTTP/1.1" 200 47 "https://buygreatessentials.shop/wp-admin/edit.php?post_type=page" "Mozilla/5.0 (Windows NT 10.0; Win64; x64) AppleWebKit/537.36 (KHTML, like Gecko) Chrome/150.0.0.0 Safari/537.36"
105.113.90.82 - - [21/Jul/2026:10:28:02 +0000] "POST /wp-admin/admin-ajax.php HTTP/1.1" 200 47 "https://buygreatessentials.shop/wp-admin/edit.php?post_type=page" "Mozilla/5.0 (Windows NT 10.0; Win64; x64) AppleWebKit/537.36 (KHTML, like Gecko) Chrome/150.0.0.0 Safari/537.36"
105.113.90.82 - - [21/Jul/2026:10:28:13 +0000] "POST /wp-admin/admin-ajax.php HTTP/1.1" 200 47 "https://buygreatessentials.shop/wp-admin/edit.php?post_type=page" "Mozilla/5.0 (Windows NT 10.0; Win64; x64) AppleWebKit/537.36 (KHTML, like Gecko) Chrome/150.0.0.0 Safari/537.36"
105.113.90.82 - - [21/Jul/2026:10:28:22 +0000] "POST /wp-admin/admin-ajax.php HTTP/1.1" 200 47 "https://buygreatessentials.shop/wp-admin/edit.php?post_type=page" "Mozilla/5.0 (Windows NT 10.0; Win64; x64) AppleWebKit/537.36 (KHTML, like Gecko) Chrome/150.0.0.0 Safari/537.36"
105.113.90.82 - - [21/Jul/2026:10:28:34 +0000] "POST /wp-admin/admin-ajax.php HTTP/1.1" 200 47 "https://buygreatessentials.shop/wp-admin/edit.php?post_type=page" "Mozilla/5.0 (Windows NT 10.0; Win64; x64) AppleWebKit/537.36 (KHTML, like Gecko) Chrome/150.0.0.0 Safari/537.36"
105.113.90.82 - - [21/Jul/2026:10:28:35 +0000] "POST /wp-admin/admin-ajax.php HTTP/1.1" 200 77 "https://buygreatessentials.shop/wp-admin/post.php?post=115&action=elementor" "Mozilla/5.0 (Windows NT 10.0; Win64; x64) AppleWebKit/537.36 (KHTML, like Gecko) Chrome/150.0.0.0 Safari/537.36"
105.113.90.82 - - [21/Jul/2026:10:28:35 +0000] "GET /wp-json/elementor/v1/checklist/user-progress HTTP/1.1" 200 534 "https://buygreatessentials.shop/wp-admin/post.php?post=115&action=elementor" "Mozilla/5.0 (Windows NT 10.0; Win64; x64) AppleWebKit/537.36 (KHTML, like Gecko) Chrome/150.0.0.0 Safari/537.36"
198.177.124.148 - - [21/Jul/2026:10:28:52 +0000] "POST /wp-cron.php?doing_wp_cron=1784629732.4177858829498291015625 HTTP/1.1" 200 - "-" "WordPress/7.0.2; https://buygreatessentials.shop"
105.113.90.82 - - [21/Jul/2026:10:28:50 +0000] "POST /wp-admin/admin-ajax.php HTTP/1.1" 200 77 "https://buygreatessentials.shop/wp-admin/post.php?post=115&action=elementor" "Mozilla/5.0 (Windows NT 10.0; Win64; x64) AppleWebKit/537.36 (KHTML, like Gecko) Chrome/150.0.0.0 Safari/537.36"
105.113.90.82 - - [21/Jul/2026:10:29:06 +0000] "POST /wp-admin/admin-ajax.php HTTP/1.1" 200 77 "https://buygreatessentials.shop/wp-admin/post.php?post=115&action=elementor" "Mozilla/5.0 (Windows NT 10.0; Win64; x64) AppleWebKit/537.36 (KHTML, like Gecko) Chrome/150.0.0.0 Safari/537.36"
105.113.90.82 - - [21/Jul/2026:10:29:07 +0000] "POST /wp-admin/admin-ajax.php HTTP/1.1" 200 77 "https://buygreatessentials.shop/wp-admin/post.php?post=157&action=elementor" "Mozilla/5.0 (Windows NT 10.0; Win64; x64) AppleWebKit/537.36 (KHTML, like Gecko) Chrome/150.0.0.0 Safari/537.36"
105.113.90.82 - - [21/Jul/2026:10:29:11 +0000] "GET /wp-json/elementor/v1/checklist/user-progress HTTP/1.1" 200 534 "https://buygreatessentials.shop/wp-admin/post.php?post=115&action=elementor" "Mozilla/5.0 (Windows NT 10.0; Win64; x64) AppleWebKit/537.36 (KHTML, like Gecko) Chrome/150.0.0.0 Safari/537.36"
105.113.90.82 - - [21/Jul/2026:10:29:11 +0000] "GET /wp-json/elementor/v1/user-data/current-user?context=edit HTTP/1.1" 200 1436 "https://buygreatessentials.shop/wp-admin/post.php?post=115&action=elementor" "Mozilla/5.0 (Windows NT 10.0; Win64; x64) AppleWebKit/537.36 (KHTML, like Gecko) Chrome/150.0.0.0 Safari/537.36"
105.113.90.82 - - [21/Jul/2026:10:29:21 +0000] "POST /wp-admin/admin-ajax.php HTTP/1.1" 200 77 "https://buygreatessentials.shop/wp-admin/post.php?post=115&action=elementor" "Mozilla/5.0 (Windows NT 10.0; Win64; x64) AppleWebKit/537.36 (KHTML, like Gecko) Chrome/150.0.0.0 Safari/537.36"
105.113.90.82 - - [21/Jul/2026:10:29:35 +0000] "POST /wp-admin/admin-ajax.php HTTP/1.1" 200 77 "https://buygreatessentials.shop/wp-admin/post.php?post=115&action=elementor" "Mozilla/5.0 (Windows NT 10.0; Win64; x64) AppleWebKit/537.36 (KHTML, like Gecko) Chrome/150.0.0.0 Safari/537.36"
198.177.124.148 - - [21/Jul/2026:10:29:53 +0000] "POST /wp-cron.php?doing_wp_cron=1784629793.7185459136962890625000 HTTP/1.1" 200 - "-" "WordPress/7.0.2; https://buygreatessentials.shop"
105.113.90.82 - - [21/Jul/2026:10:29:51 +0000] "POST /wp-admin/admin-ajax.php HTTP/1.1" 200 77 "https://buygreatessentials.shop/wp-admin/post.php?post=115&action=elementor" "Mozilla/5.0 (Windows NT 10.0; Win64; x64) AppleWebKit/537.36 (KHTML, like Gecko) Chrome/150.0.0.0 Safari/537.36"
105.113.90.82 - - [21/Jul/2026:10:30:05 +0000] "POST /wp-admin/admin-ajax.php HTTP/1.1" 200 77 "https://buygreatessentials.shop/wp-admin/post.php?post=115&action=elementor" "Mozilla/5.0 (Windows NT 10.0; Win64; x64) AppleWebKit/537.36 (KHTML, like Gecko) Chrome/150.0.0.0 Safari/537.36"
105.113.90.82 - - [21/Jul/2026:10:30:11 +0000] "GET /wp-json/elementor/v1/checklist/user-progress HTTP/1.1" 200 534 "https://buygreatessentials.shop/wp-admin/post.php?post=115&action=elementor" "Mozilla/5.0 (Windows NT 10.0; Win64; x64) AppleWebKit/537.36 (KHTML, like Gecko) Chrome/150.0.0.0 Safari/537.36"
105.113.90.82 - - [21/Jul/2026:10:30:11 +0000] "PUT /wp-json/elementor/v1/global-classes?context=preview HTTP/1.1" 204 - "https://buygreatessentials.shop/wp-admin/post.php?post=115&action=elementor" "Mozilla/5.0 (Windows NT 10.0; Win64; x64) AppleWebKit/537.36 (KHTML, like Gecko) Chrome/150.0.0.0 Safari/537.36"
105.113.90.82 - - [21/Jul/2026:10:30:12 +0000] "POST /wp-admin/admin-ajax.php HTTP/1.1" 200 1638 "https://buygreatessentials.shop/wp-admin/post.php?post=115&action=elementor" "Mozilla/5.0 (Windows NT 10.0; Win64; x64) AppleWebKit/537.36 (KHTML, like Gecko) Chrome/150.0.0.0 Safari/537.36"
105.113.90.82 - - [21/Jul/2026:10:30:18 +0000] "GET /wp-json/elementor/v1/checklist/user-progress HTTP/1.1" 200 534 "https://buygreatessentials.shop/wp-admin/post.php?post=115&action=elementor" "Mozilla/5.0 (Windows NT 10.0; Win64; x64) AppleWebKit/537.36 (KHTML, like Gecko) Chrome/150.0.0.0 Safari/537.36"
105.113.90.82 - - [21/Jul/2026:10:30:17 +0000] "POST /wp-json/wpforms/v1/elementor/themes/custom/?_locale=user HTTP/1.1" 200 15 "https://buygreatessentials.shop/?page_id=115&elementor-preview=115&ver=1784600596" "Mozilla/5.0 (Windows NT 10.0; Win64; x64) AppleWebKit/537.36 (KHTML, like Gecko) Chrome/150.0.0.0 Safari/537.36"
105.113.90.82 - - [21/Jul/2026:10:30:21 +0000] "POST /wp-admin/admin-ajax.php HTTP/1.1" 200 77 "https://buygreatessentials.shop/wp-admin/post.php?post=115&action=elementor" "Mozilla/5.0 (Windows NT 10.0; Win64; x64) AppleWebKit/537.36 (KHTML, like Gecko) Chrome/150.0.0.0 Safari/537.36"
105.113.90.82 - - [21/Jul/2026:10:30:34 +0000] "POST /wp-admin/admin-ajax.php HTTP/1.1" 200 47 "https://buygreatessentials.shop/wp-admin/edit.php?post_type=page" "Mozilla/5.0 (Windows NT 10.0; Win64; x64) AppleWebKit/537.36 (KHTML, like Gecko) Chrome/150.0.0.0 Safari/537.36"
105.113.90.82 - - [21/Jul/2026:10:30:37 +0000] "GET /wp-content/plugins/elementor/assets/images/placeholder.png HTTP/1.1" 304 - "https://buygreatessentials.shop/wp-admin/post.php?post=115&action=elementor" "Mozilla/5.0 (Windows NT 10.0; Win64; x64) AppleWebKit/537.36 (KHTML, like Gecko) Chrome/150.0.0.0 Safari/537.36"
105.113.90.82 - - [21/Jul/2026:10:30:36 +0000] "POST /wp-admin/admin-ajax.php HTTP/1.1" 200 77 "https://buygreatessentials.shop/wp-admin/post.php?post=115&action=elementor" "Mozilla/5.0 (Windows NT 10.0; Win64; x64) AppleWebKit/537.36 (KHTML, like Gecko) Chrome/150.0.0.0 Safari/537.36"
198.177.124.148 - - [21/Jul/2026:10:30:53 +0000] "POST /wp-cron.php?doing_wp_cron=1784629853.0169401168823242187500 HTTP/1.1" 200 - "-" "WordPress/7.0.2; https://buygreatessentials.shop"
105.113.90.82 - - [21/Jul/2026:10:30:51 +0000] "POST /wp-admin/admin-ajax.php HTTP/1.1" 200 77 "https://buygreatessentials.shop/wp-admin/post.php?post=115&action=elementor" "Mozilla/5.0 (Windows NT 10.0; Win64; x64) AppleWebKit/537.36 (KHTML, like Gecko) Chrome/150.0.0.0 Safari/537.36"
198.177.124.148 - - [21/Jul/2026:10:39:28 +0000] "POST /wp-cron.php?doing_wp_cron=1784630368.9469799995422363281250 HTTP/1.1" 200 - "-" "WordPress/7.0.2; https://buygreatessentials.shop"
105.113.103.166 - - [21/Jul/2026:10:39:25 +0000] "GET /wp-json/elementor/v1/checklist/user-progress HTTP/1.1" 200 534 "https://buygreatessentials.shop/wp-admin/post.php?post=157&action=elementor" "Mozilla/5.0 (Windows NT 10.0; Win64; x64) AppleWebKit/537.36 (KHTML, like Gecko) Chrome/150.0.0.0 Safari/537.36"
105.113.103.166 - - [21/Jul/2026:10:39:25 +0000] "PUT /wp-json/elementor/v1/global-classes?context=frontend HTTP/1.1" 204 - "https://buygreatessentials.shop/wp-admin/post.php?post=157&action=elementor" "Mozilla/5.0 (Windows NT 10.0; Win64; x64) AppleWebKit/537.36 (KHTML, like Gecko) Chrome/150.0.0.0 Safari/537.36"
105.113.103.166 - - [21/Jul/2026:10:39:30 +0000] "POST /wp-json/elementor/v1/design-system-sync/stylesheet HTTP/1.1" 204 - "https://buygreatessentials.shop/wp-admin/post.php?post=157&action=elementor" "Mozilla/5.0 (Windows NT 10.0; Win64; x64) AppleWebKit/537.36 (KHTML, like Gecko) Chrome/150.0.0.0 Safari/537.36"
105.113.103.166 - - [21/Jul/2026:10:39:30 +0000] "POST /wp-admin/admin-ajax.php HTTP/1.1" 200 77 "https://buygreatessentials.shop/wp-admin/post.php?post=157&action=elementor" "Mozilla/5.0 (Windows NT 10.0; Win64; x64) AppleWebKit/537.36 (KHTML, like Gecko) Chrome/150.0.0.0 Safari/537.36"
198.177.124.148 - - [21/Jul/2026:10:39:47 +0000] "POST /wp-cron.php?doing_wp_cron=1784630387.4753420352935791015625 HTTP/1.1" 200 - "-" "WordPress/7.0.2; https://buygreatessentials.shop"
105.113.103.166 - - [21/Jul/2026:10:39:46 +0000] "POST /wp-admin/admin-ajax.php HTTP/1.1" 200 77 "https://buygreatessentials.shop/wp-admin/post.php?post=157&action=elementor" "Mozilla/5.0 (Windows NT 10.0; Win64; x64) AppleWebKit/537.36 (KHTML, like Gecko) Chrome/150.0.0.0 Safari/537.36"
105.113.103.166 - - [21/Jul/2026:10:39:50 +0000] "GET /wp-content/uploads/elementor/css/post-157.css?ver=1784627428 HTTP/1.1" 304 - "https://buygreatessentials.shop/tech/" "Mozilla/5.0 (Windows NT 10.0; Win64; x64) AppleWebKit/537.36 (KHTML, like Gecko) Chrome/150.0.0.0 Safari/537.36"
105.113.103.166 - - [21/Jul/2026:10:39:47 +0000] "GET /tech/ HTTP/1.1" 200 220048 "-" "Mozilla/5.0 (Windows NT 10.0; Win64; x64) AppleWebKit/537.36 (KHTML, like Gecko) Chrome/150.0.0.0 Safari/537.36"
105.113.103.166 - - [21/Jul/2026:10:39:50 +0000] "GET /wp-content/uploads/elementor/css/local-157-frontend-desktop.css?ver=6a5f40e48ae6e HTTP/1.1" 304 - "https://buygreatessentials.shop/tech/" "Mozilla/5.0 (Windows NT 10.0; Win64; x64) AppleWebKit/537.36 (KHTML, like Gecko) Chrome/150.0.0.0 Safari/537.36"
105.113.103.166 - - [21/Jul/2026:10:39:51 +0000] "GET /wp-content/uploads/2026/07/Artificial-Intelligence-200x300.png HTTP/1.1" 304 - "https://buygreatessentials.shop/tech/" "Mozilla/5.0 (Windows NT 10.0; Win64; x64) AppleWebKit/537.36 (KHTML, like Gecko) Chrome/150.0.0.0 Safari/537.36"
105.113.103.166 - - [21/Jul/2026:10:39:51 +0000] "GET /wp-content/uploads/2026/07/Business-Analysis-300x300.png HTTP/1.1" 304 - "https://buygreatessentials.shop/tech/" "Mozilla/5.0 (Windows NT 10.0; Win64; x64) AppleWebKit/537.36 (KHTML, like Gecko) Chrome/150.0.0.0 Safari/537.36"
105.113.103.166 - - [21/Jul/2026:10:39:51 +0000] "GET /wp-content/uploads/2026/07/Cybersecurity-200x300.png HTTP/1.1" 304 - "https://buygreatessentials.shop/tech/" "Mozilla/5.0 (Windows NT 10.0; Win64; x64) AppleWebKit/537.36 (KHTML, like Gecko) Chrome/150.0.0.0 Safari/537.36"
105.113.103.166 - - [21/Jul/2026:10:39:51 +0000] "GET /wp-content/uploads/2026/07/Data-Analytics-300x300.png HTTP/1.1" 304 - "https://buygreatessentials.shop/tech/" "Mozilla/5.0 (Windows NT 10.0; Win64; x64) AppleWebKit/537.36 (KHTML, like Gecko) Chrome/150.0.0.0 Safari/537.36"
105.113.103.166 - - [21/Jul/2026:10:39:51 +0000] "GET /wp-content/uploads/2026/07/Data-Engineering-200x300.png HTTP/1.1" 304 - "https://buygreatessentials.shop/tech/" "Mozilla/5.0 (Windows NT 10.0; Win64; x64) AppleWebKit/537.36 (KHTML, like Gecko) Chrome/150.0.0.0 Safari/537.36"
105.113.103.166 - - [21/Jul/2026:10:39:51 +0000] "GET /wp-content/uploads/2026/07/Project-Management-200x300.png HTTP/1.1" 304 - "https://buygreatessentials.shop/tech/" "Mozilla/5.0 (Windows NT 10.0; Win64; x64) AppleWebKit/537.36 (KHTML, like Gecko) Chrome/150.0.0.0 Safari/537.36"
105.113.103.166 - - [21/Jul/2026:10:39:52 +0000] "GET /wp-content/uploads/2026/07/Product-Management-300x300.png HTTP/1.1" 304 - "https://buygreatessentials.shop/tech/" "Mozilla/5.0 (Windows NT 10.0; Win64; x64) AppleWebKit/537.36 (KHTML, like Gecko) Chrome/150.0.0.0 Safari/537.36"
105.113.103.166 - - [21/Jul/2026:10:39:52 +0000] "GET /wp-admin/admin-ajax.php?action=pys_get_pbid HTTP/1.1" 200 1 "https://buygreatessentials.shop/tech/" "Mozilla/5.0 (Windows NT 10.0; Win64; x64) AppleWebKit/537.36 (KHTML, like Gecko) Chrome/150.0.0.0 Safari/537.36"
105.113.103.166 - - [21/Jul/2026:10:39:52 +0000] "POST /wp-json/pys-facebook/v1/event HTTP/1.1" 200 16 "https://buygreatessentials.shop/tech/" "Mozilla/5.0 (Windows NT 10.0; Win64; x64) AppleWebKit/537.36 (KHTML, like Gecko) Chrome/150.0.0.0 Safari/537.36"
105.113.103.166 - - [21/Jul/2026:10:39:55 +0000] "GET /favicon.ico HTTP/1.1" 302 - "https://buygreatessentials.shop/tech/" "Mozilla/5.0 (Windows NT 10.0; Win64; x64) AppleWebKit/537.36 (KHTML, like Gecko) Chrome/150.0.0.0 Safari/537.36"
105.113.103.166 - - [21/Jul/2026:10:39:58 +0000] "GET /tech/ HTTP/1.1" 200 220048 "-" "Mozilla/5.0 (Windows NT 10.0; Win64; x64) AppleWebKit/537.36 (KHTML, like Gecko) Chrome/150.0.0.0 Safari/537.36"
105.113.103.166 - - [21/Jul/2026:10:40:02 +0000] "POST /wp-json/pys-facebook/v1/event HTTP/1.1" 200 16 "https://buygreatessentials.shop/tech/" "Mozilla/5.0 (Windows NT 10.0; Win64; x64) AppleWebKit/537.36 (KHTML, like Gecko) Chrome/150.0.0.0 Safari/537.36"
105.113.103.166 - - [21/Jul/2026:10:40:02 +0000] "GET /wp-admin/admin-ajax.php?action=pys_get_pbid HTTP/1.1" 200 1 "https://buygreatessentials.shop/tech/" "Mozilla/5.0 (Windows NT 10.0; Win64; x64) AppleWebKit/537.36 (KHTML, like Gecko) Chrome/150.0.0.0 Safari/537.36"
105.113.103.166 - - [21/Jul/2026:10:40:20 +0000] "GET /tech/ HTTP/1.1" 200 220048 "-" "Mozilla/5.0 (Windows NT 10.0; Win64; x64) AppleWebKit/537.36 (KHTML, like Gecko) Chrome/150.0.0.0 Safari/537.36"
105.113.103.166 - - [21/Jul/2026:10:40:24 +0000] "GET /wp-admin/admin-ajax.php?action=pys_get_pbid HTTP/1.1" 200 1 "https://buygreatessentials.shop/tech/" "Mozilla/5.0 (Windows NT 10.0; Win64; x64) AppleWebKit/537.36 (KHTML, like Gecko) Chrome/150.0.0.0 Safari/537.36"
105.113.103.166 - - [21/Jul/2026:10:40:24 +0000] "POST /wp-json/pys-facebook/v1/event HTTP/1.1" 200 16 "https://buygreatessentials.shop/tech/" "Mozilla/5.0 (Windows NT 10.0; Win64; x64) AppleWebKit/537.36 (KHTML, like Gecko) Chrome/150.0.0.0 Safari/537.36"
105.113.103.166 - - [21/Jul/2026:10:40:28 +0000] "GET /wp-json/elementor/v1/checklist/user-progress HTTP/1.1" 200 534 "https://buygreatessentials.shop/wp-admin/post.php?post=115&action=elementor" "Mozilla/5.0 (Windows NT 10.0; Win64; x64) AppleWebKit/537.36 (KHTML, like Gecko) Chrome/150.0.0.0 Safari/537.36"
105.113.103.166 - - [21/Jul/2026:10:40:28 +0000] "POST /wp-admin/admin-ajax.php HTTP/1.1" 200 77 "https://buygreatessentials.shop/wp-admin/post.php?post=115&action=elementor" "Mozilla/5.0 (Windows NT 10.0; Win64; x64) AppleWebKit/537.36 (KHTML, like Gecko) Chrome/150.0.0.0 Safari/537.36"
