105.113.103.131 - - [22/Jul/2026:15:28:15 +0000] "GET /wp-content/plugins/elementor/assets/js/9761d41292bd796bfa1c.bundle.min.js HTTP/1.1" 304 - "https://buygreatessentials.shop/wp-admin/post.php?post=115&action=elementor" "Mozilla/5.0 (Windows NT 10.0; Win64; x64) AppleWebKit/537.36 (KHTML, like Gecko) Chrome/150.0.0.0 Safari/537.36"
105.113.103.131 - - [22/Jul/2026:15:28:15 +0000] "GET /wp-content/plugins/elementor/assets/images/logo-panel.svg HTTP/1.1" 304 - "https://buygreatessentials.shop/wp-admin/post.php?post=115&action=elementor" "Mozilla/5.0 (Windows NT 10.0; Win64; x64) AppleWebKit/537.36 (KHTML, like Gecko) Chrome/150.0.0.0 Safari/537.36"
105.113.103.131 - - [22/Jul/2026:15:28:15 +0000] "GET /wp-content/plugins/elementor/assets/js/e1cb4d726bb59646c677.bundle.min.js HTTP/1.1" 304 - "https://buygreatessentials.shop/wp-admin/post.php?post=115&action=elementor" "Mozilla/5.0 (Windows NT 10.0; Win64; x64) AppleWebKit/537.36 (KHTML, like Gecko) Chrome/150.0.0.0 Safari/537.36"
105.113.103.131 - - [22/Jul/2026:15:28:10 +0000] "GET /wp-json/elementor/v1/global-classes?context=frontend HTTP/1.1" 200 21 "https://buygreatessentials.shop/wp-admin/post.php?post=115&action=elementor" "Mozilla/5.0 (Windows NT 10.0; Win64; x64) AppleWebKit/537.36 (KHTML, like Gecko) Chrome/150.0.0.0 Safari/537.36"
105.113.103.131 - - [22/Jul/2026:15:28:16 +0000] "GET /wp-content/plugins/elementor/assets/js/ef2100ac3eda1a957819.bundle.min.js HTTP/1.1" 304 - "https://buygreatessentials.shop/wp-admin/post.php?post=115&action=elementor" "Mozilla/5.0 (Windows NT 10.0; Win64; x64) AppleWebKit/537.36 (KHTML, like Gecko) Chrome/150.0.0.0 Safari/537.36"
105.113.103.131 - - [22/Jul/2026:15:28:11 +0000] "POST /wp-admin/admin-ajax.php HTTP/1.1" 200 5642 "https://buygreatessentials.shop/wp-admin/post.php?post=115&action=elementor" "Mozilla/5.0 (Windows NT 10.0; Win64; x64) AppleWebKit/537.36 (KHTML, like Gecko) Chrome/150.0.0.0 Safari/537.36"
105.113.103.131 - - [22/Jul/2026:15:28:15 +0000] "POST /wp-admin/admin-ajax.php HTTP/1.1" 200 77 "https://buygreatessentials.shop/wp-admin/post.php?post=115&action=elementor" "Mozilla/5.0 (Windows NT 10.0; Win64; x64) AppleWebKit/537.36 (KHTML, like Gecko) Chrome/150.0.0.0 Safari/537.36"
105.113.103.131 - - [22/Jul/2026:15:28:16 +0000] "GET /wp-json/elementor/v1/global-classes?context=frontend HTTP/1.1" 200 21 "https://buygreatessentials.shop/wp-admin/post.php?post=115&action=elementor" "Mozilla/5.0 (Windows NT 10.0; Win64; x64) AppleWebKit/537.36 (KHTML, like Gecko) Chrome/150.0.0.0 Safari/537.36"
105.113.103.131 - - [22/Jul/2026:15:28:22 +0000] "GET /wp-json/elementor/v1/global-classes/post?context=preview&post_id=115 HTTP/1.1" 200 234 "https://buygreatessentials.shop/wp-admin/post.php?post=115&action=elementor" "Mozilla/5.0 (Windows NT 10.0; Win64; x64) AppleWebKit/537.36 (KHTML, like Gecko) Chrome/150.0.0.0 Safari/537.36"
105.113.103.131 - - [22/Jul/2026:15:28:22 +0000] "GET /wp-json/elementor/v1/global-classes/post?context=frontend&post_id=115 HTTP/1.1" 200 234 "https://buygreatessentials.shop/wp-admin/post.php?post=115&action=elementor" "Mozilla/5.0 (Windows NT 10.0; Win64; x64) AppleWebKit/537.36 (KHTML, like Gecko) Chrome/150.0.0.0 Safari/537.36"
105.113.103.131 - - [22/Jul/2026:15:28:26 +0000] "POST /wp-admin/admin-ajax.php HTTP/1.1" 200 77 "https://buygreatessentials.shop/wp-admin/post.php?post=115&action=elementor" "Mozilla/5.0 (Windows NT 10.0; Win64; x64) AppleWebKit/537.36 (KHTML, like Gecko) Chrome/150.0.0.0 Safari/537.36"
105.113.103.131 - - [22/Jul/2026:15:28:30 +0000] "POST /wp-admin/admin-ajax.php HTTP/1.1" 200 77 "https://buygreatessentials.shop/wp-admin/post.php?post=115&action=elementor" "Mozilla/5.0 (Windows NT 10.0; Win64; x64) AppleWebKit/537.36 (KHTML, like Gecko) Chrome/150.0.0.0 Safari/537.36"
198.177.124.148 - - [22/Jul/2026:15:28:50 +0000] "POST /wp-cron.php?doing_wp_cron=1784734130.4725990295410156250000 HTTP/1.1" 200 - "-" "WordPress/7.0.2; https://buygreatessentials.shop"
105.113.103.131 - - [22/Jul/2026:15:28:45 +0000] "POST /wp-admin/admin-ajax.php HTTP/1.1" 200 77 "https://buygreatessentials.shop/wp-admin/post.php?post=115&action=elementor" "Mozilla/5.0 (Windows NT 10.0; Win64; x64) AppleWebKit/537.36 (KHTML, like Gecko) Chrome/150.0.0.0 Safari/537.36"
198.177.124.148 - - [22/Jul/2026:15:30:10 +0000] "POST /wp-cron.php?doing_wp_cron=1784734210.4377529621124267578125 HTTP/1.1" 200 - "-" "WordPress/7.0.2; https://buygreatessentials.shop"
105.113.103.131 - - [22/Jul/2026:15:30:02 +0000] "GET /wp-admin/ HTTP/1.1" 200 397598 "-" "Mozilla/5.0 (Windows NT 10.0; Win64; x64) AppleWebKit/537.36 (KHTML, like Gecko) Chrome/150.0.0.0 Safari/537.36"
105.113.103.131 - - [22/Jul/2026:15:30:11 +0000] "GET /wp-content/plugins/pixelyoursite/dist/fonts/Icomoon/icomoon.ttf?x22jiz HTTP/1.1" 304 - "https://buygreatessentials.shop/wp-content/plugins/pixelyoursite/dist/styles/notice.min.css?ver=11.2.1" "Mozilla/5.0 (Windows NT 10.0; Win64; x64) AppleWebKit/537.36 (KHTML, like Gecko) Chrome/150.0.0.0 Safari/537.36"
105.113.103.131 - - [22/Jul/2026:15:30:11 +0000] "GET /wp-content/plugins/elementor/assets/lib/eicons/fonts/eicons.woff2?5.50.0 HTTP/1.1" 304 - "https://buygreatessentials.shop/wp-content/plugins/elementor/assets/lib/eicons/css/elementor-icons.min.css?ver=5.50.0" "Mozilla/5.0 (Windows NT 10.0; Win64; x64) AppleWebKit/537.36 (KHTML, like Gecko) Chrome/150.0.0.0 Safari/537.36"
105.113.103.131 - - [22/Jul/2026:15:30:11 +0000] "GET /favicon.ico HTTP/1.1" 302 - "https://buygreatessentials.shop/wp-admin/" "Mozilla/5.0 (Windows NT 10.0; Win64; x64) AppleWebKit/537.36 (KHTML, like Gecko) Chrome/150.0.0.0 Safari/537.36"
198.177.124.148 - - [22/Jul/2026:15:30:55 +0000] "POST /wp-cron.php?doing_wp_cron=1784734255.2875959873199462890625 HTTP/1.1" 200 - "-" "WordPress/7.0.2; https://buygreatessentials.shop"
105.113.100.132 - - [22/Jul/2026:15:30:49 +0000] "GET /wp-admin/admin.php?page=wpforms-builder HTTP/1.1" 200 595341 "https://buygreatessentials.shop/wp-admin/" "Mozilla/5.0 (Windows NT 10.0; Win64; x64) AppleWebKit/537.36 (KHTML, like Gecko) Chrome/150.0.0.0 Safari/537.36"
105.113.100.132 - - [22/Jul/2026:15:30:56 +0000] "GET /wp-json/wpforms/v1/themes/?_locale=user HTTP/1.1" 200 9111 "https://buygreatessentials.shop/wp-admin/admin.php?page=wpforms-builder" "Mozilla/5.0 (Windows NT 10.0; Win64; x64) AppleWebKit/537.36 (KHTML, like Gecko) Chrome/150.0.0.0 Safari/537.36"
105.113.100.132 - - [22/Jul/2026:15:31:07 +0000] "GET /wp-admin/ HTTP/1.1" 200 397522 "-" "Mozilla/5.0 (Windows NT 10.0; Win64; x64) AppleWebKit/537.36 (KHTML, like Gecko) Chrome/150.0.0.0 Safari/537.36"
105.113.100.132 - - [22/Jul/2026:15:31:13 +0000] "POST /wp-admin/admin-ajax.php HTTP/1.1" 200 102 "https://buygreatessentials.shop/wp-admin/" "Mozilla/5.0 (Windows NT 10.0; Win64; x64) AppleWebKit/537.36 (KHTML, like Gecko) Chrome/150.0.0.0 Safari/537.36"
105.113.100.132 - - [22/Jul/2026:15:31:17 +0000] "GET /wp-admin/admin.php?page=wpforms-overview HTTP/1.1" 200 343591 "https://buygreatessentials.shop/wp-admin/" "Mozilla/5.0 (Windows NT 10.0; Win64; x64) AppleWebKit/537.36 (KHTML, like Gecko) Chrome/150.0.0.0 Safari/537.36"
105.113.100.132 - - [22/Jul/2026:15:31:35 +0000] "POST /wp-admin/admin-ajax.php HTTP/1.1" 200 77 "https://buygreatessentials.shop/wp-admin/post.php?post=115&action=elementor" "Mozilla/5.0 (Windows NT 10.0; Win64; x64) AppleWebKit/537.36 (KHTML, like Gecko) Chrome/150.0.0.0 Safari/537.36"
198.177.124.148 - - [22/Jul/2026:15:32:28 +0000] "POST /wp-cron.php?doing_wp_cron=1784734348.8052508831024169921875 HTTP/1.1" 200 - "-" "WordPress/7.0.2; https://buygreatessentials.shop"
105.113.100.132 - - [22/Jul/2026:15:32:25 +0000] "POST /wp-admin/admin-ajax.php HTTP/1.1" 200 47 "https://buygreatessentials.shop/wp-admin/admin.php?page=wpforms-overview" "Mozilla/5.0 (Windows NT 10.0; Win64; x64) AppleWebKit/537.36 (KHTML, like Gecko) Chrome/150.0.0.0 Safari/537.36"
105.113.100.132 - - [22/Jul/2026:15:32:28 +0000] "GET /wp-admin/admin.php?page=wpforms-overview&action=trash&form_id=261&_wpnonce=42d2a475ee HTTP/1.1" 302 - "https://buygreatessentials.shop/wp-admin/admin.php?page=wpforms-overview" "Mozilla/5.0 (Windows NT 10.0; Win64; x64) AppleWebKit/537.36 (KHTML, like Gecko) Chrome/150.0.0.0 Safari/537.36"
105.113.100.132 - - [22/Jul/2026:15:32:32 +0000] "GET /wp-admin/admin.php?page=wpforms-overview&type=form&trashed=1 HTTP/1.1" 200 335514 "https://buygreatessentials.shop/wp-admin/admin.php?page=wpforms-overview" "Mozilla/5.0 (Windows NT 10.0; Win64; x64) AppleWebKit/537.36 (KHTML, like Gecko) Chrome/150.0.0.0 Safari/537.36"
198.177.124.148 - - [22/Jul/2026:15:33:00 +0000] "POST /wp-cron.php?doing_wp_cron=1784734380.2989139556884765625000 HTTP/1.1" 200 - "-" "WordPress/7.0.2; https://buygreatessentials.shop"
105.113.100.132 - - [22/Jul/2026:15:32:56 +0000] "GET /wp-admin/plugin-install.php HTTP/1.1" 404 245755 "https://buygreatessentials.shop/wp-admin/admin.php?page=wpforms-overview&type=form" "Mozilla/5.0 (Windows NT 10.0; Win64; x64) AppleWebKit/537.36 (KHTML, like Gecko) Chrome/150.0.0.0 Safari/537.36"
105.113.100.132 - - [22/Jul/2026:15:33:02 +0000] "GET /wp-admin/admin-ajax.php?action=pys_get_pbid HTTP/1.1" 200 1 "https://buygreatessentials.shop/wp-admin/plugin-install.php" "Mozilla/5.0 (Windows NT 10.0; Win64; x64) AppleWebKit/537.36 (KHTML, like Gecko) Chrome/150.0.0.0 Safari/537.36"
105.113.100.132 - - [22/Jul/2026:15:33:07 +0000] "GET /wp-admin/plugin-install.php HTTP/1.1" 404 245771 "https://buygreatessentials.shop/wp-admin/admin.php?page=wpforms-overview&type=form" "Mozilla/5.0 (Windows NT 10.0; Win64; x64) AppleWebKit/537.36 (KHTML, like Gecko) Chrome/150.0.0.0 Safari/537.36"
105.113.100.132 - - [22/Jul/2026:15:33:15 +0000] "GET /favicon.ico HTTP/1.1" 302 - "https://buygreatessentials.shop/wp-admin/plugin-install.php" "Mozilla/5.0 (Windows NT 10.0; Win64; x64) AppleWebKit/537.36 (KHTML, like Gecko) Chrome/150.0.0.0 Safari/537.36"
105.113.100.132 - - [22/Jul/2026:15:33:15 +0000] "GET /wp-admin/admin-ajax.php?action=pys_get_pbid HTTP/1.1" 200 1 "https://buygreatessentials.shop/wp-admin/plugin-install.php" "Mozilla/5.0 (Windows NT 10.0; Win64; x64) AppleWebKit/537.36 (KHTML, like Gecko) Chrome/150.0.0.0 Safari/537.36"
105.113.100.132 - - [22/Jul/2026:15:33:18 +0000] "GET /wp-admin/admin.php?page=wpforms-overview&type=form HTTP/1.1" 200 335272 "https://buygreatessentials.shop/wp-admin/admin.php?page=wpforms-overview" "Mozilla/5.0 (Windows NT 10.0; Win64; x64) AppleWebKit/537.36 (KHTML, like Gecko) Chrome/150.0.0.0 Safari/537.36"
105.113.100.132 - - [22/Jul/2026:15:33:31 +0000] "GET /wp-admin/plugins.php HTTP/1.1" 200 392963 "https://buygreatessentials.shop/wp-admin/admin.php?page=wpforms-overview&type=form" "Mozilla/5.0 (Windows NT 10.0; Win64; x64) AppleWebKit/537.36 (KHTML, like Gecko) Chrome/150.0.0.0 Safari/537.36"
105.113.100.132 - - [22/Jul/2026:15:33:38 +0000] "GET /wp-content/plugins/wordfence/css/wf-deactivation.1778685035.css?ver=8.2.2 HTTP/1.1" 200 4682 "https://buygreatessentials.shop/wp-admin/plugins.php" "Mozilla/5.0 (Windows NT 10.0; Win64; x64) AppleWebKit/537.36 (KHTML, like Gecko) Chrome/150.0.0.0 Safari/537.36"
105.113.100.132 - - [22/Jul/2026:15:33:39 +0000] "GET /wp-content/plugins/file-manager-advanced/vendor/freemius/assets/css/admin/dialog-boxes.css?ver=7.0.2 HTTP/1.1" 200 10958 "https://buygreatessentials.shop/wp-admin/plugins.php" "Mozilla/5.0 (Windows NT 10.0; Win64; x64) AppleWebKit/537.36 (KHTML, like Gecko) Chrome/150.0.0.0 Safari/537.36"
105.113.100.132 - - [22/Jul/2026:15:33:39 +0000] "GET /wp-content/plugins/file-manager-advanced/vendor/freemius/assets/css/admin/optout.css?ver=7.0.2 HTTP/1.1" 200 3792 "https://buygreatessentials.shop/wp-admin/plugins.php" "Mozilla/5.0 (Windows NT 10.0; Win64; x64) AppleWebKit/537.36 (KHTML, like Gecko) Chrome/150.0.0.0 Safari/537.36"
105.113.100.132 - - [22/Jul/2026:15:33:39 +0000] "GET /wp-includes/js/jquery/ui/controlgroup.min.js?ver=1.13.3 HTTP/1.1" 200 4402 "https://buygreatessentials.shop/wp-admin/plugins.php" "Mozilla/5.0 (Windows NT 10.0; Win64; x64) AppleWebKit/537.36 (KHTML, like Gecko) Chrome/150.0.0.0 Safari/537.36"
105.113.100.132 - - [22/Jul/2026:15:33:39 +0000] "GET /wp-includes/js/jquery/ui/checkboxradio.min.js?ver=1.13.3 HTTP/1.1" 200 4348 "https://buygreatessentials.shop/wp-admin/plugins.php" "Mozilla/5.0 (Windows NT 10.0; Win64; x64) AppleWebKit/537.36 (KHTML, like Gecko) Chrome/150.0.0.0 Safari/537.36"
105.113.100.132 - - [22/Jul/2026:15:33:40 +0000] "GET /wp-includes/js/jquery/ui/button.min.js?ver=1.13.3 HTTP/1.1" 200 6154 "https://buygreatessentials.shop/wp-admin/plugins.php" "Mozilla/5.0 (Windows NT 10.0; Win64; x64) AppleWebKit/537.36 (KHTML, like Gecko) Chrome/150.0.0.0 Safari/537.36"
105.113.100.132 - - [22/Jul/2026:15:33:40 +0000] "GET /wp-includes/js/jquery/ui/dialog.min.js?ver=1.13.3 HTTP/1.1" 200 13098 "https://buygreatessentials.shop/wp-admin/plugins.php" "Mozilla/5.0 (Windows NT 10.0; Win64; x64) AppleWebKit/537.36 (KHTML, like Gecko) Chrome/150.0.0.0 Safari/537.36"
105.113.100.132 - - [22/Jul/2026:15:33:36 +0000] "POST /wp-admin/admin-ajax.php HTTP/1.1" 200 77 "https://buygreatessentials.shop/wp-admin/post.php?post=115&action=elementor" "Mozilla/5.0 (Windows NT 10.0; Win64; x64) AppleWebKit/537.36 (KHTML, like Gecko) Chrome/150.0.0.0 Safari/537.36"
105.113.100.132 - - [22/Jul/2026:15:33:38 +0000] "GET /wp-admin/load-styles.php?c=0&dir=ltr&load%5Bchunk_0%5D=dashicons,admin-bar,wp-pointer,wp-jquery-ui-dialog,common,forms,admin-menu,dashboard,list-tables,edit,revisions,media,themes,abo&load%5Bchunk_1%5D=ut,nav-menus,widgets,site-icon,l10n,wp-base-styles,buttons,wp-auth-check,wp-components,wp-commands&ver=7.0.2 HTTP/1.1" 200 525199 "https://buygreatessentials.shop/wp-admin/plugins.php" "Mozilla/5.0 (Windows NT 10.0; Win64; x64) AppleWebKit/537.36 (KHTML, like Gecko) Chrome/150.0.0.0 Safari/537.36"
105.113.100.132 - - [22/Jul/2026:15:33:41 +0000] "GET /wp-content/plugins/elementor/assets/js/admin-feedback.min.js?ver=4.1.5 HTTP/1.1" 304 - "https://buygreatessentials.shop/wp-admin/plugins.php" "Mozilla/5.0 (Windows NT 10.0; Win64; x64) AppleWebKit/537.36 (KHTML, like Gecko) Chrome/150.0.0.0 Safari/537.36"
198.177.124.148 - - [22/Jul/2026:15:33:50 +0000] "POST /wp-cron.php?doing_wp_cron=1784734430.2978799343109130859375 HTTP/1.1" 200 - "-" "WordPress/7.0.2; https://buygreatessentials.shop"
105.113.100.132 - - [22/Jul/2026:15:33:45 +0000] "GET /wp-admin/plugin-install.php HTTP/1.1" 404 245741 "https://buygreatessentials.shop/wp-admin/plugins.php" "Mozilla/5.0 (Windows NT 10.0; Win64; x64) AppleWebKit/537.36 (KHTML, like Gecko) Chrome/150.0.0.0 Safari/537.36"
105.113.100.132 - - [22/Jul/2026:15:33:51 +0000] "GET /wp-admin/admin-ajax.php?action=pys_get_pbid HTTP/1.1" 200 1 "https://buygreatessentials.shop/wp-admin/plugin-install.php" "Mozilla/5.0 (Windows NT 10.0; Win64; x64) AppleWebKit/537.36 (KHTML, like Gecko) Chrome/150.0.0.0 Safari/537.36"
105.113.100.132 - - [22/Jul/2026:15:33:54 +0000] "GET /wp-admin/plugins.php HTTP/1.1" 200 392963 "https://buygreatessentials.shop/wp-admin/admin.php?page=wpforms-overview&type=form" "Mozilla/5.0 (Windows NT 10.0; Win64; x64) AppleWebKit/537.36 (KHTML, like Gecko) Chrome/150.0.0.0 Safari/537.36"
105.113.100.132 - - [22/Jul/2026:15:34:14 +0000] "POST /wp-admin/admin-ajax.php HTTP/1.1" 200 6985 "https://buygreatessentials.shop/wp-admin/plugins.php?s=meta&plugin_status=all" "Mozilla/5.0 (Windows NT 10.0; Win64; x64) AppleWebKit/537.36 (KHTML, like Gecko) Chrome/150.0.0.0 Safari/537.36"
105.113.100.132 - - [22/Jul/2026:15:34:18 +0000] "POST /wp-admin/admin-ajax.php HTTP/1.1" 200 1819 "https://buygreatessentials.shop/wp-admin/plugins.php?s=metapi&plugin_status=all" "Mozilla/5.0 (Windows NT 10.0; Win64; x64) AppleWebKit/537.36 (KHTML, like Gecko) Chrome/150.0.0.0 Safari/537.36"
105.113.100.132 - - [22/Jul/2026:15:34:20 +0000] "POST /wp-admin/admin-ajax.php HTTP/1.1" 200 1825 "https://buygreatessentials.shop/wp-admin/plugins.php?s=metapixe&plugin_status=all" "Mozilla/5.0 (Windows NT 10.0; Win64; x64) AppleWebKit/537.36 (KHTML, like Gecko) Chrome/150.0.0.0 Safari/537.36"
105.113.100.132 - - [22/Jul/2026:15:34:22 +0000] "POST /wp-admin/admin-ajax.php HTTP/1.1" 200 1828 "https://buygreatessentials.shop/wp-admin/plugins.php?s=metapixel&plugin_status=all" "Mozilla/5.0 (Windows NT 10.0; Win64; x64) AppleWebKit/537.36 (KHTML, like Gecko) Chrome/150.0.0.0 Safari/537.36"
105.113.100.132 - - [22/Jul/2026:15:34:25 +0000] "POST /wp-admin/admin-ajax.php HTTP/1.1" 200 1840 "https://buygreatessentials.shop/wp-admin/plugins.php?s=metapixel%20for&plugin_status=all" "Mozilla/5.0 (Windows NT 10.0; Win64; x64) AppleWebKit/537.36 (KHTML, like Gecko) Chrome/150.0.0.0 Safari/537.36"
105.113.100.132 - - [22/Jul/2026:15:34:27 +0000] "POST /wp-admin/admin-ajax.php HTTP/1.1" 200 1843 "https://buygreatessentials.shop/wp-admin/plugins.php?s=metapixel%20for%20&plugin_status=all" "Mozilla/5.0 (Windows NT 10.0; Win64; x64) AppleWebKit/537.36 (KHTML, like Gecko) Chrome/150.0.0.0 Safari/537.36"
105.113.100.132 - - [22/Jul/2026:15:34:29 +0000] "POST /wp-admin/admin-ajax.php HTTP/1.1" 200 1849 "https://buygreatessentials.shop/wp-admin/plugins.php?s=metapixel%20for%20wp&plugin_status=all" "Mozilla/5.0 (Windows NT 10.0; Win64; x64) AppleWebKit/537.36 (KHTML, like Gecko) Chrome/150.0.0.0 Safari/537.36"
198.177.124.148 - - [22/Jul/2026:15:34:51 +0000] "POST /wp-cron.php?doing_wp_cron=1784734491.6723740100860595703125 HTTP/1.1" 200 - "-" "WordPress/7.0.2; https://buygreatessentials.shop"
105.113.100.132 - - [22/Jul/2026:15:34:49 +0000] "GET /wp-admin/plugin-install.php HTTP/1.1" 404 245782 "https://buygreatessentials.shop/wp-admin/plugins.php?s=metapixel%20for%20wp&plugin_status=all" "Mozilla/5.0 (Windows NT 10.0; Win64; x64) AppleWebKit/537.36 (KHTML, like Gecko) Chrome/150.0.0.0 Safari/537.36"
105.113.100.132 - - [22/Jul/2026:15:34:53 +0000] "GET /wp-admin/admin-ajax.php?action=pys_get_pbid HTTP/1.1" 200 1 "https://buygreatessentials.shop/wp-admin/plugin-install.php" "Mozilla/5.0 (Windows NT 10.0; Win64; x64) AppleWebKit/537.36 (KHTML, like Gecko) Chrome/150.0.0.0 Safari/537.36"
105.113.100.132 - - [22/Jul/2026:15:34:57 +0000] "GET /wp-admin/plugins.php?s=metapixel%20for%20wp&plugin_status=all HTTP/1.1" 200 364249 "https://buygreatessentials.shop/wp-admin/admin.php?page=wpforms-overview&type=form" "Mozilla/5.0 (Windows NT 10.0; Win64; x64) AppleWebKit/537.36 (KHTML, like Gecko) Chrome/150.0.0.0 Safari/537.36"
105.113.100.132 - - [22/Jul/2026:15:35:00 +0000] "POST /wp-admin/admin-ajax.php HTTP/1.1" 200 77 "https://buygreatessentials.shop/wp-admin/post.php?post=115&action=elementor" "Mozilla/5.0 (Windows NT 10.0; Win64; x64) AppleWebKit/537.36 (KHTML, like Gecko) Chrome/150.0.0.0 Safari/537.36"
105.113.100.132 - - [22/Jul/2026:15:35:00 +0000] "GET /wp-json/elementor/v1/checklist/user-progress HTTP/1.1" 403 90 "https://buygreatessentials.shop/wp-admin/post.php?post=115&action=elementor" "Mozilla/5.0 (Windows NT 10.0; Win64; x64) AppleWebKit/537.36 (KHTML, like Gecko) Chrome/150.0.0.0 Safari/537.36"
105.113.100.132 - - [22/Jul/2026:15:35:08 +0000] "GET /wp-admin/plugins.php?s=metapixel+for+wp&plugin_status=all HTTP/1.1" 200 364241 "https://buygreatessentials.shop/wp-admin/admin.php?page=wpforms-overview&type=form" "Mozilla/5.0 (Windows NT 10.0; Win64; x64) AppleWebKit/537.36 (KHTML, like Gecko) Chrome/150.0.0.0 Safari/537.36"
105.113.100.132 - - [22/Jul/2026:15:35:16 +0000] "GET /favicon.ico HTTP/1.1" 302 - "https://buygreatessentials.shop/wp-admin/plugins.php?s=metapixel+for+wp&plugin_status=all" "Mozilla/5.0 (Windows NT 10.0; Win64; x64) AppleWebKit/537.36 (KHTML, like Gecko) Chrome/150.0.0.0 Safari/537.36"
105.113.100.132 - - [22/Jul/2026:15:35:20 +0000] "GET /wp-admin/plugins.php HTTP/1.1" 200 392970 "https://buygreatessentials.shop/wp-admin/plugins.php?s=metapixel+for+wp&plugin_status=all" "Mozilla/5.0 (Windows NT 10.0; Win64; x64) AppleWebKit/537.36 (KHTML, like Gecko) Chrome/150.0.0.0 Safari/537.36"
105.113.100.132 - - [22/Jul/2026:15:35:27 +0000] "POST /wp-admin/admin-ajax.php HTTP/1.1" 200 77 "https://buygreatessentials.shop/wp-admin/post.php?post=115&action=elementor" "Mozilla/5.0 (Windows NT 10.0; Win64; x64) AppleWebKit/537.36 (KHTML, like Gecko) Chrome/150.0.0.0 Safari/537.36"
105.113.100.132 - - [22/Jul/2026:15:35:27 +0000] "GET /wp-json/elementor/v1/checklist/user-progress HTTP/1.1" 403 90 "https://buygreatessentials.shop/wp-admin/post.php?post=115&action=elementor" "Mozilla/5.0 (Windows NT 10.0; Win64; x64) AppleWebKit/537.36 (KHTML, like Gecko) Chrome/150.0.0.0 Safari/537.36"
105.113.100.132 - - [22/Jul/2026:15:35:32 +0000] "GET /wp-admin/plugin-install.php HTTP/1.1" 404 245741 "https://buygreatessentials.shop/wp-admin/plugins.php" "Mozilla/5.0 (Windows NT 10.0; Win64; x64) AppleWebKit/537.36 (KHTML, like Gecko) Chrome/150.0.0.0 Safari/537.36"
198.177.124.148 - - [22/Jul/2026:15:35:52 +0000] "POST /wp-cron.php?doing_wp_cron=1784734552.9307780265808105468750 HTTP/1.1" 200 - "-" "WordPress/7.0.2; https://buygreatessentials.shop"
105.113.100.132 - - [22/Jul/2026:15:35:49 +0000] "GET /wp-admin/admin-ajax.php?action=pys_get_pbid HTTP/1.1" 200 1 "https://buygreatessentials.shop/wp-admin/plugin-install.php" "Mozilla/5.0 (Windows NT 10.0; Win64; x64) AppleWebKit/537.36 (KHTML, like Gecko) Chrome/150.0.0.0 Safari/537.36"
105.113.100.132 - - [22/Jul/2026:15:35:48 +0000] "GET /wp-admin/plugins.php HTTP/1.1" 200 392970 "https://buygreatessentials.shop/wp-admin/plugins.php?s=metapixel+for+wp&plugin_status=all" "Mozilla/5.0 (Windows NT 10.0; Win64; x64) AppleWebKit/537.36 (KHTML, like Gecko) Chrome/150.0.0.0 Safari/537.36"
105.113.100.132 - - [22/Jul/2026:15:36:26 +0000] "GET /wp-admin/plugin-install.php HTTP/1.1" 404 245741 "https://buygreatessentials.shop/wp-admin/plugins.php" "Mozilla/5.0 (Windows NT 10.0; Win64; x64) AppleWebKit/537.36 (KHTML, like Gecko) Chrome/150.0.0.0 Safari/537.36"
198.177.124.148 - - [22/Jul/2026:15:36:52 +0000] "POST /wp-cron.php?doing_wp_cron=1784734612.6527180671691894531250 HTTP/1.1" 200 - "-" "WordPress/7.0.2; https://buygreatessentials.shop"
105.113.100.132 - - [22/Jul/2026:15:36:40 +0000] "GET /wp-admin/admin-ajax.php?action=pys_get_pbid HTTP/1.1" 200 1 "https://buygreatessentials.shop/wp-admin/plugin-install.php" "Mozilla/5.0 (Windows NT 10.0; Win64; x64) AppleWebKit/537.36 (KHTML, like Gecko) Chrome/150.0.0.0 Safari/537.36"
105.113.100.132 - - [22/Jul/2026:15:36:44 +0000] "GET /wp-admin/plugins.php HTTP/1.1" 200 392970 "https://buygreatessentials.shop/wp-admin/plugins.php?s=metapixel+for+wp&plugin_status=all" "Mozilla/5.0 (Windows NT 10.0; Win64; x64) AppleWebKit/537.36 (KHTML, like Gecko) Chrome/150.0.0.0 Safari/537.36"
105.113.100.132 - - [22/Jul/2026:15:37:12 +0000] "GET /wp-admin/admin.php?page=wpforms-builder HTTP/1.1" 200 595350 "https://buygreatessentials.shop/wp-admin/plugins.php" "Mozilla/5.0 (Windows NT 10.0; Win64; x64) AppleWebKit/537.36 (KHTML, like Gecko) Chrome/150.0.0.0 Safari/537.36"
105.113.100.132 - - [22/Jul/2026:15:37:19 +0000] "GET /wp-json/wpforms/v1/themes/?_locale=user HTTP/1.1" 200 9111 "https://buygreatessentials.shop/wp-admin/admin.php?page=wpforms-builder" "Mozilla/5.0 (Windows NT 10.0; Win64; x64) AppleWebKit/537.36 (KHTML, like Gecko) Chrome/150.0.0.0 Safari/537.36"
105.113.100.132 - - [22/Jul/2026:15:37:28 +0000] "POST /wp-admin/admin-ajax.php HTTP/1.1" 200 77 "https://buygreatessentials.shop/wp-admin/post.php?post=115&action=elementor" "Mozilla/5.0 (Windows NT 10.0; Win64; x64) AppleWebKit/537.36 (KHTML, like Gecko) Chrome/150.0.0.0 Safari/537.36"
198.177.124.148 - - [22/Jul/2026:15:37:52 +0000] "POST /wp-cron.php?doing_wp_cron=1784734672.5645120143890380859375 HTTP/1.1" 200 - "-" "WordPress/7.0.2; https://buygreatessentials.shop"
105.113.100.132 - - [22/Jul/2026:15:37:47 +0000] "POST /wp-admin/admin-ajax.php HTTP/1.1" 200 157 "https://buygreatessentials.shop/wp-admin/admin.php?page=wpforms-builder" "Mozilla/5.0 (Windows NT 10.0; Win64; x64) AppleWebKit/537.36 (KHTML, like Gecko) Chrome/150.0.0.0 Safari/537.36"
105.113.100.132 - - [22/Jul/2026:15:37:57 +0000] "GET /wp-admin/admin.php?page=wpforms-builder&view=fields&form_id=265&newform=1 HTTP/1.1" 200 718644 "https://buygreatessentials.shop/wp-admin/admin.php?page=wpforms-builder" "Mozilla/5.0 (Windows NT 10.0; Win64; x64) AppleWebKit/537.36 (KHTML, like Gecko) Chrome/150.0.0.0 Safari/537.36"
105.113.100.132 - - [22/Jul/2026:15:38:33 +0000] "GET /wp-content/plugins/wpforms-lite/assets/lib/font-awesome/webfonts/fa-brands-400.woff2 HTTP/1.1" 200 101180 "https://buygreatessentials.shop/wp-content/plugins/wpforms-lite/assets/lib/font-awesome/css/all.min.css?ver=7.0.1" "Mozilla/5.0 (Windows NT 10.0; Win64; x64) AppleWebKit/537.36 (KHTML, like Gecko) Chrome/150.0.0.0 Safari/537.36"
105.113.100.132 - - [22/Jul/2026:15:38:35 +0000] "GET /wp-admin/admin.php?page=wpforms-builder HTTP/1.1" 500 3168 "https://buygreatessentials.shop/wp-admin/plugins.php" "Mozilla/5.0 (Windows NT 10.0; Win64; x64) AppleWebKit/537.36 (KHTML, like Gecko) Chrome/150.0.0.0 Safari/537.36"
105.113.100.132 - - [22/Jul/2026:15:38:36 +0000] "GET /favicon.ico HTTP/1.1" 500 2482 "https://buygreatessentials.shop/wp-admin/admin.php?page=wpforms-builder" "Mozilla/5.0 (Windows NT 10.0; Win64; x64) AppleWebKit/537.36 (KHTML, like Gecko) Chrome/150.0.0.0 Safari/537.36"
198.177.124.148 - - [22/Jul/2026:15:38:48 +0000] "POST /wp-cron.php?doing_wp_cron=1784734728.0512340068817138671875 HTTP/1.1" 200 - "-" "WordPress/7.0.2; https://buygreatessentials.shop"
105.113.100.132 - - [22/Jul/2026:15:38:43 +0000] "GET /wp-admin/plugins.php HTTP/1.1" 200 392972 "https://buygreatessentials.shop/wp-admin/plugins.php?s=metapixel+for+wp&plugin_status=all" "Mozilla/5.0 (Windows NT 10.0; Win64; x64) AppleWebKit/537.36 (KHTML, like Gecko) Chrome/150.0.0.0 Safari/537.36"
105.113.100.132 - - [22/Jul/2026:15:38:52 +0000] "GET /favicon.ico HTTP/1.1" 302 - "https://buygreatessentials.shop/wp-admin/plugins.php" "Mozilla/5.0 (Windows NT 10.0; Win64; x64) AppleWebKit/537.36 (KHTML, like Gecko) Chrome/150.0.0.0 Safari/537.36"
105.113.100.132 - - [22/Jul/2026:15:38:57 +0000] "GET /wp-admin/plugin-install.php HTTP/1.1" 404 245741 "https://buygreatessentials.shop/wp-admin/plugins.php" "Mozilla/5.0 (Windows NT 10.0; Win64; x64) AppleWebKit/537.36 (KHTML, like Gecko) Chrome/150.0.0.0 Safari/537.36"
105.113.100.132 - - [22/Jul/2026:15:39:00 +0000] "GET /wp-admin/admin-ajax.php?action=pys_get_pbid HTTP/1.1" 200 1 "https://buygreatessentials.shop/wp-admin/plugin-install.php" "Mozilla/5.0 (Windows NT 10.0; Win64; x64) AppleWebKit/537.36 (KHTML, like Gecko) Chrome/150.0.0.0 Safari/537.36"
105.113.100.132 - - [22/Jul/2026:15:39:28 +0000] "POST /wp-admin/admin-ajax.php HTTP/1.1" 200 77 "https://buygreatessentials.shop/wp-admin/post.php?post=115&action=elementor" "Mozilla/5.0 (Windows NT 10.0; Win64; x64) AppleWebKit/537.36 (KHTML, like Gecko) Chrome/150.0.0.0 Safari/537.36"
105.113.100.132 - - [22/Jul/2026:15:43:31 +0000] "POST /wp-admin/admin-ajax.php HTTP/1.1" 200 77 "https://buygreatessentials.shop/wp-admin/post.php?post=115&action=elementor" "Mozilla/5.0 (Windows NT 10.0; Win64; x64) AppleWebKit/537.36 (KHTML, like Gecko) Chrome/150.0.0.0 Safari/537.36"
198.177.124.148 - - [22/Jul/2026:15:45:34 +0000] "POST /wp-cron.php?doing_wp_cron=1784735134.1591908931732177734375 HTTP/1.1" 200 - "-" "WordPress/7.0.2; https://buygreatessentials.shop"
105.113.100.132 - - [22/Jul/2026:15:45:32 +0000] "POST /wp-admin/admin-ajax.php HTTP/1.1" 200 77 "https://buygreatessentials.shop/wp-admin/post.php?post=115&action=elementor" "Mozilla/5.0 (Windows NT 10.0; Win64; x64) AppleWebKit/537.36 (KHTML, like Gecko) Chrome/150.0.0.0 Safari/537.36"
198.177.124.148 - - [22/Jul/2026:15:47:35 +0000] "POST /wp-cron.php?doing_wp_cron=1784735255.4135000705718994140625 HTTP/1.1" 200 - "-" "WordPress/7.0.2; https://buygreatessentials.shop"
105.113.100.132 - - [22/Jul/2026:15:47:33 +0000] "POST /wp-admin/admin-ajax.php HTTP/1.1" 200 77 "https://buygreatessentials.shop/wp-admin/post.php?post=115&action=elementor" "Mozilla/5.0 (Windows NT 10.0; Win64; x64) AppleWebKit/537.36 (KHTML, like Gecko) Chrome/150.0.0.0 Safari/537.36"
198.177.124.148 - - [22/Jul/2026:15:49:17 +0000] "POST /wp-cron.php?doing_wp_cron=1784735357.1985549926757812500000 HTTP/1.1" 200 - "-" "WordPress/7.0.2; https://buygreatessentials.shop"
105.113.100.132 - - [22/Jul/2026:15:49:12 +0000] "GET /wp-admin/plugins.php HTTP/1.1" 200 392972 "https://buygreatessentials.shop/wp-admin/plugins.php?s=metapixel+for+wp&plugin_status=all" "Mozilla/5.0 (Windows NT 10.0; Win64; x64) AppleWebKit/537.36 (KHTML, like Gecko) Chrome/150.0.0.0 Safari/537.36"
105.113.100.132 - - [22/Jul/2026:15:49:33 +0000] "POST /wp-admin/admin-ajax.php HTTP/1.1" 200 77 "https://buygreatessentials.shop/wp-admin/post.php?post=115&action=elementor" "Mozilla/5.0 (Windows NT 10.0; Win64; x64) AppleWebKit/537.36 (KHTML, like Gecko) Chrome/150.0.0.0 Safari/537.36"
198.177.124.148 - - [22/Jul/2026:15:51:30 +0000] "POST /wp-cron.php?doing_wp_cron=1784735490.9315021038055419921875 HTTP/1.1" 200 - "-" "WordPress/7.0.2; https://buygreatessentials.shop"
105.113.100.132 - - [22/Jul/2026:15:51:29 +0000] "POST /wp-admin/admin-ajax.php HTTP/1.1" 200 47 "https://buygreatessentials.shop/wp-admin/plugins.php" "Mozilla/5.0 (Windows NT 10.0; Win64; x64) AppleWebKit/537.36 (KHTML, like Gecko) Chrome/150.0.0.0 Safari/537.36"
105.113.100.132 - - [22/Jul/2026:15:51:34 +0000] "POST /wp-admin/admin-ajax.php HTTP/1.1" 200 77 "https://buygreatessentials.shop/wp-admin/post.php?post=115&action=elementor" "Mozilla/5.0 (Windows NT 10.0; Win64; x64) AppleWebKit/537.36 (KHTML, like Gecko) Chrome/150.0.0.0 Safari/537.36"
198.177.124.148 - - [22/Jul/2026:15:53:25 +0000] "POST /wp-cron.php?doing_wp_cron=1784735605.6226050853729248046875 HTTP/1.1" 200 - "-" "WordPress/7.0.2; https://buygreatessentials.shop"
105.113.100.132 - - [22/Jul/2026:15:53:23 +0000] "POST /wp-admin/admin-ajax.php HTTP/1.1" 200 47 "https://buygreatessentials.shop/wp-admin/plugins.php" "Mozilla/5.0 (Windows NT 10.0; Win64; x64) AppleWebKit/537.36 (KHTML, like Gecko) Chrome/150.0.0.0 Safari/537.36"
105.113.100.132 - - [22/Jul/2026:15:53:35 +0000] "POST /wp-admin/admin-ajax.php HTTP/1.1" 200 77 "https://buygreatessentials.shop/wp-admin/post.php?post=115&action=elementor" "Mozilla/5.0 (Windows NT 10.0; Win64; x64) AppleWebKit/537.36 (KHTML, like Gecko) Chrome/150.0.0.0 Safari/537.36"
105.113.100.132 - - [22/Jul/2026:15:53:26 +0000] "GET /wp-admin/admin.php?page=wpforms-overview HTTP/1.1" 200 343743 "https://buygreatessentials.shop/wp-admin/plugins.php" "Mozilla/5.0 (Windows NT 10.0; Win64; x64) AppleWebKit/537.36 (KHTML, like Gecko) Chrome/150.0.0.0 Safari/537.36"
198.177.124.148 - - [22/Jul/2026:15:53:52 +0000] "POST /wp-cron.php?doing_wp_cron=1784735632.3127460479736328125000 HTTP/1.1" 200 - "-" "WordPress/7.0.2; https://buygreatessentials.shop"
105.113.100.132 - - [22/Jul/2026:15:53:50 +0000] "GET /wp-admin/admin.php?page=wpforms-overview&action=trash&form_id=265&_wpnonce=42d2a475ee HTTP/1.1" 302 - "https://buygreatessentials.shop/wp-admin/admin.php?page=wpforms-overview" "Mozilla/5.0 (Windows NT 10.0; Win64; x64) AppleWebKit/537.36 (KHTML, like Gecko) Chrome/150.0.0.0 Safari/537.36"
105.113.100.132 - - [22/Jul/2026:15:53:53 +0000] "GET /wp-admin/admin.php?page=wpforms-overview&type=form&trashed=1 HTTP/1.1" 200 335514 "https://buygreatessentials.shop/wp-admin/admin.php?page=wpforms-overview" "Mozilla/5.0 (Windows NT 10.0; Win64; x64) AppleWebKit/537.36 (KHTML, like Gecko) Chrome/150.0.0.0 Safari/537.36"
105.113.100.132 - - [22/Jul/2026:15:54:26 +0000] "GET /wp-admin/admin.php?page=wpforms-builder HTTP/1.1" 200 595380 "https://buygreatessentials.shop/wp-admin/admin.php?page=wpforms-overview&type=form" "Mozilla/5.0 (Windows NT 10.0; Win64; x64) AppleWebKit/537.36 (KHTML, like Gecko) Chrome/150.0.0.0 Safari/537.36"
198.177.124.148 - - [22/Jul/2026:15:55:00 +0000] "POST /wp-cron.php?doing_wp_cron=1784735700.7094280719757080078125 HTTP/1.1" 200 - "-" "WordPress/7.0.2; https://buygreatessentials.shop"
105.113.100.132 - - [22/Jul/2026:15:54:58 +0000] "GET /wp-json/wpforms/v1/themes/?_locale=user HTTP/1.1" 200 9111 "https://buygreatessentials.shop/wp-admin/admin.php?page=wpforms-builder" "Mozilla/5.0 (Windows NT 10.0; Win64; x64) AppleWebKit/537.36 (KHTML, like Gecko) Chrome/150.0.0.0 Safari/537.36"
105.113.100.132 - - [22/Jul/2026:15:55:14 +0000] "POST /wp-admin/admin-ajax.php HTTP/1.1" 200 26169 "https://buygreatessentials.shop/wp-admin/admin.php?page=wpforms-builder" "Mozilla/5.0 (Windows NT 10.0; Win64; x64) AppleWebKit/537.36 (KHTML, like Gecko) Chrome/150.0.0.0 Safari/537.36"
105.113.100.132 - - [22/Jul/2026:15:55:20 +0000] "GET /wp-content/plugins/wpforms-lite/assets/images/spinner.svg HTTP/1.1" 200 412 "https://buygreatessentials.shop/wp-content/plugins/wpforms-lite/assets/css/builder/builder-basic.min.css?ver=2.0.0.2" "Mozilla/5.0 (Windows NT 10.0; Win64; x64) AppleWebKit/537.36 (KHTML, like Gecko) Chrome/150.0.0.0 Safari/537.36"
105.113.100.132 - - [22/Jul/2026:15:55:20 +0000] "POST /wp-admin/admin-ajax.php HTTP/1.1" 200 157 "https://buygreatessentials.shop/wp-admin/admin.php?page=wpforms-builder" "Mozilla/5.0 (Windows NT 10.0; Win64; x64) AppleWebKit/537.36 (KHTML, like Gecko) Chrome/150.0.0.0 Safari/537.36"
105.113.100.132 - - [22/Jul/2026:15:55:36 +0000] "POST /wp-admin/admin-ajax.php HTTP/1.1" 200 77 "https://buygreatessentials.shop/wp-admin/post.php?post=115&action=elementor" "Mozilla/5.0 (Windows NT 10.0; Win64; x64) AppleWebKit/537.36 (KHTML, like Gecko) Chrome/150.0.0.0 Safari/537.36"
105.113.100.132 - - [22/Jul/2026:15:55:39 +0000] "GET /wp-content/plugins/wpforms-lite/assets/lib/font-awesome/webfonts/fa-brands-400.woff2 HTTP/1.1" 200 101180 "https://buygreatessentials.shop/wp-content/plugins/wpforms-lite/assets/lib/font-awesome/css/all.min.css?ver=7.0.1" "Mozilla/5.0 (Windows NT 10.0; Win64; x64) AppleWebKit/537.36 (KHTML, like Gecko) Chrome/150.0.0.0 Safari/537.36"
198.177.124.148 - - [22/Jul/2026:15:56:59 +0000] "POST /wp-cron.php?doing_wp_cron=1784735819.6830849647521972656250 HTTP/1.1" 200 - "-" "WordPress/7.0.2; https://buygreatessentials.shop"
105.113.100.132 - - [22/Jul/2026:15:55:23 +0000] "GET /wp-admin/admin.php?page=wpforms-builder&view=fields&form_id=267&newform=1 HTTP/1.1" 200 718644 "https://buygreatessentials.shop/wp-admin/admin.php?page=wpforms-builder" "Mozilla/5.0 (Windows NT 10.0; Win64; x64) AppleWebKit/537.36 (KHTML, like Gecko) Chrome/150.0.0.0 Safari/537.36"
105.113.100.132 - - [22/Jul/2026:15:57:20 +0000] "GET /wp-content/plugins/wpforms-lite/assets/images/integrations/ai/ai-feature.svg HTTP/1.1" 200 830 "https://buygreatessentials.shop/wp-content/plugins/wpforms-lite/assets/css/integrations/ai/ai-forms.min.css?ver=2.0.0.2" "Mozilla/5.0 (Windows NT 10.0; Win64; x64) AppleWebKit/537.36 (KHTML, like Gecko) Chrome/150.0.0.0 Safari/537.36"
105.113.100.132 - - [22/Jul/2026:15:57:21 +0000] "GET /wp-content/plugins/wpforms-lite/assets/images/integrations/ai/avatar.svg HTTP/1.1" 200 14316 "https://buygreatessentials.shop/wp-content/plugins/wpforms-lite/assets/css/integrations/ai/ai-forms.min.css?ver=2.0.0.2" "Mozilla/5.0 (Windows NT 10.0; Win64; x64) AppleWebKit/537.36 (KHTML, like Gecko) Chrome/150.0.0.0 Safari/537.36"
105.113.100.132 - - [22/Jul/2026:15:57:23 +0000] "GET /wp-content/plugins/wpforms-lite/assets/images/integrations/ai/icon-arrow-up.svg HTTP/1.1" 200 502 "https://buygreatessentials.shop/wp-content/plugins/wpforms-lite/assets/css/integrations/ai/ai-forms.min.css?ver=2.0.0.2" "Mozilla/5.0 (Windows NT 10.0; Win64; x64) AppleWebKit/537.36 (KHTML, like Gecko) Chrome/150.0.0.0 Safari/537.36"
105.113.100.132 - - [22/Jul/2026:15:57:23 +0000] "GET /wp-json/wpforms/v1/themes/?_locale=user HTTP/1.1" 200 9111 "https://buygreatessentials.shop/wp-admin/admin.php?page=wpforms-builder&view=fields&form_id=267&newform=1" "Mozilla/5.0 (Windows NT 10.0; Win64; x64) AppleWebKit/537.36 (KHTML, like Gecko) Chrome/150.0.0.0 Safari/537.36"
105.113.100.132 - - [22/Jul/2026:15:57:23 +0000] "POST /wp-admin/admin-ajax.php HTTP/1.1" 200 154 "https://buygreatessentials.shop/wp-admin/admin.php?page=wpforms-builder&view=fields&form_id=267&newform=1" "Mozilla/5.0 (Windows NT 10.0; Win64; x64) AppleWebKit/537.36 (KHTML, like Gecko) Chrome/150.0.0.0 Safari/537.36"
105.113.100.132 - - [22/Jul/2026:15:57:27 +0000] "POST /wp-json/wpforms/v1/themes/custom/?_locale=user HTTP/1.1" 200 15 "https://buygreatessentials.shop/wp-admin/admin.php?page=wpforms-builder&view=fields&form_id=267" "Mozilla/5.0 (Windows NT 10.0; Win64; x64) AppleWebKit/537.36 (KHTML, like Gecko) Chrome/150.0.0.0 Safari/537.36"
105.113.100.132 - - [22/Jul/2026:15:57:37 +0000] "POST /wp-admin/admin-ajax.php HTTP/1.1" 200 77 "https://buygreatessentials.shop/wp-admin/post.php?post=115&action=elementor" "Mozilla/5.0 (Windows NT 10.0; Win64; x64) AppleWebKit/537.36 (KHTML, like Gecko) Chrome/150.0.0.0 Safari/537.36"
198.177.124.148 - - [22/Jul/2026:15:57:44 +0000] "POST /wp-cron.php?doing_wp_cron=1784735864.6213829517364501953125 HTTP/1.1" 200 - "-" "WordPress/7.0.2; https://buygreatessentials.shop"
105.113.100.132 - - [22/Jul/2026:15:57:41 +0000] "POST /wp-admin/admin-ajax.php HTTP/1.1" 200 13240 "https://buygreatessentials.shop/wp-admin/admin.php?page=wpforms-builder&view=fields&form_id=267" "Mozilla/5.0 (Windows NT 10.0; Win64; x64) AppleWebKit/537.36 (KHTML, like Gecko) Chrome/150.0.0.0 Safari/537.36"
105.113.100.132 - - [22/Jul/2026:15:58:03 +0000] "POST /wp-admin/admin-ajax.php HTTP/1.1" 200 16 "https://buygreatessentials.shop/wp-admin/admin.php?page=wpforms-builder&view=fields&form_id=267" "Mozilla/5.0 (Windows NT 10.0; Win64; x64) AppleWebKit/537.36 (KHTML, like Gecko) Chrome/150.0.0.0 Safari/537.36"
105.113.100.132 - - [22/Jul/2026:15:58:20 +0000] "POST /wp-admin/admin-ajax.php HTTP/1.1" 200 47 "https://buygreatessentials.shop/wp-admin/admin.php?page=wpforms-builder&view=fields&form_id=267" "Mozilla/5.0 (Windows NT 10.0; Win64; x64) AppleWebKit/537.36 (KHTML, like Gecko) Chrome/150.0.0.0 Safari/537.36"
105.113.100.132 - - [22/Jul/2026:15:58:20 +0000] "POST /wp-admin/admin-ajax.php HTTP/1.1" 200 16 "https://buygreatessentials.shop/wp-admin/admin.php?page=wpforms-builder&view=fields&form_id=267" "Mozilla/5.0 (Windows NT 10.0; Win64; x64) AppleWebKit/537.36 (KHTML, like Gecko) Chrome/150.0.0.0 Safari/537.36"
198.177.124.148 - - [22/Jul/2026:15:58:54 +0000] "POST /wp-cron.php?doing_wp_cron=1784735934.8131771087646484375000 HTTP/1.1" 200 - "-" "WordPress/7.0.2; https://buygreatessentials.shop"
105.113.100.132 - - [22/Jul/2026:15:58:52 +0000] "POST /wp-admin/admin-ajax.php HTTP/1.1" 200 154 "https://buygreatessentials.shop/wp-admin/admin.php?page=wpforms-builder&view=fields&form_id=267" "Mozilla/5.0 (Windows NT 10.0; Win64; x64) AppleWebKit/537.36 (KHTML, like Gecko) Chrome/150.0.0.0 Safari/537.36"
105.113.100.132 - - [22/Jul/2026:15:58:55 +0000] "POST /wp-json/wpforms/v1/themes/custom/?_locale=user HTTP/1.1" 200 15 "https://buygreatessentials.shop/wp-admin/admin.php?page=wpforms-builder&view=fields&form_id=267" "Mozilla/5.0 (Windows NT 10.0; Win64; x64) AppleWebKit/537.36 (KHTML, like Gecko) Chrome/150.0.0.0 Safari/537.36"
105.113.100.132 - - [22/Jul/2026:15:59:13 +0000] "POST /wp-admin/admin-ajax.php HTTP/1.1" 200 154 "https://buygreatessentials.shop/wp-admin/admin.php?page=wpforms-builder&view=fields&form_id=267" "Mozilla/5.0 (Windows NT 10.0; Win64; x64) AppleWebKit/537.36 (KHTML, like Gecko) Chrome/150.0.0.0 Safari/537.36"
105.113.100.132 - - [22/Jul/2026:15:59:17 +0000] "POST /wp-json/wpforms/v1/themes/custom/?_locale=user HTTP/1.1" 200 15 "https://buygreatessentials.shop/wp-admin/admin.php?page=wpforms-builder&view=fields&form_id=267" "Mozilla/5.0 (Windows NT 10.0; Win64; x64) AppleWebKit/537.36 (KHTML, like Gecko) Chrome/150.0.0.0 Safari/537.36"
105.113.100.132 - - [22/Jul/2026:15:59:18 +0000] "POST /wp-admin/admin-ajax.php HTTP/1.1" 200 47 "https://buygreatessentials.shop/wp-admin/admin.php?page=wpforms-builder&view=fields&form_id=267" "Mozilla/5.0 (Windows NT 10.0; Win64; x64) AppleWebKit/537.36 (KHTML, like Gecko) Chrome/150.0.0.0 Safari/537.36"
105.113.100.132 - - [22/Jul/2026:15:59:06 +0000] "GET /wp-admin/ HTTP/1.1" 200 397631 "-" "Mozilla/5.0 (Windows NT 10.0; Win64; x64) AppleWebKit/537.36 (KHTML, like Gecko) Chrome/150.0.0.0 Safari/537.36"
105.113.100.132 - - [22/Jul/2026:15:59:39 +0000] "POST /wp-admin/admin-ajax.php HTTP/1.1" 200 77 "https://buygreatessentials.shop/wp-admin/post.php?post=115&action=elementor" "Mozilla/5.0 (Windows NT 10.0; Win64; x64) AppleWebKit/537.36 (KHTML, like Gecko) Chrome/150.0.0.0 Safari/537.36"
198.177.124.148 - - [22/Jul/2026:15:59:44 +0000] "POST /wp-cron.php?doing_wp_cron=1784735984.0595369338989257812500 HTTP/1.1" 200 - "-" "WordPress/7.0.2; https://buygreatessentials.shop"
105.113.100.132 - - [22/Jul/2026:15:59:38 +0000] "GET /wp-admin/edit.php?post_type=page HTTP/1.1" 200 338025 "https://buygreatessentials.shop/wp-admin/" "Mozilla/5.0 (Windows NT 10.0; Win64; x64) AppleWebKit/537.36 (KHTML, like Gecko) Chrome/150.0.0.0 Safari/537.36"
105.113.100.132 - - [22/Jul/2026:15:59:57 +0000] "POST /wp-admin/admin-ajax.php HTTP/1.1" 200 47 "https://buygreatessentials.shop/wp-admin/edit.php?post_type=page" "Mozilla/5.0 (Windows NT 10.0; Win64; x64) AppleWebKit/537.36 (KHTML, like Gecko) Chrome/150.0.0.0 Safari/537.36"
105.113.100.132 - - [22/Jul/2026:16:00:18 +0000] "POST /wp-admin/admin-ajax.php HTTP/1.1" 200 47 "https://buygreatessentials.shop/wp-admin/admin.php?page=wpforms-builder&view=fields&form_id=267" "Mozilla/5.0 (Windows NT 10.0; Win64; x64) AppleWebKit/537.36 (KHTML, like Gecko) Chrome/150.0.0.0 Safari/537.36"
198.177.124.148 - - [22/Jul/2026:16:00:58 +0000] "POST /wp-cron.php?doing_wp_cron=1784736058.8667719364166259765625 HTTP/1.1" 200 - "-" "WordPress/7.0.2; https://buygreatessentials.shop"
105.113.100.132 - - [22/Jul/2026:16:00:57 +0000] "GET /wp-json/elementor/v1/variables/list HTTP/1.1" 200 64 "https://buygreatessentials.shop/wp-admin/post.php?post=115&action=elementor" "Mozilla/5.0 (Windows NT 10.0; Win64; x64) AppleWebKit/537.36 (KHTML, like Gecko) Chrome/150.0.0.0 Safari/537.36"
105.113.100.132 - - [22/Jul/2026:16:01:40 +0000] "POST /wp-admin/admin-ajax.php HTTP/1.1" 200 77 "https://buygreatessentials.shop/wp-admin/post.php?post=115&action=elementor" "Mozilla/5.0 (Windows NT 10.0; Win64; x64) AppleWebKit/537.36 (KHTML, like Gecko) Chrome/150.0.0.0 Safari/537.36"
198.177.124.148 - - [22/Jul/2026:16:02:23 +0000] "POST /wp-cron.php?doing_wp_cron=1784736143.5026309490203857421875 HTTP/1.1" 200 - "-" "WordPress/7.0.2; https://buygreatessentials.shop"
105.113.100.132 - - [22/Jul/2026:16:02:21 +0000] "POST /wp-admin/admin-ajax.php HTTP/1.1" 200 47 "https://buygreatessentials.shop/wp-admin/admin.php?page=wpforms-builder&view=fields&form_id=267" "Mozilla/5.0 (Windows NT 10.0; Win64; x64) AppleWebKit/537.36 (KHTML, like Gecko) Chrome/150.0.0.0 Safari/537.36"
198.177.124.148 - - [22/Jul/2026:16:03:30 +0000] "POST /wp-cron.php?doing_wp_cron=1784736210.2346289157867431640625 HTTP/1.1" 200 - "-" "WordPress/7.0.2; https://buygreatessentials.shop"
105.113.100.132 - - [22/Jul/2026:16:00:01 +0000] "GET /wp-admin/post.php?post=115&action=elementor HTTP/1.1" 200 2368602 "https://buygreatessentials.shop/wp-admin/edit.php?post_type=page" "Mozilla/5.0 (Windows NT 10.0; Win64; x64) AppleWebKit/537.36 (KHTML, like Gecko) Chrome/150.0.0.0 Safari/537.36"
198.177.124.148 - - [22/Jul/2026:16:03:46 +0000] "POST /wp-cron.php?doing_wp_cron=1784736226.0422959327697753906250 HTTP/1.1" 200 - "-" "WordPress/7.0.2; https://buygreatessentials.shop"
105.113.100.132 - - [22/Jul/2026:16:03:43 +0000] "POST /wp-admin/admin-ajax.php HTTP/1.1" 200 77 "https://buygreatessentials.shop/wp-admin/post.php?post=115&action=elementor" "Mozilla/5.0 (Windows NT 10.0; Win64; x64) AppleWebKit/537.36 (KHTML, like Gecko) Chrome/150.0.0.0 Safari/537.36"
105.113.100.132 - - [22/Jul/2026:16:03:49 +0000] "POST /wp-admin/admin-ajax.php HTTP/1.1" 200 47 "https://buygreatessentials.shop/wp-admin/admin.php?page=wpforms-builder&view=fields&form_id=267" "Mozilla/5.0 (Windows NT 10.0; Win64; x64) AppleWebKit/537.36 (KHTML, like Gecko) Chrome/150.0.0.0 Safari/537.36"
105.113.100.132 - - [22/Jul/2026:16:04:35 +0000] "GET /wp-json/elementor/v1/variables/list HTTP/1.1" 200 64 "https://buygreatessentials.shop/wp-admin/post.php?post=115&action=elementor" "Mozilla/5.0 (Windows NT 10.0; Win64; x64) AppleWebKit/537.36 (KHTML, like Gecko) Chrome/150.0.0.0 Safari/537.36"
105.113.100.132 - - [22/Jul/2026:16:04:37 +0000] "POST /wp-admin/admin-ajax.php HTTP/1.1" 200 47 "https://buygreatessentials.shop/wp-admin/post.php?post=115&action=elementor" "Mozilla/5.0 (Windows NT 10.0; Win64; x64) AppleWebKit/537.36 (KHTML, like Gecko) Chrome/150.0.0.0 Safari/537.36"
198.177.124.148 - - [22/Jul/2026:16:04:50 +0000] "POST /wp-cron.php?doing_wp_cron=1784736290.1314880847930908203125 HTTP/1.1" 200 - "-" "WordPress/7.0.2; https://buygreatessentials.shop"
105.113.100.132 - - [22/Jul/2026:16:04:47 +0000] "POST /wp-admin/admin-ajax.php HTTP/1.1" 200 47 "https://buygreatessentials.shop/wp-admin/post.php?post=115&action=elementor" "Mozilla/5.0 (Windows NT 10.0; Win64; x64) AppleWebKit/537.36 (KHTML, like Gecko) Chrome/150.0.0.0 Safari/537.36"
105.113.100.132 - - [22/Jul/2026:16:04:51 +0000] "POST /wp-admin/admin-ajax.php HTTP/1.1" 200 47 "https://buygreatessentials.shop/wp-admin/admin.php?page=wpforms-builder&view=fields&form_id=267" "Mozilla/5.0 (Windows NT 10.0; Win64; x64) AppleWebKit/537.36 (KHTML, like Gecko) Chrome/150.0.0.0 Safari/537.36"
105.113.100.132 - - [22/Jul/2026:16:04:51 +0000] "POST /wp-admin/admin-ajax.php HTTP/1.1" 200 195 "https://buygreatessentials.shop/wp-admin/post.php?post=115&action=elementor" "Mozilla/5.0 (Windows NT 10.0; Win64; x64) AppleWebKit/537.36 (KHTML, like Gecko) Chrome/150.0.0.0 Safari/537.36"
105.113.100.132 - - [22/Jul/2026:16:04:52 +0000] "POST /wp-admin/admin-ajax.php HTTP/1.1" 200 195 "https://buygreatessentials.shop/wp-admin/post.php?post=115&action=elementor" "Mozilla/5.0 (Windows NT 10.0; Win64; x64) AppleWebKit/537.36 (KHTML, like Gecko) Chrome/150.0.0.0 Safari/537.36"
105.113.100.132 - - [22/Jul/2026:16:04:55 +0000] "POST /wp-admin/admin-ajax.php HTTP/1.1" 200 195 "https://buygreatessentials.shop/wp-admin/post.php?post=115&action=elementor" "Mozilla/5.0 (Windows NT 10.0; Win64; x64) AppleWebKit/537.36 (KHTML, like Gecko) Chrome/150.0.0.0 Safari/537.36"
105.113.100.132 - - [22/Jul/2026:16:04:55 +0000] "GET /wp-admin/post.php?post=115&action=elementor&elementor-mode=safe HTTP/1.1" 200 2368613 "https://buygreatessentials.shop/wp-admin/post.php?post=115&action=elementor" "Mozilla/5.0 (Windows NT 10.0; Win64; x64) AppleWebKit/537.36 (KHTML, like Gecko) Chrome/150.0.0.0 Safari/537.36"
105.113.100.132 - - [22/Jul/2026:16:04:57 +0000] "GET /wp-admin/post.php?post=115&action=elementor&elementor-mode=safe HTTP/1.1" 200 2360108 "https://buygreatessentials.shop/wp-admin/post.php?post=115&action=elementor" "Mozilla/5.0 (Windows NT 10.0; Win64; x64) AppleWebKit/537.36 (KHTML, like Gecko) Chrome/150.0.0.0 Safari/537.36"
105.113.100.132 - - [22/Jul/2026:16:05:00 +0000] "GET /wp-admin/post.php?post=115&action=elementor&elementor-mode=safe HTTP/1.1" 200 2360108 "https://buygreatessentials.shop/wp-admin/post.php?post=115&action=elementor" "Mozilla/5.0 (Windows NT 10.0; Win64; x64) AppleWebKit/537.36 (KHTML, like Gecko) Chrome/150.0.0.0 Safari/537.36"
105.113.100.132 - - [22/Jul/2026:16:05:02 +0000] "POST /wp-admin/admin-ajax.php HTTP/1.1" 200 47 "https://buygreatessentials.shop/wp-admin/post.php?post=115&action=elementor" "Mozilla/5.0 (Windows NT 10.0; Win64; x64) AppleWebKit/537.36 (KHTML, like Gecko) Chrome/150.0.0.0 Safari/537.36"
198.177.124.148 - - [22/Jul/2026:16:05:11 +0000] "POST /wp-cron.php?doing_wp_cron=1784736311.5249900817871093750000 HTTP/1.1" 200 - "-" "WordPress/7.0.2; https://buygreatessentials.shop"
105.113.100.132 - - [22/Jul/2026:16:03:46 +0000] "GET /wp-admin/post.php?post=115&action=elementor HTTP/1.1" 200 2368579 "-" "Mozilla/5.0 (Windows NT 10.0; Win64; x64) AppleWebKit/537.36 (KHTML, like Gecko) Chrome/150.0.0.0 Safari/537.36"
105.113.100.132 - - [22/Jul/2026:16:05:02 +0000] "GET /wp-admin/post.php?post=115&action=elementor HTTP/1.1" 200 2368579 "-" "Mozilla/5.0 (Windows NT 10.0; Win64; x64) AppleWebKit/537.36 (KHTML, like Gecko) Chrome/150.0.0.0 Safari/537.36"
105.113.100.132 - - [22/Jul/2026:16:05:42 +0000] "POST /wp-admin/admin-ajax.php HTTP/1.1" 200 77 "https://buygreatessentials.shop/wp-admin/post.php?post=115&action=elementor" "Mozilla/5.0 (Windows NT 10.0; Win64; x64) AppleWebKit/537.36 (KHTML, like Gecko) Chrome/150.0.0.0 Safari/537.36"
198.177.124.148 - - [22/Jul/2026:16:05:55 +0000] "POST /wp-cron.php?doing_wp_cron=1784736355.6154010295867919921875 HTTP/1.1" 200 - "-" "WordPress/7.0.2; https://buygreatessentials.shop"
105.113.100.132 - - [22/Jul/2026:16:05:53 +0000] "POST /wp-admin/admin-ajax.php HTTP/1.1" 200 47 "https://buygreatessentials.shop/wp-admin/admin.php?page=wpforms-builder&view=fields&form_id=267" "Mozilla/5.0 (Windows NT 10.0; Win64; x64) AppleWebKit/537.36 (KHTML, like Gecko) Chrome/150.0.0.0 Safari/537.36"
45.198.224.56 - - [22/Jul/2026:16:06:07 +0000] "GET /?rest_route=/ HTTP/1.1" 200 270324 "-" "wp2shell"
45.198.224.56 - - [22/Jul/2026:16:06:11 +0000] "GET /?rest_route=/ HTTP/1.1" 200 270324 "-" "wp2shell"
45.198.224.56 - - [22/Jul/2026:16:06:13 +0000] "GET /wp-json/ HTTP/1.1" 200 270324 "-" "wp2shell"
45.198.224.56 - - [22/Jul/2026:16:06:17 +0000] "GET / HTTP/1.1" 200 99529 "-" "wp2shell"
45.198.224.56 - - [22/Jul/2026:16:06:20 +0000] "POST /?rest_route=/batch/v1 HTTP/1.1" 207 478 "-" "wp2shell"
105.113.100.132 - - [22/Jul/2026:16:06:21 +0000] "GET /wp-json/elementor/v1/variables/list HTTP/1.1" 200 64 "https://buygreatessentials.shop/wp-admin/post.php?post=115&action=elementor" "Mozilla/5.0 (Windows NT 10.0; Win64; x64) AppleWebKit/537.36 (KHTML, like Gecko) Chrome/150.0.0.0 Safari/537.36"
