84.32.41.136 - - [22/Jul/2026:00:53:39 +0000] "GET /wp-admin/admin-ajax.php HTTP/1.1" 400 1 "http://buygreatessentials.shop" "Mozilla/5.0 (X11; Linux x86_64) AppleWebKit/537.36 (KHTML, like Gecko) Chrome/130.0.0.0 Safari/537.36"
84.32.41.136 - - [22/Jul/2026:00:53:41 +0000] "GET /wp-json/ HTTP/1.1" 200 270324 "http://buygreatessentials.shop" "Mozilla/5.0 (X11; Linux x86_64) AppleWebKit/537.36 (KHTML, like Gecko) Chrome/130.0.0.0 Safari/537.36"
198.177.124.148 - - [22/Jul/2026:01:02:57 +0000] "POST /wp-cron.php?doing_wp_cron=1784682177.3731949329376220703125 HTTP/1.1" 200 - "-" "WordPress/7.0.2; https://buygreatessentials.shop"
34.77.70.95 - - [22/Jul/2026:01:02:54 +0000] "GET / HTTP/1.1" 200 99529 "-" "Mozilla/5.0 (Windows NT 10.0; Win64; x64; rv:133.0) Gecko/20100101 Firefox/133.0"
198.177.124.148 - - [22/Jul/2026:01:10:28 +0000] "POST /wp-cron.php?doing_wp_cron=1784682628.3956329822540283203125 HTTP/1.1" 200 - "-" "WordPress/7.0.2; https://buygreatessentials.shop"
185.223.152.115 - - [22/Jul/2026:01:10:24 +0000] "POST /wp-login.php HTTP/1.1" 503 18954 "-" "Mozilla/5.0 (X11; Linux i586; rv:31.0) Gecko/20100101 Firefox/31.0"
198.177.124.148 - - [22/Jul/2026:01:17:48 +0000] "POST /wp-cron.php?doing_wp_cron=1784683068.8219261169433593750000 HTTP/1.1" 200 - "-" "WordPress/7.0.2; https://buygreatessentials.shop"
82.24.34.38 - - [22/Jul/2026:01:17:45 +0000] "GET / HTTP/1.1" 200 99529 "-" "Mozilla/5.0 (X11; Linux i686; rv:109.0) Gecko/20100101 Firefox/120.0"
198.177.124.148 - - [22/Jul/2026:01:27:10 +0000] "POST /wp-cron.php?doing_wp_cron=1784683630.4857389926910400390625 HTTP/1.1" 200 - "-" "WordPress/7.0.2; https://buygreatessentials.shop"
157.143.3.35 - - [22/Jul/2026:01:27:07 +0000] "GET / HTTP/1.1" 301 - "-" "Mozilla/5.0 (Linux; Android 6.0; Nexus 5 Build/MRA58N) AppleWebKit/537.36 (KHTML, like Gecko) Chrome/130.0.0.0 Mobile Safari/537.36"
198.177.124.148 - - [22/Jul/2026:01:30:00 +0000] "POST /wp-cron.php?doing_wp_cron=1784683800.4963688850402832031250 HTTP/1.1" 200 - "-" "WordPress/7.0.2; https://buygreatessentials.shop"
104.28.156.107 - - [22/Jul/2026:01:29:55 +0000] "GET / HTTP/1.1" 200 99529 "-" "Mozilla/5.0 (Macintosh; Intel Mac OS X 10_15_7) AppleWebKit/537.36 (KHTML, like Gecko) Chrome/90.0.4430.93 Safari/537.36"
104.28.156.107 - - [22/Jul/2026:01:30:02 +0000] "GET /?rest_route=/wp/v2/users HTTP/1.1" 401 108 "-" "Mozilla/5.0 (Macintosh; Intel Mac OS X 10_15_7) AppleWebKit/537.36 (KHTML, like Gecko) Chrome/90.0.4430.93 Safari/537.36"
198.177.124.148 - - [22/Jul/2026:01:33:09 +0000] "POST /wp-cron.php?doing_wp_cron=1784683989.3500919342041015625000 HTTP/1.1" 200 - "-" "WordPress/7.0.2; https://buygreatessentials.shop"
185.223.152.115 - - [22/Jul/2026:01:33:05 +0000] "POST /wp-login.php HTTP/1.1" 503 18954 "-" "Mozilla/5.0 (X11; U; Linux i686; rv:1.8.0.1) Gecko/20060124 Firefox/1.5.0.1"
198.177.124.148 - - [22/Jul/2026:01:54:28 +0000] "POST /wp-cron.php?doing_wp_cron=1784685268.8215699195861816406250 HTTP/1.1" 200 - "-" "WordPress/7.0.2; https://buygreatessentials.shop"
195.178.110.223 - - [22/Jul/2026:01:54:24 +0000] "GET /.git/config HTTP/1.1" 404 82052 "-" "Mozilla/5.0 (Linux; Android 8.1.0; Redmi Y2) AppleWebKit/537.36 (KHTML, like Gecko) Chrome/76.0.3809.111 Mobile Safari/537.36"
198.177.124.148 - - [22/Jul/2026:01:55:48 +0000] "POST /wp-cron.php?doing_wp_cron=1784685348.1520910263061523437500 HTTP/1.1" 200 - "-" "WordPress/7.0.2; https://buygreatessentials.shop"
185.223.152.97 - - [22/Jul/2026:01:55:44 +0000] "POST /wp-login.php HTTP/1.1" 503 18954 "-" "Mozilla/5.0 (Linux; Android 10; K) AppleWebKit/537.36 (KHTML, like Gecko) Chrome/123.0.0.0 Mobile Safari/537.36 [ip:151.38.238.225]"
198.177.124.148 - - [22/Jul/2026:02:18:37 +0000] "POST /wp-cron.php?doing_wp_cron=1784686717.7766098976135253906250 HTTP/1.1" 200 - "-" "WordPress/7.0.2; https://buygreatessentials.shop"
185.223.152.97 - - [22/Jul/2026:02:18:33 +0000] "POST /wp-login.php HTTP/1.1" 503 18954 "-" "Mozilla/5.0 (Linux; Android 8.0.0; PRA-LX1 Build/HUAWEIPRA-LX1; wv) AppleWebKit/537.36 (KHTML, like Gecko) Version/4.0 Chrome/90.0.4430.91 Mobile Safari/537.36"
34.122.147.229 - - [22/Jul/2026:02:22:41 +0000] "POST /wp-json/pys-facebook/v1/event HTTP/1.1" 200 16 "http://buygreatessentials.shop/" "Mozilla/5.0 (Windows NT 10.0; Win64; x64) AppleWebKit/537.36 (KHTML, like Gecko) Chrome/125.0.6422.60 Safari/537.36 Edge/12.246"
198.177.124.148 - - [22/Jul/2026:02:22:44 +0000] "POST /wp-cron.php?doing_wp_cron=1784686964.7472860813140869140625 HTTP/1.1" 200 - "-" "WordPress/7.0.2; https://buygreatessentials.shop"
34.122.147.229 - - [22/Jul/2026:02:22:41 +0000] "GET /wp-admin/admin-ajax.php?action=pys_get_pbid HTTP/1.1" 200 1 "http://buygreatessentials.shop/" "Mozilla/5.0 (Windows NT 10.0; Win64; x64) AppleWebKit/537.36 (KHTML, like Gecko) Chrome/125.0.6422.60 Safari/537.36 Edge/12.246"
205.169.39.4 - - [22/Jul/2026:02:22:46 +0000] "GET /wp-content/themes/twentytwentyfour/assets/fonts/cardo/cardo%5fitalic%5f400.woff2 HTTP/1.1" 200 105184 "-" "Mozilla/5.0 (Windows NT 10.0) AppleWebKit/537.36 (KHTML, like Gecko) Chrome/106.0.0.0 Safari/537.36"
205.169.39.45 - - [22/Jul/2026:02:23:00 +0000] "GET /wp-content/themes/twentytwentyfour/assets/fonts/inter/Inter-VariableFont%5fslnt%2cwght.woff2 HTTP/1.1" 200 326628 "-" "Mozilla/5.0 (Windows NT 10.0) AppleWebKit/537.36 (KHTML, like Gecko) Chrome/106.0.0.0 Safari/537.36"
205.169.39.243 - - [22/Jul/2026:02:23:10 +0000] "POST /wp-json/pys-facebook/v1/event HTTP/1.1" 200 16 "http://buygreatessentials.shop/" "Mozilla/5.0 (Windows NT 10.0; Win64; x64) AppleWebKit/537.36 (KHTML, like Gecko) Chrome/79.0.3945.79 Safari/537.36"
205.169.39.243 - - [22/Jul/2026:02:23:10 +0000] "GET /wp-admin/admin-ajax.php?action=pys_get_pbid HTTP/1.1" 200 1 "http://buygreatessentials.shop/" "Mozilla/5.0 (Windows NT 10.0; Win64; x64) AppleWebKit/537.36 (KHTML, like Gecko) Chrome/79.0.3945.79 Safari/537.36"
45.41.128.182 - - [22/Jul/2026:02:23:25 +0000] "GET / HTTP/1.1" 200 99529 "-" "Mozilla/5.0 (X11; Linux i686; rv:109.0) Gecko/20100101 Firefox/120.0"
198.177.124.148 - - [22/Jul/2026:02:24:07 +0000] "POST /wp-cron.php?doing_wp_cron=1784687047.2345368862152099609375 HTTP/1.1" 200 - "-" "WordPress/7.0.2; https://buygreatessentials.shop"
52.208.151.205 - - [22/Jul/2026:02:24:03 +0000] "GET / HTTP/1.1" 200 99529 "-" "Mozilla/5.0 (Linux; Android 13; Pixel 7) AppleWebKit/537.36 (KHTML, like Gecko) Chrome/119.0.0.0 Mobile Safari/537.36"
198.177.124.148 - - [22/Jul/2026:02:25:30 +0000] "POST /wp-cron.php?doing_wp_cron=1784687130.7123188972473144531250 HTTP/1.1" 200 - "-" "WordPress/7.0.2; https://buygreatessentials.shop"
81.196.20.142 - - [22/Jul/2026:02:25:26 +0000] "GET / HTTP/1.1" 200 99529 "-" "Mozilla/5.0 (Windows NT 10.0; Win64; x64) AppleWebKit/537.36 (KHTML, like Gecko) Chrome/124.0.0.0 Safari/537.36"
198.177.124.148 - - [22/Jul/2026:02:42:11 +0000] "POST /wp-cron.php?doing_wp_cron=1784688131.6065061092376708984375 HTTP/1.1" 200 - "-" "WordPress/7.0.2; https://buygreatessentials.shop"
185.223.152.105 - - [22/Jul/2026:02:42:08 +0000] "POST /wp-login.php HTTP/1.1" 503 18954 "-" "Mozilla/5.0 (X11; U; Linux i686; pt-BR; rv:1.7.12) Gecko/20051010 Firefox/1.0.7 (Ubuntu package 1.0.7)"
198.177.124.148 - - [22/Jul/2026:02:54:51 +0000] "POST /wp-cron.php?doing_wp_cron=1784688891.3539240360260009765625 HTTP/1.1" 200 - "-" "WordPress/7.0.2; https://buygreatessentials.shop"
52.23.251.122 - - [22/Jul/2026:02:54:46 +0000] "GET / HTTP/1.1" 200 99529 "-" "Mozilla/5.0 (X11; Linux x86_64) AppleWebKit/537.36 (KHTML, like Gecko) Chrome/145.0.0.0 Safari/537.36"
52.23.251.122 - - [22/Jul/2026:02:54:54 +0000] "GET /wp-admin/admin-ajax.php?action=pys_get_pbid HTTP/1.1" 200 1 "http://buygreatessentials.shop/" "Mozilla/5.0 (X11; Linux x86_64) AppleWebKit/537.36 (KHTML, like Gecko) Chrome/145.0.0.0 Safari/537.36"
52.23.251.122 - - [22/Jul/2026:02:54:54 +0000] "POST /wp-json/pys-facebook/v1/event HTTP/1.1" 200 16 "http://buygreatessentials.shop/" "Mozilla/5.0 (X11; Linux x86_64) AppleWebKit/537.36 (KHTML, like Gecko) Chrome/145.0.0.0 Safari/537.36"
198.177.124.148 - - [22/Jul/2026:03:02:29 +0000] "POST /wp-cron.php?doing_wp_cron=1784689349.9018959999084472656250 HTTP/1.1" 200 - "-" "WordPress/7.0.2; https://buygreatessentials.shop"
34.76.117.34 - - [22/Jul/2026:03:02:25 +0000] "GET / HTTP/1.1" 200 99529 "-" "Mozilla/5.0 (Macintosh; Intel Mac OS X 10_15_7) AppleWebKit/537.36 (KHTML, like Gecko) Chrome/127.0.6533.100 Safari/537.36"
198.177.124.148 - - [22/Jul/2026:03:41:27 +0000] "POST /wp-cron.php?doing_wp_cron=1784691687.5436050891876220703125 HTTP/1.1" 200 - "-" "WordPress/7.0.2; https://buygreatessentials.shop"
173.232.230.137 - - [22/Jul/2026:03:41:22 +0000] "GET /wp-login.php HTTP/1.1" 200 4823 "http://may.mhqzwphbcueqxoaxlssilfufo.xyz/" "Mozilla/5.0 (Windows NT 10.0; Win64; x64) AppleWebKit/537.36 (KHTML, like Gecko) Chrome/148.0.0.0 Safari/537.36"
173.232.230.137 - - [22/Jul/2026:03:41:22 +0000] "GET /1713qmbaaul25mewttmm44 HTTP/1.1" 404 82063 "http://may.mhqzwphbcueqxoaxlssilfufo.xyz/" "Mozilla/5.0 (Windows NT 10.0; Win64; x64) AppleWebKit/537.36 (KHTML, like Gecko) Chrome/148.0.0.0 Safari/537.36"
173.232.230.137 - - [22/Jul/2026:03:41:23 +0000] "GET /wp-admin/user/cw.php HTTP/1.1" 404 82977 "http://may.mhqzwphbcueqxoaxlssilfufo.xyz/" "Mozilla/5.0 (Windows NT 10.0; Win64; x64) AppleWebKit/537.36 (KHTML, like Gecko) Chrome/148.0.0.0 Safari/537.36"
173.232.230.137 - - [22/Jul/2026:03:41:22 +0000] "GET /ammika.php?8047qkwaaqo56mewttmx14 HTTP/1.1" 404 82051 "http://may.mhqzwphbcueqxoaxlssilfufo.xyz/" "Mozilla/5.0 (Windows NT 10.0; Win64; x64) AppleWebKit/537.36 (KHTML, like Gecko) Chrome/148.0.0.0 Safari/537.36"
173.232.230.137 - - [22/Jul/2026:03:41:23 +0000] "GET /saiga.php?13216qkyaail60mewttmz33 HTTP/1.1" 404 82050 "http://may.mhqzwphbcueqxoaxlssilfufo.xyz/" "Mozilla/5.0 (Windows NT 10.0; Win64; x64) AppleWebKit/537.36 (KHTML, like Gecko) Chrome/148.0.0.0 Safari/537.36"
173.232.230.137 - - [22/Jul/2026:03:41:23 +0000] "GET /wp-includes/Requests/xmleihhf.php HTTP/1.1" 404 83016 "http://may.mhqzwphbcueqxoaxlssilfufo.xyz/" "Mozilla/5.0 (Windows NT 10.0; Win64; x64) AppleWebKit/537.36 (KHTML, like Gecko) Chrome/148.0.0.0 Safari/537.36"
173.232.230.137 - - [22/Jul/2026:03:41:29 +0000] "GET /wp-includes/js/jquery/jquery.min.js?ver=3.7.1 HTTP/1.1" 200 87553 "https://buygreatessentials.shop/wp-admin/user/cw.php" "Mozilla/5.0 (Windows NT 10.0; Win64; x64) AppleWebKit/537.36 (KHTML, like Gecko) Chrome/148.0.0.0 Safari/537.36"
173.232.230.137 - - [22/Jul/2026:03:41:29 +0000] "GET /wp-includes/js/jquery/jquery-migrate.min.js?ver=3.4.1 HTTP/1.1" 200 13577 "https://buygreatessentials.shop/wp-admin/user/cw.php" "Mozilla/5.0 (Windows NT 10.0; Win64; x64) AppleWebKit/537.36 (KHTML, like Gecko) Chrome/148.0.0.0 Safari/537.36"
173.232.230.137 - - [22/Jul/2026:03:41:29 +0000] "GET /wp-includes/js/dist/script-modules/interactivity/index.min.js?ver=efaa5193bbad9c60ffd1 HTTP/1.1" 200 40106 "https://buygreatessentials.shop/wp-includes/Requests/xmleihhf.php" "Mozilla/5.0 (Windows NT 10.0; Win64; x64) AppleWebKit/537.36 (KHTML, like Gecko) Chrome/148.0.0.0 Safari/537.36"
173.232.230.137 - - [22/Jul/2026:03:41:30 +0000] "GET /wp-content/plugins/pixelyoursite/dist/scripts/jquery.bind-first-0.2.3.min.js?ver=0.2.3 HTTP/1.1" 200 1317 "https://buygreatessentials.shop/wp-includes/Requests/xmleihhf.php" "Mozilla/5.0 (Windows NT 10.0; Win64; x64) AppleWebKit/537.36 (KHTML, like Gecko) Chrome/148.0.0.0 Safari/537.36"
173.232.230.137 - - [22/Jul/2026:03:41:30 +0000] "GET /wp-includes/js/dist/script-modules/block-library/navigation/view.min.js?ver=96a846e1d7b789c39ab9 HTTP/1.1" 200 3053 "https://buygreatessentials.shop/wp-includes/Requests/xmleihhf.php" "Mozilla/5.0 (Windows NT 10.0; Win64; x64) AppleWebKit/537.36 (KHTML, like Gecko) Chrome/148.0.0.0 Safari/537.36"
173.232.230.137 - - [22/Jul/2026:03:41:30 +0000] "GET /wp-content/plugins/pixelyoursite/dist/scripts/js.cookie-2.1.3.min.js?ver=2.1.3 HTTP/1.1" 200 1709 "https://buygreatessentials.shop/wp-admin/user/cw.php" "Mozilla/5.0 (Windows NT 10.0; Win64; x64) AppleWebKit/537.36 (KHTML, like Gecko) Chrome/148.0.0.0 Safari/537.36"
173.232.230.137 - - [22/Jul/2026:03:41:30 +0000] "GET /wp-content/plugins/pixelyoursite/dist/scripts/tld.min.js?ver=2.3.1 HTTP/1.1" 200 141079 "https://buygreatessentials.shop/wp-includes/Requests/xmleihhf.php" "Mozilla/5.0 (Windows NT 10.0; Win64; x64) AppleWebKit/537.36 (KHTML, like Gecko) Chrome/148.0.0.0 Safari/537.36"
173.232.230.137 - - [22/Jul/2026:03:41:30 +0000] "GET /wp-content/plugins/pixelyoursite/dist/scripts/public.js?ver=11.2.1 HTTP/1.1" 200 172979 "https://buygreatessentials.shop/wp-includes/Requests/xmleihhf.php" "Mozilla/5.0 (Windows NT 10.0; Win64; x64) AppleWebKit/537.36 (KHTML, like Gecko) Chrome/148.0.0.0 Safari/537.36"
173.232.230.137 - - [22/Jul/2026:03:41:31 +0000] "GET /wp-content/themes/twentytwentyfour/assets/fonts/cardo/cardo_normal_400.woff2 HTTP/1.1" 200 146060 "https://buygreatessentials.shop/wp-includes/Requests/xmleihhf.php" "Mozilla/5.0 (Windows NT 10.0; Win64; x64) AppleWebKit/537.36 (KHTML, like Gecko) Chrome/148.0.0.0 Safari/537.36"
173.232.230.137 - - [22/Jul/2026:03:41:31 +0000] "GET /wp-content/themes/twentytwentyfour/assets/fonts/inter/Inter-VariableFont_slnt,wght.woff2 HTTP/1.1" 200 326628 "https://buygreatessentials.shop/wp-includes/Requests/xmleihhf.php" "Mozilla/5.0 (Windows NT 10.0; Win64; x64) AppleWebKit/537.36 (KHTML, like Gecko) Chrome/148.0.0.0 Safari/537.36"
173.232.230.137 - - [22/Jul/2026:03:41:32 +0000] "GET /wp-includes/js/wp-emoji-release.min.js?ver=7.0.2 HTTP/1.1" 200 22752 "https://buygreatessentials.shop/wp-includes/Requests/xmleihhf.php" "Mozilla/5.0 (Windows NT 10.0; Win64; x64) AppleWebKit/537.36 (KHTML, like Gecko) Chrome/148.0.0.0 Safari/537.36"
173.232.230.137 - - [22/Jul/2026:03:41:30 +0000] "GET /wp-login.php HTTP/1.1" 200 4823 "http://may.mhqzwphbcueqxoaxlssilfufo.xyz/" "Mozilla/5.0 (Windows NT 10.0; Win64; x64) AppleWebKit/537.36 (KHTML, like Gecko) Chrome/148.0.0.0 Safari/537.36"
173.232.230.137 - - [22/Jul/2026:03:41:35 +0000] "GET /wp-admin/load-scripts.php?c=0&load%5Bchunk_0%5D=clipboard,jquery-core,jquery-migrate,zxcvbn-async,wp-hooks&ver=7.0.2 HTTP/1.1" 200 115545 "https://buygreatessentials.shop/wp-login.php" "Mozilla/5.0 (Windows NT 10.0; Win64; x64) AppleWebKit/537.36 (KHTML, like Gecko) Chrome/148.0.0.0 Safari/537.36"
173.232.230.137 - - [22/Jul/2026:03:41:35 +0000] "GET /wp-admin/load-styles.php?c=0&dir=ltr&load%5Bchunk_0%5D=dashicons,buttons,forms,l10n,wp-base-styles,login&ver=7.0.2 HTTP/1.1" 200 111601 "https://buygreatessentials.shop/wp-login.php" "Mozilla/5.0 (Windows NT 10.0; Win64; x64) AppleWebKit/537.36 (KHTML, like Gecko) Chrome/148.0.0.0 Safari/537.36"
173.232.230.137 - - [22/Jul/2026:03:41:35 +0000] "GET /wp-includes/js/dist/i18n.min.js?ver=781d11515ad3d91786ec HTTP/1.1" 200 5732 "https://buygreatessentials.shop/wp-login.php" "Mozilla/5.0 (Windows NT 10.0; Win64; x64) AppleWebKit/537.36 (KHTML, like Gecko) Chrome/148.0.0.0 Safari/537.36"
173.232.230.137 - - [22/Jul/2026:03:41:35 +0000] "GET /wp-admin/js/password-strength-meter.min.js?ver=7.0.2 HTTP/1.1" 200 1123 "https://buygreatessentials.shop/wp-login.php" "Mozilla/5.0 (Windows NT 10.0; Win64; x64) AppleWebKit/537.36 (KHTML, like Gecko) Chrome/148.0.0.0 Safari/537.36"
173.232.230.137 - - [22/Jul/2026:03:41:35 +0000] "GET /wp-includes/js/underscore.min.js?ver=1.13.8 HTTP/1.1" 200 19012 "https://buygreatessentials.shop/wp-login.php" "Mozilla/5.0 (Windows NT 10.0; Win64; x64) AppleWebKit/537.36 (KHTML, like Gecko) Chrome/148.0.0.0 Safari/537.36"
173.232.230.137 - - [22/Jul/2026:03:41:36 +0000] "GET /wp-includes/js/wp-util.min.js?ver=7.0.2 HTTP/1.1" 200 1431 "https://buygreatessentials.shop/wp-login.php" "Mozilla/5.0 (Windows NT 10.0; Win64; x64) AppleWebKit/537.36 (KHTML, like Gecko) Chrome/148.0.0.0 Safari/537.36"
173.232.230.137 - - [22/Jul/2026:03:41:31 +0000] "GET /wp-admin/admin-ajax.php?action=pys_get_pbid HTTP/1.1" 200 1 "https://buygreatessentials.shop/wp-includes/Requests/xmleihhf.php" "Mozilla/5.0 (Windows NT 10.0; Win64; x64) AppleWebKit/537.36 (KHTML, like Gecko) Chrome/148.0.0.0 Safari/537.36"
173.232.230.137 - - [22/Jul/2026:03:41:36 +0000] "GET /wp-includes/js/dist/dom-ready.min.js?ver=a06281ae5cf5500e9317 HTTP/1.1" 200 818 "https://buygreatessentials.shop/wp-login.php" "Mozilla/5.0 (Windows NT 10.0; Win64; x64) AppleWebKit/537.36 (KHTML, like Gecko) Chrome/148.0.0.0 Safari/537.36"
173.232.230.137 - - [22/Jul/2026:03:41:36 +0000] "GET /wp-includes/js/dist/a11y.min.js?ver=af934e5259bc51b8718e HTTP/1.1" 200 2503 "https://buygreatessentials.shop/wp-login.php" "Mozilla/5.0 (Windows NT 10.0; Win64; x64) AppleWebKit/537.36 (KHTML, like Gecko) Chrome/148.0.0.0 Safari/537.36"
173.232.230.137 - - [22/Jul/2026:03:41:36 +0000] "GET /wp-admin/js/user-profile.min.js?ver=7.0.2 HTTP/1.1" 200 7997 "https://buygreatessentials.shop/wp-login.php" "Mozilla/5.0 (Windows NT 10.0; Win64; x64) AppleWebKit/537.36 (KHTML, like Gecko) Chrome/148.0.0.0 Safari/537.36"
173.232.230.137 - - [22/Jul/2026:03:41:36 +0000] "GET /wp-admin/images/wordpress-logo-gray.svg?ver=20260303 HTTP/1.1" 200 1521 "https://buygreatessentials.shop/wp-admin/load-styles.php?c=0&dir=ltr&load%5Bchunk_0%5D=dashicons,buttons,forms,l10n,wp-base-styles,login&ver=7.0.2" "Mozilla/5.0 (Windows NT 10.0; Win64; x64) AppleWebKit/537.36 (KHTML, like Gecko) Chrome/148.0.0.0 Safari/537.36"
173.232.230.137 - - [22/Jul/2026:03:41:32 +0000] "POST /wp-json/pys-facebook/v1/event HTTP/1.1" 200 16 "https://buygreatessentials.shop/wp-admin/user/cw.php" "Mozilla/5.0 (Windows NT 10.0; Win64; x64) AppleWebKit/537.36 (KHTML, like Gecko) Chrome/148.0.0.0 Safari/537.36"
173.232.230.137 - - [22/Jul/2026:03:41:31 +0000] "POST /wp-json/pys-facebook/v1/event HTTP/1.1" 200 16 "https://buygreatessentials.shop/wp-includes/Requests/xmleihhf.php" "Mozilla/5.0 (Windows NT 10.0; Win64; x64) AppleWebKit/537.36 (KHTML, like Gecko) Chrome/148.0.0.0 Safari/537.36"
173.232.230.137 - - [22/Jul/2026:03:41:36 +0000] "GET /wp-includes/js/zxcvbn.min.js HTTP/1.1" 200 822237 "https://buygreatessentials.shop/wp-login.php" "Mozilla/5.0 (Windows NT 10.0; Win64; x64) AppleWebKit/537.36 (KHTML, like Gecko) Chrome/148.0.0.0 Safari/537.36"
173.232.230.137 - - [22/Jul/2026:03:41:34 +0000] "GET /favicon.ico HTTP/1.1" 302 - "https://buygreatessentials.shop/wp-includes/Requests/xmleihhf.php" "Mozilla/5.0 (Windows NT 10.0; Win64; x64) AppleWebKit/537.36 (KHTML, like Gecko) Chrome/148.0.0.0 Safari/537.36"
173.232.230.137 - - [22/Jul/2026:03:41:38 +0000] "GET /wp-includes/images/w-logo-blue-white-bg.png HTTP/1.1" 200 4119 "https://buygreatessentials.shop/wp-includes/Requests/xmleihhf.php" "Mozilla/5.0 (Windows NT 10.0; Win64; x64) AppleWebKit/537.36 (KHTML, like Gecko) Chrome/148.0.0.0 Safari/537.36"
173.232.230.137 - - [22/Jul/2026:03:41:36 +0000] "GET /wp-admin/admin-ajax.php?action=pys_get_pbid HTTP/1.1" 200 1 "https://buygreatessentials.shop/wp-admin/user/cw.php" "Mozilla/5.0 (Windows NT 10.0; Win64; x64) AppleWebKit/537.36 (KHTML, like Gecko) Chrome/148.0.0.0 Safari/537.36"
173.232.230.137 - - [22/Jul/2026:03:41:38 +0000] "GET /favicon.ico HTTP/1.1" 302 - "https://buygreatessentials.shop/wp-admin/user/cw.php" "Mozilla/5.0 (Windows NT 10.0; Win64; x64) AppleWebKit/537.36 (KHTML, like Gecko) Chrome/148.0.0.0 Safari/537.36"
173.232.230.137 - - [22/Jul/2026:03:41:41 +0000] "GET /favicon.ico HTTP/1.1" 302 - "https://buygreatessentials.shop/wp-login.php" "Mozilla/5.0 (Windows NT 10.0; Win64; x64) AppleWebKit/537.36 (KHTML, like Gecko) Chrome/148.0.0.0 Safari/537.36"
198.177.124.148 - - [22/Jul/2026:03:41:54 +0000] "POST /wp-cron.php?doing_wp_cron=1784691714.6252779960632324218750 HTTP/1.1" 200 - "-" "WordPress/7.0.2; https://buygreatessentials.shop"
173.232.230.137 - - [22/Jul/2026:03:41:52 +0000] "POST /wp-login.php HTTP/1.1" 200 5245 "https://buygreatessentials.shop/wp-login.php" "Mozilla/5.0 (Windows NT 10.0; Win64; x64) AppleWebKit/537.36 (KHTML, like Gecko) Chrome/148.0.0.0 Safari/537.36"
173.232.230.137 - - [22/Jul/2026:03:41:58 +0000] "POST /wp-login.php HTTP/1.1" 200 5245 "https://buygreatessentials.shop/wp-login.php" "Mozilla/5.0 (Windows NT 10.0; Win64; x64) AppleWebKit/537.36 (KHTML, like Gecko) Chrome/148.0.0.0 Safari/537.36"
198.177.124.148 - - [22/Jul/2026:04:03:42 +0000] "POST /wp-cron.php?doing_wp_cron=1784693022.6149001121520996093750 HTTP/1.1" 200 - "-" "WordPress/7.0.2; https://buygreatessentials.shop"
185.214.198.59 - - [22/Jul/2026:04:03:39 +0000] "GET / HTTP/1.1" 200 99529 "-" "Mozilla/5.0 (X11; Linux i686; rv:109.0) Gecko/20100101 Firefox/120.0"
198.177.124.148 - - [22/Jul/2026:04:58:36 +0000] "POST /wp-cron.php?doing_wp_cron=1784696316.6663060188293457031250 HTTP/1.1" 200 - "-" "WordPress/7.0.2; https://buygreatessentials.shop"
172.184.179.193 - - [22/Jul/2026:04:58:33 +0000] "GET / HTTP/1.1" 200 99529 "-" "Mozilla/5.0 (Windows NT 10.0; Win64; x64) AppleWebKit/537.36 (KHTML, like Gecko; compatible; BuiltWith/1.4; rb.gy/xprgqj) Chrome/124.0.0.0 Safari/537.36"
172.184.179.193 - - [22/Jul/2026:04:58:36 +0000] "GET /robots.txt HTTP/1.1" 200 124 "-" "Mozilla/5.0 (Windows NT 10.0; Win64; x64) AppleWebKit/537.36 (KHTML, like Gecko; compatible; BuiltWith/1.4; rb.gy/xprgqj) Chrome/124.0.0.0 Safari/537.36"
172.184.179.193 - - [22/Jul/2026:04:58:40 +0000] "GET /when-searching-cheaper-intercourse-toys/ HTTP/1.1" 200 106628 "-" "Mozilla/5.0 (Windows NT 10.0; Win64; x64) AppleWebKit/537.36 (KHTML, like Gecko; compatible; BuiltWith/1.4; rb.gy/xprgqj) Chrome/124.0.0.0 Safari/537.36"
198.177.124.148 - - [22/Jul/2026:04:58:44 +0000] "POST /wp-cron.php?doing_wp_cron=1784696324.6357510089874267578125 HTTP/1.1" 200 - "-" "WordPress/7.0.2; https://buygreatessentials.shop"
172.184.179.193 - - [22/Jul/2026:04:58:42 +0000] "GET /ads.txt HTTP/1.1" 404 82040 "-" "Mozilla/5.0 (Windows NT 10.0; Win64; x64) AppleWebKit/537.36 (KHTML, like Gecko; compatible; BuiltWith/1.4; rb.gy/xprgqj) Chrome/124.0.0.0 Safari/537.36"
198.177.124.148 - - [22/Jul/2026:05:01:29 +0000] "POST /wp-cron.php?doing_wp_cron=1784696489.4875900745391845703125 HTTP/1.1" 200 - "-" "WordPress/7.0.2; https://buygreatessentials.shop"
34.76.117.34 - - [22/Jul/2026:05:01:26 +0000] "GET / HTTP/1.1" 200 99529 "-" "Mozilla/5.0 (X11; Linux x86_64) AppleWebKit/537.36 (KHTML, like Gecko) Chrome/128.0.6613.120 Safari/537.36"
198.177.124.148 - - [22/Jul/2026:05:05:03 +0000] "POST /wp-cron.php?doing_wp_cron=1784696703.5083019733428955078125 HTTP/1.1" 200 - "-" "WordPress/7.0.2; https://buygreatessentials.shop"
66.249.72.174 - - [22/Jul/2026:05:04:59 +0000] "GET /robots.txt HTTP/1.1" 200 124 "-" "Mozilla/5.0 (compatible; Googlebot/2.1; +http://www.google.com/bot.html)"
66.249.72.174 - - [22/Jul/2026:05:05:04 +0000] "GET /wp-sitemap-posts-page-1.xml HTTP/1.1" 200 618 "-" "Mozilla/5.0 (compatible; Googlebot/2.1; +http://www.google.com/bot.html)"
198.177.124.148 - - [22/Jul/2026:05:29:45 +0000] "POST /wp-cron.php?doing_wp_cron=1784698185.6319370269775390625000 HTTP/1.1" 200 - "-" "WordPress/7.0.2; https://buygreatessentials.shop"
217.13.58.71 - - [22/Jul/2026:05:29:39 +0000] "HEAD / HTTP/1.1" 200 - "-" "Mozilla/5.0 (Windows NT 10.0; Win64; x64) AppleWebKit/537.36 (KHTML, like Gecko) Chrome/141.0.0.0 Safari/537.36 Edg/141.0.0.0"
198.177.124.148 - - [22/Jul/2026:05:53:00 +0000] "POST /wp-cron.php?doing_wp_cron=1784699580.0455579757690429687500 HTTP/1.1" 200 - "-" "WordPress/7.0.2; https://buygreatessentials.shop"
85.208.96.205 - - [22/Jul/2026:05:52:58 +0000] "GET /robots.txt HTTP/1.1" 200 124 "-" "Mozilla/5.0 (compatible; SemrushBot/7~bl; +http://www.semrush.com/bot.html)"
85.208.96.212 - - [22/Jul/2026:05:53:00 +0000] "GET /author/admin/ HTTP/1.1" 200 89786 "-" "Mozilla/5.0 (compatible; SemrushBot/7~bl; +http://www.semrush.com/bot.html)"
66.249.72.174 - - [22/Jul/2026:05:59:20 +0000] "GET /wp-admin/admin-ajax.php?action=pys_get_pbid HTTP/1.1" 200 1 "http://buygreatessentials.shop/" "Mozilla/5.0 (Linux; Android 6.0.1; Nexus 5X Build/MMB29P) AppleWebKit/537.36 (KHTML, like Gecko) Chrome/150.0.7871.128 Mobile Safari/537.36 (compatible; Googlebot/2.1; +http://www.google.com/bot.html)"
198.177.124.148 - - [22/Jul/2026:06:22:51 +0000] "POST /wp-cron.php?doing_wp_cron=1784701371.1514170169830322265625 HTTP/1.1" 200 - "-" "WordPress/7.0.2; https://buygreatessentials.shop"
74.7.241.172 - - [22/Jul/2026:06:22:45 +0000] "GET /robots.txt HTTP/1.1" 301 - "-" "Mozilla/5.0 (Macintosh; Intel Mac OS X 10_15_7) AppleWebKit/537.36 (KHTML, like Gecko) Chrome/131.0.0.0 Safari/537.36; compatible; OAI-SearchBot/1.4; robots.txt; +https://openai.com/searchbot"
74.7.241.172 - - [22/Jul/2026:06:22:51 +0000] "GET /robots.txt HTTP/1.1" 200 124 "https://www.buygreatessentials.shop/robots.txt" "Mozilla/5.0 (Macintosh; Intel Mac OS X 10_15_7) AppleWebKit/537.36 (KHTML, like Gecko) Chrome/131.0.0.0 Safari/537.36; compatible; OAI-SearchBot/1.4; robots.txt; +https://openai.com/searchbot"
198.177.124.148 - - [22/Jul/2026:07:12:29 +0000] "POST /wp-cron.php?doing_wp_cron=1784704349.7051930427551269531250 HTTP/1.1" 200 - "-" "WordPress/7.0.2; https://buygreatessentials.shop"
185.191.171.6 - - [22/Jul/2026:07:12:26 +0000] "GET /robots.txt HTTP/1.1" 200 124 "-" "Mozilla/5.0 (compatible; SemrushBot/7~bl; +http://www.semrush.com/bot.html)"
185.191.171.1 - - [22/Jul/2026:07:12:30 +0000] "GET /category/uncategorized/ HTTP/1.1" 200 89901 "-" "Mozilla/5.0 (compatible; SemrushBot/7~bl; +http://www.semrush.com/bot.html)"
198.177.124.148 - - [22/Jul/2026:07:24:12 +0000] "POST /wp-cron.php?doing_wp_cron=1784705052.8292078971862792968750 HTTP/1.1" 200 - "-" "WordPress/7.0.2; https://buygreatessentials.shop"
34.76.89.250 - - [22/Jul/2026:07:24:08 +0000] "GET / HTTP/1.1" 200 99529 "-" "Mozilla/5.0 (X11; Linux x86_64) AppleWebKit/537.36 (KHTML, like Gecko) Chrome/131.0.6778.86 Safari/537.36"
198.177.124.148 - - [22/Jul/2026:07:24:51 +0000] "POST /wp-cron.php?doing_wp_cron=1784705091.1136589050292968750000 HTTP/1.1" 200 - "-" "WordPress/7.0.2; https://buygreatessentials.shop"
66.249.72.160 - - [22/Jul/2026:07:24:47 +0000] "GET /robots.txt HTTP/1.1" 200 124 "-" "Mozilla/5.0 (compatible; Googlebot/2.1; +http://www.google.com/bot.html)"
66.249.72.160 - - [22/Jul/2026:07:24:52 +0000] "GET /wp-sitemap-posts-post-1.xml HTTP/1.1" 200 447 "-" "Mozilla/5.0 (compatible; Googlebot/2.1; +http://www.google.com/bot.html)"
198.177.124.148 - - [22/Jul/2026:07:48:02 +0000] "POST /wp-cron.php?doing_wp_cron=1784706482.2843890190124511718750 HTTP/1.1" 200 - "-" "WordPress/7.0.2; https://buygreatessentials.shop"
85.208.96.211 - - [22/Jul/2026:07:47:58 +0000] "GET /powerbank/ HTTP/1.1" 200 54950 "-" "Mozilla/5.0 (compatible; SemrushBot/7~bl; +http://www.semrush.com/bot.html)"
66.249.72.160 - - [22/Jul/2026:08:54:31 +0000] "GET /robots.txt HTTP/1.1" 200 124 "-" "Mozilla/5.0 (compatible; Googlebot/2.1; +http://www.google.com/bot.html)"
198.177.124.148 - - [22/Jul/2026:08:56:24 +0000] "POST /wp-cron.php?doing_wp_cron=1784710584.6479740142822265625000 HTTP/1.1" 200 - "-" "WordPress/7.0.2; https://buygreatessentials.shop"
66.249.72.160 - - [22/Jul/2026:08:56:21 +0000] "GET /wp-sitemap.xml HTTP/1.1" 200 493 "-" "Mozilla/5.0 (compatible; Googlebot/2.1; +http://www.google.com/bot.html)"
206.237.119.235 - - [22/Jul/2026:08:57:17 +0000] "GET /wp-links-opmI.php HTTP/1.1" 404 82058 "-" "Mozilla/5.0 (Windows NT 10.0; Win64; x64) AppleWebKit/537.36 (KHTML, like Gecko) Chrome/150.0.0.0 Safari/537.36"
206.237.119.235 - - [22/Jul/2026:08:57:29 +0000] "GET /wp-includes/js/jquery/jquery.min.js?ver=3.7.1 HTTP/1.1" 200 87553 "https://buygreatessentials.shop/wp-links-opmI.php" "Mozilla/5.0 (Windows NT 10.0; Win64; x64) AppleWebKit/537.36 (KHTML, like Gecko) Chrome/150.0.0.0 Safari/537.36"
206.237.119.235 - - [22/Jul/2026:08:57:30 +0000] "GET /wp-includes/js/jquery/jquery-migrate.min.js?ver=3.4.1 HTTP/1.1" 200 13577 "https://buygreatessentials.shop/wp-links-opmI.php" "Mozilla/5.0 (Windows NT 10.0; Win64; x64) AppleWebKit/537.36 (KHTML, like Gecko) Chrome/150.0.0.0 Safari/537.36"
206.237.119.235 - - [22/Jul/2026:08:57:35 +0000] "GET /wp-includes/js/dist/script-modules/block-library/navigation/view.min.js?ver=96a846e1d7b789c39ab9 HTTP/1.1" 200 3053 "https://buygreatessentials.shop/wp-links-opmI.php" "Mozilla/5.0 (Windows NT 10.0; Win64; x64) AppleWebKit/537.36 (KHTML, like Gecko) Chrome/150.0.0.0 Safari/537.36"
206.237.119.235 - - [22/Jul/2026:08:57:35 +0000] "GET /wp-includes/js/dist/script-modules/interactivity/index.min.js?ver=efaa5193bbad9c60ffd1 HTTP/1.1" 200 40106 "https://buygreatessentials.shop/wp-links-opmI.php" "Mozilla/5.0 (Windows NT 10.0; Win64; x64) AppleWebKit/537.36 (KHTML, like Gecko) Chrome/150.0.0.0 Safari/537.36"
206.237.119.235 - - [22/Jul/2026:08:57:37 +0000] "GET /wp-content/plugins/pixelyoursite/dist/scripts/jquery.bind-first-0.2.3.min.js?ver=0.2.3 HTTP/1.1" 200 1317 "https://buygreatessentials.shop/wp-links-opmI.php" "Mozilla/5.0 (Windows NT 10.0; Win64; x64) AppleWebKit/537.36 (KHTML, like Gecko) Chrome/150.0.0.0 Safari/537.36"
206.237.119.235 - - [22/Jul/2026:08:57:39 +0000] "GET /wp-content/plugins/pixelyoursite/dist/scripts/tld.min.js?ver=2.3.1 HTTP/1.1" 200 141079 "https://buygreatessentials.shop/wp-links-opmI.php" "Mozilla/5.0 (Windows NT 10.0; Win64; x64) AppleWebKit/537.36 (KHTML, like Gecko) Chrome/150.0.0.0 Safari/537.36"
206.237.119.235 - - [22/Jul/2026:08:57:42 +0000] "GET /wp-content/plugins/pixelyoursite/dist/scripts/public.js?ver=11.2.1 HTTP/1.1" 200 172979 "https://buygreatessentials.shop/wp-links-opmI.php" "Mozilla/5.0 (Windows NT 10.0; Win64; x64) AppleWebKit/537.36 (KHTML, like Gecko) Chrome/150.0.0.0 Safari/537.36"
206.237.119.235 - - [22/Jul/2026:08:57:43 +0000] "GET /wp-content/plugins/pixelyoursite/dist/scripts/js.cookie-2.1.3.min.js?ver=2.1.3 HTTP/1.1" 200 1709 "https://buygreatessentials.shop/wp-links-opmI.php" "Mozilla/5.0 (Windows NT 10.0; Win64; x64) AppleWebKit/537.36 (KHTML, like Gecko) Chrome/150.0.0.0 Safari/537.36"
206.237.119.235 - - [22/Jul/2026:08:58:17 +0000] "GET /wp-content/themes/twentytwentyfour/assets/fonts/inter/Inter-VariableFont_slnt,wght.woff2 HTTP/1.1" 200 326628 "https://buygreatessentials.shop/wp-links-opmI.php" "Mozilla/5.0 (Windows NT 10.0; Win64; x64) AppleWebKit/537.36 (KHTML, like Gecko) Chrome/150.0.0.0 Safari/537.36"
206.237.119.235 - - [22/Jul/2026:08:58:18 +0000] "GET /wp-content/themes/twentytwentyfour/assets/fonts/cardo/cardo_normal_400.woff2 HTTP/1.1" 200 146060 "https://buygreatessentials.shop/wp-links-opmI.php" "Mozilla/5.0 (Windows NT 10.0; Win64; x64) AppleWebKit/537.36 (KHTML, like Gecko) Chrome/150.0.0.0 Safari/537.36"
206.237.119.235 - - [22/Jul/2026:08:58:18 +0000] "GET /wp-includes/js/wp-emoji-release.min.js?ver=7.0.2 HTTP/1.1" 200 22752 "https://buygreatessentials.shop/wp-links-opmI.php" "Mozilla/5.0 (Windows NT 10.0; Win64; x64) AppleWebKit/537.36 (KHTML, like Gecko) Chrome/150.0.0.0 Safari/537.36"
206.237.119.235 - - [22/Jul/2026:08:58:17 +0000] "GET /wp-admin/admin-ajax.php?action=pys_get_pbid HTTP/1.1" 200 1 "https://buygreatessentials.shop/wp-links-opmI.php" "Mozilla/5.0 (Windows NT 10.0; Win64; x64) AppleWebKit/537.36 (KHTML, like Gecko) Chrome/150.0.0.0 Safari/537.36"
198.177.124.148 - - [22/Jul/2026:09:01:33 +0000] "POST /wp-cron.php?doing_wp_cron=1784710893.5958020687103271484375 HTTP/1.1" 200 - "-" "WordPress/7.0.2; https://buygreatessentials.shop"
66.249.72.174 - - [22/Jul/2026:09:01:31 +0000] "GET /wp-sitemap-taxonomies-category-1.xml HTTP/1.1" 200 276 "-" "Mozilla/5.0 (compatible; Googlebot/2.1; +http://www.google.com/bot.html)"
198.177.124.148 - - [22/Jul/2026:09:09:21 +0000] "POST /wp-cron.php?doing_wp_cron=1784711361.4619410037994384765625 HTTP/1.1" 200 - "-" "WordPress/7.0.2; https://buygreatessentials.shop"
185.191.171.14 - - [22/Jul/2026:09:09:18 +0000] "GET /robots.txt HTTP/1.1" 200 124 "-" "Mozilla/5.0 (compatible; SemrushBot/7~bl; +http://www.semrush.com/bot.html)"
85.208.96.204 - - [22/Jul/2026:09:09:21 +0000] "GET /solar-fan/ HTTP/1.1" 404 82051 "-" "Mozilla/5.0 (compatible; SemrushBot/7~bl; +http://www.semrush.com/bot.html)"
198.177.124.148 - - [22/Jul/2026:09:34:46 +0000] "POST /wp-cron.php?doing_wp_cron=1784712886.7847249507904052734375 HTTP/1.1" 200 - "-" "WordPress/7.0.2; https://buygreatessentials.shop"
85.208.96.200 - - [22/Jul/2026:09:34:41 +0000] "GET /hello-world/ HTTP/1.1" 200 105324 "-" "Mozilla/5.0 (compatible; SemrushBot/7~bl; +http://www.semrush.com/bot.html)"
198.177.124.148 - - [22/Jul/2026:09:41:07 +0000] "POST /wp-cron.php?doing_wp_cron=1784713266.9598810672760009765625 HTTP/1.1" 200 - "-" "WordPress/7.0.2; https://buygreatessentials.shop"
34.76.117.34 - - [22/Jul/2026:09:41:03 +0000] "GET / HTTP/1.1" 200 99529 "-" "Mozilla/5.0 (Windows NT 10.0; Win64; x64) AppleWebKit/537.36 (KHTML, like Gecko) Chrome/128.0.6613.120 Safari/537.36"
205.169.39.18 - - [22/Jul/2026:10:53:08 +0000] "GET / HTTP/1.1" 200 99529 "-" "Mozilla/5.0 (Windows NT 10.0; Win64; x64) AppleWebKit/537.36 (KHTML, like Gecko) Chrome/117.0.5938.132 Safari/537.36"
198.177.124.148 - - [22/Jul/2026:11:02:22 +0000] "POST /wp-cron.php?doing_wp_cron=1784718142.6320381164550781250000 HTTP/1.1" 200 - "-" "WordPress/7.0.2; https://buygreatessentials.shop"
66.249.72.160 - - [22/Jul/2026:11:02:20 +0000] "GET /robots.txt HTTP/1.1" 200 124 "-" "Mozilla/5.0 (compatible; Googlebot/2.1; +http://www.google.com/bot.html)"
66.249.72.174 - - [22/Jul/2026:11:02:26 +0000] "GET / HTTP/1.1" 200 99529 "-" "Mozilla/5.0 (Linux; Android 6.0.1; Nexus 5X Build/MMB29P) AppleWebKit/537.36 (KHTML, like Gecko) Chrome/150.0.7871.128 Mobile Safari/537.36 (compatible; Googlebot/2.1; +http://www.google.com/bot.html)"
66.249.72.174 - - [22/Jul/2026:11:02:31 +0000] "GET /wp-includes/js/dist/script-modules/interactivity/index.min.js?ver=efaa5193bbad9c60ffd1 HTTP/1.1" 200 40106 "https://buygreatessentials.shop/" "Mozilla/5.0 (Linux; Android 6.0.1; Nexus 5X Build/MMB29P) AppleWebKit/537.36 (KHTML, like Gecko) Chrome/150.0.7871.128 Mobile Safari/537.36 (compatible; Googlebot/2.1; +http://www.google.com/bot.html)"
66.249.72.174 - - [22/Jul/2026:11:02:31 +0000] "GET /wp-admin/admin-ajax.php?action=pys_get_pbid HTTP/1.1" 200 1 "https://buygreatessentials.shop/" "Mozilla/5.0 (Linux; Android 6.0.1; Nexus 5X Build/MMB29P) AppleWebKit/537.36 (KHTML, like Gecko) Chrome/150.0.7871.128 Mobile Safari/537.36 (compatible; Googlebot/2.1; +http://www.google.com/bot.html)"
198.177.124.148 - - [22/Jul/2026:11:07:28 +0000] "POST /wp-cron.php?doing_wp_cron=1784718448.4730429649353027343750 HTTP/1.1" 200 - "-" "WordPress/7.0.2; https://buygreatessentials.shop"
85.208.96.211 - - [22/Jul/2026:11:07:25 +0000] "GET /robots.txt HTTP/1.1" 200 124 "-" "Mozilla/5.0 (compatible; SemrushBot/7~bl; +http://www.semrush.com/bot.html)"
85.208.96.195 - - [22/Jul/2026:11:07:28 +0000] "GET /when-searching-cheaper-intercourse-toys/ HTTP/1.1" 200 106669 "-" "Mozilla/5.0 (compatible; SemrushBot/7~bl; +http://www.semrush.com/bot.html)"
198.177.124.148 - - [22/Jul/2026:11:25:05 +0000] "POST /wp-cron.php?doing_wp_cron=1784719505.6723270416259765625000 HTTP/1.1" 200 - "-" "WordPress/7.0.2; https://buygreatessentials.shop"
105.113.103.131 - - [22/Jul/2026:11:25:02 +0000] "GET /wp-json/elementor/v1/checklist/user-progress HTTP/1.1" 403 90 "https://buygreatessentials.shop/wp-admin/post.php?post=157&action=elementor" "Mozilla/5.0 (Windows NT 10.0; Win64; x64) AppleWebKit/537.36 (KHTML, like Gecko) Chrome/150.0.0.0 Safari/537.36"
105.113.103.131 - - [22/Jul/2026:11:25:42 +0000] "GET /wp-json/elementor/v1/checklist/user-progress HTTP/1.1" 403 90 "https://buygreatessentials.shop/wp-admin/post.php?post=157&action=elementor" "Mozilla/5.0 (Windows NT 10.0; Win64; x64) AppleWebKit/537.36 (KHTML, like Gecko) Chrome/150.0.0.0 Safari/537.36"
105.113.103.131 - - [22/Jul/2026:11:25:41 +0000] "POST /wp-admin/admin-ajax.php HTTP/1.1" 200 223 "https://buygreatessentials.shop/wp-admin/post.php?post=157&action=elementor" "Mozilla/5.0 (Windows NT 10.0; Win64; x64) AppleWebKit/537.36 (KHTML, like Gecko) Chrome/150.0.0.0 Safari/537.36"
198.177.124.148 - - [22/Jul/2026:11:25:45 +0000] "POST /wp-cron.php?doing_wp_cron=1784719545.2824850082397460937500 HTTP/1.1" 200 - "-" "WordPress/7.0.2; https://buygreatessentials.shop"
105.113.103.131 - - [22/Jul/2026:11:25:44 +0000] "POST /wp-admin/admin-ajax.php HTTP/1.1" 200 223 "https://buygreatessentials.shop/wp-admin/post.php?post=115&action=elementor" "Mozilla/5.0 (Windows NT 10.0; Win64; x64) AppleWebKit/537.36 (KHTML, like Gecko) Chrome/150.0.0.0 Safari/537.36"
105.113.103.131 - - [22/Jul/2026:11:25:44 +0000] "GET /wp-json/elementor/v1/checklist/user-progress HTTP/1.1" 403 90 "https://buygreatessentials.shop/wp-admin/post.php?post=115&action=elementor" "Mozilla/5.0 (Windows NT 10.0; Win64; x64) AppleWebKit/537.36 (KHTML, like Gecko) Chrome/150.0.0.0 Safari/537.36"
105.113.103.131 - - [22/Jul/2026:11:25:50 +0000] "GET /wp-json/elementor/v1/checklist/user-progress HTTP/1.1" 403 90 "https://buygreatessentials.shop/wp-admin/post.php?post=115&action=elementor" "Mozilla/5.0 (Windows NT 10.0; Win64; x64) AppleWebKit/537.36 (KHTML, like Gecko) Chrome/150.0.0.0 Safari/537.36"
105.113.103.131 - - [22/Jul/2026:11:25:52 +0000] "GET /wp-json/elementor/v1/checklist/user-progress HTTP/1.1" 403 90 "https://buygreatessentials.shop/wp-admin/post.php?post=157&action=elementor" "Mozilla/5.0 (Windows NT 10.0; Win64; x64) AppleWebKit/537.36 (KHTML, like Gecko) Chrome/150.0.0.0 Safari/537.36"
105.113.103.131 - - [22/Jul/2026:11:25:56 +0000] "POST /wp-admin/admin-ajax.php HTTP/1.1" 200 77 "https://buygreatessentials.shop/wp-admin/post.php?post=157&action=elementor" "Mozilla/5.0 (Windows NT 10.0; Win64; x64) AppleWebKit/537.36 (KHTML, like Gecko) Chrome/150.0.0.0 Safari/537.36"
105.113.103.131 - - [22/Jul/2026:11:25:59 +0000] "POST /wp-admin/admin-ajax.php HTTP/1.1" 200 77 "https://buygreatessentials.shop/wp-admin/post.php?post=115&action=elementor" "Mozilla/5.0 (Windows NT 10.0; Win64; x64) AppleWebKit/537.36 (KHTML, like Gecko) Chrome/150.0.0.0 Safari/537.36"
105.113.103.131 - - [22/Jul/2026:11:26:00 +0000] "GET /wp-json/elementor/v1/checklist/user-progress HTTP/1.1" 403 90 "https://buygreatessentials.shop/wp-admin/post.php?post=157&action=elementor" "Mozilla/5.0 (Windows NT 10.0; Win64; x64) AppleWebKit/537.36 (KHTML, like Gecko) Chrome/150.0.0.0 Safari/537.36"
105.113.103.131 - - [22/Jul/2026:11:26:06 +0000] "GET /wp-content/plugins/pixelyoursite/dist/styles/notice.min.css?ver=11.2.1 HTTP/1.1" 304 - "https://buygreatessentials.shop/wp-admin/" "Mozilla/5.0 (Windows NT 10.0; Win64; x64) AppleWebKit/537.36 (KHTML, like Gecko) Chrome/150.0.0.0 Safari/537.36"
105.113.103.131 - - [22/Jul/2026:11:26:06 +0000] "GET /wp-content/plugins/wpforms-lite/assets/lib/font-awesome/css/all.min.css?ver=7.0.1 HTTP/1.1" 304 - "https://buygreatessentials.shop/wp-admin/" "Mozilla/5.0 (Windows NT 10.0; Win64; x64) AppleWebKit/537.36 (KHTML, like Gecko) Chrome/150.0.0.0 Safari/537.36"
105.113.103.131 - - [22/Jul/2026:11:26:06 +0000] "GET /wp-content/plugins/wpforms-lite/assets/lib/font-awesome/css/v4-shims.min.css?ver=4.7.0 HTTP/1.1" 304 - "https://buygreatessentials.shop/wp-admin/" "Mozilla/5.0 (Windows NT 10.0; Win64; x64) AppleWebKit/537.36 (KHTML, like Gecko) Chrome/150.0.0.0 Safari/537.36"
105.113.103.131 - - [22/Jul/2026:11:26:06 +0000] "GET /wp-content/plugins/wordfence/css/wf-font-awesome.1778685035.css?ver=8.2.2 HTTP/1.1" 304 - "https://buygreatessentials.shop/wp-admin/" "Mozilla/5.0 (Windows NT 10.0; Win64; x64) AppleWebKit/537.36 (KHTML, like Gecko) Chrome/150.0.0.0 Safari/537.36"
105.113.103.131 - - [22/Jul/2026:11:26:06 +0000] "GET /wp-content/plugins/insert-headers-and-footers/build/admin-bar.css?ver=c95624a69c80301272a0 HTTP/1.1" 304 - "https://buygreatessentials.shop/wp-admin/" "Mozilla/5.0 (Windows NT 10.0; Win64; x64) AppleWebKit/537.36 (KHTML, like Gecko) Chrome/150.0.0.0 Safari/537.36"
105.113.103.131 - - [22/Jul/2026:11:26:06 +0000] "GET /wp-content/plugins/wordfence/css/wf-global.1778685035.css?ver=8.2.2 HTTP/1.1" 304 - "https://buygreatessentials.shop/wp-admin/" "Mozilla/5.0 (Windows NT 10.0; Win64; x64) AppleWebKit/537.36 (KHTML, like Gecko) Chrome/150.0.0.0 Safari/537.36"
105.113.103.131 - - [22/Jul/2026:11:26:07 +0000] "GET /wp-content/plugins/file-manager-advanced/vendor/freemius/assets/css/admin/common.css?ver=7.0.2 HTTP/1.1" 304 - "https://buygreatessentials.shop/wp-admin/" "Mozilla/5.0 (Windows NT 10.0; Win64; x64) AppleWebKit/537.36 (KHTML, like Gecko) Chrome/150.0.0.0 Safari/537.36"
105.113.103.131 - - [22/Jul/2026:11:26:07 +0000] "GET /wp-content/plugins/wordfence/css/activity-report-widget.1778685035.css?ver=8.2.2 HTTP/1.1" 304 - "https://buygreatessentials.shop/wp-admin/" "Mozilla/5.0 (Windows NT 10.0; Win64; x64) AppleWebKit/537.36 (KHTML, like Gecko) Chrome/150.0.0.0 Safari/537.36"
105.113.103.131 - - [22/Jul/2026:11:26:07 +0000] "GET /wp-content/plugins/wordfence/modules/login-security/css/admin-global.1778685035.css?ver=1.1.16 HTTP/1.1" 304 - "https://buygreatessentials.shop/wp-admin/" "Mozilla/5.0 (Windows NT 10.0; Win64; x64) AppleWebKit/537.36 (KHTML, like Gecko) Chrome/150.0.0.0 Safari/537.36"
105.113.103.131 - - [22/Jul/2026:11:26:07 +0000] "GET /wp-content/plugins/wordfence/css/wordfenceBox.1778685035.css?ver=8.2.2 HTTP/1.1" 304 - "https://buygreatessentials.shop/wp-admin/" "Mozilla/5.0 (Windows NT 10.0; Win64; x64) AppleWebKit/537.36 (KHTML, like Gecko) Chrome/150.0.0.0 Safari/537.36"
105.113.103.131 - - [22/Jul/2026:11:26:07 +0000] "GET /wp-content/plugins/wordfence/css/license/free-global.1778685035.css?ver=8.2.2 HTTP/1.1" 304 - "https://buygreatessentials.shop/wp-admin/" "Mozilla/5.0 (Windows NT 10.0; Win64; x64) AppleWebKit/537.36 (KHTML, like Gecko) Chrome/150.0.0.0 Safari/537.36"
105.113.103.131 - - [22/Jul/2026:11:26:07 +0000] "GET /wp-content/plugins/wordfence/css/wf-adminbar.1778685035.css?ver=8.2.2 HTTP/1.1" 304 - "https://buygreatessentials.shop/wp-admin/" "Mozilla/5.0 (Windows NT 10.0; Win64; x64) AppleWebKit/537.36 (KHTML, like Gecko) Chrome/150.0.0.0 Safari/537.36"
105.113.103.131 - - [22/Jul/2026:11:26:07 +0000] "GET /wp-content/plugins/elementor/vendor/elementor/wp-one-package/assets/build/common.css?ver=1.0.66 HTTP/1.1" 304 - "https://buygreatessentials.shop/wp-admin/" "Mozilla/5.0 (Windows NT 10.0; Win64; x64) AppleWebKit/537.36 (KHTML, like Gecko) Chrome/150.0.0.0 Safari/537.36"
105.113.103.131 - - [22/Jul/2026:11:26:07 +0000] "GET /wp-content/plugins/elementor/vendor/elementor/wp-one-package/assets/build/manage-dashboard-widget.css?ver=1.0.66 HTTP/1.1" 304 - "https://buygreatessentials.shop/wp-admin/" "Mozilla/5.0 (Windows NT 10.0; Win64; x64) AppleWebKit/537.36 (KHTML, like Gecko) Chrome/150.0.0.0 Safari/537.36"
105.113.103.131 - - [22/Jul/2026:11:26:08 +0000] "GET /wp-content/plugins/wp-mail-smtp/assets/css/admin-bar.min.css?ver=4.9.0 HTTP/1.1" 304 - "https://buygreatessentials.shop/wp-admin/" "Mozilla/5.0 (Windows NT 10.0; Win64; x64) AppleWebKit/537.36 (KHTML, like Gecko) Chrome/150.0.0.0 Safari/537.36"
105.113.103.131 - - [22/Jul/2026:11:26:08 +0000] "GET /wp-content/plugins/wpforms-lite/assets/lib/jquery.confirm/jquery-confirm.min.css?ver=1.0.0 HTTP/1.1" 304 - "https://buygreatessentials.shop/wp-admin/" "Mozilla/5.0 (Windows NT 10.0; Win64; x64) AppleWebKit/537.36 (KHTML, like Gecko) Chrome/150.0.0.0 Safari/537.36"
105.113.103.131 - - [22/Jul/2026:11:26:08 +0000] "GET /wp-content/plugins/wpforms-lite/assets/lite/css/dashboard-education.min.css?ver=2.0.0.2 HTTP/1.1" 304 - "https://buygreatessentials.shop/wp-admin/" "Mozilla/5.0 (Windows NT 10.0; Win64; x64) AppleWebKit/537.36 (KHTML, like Gecko) Chrome/150.0.0.0 Safari/537.36"
105.113.103.131 - - [22/Jul/2026:11:26:08 +0000] "GET /wp-content/plugins/elementor/assets/css/modules/editor-one/admin-menu.min.css?ver=4.1.5 HTTP/1.1" 304 - "https://buygreatessentials.shop/wp-admin/" "Mozilla/5.0 (Windows NT 10.0; Win64; x64) AppleWebKit/537.36 (KHTML, like Gecko) Chrome/150.0.0.0 Safari/537.36"
105.113.103.131 - - [22/Jul/2026:11:26:08 +0000] "GET /wp-content/plugins/elementor/assets/lib/eicons/css/elementor-icons.min.css?ver=5.50.0 HTTP/1.1" 304 - "https://buygreatessentials.shop/wp-admin/" "Mozilla/5.0 (Windows NT 10.0; Win64; x64) AppleWebKit/537.36 (KHTML, like Gecko) Chrome/150.0.0.0 Safari/537.36"
105.113.103.131 - - [22/Jul/2026:11:26:08 +0000] "GET /wp-content/plugins/elementor/assets/css/common.min.css?ver=4.1.5 HTTP/1.1" 304 - "https://buygreatessentials.shop/wp-admin/" "Mozilla/5.0 (Windows NT 10.0; Win64; x64) AppleWebKit/537.36 (KHTML, like Gecko) Chrome/150.0.0.0 Safari/537.36"
105.113.103.131 - - [22/Jul/2026:11:26:08 +0000] "GET /wp-content/plugins/elementor/assets/css/theme-light.min.css?ver=4.1.5 HTTP/1.1" 304 - "https://buygreatessentials.shop/wp-admin/" "Mozilla/5.0 (Windows NT 10.0; Win64; x64) AppleWebKit/537.36 (KHTML, like Gecko) Chrome/150.0.0.0 Safari/537.36"
105.113.103.131 - - [22/Jul/2026:11:26:09 +0000] "GET /wp-content/plugins/wpforms-lite/assets/css/admin-bar.min.css?ver=2.0.0.2 HTTP/1.1" 304 - "https://buygreatessentials.shop/wp-admin/" "Mozilla/5.0 (Windows NT 10.0; Win64; x64) AppleWebKit/537.36 (KHTML, like Gecko) Chrome/150.0.0.0 Safari/537.36"
105.113.103.131 - - [22/Jul/2026:11:26:09 +0000] "GET /wp-content/plugins/elementor/assets/css/admin.min.css?ver=4.1.5 HTTP/1.1" 304 - "https://buygreatessentials.shop/wp-admin/" "Mozilla/5.0 (Windows NT 10.0; Win64; x64) AppleWebKit/537.36 (KHTML, like Gecko) Chrome/150.0.0.0 Safari/537.36"
105.113.103.131 - - [22/Jul/2026:11:26:09 +0000] "GET /wp-content/plugins/wp-mail-smtp/assets/css/dashboard-widget.min.css?ver=4.9.0 HTTP/1.1" 304 - "https://buygreatessentials.shop/wp-admin/" "Mozilla/5.0 (Windows NT 10.0; Win64; x64) AppleWebKit/537.36 (KHTML, like Gecko) Chrome/150.0.0.0 Safari/537.36"
105.113.103.131 - - [22/Jul/2026:11:26:09 +0000] "GET /wp-content/plugins/wpforms-lite/assets/css/dashboard-widget.min.css?ver=2.0.0.2 HTTP/1.1" 304 - "https://buygreatessentials.shop/wp-admin/" "Mozilla/5.0 (Windows NT 10.0; Win64; x64) AppleWebKit/537.36 (KHTML, like Gecko) Chrome/150.0.0.0 Safari/537.36"
198.177.124.148 - - [22/Jul/2026:11:26:50 +0000] "POST /wp-cron.php?doing_wp_cron=1784719610.0588600635528564453125 HTTP/1.1" 200 - "-" "WordPress/7.0.2; https://buygreatessentials.shop"
105.113.103.131 - - [22/Jul/2026:11:26:47 +0000] "GET /wp-admin/ HTTP/1.1" 200 391847 "-" "Mozilla/5.0 (Windows NT 10.0; Win64; x64) AppleWebKit/537.36 (KHTML, like Gecko) Chrome/150.0.0.0 Safari/537.36"
105.113.103.131 - - [22/Jul/2026:11:26:51 +0000] "GET /wp-content/plugins/wordfence/js/wfi18n.1778685035.js?ver=8.2.2 HTTP/1.1" 304 - "https://buygreatessentials.shop/wp-admin/" "Mozilla/5.0 (Windows NT 10.0; Win64; x64) AppleWebKit/537.36 (KHTML, like Gecko) Chrome/150.0.0.0 Safari/537.36"
105.113.103.131 - - [22/Jul/2026:11:26:52 +0000] "GET /wp-content/plugins/wordfence/js/wfglobal.1778685035.js?ver=8.2.2 HTTP/1.1" 304 - "https://buygreatessentials.shop/wp-admin/" "Mozilla/5.0 (Windows NT 10.0; Win64; x64) AppleWebKit/537.36 (KHTML, like Gecko) Chrome/150.0.0.0 Safari/537.36"
105.113.103.131 - - [22/Jul/2026:11:26:52 +0000] "GET /wp-content/plugins/wordfence/js/wfonboarding.1778685035.js?ver=8.2.2 HTTP/1.1" 304 - "https://buygreatessentials.shop/wp-admin/" "Mozilla/5.0 (Windows NT 10.0; Win64; x64) AppleWebKit/537.36 (KHTML, like Gecko) Chrome/150.0.0.0 Safari/537.36"
105.113.103.131 - - [22/Jul/2026:11:26:52 +0000] "GET /wp-content/plugins/wordfence/js/admin.ajaxWatcher.1778685035.js?ver=8.2.2 HTTP/1.1" 304 - "https://buygreatessentials.shop/wp-admin/" "Mozilla/5.0 (Windows NT 10.0; Win64; x64) AppleWebKit/537.36 (KHTML, like Gecko) Chrome/150.0.0.0 Safari/537.36"
198.177.124.148 - - [22/Jul/2026:11:26:54 +0000] "POST /wp-cron.php?doing_wp_cron=1784719613.7273790836334228515625 HTTP/1.1" 200 - "-" "WordPress/7.0.2; https://buygreatessentials.shop"
105.113.103.131 - - [22/Jul/2026:11:25:59 +0000] "GET /wp-admin/ HTTP/1.1" 200 391847 "-" "Mozilla/5.0 (Windows NT 10.0; Win64; x64) AppleWebKit/537.36 (KHTML, like Gecko) Chrome/150.0.0.0 Safari/537.36"
198.177.124.148 - - [22/Jul/2026:11:26:49 +0000] "POST /wp-admin/admin-ajax.php?action=as_async_request_queue_runner&nonce=556f154655 HTTP/1.1" 200 - "-" "WordPress/7.0.2; https://buygreatessentials.shop"
105.113.103.131 - - [22/Jul/2026:11:27:12 +0000] "GET /wp-content/plugins/wordfence/js/wfi18n.1778685035.js?ver=8.2.2 HTTP/1.1" 200 6640 "https://buygreatessentials.shop/wp-admin/" "Mozilla/5.0 (Windows NT 10.0; Win64; x64) AppleWebKit/537.36 (KHTML, like Gecko) Chrome/150.0.0.0 Safari/537.36"
105.113.103.131 - - [22/Jul/2026:11:27:12 +0000] "GET /wp-content/plugins/wordfence/js/wfglobal.1778685035.js?ver=8.2.2 HTTP/1.1" 200 32181 "https://buygreatessentials.shop/wp-admin/" "Mozilla/5.0 (Windows NT 10.0; Win64; x64) AppleWebKit/537.36 (KHTML, like Gecko) Chrome/150.0.0.0 Safari/537.36"
105.113.103.131 - - [22/Jul/2026:11:27:16 +0000] "GET /wp-content/plugins/wordfence/js/wfonboarding.1778685035.js?ver=8.2.2 HTTP/1.1" 200 637 "https://buygreatessentials.shop/wp-admin/" "Mozilla/5.0 (Windows NT 10.0; Win64; x64) AppleWebKit/537.36 (KHTML, like Gecko) Chrome/150.0.0.0 Safari/537.36"
105.113.103.131 - - [22/Jul/2026:11:27:17 +0000] "GET /wp-content/plugins/wordfence/js/admin.ajaxWatcher.1778685035.js?ver=8.2.2 HTTP/1.1" 200 15569 "https://buygreatessentials.shop/wp-admin/" "Mozilla/5.0 (Windows NT 10.0; Win64; x64) AppleWebKit/537.36 (KHTML, like Gecko) Chrome/150.0.0.0 Safari/537.36"
105.113.103.131 - - [22/Jul/2026:11:27:17 +0000] "GET /wp-content/plugins/wordfence/js/wfdashboard.1778685035.js?ver=8.2.2 HTTP/1.1" 200 365 "https://buygreatessentials.shop/wp-admin/" "Mozilla/5.0 (Windows NT 10.0; Win64; x64) AppleWebKit/537.36 (KHTML, like Gecko) Chrome/150.0.0.0 Safari/537.36"
