HEX
Server: Apache
System: Linux server1.yalehafricanfoods.shop 5.14.0-687.15.1.el9_8.x86_64 #1 SMP PREEMPT_DYNAMIC Thu Jun 11 08:51:45 EDT 2026 x86_64
User: yalenocb (1002)
PHP: 8.1.34
Disabled: NONE
Upload Files
File: /home/yalenocb/access-logs/buygreatessentials.shop.yalehafricanfoods.shop-ssl_log
198.177.124.148 - - [21/Jul/2026:07:23:32 +0000] "POST /wp-cron.php?doing_wp_cron=1784618612.2034320831298828125000 HTTP/1.1" 200 - "-" "WordPress/7.0.2; https://buygreatessentials.shop"
44.220.233.148 - - [21/Jul/2026:07:23:29 +0000] "GET / HTTP/1.1" 301 - "-" "Mozilla/5.0 (Windows NT 10.0; Win64; x64) AppleWebKit/537.36 (KHTML, like Gecko) Chrome/138.0.0.0 Safari/537.36 Edg/138.0.0.0 ;Build/0220;"
3.219.86.171 - - [21/Jul/2026:07:23:32 +0000] "GET / HTTP/1.1" 200 99529 "-" "Mozilla/5.0 (Windows NT 10.0; Win64; x64) AppleWebKit/537.36 (KHTML, like Gecko) Chrome/138.0.0.0 Safari/537.36 Edg/138.0.0.0 ;Build/0220;"
198.177.124.148 - - [21/Jul/2026:07:24:18 +0000] "POST /wp-cron.php?doing_wp_cron=1784618658.0270891189575195312500 HTTP/1.1" 200 - "-" "WordPress/7.0.2; https://buygreatessentials.shop"
94.154.43.178 - - [21/Jul/2026:07:24:15 +0000] "GET / HTTP/1.1" 503 99529 "-" "Mozilla/5.0 (Windows NT 10.0; Win64; x64) AppleWebKit/537.36 (KHTML, like Gecko) Chrome/147.0.0.0 Safari/537.36"
198.177.124.148 - - [21/Jul/2026:07:28:47 +0000] "POST /wp-cron.php?doing_wp_cron=1784618927.5247011184692382812500 HTTP/1.1" 200 - "-" "WordPress/7.0.2; https://buygreatessentials.shop"
66.249.69.97 - - [21/Jul/2026:07:28:44 +0000] "GET /robots.txt HTTP/1.1" 301 - "-" "Mozilla/5.0 (compatible; Googlebot/2.1; +http://www.google.com/bot.html)"
66.249.72.174 - - [21/Jul/2026:07:28:47 +0000] "GET /robots.txt HTTP/1.1" 200 124 "-" "Mozilla/5.0 (compatible; Googlebot/2.1; +http://www.google.com/bot.html)"
66.249.69.98 - - [21/Jul/2026:07:28:51 +0000] "GET /?y=30496193653 HTTP/1.1" 301 - "-" "Mozilla/5.0 (Linux; Android 6.0.1; Nexus 5X Build/MMB29P) AppleWebKit/537.36 (KHTML, like Gecko) Chrome/150.0.7871.128 Mobile Safari/537.36 (compatible; GoogleOther)"
66.249.72.160 - - [21/Jul/2026:07:28:56 +0000] "GET /?y=30496193653 HTTP/1.1" 200 99529 "-" "Mozilla/5.0 (Linux; Android 6.0.1; Nexus 5X Build/MMB29P) AppleWebKit/537.36 (KHTML, like Gecko) Chrome/150.0.7871.128 Mobile Safari/537.36 (compatible; GoogleOther)"
198.177.124.148 - - [21/Jul/2026:07:32:18 +0000] "POST /wp-cron.php?doing_wp_cron=1784619138.9041008949279785156250 HTTP/1.1" 200 - "-" "WordPress/7.0.2; https://buygreatessentials.shop"
66.249.69.99 - - [21/Jul/2026:07:32:17 +0000] "GET /?y=3049633795 HTTP/1.1" 301 - "-" "Mozilla/5.0 (Linux; Android 6.0.1; Nexus 5X Build/MMB29P) AppleWebKit/537.36 (KHTML, like Gecko) Chrome/150.0.7871.128 Mobile Safari/537.36 (compatible; GoogleOther)"
66.249.72.160 - - [21/Jul/2026:07:32:21 +0000] "GET /?y=3049633795 HTTP/1.1" 200 99529 "-" "Mozilla/5.0 (Linux; Android 6.0.1; Nexus 5X Build/MMB29P) AppleWebKit/537.36 (KHTML, like Gecko) Chrome/150.0.7871.128 Mobile Safari/537.36 (compatible; GoogleOther)"
198.177.124.148 - - [21/Jul/2026:07:33:19 +0000] "POST /wp-cron.php?doing_wp_cron=1784619199.9411940574645996093750 HTTP/1.1" 200 - "-" "WordPress/7.0.2; https://buygreatessentials.shop"
34.76.117.34 - - [21/Jul/2026:07:33:16 +0000] "GET / HTTP/1.1" 200 99529 "-" "Mozilla/5.0 (X11; Linux x86_64; rv:128.0) Gecko/20100101 Firefox/128.0"
198.177.124.148 - - [21/Jul/2026:07:34:36 +0000] "POST /wp-cron.php?doing_wp_cron=1784619276.4788610935211181640625 HTTP/1.1" 200 - "-" "WordPress/7.0.2; https://buygreatessentials.shop"
66.249.69.99 - - [21/Jul/2026:07:34:32 +0000] "GET /?g=34508241576 HTTP/1.1" 301 - "-" "Mozilla/5.0 (Linux; Android 6.0.1; Nexus 5X Build/MMB29P) AppleWebKit/537.36 (KHTML, like Gecko) Chrome/150.0.7871.128 Mobile Safari/537.36 (compatible; GoogleOther)"
66.249.72.161 - - [21/Jul/2026:07:34:38 +0000] "GET /?g=34508241576 HTTP/1.1" 200 99529 "-" "Mozilla/5.0 (Linux; Android 6.0.1; Nexus 5X Build/MMB29P) AppleWebKit/537.36 (KHTML, like Gecko) Chrome/150.0.7871.128 Mobile Safari/537.36 (compatible; GoogleOther)"
198.177.124.148 - - [21/Jul/2026:07:36:33 +0000] "POST /wp-cron.php?doing_wp_cron=1784619393.4174170494079589843750 HTTP/1.1" 200 - "-" "WordPress/7.0.2; https://buygreatessentials.shop"
66.249.69.97 - - [21/Jul/2026:07:36:31 +0000] "GET /?t=7859135515 HTTP/1.1" 301 - "-" "Mozilla/5.0 (Linux; Android 6.0.1; Nexus 5X Build/MMB29P) AppleWebKit/537.36 (KHTML, like Gecko) Chrome/150.0.7871.128 Mobile Safari/537.36 (compatible; GoogleOther)"
66.249.72.160 - - [21/Jul/2026:07:36:41 +0000] "GET /?t=7859135515 HTTP/1.1" 200 99529 "-" "Mozilla/5.0 (Linux; Android 6.0.1; Nexus 5X Build/MMB29P) AppleWebKit/537.36 (KHTML, like Gecko) Chrome/150.0.7871.128 Mobile Safari/537.36 (compatible; GoogleOther)"
198.177.124.148 - - [21/Jul/2026:07:49:26 +0000] "POST /wp-cron.php?doing_wp_cron=1784620166.4787321090698242187500 HTTP/1.1" 200 - "-" "WordPress/7.0.2; https://buygreatessentials.shop"
85.105.153.206 - - [21/Jul/2026:07:49:23 +0000] "POST /xmlrpc.php HTTP/1.1" 404 82051 "-" "Mozilla/5.0 (Windows NT 6.2; x64) AppleWebKit/537.36 (KHTML, like Gecko) Safari/13.0.0.0 Safari/537.36"
198.177.124.148 - - [21/Jul/2026:08:13:53 +0000] "POST /wp-cron.php?doing_wp_cron=1784621633.4194231033325195312500 HTTP/1.1" 200 - "-" "WordPress/7.0.2; https://buygreatessentials.shop"
216.144.245.71 - - [21/Jul/2026:08:13:50 +0000] "POST /wp-login.php HTTP/1.1" 503 18954 "-" "Mozilla/5.0"
216.144.245.71 - - [21/Jul/2026:08:16:55 +0000] "POST /wp-login.php HTTP/1.1" 503 18040 "-" "Mozilla/5.0"
216.144.245.71 - - [21/Jul/2026:08:20:08 +0000] "POST /wp-login.php HTTP/1.1" 503 18040 "-" "Mozilla/5.0"
216.144.245.71 - - [21/Jul/2026:08:23:13 +0000] "POST /wp-login.php HTTP/1.1" 503 18040 "-" "Mozilla/5.0"
198.177.124.148 - - [21/Jul/2026:08:25:13 +0000] "POST /wp-cron.php?doing_wp_cron=1784622313.1406400203704833984375 HTTP/1.1" 200 - "-" "WordPress/7.0.2; https://buygreatessentials.shop"
209.127.35.109 - - [21/Jul/2026:08:24:59 +0000] "GET /wp-login.php HTTP/1.1" 200 4823 "-" "Mozilla/5.0 (Windows NT 10.0; Win64; rv:143.0) Gecko/20100101 Firefox/143.0"
198.177.124.148 - - [21/Jul/2026:08:25:09 +0000] "POST /?wordfence_syncAttackData=1784622309.1723 HTTP/1.1" 200 - "-" "WordPress/7.0.2; https://buygreatessentials.shop"
209.127.35.109 - - [21/Jul/2026:08:25:13 +0000] "GET /?author=1 HTTP/1.1" 404 78007 "-" "Mozilla/5.0 (Macintosh; Intel Mac OS X 10_15_7) AppleWebKit/605.1.15 Version/17.0 Safari/605.1.15"
209.127.35.109 - - [21/Jul/2026:08:25:20 +0000] "GET /?rest_route=/wp/v2/users HTTP/1.1" 401 108 "-" "Mozilla/5.0 (Windows NT 10.0; Win64; rv:143.0) Gecko/20100101 Firefox/143.0"
209.127.35.109 - - [21/Jul/2026:08:25:22 +0000] "GET /feed HTTP/1.1" 301 - "-" "Mozilla/5.0 (Windows NT 10.0; Win64; rv:143.0) Gecko/20100101 Firefox/143.0"
209.127.35.109 - - [21/Jul/2026:08:25:23 +0000] "GET /feed/ HTTP/1.1" 200 9502 "-" "Mozilla/5.0 (Windows NT 10.0; Win64; rv:143.0) Gecko/20100101 Firefox/143.0"
198.177.124.148 - - [21/Jul/2026:08:26:16 +0000] "POST /wp-cron.php?doing_wp_cron=1784622376.9095029830932617187500 HTTP/1.1" 200 - "-" "WordPress/7.0.2; https://buygreatessentials.shop"
209.127.35.109 - - [21/Jul/2026:08:26:14 +0000] "POST /wp-login.php HTTP/1.1" 503 18954 "-" "Mozilla/5.0 (Windows NT 10.0; Win64; x64) AppleWebKit/537.36 Chrome/129.0.0.0 Safari/537.36"
216.144.245.71 - - [21/Jul/2026:08:26:24 +0000] "POST /wp-login.php HTTP/1.1" 503 18954 "-" "Mozilla/5.0"
209.127.35.109 - - [21/Jul/2026:08:26:51 +0000] "POST /wp-login.php HTTP/1.1" 503 18041 "-" "Mozilla/5.0 (Macintosh; Intel Mac OS X 10_15_7) AppleWebKit/605.1.15 Version/17.0 Safari/605.1.15"
209.127.35.109 - - [21/Jul/2026:08:27:31 +0000] "POST /wp-login.php HTTP/1.1" 503 18041 "-" "Mozilla/5.0 (Windows NT 10.0; Win64; rv:143.0) Gecko/20100101 Firefox/143.0"
209.127.35.109 - - [21/Jul/2026:08:28:06 +0000] "POST /wp-login.php HTTP/1.1" 503 18041 "-" "Mozilla/5.0 (Windows NT 10.0; Win64; rv:143.0) Gecko/20100101 Firefox/143.0"
198.177.124.148 - - [21/Jul/2026:08:28:11 +0000] "POST /wp-cron.php?doing_wp_cron=1784622491.3057339191436767578125 HTTP/1.1" 200 - "-" "WordPress/7.0.2; https://buygreatessentials.shop"
198.177.124.148 - - [21/Jul/2026:08:28:10 +0000] "POST /?wordfence_syncAttackData=1784622490.0129 HTTP/1.1" 200 - "-" "WordPress/7.0.2; https://buygreatessentials.shop"
66.249.69.98 - - [21/Jul/2026:08:28:09 +0000] "GET /?l=8882753136 HTTP/1.1" 301 - "-" "Mozilla/5.0 (Linux; Android 6.0.1; Nexus 5X Build/MMB29P) AppleWebKit/537.36 (KHTML, like Gecko) Chrome/150.0.7871.128 Mobile Safari/537.36 (compatible; GoogleOther)"
66.249.72.160 - - [21/Jul/2026:08:28:23 +0000] "GET /wp-sitemap.xml HTTP/1.1" 200 493 "-" "Mozilla/5.0 (compatible; Googlebot/2.1; +http://www.google.com/bot.html)"
209.127.35.109 - - [21/Jul/2026:08:28:45 +0000] "POST /wp-login.php HTTP/1.1" 503 18041 "-" "Mozilla/5.0 (Windows NT 10.0; Win64; x64) AppleWebKit/537.36 Chrome/129.0.0.0 Safari/537.36"
198.177.124.148 - - [21/Jul/2026:08:29:06 +0000] "POST /wp-cron.php?doing_wp_cron=1784622545.8632760047912597656250 HTTP/1.1" 200 - "-" "WordPress/7.0.2; https://buygreatessentials.shop"
198.177.124.148 - - [21/Jul/2026:08:29:04 +0000] "POST /?wordfence_syncAttackData=1784622543.9529 HTTP/1.1" 200 - "-" "WordPress/7.0.2; https://buygreatessentials.shop"
66.249.72.160 - - [21/Jul/2026:08:29:01 +0000] "GET /?l=8882753136 HTTP/1.1" 200 99529 "-" "Mozilla/5.0 (Linux; Android 6.0.1; Nexus 5X Build/MMB29P) AppleWebKit/537.36 (KHTML, like Gecko) Chrome/150.0.7871.128 Mobile Safari/537.36 (compatible; GoogleOther)"
104.105.80.153 - - [21/Jul/2026:08:29:05 +0000] "GET /wp-login.php HTTP/1.1" 200 4823 "-" "Mozilla/5.0 (X11; Linux x86_64) AppleWebKit/537.36 (KHTML, like Gecko) Chrome/124.0.0.0 Safari/537.36"
104.105.80.153 - - [21/Jul/2026:08:29:11 +0000] "GET /?author=1 HTTP/1.1" 404 78007 "-" "Mozilla/5.0 (X11; Linux x86_64) AppleWebKit/537.36 (KHTML, like Gecko) Chrome/124.0.0.0 Safari/537.36 Edg/124.0.0.0"
104.105.80.153 - - [21/Jul/2026:08:29:18 +0000] "GET /?rest_route=/wp/v2/users HTTP/1.1" 401 108 "-" "Mozilla/5.0 (X11; Linux x86_64) AppleWebKit/537.36 (KHTML, like Gecko) Chrome/124.0.0.0 Safari/537.36"
216.144.245.71 - - [21/Jul/2026:08:29:20 +0000] "POST /wp-login.php HTTP/1.1" 503 18041 "-" "Mozilla/5.0"
104.105.80.153 - - [21/Jul/2026:08:29:21 +0000] "GET /feed HTTP/1.1" 301 - "-" "Mozilla/5.0 (Macintosh; Intel Mac OS X 14_3) AppleWebKit/537.36 (KHTML, like Gecko) Chrome/125.0.0.0 Safari/537.36"
198.177.124.148 - - [21/Jul/2026:08:29:23 +0000] "POST /?wordfence_syncAttackData=1784622563.4629 HTTP/1.1" 200 - "-" "WordPress/7.0.2; https://buygreatessentials.shop"
209.127.35.109 - - [21/Jul/2026:08:29:25 +0000] "POST /wp-login.php HTTP/1.1" 503 18041 "-" "Mozilla/5.0 (Windows NT 10.0; Win64; x64) AppleWebKit/537.36 Chrome/129.0.0.0 Safari/537.36"
104.105.80.153 - - [21/Jul/2026:08:29:25 +0000] "GET /feed/ HTTP/1.1" 200 9502 "-" "Mozilla/5.0 (Macintosh; Intel Mac OS X 14_3) AppleWebKit/537.36 (KHTML, like Gecko) Chrome/125.0.0.0 Safari/537.36"
209.127.35.109 - - [21/Jul/2026:08:30:05 +0000] "POST /wp-login.php HTTP/1.1" 503 18041 "-" "Mozilla/5.0 (Macintosh; Intel Mac OS X 10_15_7) AppleWebKit/605.1.15 Version/17.0 Safari/605.1.15"
209.127.35.109 - - [21/Jul/2026:08:30:43 +0000] "POST /wp-login.php HTTP/1.1" 503 18041 "-" "Mozilla/5.0 (Macintosh; Intel Mac OS X 10_15_7) AppleWebKit/605.1.15 Version/17.0 Safari/605.1.15"
198.177.124.148 - - [21/Jul/2026:08:30:45 +0000] "POST /wp-cron.php?doing_wp_cron=1784622645.8199470043182373046875 HTTP/1.1" 200 - "-" "WordPress/7.0.2; https://buygreatessentials.shop"
66.249.72.161 - - [21/Jul/2026:08:30:42 +0000] "GET /wp-sitemap-posts-post-1.xml HTTP/1.1" 200 447 "-" "Mozilla/5.0 (compatible; Googlebot/2.1; +http://www.google.com/bot.html)"
198.177.124.148 - - [21/Jul/2026:08:30:44 +0000] "POST /?wordfence_syncAttackData=1784622644.2793 HTTP/1.1" 200 - "-" "WordPress/7.0.2; https://buygreatessentials.shop"
209.127.35.109 - - [21/Jul/2026:08:31:23 +0000] "POST /wp-login.php HTTP/1.1" 503 18041 "-" "Mozilla/5.0 (Windows NT 10.0; Win64; x64) AppleWebKit/537.36 Chrome/129.0.0.0 Safari/537.36"
104.105.80.153 - - [21/Jul/2026:08:31:40 +0000] "POST /wp-login.php HTTP/1.1" 503 18954 "-" "Mozilla/5.0 (X11; Linux x86_64) AppleWebKit/537.36 (KHTML, like Gecko) Chrome/123.0.0.0 Safari/537.36 OPR/107.0.0.0"
198.177.124.148 - - [21/Jul/2026:08:31:41 +0000] "POST /?wordfence_syncAttackData=1784622701.4259 HTTP/1.1" 200 - "-" "WordPress/7.0.2; https://buygreatessentials.shop"
209.127.35.109 - - [21/Jul/2026:08:32:03 +0000] "POST /wp-login.php HTTP/1.1" 503 18041 "-" "Mozilla/5.0 (Windows NT 10.0; Win64; x64) AppleWebKit/537.36 Chrome/129.0.0.0 Safari/537.36"
198.177.124.148 - - [21/Jul/2026:08:32:12 +0000] "POST /wp-cron.php?doing_wp_cron=1784622732.2666471004486083984375 HTTP/1.1" 200 - "-" "WordPress/7.0.2; https://buygreatessentials.shop"
66.249.72.161 - - [21/Jul/2026:08:32:09 +0000] "GET /wp-sitemap-posts-page-1.xml HTTP/1.1" 200 618 "-" "Mozilla/5.0 (compatible; Googlebot/2.1; +http://www.google.com/bot.html)"
198.177.124.148 - - [21/Jul/2026:08:32:10 +0000] "POST /?wordfence_syncAttackData=1784622730.6031 HTTP/1.1" 200 - "-" "WordPress/7.0.2; https://buygreatessentials.shop"
216.144.245.71 - - [21/Jul/2026:08:32:16 +0000] "POST /wp-login.php HTTP/1.1" 503 18041 "-" "Mozilla/5.0"
209.127.35.109 - - [21/Jul/2026:08:32:42 +0000] "POST /wp-login.php HTTP/1.1" 503 18041 "-" "Mozilla/5.0 (Windows NT 10.0; Win64; rv:143.0) Gecko/20100101 Firefox/143.0"
104.105.80.153 - - [21/Jul/2026:08:32:55 +0000] "POST /wp-login.php HTTP/1.1" 503 18041 "-" "Mozilla/5.0 (Windows NT 11.0; Win64; x64) AppleWebKit/537.36 (KHTML, like Gecko) Chrome/125.0.0.0 Safari/537.36 Edg/125.0.0.0"
198.177.124.148 - - [21/Jul/2026:08:33:07 +0000] "POST /wp-cron.php?doing_wp_cron=1784622787.8232998847961425781250 HTTP/1.1" 200 - "-" "WordPress/7.0.2; https://buygreatessentials.shop"
66.249.72.174 - - [21/Jul/2026:08:33:04 +0000] "GET /wp-sitemap-taxonomies-category-1.xml HTTP/1.1" 200 276 "-" "Mozilla/5.0 (compatible; Googlebot/2.1; +http://www.google.com/bot.html)"
198.177.124.148 - - [21/Jul/2026:08:33:06 +0000] "POST /?wordfence_syncAttackData=1784622786.097 HTTP/1.1" 200 - "-" "WordPress/7.0.2; https://buygreatessentials.shop"
209.127.35.109 - - [21/Jul/2026:08:33:23 +0000] "POST /wp-login.php HTTP/1.1" 503 18041 "-" "Mozilla/5.0 (Windows NT 10.0; Win64; rv:143.0) Gecko/20100101 Firefox/143.0"
209.127.35.109 - - [21/Jul/2026:08:34:04 +0000] "POST /wp-login.php HTTP/1.1" 503 18041 "-" "Mozilla/5.0 (Windows NT 10.0; Win64; x64) AppleWebKit/537.36 Chrome/129.0.0.0 Safari/537.36"
104.105.80.153 - - [21/Jul/2026:08:34:34 +0000] "POST /wp-login.php HTTP/1.1" 503 18041 "-" "Mozilla/5.0 (Windows NT 10.0; Win64; x64) AppleWebKit/537.36 (KHTML, like Gecko) Chrome/124.0.0.0 Safari/537.36"
209.127.35.109 - - [21/Jul/2026:08:34:46 +0000] "POST /wp-login.php HTTP/1.1" 503 18041 "-" "Mozilla/5.0 (Windows NT 10.0; Win64; x64) AppleWebKit/537.36 Chrome/129.0.0.0 Safari/537.36"
216.144.245.71 - - [21/Jul/2026:08:35:12 +0000] "POST /wp-login.php HTTP/1.1" 503 18041 "-" "Mozilla/5.0"
209.127.35.109 - - [21/Jul/2026:08:35:27 +0000] "POST /wp-login.php HTTP/1.1" 503 18041 "-" "Mozilla/5.0 (Windows NT 10.0; Win64; x64) AppleWebKit/537.36 Chrome/129.0.0.0 Safari/537.36"
104.105.80.153 - - [21/Jul/2026:08:36:05 +0000] "POST /wp-login.php HTTP/1.1" 503 18041 "-" "Mozilla/5.0 (Windows NT 10.0; Win64; x64) AppleWebKit/537.36 (KHTML, like Gecko) Chrome/124.0.0.0 Safari/537.36 Brave/1.65.0"
209.127.35.109 - - [21/Jul/2026:08:36:09 +0000] "POST /wp-login.php HTTP/1.1" 503 18041 "-" "Mozilla/5.0 (Windows NT 10.0; Win64; x64) AppleWebKit/537.36 Chrome/129.0.0.0 Safari/537.36"
198.177.124.148 - - [21/Jul/2026:08:36:55 +0000] "POST /wp-cron.php?doing_wp_cron=1784623015.7082018852233886718750 HTTP/1.1" 200 - "-" "WordPress/7.0.2; https://buygreatessentials.shop"
209.127.35.109 - - [21/Jul/2026:08:36:51 +0000] "POST /wp-login.php HTTP/1.1" 503 18954 "-" "Mozilla/5.0 (Macintosh; Intel Mac OS X 10_15_7) AppleWebKit/605.1.15 Version/17.0 Safari/605.1.15"
198.177.124.148 - - [21/Jul/2026:08:36:53 +0000] "POST /?wordfence_syncAttackData=1784623013.2191 HTTP/1.1" 200 - "-" "WordPress/7.0.2; https://buygreatessentials.shop"
209.127.35.109 - - [21/Jul/2026:08:37:31 +0000] "POST /wp-login.php HTTP/1.1" 503 18041 "-" "Mozilla/5.0 (Macintosh; Intel Mac OS X 10_15_7) AppleWebKit/605.1.15 Version/17.0 Safari/605.1.15"
104.105.80.153 - - [21/Jul/2026:08:37:38 +0000] "POST /wp-login.php HTTP/1.1" 503 18041 "-" "Mozilla/5.0 (X11; Linux x86_64) AppleWebKit/537.36 (KHTML, like Gecko) Chrome/124.0.0.0 Safari/537.36 Edg/124.0.0.0"
198.177.124.148 - - [21/Jul/2026:08:38:03 +0000] "POST /wp-cron.php?doing_wp_cron=1784623082.9581971168518066406250 HTTP/1.1" 200 - "-" "WordPress/7.0.2; https://buygreatessentials.shop"
216.144.245.71 - - [21/Jul/2026:08:37:58 +0000] "POST /wp-login.php HTTP/1.1" 503 18954 "-" "Mozilla/5.0"
198.177.124.148 - - [21/Jul/2026:08:38:00 +0000] "POST /?wordfence_syncAttackData=1784623080.2355 HTTP/1.1" 200 - "-" "WordPress/7.0.2; https://buygreatessentials.shop"
209.127.35.109 - - [21/Jul/2026:08:38:10 +0000] "POST /wp-login.php HTTP/1.1" 503 18041 "-" "Mozilla/5.0 (Windows NT 10.0; Win64; rv:143.0) Gecko/20100101 Firefox/143.0"
209.127.35.109 - - [21/Jul/2026:08:38:47 +0000] "POST /wp-login.php HTTP/1.1" 503 18041 "-" "Mozilla/5.0 (Windows NT 10.0; Win64; rv:143.0) Gecko/20100101 Firefox/143.0"
104.105.80.153 - - [21/Jul/2026:08:39:12 +0000] "POST /wp-login.php HTTP/1.1" 503 18041 "-" "Mozilla/5.0 (Windows NT 10.0; Win64; x64) AppleWebKit/537.36 (KHTML, like Gecko) Chrome/124.0.0.0 Safari/537.36 OPR/108.0.0.0"
209.127.35.109 - - [21/Jul/2026:08:39:24 +0000] "POST /wp-login.php HTTP/1.1" 503 18041 "-" "Mozilla/5.0 (Macintosh; Intel Mac OS X 10_15_7) AppleWebKit/605.1.15 Version/17.0 Safari/605.1.15"
209.127.35.109 - - [21/Jul/2026:08:40:04 +0000] "POST /wp-login.php HTTP/1.1" 503 18041 "-" "Mozilla/5.0 (Windows NT 10.0; Win64; rv:143.0) Gecko/20100101 Firefox/143.0"
209.127.35.109 - - [21/Jul/2026:08:40:41 +0000] "POST /wp-login.php HTTP/1.1" 503 18041 "-" "Mozilla/5.0 (Macintosh; Intel Mac OS X 10_15_7) AppleWebKit/605.1.15 Version/17.0 Safari/605.1.15"
104.105.80.153 - - [21/Jul/2026:08:40:40 +0000] "POST /wp-login.php HTTP/1.1" 503 18041 "-" "Mozilla/5.0 (X11; Linux x86_64; rv:125.0) Gecko/20100101 Firefox/125.0"
216.144.245.71 - - [21/Jul/2026:08:40:53 +0000] "POST /wp-login.php HTTP/1.1" 503 18041 "-" "Mozilla/5.0"
209.127.35.109 - - [21/Jul/2026:08:41:21 +0000] "POST /wp-login.php HTTP/1.1" 503 18041 "-" "Mozilla/5.0 (Macintosh; Intel Mac OS X 10_15_7) AppleWebKit/605.1.15 Version/17.0 Safari/605.1.15"
209.127.35.109 - - [21/Jul/2026:08:42:00 +0000] "POST /wp-login.php HTTP/1.1" 503 18041 "-" "Mozilla/5.0 (Windows NT 10.0; Win64; rv:143.0) Gecko/20100101 Firefox/143.0"
198.177.124.148 - - [21/Jul/2026:08:42:13 +0000] "POST /wp-cron.php?doing_wp_cron=1784623333.5203149318695068359375 HTTP/1.1" 200 - "-" "WordPress/7.0.2; https://buygreatessentials.shop"
198.177.124.148 - - [21/Jul/2026:08:42:11 +0000] "POST /?wordfence_syncAttackData=1784623331.449 HTTP/1.1" 200 - "-" "WordPress/7.0.2; https://buygreatessentials.shop"
104.105.80.153 - - [21/Jul/2026:08:42:10 +0000] "POST /wp-login.php HTTP/1.1" 503 18954 "-" "Mozilla/5.0 (X11; Linux x86_64) AppleWebKit/537.36 (KHTML, like Gecko) Chrome/124.0.0.0 Safari/537.36 Brave/1.65.0"
209.127.35.109 - - [21/Jul/2026:08:42:41 +0000] "POST /wp-login.php HTTP/1.1" 503 18041 "-" "Mozilla/5.0 (Windows NT 10.0; Win64; rv:143.0) Gecko/20100101 Firefox/143.0"
209.127.35.109 - - [21/Jul/2026:08:43:25 +0000] "POST /wp-login.php HTTP/1.1" 503 18041 "-" "Mozilla/5.0 (Macintosh; Intel Mac OS X 10_15_7) AppleWebKit/605.1.15 Version/17.0 Safari/605.1.15"
104.105.80.153 - - [21/Jul/2026:08:43:32 +0000] "POST /wp-login.php HTTP/1.1" 503 18041 "-" "Mozilla/5.0 (Windows NT 10.0; Win64; x64) AppleWebKit/537.36 (KHTML, like Gecko) Chrome/125.0.0.0 Safari/537.36"
216.144.245.71 - - [21/Jul/2026:08:43:51 +0000] "POST /wp-login.php HTTP/1.1" 503 18041 "-" "Mozilla/5.0"
209.127.35.109 - - [21/Jul/2026:08:44:08 +0000] "POST /wp-login.php HTTP/1.1" 503 18041 "-" "Mozilla/5.0 (Macintosh; Intel Mac OS X 10_15_7) AppleWebKit/605.1.15 Version/17.0 Safari/605.1.15"
209.127.35.109 - - [21/Jul/2026:08:44:51 +0000] "POST /wp-login.php HTTP/1.1" 503 18041 "-" "Mozilla/5.0 (Macintosh; Intel Mac OS X 10_15_7) AppleWebKit/605.1.15 Version/17.0 Safari/605.1.15"
104.105.80.153 - - [21/Jul/2026:08:44:56 +0000] "POST /wp-login.php HTTP/1.1" 503 18041 "-" "Mozilla/5.0 (X11; Linux x86_64) AppleWebKit/537.36 (KHTML, like Gecko) Chrome/124.0.0.0 Safari/537.36 Brave/1.65.0"
209.127.35.109 - - [21/Jul/2026:08:45:34 +0000] "POST /wp-login.php HTTP/1.1" 503 18041 "-" "Mozilla/5.0 (Windows NT 10.0; Win64; x64) AppleWebKit/537.36 Chrome/129.0.0.0 Safari/537.36"
104.105.80.153 - - [21/Jul/2026:08:46:13 +0000] "POST /wp-login.php HTTP/1.1" 503 18041 "-" "Mozilla/5.0 (Windows NT 10.0; Win64; x64) AppleWebKit/537.36 (KHTML, like Gecko) Chrome/125.0.0.0 Safari/537.36"
209.127.35.109 - - [21/Jul/2026:08:46:15 +0000] "POST /wp-login.php HTTP/1.1" 503 18041 "-" "Mozilla/5.0 (Macintosh; Intel Mac OS X 10_15_7) AppleWebKit/605.1.15 Version/17.0 Safari/605.1.15"
216.144.245.71 - - [21/Jul/2026:08:46:54 +0000] "POST /wp-login.php HTTP/1.1" 503 18041 "-" "Mozilla/5.0"
198.177.124.148 - - [21/Jul/2026:08:46:59 +0000] "POST /wp-cron.php?doing_wp_cron=1784623619.8258960247039794921875 HTTP/1.1" 200 - "-" "WordPress/7.0.2; https://buygreatessentials.shop"
209.127.35.109 - - [21/Jul/2026:08:46:55 +0000] "POST /wp-login.php HTTP/1.1" 503 18954 "-" "Mozilla/5.0 (Windows NT 10.0; Win64; x64) AppleWebKit/537.36 Chrome/129.0.0.0 Safari/537.36"
198.177.124.148 - - [21/Jul/2026:08:46:57 +0000] "POST /?wordfence_syncAttackData=1784623617.657 HTTP/1.1" 200 - "-" "WordPress/7.0.2; https://buygreatessentials.shop"
209.127.35.109 - - [21/Jul/2026:08:47:35 +0000] "POST /wp-login.php HTTP/1.1" 503 18041 "-" "Mozilla/5.0 (Macintosh; Intel Mac OS X 10_15_7) AppleWebKit/605.1.15 Version/17.0 Safari/605.1.15"
104.105.80.153 - - [21/Jul/2026:08:47:47 +0000] "POST /wp-login.php HTTP/1.1" 503 18041 "-" "Mozilla/5.0 (X11; Linux x86_64; rv:124.0) Gecko/20100101 Firefox/124.0"
209.127.35.109 - - [21/Jul/2026:08:48:17 +0000] "POST /wp-login.php HTTP/1.1" 503 18041 "-" "Mozilla/5.0 (Windows NT 10.0; Win64; x64) AppleWebKit/537.36 Chrome/129.0.0.0 Safari/537.36"
198.177.124.148 - - [21/Jul/2026:08:49:03 +0000] "POST /?wordfence_syncAttackData=1784623743.821 HTTP/1.1" 200 - "-" "WordPress/7.0.2; https://buygreatessentials.shop"
104.105.80.153 - - [21/Jul/2026:08:49:17 +0000] "POST /wp-login.php HTTP/1.1" 503 18040 "-" "Mozilla/5.0 (X11; Linux x86_64) AppleWebKit/537.36 (KHTML, like Gecko) Chrome/124.0.0.0 Safari/537.36 Edg/124.0.0.0"
198.177.124.148 - - [21/Jul/2026:08:50:23 +0000] "POST /wp-cron.php?doing_wp_cron=1784623823.2910809516906738281250 HTTP/1.1" 200 - "-" "WordPress/7.0.2; https://buygreatessentials.shop"
198.177.124.148 - - [21/Jul/2026:08:50:21 +0000] "POST /?wordfence_syncAttackData=1784623821.6923 HTTP/1.1" 200 - "-" "WordPress/7.0.2; https://buygreatessentials.shop"
216.144.245.71 - - [21/Jul/2026:08:50:20 +0000] "POST /wp-login.php HTTP/1.1" 503 18954 "-" "Mozilla/5.0"
104.105.80.153 - - [21/Jul/2026:08:51:00 +0000] "POST /wp-login.php HTTP/1.1" 503 18041 "-" "Mozilla/5.0 (Macintosh; Intel Mac OS X 10_15_7) AppleWebKit/537.36 (KHTML, like Gecko) Chrome/124.0.0.0 Safari/537.36"
198.177.124.148 - - [21/Jul/2026:08:52:36 +0000] "POST /wp-cron.php?doing_wp_cron=1784623956.3140859603881835937500 HTTP/1.1" 200 - "-" "WordPress/7.0.2; https://buygreatessentials.shop"
104.105.80.153 - - [21/Jul/2026:08:52:31 +0000] "POST /wp-login.php HTTP/1.1" 503 18954 "-" "Mozilla/5.0 (Windows NT 6.3; Win64; x64; rv:118.0) Gecko/20100101 Firefox/118.0"
198.177.124.148 - - [21/Jul/2026:08:52:33 +0000] "POST /?wordfence_syncAttackData=1784623953.9124 HTTP/1.1" 200 - "-" "WordPress/7.0.2; https://buygreatessentials.shop"
216.144.245.71 - - [21/Jul/2026:08:53:32 +0000] "POST /wp-login.php HTTP/1.1" 503 18041 "-" "Mozilla/5.0"
104.105.80.153 - - [21/Jul/2026:08:54:02 +0000] "POST /wp-login.php HTTP/1.1" 503 18041 "-" "Mozilla/5.0 (Macintosh; Intel Mac OS X 14_3) AppleWebKit/537.36 (KHTML, like Gecko) Chrome/125.0.0.0 Safari/537.36"
104.105.80.153 - - [21/Jul/2026:08:55:38 +0000] "POST /wp-login.php HTTP/1.1" 503 18041 "-" "Mozilla/5.0 (X11; Linux x86_64) AppleWebKit/537.36 (KHTML, like Gecko) Chrome/124.0.0.0 Safari/537.36 Edg/124.0.0.0"
216.144.245.71 - - [21/Jul/2026:08:56:38 +0000] "POST /wp-login.php HTTP/1.1" 503 18041 "-" "Mozilla/5.0"
104.105.80.153 - - [21/Jul/2026:08:57:01 +0000] "POST /wp-login.php HTTP/1.1" 503 18041 "-" "Mozilla/5.0 (Windows NT 10.0; Win64; x64) AppleWebKit/537.36 (KHTML, like Gecko) Chrome/124.0.0.0 Safari/537.36 OPR/108.0.0.0"
198.177.124.148 - - [21/Jul/2026:08:58:04 +0000] "POST /?wordfence_syncAttackData=1784624284.7534 HTTP/1.1" 200 - "-" "WordPress/7.0.2; https://buygreatessentials.shop"
104.105.80.153 - - [21/Jul/2026:08:58:27 +0000] "POST /wp-login.php HTTP/1.1" 503 18040 "-" "Mozilla/5.0 (X11; Linux x86_64) AppleWebKit/537.36 (KHTML, like Gecko) Chrome/124.0.0.0 Safari/537.36"
104.105.80.153 - - [21/Jul/2026:08:59:47 +0000] "POST /wp-login.php HTTP/1.1" 503 18040 "-" "Mozilla/5.0 (X11; Linux x86_64) AppleWebKit/537.36 (KHTML, like Gecko) Chrome/125.0.0.0 Safari/537.36"
216.144.245.71 - - [21/Jul/2026:08:59:54 +0000] "POST /wp-login.php HTTP/1.1" 503 18040 "-" "Mozilla/5.0"
104.105.80.153 - - [21/Jul/2026:09:01:14 +0000] "POST /wp-login.php HTTP/1.1" 503 18040 "-" "Mozilla/5.0 (Windows NT 10.0; Win64; x64) AppleWebKit/537.36 (KHTML, like Gecko) Chrome/124.0.0.0 Safari/537.36"
198.177.124.148 - - [21/Jul/2026:09:02:47 +0000] "POST /wp-cron.php?doing_wp_cron=1784624567.2225561141967773437500 HTTP/1.1" 200 - "-" "WordPress/7.0.2; https://buygreatessentials.shop"
198.177.124.148 - - [21/Jul/2026:09:02:45 +0000] "POST /?wordfence_syncAttackData=1784624565.3269 HTTP/1.1" 200 - "-" "WordPress/7.0.2; https://buygreatessentials.shop"
104.105.80.153 - - [21/Jul/2026:09:02:43 +0000] "POST /wp-login.php HTTP/1.1" 503 18954 "-" "Mozilla/5.0 (X11; Linux x86_64) AppleWebKit/537.36 (KHTML, like Gecko) Chrome/124.0.0.0 Safari/537.36 Edg/124.0.0.0"
216.144.245.71 - - [21/Jul/2026:09:03:09 +0000] "POST /wp-login.php HTTP/1.1" 503 18954 "-" "Mozilla/5.0"
104.105.80.153 - - [21/Jul/2026:09:04:31 +0000] "POST /wp-login.php HTTP/1.1" 503 18041 "-" "Mozilla/5.0 (Macintosh; Intel Mac OS X 14_3) AppleWebKit/605.1.15 (KHTML, like Gecko) Version/17.3 Safari/605.1.15"
104.105.80.153 - - [21/Jul/2026:09:06:14 +0000] "POST /wp-login.php HTTP/1.1" 503 18041 "-" "Mozilla/5.0 (X11; Linux x86_64) AppleWebKit/537.36 (KHTML, like Gecko) Chrome/124.0.0.0 Safari/537.36"
216.144.245.71 - - [21/Jul/2026:09:06:24 +0000] "POST /wp-login.php HTTP/1.1" 503 18041 "-" "Mozilla/5.0"
104.105.80.153 - - [21/Jul/2026:09:07:56 +0000] "POST /wp-login.php HTTP/1.1" 503 18041 "-" "Mozilla/5.0 (X11; Linux x86_64) AppleWebKit/537.36 (KHTML, like Gecko) Chrome/123.0.0.0 Safari/537.36"
104.105.80.153 - - [21/Jul/2026:09:09:37 +0000] "POST /wp-login.php HTTP/1.1" 503 18041 "-" "Mozilla/5.0 (Windows NT 6.3; Win64; x64; rv:118.0) Gecko/20100101 Firefox/118.0"
216.144.245.71 - - [21/Jul/2026:09:09:47 +0000] "POST /wp-login.php HTTP/1.1" 503 18041 "-" "Mozilla/5.0"
198.177.124.148 - - [21/Jul/2026:09:09:52 +0000] "POST /wp-cron.php?doing_wp_cron=1784624992.1219611167907714843750 HTTP/1.1" 200 - "-" "WordPress/7.0.2; https://buygreatessentials.shop"
198.177.124.148 - - [21/Jul/2026:09:09:50 +0000] "POST /?wordfence_syncAttackData=1784624990.6568 HTTP/1.1" 200 - "-" "WordPress/7.0.2; https://buygreatessentials.shop"
104.105.80.153 - - [21/Jul/2026:09:11:20 +0000] "POST /wp-login.php HTTP/1.1" 503 18041 "-" "Mozilla/5.0 (Windows NT 10.0; Win64; x64) AppleWebKit/537.36 (KHTML, like Gecko) Chrome/124.0.0.0 Safari/537.36 OPR/108.0.0.0"
216.144.245.71 - - [21/Jul/2026:09:12:52 +0000] "POST /wp-login.php HTTP/1.1" 503 18041 "-" "Mozilla/5.0"
198.177.124.148 - - [21/Jul/2026:09:12:58 +0000] "POST /wp-cron.php?doing_wp_cron=1784625178.5552558898925781250000 HTTP/1.1" 200 - "-" "WordPress/7.0.2; https://buygreatessentials.shop"
198.177.124.148 - - [21/Jul/2026:09:12:57 +0000] "POST /?wordfence_syncAttackData=1784625177.6937 HTTP/1.1" 200 - "-" "WordPress/7.0.2; https://buygreatessentials.shop"
104.105.80.153 - - [21/Jul/2026:09:13:01 +0000] "POST /wp-login.php HTTP/1.1" 503 18954 "-" "Mozilla/5.0 (Windows NT 10.0; Win64; x64) AppleWebKit/537.36 (KHTML, like Gecko) Chrome/123.0.0.0 Safari/537.36 Vivaldi/6.7"
74.7.242.8 - - [21/Jul/2026:09:13:23 +0000] "GET / HTTP/1.1" 301 - "-" "Mozilla/5.0 AppleWebKit/537.36 (KHTML, like Gecko; compatible; GPTBot/1.4; +https://openai.com/gptbot)"
74.7.241.172 - - [21/Jul/2026:09:13:23 +0000] "GET /robots.txt HTTP/1.1" 301 - "-" "Mozilla/5.0 (Macintosh; Intel Mac OS X 10_15_7) AppleWebKit/537.36 (KHTML, like Gecko) Chrome/131.0.0.0 Safari/537.36; compatible; OAI-SearchBot/1.4; robots.txt; +https://openai.com/searchbot"
74.7.230.24 - - [21/Jul/2026:09:13:25 +0000] "GET /robots.txt HTTP/1.1" 200 124 "-" "Mozilla/5.0 (Macintosh; Intel Mac OS X 10_15_7) AppleWebKit/537.36 (KHTML, like Gecko) Chrome/131.0.0.0 Safari/537.36; compatible; OAI-SearchBot/1.4; robots.txt; +https://openai.com/searchbot"
74.7.241.172 - - [21/Jul/2026:09:13:26 +0000] "GET /robots.txt HTTP/1.1" 200 124 "https://www.buygreatessentials.shop/robots.txt" "Mozilla/5.0 (Macintosh; Intel Mac OS X 10_15_7) AppleWebKit/537.36 (KHTML, like Gecko) Chrome/131.0.0.0 Safari/537.36; compatible; OAI-SearchBot/1.4; robots.txt; +https://openai.com/searchbot"
74.7.242.28 - - [21/Jul/2026:09:13:25 +0000] "GET / HTTP/1.1" 200 99529 "https://www.buygreatessentials.shop" "Mozilla/5.0 AppleWebKit/537.36 (KHTML, like Gecko; compatible; GPTBot/1.4; +https://openai.com/gptbot)"
74.7.242.28 - - [21/Jul/2026:09:13:31 +0000] "GET /wp-content/themes/twentytwentyfour/assets/images/building-exterior.webp HTTP/1.1" 200 199724 "https://buygreatessentials.shop/" "Mozilla/5.0 AppleWebKit/537.36 (KHTML, like Gecko; compatible; GPTBot/1.4; +https://openai.com/gptbot)"
74.7.242.28 - - [21/Jul/2026:09:13:34 +0000] "GET /wp-content/themes/twentytwentyfour/assets/images/windows.webp HTTP/1.1" 200 126244 "https://buygreatessentials.shop/" "Mozilla/5.0 AppleWebKit/537.36 (KHTML, like Gecko; compatible; GPTBot/1.4; +https://openai.com/gptbot)"
74.7.242.28 - - [21/Jul/2026:09:13:36 +0000] "GET /wp-content/plugins/pixelyoursite/dist/scripts/jquery.bind-first-0.2.3.min.js?ver=0.2.3 HTTP/1.1" 200 1317 "https://buygreatessentials.shop/" "Mozilla/5.0 AppleWebKit/537.36 (KHTML, like Gecko; compatible; GPTBot/1.4; +https://openai.com/gptbot)"
74.7.242.28 - - [21/Jul/2026:09:13:39 +0000] "GET /wp-includes/js/wp-emoji-release.min.js?ver=7.0.2 HTTP/1.1" 200 22752 "https://buygreatessentials.shop/" "Mozilla/5.0 AppleWebKit/537.36 (KHTML, like Gecko; compatible; GPTBot/1.4; +https://openai.com/gptbot)"
198.177.124.148 - - [21/Jul/2026:09:13:43 +0000] "POST /wp-cron.php?doing_wp_cron=1784625222.9888548851013183593750 HTTP/1.1" 200 - "-" "WordPress/7.0.2; https://buygreatessentials.shop"
74.7.242.28 - - [21/Jul/2026:09:13:41 +0000] "GET /powerbank-2/ HTTP/1.1" 200 57503 "https://buygreatessentials.shop/" "Mozilla/5.0 AppleWebKit/537.36 (KHTML, like Gecko; compatible; GPTBot/1.4; +https://openai.com/gptbot)"
74.7.242.28 - - [21/Jul/2026:09:13:43 +0000] "GET /wp-content/plugins/pixelyoursite/dist/scripts/public.js?ver=11.2.1 HTTP/1.1" 200 172979 "https://buygreatessentials.shop/" "Mozilla/5.0 AppleWebKit/537.36 (KHTML, like Gecko; compatible; GPTBot/1.4; +https://openai.com/gptbot)"
74.7.242.28 - - [21/Jul/2026:09:13:44 +0000] "GET /wp-content/themes/twentytwentyfour/assets/fonts/cardo/cardo_normal_700.woff2 HTTP/1.1" 200 132564 "https://buygreatessentials.shop/" "Mozilla/5.0 AppleWebKit/537.36 (KHTML, like Gecko; compatible; GPTBot/1.4; +https://openai.com/gptbot)"
74.7.242.28 - - [21/Jul/2026:09:13:46 +0000] "GET /powerbank/ HTTP/1.1" 200 54940 "https://buygreatessentials.shop/" "Mozilla/5.0 AppleWebKit/537.36 (KHTML, like Gecko; compatible; GPTBot/1.4; +https://openai.com/gptbot)"
74.7.242.28 - - [21/Jul/2026:09:13:48 +0000] "GET /wp-content/themes/twentytwentyfour/assets/fonts/cardo/cardo_normal_400.woff2 HTTP/1.1" 200 146060 "https://buygreatessentials.shop/" "Mozilla/5.0 AppleWebKit/537.36 (KHTML, like Gecko; compatible; GPTBot/1.4; +https://openai.com/gptbot)"
74.7.242.28 - - [21/Jul/2026:09:13:49 +0000] "GET /tech/ HTTP/1.1" 200 53764 "https://buygreatessentials.shop/" "Mozilla/5.0 AppleWebKit/537.36 (KHTML, like Gecko; compatible; GPTBot/1.4; +https://openai.com/gptbot)"
74.7.242.28 - - [21/Jul/2026:09:13:50 +0000] "GET /when-searching-cheaper-intercourse-toys/ HTTP/1.1" 200 106629 "https://buygreatessentials.shop/" "Mozilla/5.0 AppleWebKit/537.36 (KHTML, like Gecko; compatible; GPTBot/1.4; +https://openai.com/gptbot)"
74.7.242.28 - - [21/Jul/2026:09:13:52 +0000] "GET /hello-world/ HTTP/1.1" 200 105312 "https://buygreatessentials.shop/" "Mozilla/5.0 AppleWebKit/537.36 (KHTML, like Gecko; compatible; GPTBot/1.4; +https://openai.com/gptbot)"
74.7.242.28 - - [21/Jul/2026:09:13:53 +0000] "GET /wp-content/themes/twentytwentyfour/assets/images/tourist-and-building.webp HTTP/1.1" 200 66482 "https://buygreatessentials.shop/" "Mozilla/5.0 AppleWebKit/537.36 (KHTML, like Gecko; compatible; GPTBot/1.4; +https://openai.com/gptbot)"
74.7.242.28 - - [21/Jul/2026:09:13:54 +0000] "GET /wp-content/themes/twentytwentyfour/assets/fonts/cardo/cardo_italic_400.woff2 HTTP/1.1" 200 105184 "https://buygreatessentials.shop/" "Mozilla/5.0 AppleWebKit/537.36 (KHTML, like Gecko; compatible; GPTBot/1.4; +https://openai.com/gptbot)"
74.7.242.28 - - [21/Jul/2026:09:13:55 +0000] "GET /wp-content/themes/twentytwentyfour/assets/fonts/inter/Inter-VariableFont_slnt,wght.woff2 HTTP/1.1" 200 326628 "https://buygreatessentials.shop/" "Mozilla/5.0 AppleWebKit/537.36 (KHTML, like Gecko; compatible; GPTBot/1.4; +https://openai.com/gptbot)"
74.7.242.28 - - [21/Jul/2026:09:13:55 +0000] "GET /wp-includes/js/jquery/jquery.min.js?ver=3.7.1 HTTP/1.1" 200 87553 "https://buygreatessentials.shop/" "Mozilla/5.0 AppleWebKit/537.36 (KHTML, like Gecko; compatible; GPTBot/1.4; +https://openai.com/gptbot)"
74.7.242.28 - - [21/Jul/2026:09:13:56 +0000] "GET /?p=115 HTTP/1.1" 301 - "https://buygreatessentials.shop/powerbank-2/" "Mozilla/5.0 AppleWebKit/537.36 (KHTML, like Gecko; compatible; GPTBot/1.4; +https://openai.com/gptbot)"
74.7.242.28 - - [21/Jul/2026:09:13:58 +0000] "GET /wp-content/uploads/2026/07/Powerbank-150x150.png HTTP/1.1" 200 41656 "https://buygreatessentials.shop/powerbank-2/" "Mozilla/5.0 AppleWebKit/537.36 (KHTML, like Gecko; compatible; GPTBot/1.4; +https://openai.com/gptbot)"
74.7.242.28 - - [21/Jul/2026:09:13:58 +0000] "GET /wp-content/uploads/2026/07/ChatGPT-Image-Jul-15-2026-03_17_58-PM-1-150x150.png HTTP/1.1" 200 39802 "https://buygreatessentials.shop/powerbank-2/" "Mozilla/5.0 AppleWebKit/537.36 (KHTML, like Gecko; compatible; GPTBot/1.4; +https://openai.com/gptbot)"
74.7.242.28 - - [21/Jul/2026:09:13:59 +0000] "GET /?p=12 HTTP/1.1" 301 - "https://buygreatessentials.shop/powerbank/" "Mozilla/5.0 AppleWebKit/537.36 (KHTML, like Gecko; compatible; GPTBot/1.4; +https://openai.com/gptbot)"
74.7.242.28 - - [21/Jul/2026:09:14:00 +0000] "GET /?p=157 HTTP/1.1" 301 - "https://buygreatessentials.shop/tech/" "Mozilla/5.0 AppleWebKit/537.36 (KHTML, like Gecko; compatible; GPTBot/1.4; +https://openai.com/gptbot)"
74.7.242.28 - - [21/Jul/2026:09:14:01 +0000] "GET /?p=69 HTTP/1.1" 301 - "https://buygreatessentials.shop/when-searching-cheaper-intercourse-toys/" "Mozilla/5.0 AppleWebKit/537.36 (KHTML, like Gecko; compatible; GPTBot/1.4; +https://openai.com/gptbot)"
74.7.242.28 - - [21/Jul/2026:09:14:03 +0000] "GET /wp-content/uploads/2026/07/ChatGPT-Image-Jul-15-2026-12_48_13-PM-150x150.png HTTP/1.1" 200 44389 "https://buygreatessentials.shop/powerbank/" "Mozilla/5.0 AppleWebKit/537.36 (KHTML, like Gecko; compatible; GPTBot/1.4; +https://openai.com/gptbot)"
74.7.242.28 - - [21/Jul/2026:09:14:03 +0000] "GET /wp-content/uploads/2026/07/ChatGPT-Image-Jul-15-2026-12_48_13-PM.png HTTP/1.1" 200 2073744 "https://buygreatessentials.shop/powerbank/" "Mozilla/5.0 AppleWebKit/537.36 (KHTML, like Gecko; compatible; GPTBot/1.4; +https://openai.com/gptbot)"
74.7.242.28 - - [21/Jul/2026:09:14:04 +0000] "GET /wp-content/uploads/2026/07/ChatGPT-Image-Jul-15-2026-03_17_58-PM-1-1024x819.png HTTP/1.1" 200 1200741 "https://buygreatessentials.shop/powerbank-2/" "Mozilla/5.0 AppleWebKit/537.36 (KHTML, like Gecko; compatible; GPTBot/1.4; +https://openai.com/gptbot)"
74.7.242.28 - - [21/Jul/2026:09:14:04 +0000] "GET /wp-content/uploads/2026/07/Artificial-Intelligence-200x300.png HTTP/1.1" 200 117922 "https://buygreatessentials.shop/tech/" "Mozilla/5.0 AppleWebKit/537.36 (KHTML, like Gecko; compatible; GPTBot/1.4; +https://openai.com/gptbot)"
74.7.242.28 - - [21/Jul/2026:09:14:05 +0000] "GET /wp-content/uploads/2026/07/Powerbank-1-1024x819.png HTTP/1.1" 200 1229056 "https://buygreatessentials.shop/powerbank-2/" "Mozilla/5.0 AppleWebKit/537.36 (KHTML, like Gecko; compatible; GPTBot/1.4; +https://openai.com/gptbot)"
74.7.242.28 - - [21/Jul/2026:09:14:05 +0000] "GET /wp-content/uploads/2026/07/Screenshot-2025-07-21-012907-150x150.png HTTP/1.1" 404 83055 "https://buygreatessentials.shop/powerbank/" "Mozilla/5.0 AppleWebKit/537.36 (KHTML, like Gecko; compatible; GPTBot/1.4; +https://openai.com/gptbot)"
74.7.242.28 - - [21/Jul/2026:09:14:07 +0000] "GET /wp-content/uploads/2026/07/WIN_20260411_09_51_28_Pro.mp4 HTTP/1.1" 404 83033 "https://buygreatessentials.shop/powerbank/" "Mozilla/5.0 AppleWebKit/537.36 (KHTML, like Gecko; compatible; GPTBot/1.4; +https://openai.com/gptbot)"
74.7.242.28 - - [21/Jul/2026:09:14:08 +0000] "GET /wp-content/uploads/2026/07/Screenshot-2025-07-21-012412-150x150.png HTTP/1.1" 404 83055 "https://buygreatessentials.shop/powerbank/" "Mozilla/5.0 AppleWebKit/537.36 (KHTML, like Gecko; compatible; GPTBot/1.4; +https://openai.com/gptbot)"
74.7.242.28 - - [21/Jul/2026:09:14:10 +0000] "GET /wp-content/uploads/2026/07/Cybersecurity-200x300.png HTTP/1.1" 200 117139 "https://buygreatessentials.shop/tech/" "Mozilla/5.0 AppleWebKit/537.36 (KHTML, like Gecko; compatible; GPTBot/1.4; +https://openai.com/gptbot)"
74.7.242.28 - - [21/Jul/2026:09:14:11 +0000] "GET /wp-content/uploads/2026/07/Data-Analytics-300x300.png HTTP/1.1" 200 168780 "https://buygreatessentials.shop/tech/" "Mozilla/5.0 AppleWebKit/537.36 (KHTML, like Gecko; compatible; GPTBot/1.4; +https://openai.com/gptbot)"
74.7.242.28 - - [21/Jul/2026:09:14:11 +0000] "GET /wp-content/uploads/2026/07/Data-Engineering-200x300.png HTTP/1.1" 200 116690 "https://buygreatessentials.shop/tech/" "Mozilla/5.0 AppleWebKit/537.36 (KHTML, like Gecko; compatible; GPTBot/1.4; +https://openai.com/gptbot)"
74.7.242.28 - - [21/Jul/2026:09:14:12 +0000] "GET /wp-content/uploads/2026/07/Business-Analysis-300x300.png HTTP/1.1" 200 164887 "https://buygreatessentials.shop/tech/" "Mozilla/5.0 AppleWebKit/537.36 (KHTML, like Gecko; compatible; GPTBot/1.4; +https://openai.com/gptbot)"
74.7.242.28 - - [21/Jul/2026:09:14:12 +0000] "GET /wp-content/uploads/2026/07/Project-Management-200x300.png HTTP/1.1" 200 121683 "https://buygreatessentials.shop/tech/" "Mozilla/5.0 AppleWebKit/537.36 (KHTML, like Gecko; compatible; GPTBot/1.4; +https://openai.com/gptbot)"
74.7.242.28 - - [21/Jul/2026:09:14:13 +0000] "GET /wp-content/uploads/2026/07/Product-Management-300x300.png HTTP/1.1" 200 148216 "https://buygreatessentials.shop/tech/" "Mozilla/5.0 AppleWebKit/537.36 (KHTML, like Gecko; compatible; GPTBot/1.4; +https://openai.com/gptbot)"
74.7.242.28 - - [21/Jul/2026:09:14:13 +0000] "GET /?p=1 HTTP/1.1" 301 - "https://buygreatessentials.shop/hello-world/" "Mozilla/5.0 AppleWebKit/537.36 (KHTML, like Gecko; compatible; GPTBot/1.4; +https://openai.com/gptbot)"
74.7.242.28 - - [21/Jul/2026:09:14:15 +0000] "GET /wp-content/uploads/2026/07/powerbank2-1024x819.png HTTP/1.1" 200 1237833 "https://buygreatessentials.shop/powerbank-2/" "Mozilla/5.0 AppleWebKit/537.36 (KHTML, like Gecko; compatible; GPTBot/1.4; +https://openai.com/gptbot)"
74.7.242.28 - - [21/Jul/2026:09:14:16 +0000] "GET /wp-content/uploads/2026/07/powerbank2-150x150.png HTTP/1.1" 200 41782 "https://buygreatessentials.shop/powerbank-2/" "Mozilla/5.0 AppleWebKit/537.36 (KHTML, like Gecko; compatible; GPTBot/1.4; +https://openai.com/gptbot)"
74.7.242.28 - - [21/Jul/2026:09:14:17 +0000] "GET /hello-world/feed/ HTTP/1.1" 200 1698 "https://buygreatessentials.shop/hello-world/" "Mozilla/5.0 AppleWebKit/537.36 (KHTML, like Gecko; compatible; GPTBot/1.4; +https://openai.com/gptbot)"
74.7.242.28 - - [21/Jul/2026:09:14:18 +0000] "GET /wp-json/oembed/1.0/embed?url=https%3A%2F%2Fbuygreatessentials.shop%2Fwhen-searching-cheaper-intercourse-toys%2F HTTP/1.1" 200 2253 "https://buygreatessentials.shop/when-searching-cheaper-intercourse-toys/" "Mozilla/5.0 AppleWebKit/537.36 (KHTML, like Gecko; compatible; GPTBot/1.4; +https://openai.com/gptbot)"
74.7.242.28 - - [21/Jul/2026:09:14:21 +0000] "GET /wp-json/wp/v2/pages/115 HTTP/1.1" 200 15258 "https://buygreatessentials.shop/powerbank-2/" "Mozilla/5.0 AppleWebKit/537.36 (KHTML, like Gecko; compatible; GPTBot/1.4; +https://openai.com/gptbot)"
74.7.242.28 - - [21/Jul/2026:09:14:23 +0000] "GET /wp-json/wp/v2/pages/157 HTTP/1.1" 200 11413 "https://buygreatessentials.shop/tech/" "Mozilla/5.0 AppleWebKit/537.36 (KHTML, like Gecko; compatible; GPTBot/1.4; +https://openai.com/gptbot)"
74.7.242.28 - - [21/Jul/2026:09:14:24 +0000] "GET /when-searching-cheaper-intercourse-toys/feed/ HTTP/1.1" 200 882 "https://buygreatessentials.shop/when-searching-cheaper-intercourse-toys/" "Mozilla/5.0 AppleWebKit/537.36 (KHTML, like Gecko; compatible; GPTBot/1.4; +https://openai.com/gptbot)"
74.7.242.28 - - [21/Jul/2026:09:14:26 +0000] "GET /wp-json/oembed/1.0/embed?url=https%3A%2F%2Fbuygreatessentials.shop%2Fhello-world%2F HTTP/1.1" 200 2116 "https://buygreatessentials.shop/hello-world/" "Mozilla/5.0 AppleWebKit/537.36 (KHTML, like Gecko; compatible; GPTBot/1.4; +https://openai.com/gptbot)"
74.7.242.28 - - [21/Jul/2026:09:14:28 +0000] "GET /wp-json/oembed/1.0/embed?url=https%3A%2F%2Fbuygreatessentials.shop%2Fpowerbank%2F HTTP/1.1" 200 2103 "https://buygreatessentials.shop/powerbank/" "Mozilla/5.0 AppleWebKit/537.36 (KHTML, like Gecko; compatible; GPTBot/1.4; +https://openai.com/gptbot)"
74.7.242.28 - - [21/Jul/2026:09:14:30 +0000] "GET /wp-json/oembed/1.0/embed?url=https%3A%2F%2Fbuygreatessentials.shop%2Fpowerbank-2%2F HTTP/1.1" 200 2107 "https://buygreatessentials.shop/powerbank-2/" "Mozilla/5.0 AppleWebKit/537.36 (KHTML, like Gecko; compatible; GPTBot/1.4; +https://openai.com/gptbot)"
74.7.242.28 - - [21/Jul/2026:09:14:31 +0000] "GET /wp-json/oembed/1.0/embed?url=https%3A%2F%2Fbuygreatessentials.shop%2Ftech%2F HTTP/1.1" 200 2078 "https://buygreatessentials.shop/tech/" "Mozilla/5.0 AppleWebKit/537.36 (KHTML, like Gecko; compatible; GPTBot/1.4; +https://openai.com/gptbot)"
74.7.242.28 - - [21/Jul/2026:09:14:32 +0000] "GET /wp-json/wp/v2/pages/12 HTTP/1.1" 200 12676 "https://buygreatessentials.shop/powerbank/" "Mozilla/5.0 AppleWebKit/537.36 (KHTML, like Gecko; compatible; GPTBot/1.4; +https://openai.com/gptbot)"
74.7.242.28 - - [21/Jul/2026:09:14:33 +0000] "GET /wp-json/wp/v2/posts/69 HTTP/1.1" 200 9111 "https://buygreatessentials.shop/when-searching-cheaper-intercourse-toys/" "Mozilla/5.0 AppleWebKit/537.36 (KHTML, like Gecko; compatible; GPTBot/1.4; +https://openai.com/gptbot)"
74.7.242.28 - - [21/Jul/2026:09:14:35 +0000] "GET /wp-content/plugins/elementor/assets/lib/swiper/v8/swiper.min.js?ver=8.4.5 HTTP/1.1" 200 143709 "https://buygreatessentials.shop/powerbank-2/" "Mozilla/5.0 AppleWebKit/537.36 (KHTML, like Gecko; compatible; GPTBot/1.4; +https://openai.com/gptbot)"
74.7.242.28 - - [21/Jul/2026:09:14:35 +0000] "GET /wp-includes/js/jquery/jquery-migrate.min.js?ver=3.4.1 HTTP/1.1" 200 13577 "https://buygreatessentials.shop/" "Mozilla/5.0 AppleWebKit/537.36 (KHTML, like Gecko; compatible; GPTBot/1.4; +https://openai.com/gptbot)"
74.7.242.28 - - [21/Jul/2026:09:14:36 +0000] "GET /wp-includes/js/jquery/ui/core.min.js?ver=1.13.3 HTTP/1.1" 200 21464 "https://buygreatessentials.shop/powerbank-2/" "Mozilla/5.0 AppleWebKit/537.36 (KHTML, like Gecko; compatible; GPTBot/1.4; +https://openai.com/gptbot)"
74.7.242.28 - - [21/Jul/2026:09:14:36 +0000] "GET /wp-json/oembed/1.0/embed?format=xml&url=https%3A%2F%2Fbuygreatessentials.shop%2Fwhen-searching-cheaper-intercourse-toys%2F HTTP/1.1" 200 2391 "https://buygreatessentials.shop/when-searching-cheaper-intercourse-toys/" "Mozilla/5.0 AppleWebKit/537.36 (KHTML, like Gecko; compatible; GPTBot/1.4; +https://openai.com/gptbot)"
74.7.242.28 - - [21/Jul/2026:09:14:39 +0000] "GET /wp-content/plugins/elementor/assets/js/frontend.min.js?ver=4.1.5 HTTP/1.1" 200 32098 "https://buygreatessentials.shop/powerbank-2/" "Mozilla/5.0 AppleWebKit/537.36 (KHTML, like Gecko; compatible; GPTBot/1.4; +https://openai.com/gptbot)"
74.7.242.28 - - [21/Jul/2026:09:14:39 +0000] "GET /wp-content/plugins/pixelyoursite/dist/scripts/tld.min.js?ver=2.3.1 HTTP/1.1" 200 141079 "https://buygreatessentials.shop/" "Mozilla/5.0 AppleWebKit/537.36 (KHTML, like Gecko; compatible; GPTBot/1.4; +https://openai.com/gptbot)"
74.7.242.28 - - [21/Jul/2026:09:14:40 +0000] "GET /wp-content/plugins/elementor/assets/js/webpack.runtime.min.js?ver=4.1.5 HTTP/1.1" 200 5819 "https://buygreatessentials.shop/powerbank-2/" "Mozilla/5.0 AppleWebKit/537.36 (KHTML, like Gecko; compatible; GPTBot/1.4; +https://openai.com/gptbot)"
74.7.242.28 - - [21/Jul/2026:09:14:40 +0000] "GET /wp-content/plugins/pixelyoursite/dist/scripts/js.cookie-2.1.3.min.js?ver=2.1.3 HTTP/1.1" 200 1709 "https://buygreatessentials.shop/" "Mozilla/5.0 AppleWebKit/537.36 (KHTML, like Gecko; compatible; GPTBot/1.4; +https://openai.com/gptbot)"
74.7.242.28 - - [21/Jul/2026:09:14:41 +0000] "GET /wp-includes/js/comment-reply.min.js?ver=7.0.2 HTTP/1.1" 200 3026 "https://buygreatessentials.shop/when-searching-cheaper-intercourse-toys/" "Mozilla/5.0 AppleWebKit/537.36 (KHTML, like Gecko; compatible; GPTBot/1.4; +https://openai.com/gptbot)"
74.7.242.28 - - [21/Jul/2026:09:14:41 +0000] "GET /wp-content/plugins/elementor/assets/js/frontend-modules.min.js?ver=4.1.5 HTTP/1.1" 200 50602 "https://buygreatessentials.shop/powerbank-2/" "Mozilla/5.0 AppleWebKit/537.36 (KHTML, like Gecko; compatible; GPTBot/1.4; +https://openai.com/gptbot)"
104.105.80.153 - - [21/Jul/2026:09:14:42 +0000] "POST /wp-login.php HTTP/1.1" 503 18041 "-" "Mozilla/5.0 (Windows NT 10.0; Win64; x64) AppleWebKit/537.36 (KHTML, like Gecko) Chrome/124.0.0.0 Safari/537.36 Edg/124.0.0.0"
74.7.242.28 - - [21/Jul/2026:09:14:42 +0000] "GET /wp-json/oembed/1.0/embed?format=xml&url=https%3A%2F%2Fbuygreatessentials.shop%2Fhello-world%2F HTTP/1.1" 200 2254 "https://buygreatessentials.shop/hello-world/" "Mozilla/5.0 AppleWebKit/537.36 (KHTML, like Gecko; compatible; GPTBot/1.4; +https://openai.com/gptbot)"
198.177.124.148 - - [21/Jul/2026:09:14:46 +0000] "POST /wp-cron.php?doing_wp_cron=1784625285.9437410831451416015625 HTTP/1.1" 200 - "-" "WordPress/7.0.2; https://buygreatessentials.shop"
198.177.124.148 - - [21/Jul/2026:09:14:44 +0000] "POST /?wordfence_syncAttackData=1784625284.9305 HTTP/1.1" 200 - "-" "WordPress/7.0.2; https://buygreatessentials.shop"
74.7.242.28 - - [21/Jul/2026:09:14:43 +0000] "GET /wp-content/plugins/elementor/assets/lib/swiper/v8/swiper-bundle.min.js.map HTTP/1.1" 404 83075 "https://buygreatessentials.shop/wp-content/plugins/elementor/assets/lib/swiper/v8/swiper.min.js?ver=8.4.5" "Mozilla/5.0 AppleWebKit/537.36 (KHTML, like Gecko; compatible; GPTBot/1.4; +https://openai.com/gptbot)"
74.7.242.28 - - [21/Jul/2026:09:14:46 +0000] "GET /wp-json/oembed/1.0/embed?format=xml&url=https%3A%2F%2Fbuygreatessentials.shop%2Fpowerbank-2%2F HTTP/1.1" 200 2245 "https://buygreatessentials.shop/powerbank-2/" "Mozilla/5.0 AppleWebKit/537.36 (KHTML, like Gecko; compatible; GPTBot/1.4; +https://openai.com/gptbot)"
74.7.242.28 - - [21/Jul/2026:09:14:48 +0000] "GET /wp-json/oembed/1.0/embed?format=xml&url=https%3A%2F%2Fbuygreatessentials.shop%2Ftech%2F HTTP/1.1" 200 2216 "https://buygreatessentials.shop/tech/" "Mozilla/5.0 AppleWebKit/537.36 (KHTML, like Gecko; compatible; GPTBot/1.4; +https://openai.com/gptbot)"
74.7.242.28 - - [21/Jul/2026:09:14:49 +0000] "GET /wp-json/oembed/1.0/embed?format=xml&url=https%3A%2F%2Fbuygreatessentials.shop%2Fpowerbank%2F HTTP/1.1" 200 2241 "https://buygreatessentials.shop/powerbank/" "Mozilla/5.0 AppleWebKit/537.36 (KHTML, like Gecko; compatible; GPTBot/1.4; +https://openai.com/gptbot)"
74.7.242.28 - - [21/Jul/2026:09:14:51 +0000] "GET /wp-includes/blocks/navigation/style.min.css?ver=7.0.2 HTTP/1.1" 200 20709 "https://buygreatessentials.shop/" "Mozilla/5.0 AppleWebKit/537.36 (KHTML, like Gecko; compatible; GPTBot/1.4; +https://openai.com/gptbot)"
74.7.242.28 - - [21/Jul/2026:09:14:51 +0000] "GET /wp-content/plugins/elementor/assets/lib/animations/styles/zoomIn.min.css?ver=4.1.5 HTTP/1.1" 200 106 "https://buygreatessentials.shop/powerbank/" "Mozilla/5.0 AppleWebKit/537.36 (KHTML, like Gecko; compatible; GPTBot/1.4; +https://openai.com/gptbot)"
74.7.242.28 - - [21/Jul/2026:09:14:52 +0000] "GET /wp-content/plugins/elementor/assets/lib/animations/styles/rollIn.min.css?ver=4.1.5 HTTP/1.1" 200 149 "https://buygreatessentials.shop/powerbank-2/" "Mozilla/5.0 AppleWebKit/537.36 (KHTML, like Gecko; compatible; GPTBot/1.4; +https://openai.com/gptbot)"
