105.113.95.102 - - [21/Jul/2026:14:11:13 +0000] "GET /wp-json/elementor/v1/user-data/current-user?context=edit HTTP/1.1" 200 1436 "https://buygreatessentials.shop/wp-admin/post.php?post=115&action=elementor" "Mozilla/5.0 (Windows NT 10.0; Win64; x64) AppleWebKit/537.36 (KHTML, like Gecko) Chrome/150.0.0.0 Safari/537.36"
105.113.95.102 - - [21/Jul/2026:14:11:27 +0000] "POST /wp-admin/admin-ajax.php HTTP/1.1" 200 77 "https://buygreatessentials.shop/wp-admin/post.php?post=157&action=elementor" "Mozilla/5.0 (Windows NT 10.0; Win64; x64) AppleWebKit/537.36 (KHTML, like Gecko) Chrome/150.0.0.0 Safari/537.36"
105.113.95.102 - - [21/Jul/2026:14:11:35 +0000] "POST /wp-admin/admin-ajax.php HTTP/1.1" 200 77 "https://buygreatessentials.shop/wp-admin/post.php?post=157&action=elementor" "Mozilla/5.0 (Windows NT 10.0; Win64; x64) AppleWebKit/537.36 (KHTML, like Gecko) Chrome/150.0.0.0 Safari/537.36"
198.177.124.148 - - [21/Jul/2026:14:11:48 +0000] "POST /wp-cron.php?doing_wp_cron=1784643108.0322680473327636718750 HTTP/1.1" 200 - "-" "WordPress/7.0.2; https://buygreatessentials.shop"
105.113.95.102 - - [21/Jul/2026:14:11:47 +0000] "POST /wp-admin/admin-ajax.php HTTP/1.1" 200 77 "https://buygreatessentials.shop/wp-admin/post.php?post=157&action=elementor" "Mozilla/5.0 (Windows NT 10.0; Win64; x64) AppleWebKit/537.36 (KHTML, like Gecko) Chrome/150.0.0.0 Safari/537.36"
105.113.95.102 - - [21/Jul/2026:14:12:01 +0000] "POST /wp-admin/admin-ajax.php HTTP/1.1" 200 77 "https://buygreatessentials.shop/wp-admin/post.php?post=157&action=elementor" "Mozilla/5.0 (Windows NT 10.0; Win64; x64) AppleWebKit/537.36 (KHTML, like Gecko) Chrome/150.0.0.0 Safari/537.36"
105.113.95.102 - - [21/Jul/2026:14:12:03 +0000] "GET /wp-json/elementor/v1/checklist/user-progress HTTP/1.1" 200 534 "https://buygreatessentials.shop/wp-admin/post.php?post=157&action=elementor" "Mozilla/5.0 (Windows NT 10.0; Win64; x64) AppleWebKit/537.36 (KHTML, like Gecko) Chrome/150.0.0.0 Safari/537.36"
105.113.95.102 - - [21/Jul/2026:14:12:03 +0000] "PUT /wp-json/elementor/v1/global-classes?context=frontend HTTP/1.1" 204 - "https://buygreatessentials.shop/wp-admin/post.php?post=157&action=elementor" "Mozilla/5.0 (Windows NT 10.0; Win64; x64) AppleWebKit/537.36 (KHTML, like Gecko) Chrome/150.0.0.0 Safari/537.36"
105.113.95.102 - - [21/Jul/2026:14:12:03 +0000] "POST /wp-admin/admin-ajax.php HTTP/1.1" 200 1714 "https://buygreatessentials.shop/wp-admin/post.php?post=157&action=elementor" "Mozilla/5.0 (Windows NT 10.0; Win64; x64) AppleWebKit/537.36 (KHTML, like Gecko) Chrome/150.0.0.0 Safari/537.36"
105.113.95.102 - - [21/Jul/2026:14:12:05 +0000] "POST /wp-json/elementor/v1/design-system-sync/stylesheet HTTP/1.1" 204 - "https://buygreatessentials.shop/wp-admin/post.php?post=157&action=elementor" "Mozilla/5.0 (Windows NT 10.0; Win64; x64) AppleWebKit/537.36 (KHTML, like Gecko) Chrome/150.0.0.0 Safari/537.36"
105.113.95.102 - - [21/Jul/2026:14:12:07 +0000] "GET /wp-json/elementor/v1/checklist/user-progress HTTP/1.1" 200 534 "https://buygreatessentials.shop/wp-admin/post.php?post=157&action=elementor" "Mozilla/5.0 (Windows NT 10.0; Win64; x64) AppleWebKit/537.36 (KHTML, like Gecko) Chrome/150.0.0.0 Safari/537.36"
105.113.95.102 - - [21/Jul/2026:14:12:07 +0000] "POST /wp-json/wpforms/v1/elementor/themes/custom/?_locale=user HTTP/1.1" 200 15 "https://buygreatessentials.shop/?page_id=157&elementor-preview=157&ver=1784606736" "Mozilla/5.0 (Windows NT 10.0; Win64; x64) AppleWebKit/537.36 (KHTML, like Gecko) Chrome/150.0.0.0 Safari/537.36"
105.113.95.102 - - [21/Jul/2026:14:12:16 +0000] "POST /wp-admin/admin-ajax.php HTTP/1.1" 200 77 "https://buygreatessentials.shop/wp-admin/post.php?post=157&action=elementor" "Mozilla/5.0 (Windows NT 10.0; Win64; x64) AppleWebKit/537.36 (KHTML, like Gecko) Chrome/150.0.0.0 Safari/537.36"
105.113.95.102 - - [21/Jul/2026:14:12:35 +0000] "POST /wp-admin/admin-ajax.php HTTP/1.1" 200 77 "https://buygreatessentials.shop/wp-admin/post.php?post=115&action=elementor" "Mozilla/5.0 (Windows NT 10.0; Win64; x64) AppleWebKit/537.36 (KHTML, like Gecko) Chrome/150.0.0.0 Safari/537.36"
105.113.95.102 - - [21/Jul/2026:14:12:42 +0000] "GET /wp-content/plugins/pixelyoursite/dist/styles/notice.min.css?ver=11.2.1 HTTP/1.1" 304 - "https://buygreatessentials.shop/tech/" "Mozilla/5.0 (Windows NT 10.0; Win64; x64) AppleWebKit/537.36 (KHTML, like Gecko) Chrome/150.0.0.0 Safari/537.36"
105.113.95.102 - - [21/Jul/2026:14:12:43 +0000] "GET /wp-content/plugins/insert-headers-and-footers/build/admin-bar.css?ver=c95624a69c80301272a0 HTTP/1.1" 304 - "https://buygreatessentials.shop/tech/" "Mozilla/5.0 (Windows NT 10.0; Win64; x64) AppleWebKit/537.36 (KHTML, like Gecko) Chrome/150.0.0.0 Safari/537.36"
105.113.95.102 - - [21/Jul/2026:14:12:40 +0000] "GET /tech/ HTTP/1.1" 200 226052 "-" "Mozilla/5.0 (Windows NT 10.0; Win64; x64) AppleWebKit/537.36 (KHTML, like Gecko) Chrome/150.0.0.0 Safari/537.36"
105.113.95.102 - - [21/Jul/2026:14:12:43 +0000] "GET /wp-content/plugins/elementor/assets/css/common.min.css?ver=4.1.5 HTTP/1.1" 304 - "https://buygreatessentials.shop/tech/" "Mozilla/5.0 (Windows NT 10.0; Win64; x64) AppleWebKit/537.36 (KHTML, like Gecko) Chrome/150.0.0.0 Safari/537.36"
105.113.95.102 - - [21/Jul/2026:14:12:43 +0000] "GET /wp-content/plugins/elementor/assets/lib/eicons/css/elementor-icons.min.css?ver=5.50.0 HTTP/1.1" 304 - "https://buygreatessentials.shop/tech/" "Mozilla/5.0 (Windows NT 10.0; Win64; x64) AppleWebKit/537.36 (KHTML, like Gecko) Chrome/150.0.0.0 Safari/537.36"
105.113.95.102 - - [21/Jul/2026:14:12:43 +0000] "GET /wp-content/plugins/elementor/assets/css/theme-light.min.css?ver=4.1.5 HTTP/1.1" 304 - "https://buygreatessentials.shop/tech/" "Mozilla/5.0 (Windows NT 10.0; Win64; x64) AppleWebKit/537.36 (KHTML, like Gecko) Chrome/150.0.0.0 Safari/537.36"
105.113.95.102 - - [21/Jul/2026:14:12:43 +0000] "GET /wp-content/plugins/wordfence/css/wordfenceBox.1778685035.css?ver=8.2.2 HTTP/1.1" 304 - "https://buygreatessentials.shop/tech/" "Mozilla/5.0 (Windows NT 10.0; Win64; x64) AppleWebKit/537.36 (KHTML, like Gecko) Chrome/150.0.0.0 Safari/537.36"
105.113.95.102 - - [21/Jul/2026:14:12:43 +0000] "GET /wp-content/plugins/wp-mail-smtp/assets/css/admin-bar.min.css?ver=4.9.0 HTTP/1.1" 304 - "https://buygreatessentials.shop/tech/" "Mozilla/5.0 (Windows NT 10.0; Win64; x64) AppleWebKit/537.36 (KHTML, like Gecko) Chrome/150.0.0.0 Safari/537.36"
105.113.95.102 - - [21/Jul/2026:14:12:43 +0000] "GET /wp-content/plugins/wpforms-lite/assets/css/admin-bar.min.css?ver=2.0.0.2 HTTP/1.1" 304 - "https://buygreatessentials.shop/tech/" "Mozilla/5.0 (Windows NT 10.0; Win64; x64) AppleWebKit/537.36 (KHTML, like Gecko) Chrome/150.0.0.0 Safari/537.36"
105.113.95.102 - - [21/Jul/2026:14:12:43 +0000] "GET /wp-content/plugins/elementor/assets/css/frontend.min.css?ver=4.1.5 HTTP/1.1" 304 - "https://buygreatessentials.shop/tech/" "Mozilla/5.0 (Windows NT 10.0; Win64; x64) AppleWebKit/537.36 (KHTML, like Gecko) Chrome/150.0.0.0 Safari/537.36"
105.113.95.102 - - [21/Jul/2026:14:12:43 +0000] "GET /wp-content/uploads/elementor/css/post-6.css?ver=1784558706 HTTP/1.1" 304 - "https://buygreatessentials.shop/tech/" "Mozilla/5.0 (Windows NT 10.0; Win64; x64) AppleWebKit/537.36 (KHTML, like Gecko) Chrome/150.0.0.0 Safari/537.36"
105.113.95.102 - - [21/Jul/2026:14:12:43 +0000] "GET /wp-content/plugins/elementor/assets/css/admin-bar.min.css?ver=4.1.5 HTTP/1.1" 304 - "https://buygreatessentials.shop/tech/" "Mozilla/5.0 (Windows NT 10.0; Win64; x64) AppleWebKit/537.36 (KHTML, like Gecko) Chrome/150.0.0.0 Safari/537.36"
105.113.95.102 - - [21/Jul/2026:14:12:43 +0000] "GET /wp-content/plugins/elementor/assets/lib/swiper/v8/css/swiper.min.css?ver=8.4.5 HTTP/1.1" 304 - "https://buygreatessentials.shop/tech/" "Mozilla/5.0 (Windows NT 10.0; Win64; x64) AppleWebKit/537.36 (KHTML, like Gecko) Chrome/150.0.0.0 Safari/537.36"
105.113.95.102 - - [21/Jul/2026:14:12:43 +0000] "GET /wp-content/plugins/elementor/assets/lib/animations/styles/rollIn.min.css?ver=4.1.5 HTTP/1.1" 304 - "https://buygreatessentials.shop/tech/" "Mozilla/5.0 (Windows NT 10.0; Win64; x64) AppleWebKit/537.36 (KHTML, like Gecko) Chrome/150.0.0.0 Safari/537.36"
105.113.95.102 - - [21/Jul/2026:14:12:43 +0000] "GET /wp-content/plugins/elementor/assets/css/conditionals/e-swiper.min.css?ver=4.1.5 HTTP/1.1" 304 - "https://buygreatessentials.shop/tech/" "Mozilla/5.0 (Windows NT 10.0; Win64; x64) AppleWebKit/537.36 (KHTML, like Gecko) Chrome/150.0.0.0 Safari/537.36"
105.113.95.102 - - [21/Jul/2026:14:12:43 +0000] "GET /wp-content/plugins/elementor/assets/css/widget-heading.min.css?ver=4.1.5 HTTP/1.1" 304 - "https://buygreatessentials.shop/tech/" "Mozilla/5.0 (Windows NT 10.0; Win64; x64) AppleWebKit/537.36 (KHTML, like Gecko) Chrome/150.0.0.0 Safari/537.36"
105.113.95.102 - - [21/Jul/2026:14:12:44 +0000] "GET /wp-content/uploads/elementor/css/post-157.css?ver=1784643162 HTTP/1.1" 200 3519 "https://buygreatessentials.shop/tech/" "Mozilla/5.0 (Windows NT 10.0; Win64; x64) AppleWebKit/537.36 (KHTML, like Gecko) Chrome/150.0.0.0 Safari/537.36"
105.113.95.102 - - [21/Jul/2026:14:12:44 +0000] "GET /wp-content/plugins/elementor/assets/css/widget-image-carousel.min.css?ver=4.1.5 HTTP/1.1" 304 - "https://buygreatessentials.shop/tech/" "Mozilla/5.0 (Windows NT 10.0; Win64; x64) AppleWebKit/537.36 (KHTML, like Gecko) Chrome/150.0.0.0 Safari/537.36"
105.113.95.102 - - [21/Jul/2026:14:12:44 +0000] "GET /wp-content/uploads/elementor/css/base-desktop.css?ver=6a5e34725f17c HTTP/1.1" 304 - "https://buygreatessentials.shop/tech/" "Mozilla/5.0 (Windows NT 10.0; Win64; x64) AppleWebKit/537.36 (KHTML, like Gecko) Chrome/150.0.0.0 Safari/537.36"
105.113.95.102 - - [21/Jul/2026:14:12:44 +0000] "GET /wp-content/uploads/elementor/css/local-157-frontend-desktop.css?ver=6a5f7e5a3d0eb HTTP/1.1" 200 405 "https://buygreatessentials.shop/tech/" "Mozilla/5.0 (Windows NT 10.0; Win64; x64) AppleWebKit/537.36 (KHTML, like Gecko) Chrome/150.0.0.0 Safari/537.36"
105.113.95.102 - - [21/Jul/2026:14:12:44 +0000] "GET /wp-content/plugins/wordfence/js/admin.ajaxWatcher.1778685035.js?ver=8.2.2 HTTP/1.1" 304 - "https://buygreatessentials.shop/tech/" "Mozilla/5.0 (Windows NT 10.0; Win64; x64) AppleWebKit/537.36 (KHTML, like Gecko) Chrome/150.0.0.0 Safari/537.36"
105.113.95.102 - - [21/Jul/2026:14:12:44 +0000] "GET /wp-content/plugins/wordfence/js/wfi18n.1778685035.js?ver=8.2.2 HTTP/1.1" 304 - "https://buygreatessentials.shop/tech/" "Mozilla/5.0 (Windows NT 10.0; Win64; x64) AppleWebKit/537.36 (KHTML, like Gecko) Chrome/150.0.0.0 Safari/537.36"
105.113.95.102 - - [21/Jul/2026:14:12:44 +0000] "GET /wp-content/uploads/2026/07/ChatGPT-Image-Jul-21-2026-12_16_22-PM.png HTTP/1.1" 304 - "https://buygreatessentials.shop/tech/" "Mozilla/5.0 (Windows NT 10.0; Win64; x64) AppleWebKit/537.36 (KHTML, like Gecko) Chrome/150.0.0.0 Safari/537.36"
105.113.95.102 - - [21/Jul/2026:14:12:44 +0000] "GET /wp-content/uploads/2026/07/Artificial-Intelligence-200x300.png HTTP/1.1" 304 - "https://buygreatessentials.shop/tech/" "Mozilla/5.0 (Windows NT 10.0; Win64; x64) AppleWebKit/537.36 (KHTML, like Gecko) Chrome/150.0.0.0 Safari/537.36"
105.113.95.102 - - [21/Jul/2026:14:12:44 +0000] "GET /wp-content/uploads/2026/07/Business-Analysis-300x300.png HTTP/1.1" 304 - "https://buygreatessentials.shop/tech/" "Mozilla/5.0 (Windows NT 10.0; Win64; x64) AppleWebKit/537.36 (KHTML, like Gecko) Chrome/150.0.0.0 Safari/537.36"
105.113.95.102 - - [21/Jul/2026:14:12:44 +0000] "GET /wp-content/uploads/2026/07/Data-Engineering-200x300.png HTTP/1.1" 304 - "https://buygreatessentials.shop/tech/" "Mozilla/5.0 (Windows NT 10.0; Win64; x64) AppleWebKit/537.36 (KHTML, like Gecko) Chrome/150.0.0.0 Safari/537.36"
105.113.95.102 - - [21/Jul/2026:14:12:44 +0000] "GET /wp-content/uploads/2026/07/Data-Analytics-300x300.png HTTP/1.1" 304 - "https://buygreatessentials.shop/tech/" "Mozilla/5.0 (Windows NT 10.0; Win64; x64) AppleWebKit/537.36 (KHTML, like Gecko) Chrome/150.0.0.0 Safari/537.36"
105.113.95.102 - - [21/Jul/2026:14:12:44 +0000] "GET /wp-content/uploads/2026/07/Cybersecurity-200x300.png HTTP/1.1" 304 - "https://buygreatessentials.shop/tech/" "Mozilla/5.0 (Windows NT 10.0; Win64; x64) AppleWebKit/537.36 (KHTML, like Gecko) Chrome/150.0.0.0 Safari/537.36"
105.113.95.102 - - [21/Jul/2026:14:12:45 +0000] "GET /wp-content/plugins/insert-headers-and-footers/build/admin-bar.js?ver=c95624a69c80301272a0 HTTP/1.1" 304 - "https://buygreatessentials.shop/tech/" "Mozilla/5.0 (Windows NT 10.0; Win64; x64) AppleWebKit/537.36 (KHTML, like Gecko) Chrome/150.0.0.0 Safari/537.36"
105.113.95.102 - - [21/Jul/2026:14:12:45 +0000] "GET /wp-content/plugins/elementor/assets/lib/backbone/backbone.radio.min.js?ver=1.0.4 HTTP/1.1" 304 - "https://buygreatessentials.shop/tech/" "Mozilla/5.0 (Windows NT 10.0; Win64; x64) AppleWebKit/537.36 (KHTML, like Gecko) Chrome/150.0.0.0 Safari/537.36"
105.113.95.102 - - [21/Jul/2026:14:12:45 +0000] "GET /wp-content/plugins/elementor/assets/lib/backbone/backbone.marionette.min.js?ver=2.4.5.e1 HTTP/1.1" 304 - "https://buygreatessentials.shop/tech/" "Mozilla/5.0 (Windows NT 10.0; Win64; x64) AppleWebKit/537.36 (KHTML, like Gecko) Chrome/150.0.0.0 Safari/537.36"
105.113.95.102 - - [21/Jul/2026:14:12:45 +0000] "GET /wp-content/plugins/elementor/assets/lib/dialog/dialog.min.js?ver=4.9.4 HTTP/1.1" 304 - "https://buygreatessentials.shop/tech/" "Mozilla/5.0 (Windows NT 10.0; Win64; x64) AppleWebKit/537.36 (KHTML, like Gecko) Chrome/150.0.0.0 Safari/537.36"
105.113.95.102 - - [21/Jul/2026:14:12:45 +0000] "GET /wp-content/plugins/elementor/assets/js/common-modules.min.js?ver=4.1.5 HTTP/1.1" 304 - "https://buygreatessentials.shop/tech/" "Mozilla/5.0 (Windows NT 10.0; Win64; x64) AppleWebKit/537.36 (KHTML, like Gecko) Chrome/150.0.0.0 Safari/537.36"
105.113.95.102 - - [21/Jul/2026:14:12:45 +0000] "GET /wp-content/plugins/elementor/assets/js/web-cli.min.js?ver=4.1.5 HTTP/1.1" 304 - "https://buygreatessentials.shop/tech/" "Mozilla/5.0 (Windows NT 10.0; Win64; x64) AppleWebKit/537.36 (KHTML, like Gecko) Chrome/150.0.0.0 Safari/537.36"
105.113.95.102 - - [21/Jul/2026:14:12:45 +0000] "GET /wp-content/plugins/elementor/assets/js/app-loader.min.js?ver=4.1.5 HTTP/1.1" 304 - "https://buygreatessentials.shop/tech/" "Mozilla/5.0 (Windows NT 10.0; Win64; x64) AppleWebKit/537.36 (KHTML, like Gecko) Chrome/150.0.0.0 Safari/537.36"
105.113.95.102 - - [21/Jul/2026:14:12:45 +0000] "GET /wp-content/plugins/elementor/assets/js/dev-tools.min.js?ver=4.1.5 HTTP/1.1" 304 - "https://buygreatessentials.shop/tech/" "Mozilla/5.0 (Windows NT 10.0; Win64; x64) AppleWebKit/537.36 (KHTML, like Gecko) Chrome/150.0.0.0 Safari/537.36"
105.113.95.102 - - [21/Jul/2026:14:12:45 +0000] "GET /wp-content/plugins/elementor/assets/js/common.min.js?ver=4.1.5 HTTP/1.1" 304 - "https://buygreatessentials.shop/tech/" "Mozilla/5.0 (Windows NT 10.0; Win64; x64) AppleWebKit/537.36 (KHTML, like Gecko) Chrome/150.0.0.0 Safari/537.36"
105.113.95.102 - - [21/Jul/2026:14:12:45 +0000] "GET /wp-content/plugins/elementor/assets/js/webpack.runtime.min.js?ver=4.1.5 HTTP/1.1" 304 - "https://buygreatessentials.shop/tech/" "Mozilla/5.0 (Windows NT 10.0; Win64; x64) AppleWebKit/537.36 (KHTML, like Gecko) Chrome/150.0.0.0 Safari/537.36"
105.113.95.102 - - [21/Jul/2026:14:12:45 +0000] "GET /wp-content/plugins/elementor/assets/js/frontend-modules.min.js?ver=4.1.5 HTTP/1.1" 304 - "https://buygreatessentials.shop/tech/" "Mozilla/5.0 (Windows NT 10.0; Win64; x64) AppleWebKit/537.36 (KHTML, like Gecko) Chrome/150.0.0.0 Safari/537.36"
105.113.95.102 - - [21/Jul/2026:14:12:46 +0000] "GET /wp-content/plugins/elementor/assets/js/frontend.min.js?ver=4.1.5 HTTP/1.1" 304 - "https://buygreatessentials.shop/tech/" "Mozilla/5.0 (Windows NT 10.0; Win64; x64) AppleWebKit/537.36 (KHTML, like Gecko) Chrome/150.0.0.0 Safari/537.36"
105.113.95.102 - - [21/Jul/2026:14:12:46 +0000] "GET /wp-content/uploads/2026/07/Project-Management-200x300.png HTTP/1.1" 304 - "https://buygreatessentials.shop/tech/" "Mozilla/5.0 (Windows NT 10.0; Win64; x64) AppleWebKit/537.36 (KHTML, like Gecko) Chrome/150.0.0.0 Safari/537.36"
105.113.95.102 - - [21/Jul/2026:14:12:46 +0000] "GET /wp-content/plugins/elementor/assets/js/elementor-admin-bar.min.js?ver=4.1.5 HTTP/1.1" 304 - "https://buygreatessentials.shop/tech/" "Mozilla/5.0 (Windows NT 10.0; Win64; x64) AppleWebKit/537.36 (KHTML, like Gecko) Chrome/150.0.0.0 Safari/537.36"
105.113.95.102 - - [21/Jul/2026:14:12:46 +0000] "GET /wp-content/plugins/elementor/assets/lib/swiper/v8/swiper.min.js?ver=8.4.5 HTTP/1.1" 304 - "https://buygreatessentials.shop/tech/" "Mozilla/5.0 (Windows NT 10.0; Win64; x64) AppleWebKit/537.36 (KHTML, like Gecko) Chrome/150.0.0.0 Safari/537.36"
105.113.95.102 - - [21/Jul/2026:14:12:46 +0000] "GET /wp-content/uploads/2026/07/Product-Management-300x300.png HTTP/1.1" 304 - "https://buygreatessentials.shop/tech/" "Mozilla/5.0 (Windows NT 10.0; Win64; x64) AppleWebKit/537.36 (KHTML, like Gecko) Chrome/150.0.0.0 Safari/537.36"
105.113.95.102 - - [21/Jul/2026:14:12:46 +0000] "GET /wp-content/plugins/pixelyoursite/dist/scripts/public.js?ver=11.2.1 HTTP/1.1" 304 - "https://buygreatessentials.shop/tech/" "Mozilla/5.0 (Windows NT 10.0; Win64; x64) AppleWebKit/537.36 (KHTML, like Gecko) Chrome/150.0.0.0 Safari/537.36"
105.113.95.102 - - [21/Jul/2026:14:12:46 +0000] "GET /wp-content/plugins/pixelyoursite/dist/scripts/js.cookie-2.1.3.min.js?ver=2.1.3 HTTP/1.1" 304 - "https://buygreatessentials.shop/tech/" "Mozilla/5.0 (Windows NT 10.0; Win64; x64) AppleWebKit/537.36 (KHTML, like Gecko) Chrome/150.0.0.0 Safari/537.36"
105.113.95.102 - - [21/Jul/2026:14:12:46 +0000] "GET /wp-content/plugins/pixelyoursite/dist/scripts/tld.min.js?ver=2.3.1 HTTP/1.1" 304 - "https://buygreatessentials.shop/tech/" "Mozilla/5.0 (Windows NT 10.0; Win64; x64) AppleWebKit/537.36 (KHTML, like Gecko) Chrome/150.0.0.0 Safari/537.36"
105.113.95.102 - - [21/Jul/2026:14:12:46 +0000] "GET /wp-content/plugins/pixelyoursite/dist/scripts/jquery.bind-first-0.2.3.min.js?ver=0.2.3 HTTP/1.1" 304 - "https://buygreatessentials.shop/tech/" "Mozilla/5.0 (Windows NT 10.0; Win64; x64) AppleWebKit/537.36 (KHTML, like Gecko) Chrome/150.0.0.0 Safari/537.36"
198.177.124.148 - - [21/Jul/2026:14:12:49 +0000] "POST /wp-cron.php?doing_wp_cron=1784643169.0789821147918701171875 HTTP/1.1" 200 - "-" "WordPress/7.0.2; https://buygreatessentials.shop"
105.113.95.102 - - [21/Jul/2026:14:12:47 +0000] "GET /wp-admin/admin-ajax.php?action=pys_get_pbid HTTP/1.1" 200 1 "https://buygreatessentials.shop/tech/" "Mozilla/5.0 (Windows NT 10.0; Win64; x64) AppleWebKit/537.36 (KHTML, like Gecko) Chrome/150.0.0.0 Safari/537.36"
105.113.95.102 - - [21/Jul/2026:14:12:47 +0000] "GET /favicon.ico HTTP/1.1" 302 - "https://buygreatessentials.shop/tech/" "Mozilla/5.0 (Windows NT 10.0; Win64; x64) AppleWebKit/537.36 (KHTML, like Gecko) Chrome/150.0.0.0 Safari/537.36"
105.113.95.102 - - [21/Jul/2026:14:12:47 +0000] "POST /wp-json/pys-facebook/v1/event HTTP/1.1" 200 16 "https://buygreatessentials.shop/tech/" "Mozilla/5.0 (Windows NT 10.0; Win64; x64) AppleWebKit/537.36 (KHTML, like Gecko) Chrome/150.0.0.0 Safari/537.36"
198.177.124.148 - - [21/Jul/2026:14:14:20 +0000] "POST /wp-cron.php?doing_wp_cron=1784643259.9985079765319824218750 HTTP/1.1" 200 - "-" "WordPress/7.0.2; https://buygreatessentials.shop"
105.113.95.102 - - [21/Jul/2026:14:14:18 +0000] "POST /wp-admin/admin-ajax.php HTTP/1.1" 200 77 "https://buygreatessentials.shop/wp-admin/post.php?post=157&action=elementor" "Mozilla/5.0 (Windows NT 10.0; Win64; x64) AppleWebKit/537.36 (KHTML, like Gecko) Chrome/150.0.0.0 Safari/537.36"
105.113.95.102 - - [21/Jul/2026:14:14:35 +0000] "POST /wp-admin/admin-ajax.php HTTP/1.1" 200 77 "https://buygreatessentials.shop/wp-admin/post.php?post=115&action=elementor" "Mozilla/5.0 (Windows NT 10.0; Win64; x64) AppleWebKit/537.36 (KHTML, like Gecko) Chrome/150.0.0.0 Safari/537.36"
107.172.124.103 - - [21/Jul/2026:14:14:35 +0000] "GET / HTTP/1.1" 200 99529 "-" "Mozilla/5.0 (Windows NT 10.0; Win64; x64; rv:123.0) Gecko/20100101 Firefox/123.0"
107.172.124.103 - - [21/Jul/2026:14:14:38 +0000] "GET /wp-includes/blocks/navigation/style.min.css?ver=7.0.2 HTTP/1.1" 200 20709 "https://buygreatessentials.shop/" "Mozilla/5.0 (Windows NT 10.0; Win64; x64; rv:123.0) Gecko/20100101 Firefox/123.0"
107.172.124.103 - - [21/Jul/2026:14:14:38 +0000] "GET /wp-content/themes/twentytwentyfour/assets/images/building-exterior.webp HTTP/1.1" 200 199724 "https://buygreatessentials.shop/" "Mozilla/5.0 (Windows NT 10.0; Win64; x64; rv:123.0) Gecko/20100101 Firefox/123.0"
107.172.124.103 - - [21/Jul/2026:14:14:39 +0000] "GET /wp-content/themes/twentytwentyfour/assets/images/tourist-and-building.webp HTTP/1.1" 200 66482 "https://buygreatessentials.shop/" "Mozilla/5.0 (Windows NT 10.0; Win64; x64; rv:123.0) Gecko/20100101 Firefox/123.0"
107.172.124.103 - - [21/Jul/2026:14:14:39 +0000] "GET /wp-content/themes/twentytwentyfour/assets/images/windows.webp HTTP/1.1" 200 126244 "https://buygreatessentials.shop/" "Mozilla/5.0 (Windows NT 10.0; Win64; x64; rv:123.0) Gecko/20100101 Firefox/123.0"
107.172.124.103 - - [21/Jul/2026:14:14:40 +0000] "GET /wp-content/themes/twentytwentyfour/assets/fonts/inter/Inter-VariableFont_slnt,wght.woff2 HTTP/1.1" 200 326628 "https://buygreatessentials.shop/" "Mozilla/5.0 (Windows NT 10.0; Win64; x64; rv:123.0) Gecko/20100101 Firefox/123.0"
107.172.124.103 - - [21/Jul/2026:14:14:40 +0000] "GET /wp-content/themes/twentytwentyfour/assets/fonts/cardo/cardo_italic_400.woff2 HTTP/1.1" 200 105184 "https://buygreatessentials.shop/" "Mozilla/5.0 (Windows NT 10.0; Win64; x64; rv:123.0) Gecko/20100101 Firefox/123.0"
107.172.124.103 - - [21/Jul/2026:14:14:40 +0000] "GET /wp-content/themes/twentytwentyfour/assets/fonts/cardo/cardo_normal_400.woff2 HTTP/1.1" 200 146060 "https://buygreatessentials.shop/" "Mozilla/5.0 (Windows NT 10.0; Win64; x64; rv:123.0) Gecko/20100101 Firefox/123.0"
198.177.124.148 - - [21/Jul/2026:14:14:49 +0000] "POST /wp-cron.php?doing_wp_cron=1784643289.3896009922027587890625 HTTP/1.1" 200 - "-" "WordPress/7.0.2; https://buygreatessentials.shop"
152.163.186.68 - - [21/Jul/2026:14:14:46 +0000] "GET / HTTP/1.1" 200 99529 "-" "Mozilla/5.0 (Macintosh; Intel Mac OS X 10_15_7) AppleWebKit/537.36 (KHTML, like Gecko) Chrome/124.0.0.0 Safari/537.36"
198.177.124.148 - - [21/Jul/2026:14:16:21 +0000] "POST /wp-cron.php?doing_wp_cron=1784643381.3614668846130371093750 HTTP/1.1" 200 - "-" "WordPress/7.0.2; https://buygreatessentials.shop"
105.113.95.102 - - [21/Jul/2026:14:16:19 +0000] "POST /wp-admin/admin-ajax.php HTTP/1.1" 200 77 "https://buygreatessentials.shop/wp-admin/post.php?post=157&action=elementor" "Mozilla/5.0 (Windows NT 10.0; Win64; x64) AppleWebKit/537.36 (KHTML, like Gecko) Chrome/150.0.0.0 Safari/537.36"
105.113.95.102 - - [21/Jul/2026:14:16:36 +0000] "POST /wp-admin/admin-ajax.php HTTP/1.1" 200 77 "https://buygreatessentials.shop/wp-admin/post.php?post=115&action=elementor" "Mozilla/5.0 (Windows NT 10.0; Win64; x64) AppleWebKit/537.36 (KHTML, like Gecko) Chrome/150.0.0.0 Safari/537.36"
198.177.124.148 - - [21/Jul/2026:14:18:22 +0000] "POST /wp-cron.php?doing_wp_cron=1784643502.4400050640106201171875 HTTP/1.1" 200 - "-" "WordPress/7.0.2; https://buygreatessentials.shop"
105.113.95.102 - - [21/Jul/2026:14:18:20 +0000] "POST /wp-admin/admin-ajax.php HTTP/1.1" 200 77 "https://buygreatessentials.shop/wp-admin/post.php?post=157&action=elementor" "Mozilla/5.0 (Windows NT 10.0; Win64; x64) AppleWebKit/537.36 (KHTML, like Gecko) Chrome/150.0.0.0 Safari/537.36"
198.177.124.148 - - [21/Jul/2026:14:18:51 +0000] "POST /wp-cron.php?doing_wp_cron=1784643531.5111889839172363281250 HTTP/1.1" 200 - "-" "WordPress/7.0.2; https://buygreatessentials.shop"
105.113.95.102 - - [21/Jul/2026:14:18:49 +0000] "POST /wp-admin/admin-ajax.php HTTP/1.1" 200 77 "https://buygreatessentials.shop/wp-admin/post.php?post=115&action=elementor" "Mozilla/5.0 (Windows NT 10.0; Win64; x64) AppleWebKit/537.36 (KHTML, like Gecko) Chrome/150.0.0.0 Safari/537.36"
198.177.124.148 - - [21/Jul/2026:14:18:54 +0000] "POST /wp-cron.php?doing_wp_cron=1784643533.9991729259490966796875 HTTP/1.1" 200 - "-" "WordPress/7.0.2; https://buygreatessentials.shop"
105.113.95.102 - - [21/Jul/2026:14:18:51 +0000] "GET /wp-json/elementor/v1/checklist/user-progress HTTP/1.1" 200 534 "https://buygreatessentials.shop/wp-admin/post.php?post=157&action=elementor" "Mozilla/5.0 (Windows NT 10.0; Win64; x64) AppleWebKit/537.36 (KHTML, like Gecko) Chrome/150.0.0.0 Safari/537.36"
198.177.124.148 - - [21/Jul/2026:14:20:22 +0000] "POST /wp-cron.php?doing_wp_cron=1784643622.7278308868408203125000 HTTP/1.1" 200 - "-" "WordPress/7.0.2; https://buygreatessentials.shop"
105.113.95.102 - - [21/Jul/2026:14:20:21 +0000] "POST /wp-admin/admin-ajax.php HTTP/1.1" 200 77 "https://buygreatessentials.shop/wp-admin/post.php?post=157&action=elementor" "Mozilla/5.0 (Windows NT 10.0; Win64; x64) AppleWebKit/537.36 (KHTML, like Gecko) Chrome/150.0.0.0 Safari/537.36"
105.113.95.102 - - [21/Jul/2026:14:20:39 +0000] "POST /wp-admin/admin-ajax.php HTTP/1.1" 200 77 "https://buygreatessentials.shop/wp-admin/post.php?post=115&action=elementor" "Mozilla/5.0 (Windows NT 10.0; Win64; x64) AppleWebKit/537.36 (KHTML, like Gecko) Chrome/150.0.0.0 Safari/537.36"
198.177.124.148 - - [21/Jul/2026:14:49:37 +0000] "POST /wp-cron.php?doing_wp_cron=1784645377.2793679237365722656250 HTTP/1.1" 200 - "-" "WordPress/7.0.2; https://buygreatessentials.shop"
185.223.152.119 - - [21/Jul/2026:14:49:33 +0000] "GET /wp-login.php HTTP/1.1" 200 4823 "-" "Mozilla/5.0 (X11; U; Linux i686; de; rv:1.9.2.10) Gecko/20100915 Ubuntu/10.04 (lucid) Firefox/3.6.10"
185.223.152.119 - - [21/Jul/2026:14:49:38 +0000] "GET /?author=1 HTTP/1.1" 404 78007 "-" "Mozilla/5.0 (Windows; U; Windows NT 5.1; en-US; rv:1.9.1.6) Gecko/20091201 Firefox/3.5.6 GTB6 (.NET CLR 3.5.30729) FBSMTWB"
198.177.124.148 - - [21/Jul/2026:14:49:45 +0000] "POST /wp-cron.php?doing_wp_cron=1784645385.4690868854522705078125 HTTP/1.1" 200 - "-" "WordPress/7.0.2; https://buygreatessentials.shop"
185.223.152.101 - - [21/Jul/2026:14:49:43 +0000] "GET /?rest_route=/wp/v2/users HTTP/1.1" 401 108 "-" "Mozilla/5.0 (Windows; U; Windows NT 5.1; en-US; rv:1.8b5) Gecko/20051006 Firefox/1.4.1"
185.223.152.101 - - [21/Jul/2026:14:49:45 +0000] "GET /feed HTTP/1.1" 301 - "-" "Mozilla/5.0 (Windows; U; Windows NT 5.1; tr; rv:1.9.2.17) Gecko/20110420 Firefox/3.6.17"
185.223.152.101 - - [21/Jul/2026:14:49:48 +0000] "GET /feed/ HTTP/1.1" 200 9502 "-" "Mozilla/5.0 (Windows; U; Windows NT 5.1; tr; rv:1.9.2.17) Gecko/20110420 Firefox/3.6.17"
198.177.124.148 - - [21/Jul/2026:14:51:52 +0000] "POST /wp-cron.php?doing_wp_cron=1784645512.4732921123504638671875 HTTP/1.1" 200 - "-" "WordPress/7.0.2; https://buygreatessentials.shop"
86.107.21.84 - - [21/Jul/2026:14:51:45 +0000] "GET /wp-login.php HTTP/1.1" 200 4823 "-" "Mozilla/5.0 (Windows NT 10.0; Win64; x64) AppleWebKit/537.36 Chrome/129.0.0.0 Safari/537.36"
86.107.21.84 - - [21/Jul/2026:14:51:53 +0000] "GET /?author=1 HTTP/1.1" 404 78007 "-" "Mozilla/5.0 (Macintosh; Intel Mac OS X 10_15_7) AppleWebKit/605.1.15 Version/17.0 Safari/605.1.15"
86.107.21.84 - - [21/Jul/2026:14:52:00 +0000] "GET /?rest_route=/wp/v2/users HTTP/1.1" 401 108 "-" "Mozilla/5.0 (Windows NT 10.0; Win64; x64) AppleWebKit/537.36 Chrome/129.0.0.0 Safari/537.36"
86.107.21.84 - - [21/Jul/2026:14:52:03 +0000] "GET /feed HTTP/1.1" 301 - "-" "Mozilla/5.0 (Windows NT 10.0; Win64; rv:143.0) Gecko/20100101 Firefox/143.0"
86.107.21.84 - - [21/Jul/2026:14:52:07 +0000] "GET /feed/ HTTP/1.1" 200 9502 "-" "Mozilla/5.0 (Windows NT 10.0; Win64; rv:143.0) Gecko/20100101 Firefox/143.0"
198.177.124.148 - - [21/Jul/2026:14:53:53 +0000] "POST /wp-cron.php?doing_wp_cron=1784645633.3460459709167480468750 HTTP/1.1" 200 - "-" "WordPress/7.0.2; https://buygreatessentials.shop"
86.107.21.84 - - [21/Jul/2026:14:53:50 +0000] "POST /wp-login.php HTTP/1.1" 503 18956 "-" "Mozilla/5.0 (Windows NT 10.0; Win64; rv:143.0) Gecko/20100101 Firefox/143.0"
86.107.21.84 - - [21/Jul/2026:14:54:41 +0000] "POST /wp-login.php HTTP/1.1" 503 18043 "-" "Mozilla/5.0 (Macintosh; Intel Mac OS X 10_15_7) AppleWebKit/605.1.15 Version/17.0 Safari/605.1.15"
86.107.21.84 - - [21/Jul/2026:14:55:33 +0000] "POST /wp-login.php HTTP/1.1" 503 18043 "-" "Mozilla/5.0 (Macintosh; Intel Mac OS X 10_15_7) AppleWebKit/605.1.15 Version/17.0 Safari/605.1.15"
86.107.21.84 - - [21/Jul/2026:14:56:27 +0000] "POST /wp-login.php HTTP/1.1" 503 18043 "-" "Mozilla/5.0 (Windows NT 10.0; Win64; rv:143.0) Gecko/20100101 Firefox/143.0"
86.107.21.84 - - [21/Jul/2026:14:57:21 +0000] "POST /wp-login.php HTTP/1.1" 503 18043 "-" "Mozilla/5.0 (Macintosh; Intel Mac OS X 10_15_7) AppleWebKit/605.1.15 Version/17.0 Safari/605.1.15"
86.107.21.84 - - [21/Jul/2026:14:58:12 +0000] "POST /wp-login.php HTTP/1.1" 503 18043 "-" "Mozilla/5.0 (Windows NT 10.0; Win64; x64) AppleWebKit/537.36 Chrome/129.0.0.0 Safari/537.36"
86.107.21.84 - - [21/Jul/2026:14:59:02 +0000] "POST /wp-login.php HTTP/1.1" 503 18043 "-" "Mozilla/5.0 (Macintosh; Intel Mac OS X 10_15_7) AppleWebKit/605.1.15 Version/17.0 Safari/605.1.15"
86.107.21.84 - - [21/Jul/2026:15:00:00 +0000] "POST /wp-login.php HTTP/1.1" 503 18043 "-" "Mozilla/5.0 (Windows NT 10.0; Win64; rv:143.0) Gecko/20100101 Firefox/143.0"
198.177.124.148 - - [21/Jul/2026:15:00:24 +0000] "POST /wp-cron.php?doing_wp_cron=1784646024.6690239906311035156250 HTTP/1.1" 200 - "-" "WordPress/7.0.2; https://buygreatessentials.shop"
104.105.80.153 - - [21/Jul/2026:15:00:15 +0000] "GET / HTTP/1.1" 200 99529 "-" "Mozilla/5.0 (X11; Linux x86_64) AppleWebKit/537.36 (KHTML, like Gecko) Chrome/120.0.0.0 Safari/537.36"
198.177.124.148 - - [21/Jul/2026:15:00:19 +0000] "POST /?wordfence_syncAttackData=1784646019.7116 HTTP/1.1" 200 - "-" "WordPress/7.0.2; https://buygreatessentials.shop"
104.105.80.153 - - [21/Jul/2026:15:00:25 +0000] "GET /?rest_route=/wp/v2/users HTTP/1.1" 401 108 "-" "Mozilla/5.0 (X11; Linux x86_64) AppleWebKit/537.36 (KHTML, like Gecko) Chrome/120.0.0.0 Safari/537.36"
86.107.21.84 - - [21/Jul/2026:15:00:58 +0000] "POST /wp-login.php HTTP/1.1" 503 18042 "-" "Mozilla/5.0 (Windows NT 10.0; Win64; x64) AppleWebKit/537.36 Chrome/129.0.0.0 Safari/537.36"
86.107.21.84 - - [21/Jul/2026:15:01:57 +0000] "POST /wp-login.php HTTP/1.1" 503 18042 "-" "Mozilla/5.0 (Windows NT 10.0; Win64; rv:143.0) Gecko/20100101 Firefox/143.0"
86.107.21.84 - - [21/Jul/2026:15:03:01 +0000] "POST /wp-login.php HTTP/1.1" 503 18042 "-" "Mozilla/5.0 (Windows NT 10.0; Win64; x64) AppleWebKit/537.36 Chrome/129.0.0.0 Safari/537.36"
198.177.124.148 - - [21/Jul/2026:15:03:10 +0000] "POST /?wordfence_syncAttackData=1784646190.0998 HTTP/1.1" 200 - "-" "WordPress/7.0.2; https://buygreatessentials.shop"
198.177.124.148 - - [21/Jul/2026:15:04:06 +0000] "POST /wp-cron.php?doing_wp_cron=1784646246.8371078968048095703125 HTTP/1.1" 200 - "-" "WordPress/7.0.2; https://buygreatessentials.shop"
86.107.21.84 - - [21/Jul/2026:15:04:04 +0000] "POST /wp-login.php HTTP/1.1" 503 18956 "-" "Mozilla/5.0 (Macintosh; Intel Mac OS X 10_15_7) AppleWebKit/605.1.15 Version/17.0 Safari/605.1.15"
154.37.71.237 - - [21/Jul/2026:15:04:30 +0000] "GET /about HTTP/1.1" 404 82046 "-" "Mozilla/5.0 (Windows NT 10.0; Win64; x64) AppleWebKit/537.36 (KHTML, like Gecko) Chrome/120.0.0.0 Safari/537.36"
154.37.71.237 - - [21/Jul/2026:15:04:33 +0000] "GET /wp-includes/js/jquery/jquery.min.js?ver=3.7.1 HTTP/1.1" 200 87553 "https://buygreatessentials.shop/about" "Mozilla/5.0 (Windows NT 10.0; Win64; x64) AppleWebKit/537.36 (KHTML, like Gecko) Chrome/120.0.0.0 Safari/537.36"
154.37.71.237 - - [21/Jul/2026:15:04:33 +0000] "GET /wp-includes/js/jquery/jquery-migrate.min.js?ver=3.4.1 HTTP/1.1" 200 13577 "https://buygreatessentials.shop/about" "Mozilla/5.0 (Windows NT 10.0; Win64; x64) AppleWebKit/537.36 (KHTML, like Gecko) Chrome/120.0.0.0 Safari/537.36"
154.37.71.237 - - [21/Jul/2026:15:04:33 +0000] "GET /wp-includes/js/dist/script-modules/interactivity/index.min.js?ver=efaa5193bbad9c60ffd1 HTTP/1.1" 200 40106 "https://buygreatessentials.shop/about" "Mozilla/5.0 (Windows NT 10.0; Win64; x64) AppleWebKit/537.36 (KHTML, like Gecko) Chrome/120.0.0.0 Safari/537.36"
154.37.71.237 - - [21/Jul/2026:15:04:33 +0000] "GET /wp-includes/js/dist/script-modules/block-library/navigation/view.min.js?ver=96a846e1d7b789c39ab9 HTTP/1.1" 200 3053 "https://buygreatessentials.shop/about" "Mozilla/5.0 (Windows NT 10.0; Win64; x64) AppleWebKit/537.36 (KHTML, like Gecko) Chrome/120.0.0.0 Safari/537.36"
154.37.71.237 - - [21/Jul/2026:15:04:33 +0000] "GET /wp-content/plugins/pixelyoursite/dist/scripts/jquery.bind-first-0.2.3.min.js?ver=0.2.3 HTTP/1.1" 200 1317 "https://buygreatessentials.shop/about" "Mozilla/5.0 (Windows NT 10.0; Win64; x64) AppleWebKit/537.36 (KHTML, like Gecko) Chrome/120.0.0.0 Safari/537.36"
154.37.71.237 - - [21/Jul/2026:15:04:33 +0000] "GET /wp-content/themes/twentytwentyfour/assets/fonts/inter/Inter-VariableFont_slnt,wght.woff2 HTTP/1.1" 200 326628 "https://buygreatessentials.shop/about" "Mozilla/5.0 (Windows NT 10.0; Win64; x64) AppleWebKit/537.36 (KHTML, like Gecko) Chrome/120.0.0.0 Safari/537.36"
154.37.71.237 - - [21/Jul/2026:15:04:33 +0000] "GET /wp-content/plugins/pixelyoursite/dist/scripts/js.cookie-2.1.3.min.js?ver=2.1.3 HTTP/1.1" 200 1709 "https://buygreatessentials.shop/about" "Mozilla/5.0 (Windows NT 10.0; Win64; x64) AppleWebKit/537.36 (KHTML, like Gecko) Chrome/120.0.0.0 Safari/537.36"
154.37.71.237 - - [21/Jul/2026:15:04:33 +0000] "GET /wp-content/themes/twentytwentyfour/assets/fonts/cardo/cardo_normal_400.woff2 HTTP/1.1" 200 146060 "https://buygreatessentials.shop/about" "Mozilla/5.0 (Windows NT 10.0; Win64; x64) AppleWebKit/537.36 (KHTML, like Gecko) Chrome/120.0.0.0 Safari/537.36"
154.37.71.237 - - [21/Jul/2026:15:04:33 +0000] "GET /wp-content/plugins/pixelyoursite/dist/scripts/tld.min.js?ver=2.3.1 HTTP/1.1" 200 141079 "https://buygreatessentials.shop/about" "Mozilla/5.0 (Windows NT 10.0; Win64; x64) AppleWebKit/537.36 (KHTML, like Gecko) Chrome/120.0.0.0 Safari/537.36"
154.37.71.237 - - [21/Jul/2026:15:04:34 +0000] "GET /wp-content/plugins/pixelyoursite/dist/scripts/public.js?ver=11.2.1 HTTP/1.1" 200 172979 "https://buygreatessentials.shop/about" "Mozilla/5.0 (Windows NT 10.0; Win64; x64) AppleWebKit/537.36 (KHTML, like Gecko) Chrome/120.0.0.0 Safari/537.36"
198.177.124.148 - - [21/Jul/2026:15:04:36 +0000] "POST /wp-cron.php?doing_wp_cron=1784646276.2049338817596435546875 HTTP/1.1" 200 - "-" "WordPress/7.0.2; https://buygreatessentials.shop"
154.37.71.237 - - [21/Jul/2026:15:04:34 +0000] "GET /wp-admin/admin-ajax.php?action=pys_get_pbid HTTP/1.1" 200 1 "https://buygreatessentials.shop/about" "Mozilla/5.0 (Windows NT 10.0; Win64; x64) AppleWebKit/537.36 (KHTML, like Gecko) Chrome/120.0.0.0 Safari/537.36"
86.107.21.84 - - [21/Jul/2026:15:05:07 +0000] "POST /wp-login.php HTTP/1.1" 503 18043 "-" "Mozilla/5.0 (Windows NT 10.0; Win64; x64) AppleWebKit/537.36 Chrome/129.0.0.0 Safari/537.36"
86.107.21.84 - - [21/Jul/2026:15:06:11 +0000] "POST /wp-login.php HTTP/1.1" 503 18043 "-" "Mozilla/5.0 (Windows NT 10.0; Win64; rv:143.0) Gecko/20100101 Firefox/143.0"
86.107.21.84 - - [21/Jul/2026:15:07:14 +0000] "POST /wp-login.php HTTP/1.1" 503 18043 "-" "Mozilla/5.0 (Windows NT 10.0; Win64; x64) AppleWebKit/537.36 Chrome/129.0.0.0 Safari/537.36"
86.107.21.84 - - [21/Jul/2026:15:08:18 +0000] "POST /wp-login.php HTTP/1.1" 503 18043 "-" "Mozilla/5.0 (Windows NT 10.0; Win64; rv:143.0) Gecko/20100101 Firefox/143.0"
86.107.21.84 - - [21/Jul/2026:15:09:19 +0000] "POST /wp-login.php HTTP/1.1" 503 18043 "-" "Mozilla/5.0 (Macintosh; Intel Mac OS X 10_15_7) AppleWebKit/605.1.15 Version/17.0 Safari/605.1.15"
86.107.21.84 - - [21/Jul/2026:15:10:22 +0000] "POST /wp-login.php HTTP/1.1" 503 18043 "-" "Mozilla/5.0 (Windows NT 10.0; Win64; x64) AppleWebKit/537.36 Chrome/129.0.0.0 Safari/537.36"
198.177.124.148 - - [21/Jul/2026:15:10:53 +0000] "POST /wp-cron.php?doing_wp_cron=1784646653.2835071086883544921875 HTTP/1.1" 200 - "-" "WordPress/7.0.2; https://buygreatessentials.shop"
198.177.124.148 - - [21/Jul/2026:15:10:51 +0000] "POST /?wordfence_syncAttackData=1784646651.637 HTTP/1.1" 200 - "-" "WordPress/7.0.2; https://buygreatessentials.shop"
86.107.21.84 - - [21/Jul/2026:15:11:23 +0000] "POST /wp-login.php HTTP/1.1" 503 18043 "-" "Mozilla/5.0 (Macintosh; Intel Mac OS X 10_15_7) AppleWebKit/605.1.15 Version/17.0 Safari/605.1.15"
86.107.21.84 - - [21/Jul/2026:15:12:24 +0000] "POST /wp-login.php HTTP/1.1" 503 18043 "-" "Mozilla/5.0 (Windows NT 10.0; Win64; x64) AppleWebKit/537.36 Chrome/129.0.0.0 Safari/537.36"
86.107.21.84 - - [21/Jul/2026:15:13:25 +0000] "POST /wp-login.php HTTP/1.1" 503 18043 "-" "Mozilla/5.0 (Windows NT 10.0; Win64; rv:143.0) Gecko/20100101 Firefox/143.0"
198.177.124.148 - - [21/Jul/2026:15:14:30 +0000] "POST /wp-cron.php?doing_wp_cron=1784646870.7906680107116699218750 HTTP/1.1" 200 - "-" "WordPress/7.0.2; https://buygreatessentials.shop"
86.107.21.84 - - [21/Jul/2026:15:14:27 +0000] "POST /wp-login.php HTTP/1.1" 503 18956 "-" "Mozilla/5.0 (Windows NT 10.0; Win64; x64) AppleWebKit/537.36 Chrome/129.0.0.0 Safari/537.36"
198.177.124.148 - - [21/Jul/2026:15:14:28 +0000] "POST /?wordfence_syncAttackData=1784646868.8209 HTTP/1.1" 200 - "-" "WordPress/7.0.2; https://buygreatessentials.shop"
198.177.124.148 - - [21/Jul/2026:15:15:07 +0000] "POST /wp-cron.php?doing_wp_cron=1784646907.4118781089782714843750 HTTP/1.1" 200 - "-" "WordPress/7.0.2; https://buygreatessentials.shop"
104.28.159.50 - - [21/Jul/2026:15:14:59 +0000] "GET /wp-login.php HTTP/1.1" 200 4823 "-" "Mozilla/5.0 (Windows NT 11.0; Win64; x64) AppleWebKit/537.36 (KHTML, like Gecko) Chrome/125.0.0.0 Safari/537.36 Edg/125.0.0.0"
104.28.159.50 - - [21/Jul/2026:15:15:08 +0000] "GET /?author=1 HTTP/1.1" 404 78007 "-" "Mozilla/5.0 (X11; Linux x86_64) AppleWebKit/537.36 (KHTML, like Gecko) Chrome/123.0.0.0 Safari/537.36 OPR/107.0.0.0"
104.28.159.50 - - [21/Jul/2026:15:15:18 +0000] "GET /?rest_route=/wp/v2/users HTTP/1.1" 401 108 "-" "Mozilla/5.0 (X11; Linux x86_64) AppleWebKit/537.36 (KHTML, like Gecko) Chrome/123.0.0.0 Safari/537.36 OPR/107.0.0.0"
104.28.159.50 - - [21/Jul/2026:15:15:23 +0000] "GET /feed HTTP/1.1" 301 - "-" "Mozilla/5.0 (Windows NT 10.0; Win64; x64; rv:125.0) Gecko/20100101 Firefox/125.0"
104.28.159.50 - - [21/Jul/2026:15:15:26 +0000] "GET /feed/ HTTP/1.1" 200 9502 "-" "Mozilla/5.0 (Windows NT 10.0; Win64; x64; rv:125.0) Gecko/20100101 Firefox/125.0"
86.107.21.84 - - [21/Jul/2026:15:15:30 +0000] "POST /wp-login.php HTTP/1.1" 503 18043 "-" "Mozilla/5.0 (Windows NT 10.0; Win64; rv:143.0) Gecko/20100101 Firefox/143.0"
86.107.21.84 - - [21/Jul/2026:15:16:35 +0000] "POST /wp-login.php HTTP/1.1" 503 18043 "-" "Mozilla/5.0 (Windows NT 10.0; Win64; x64) AppleWebKit/537.36 Chrome/129.0.0.0 Safari/537.36"
86.107.21.84 - - [21/Jul/2026:15:17:39 +0000] "POST /wp-login.php HTTP/1.1" 503 18043 "-" "Mozilla/5.0 (Macintosh; Intel Mac OS X 10_15_7) AppleWebKit/605.1.15 Version/17.0 Safari/605.1.15"
86.107.21.84 - - [21/Jul/2026:15:18:46 +0000] "POST /wp-login.php HTTP/1.1" 503 18043 "-" "Mozilla/5.0 (Windows NT 10.0; Win64; x64) AppleWebKit/537.36 Chrome/129.0.0.0 Safari/537.36"
198.177.124.148 - - [21/Jul/2026:15:19:40 +0000] "POST /wp-cron.php?doing_wp_cron=1784647180.1493210792541503906250 HTTP/1.1" 200 - "-" "WordPress/7.0.2; https://buygreatessentials.shop"
104.28.159.50 - - [21/Jul/2026:15:19:35 +0000] "POST /wp-login.php HTTP/1.1" 503 18956 "-" "Mozilla/5.0 (X11; Linux x86_64) AppleWebKit/537.36 (KHTML, like Gecko) Chrome/124.0.0.0 Safari/537.36 Vivaldi/6.7"
198.177.124.148 - - [21/Jul/2026:15:19:37 +0000] "POST /?wordfence_syncAttackData=1784647177.8263 HTTP/1.1" 200 - "-" "WordPress/7.0.2; https://buygreatessentials.shop"
86.107.21.84 - - [21/Jul/2026:15:19:52 +0000] "POST /wp-login.php HTTP/1.1" 503 18043 "-" "Mozilla/5.0 (Windows NT 10.0; Win64; x64) AppleWebKit/537.36 Chrome/129.0.0.0 Safari/537.36"
104.28.159.50 - - [21/Jul/2026:15:20:20 +0000] "POST /wp-login.php HTTP/1.1" 503 18043 "-" "Mozilla/5.0 (Windows NT 10.0; Win64; x64; rv:125.0) Gecko/20100101 Firefox/125.0"
86.107.21.84 - - [21/Jul/2026:15:20:57 +0000] "POST /wp-login.php HTTP/1.1" 503 18043 "-" "Mozilla/5.0 (Windows NT 10.0; Win64; x64) AppleWebKit/537.36 Chrome/129.0.0.0 Safari/537.36"
104.28.159.50 - - [21/Jul/2026:15:21:26 +0000] "POST /wp-login.php HTTP/1.1" 503 18043 "-" "Mozilla/5.0 (Macintosh; Intel Mac OS X 13.5; rv:124.0) Gecko/20100101 Firefox/124.0"
86.107.21.84 - - [21/Jul/2026:15:22:03 +0000] "POST /wp-login.php HTTP/1.1" 503 18043 "-" "Mozilla/5.0 (Windows NT 10.0; Win64; rv:143.0) Gecko/20100101 Firefox/143.0"
104.28.159.50 - - [21/Jul/2026:15:22:17 +0000] "POST /wp-login.php HTTP/1.1" 503 18043 "-" "Mozilla/5.0 (X11; Linux x86_64) AppleWebKit/537.36 (KHTML, like Gecko) Chrome/124.0.0.0 Safari/537.36 Brave/1.65.0"
86.107.21.84 - - [21/Jul/2026:15:23:09 +0000] "POST /wp-login.php HTTP/1.1" 503 18043 "-" "Mozilla/5.0 (Windows NT 10.0; Win64; x64) AppleWebKit/537.36 Chrome/129.0.0.0 Safari/537.36"
104.28.159.50 - - [21/Jul/2026:15:23:14 +0000] "POST /wp-login.php HTTP/1.1" 503 18043 "-" "Mozilla/5.0 (Windows NT 10.0; Win64; x64; rv:124.0) Gecko/20100101 Firefox/124.0"
198.177.124.148 - - [21/Jul/2026:15:23:15 +0000] "POST /wp-cron.php?doing_wp_cron=1784647395.6567959785461425781250 HTTP/1.1" 200 - "-" "WordPress/7.0.2; https://buygreatessentials.shop"
198.177.124.148 - - [21/Jul/2026:15:23:13 +0000] "POST /?wordfence_syncAttackData=1784647393.4705 HTTP/1.1" 200 - "-" "WordPress/7.0.2; https://buygreatessentials.shop"
34.77.70.95 - - [21/Jul/2026:15:23:12 +0000] "GET / HTTP/1.1" 200 99529 "-" "Mozilla/5.0 (Windows NT 10.0; Win64; x64) AppleWebKit/537.36 (KHTML, like Gecko) Chrome/126.0.6478.127 Safari/537.36"
104.28.159.50 - - [21/Jul/2026:15:24:15 +0000] "POST /wp-login.php HTTP/1.1" 503 18043 "-" "Mozilla/5.0 (Windows NT 11.0; Win64; x64) AppleWebKit/537.36 (KHTML, like Gecko) Chrome/125.0.0.0 Safari/537.36 Edg/125.0.0.0"
86.107.21.84 - - [21/Jul/2026:15:24:15 +0000] "POST /wp-login.php HTTP/1.1" 503 18043 "-" "Mozilla/5.0 (Windows NT 10.0; Win64; x64) AppleWebKit/537.36 Chrome/129.0.0.0 Safari/537.36"
198.177.124.148 - - [21/Jul/2026:15:24:33 +0000] "POST /wp-cron.php?doing_wp_cron=1784647473.8155429363250732421875 HTTP/1.1" 200 - "-" "WordPress/7.0.2; https://buygreatessentials.shop"
198.177.124.148 - - [21/Jul/2026:15:24:32 +0000] "POST /?wordfence_syncAttackData=1784647472.391 HTTP/1.1" 200 - "-" "WordPress/7.0.2; https://buygreatessentials.shop"
104.28.159.50 - - [21/Jul/2026:15:25:17 +0000] "POST /wp-login.php HTTP/1.1" 503 18043 "-" "Mozilla/5.0 (Macintosh; Intel Mac OS X 14_3) AppleWebKit/605.1.15 (KHTML, like Gecko) Version/17.3 Safari/605.1.15"
198.177.124.148 - - [21/Jul/2026:15:25:24 +0000] "POST /wp-cron.php?doing_wp_cron=1784647524.6567308902740478515625 HTTP/1.1" 200 - "-" "WordPress/7.0.2; https://buygreatessentials.shop"
198.177.124.148 - - [21/Jul/2026:15:25:23 +0000] "POST /?wordfence_syncAttackData=1784647523.0371 HTTP/1.1" 200 - "-" "WordPress/7.0.2; https://buygreatessentials.shop"
86.107.21.84 - - [21/Jul/2026:15:25:22 +0000] "POST /wp-login.php HTTP/1.1" 503 18956 "-" "Mozilla/5.0 (Macintosh; Intel Mac OS X 10_15_7) AppleWebKit/605.1.15 Version/17.0 Safari/605.1.15"
104.28.159.50 - - [21/Jul/2026:15:26:17 +0000] "POST /wp-login.php HTTP/1.1" 503 18043 "-" "Mozilla/5.0 (Windows NT 11.0; Win64; x64) AppleWebKit/537.36 (KHTML, like Gecko) Chrome/123.0.0.0 Safari/537.36"
86.107.21.84 - - [21/Jul/2026:15:26:30 +0000] "POST /wp-login.php HTTP/1.1" 503 18043 "-" "Mozilla/5.0 (Windows NT 10.0; Win64; x64) AppleWebKit/537.36 Chrome/129.0.0.0 Safari/537.36"
104.28.159.50 - - [21/Jul/2026:15:27:19 +0000] "POST /wp-login.php HTTP/1.1" 503 18043 "-" "Mozilla/5.0 (X11; Linux x86_64) AppleWebKit/537.36 (KHTML, like Gecko) Chrome/125.0.0.0 Safari/537.36"
86.107.21.84 - - [21/Jul/2026:15:27:39 +0000] "POST /wp-login.php HTTP/1.1" 503 18043 "-" "Mozilla/5.0 (Windows NT 10.0; Win64; rv:143.0) Gecko/20100101 Firefox/143.0"
104.28.159.50 - - [21/Jul/2026:15:28:25 +0000] "POST /wp-login.php HTTP/1.1" 503 18043 "-" "Mozilla/5.0 (X11; Linux x86_64; rv:124.0) Gecko/20100101 Firefox/124.0"
198.177.124.148 - - [21/Jul/2026:15:28:36 +0000] "POST /wp-cron.php?doing_wp_cron=1784647716.9299321174621582031250 HTTP/1.1" 200 - "-" "WordPress/7.0.2; https://buygreatessentials.shop"
198.177.124.148 - - [21/Jul/2026:15:28:36 +0000] "POST /?wordfence_syncAttackData=1784647715.9771 HTTP/1.1" 200 - "-" "WordPress/7.0.2; https://buygreatessentials.shop"
104.28.159.50 - - [21/Jul/2026:15:29:30 +0000] "POST /wp-login.php HTTP/1.1" 503 18042 "-" "Mozilla/5.0 (Macintosh; Intel Mac OS X 10_15_7) AppleWebKit/605.1.15 (KHTML, like Gecko) Version/17.5 Safari/605.1.15"
198.177.124.148 - - [21/Jul/2026:15:30:43 +0000] "POST /wp-cron.php?doing_wp_cron=1784647843.7503550052642822265625 HTTP/1.1" 200 - "-" "WordPress/7.0.2; https://buygreatessentials.shop"
104.28.159.50 - - [21/Jul/2026:15:30:37 +0000] "POST /wp-login.php HTTP/1.1" 503 18956 "-" "Mozilla/5.0 (Macintosh; Intel Mac OS X 13.5; rv:124.0) Gecko/20100101 Firefox/124.0"
198.177.124.148 - - [21/Jul/2026:15:30:41 +0000] "POST /?wordfence_syncAttackData=1784647841.069 HTTP/1.1" 200 - "-" "WordPress/7.0.2; https://buygreatessentials.shop"
104.28.159.50 - - [21/Jul/2026:15:31:32 +0000] "POST /wp-login.php HTTP/1.1" 503 18043 "-" "Mozilla/5.0 (Macintosh; Intel Mac OS X 14_3) AppleWebKit/605.1.15 (KHTML, like Gecko) Version/17.3 Safari/605.1.15"
104.28.159.50 - - [21/Jul/2026:15:32:23 +0000] "POST /wp-login.php HTTP/1.1" 503 18043 "-" "Mozilla/5.0 (Macintosh; Intel Mac OS X 10_15_7) AppleWebKit/537.36 (KHTML, like Gecko) Chrome/124.0.0.0 Safari/537.36"
104.28.159.50 - - [21/Jul/2026:15:33:20 +0000] "POST /wp-login.php HTTP/1.1" 503 18043 "-" "Mozilla/5.0 (Macintosh; Intel Mac OS X 14_3) AppleWebKit/537.36 (KHTML, like Gecko) Chrome/125.0.0.0 Safari/537.36"
104.28.159.50 - - [21/Jul/2026:15:34:20 +0000] "POST /wp-login.php HTTP/1.1" 503 18043 "-" "Mozilla/5.0 (Windows NT 10.0; Win64; x64; rv:124.0) Gecko/20100101 Firefox/124.0"
104.28.159.50 - - [21/Jul/2026:15:35:08 +0000] "POST /wp-login.php HTTP/1.1" 503 18043 "-" "Mozilla/5.0 (X11; Linux x86_64) AppleWebKit/537.36 (KHTML, like Gecko) Chrome/123.0.0.0 Safari/537.36 OPR/107.0.0.0"
104.28.159.50 - - [21/Jul/2026:15:36:05 +0000] "POST /wp-login.php HTTP/1.1" 503 18043 "-" "Mozilla/5.0 (Macintosh; Intel Mac OS X 10_15_7) AppleWebKit/605.1.15 (KHTML, like Gecko) Version/17.5 Safari/605.1.15"
104.28.159.50 - - [21/Jul/2026:15:37:06 +0000] "POST /wp-login.php HTTP/1.1" 503 18043 "-" "Mozilla/5.0 (X11; Linux x86_64; rv:125.0) Gecko/20100101 Firefox/125.0"
104.28.159.50 - - [21/Jul/2026:15:38:02 +0000] "POST /wp-login.php HTTP/1.1" 503 18043 "-" "Mozilla/5.0 (Macintosh; Intel Mac OS X 14_3) AppleWebKit/537.36 (KHTML, like Gecko) Chrome/125.0.0.0 Safari/537.36"
198.177.124.148 - - [21/Jul/2026:15:38:29 +0000] "POST /?wordfence_syncAttackData=1784648309.2051 HTTP/1.1" 200 - "-" "WordPress/7.0.2; https://buygreatessentials.shop"
104.28.159.50 - - [21/Jul/2026:15:39:00 +0000] "POST /wp-login.php HTTP/1.1" 503 18042 "-" "Mozilla/5.0 (X11; Linux x86_64) AppleWebKit/537.36 (KHTML, like Gecko) Chrome/125.0.0.0 Safari/537.36"
104.28.159.50 - - [21/Jul/2026:15:39:57 +0000] "POST /wp-login.php HTTP/1.1" 503 18042 "-" "Mozilla/5.0 (Windows NT 6.3; Win64; x64; rv:118.0) Gecko/20100101 Firefox/118.0"
198.177.124.148 - - [21/Jul/2026:15:40:54 +0000] "POST /wp-cron.php?doing_wp_cron=1784648454.3649680614471435546875 HTTP/1.1" 200 - "-" "WordPress/7.0.2; https://buygreatessentials.shop"
104.28.159.50 - - [21/Jul/2026:15:40:50 +0000] "POST /wp-login.php HTTP/1.1" 503 18956 "-" "Mozilla/5.0 (Macintosh; Intel Mac OS X 13_6) AppleWebKit/605.1.15 (KHTML, like Gecko) Version/17.2 Safari/605.1.15"
198.177.124.148 - - [21/Jul/2026:15:40:52 +0000] "POST /?wordfence_syncAttackData=1784648452.3891 HTTP/1.1" 200 - "-" "WordPress/7.0.2; https://buygreatessentials.shop"
104.28.159.50 - - [21/Jul/2026:15:41:40 +0000] "POST /wp-login.php HTTP/1.1" 503 18043 "-" "Mozilla/5.0 (X11; Linux x86_64) AppleWebKit/537.36 (KHTML, like Gecko) Chrome/123.0.0.0 Safari/537.36"
104.28.159.50 - - [21/Jul/2026:15:42:31 +0000] "POST /wp-login.php HTTP/1.1" 503 18043 "-" "Mozilla/5.0 (Macintosh; Intel Mac OS X 10_15_7) AppleWebKit/605.1.15 (KHTML, like Gecko) Version/17.5 Safari/605.1.15"
104.28.159.50 - - [21/Jul/2026:15:43:25 +0000] "POST /wp-login.php HTTP/1.1" 503 18043 "-" "Mozilla/5.0 (Windows NT 6.3; Win64; x64; rv:118.0) Gecko/20100101 Firefox/118.0"
104.28.159.50 - - [21/Jul/2026:15:44:12 +0000] "POST /wp-login.php HTTP/1.1" 503 18043 "-" "Mozilla/5.0 (X11; Linux x86_64; rv:125.0) Gecko/20100101 Firefox/125.0"
104.28.159.50 - - [21/Jul/2026:15:45:03 +0000] "POST /wp-login.php HTTP/1.1" 503 18043 "-" "Mozilla/5.0 (Macintosh; Intel Mac OS X 14_3) AppleWebKit/605.1.15 (KHTML, like Gecko) Version/17.3 Safari/605.1.15"
104.28.159.50 - - [21/Jul/2026:15:45:55 +0000] "POST /wp-login.php HTTP/1.1" 503 18043 "-" "Mozilla/5.0 (X11; Linux x86_64; rv:124.0) Gecko/20100101 Firefox/124.0"
198.177.124.148 - - [21/Jul/2026:15:46:17 +0000] "POST /wp-cron.php?doing_wp_cron=1784648777.1075820922851562500000 HTTP/1.1" 200 - "-" "WordPress/7.0.2; https://buygreatessentials.shop"
198.177.124.148 - - [21/Jul/2026:15:46:15 +0000] "POST /?wordfence_syncAttackData=1784648775.5989 HTTP/1.1" 200 - "-" "WordPress/7.0.2; https://buygreatessentials.shop"
104.28.159.50 - - [21/Jul/2026:15:46:47 +0000] "POST /wp-login.php HTTP/1.1" 503 18043 "-" "Mozilla/5.0 (Windows NT 10.0; Win64; x64) AppleWebKit/537.36 (KHTML, like Gecko) Chrome/124.0.0.0 Safari/537.36"
104.28.159.50 - - [21/Jul/2026:15:47:36 +0000] "POST /wp-login.php HTTP/1.1" 503 18043 "-" "Mozilla/5.0 (Windows NT 10.0; Win64; x64) AppleWebKit/537.36 (KHTML, like Gecko) Chrome/125.0.0.0 Safari/537.36"
