105.113.103.131 - - [22/Jul/2026:12:28:03 +0000] "POST /wp-admin/admin-ajax.php HTTP/1.1" 200 98 "https://buygreatessentials.shop/wp-admin/post.php?post=12&action=edit" "Mozilla/5.0 (Windows NT 10.0; Win64; x64) AppleWebKit/537.36 (KHTML, like Gecko) Chrome/150.0.0.0 Safari/537.36"
105.113.103.131 - - [22/Jul/2026:12:28:05 +0000] "POST /wp-admin/admin-ajax.php HTTP/1.1" 200 1 "https://buygreatessentials.shop/wp-admin/post.php?post=12&action=edit" "Mozilla/5.0 (Windows NT 10.0; Win64; x64) AppleWebKit/537.36 (KHTML, like Gecko) Chrome/150.0.0.0 Safari/537.36"
105.113.103.131 - - [22/Jul/2026:12:28:13 +0000] "POST /wp-admin/admin-ajax.php HTTP/1.1" 200 98 "https://buygreatessentials.shop/wp-admin/post.php?post=12&action=edit" "Mozilla/5.0 (Windows NT 10.0; Win64; x64) AppleWebKit/537.36 (KHTML, like Gecko) Chrome/150.0.0.0 Safari/537.36"
198.177.124.148 - - [22/Jul/2026:12:29:12 +0000] "POST /wp-cron.php?doing_wp_cron=1784723352.0117011070251464843750 HTTP/1.1" 200 - "-" "WordPress/7.0.2; https://buygreatessentials.shop"
105.113.103.131 - - [22/Jul/2026:12:29:29 +0000] "POST /wp-admin/admin-ajax.php HTTP/1.1" 200 77 "https://buygreatessentials.shop/wp-admin/post.php?post=115&action=elementor" "Mozilla/5.0 (Windows NT 10.0; Win64; x64) AppleWebKit/537.36 (KHTML, like Gecko) Chrome/150.0.0.0 Safari/537.36"
105.113.103.131 - - [22/Jul/2026:12:28:08 +0000] "GET /wp-admin/post.php?post=12&action=edit HTTP/1.1" 200 854700 "-" "Mozilla/5.0 (Windows NT 10.0; Win64; x64) AppleWebKit/537.36 (KHTML, like Gecko) Chrome/150.0.0.0 Safari/537.36"
198.177.124.148 - - [22/Jul/2026:12:29:47 +0000] "POST /wp-cron.php?doing_wp_cron=1784723386.8100318908691406250000 HTTP/1.1" 200 - "-" "WordPress/7.0.2; https://buygreatessentials.shop"
105.113.103.131 - - [22/Jul/2026:12:29:39 +0000] "GET /wp-json/wpforms/v1/themes/?_locale=user HTTP/1.1" 200 9111 "https://buygreatessentials.shop/wp-admin/post.php?post=12&action=edit" "Mozilla/5.0 (Windows NT 10.0; Win64; x64) AppleWebKit/537.36 (KHTML, like Gecko) Chrome/150.0.0.0 Safari/537.36"
105.113.103.131 - - [22/Jul/2026:12:29:46 +0000] "OPTIONS /wp-json/wp/v2/settings?_locale=user HTTP/1.1" 200 5759 "https://buygreatessentials.shop/wp-admin/post.php?post=12&action=edit" "Mozilla/5.0 (Windows NT 10.0; Win64; x64) AppleWebKit/537.36 (KHTML, like Gecko) Chrome/150.0.0.0 Safari/537.36"
105.113.103.131 - - [22/Jul/2026:12:29:46 +0000] "GET /favicon.ico HTTP/1.1" 302 - "https://buygreatessentials.shop/wp-admin/post.php?post=12&action=edit" "Mozilla/5.0 (Windows NT 10.0; Win64; x64) AppleWebKit/537.36 (KHTML, like Gecko) Chrome/150.0.0.0 Safari/537.36"
105.113.103.131 - - [22/Jul/2026:12:29:46 +0000] "GET /wp-json/wp/v2/wp_pattern_category?context=view&per_page=100&_fields=id%2Cname%2Cdescription%2Cslug&_locale=user HTTP/1.1" 200 2 "https://buygreatessentials.shop/wp-admin/post.php?post=12&action=edit" "Mozilla/5.0 (Windows NT 10.0; Win64; x64) AppleWebKit/537.36 (KHTML, like Gecko) Chrome/150.0.0.0 Safari/537.36"
105.113.103.131 - - [22/Jul/2026:12:29:46 +0000] "GET /wp-json/wp/v2/comments?context=edit&post=12&type=note&status=all&per_page=100&_locale=user HTTP/1.1" 200 2 "https://buygreatessentials.shop/wp-admin/post.php?post=12&action=edit" "Mozilla/5.0 (Windows NT 10.0; Win64; x64) AppleWebKit/537.36 (KHTML, like Gecko) Chrome/150.0.0.0 Safari/537.36"
198.177.124.148 - - [22/Jul/2026:12:29:54 +0000] "POST /wp-cron.php?doing_wp_cron=1784723394.6792678833007812500000 HTTP/1.1" 200 - "-" "WordPress/7.0.2; https://buygreatessentials.shop"
105.113.103.131 - - [22/Jul/2026:12:29:46 +0000] "GET /wp-json/wp/v2/templates/lookup?slug=front-page&_locale=user HTTP/1.1" 200 28352 "https://buygreatessentials.shop/wp-admin/post.php?post=12&action=edit" "Mozilla/5.0 (Windows NT 10.0; Win64; x64) AppleWebKit/537.36 (KHTML, like Gecko) Chrome/150.0.0.0 Safari/537.36"
105.113.103.131 - - [22/Jul/2026:12:29:55 +0000] "POST /wp-admin/admin-ajax.php HTTP/1.1" 200 98 "https://buygreatessentials.shop/wp-admin/post.php?post=12&action=edit" "Mozilla/5.0 (Windows NT 10.0; Win64; x64) AppleWebKit/537.36 (KHTML, like Gecko) Chrome/150.0.0.0 Safari/537.36"
105.113.103.131 - - [22/Jul/2026:12:29:50 +0000] "GET /wp-content/uploads/2026/07/Screenshot-2025-07-21-012907-150x150.png HTTP/1.1" 404 246743 "-" "Mozilla/5.0 (Windows NT 10.0; Win64; x64) AppleWebKit/537.36 (KHTML, like Gecko) Chrome/150.0.0.0 Safari/537.36"
105.113.103.131 - - [22/Jul/2026:12:29:54 +0000] "GET /wp-content/uploads/2026/07/Screenshot-2025-07-21-012412-150x150.png HTTP/1.1" 404 246743 "-" "Mozilla/5.0 (Windows NT 10.0; Win64; x64) AppleWebKit/537.36 (KHTML, like Gecko) Chrome/150.0.0.0 Safari/537.36"
105.113.103.131 - - [22/Jul/2026:12:29:56 +0000] "GET /wp-json/wp/v2/templates?context=edit&per_page=100&_locale=user HTTP/1.1" 200 70419 "https://buygreatessentials.shop/wp-admin/post.php?post=12&action=edit" "Mozilla/5.0 (Windows NT 10.0; Win64; x64) AppleWebKit/537.36 (KHTML, like Gecko) Chrome/150.0.0.0 Safari/537.36"
105.113.103.131 - - [22/Jul/2026:12:29:55 +0000] "GET /wp-content/uploads/2026/07/WIN_20260411_09_51_28_Pro.mp4 HTTP/1.1" 404 246721 "-" "Mozilla/5.0 (Windows NT 10.0; Win64; x64) AppleWebKit/537.36 (KHTML, like Gecko) Chrome/150.0.0.0 Safari/537.36"
105.113.103.131 - - [22/Jul/2026:12:30:05 +0000] "POST /wp-admin/admin-ajax.php HTTP/1.1" 200 98 "https://buygreatessentials.shop/wp-admin/post.php?post=12&action=edit" "Mozilla/5.0 (Windows NT 10.0; Win64; x64) AppleWebKit/537.36 (KHTML, like Gecko) Chrome/150.0.0.0 Safari/537.36"
105.113.103.131 - - [22/Jul/2026:12:30:25 +0000] "POST /wp-admin/admin-ajax.php HTTP/1.1" 200 98 "https://buygreatessentials.shop/wp-admin/post.php?post=12&action=edit" "Mozilla/5.0 (Windows NT 10.0; Win64; x64) AppleWebKit/537.36 (KHTML, like Gecko) Chrome/150.0.0.0 Safari/537.36"
105.113.103.131 - - [22/Jul/2026:12:30:37 +0000] "POST /wp-admin/admin-ajax.php HTTP/1.1" 200 98 "https://buygreatessentials.shop/wp-admin/post.php?post=12&action=edit" "Mozilla/5.0 (Windows NT 10.0; Win64; x64) AppleWebKit/537.36 (KHTML, like Gecko) Chrome/150.0.0.0 Safari/537.36"
105.113.103.131 - - [22/Jul/2026:12:30:43 +0000] "POST /wp-admin/admin-ajax.php HTTP/1.1" 200 98 "https://buygreatessentials.shop/wp-admin/post.php?post=12&action=edit" "Mozilla/5.0 (Windows NT 10.0; Win64; x64) AppleWebKit/537.36 (KHTML, like Gecko) Chrome/150.0.0.0 Safari/537.36"
198.177.124.148 - - [22/Jul/2026:12:30:56 +0000] "POST /wp-cron.php?doing_wp_cron=1784723456.6343970298767089843750 HTTP/1.1" 200 - "-" "WordPress/7.0.2; https://buygreatessentials.shop"
105.113.103.131 - - [22/Jul/2026:12:30:51 +0000] "POST /wp-admin/admin-ajax.php HTTP/1.1" 200 98 "https://buygreatessentials.shop/wp-admin/post.php?post=12&action=edit" "Mozilla/5.0 (Windows NT 10.0; Win64; x64) AppleWebKit/537.36 (KHTML, like Gecko) Chrome/150.0.0.0 Safari/537.36"
105.113.103.131 - - [22/Jul/2026:12:31:03 +0000] "POST /wp-admin/admin-ajax.php HTTP/1.1" 200 98 "https://buygreatessentials.shop/wp-admin/post.php?post=12&action=edit" "Mozilla/5.0 (Windows NT 10.0; Win64; x64) AppleWebKit/537.36 (KHTML, like Gecko) Chrome/150.0.0.0 Safari/537.36"
105.113.103.131 - - [22/Jul/2026:12:31:12 +0000] "POST /wp-admin/admin-ajax.php HTTP/1.1" 200 98 "https://buygreatessentials.shop/wp-admin/post.php?post=12&action=edit" "Mozilla/5.0 (Windows NT 10.0; Win64; x64) AppleWebKit/537.36 (KHTML, like Gecko) Chrome/150.0.0.0 Safari/537.36"
105.113.103.131 - - [22/Jul/2026:12:31:22 +0000] "POST /wp-admin/admin-ajax.php HTTP/1.1" 200 98 "https://buygreatessentials.shop/wp-admin/post.php?post=12&action=edit" "Mozilla/5.0 (Windows NT 10.0; Win64; x64) AppleWebKit/537.36 (KHTML, like Gecko) Chrome/150.0.0.0 Safari/537.36"
105.113.103.131 - - [22/Jul/2026:12:31:29 +0000] "POST /wp-admin/admin-ajax.php HTTP/1.1" 200 77 "https://buygreatessentials.shop/wp-admin/post.php?post=115&action=elementor" "Mozilla/5.0 (Windows NT 10.0; Win64; x64) AppleWebKit/537.36 (KHTML, like Gecko) Chrome/150.0.0.0 Safari/537.36"
105.113.103.131 - - [22/Jul/2026:12:31:32 +0000] "POST /wp-admin/admin-ajax.php HTTP/1.1" 200 98 "https://buygreatessentials.shop/wp-admin/post.php?post=12&action=edit" "Mozilla/5.0 (Windows NT 10.0; Win64; x64) AppleWebKit/537.36 (KHTML, like Gecko) Chrome/150.0.0.0 Safari/537.36"
198.177.124.148 - - [22/Jul/2026:12:31:50 +0000] "POST /wp-cron.php?doing_wp_cron=1784723510.5673589706420898437500 HTTP/1.1" 200 - "-" "WordPress/7.0.2; https://buygreatessentials.shop"
105.113.103.131 - - [22/Jul/2026:12:31:43 +0000] "POST /wp-admin/admin-ajax.php HTTP/1.1" 200 98 "https://buygreatessentials.shop/wp-admin/post.php?post=12&action=edit" "Mozilla/5.0 (Windows NT 10.0; Win64; x64) AppleWebKit/537.36 (KHTML, like Gecko) Chrome/150.0.0.0 Safari/537.36"
105.113.103.131 - - [22/Jul/2026:12:31:52 +0000] "POST /wp-admin/admin-ajax.php HTTP/1.1" 200 98 "https://buygreatessentials.shop/wp-admin/post.php?post=12&action=edit" "Mozilla/5.0 (Windows NT 10.0; Win64; x64) AppleWebKit/537.36 (KHTML, like Gecko) Chrome/150.0.0.0 Safari/537.36"
105.113.103.131 - - [22/Jul/2026:12:32:04 +0000] "POST /wp-admin/admin-ajax.php HTTP/1.1" 200 98 "https://buygreatessentials.shop/wp-admin/post.php?post=12&action=edit" "Mozilla/5.0 (Windows NT 10.0; Win64; x64) AppleWebKit/537.36 (KHTML, like Gecko) Chrome/150.0.0.0 Safari/537.36"
105.113.103.131 - - [22/Jul/2026:12:32:13 +0000] "POST /wp-admin/admin-ajax.php HTTP/1.1" 200 98 "https://buygreatessentials.shop/wp-admin/post.php?post=12&action=edit" "Mozilla/5.0 (Windows NT 10.0; Win64; x64) AppleWebKit/537.36 (KHTML, like Gecko) Chrome/150.0.0.0 Safari/537.36"
105.113.103.131 - - [22/Jul/2026:12:32:24 +0000] "POST /wp-admin/admin-ajax.php HTTP/1.1" 200 98 "https://buygreatessentials.shop/wp-admin/post.php?post=12&action=edit" "Mozilla/5.0 (Windows NT 10.0; Win64; x64) AppleWebKit/537.36 (KHTML, like Gecko) Chrome/150.0.0.0 Safari/537.36"
105.113.103.131 - - [22/Jul/2026:12:32:27 +0000] "POST /wp-admin/admin-ajax.php HTTP/1.1" 200 1 "https://buygreatessentials.shop/wp-admin/post.php?post=12&action=edit" "Mozilla/5.0 (Windows NT 10.0; Win64; x64) AppleWebKit/537.36 (KHTML, like Gecko) Chrome/150.0.0.0 Safari/537.36"
198.177.124.148 - - [22/Jul/2026:12:33:33 +0000] "POST /wp-cron.php?doing_wp_cron=1784723613.3527879714965820312500 HTTP/1.1" 200 - "-" "WordPress/7.0.2; https://buygreatessentials.shop"
105.113.103.131 - - [22/Jul/2026:12:33:31 +0000] "POST /wp-admin/admin-ajax.php HTTP/1.1" 200 77 "https://buygreatessentials.shop/wp-admin/post.php?post=115&action=elementor" "Mozilla/5.0 (Windows NT 10.0; Win64; x64) AppleWebKit/537.36 (KHTML, like Gecko) Chrome/150.0.0.0 Safari/537.36"
105.113.103.131 - - [22/Jul/2026:12:33:38 +0000] "GET /wp-admin/ HTTP/1.1" 200 397598 "-" "Mozilla/5.0 (Windows NT 10.0; Win64; x64) AppleWebKit/537.36 (KHTML, like Gecko) Chrome/150.0.0.0 Safari/537.36"
105.113.103.131 - - [22/Jul/2026:12:32:27 +0000] "GET /wp-admin/post.php?post=12&action=edit HTTP/1.1" 200 854700 "-" "Mozilla/5.0 (Windows NT 10.0; Win64; x64) AppleWebKit/537.36 (KHTML, like Gecko) Chrome/150.0.0.0 Safari/537.36"
198.177.124.148 - - [22/Jul/2026:12:33:56 +0000] "POST /wp-cron.php?doing_wp_cron=1784723636.3246059417724609375000 HTTP/1.1" 200 - "-" "WordPress/7.0.2; https://buygreatessentials.shop"
105.113.103.131 - - [22/Jul/2026:12:33:39 +0000] "GET /wp-admin/ HTTP/1.1" 200 397631 "-" "Mozilla/5.0 (Windows NT 10.0; Win64; x64) AppleWebKit/537.36 (KHTML, like Gecko) Chrome/150.0.0.0 Safari/537.36"
105.113.103.131 - - [22/Jul/2026:12:34:15 +0000] "GET /wp-admin/admin.php?page=wpforms-overview HTTP/1.1" 200 344435 "https://buygreatessentials.shop/wp-admin/" "Mozilla/5.0 (Windows NT 10.0; Win64; x64) AppleWebKit/537.36 (KHTML, like Gecko) Chrome/150.0.0.0 Safari/537.36"
105.113.103.131 - - [22/Jul/2026:12:34:16 +0000] "GET /wp-admin/admin.php?page=wpforms-overview HTTP/1.1" 200 344435 "https://buygreatessentials.shop/wp-admin/" "Mozilla/5.0 (Windows NT 10.0; Win64; x64) AppleWebKit/537.36 (KHTML, like Gecko) Chrome/150.0.0.0 Safari/537.36"
105.113.103.131 - - [22/Jul/2026:12:34:18 +0000] "GET /wp-admin/admin.php?page=wpforms-overview HTTP/1.1" 200 344435 "https://buygreatessentials.shop/wp-admin/" "Mozilla/5.0 (Windows NT 10.0; Win64; x64) AppleWebKit/537.36 (KHTML, like Gecko) Chrome/150.0.0.0 Safari/537.36"
105.113.103.131 - - [22/Jul/2026:12:34:55 +0000] "GET /wp-content/plugins/wpforms-lite/assets/images/file-code.svg HTTP/1.1" 200 1802 "https://buygreatessentials.shop/wp-content/plugins/wpforms-lite/assets/css/admin.min.css?ver=2.0.0.2" "Mozilla/5.0 (Windows NT 10.0; Win64; x64) AppleWebKit/537.36 (KHTML, like Gecko) Chrome/150.0.0.0 Safari/537.36"
105.113.103.131 - - [22/Jul/2026:12:34:56 +0000] "GET /wp-content/plugins/wpforms-lite/assets/images/education/blurred-value.svg HTTP/1.1" 200 8280 "https://buygreatessentials.shop/wp-admin/admin.php?page=wpforms-overview" "Mozilla/5.0 (Windows NT 10.0; Win64; x64) AppleWebKit/537.36 (KHTML, like Gecko) Chrome/150.0.0.0 Safari/537.36"
105.113.103.131 - - [22/Jul/2026:12:34:34 +0000] "GET /wp-admin/admin.php?page=wpforms-overview HTTP/1.1" 200 344435 "https://buygreatessentials.shop/wp-admin/" "Mozilla/5.0 (Windows NT 10.0; Win64; x64) AppleWebKit/537.36 (KHTML, like Gecko) Chrome/150.0.0.0 Safari/537.36"
105.113.103.131 - - [22/Jul/2026:12:35:04 +0000] "GET /wp-content/plugins/wpforms-lite/assets/js/admin/forms/overview.min.js?ver=2.0.0.2 HTTP/1.1" 200 16409 "https://buygreatessentials.shop/wp-admin/admin.php?page=wpforms-overview" "Mozilla/5.0 (Windows NT 10.0; Win64; x64) AppleWebKit/537.36 (KHTML, like Gecko) Chrome/150.0.0.0 Safari/537.36"
105.113.103.131 - - [22/Jul/2026:12:35:06 +0000] "GET /wp-content/plugins/wpforms-lite/assets/js/admin/education/feature-tooltip.min.js?ver=2.0.0.2 HTTP/1.1" 200 747 "https://buygreatessentials.shop/wp-admin/admin.php?page=wpforms-overview" "Mozilla/5.0 (Windows NT 10.0; Win64; x64) AppleWebKit/537.36 (KHTML, like Gecko) Chrome/150.0.0.0 Safari/537.36"
198.177.124.148 - - [22/Jul/2026:12:35:11 +0000] "POST /wp-cron.php?doing_wp_cron=1784723710.9197199344635009765625 HTTP/1.1" 200 - "-" "WordPress/7.0.2; https://buygreatessentials.shop"
105.113.103.131 - - [22/Jul/2026:12:35:07 +0000] "GET /favicon.ico HTTP/1.1" 302 - "https://buygreatessentials.shop/wp-admin/admin.php?page=wpforms-overview" "Mozilla/5.0 (Windows NT 10.0; Win64; x64) AppleWebKit/537.36 (KHTML, like Gecko) Chrome/150.0.0.0 Safari/537.36"
105.113.103.131 - - [22/Jul/2026:12:35:31 +0000] "POST /wp-admin/admin-ajax.php HTTP/1.1" 200 77 "https://buygreatessentials.shop/wp-admin/post.php?post=115&action=elementor" "Mozilla/5.0 (Windows NT 10.0; Win64; x64) AppleWebKit/537.36 (KHTML, like Gecko) Chrome/150.0.0.0 Safari/537.36"
105.113.103.131 - - [22/Jul/2026:12:35:27 +0000] "GET /wp-admin/admin.php?page=wpforms-builder&view=fields&form_id=261 HTTP/1.1" 200 718570 "https://buygreatessentials.shop/wp-admin/admin.php?page=wpforms-overview" "Mozilla/5.0 (Windows NT 10.0; Win64; x64) AppleWebKit/537.36 (KHTML, like Gecko) Chrome/150.0.0.0 Safari/537.36"
198.177.124.148 - - [22/Jul/2026:12:35:52 +0000] "POST /wp-cron.php?doing_wp_cron=1784723751.9981820583343505859375 HTTP/1.1" 200 - "-" "WordPress/7.0.2; https://buygreatessentials.shop"
105.113.103.131 - - [22/Jul/2026:12:35:45 +0000] "GET /wp-admin/admin.php?page=wpforms-builder&view=fields&form_id=261 HTTP/1.1" 200 719717 "https://buygreatessentials.shop/wp-admin/admin.php?page=wpforms-overview" "Mozilla/5.0 (Windows NT 10.0; Win64; x64) AppleWebKit/537.36 (KHTML, like Gecko) Chrome/150.0.0.0 Safari/537.36"
198.177.124.148 - - [22/Jul/2026:12:37:35 +0000] "POST /wp-cron.php?doing_wp_cron=1784723855.2817180156707763671875 HTTP/1.1" 200 - "-" "WordPress/7.0.2; https://buygreatessentials.shop"
105.113.103.131 - - [22/Jul/2026:12:37:33 +0000] "POST /wp-admin/admin-ajax.php HTTP/1.1" 200 77 "https://buygreatessentials.shop/wp-admin/post.php?post=115&action=elementor" "Mozilla/5.0 (Windows NT 10.0; Win64; x64) AppleWebKit/537.36 (KHTML, like Gecko) Chrome/150.0.0.0 Safari/537.36"
105.113.103.131 - - [22/Jul/2026:12:37:39 +0000] "GET /wp-json/elementor/v1/checklist/user-progress HTTP/1.1" 403 90 "https://buygreatessentials.shop/wp-admin/post.php?post=115&action=elementor" "Mozilla/5.0 (Windows NT 10.0; Win64; x64) AppleWebKit/537.36 (KHTML, like Gecko) Chrome/150.0.0.0 Safari/537.36"
198.177.124.148 - - [22/Jul/2026:12:37:50 +0000] "POST /wp-cron.php?doing_wp_cron=1784723870.6568439006805419921875 HTTP/1.1" 200 - "-" "WordPress/7.0.2; https://buygreatessentials.shop"
105.113.103.131 - - [22/Jul/2026:12:37:49 +0000] "POST /wp-admin/admin-ajax.php HTTP/1.1" 200 77 "https://buygreatessentials.shop/wp-admin/post.php?post=115&action=elementor" "Mozilla/5.0 (Windows NT 10.0; Win64; x64) AppleWebKit/537.36 (KHTML, like Gecko) Chrome/150.0.0.0 Safari/537.36"
105.113.103.131 - - [22/Jul/2026:12:37:51 +0000] "GET /wp-content/plugins/wpforms-lite/assets/images/pdf-education/pdf.svg HTTP/1.1" 200 1777 "https://buygreatessentials.shop/wp-admin/admin.php?page=wpforms-builder&view=fields&form_id=261" "Mozilla/5.0 (Windows NT 10.0; Win64; x64) AppleWebKit/537.36 (KHTML, like Gecko) Chrome/150.0.0.0 Safari/537.36"
198.177.124.148 - - [22/Jul/2026:12:38:12 +0000] "POST /wp-cron.php?doing_wp_cron=1784723892.6353859901428222656250 HTTP/1.1" 200 - "-" "WordPress/7.0.2; https://buygreatessentials.shop"
105.113.103.131 - - [22/Jul/2026:12:38:33 +0000] "GET /wp-content/plugins/wpforms-lite/assets/js/admin/education/pdf.min.js?ver=2.0.0.2 HTTP/1.1" 200 829 "https://buygreatessentials.shop/wp-admin/admin.php?page=wpforms-builder&view=fields&form_id=261" "Mozilla/5.0 (Windows NT 10.0; Win64; x64) AppleWebKit/537.36 (KHTML, like Gecko) Chrome/150.0.0.0 Safari/537.36"
105.113.103.131 - - [22/Jul/2026:12:35:46 +0000] "GET /wp-admin/admin.php?page=wpforms-builder&view=fields&form_id=261 HTTP/1.1" 200 719717 "https://buygreatessentials.shop/wp-admin/admin.php?page=wpforms-overview" "Mozilla/5.0 (Windows NT 10.0; Win64; x64) AppleWebKit/537.36 (KHTML, like Gecko) Chrome/150.0.0.0 Safari/537.36"
105.113.103.131 - - [22/Jul/2026:12:38:54 +0000] "GET /wp-content/plugins/wpforms-lite/assets/images/integrations/ai/ai-feature.svg HTTP/1.1" 200 830 "https://buygreatessentials.shop/wp-content/plugins/wpforms-lite/assets/css/integrations/ai/ai-forms.min.css?ver=2.0.0.2" "Mozilla/5.0 (Windows NT 10.0; Win64; x64) AppleWebKit/537.36 (KHTML, like Gecko) Chrome/150.0.0.0 Safari/537.36"
105.113.103.131 - - [22/Jul/2026:12:38:54 +0000] "GET /wp-content/plugins/wpforms-lite/assets/images/integrations/ai/avatar.svg HTTP/1.1" 200 14316 "https://buygreatessentials.shop/wp-content/plugins/wpforms-lite/assets/css/integrations/ai/ai-forms.min.css?ver=2.0.0.2" "Mozilla/5.0 (Windows NT 10.0; Win64; x64) AppleWebKit/537.36 (KHTML, like Gecko) Chrome/150.0.0.0 Safari/537.36"
105.113.103.131 - - [22/Jul/2026:12:38:55 +0000] "GET /wp-content/plugins/wpforms-lite/assets/images/integrations/ai/icon-arrow-up.svg HTTP/1.1" 200 502 "https://buygreatessentials.shop/wp-content/plugins/wpforms-lite/assets/css/integrations/ai/ai-forms.min.css?ver=2.0.0.2" "Mozilla/5.0 (Windows NT 10.0; Win64; x64) AppleWebKit/537.36 (KHTML, like Gecko) Chrome/150.0.0.0 Safari/537.36"
105.113.103.131 - - [22/Jul/2026:12:38:54 +0000] "GET /wp-json/wpforms/v1/themes/?_locale=user HTTP/1.1" 200 9111 "https://buygreatessentials.shop/wp-admin/admin.php?page=wpforms-builder&view=fields&form_id=261" "Mozilla/5.0 (Windows NT 10.0; Win64; x64) AppleWebKit/537.36 (KHTML, like Gecko) Chrome/150.0.0.0 Safari/537.36"
198.177.124.148 - - [22/Jul/2026:12:39:23 +0000] "POST /wp-cron.php?doing_wp_cron=1784723963.1038429737091064453125 HTTP/1.1" 200 - "-" "WordPress/7.0.2; https://buygreatessentials.shop"
105.113.103.131 - - [22/Jul/2026:12:34:22 +0000] "GET /wp-admin/admin.php?page=wpforms-overview HTTP/1.1" 404 - "https://buygreatessentials.shop/wp-admin/" "Mozilla/5.0 (Windows NT 10.0; Win64; x64) AppleWebKit/537.36 (KHTML, like Gecko) Chrome/150.0.0.0 Safari/537.36"
105.113.103.131 - - [22/Jul/2026:12:39:47 +0000] "GET /wp-content/plugins/wpforms-lite/assets/images/spinner.svg HTTP/1.1" 200 412 "https://buygreatessentials.shop/wp-content/plugins/wpforms-lite/assets/css/builder/builder-basic.min.css?ver=2.0.0.2" "Mozilla/5.0 (Windows NT 10.0; Win64; x64) AppleWebKit/537.36 (KHTML, like Gecko) Chrome/150.0.0.0 Safari/537.36"
198.177.124.148 - - [22/Jul/2026:12:39:48 +0000] "POST /wp-cron.php?doing_wp_cron=1784723988.7314100265502929687500 HTTP/1.1" 200 - "-" "WordPress/7.0.2; https://buygreatessentials.shop"
105.113.103.131 - - [22/Jul/2026:12:39:47 +0000] "POST /wp-admin/admin-ajax.php HTTP/1.1" 200 13240 "https://buygreatessentials.shop/wp-admin/admin.php?page=wpforms-builder&view=fields&form_id=261" "Mozilla/5.0 (Windows NT 10.0; Win64; x64) AppleWebKit/537.36 (KHTML, like Gecko) Chrome/150.0.0.0 Safari/537.36"
105.113.103.131 - - [22/Jul/2026:12:39:48 +0000] "POST /wp-admin/admin-ajax.php HTTP/1.1" 200 77 "https://buygreatessentials.shop/wp-admin/post.php?post=115&action=elementor" "Mozilla/5.0 (Windows NT 10.0; Win64; x64) AppleWebKit/537.36 (KHTML, like Gecko) Chrome/150.0.0.0 Safari/537.36"
105.113.103.131 - - [22/Jul/2026:12:39:53 +0000] "POST /wp-admin/admin-ajax.php HTTP/1.1" 200 47 "https://buygreatessentials.shop/wp-admin/admin.php?page=wpforms-builder&view=fields&form_id=261" "Mozilla/5.0 (Windows NT 10.0; Win64; x64) AppleWebKit/537.36 (KHTML, like Gecko) Chrome/150.0.0.0 Safari/537.36"
105.113.103.131 - - [22/Jul/2026:12:40:21 +0000] "POST /wp-admin/admin-ajax.php HTTP/1.1" 200 16 "https://buygreatessentials.shop/wp-admin/admin.php?page=wpforms-builder&view=fields&form_id=261" "Mozilla/5.0 (Windows NT 10.0; Win64; x64) AppleWebKit/537.36 (KHTML, like Gecko) Chrome/150.0.0.0 Safari/537.36"
198.177.124.148 - - [22/Jul/2026:12:40:55 +0000] "POST /wp-cron.php?doing_wp_cron=1784724055.5827651023864746093750 HTTP/1.1" 200 - "-" "WordPress/7.0.2; https://buygreatessentials.shop"
105.113.103.131 - - [22/Jul/2026:12:40:54 +0000] "POST /wp-admin/admin-ajax.php HTTP/1.1" 200 47 "https://buygreatessentials.shop/wp-admin/admin.php?page=wpforms-builder&view=fields&form_id=261" "Mozilla/5.0 (Windows NT 10.0; Win64; x64) AppleWebKit/537.36 (KHTML, like Gecko) Chrome/150.0.0.0 Safari/537.36"
105.113.103.131 - - [22/Jul/2026:12:41:01 +0000] "POST /wp-admin/admin-ajax.php HTTP/1.1" 200 16 "https://buygreatessentials.shop/wp-admin/admin.php?page=wpforms-builder&view=fields&form_id=261" "Mozilla/5.0 (Windows NT 10.0; Win64; x64) AppleWebKit/537.36 (KHTML, like Gecko) Chrome/150.0.0.0 Safari/537.36"
105.113.103.131 - - [22/Jul/2026:12:41:19 +0000] "POST /wp-admin/admin-ajax.php HTTP/1.1" 200 154 "https://buygreatessentials.shop/wp-admin/admin.php?page=wpforms-builder&view=fields&form_id=261" "Mozilla/5.0 (Windows NT 10.0; Win64; x64) AppleWebKit/537.36 (KHTML, like Gecko) Chrome/150.0.0.0 Safari/537.36"
105.113.103.131 - - [22/Jul/2026:12:41:22 +0000] "POST /wp-json/wpforms/v1/themes/custom/?_locale=user HTTP/1.1" 200 15 "https://buygreatessentials.shop/wp-admin/admin.php?page=wpforms-builder&view=fields&form_id=261" "Mozilla/5.0 (Windows NT 10.0; Win64; x64) AppleWebKit/537.36 (KHTML, like Gecko) Chrome/150.0.0.0 Safari/537.36"
198.177.124.148 - - [22/Jul/2026:12:41:51 +0000] "POST /wp-cron.php?doing_wp_cron=1784724111.5817260742187500000000 HTTP/1.1" 200 - "-" "WordPress/7.0.2; https://buygreatessentials.shop"
105.113.103.131 - - [22/Jul/2026:12:41:50 +0000] "POST /wp-admin/admin-ajax.php HTTP/1.1" 200 77 "https://buygreatessentials.shop/wp-admin/post.php?post=115&action=elementor" "Mozilla/5.0 (Windows NT 10.0; Win64; x64) AppleWebKit/537.36 (KHTML, like Gecko) Chrome/150.0.0.0 Safari/537.36"
105.113.103.131 - - [22/Jul/2026:12:41:53 +0000] "POST /wp-admin/admin-ajax.php HTTP/1.1" 200 47 "https://buygreatessentials.shop/wp-admin/admin.php?page=wpforms-builder&view=settings&form_id=261&section=notifications" "Mozilla/5.0 (Windows NT 10.0; Win64; x64) AppleWebKit/537.36 (KHTML, like Gecko) Chrome/150.0.0.0 Safari/537.36"
105.113.103.131 - - [22/Jul/2026:12:42:42 +0000] "POST /wp-admin/admin-ajax.php HTTP/1.1" 200 16 "https://buygreatessentials.shop/wp-admin/admin.php?page=wpforms-builder&view=settings&form_id=261&section=notifications" "Mozilla/5.0 (Windows NT 10.0; Win64; x64) AppleWebKit/537.36 (KHTML, like Gecko) Chrome/150.0.0.0 Safari/537.36"
198.177.124.148 - - [22/Jul/2026:12:42:56 +0000] "POST /wp-cron.php?doing_wp_cron=1784724176.4175100326538085937500 HTTP/1.1" 200 - "-" "WordPress/7.0.2; https://buygreatessentials.shop"
105.113.103.131 - - [22/Jul/2026:12:42:55 +0000] "POST /wp-admin/admin-ajax.php HTTP/1.1" 200 47 "https://buygreatessentials.shop/wp-admin/admin.php?page=wpforms-builder&view=settings&form_id=261&section=notifications" "Mozilla/5.0 (Windows NT 10.0; Win64; x64) AppleWebKit/537.36 (KHTML, like Gecko) Chrome/150.0.0.0 Safari/537.36"
198.177.124.148 - - [22/Jul/2026:12:43:52 +0000] "POST /wp-cron.php?doing_wp_cron=1784724232.2772560119628906250000 HTTP/1.1" 200 - "-" "WordPress/7.0.2; https://buygreatessentials.shop"
105.113.103.131 - - [22/Jul/2026:12:43:50 +0000] "POST /wp-admin/admin-ajax.php HTTP/1.1" 200 77 "https://buygreatessentials.shop/wp-admin/post.php?post=115&action=elementor" "Mozilla/5.0 (Windows NT 10.0; Win64; x64) AppleWebKit/537.36 (KHTML, like Gecko) Chrome/150.0.0.0 Safari/537.36"
105.113.103.131 - - [22/Jul/2026:12:43:54 +0000] "GET /wp-content/plugins/wpforms-lite/assets/images/icon-tags.svg HTTP/1.1" 200 922 "https://buygreatessentials.shop/wp-admin/admin.php?page=wpforms-builder&view=settings&form_id=261&section=confirmation" "Mozilla/5.0 (Windows NT 10.0; Win64; x64) AppleWebKit/537.36 (KHTML, like Gecko) Chrome/150.0.0.0 Safari/537.36"
105.113.103.131 - - [22/Jul/2026:12:43:54 +0000] "POST /wp-admin/admin-ajax.php HTTP/1.1" 200 47 "https://buygreatessentials.shop/wp-admin/admin.php?page=wpforms-builder&view=settings&form_id=261&section=confirmation" "Mozilla/5.0 (Windows NT 10.0; Win64; x64) AppleWebKit/537.36 (KHTML, like Gecko) Chrome/150.0.0.0 Safari/537.36"
105.113.103.131 - - [22/Jul/2026:12:44:14 +0000] "POST /wp-admin/admin-ajax.php HTTP/1.1" 200 154 "https://buygreatessentials.shop/wp-admin/admin.php?page=wpforms-builder&view=settings&form_id=261&section=notifications" "Mozilla/5.0 (Windows NT 10.0; Win64; x64) AppleWebKit/537.36 (KHTML, like Gecko) Chrome/150.0.0.0 Safari/537.36"
105.113.103.131 - - [22/Jul/2026:12:44:18 +0000] "POST /wp-json/wpforms/v1/themes/custom/?_locale=user HTTP/1.1" 200 15 "https://buygreatessentials.shop/wp-admin/admin.php?page=wpforms-builder&view=settings&form_id=261&section=notifications" "Mozilla/5.0 (Windows NT 10.0; Win64; x64) AppleWebKit/537.36 (KHTML, like Gecko) Chrome/150.0.0.0 Safari/537.36"
105.113.103.131 - - [22/Jul/2026:12:44:56 +0000] "POST /wp-admin/admin-ajax.php HTTP/1.1" 200 77 "https://buygreatessentials.shop/wp-admin/post.php?post=115&action=elementor" "Mozilla/5.0 (Windows NT 10.0; Win64; x64) AppleWebKit/537.36 (KHTML, like Gecko) Chrome/150.0.0.0 Safari/537.36"
105.113.103.131 - - [22/Jul/2026:12:44:56 +0000] "GET /wp-json/elementor/v1/checklist/user-progress HTTP/1.1" 403 90 "https://buygreatessentials.shop/wp-admin/post.php?post=115&action=elementor" "Mozilla/5.0 (Windows NT 10.0; Win64; x64) AppleWebKit/537.36 (KHTML, like Gecko) Chrome/150.0.0.0 Safari/537.36"
198.177.124.148 - - [22/Jul/2026:12:45:00 +0000] "POST /wp-cron.php?doing_wp_cron=1784724300.8290789127349853515625 HTTP/1.1" 200 - "-" "WordPress/7.0.2; https://buygreatessentials.shop"
105.113.103.131 - - [22/Jul/2026:12:45:14 +0000] "POST /wp-admin/admin-ajax.php HTTP/1.1" 200 77 "https://buygreatessentials.shop/wp-admin/post.php?post=115&action=elementor" "Mozilla/5.0 (Windows NT 10.0; Win64; x64) AppleWebKit/537.36 (KHTML, like Gecko) Chrome/150.0.0.0 Safari/537.36"
105.113.103.131 - - [22/Jul/2026:12:44:43 +0000] "GET /wp-admin/admin.php?page=wpforms-overview HTTP/1.1" 200 343669 "https://buygreatessentials.shop/wp-admin/admin.php?page=wpforms-builder&view=settings&form_id=261&section=notifications" "Mozilla/5.0 (Windows NT 10.0; Win64; x64) AppleWebKit/537.36 (KHTML, like Gecko) Chrome/150.0.0.0 Safari/537.36"
105.113.103.131 - - [22/Jul/2026:12:45:17 +0000] "GET /wp-admin/edit.php?post_type=page HTTP/1.1" 200 338056 "https://buygreatessentials.shop/wp-admin/admin.php?page=wpforms-overview" "Mozilla/5.0 (Windows NT 10.0; Win64; x64) AppleWebKit/537.36 (KHTML, like Gecko) Chrome/150.0.0.0 Safari/537.36"
105.113.103.131 - - [22/Jul/2026:12:46:57 +0000] "GET /wp-content/plugins/elementor/assets/js/packages/editor-current-user/editor-current-user.min.js?ver=4.1.5 HTTP/1.1" 304 - "https://buygreatessentials.shop/wp-admin/post.php?post=115&action=elementor" "Mozilla/5.0 (Windows NT 10.0; Win64; x64) AppleWebKit/537.36 (KHTML, like Gecko) Chrome/150.0.0.0 Safari/537.36"
105.113.103.131 - - [22/Jul/2026:12:46:57 +0000] "GET /wp-content/plugins/elementor/assets/js/packages/query/query.min.js?ver=4.1.5 HTTP/1.1" 304 - "https://buygreatessentials.shop/wp-admin/post.php?post=115&action=elementor" "Mozilla/5.0 (Windows NT 10.0; Win64; x64) AppleWebKit/537.36 (KHTML, like Gecko) Chrome/150.0.0.0 Safari/537.36"
105.113.103.131 - - [22/Jul/2026:12:46:57 +0000] "GET /wp-content/plugins/elementor/assets/js/packages/editor-ui/editor-ui.min.js?ver=4.1.5 HTTP/1.1" 304 - "https://buygreatessentials.shop/wp-admin/post.php?post=115&action=elementor" "Mozilla/5.0 (Windows NT 10.0; Win64; x64) AppleWebKit/537.36 (KHTML, like Gecko) Chrome/150.0.0.0 Safari/537.36"
105.113.103.131 - - [22/Jul/2026:12:46:58 +0000] "GET /wp-content/plugins/elementor/assets/js/packages/locations/locations.min.js?ver=4.1.5 HTTP/1.1" 200 2302 "https://buygreatessentials.shop/wp-admin/post.php?post=115&action=elementor" "Mozilla/5.0 (Windows NT 10.0; Win64; x64) AppleWebKit/537.36 (KHTML, like Gecko) Chrome/150.0.0.0 Safari/537.36"
105.113.103.131 - - [22/Jul/2026:12:46:58 +0000] "GET /wp-content/plugins/elementor/assets/js/packages/store/store.min.js?ver=4.1.5 HTTP/1.1" 200 37901 "https://buygreatessentials.shop/wp-admin/post.php?post=115&action=elementor" "Mozilla/5.0 (Windows NT 10.0; Win64; x64) AppleWebKit/537.36 (KHTML, like Gecko) Chrome/150.0.0.0 Safari/537.36"
105.113.103.131 - - [22/Jul/2026:12:46:58 +0000] "GET /wp-content/plugins/elementor/assets/js/packages/editor/editor.min.js?ver=4.1.5 HTTP/1.1" 200 1937 "https://buygreatessentials.shop/wp-admin/post.php?post=115&action=elementor" "Mozilla/5.0 (Windows NT 10.0; Win64; x64) AppleWebKit/537.36 (KHTML, like Gecko) Chrome/150.0.0.0 Safari/537.36"
105.113.103.131 - - [22/Jul/2026:12:46:58 +0000] "GET /wp-content/plugins/elementor/assets/js/packages/editor-responsive/editor-responsive.min.js?ver=4.1.5 HTTP/1.1" 200 2148 "https://buygreatessentials.shop/wp-admin/post.php?post=115&action=elementor" "Mozilla/5.0 (Windows NT 10.0; Win64; x64) AppleWebKit/537.36 (KHTML, like Gecko) Chrome/150.0.0.0 Safari/537.36"
105.113.103.131 - - [22/Jul/2026:12:46:58 +0000] "GET /wp-content/plugins/elementor/assets/js/packages/editor-documents/editor-documents.min.js?ver=4.1.5 HTTP/1.1" 200 7055 "https://buygreatessentials.shop/wp-admin/post.php?post=115&action=elementor" "Mozilla/5.0 (Windows NT 10.0; Win64; x64) AppleWebKit/537.36 (KHTML, like Gecko) Chrome/150.0.0.0 Safari/537.36"
105.113.103.131 - - [22/Jul/2026:12:46:59 +0000] "GET /wp-content/plugins/elementor/assets/js/packages/events/events.min.js?ver=4.1.5 HTTP/1.1" 200 1880 "https://buygreatessentials.shop/wp-admin/post.php?post=115&action=elementor" "Mozilla/5.0 (Windows NT 10.0; Win64; x64) AppleWebKit/537.36 (KHTML, like Gecko) Chrome/150.0.0.0 Safari/537.36"
105.113.103.131 - - [22/Jul/2026:12:47:00 +0000] "GET /wp-content/plugins/elementor/assets/js/packages/menus/menus.min.js?ver=4.1.5 HTTP/1.1" 200 2148 "https://buygreatessentials.shop/wp-admin/post.php?post=115&action=elementor" "Mozilla/5.0 (Windows NT 10.0; Win64; x64) AppleWebKit/537.36 (KHTML, like Gecko) Chrome/150.0.0.0 Safari/537.36"
105.113.103.131 - - [22/Jul/2026:12:47:00 +0000] "GET /wp-content/plugins/elementor/assets/js/packages/editor-app-bar/editor-app-bar.min.js?ver=4.1.5 HTTP/1.1" 304 - "https://buygreatessentials.shop/wp-admin/post.php?post=115&action=elementor" "Mozilla/5.0 (Windows NT 10.0; Win64; x64) AppleWebKit/537.36 (KHTML, like Gecko) Chrome/150.0.0.0 Safari/537.36"
105.113.103.131 - - [22/Jul/2026:12:47:00 +0000] "GET /wp-content/plugins/elementor/assets/js/checklist.min.js?ver=4.1.5 HTTP/1.1" 304 - "https://buygreatessentials.shop/wp-admin/post.php?post=115&action=elementor" "Mozilla/5.0 (Windows NT 10.0; Win64; x64) AppleWebKit/537.36 (KHTML, like Gecko) Chrome/150.0.0.0 Safari/537.36"
105.113.103.131 - - [22/Jul/2026:12:47:01 +0000] "GET /wp-content/plugins/elementor/assets/js/editor-environment-v2.min.js?ver=4.1.5 HTTP/1.1" 304 - "https://buygreatessentials.shop/wp-admin/post.php?post=115&action=elementor" "Mozilla/5.0 (Windows NT 10.0; Win64; x64) AppleWebKit/537.36 (KHTML, like Gecko) Chrome/150.0.0.0 Safari/537.36"
105.113.103.131 - - [22/Jul/2026:12:47:01 +0000] "GET /wp-content/plugins/elementor/assets/js/packages/editor-notifications/editor-notifications.min.js?ver=4.1.5 HTTP/1.1" 304 - "https://buygreatessentials.shop/wp-admin/post.php?post=115&action=elementor" "Mozilla/5.0 (Windows NT 10.0; Win64; x64) AppleWebKit/537.36 (KHTML, like Gecko) Chrome/150.0.0.0 Safari/537.36"
105.113.103.131 - - [22/Jul/2026:12:47:01 +0000] "GET /wp-content/plugins/elementor/assets/js/packages/editor-panels/editor-panels.min.js?ver=4.1.5 HTTP/1.1" 304 - "https://buygreatessentials.shop/wp-admin/post.php?post=115&action=elementor" "Mozilla/5.0 (Windows NT 10.0; Win64; x64) AppleWebKit/537.36 (KHTML, like Gecko) Chrome/150.0.0.0 Safari/537.36"
105.113.103.131 - - [22/Jul/2026:12:47:01 +0000] "GET /wp-content/plugins/elementor/assets/js/packages/editor-elements-panel/editor-elements-panel.min.js?ver=4.1.5 HTTP/1.1" 304 - "https://buygreatessentials.shop/wp-admin/post.php?post=115&action=elementor" "Mozilla/5.0 (Windows NT 10.0; Win64; x64) AppleWebKit/537.36 (KHTML, like Gecko) Chrome/150.0.0.0 Safari/537.36"
105.113.103.131 - - [22/Jul/2026:12:47:01 +0000] "GET /wp-content/plugins/elementor/assets/js/packages/editor-elements-panel-notice/editor-elements-panel-notice.min.js?ver=4.1.5 HTTP/1.1" 304 - "https://buygreatessentials.shop/wp-admin/post.php?post=115&action=elementor" "Mozilla/5.0 (Windows NT 10.0; Win64; x64) AppleWebKit/537.36 (KHTML, like Gecko) Chrome/150.0.0.0 Safari/537.36"
105.113.103.131 - - [22/Jul/2026:12:47:01 +0000] "GET /wp-content/plugins/elementor/assets/js/packages/unlock-v4-promo/unlock-v4-promo.min.js?ver=4.1.5 HTTP/1.1" 304 - "https://buygreatessentials.shop/wp-admin/post.php?post=115&action=elementor" "Mozilla/5.0 (Windows NT 10.0; Win64; x64) AppleWebKit/537.36 (KHTML, like Gecko) Chrome/150.0.0.0 Safari/537.36"
105.113.103.131 - - [22/Jul/2026:12:47:02 +0000] "GET /wp-content/plugins/elementor/assets/js/packages/elementor-v3-mcp/elementor-v3-mcp.min.js?ver=4.1.5 HTTP/1.1" 304 - "https://buygreatessentials.shop/wp-admin/post.php?post=115&action=elementor" "Mozilla/5.0 (Windows NT 10.0; Win64; x64) AppleWebKit/537.36 (KHTML, like Gecko) Chrome/150.0.0.0 Safari/537.36"
105.113.103.131 - - [22/Jul/2026:12:47:02 +0000] "GET /wp-content/plugins/elementor/assets/js/packages/elementor-kit-mcp/elementor-kit-mcp.min.js?ver=4.1.5 HTTP/1.1" 304 - "https://buygreatessentials.shop/wp-admin/post.php?post=115&action=elementor" "Mozilla/5.0 (Windows NT 10.0; Win64; x64) AppleWebKit/537.36 (KHTML, like Gecko) Chrome/150.0.0.0 Safari/537.36"
105.113.103.131 - - [22/Jul/2026:12:47:02 +0000] "GET /wp-content/plugins/elementor/assets/js/packages/editor-site-navigation/editor-site-navigation.min.js?ver=4.1.5 HTTP/1.1" 304 - "https://buygreatessentials.shop/wp-admin/post.php?post=115&action=elementor" "Mozilla/5.0 (Windows NT 10.0; Win64; x64) AppleWebKit/537.36 (KHTML, like Gecko) Chrome/150.0.0.0 Safari/537.36"
105.113.103.131 - - [22/Jul/2026:12:47:02 +0000] "GET /wp-content/plugins/elementor/assets/js/packages/editor-props/editor-props.min.js?ver=4.1.5 HTTP/1.1" 304 - "https://buygreatessentials.shop/wp-admin/post.php?post=115&action=elementor" "Mozilla/5.0 (Windows NT 10.0; Win64; x64) AppleWebKit/537.36 (KHTML, like Gecko) Chrome/150.0.0.0 Safari/537.36"
105.113.103.131 - - [22/Jul/2026:12:47:02 +0000] "GET /wp-content/plugins/elementor/assets/js/packages/editor-styles/editor-styles.min.js?ver=4.1.5 HTTP/1.1" 304 - "https://buygreatessentials.shop/wp-admin/post.php?post=115&action=elementor" "Mozilla/5.0 (Windows NT 10.0; Win64; x64) AppleWebKit/537.36 (KHTML, like Gecko) Chrome/150.0.0.0 Safari/537.36"
105.113.103.131 - - [22/Jul/2026:12:47:02 +0000] "GET /wp-content/plugins/elementor/assets/js/packages/session/session.min.js?ver=4.1.5 HTTP/1.1" 304 - "https://buygreatessentials.shop/wp-admin/post.php?post=115&action=elementor" "Mozilla/5.0 (Windows NT 10.0; Win64; x64) AppleWebKit/537.36 (KHTML, like Gecko) Chrome/150.0.0.0 Safari/537.36"
105.113.103.131 - - [22/Jul/2026:12:47:02 +0000] "GET /wp-content/plugins/elementor/assets/js/packages/editor-elements/editor-elements.min.js?ver=4.1.5 HTTP/1.1" 304 - "https://buygreatessentials.shop/wp-admin/post.php?post=115&action=elementor" "Mozilla/5.0 (Windows NT 10.0; Win64; x64) AppleWebKit/537.36 (KHTML, like Gecko) Chrome/150.0.0.0 Safari/537.36"
105.113.103.131 - - [22/Jul/2026:12:47:02 +0000] "GET /wp-content/plugins/elementor/assets/js/packages/wp-media/wp-media.min.js?ver=4.1.5 HTTP/1.1" 304 - "https://buygreatessentials.shop/wp-admin/post.php?post=115&action=elementor" "Mozilla/5.0 (Windows NT 10.0; Win64; x64) AppleWebKit/537.36 (KHTML, like Gecko) Chrome/150.0.0.0 Safari/537.36"
105.113.103.131 - - [22/Jul/2026:12:47:04 +0000] "GET /wp-content/plugins/elementor/assets/js/packages/editor-controls/editor-controls.min.js?ver=4.1.5 HTTP/1.1" 304 - "https://buygreatessentials.shop/wp-admin/post.php?post=115&action=elementor" "Mozilla/5.0 (Windows NT 10.0; Win64; x64) AppleWebKit/537.36 (KHTML, like Gecko) Chrome/150.0.0.0 Safari/537.36"
105.113.103.131 - - [22/Jul/2026:12:47:04 +0000] "GET /wp-content/plugins/elementor/assets/js/packages/editor-interactions/editor-interactions.min.js?ver=4.1.5 HTTP/1.1" 304 - "https://buygreatessentials.shop/wp-admin/post.php?post=115&action=elementor" "Mozilla/5.0 (Windows NT 10.0; Win64; x64) AppleWebKit/537.36 (KHTML, like Gecko) Chrome/150.0.0.0 Safari/537.36"
105.113.103.131 - - [22/Jul/2026:12:47:04 +0000] "GET /wp-content/plugins/elementor/assets/js/packages/editor-styles-repository/editor-styles-repository.min.js?ver=4.1.5 HTTP/1.1" 304 - "https://buygreatessentials.shop/wp-admin/post.php?post=115&action=elementor" "Mozilla/5.0 (Windows NT 10.0; Win64; x64) AppleWebKit/537.36 (KHTML, like Gecko) Chrome/150.0.0.0 Safari/537.36"
105.113.103.131 - - [22/Jul/2026:12:47:04 +0000] "GET /wp-content/plugins/elementor/assets/js/packages/twing/twing.min.js?ver=4.1.5 HTTP/1.1" 304 - "https://buygreatessentials.shop/wp-admin/post.php?post=115&action=elementor" "Mozilla/5.0 (Windows NT 10.0; Win64; x64) AppleWebKit/537.36 (KHTML, like Gecko) Chrome/150.0.0.0 Safari/537.36"
105.113.103.131 - - [22/Jul/2026:12:47:05 +0000] "GET /wp-content/plugins/elementor/assets/js/packages/editor-canvas/editor-canvas.min.js?ver=4.1.5 HTTP/1.1" 304 - "https://buygreatessentials.shop/wp-admin/post.php?post=115&action=elementor" "Mozilla/5.0 (Windows NT 10.0; Win64; x64) AppleWebKit/537.36 (KHTML, like Gecko) Chrome/150.0.0.0 Safari/537.36"
105.113.103.131 - - [22/Jul/2026:12:47:05 +0000] "GET /wp-content/plugins/elementor/assets/js/packages/editor-variables/editor-variables.min.js?ver=4.1.5 HTTP/1.1" 304 - "https://buygreatessentials.shop/wp-admin/post.php?post=115&action=elementor" "Mozilla/5.0 (Windows NT 10.0; Win64; x64) AppleWebKit/537.36 (KHTML, like Gecko) Chrome/150.0.0.0 Safari/537.36"
105.113.103.131 - - [22/Jul/2026:12:47:06 +0000] "GET /wp-content/plugins/elementor/assets/js/packages/editor-editing-panel/editor-editing-panel.min.js?ver=4.1.5 HTTP/1.1" 304 - "https://buygreatessentials.shop/wp-admin/post.php?post=115&action=elementor" "Mozilla/5.0 (Windows NT 10.0; Win64; x64) AppleWebKit/537.36 (KHTML, like Gecko) Chrome/150.0.0.0 Safari/537.36"
105.113.103.131 - - [22/Jul/2026:12:47:06 +0000] "GET /wp-content/plugins/elementor/assets/js/packages/editor-templates/editor-templates.min.js?ver=4.1.5 HTTP/1.1" 304 - "https://buygreatessentials.shop/wp-admin/post.php?post=115&action=elementor" "Mozilla/5.0 (Windows NT 10.0; Win64; x64) AppleWebKit/537.36 (KHTML, like Gecko) Chrome/150.0.0.0 Safari/537.36"
105.113.103.131 - - [22/Jul/2026:12:47:06 +0000] "GET /wp-content/plugins/elementor/assets/js/packages/editor-global-classes/editor-global-classes.min.js?ver=4.1.5 HTTP/1.1" 304 - "https://buygreatessentials.shop/wp-admin/post.php?post=115&action=elementor" "Mozilla/5.0 (Windows NT 10.0; Win64; x64) AppleWebKit/537.36 (KHTML, like Gecko) Chrome/150.0.0.0 Safari/537.36"
105.113.103.131 - - [22/Jul/2026:12:47:07 +0000] "GET /wp-content/plugins/elementor/assets/js/packages/editor-design-system/editor-design-system.min.js?ver=4.1.5 HTTP/1.1" 304 - "https://buygreatessentials.shop/wp-admin/post.php?post=115&action=elementor" "Mozilla/5.0 (Windows NT 10.0; Win64; x64) AppleWebKit/537.36 (KHTML, like Gecko) Chrome/150.0.0.0 Safari/537.36"
105.113.103.131 - - [22/Jul/2026:12:47:07 +0000] "GET /wp-content/plugins/elementor/assets/js/packages/editor-components/editor-components.min.js?ver=4.1.5 HTTP/1.1" 304 - "https://buygreatessentials.shop/wp-admin/post.php?post=115&action=elementor" "Mozilla/5.0 (Windows NT 10.0; Win64; x64) AppleWebKit/537.36 (KHTML, like Gecko) Chrome/150.0.0.0 Safari/537.36"
105.113.103.131 - - [22/Jul/2026:12:47:09 +0000] "GET /wp-content/plugins/elementor/assets/js/packages/editor-widget-creation/editor-widget-creation.min.js?ver=4.1.5 HTTP/1.1" 304 - "https://buygreatessentials.shop/wp-admin/post.php?post=115&action=elementor" "Mozilla/5.0 (Windows NT 10.0; Win64; x64) AppleWebKit/537.36 (KHTML, like Gecko) Chrome/150.0.0.0 Safari/537.36"
105.113.103.131 - - [22/Jul/2026:12:47:09 +0000] "GET /wp-content/plugins/elementor/assets/lib/perfect-scrollbar/js/perfect-scrollbar.min.js?ver=1.4.0 HTTP/1.1" 304 - "https://buygreatessentials.shop/wp-admin/post.php?post=115&action=elementor" "Mozilla/5.0 (Windows NT 10.0; Win64; x64) AppleWebKit/537.36 (KHTML, like Gecko) Chrome/150.0.0.0 Safari/537.36"
198.177.124.148 - - [22/Jul/2026:12:47:11 +0000] "POST /wp-cron.php?doing_wp_cron=1784724430.9607589244842529296875 HTTP/1.1" 200 - "-" "WordPress/7.0.2; https://buygreatessentials.shop"
105.113.103.131 - - [22/Jul/2026:12:47:09 +0000] "GET /wp-json/elementor/v1/variables/list HTTP/1.1" 200 64 "https://buygreatessentials.shop/wp-admin/post.php?post=115&action=elementor" "Mozilla/5.0 (Windows NT 10.0; Win64; x64) AppleWebKit/537.36 (KHTML, like Gecko) Chrome/150.0.0.0 Safari/537.36"
105.113.103.131 - - [22/Jul/2026:12:47:11 +0000] "GET /wp-content/plugins/elementor/assets/lib/nprogress/nprogress.min.js?ver=0.2.0 HTTP/1.1" 304 - "https://buygreatessentials.shop/wp-admin/post.php?post=115&action=elementor" "Mozilla/5.0 (Windows NT 10.0; Win64; x64) AppleWebKit/537.36 (KHTML, like Gecko) Chrome/150.0.0.0 Safari/537.36"
105.113.103.131 - - [22/Jul/2026:12:47:12 +0000] "GET /wp-content/plugins/elementor/assets/lib/tipsy/tipsy.min.js?ver=1.0.0 HTTP/1.1" 304 - "https://buygreatessentials.shop/wp-admin/post.php?post=115&action=elementor" "Mozilla/5.0 (Windows NT 10.0; Win64; x64) AppleWebKit/537.36 (KHTML, like Gecko) Chrome/150.0.0.0 Safari/537.36"
105.113.103.131 - - [22/Jul/2026:12:47:13 +0000] "GET /wp-content/plugins/elementor/assets/lib/e-select2/js/e-select2.full.min.js?ver=4.0.6-rc.1 HTTP/1.1" 304 - "https://buygreatessentials.shop/wp-admin/post.php?post=115&action=elementor" "Mozilla/5.0 (Windows NT 10.0; Win64; x64) AppleWebKit/537.36 (KHTML, like Gecko) Chrome/150.0.0.0 Safari/537.36"
105.113.103.131 - - [22/Jul/2026:12:47:14 +0000] "GET /wp-content/plugins/elementor/assets/lib/jquery-hover-intent/jquery-hover-intent.min.js?ver=1.0.0 HTTP/1.1" 304 - "https://buygreatessentials.shop/wp-admin/post.php?post=115&action=elementor" "Mozilla/5.0 (Windows NT 10.0; Win64; x64) AppleWebKit/537.36 (KHTML, like Gecko) Chrome/150.0.0.0 Safari/537.36"
105.113.103.131 - - [22/Jul/2026:12:47:14 +0000] "GET /wp-content/plugins/elementor/assets/lib/flatpickr/flatpickr.min.js?ver=4.6.13 HTTP/1.1" 304 - "https://buygreatessentials.shop/wp-admin/post.php?post=115&action=elementor" "Mozilla/5.0 (Windows NT 10.0; Win64; x64) AppleWebKit/537.36 (KHTML, like Gecko) Chrome/150.0.0.0 Safari/537.36"
105.113.103.131 - - [22/Jul/2026:12:47:14 +0000] "GET /wp-content/plugins/elementor/assets/lib/nouislider/nouislider.min.js?ver=13.0.0 HTTP/1.1" 304 - "https://buygreatessentials.shop/wp-admin/post.php?post=115&action=elementor" "Mozilla/5.0 (Windows NT 10.0; Win64; x64) AppleWebKit/537.36 (KHTML, like Gecko) Chrome/150.0.0.0 Safari/537.36"
105.113.103.131 - - [22/Jul/2026:12:47:14 +0000] "GET /wp-content/plugins/elementor/assets/lib/pickr/pickr.min.js?ver=1.8.2 HTTP/1.1" 304 - "https://buygreatessentials.shop/wp-admin/post.php?post=115&action=elementor" "Mozilla/5.0 (Windows NT 10.0; Win64; x64) AppleWebKit/537.36 (KHTML, like Gecko) Chrome/150.0.0.0 Safari/537.36"
105.113.103.131 - - [22/Jul/2026:12:47:15 +0000] "POST /wp-admin/admin-ajax.php HTTP/1.1" 200 77 "https://buygreatessentials.shop/wp-admin/post.php?post=115&action=elementor" "Mozilla/5.0 (Windows NT 10.0; Win64; x64) AppleWebKit/537.36 (KHTML, like Gecko) Chrome/150.0.0.0 Safari/537.36"
105.113.103.131 - - [22/Jul/2026:12:49:15 +0000] "POST /wp-admin/admin-ajax.php HTTP/1.1" 200 77 "https://buygreatessentials.shop/wp-admin/post.php?post=115&action=elementor" "Mozilla/5.0 (Windows NT 10.0; Win64; x64) AppleWebKit/537.36 (KHTML, like Gecko) Chrome/150.0.0.0 Safari/537.36"
198.177.124.148 - - [22/Jul/2026:12:50:27 +0000] "POST /wp-cron.php?doing_wp_cron=1784724627.7531878948211669921875 HTTP/1.1" 200 - "-" "WordPress/7.0.2; https://buygreatessentials.shop"
105.113.103.131 - - [22/Jul/2026:12:50:26 +0000] "POST /wp-admin/admin-ajax.php HTTP/1.1" 200 47 "https://buygreatessentials.shop/wp-admin/post.php?post=115&action=elementor" "Mozilla/5.0 (Windows NT 10.0; Win64; x64) AppleWebKit/537.36 (KHTML, like Gecko) Chrome/150.0.0.0 Safari/537.36"
198.177.124.148 - - [22/Jul/2026:12:50:41 +0000] "POST /wp-cron.php?doing_wp_cron=1784724641.2412779331207275390625 HTTP/1.1" 200 - "-" "WordPress/7.0.2; https://buygreatessentials.shop"
105.113.103.131 - - [22/Jul/2026:12:45:57 +0000] "GET /wp-admin/post.php?post=115&action=elementor HTTP/1.1" 200 2368602 "https://buygreatessentials.shop/wp-admin/edit.php?post_type=page" "Mozilla/5.0 (Windows NT 10.0; Win64; x64) AppleWebKit/537.36 (KHTML, like Gecko) Chrome/150.0.0.0 Safari/537.36"
198.177.124.148 - - [22/Jul/2026:12:52:56 +0000] "POST /wp-cron.php?doing_wp_cron=1784724776.4832689762115478515625 HTTP/1.1" 200 - "-" "WordPress/7.0.2; https://buygreatessentials.shop"
105.113.103.131 - - [22/Jul/2026:12:52:54 +0000] "GET /wp-json/elementor/v1/variables/list HTTP/1.1" 200 64 "https://buygreatessentials.shop/wp-admin/post.php?post=115&action=elementor" "Mozilla/5.0 (Windows NT 10.0; Win64; x64) AppleWebKit/537.36 (KHTML, like Gecko) Chrome/150.0.0.0 Safari/537.36"
105.113.103.131 - - [22/Jul/2026:12:53:18 +0000] "POST /wp-admin/admin-ajax.php HTTP/1.1" 200 77 "https://buygreatessentials.shop/wp-admin/post.php?post=115&action=elementor" "Mozilla/5.0 (Windows NT 10.0; Win64; x64) AppleWebKit/537.36 (KHTML, like Gecko) Chrome/150.0.0.0 Safari/537.36"
105.113.103.131 - - [22/Jul/2026:12:54:26 +0000] "POST /wp-admin/admin-ajax.php HTTP/1.1" 200 47 "https://buygreatessentials.shop/wp-admin/post.php?post=115&action=elementor" "Mozilla/5.0 (Windows NT 10.0; Win64; x64) AppleWebKit/537.36 (KHTML, like Gecko) Chrome/150.0.0.0 Safari/537.36"
198.177.124.148 - - [22/Jul/2026:12:54:44 +0000] "POST /wp-cron.php?doing_wp_cron=1784724884.4492650032043457031250 HTTP/1.1" 200 - "-" "WordPress/7.0.2; https://buygreatessentials.shop"
105.113.103.131 - - [22/Jul/2026:12:54:43 +0000] "POST /wp-admin/admin-ajax.php HTTP/1.1" 200 47 "https://buygreatessentials.shop/wp-admin/post.php?post=115&action=elementor" "Mozilla/5.0 (Windows NT 10.0; Win64; x64) AppleWebKit/537.36 (KHTML, like Gecko) Chrome/150.0.0.0 Safari/537.36"
105.113.103.131 - - [22/Jul/2026:12:55:20 +0000] "POST /wp-admin/admin-ajax.php HTTP/1.1" 200 77 "https://buygreatessentials.shop/wp-admin/post.php?post=115&action=elementor" "Mozilla/5.0 (Windows NT 10.0; Win64; x64) AppleWebKit/537.36 (KHTML, like Gecko) Chrome/150.0.0.0 Safari/537.36"
198.177.124.148 - - [22/Jul/2026:12:55:39 +0000] "POST /wp-cron.php?doing_wp_cron=1784724939.8406820297241210937500 HTTP/1.1" 200 - "-" "WordPress/7.0.2; https://buygreatessentials.shop"
105.113.103.131 - - [22/Jul/2026:12:50:38 +0000] "GET /wp-admin/post.php?post=115&action=elementor HTTP/1.1" 404 - "-" "Mozilla/5.0 (Windows NT 10.0; Win64; x64) AppleWebKit/537.36 (KHTML, like Gecko) Chrome/150.0.0.0 Safari/537.36"
198.177.124.148 - - [22/Jul/2026:12:56:42 +0000] "POST /wp-cron.php?doing_wp_cron=1784725002.8821120262145996093750 HTTP/1.1" 200 - "-" "WordPress/7.0.2; https://buygreatessentials.shop"
105.113.103.131 - - [22/Jul/2026:12:56:41 +0000] "POST /wp-admin/admin-ajax.php HTTP/1.1" 200 47 "https://buygreatessentials.shop/wp-admin/post.php?post=115&action=elementor" "Mozilla/5.0 (Windows NT 10.0; Win64; x64) AppleWebKit/537.36 (KHTML, like Gecko) Chrome/150.0.0.0 Safari/537.36"
105.113.103.131 - - [22/Jul/2026:12:56:46 +0000] "GET /wp-content/plugins/elementor/assets/lib/dialog/dialog.min.js?ver=4.9.4 HTTP/1.1" 304 - "https://buygreatessentials.shop/wp-admin/post.php?post=115&action=elementor" "Mozilla/5.0 (Windows NT 10.0; Win64; x64) AppleWebKit/537.36 (KHTML, like Gecko) Chrome/150.0.0.0 Safari/537.36"
