105.113.103.166 - - [21/Jul/2026:11:52:41 +0000] "POST /wp-admin/admin-ajax.php HTTP/1.1" 200 2013 "https://buygreatessentials.shop/wp-admin/post.php?post=115&action=elementor" "Mozilla/5.0 (Windows NT 10.0; Win64; x64) AppleWebKit/537.36 (KHTML, like Gecko) Chrome/150.0.0.0 Safari/537.36"
105.113.103.166 - - [21/Jul/2026:11:52:41 +0000] "GET /wp-content/uploads/2026/07/ChatGPT-Image-Jul-21-2026-12_46_05-PM.png HTTP/1.1" 200 2175968 "https://buygreatessentials.shop/wp-admin/post.php?post=115&action=elementor" "Mozilla/5.0 (Windows NT 10.0; Win64; x64) AppleWebKit/537.36 (KHTML, like Gecko) Chrome/150.0.0.0 Safari/537.36"
105.113.103.166 - - [21/Jul/2026:11:52:42 +0000] "POST /wp-admin/admin-ajax.php HTTP/1.1" 200 912 "https://buygreatessentials.shop/wp-admin/post.php?post=115&action=elementor" "Mozilla/5.0 (Windows NT 10.0; Win64; x64) AppleWebKit/537.36 (KHTML, like Gecko) Chrome/150.0.0.0 Safari/537.36"
198.177.124.148 - - [21/Jul/2026:11:52:52 +0000] "POST /wp-cron.php?doing_wp_cron=1784634772.0150969028472900390625 HTTP/1.1" 200 - "-" "WordPress/7.0.2; https://buygreatessentials.shop"
105.113.103.166 - - [21/Jul/2026:11:52:51 +0000] "POST /wp-admin/admin-ajax.php HTTP/1.1" 200 77 "https://buygreatessentials.shop/wp-admin/post.php?post=115&action=elementor" "Mozilla/5.0 (Windows NT 10.0; Win64; x64) AppleWebKit/537.36 (KHTML, like Gecko) Chrome/150.0.0.0 Safari/537.36"
105.113.103.166 - - [21/Jul/2026:11:53:18 +0000] "POST /wp-admin/admin-ajax.php HTTP/1.1" 200 77 "https://buygreatessentials.shop/wp-admin/post.php?post=157&action=elementor" "Mozilla/5.0 (Windows NT 10.0; Win64; x64) AppleWebKit/537.36 (KHTML, like Gecko) Chrome/150.0.0.0 Safari/537.36"
198.177.124.148 - - [21/Jul/2026:11:53:48 +0000] "POST /wp-cron.php?doing_wp_cron=1784634828.6319179534912109375000 HTTP/1.1" 200 - "-" "WordPress/7.0.2; https://buygreatessentials.shop"
105.113.103.166 - - [21/Jul/2026:11:53:46 +0000] "GET /wp-json/elementor/v1/checklist/user-progress HTTP/1.1" 200 534 "https://buygreatessentials.shop/wp-admin/post.php?post=115&action=elementor" "Mozilla/5.0 (Windows NT 10.0; Win64; x64) AppleWebKit/537.36 (KHTML, like Gecko) Chrome/150.0.0.0 Safari/537.36"
105.113.103.166 - - [21/Jul/2026:11:53:46 +0000] "PUT /wp-json/elementor/v1/global-classes?context=preview HTTP/1.1" 204 - "https://buygreatessentials.shop/wp-admin/post.php?post=115&action=elementor" "Mozilla/5.0 (Windows NT 10.0; Win64; x64) AppleWebKit/537.36 (KHTML, like Gecko) Chrome/150.0.0.0 Safari/537.36"
105.113.103.166 - - [21/Jul/2026:11:53:46 +0000] "POST /wp-admin/admin-ajax.php HTTP/1.1" 200 1664 "https://buygreatessentials.shop/wp-admin/post.php?post=115&action=elementor" "Mozilla/5.0 (Windows NT 10.0; Win64; x64) AppleWebKit/537.36 (KHTML, like Gecko) Chrome/150.0.0.0 Safari/537.36"
105.113.103.166 - - [21/Jul/2026:11:53:58 +0000] "POST /wp-admin/admin-ajax.php HTTP/1.1" 200 77 "https://buygreatessentials.shop/wp-admin/post.php?post=115&action=elementor" "Mozilla/5.0 (Windows NT 10.0; Win64; x64) AppleWebKit/537.36 (KHTML, like Gecko) Chrome/150.0.0.0 Safari/537.36"
105.113.103.166 - - [21/Jul/2026:11:54:01 +0000] "GET /wp-json/elementor/v1/checklist/user-progress HTTP/1.1" 200 534 "https://buygreatessentials.shop/wp-admin/post.php?post=115&action=elementor" "Mozilla/5.0 (Windows NT 10.0; Win64; x64) AppleWebKit/537.36 (KHTML, like Gecko) Chrome/150.0.0.0 Safari/537.36"
105.113.103.166 - - [21/Jul/2026:11:54:01 +0000] "POST /wp-json/wpforms/v1/elementor/themes/custom/?_locale=user HTTP/1.1" 200 15 "https://buygreatessentials.shop/?page_id=115&elementor-preview=115&ver=1784600596" "Mozilla/5.0 (Windows NT 10.0; Win64; x64) AppleWebKit/537.36 (KHTML, like Gecko) Chrome/150.0.0.0 Safari/537.36"
105.113.103.166 - - [21/Jul/2026:11:54:08 +0000] "POST /wp-admin/admin-ajax.php HTTP/1.1" 200 77 "https://buygreatessentials.shop/wp-admin/post.php?post=115&action=elementor" "Mozilla/5.0 (Windows NT 10.0; Win64; x64) AppleWebKit/537.36 (KHTML, like Gecko) Chrome/150.0.0.0 Safari/537.36"
105.113.103.166 - - [21/Jul/2026:11:54:18 +0000] "GET /wp-json/elementor/v1/checklist/user-progress HTTP/1.1" 200 534 "https://buygreatessentials.shop/wp-admin/post.php?post=115&action=elementor" "Mozilla/5.0 (Windows NT 10.0; Win64; x64) AppleWebKit/537.36 (KHTML, like Gecko) Chrome/150.0.0.0 Safari/537.36"
105.113.103.166 - - [21/Jul/2026:11:54:19 +0000] "PUT /wp-json/elementor/v1/global-classes?context=frontend HTTP/1.1" 204 - "https://buygreatessentials.shop/wp-admin/post.php?post=115&action=elementor" "Mozilla/5.0 (Windows NT 10.0; Win64; x64) AppleWebKit/537.36 (KHTML, like Gecko) Chrome/150.0.0.0 Safari/537.36"
105.113.103.166 - - [21/Jul/2026:11:54:24 +0000] "POST /wp-admin/admin-ajax.php HTTP/1.1" 200 77 "https://buygreatessentials.shop/wp-admin/post.php?post=115&action=elementor" "Mozilla/5.0 (Windows NT 10.0; Win64; x64) AppleWebKit/537.36 (KHTML, like Gecko) Chrome/150.0.0.0 Safari/537.36"
105.113.103.166 - - [21/Jul/2026:11:54:20 +0000] "POST /wp-admin/admin-ajax.php HTTP/1.1" 200 1669 "https://buygreatessentials.shop/wp-admin/post.php?post=115&action=elementor" "Mozilla/5.0 (Windows NT 10.0; Win64; x64) AppleWebKit/537.36 (KHTML, like Gecko) Chrome/150.0.0.0 Safari/537.36"
105.113.103.166 - - [21/Jul/2026:11:54:23 +0000] "POST /wp-json/elementor/v1/design-system-sync/stylesheet HTTP/1.1" 204 - "https://buygreatessentials.shop/wp-admin/post.php?post=115&action=elementor" "Mozilla/5.0 (Windows NT 10.0; Win64; x64) AppleWebKit/537.36 (KHTML, like Gecko) Chrome/150.0.0.0 Safari/537.36"
105.113.103.166 - - [21/Jul/2026:11:54:26 +0000] "POST /wp-json/wpforms/v1/elementor/themes/custom/?_locale=user HTTP/1.1" 200 15 "https://buygreatessentials.shop/?page_id=115&elementor-preview=115&ver=1784600596" "Mozilla/5.0 (Windows NT 10.0; Win64; x64) AppleWebKit/537.36 (KHTML, like Gecko) Chrome/150.0.0.0 Safari/537.36"
105.113.103.166 - - [21/Jul/2026:11:54:26 +0000] "GET /wp-json/elementor/v1/checklist/user-progress HTTP/1.1" 200 534 "https://buygreatessentials.shop/wp-admin/post.php?post=115&action=elementor" "Mozilla/5.0 (Windows NT 10.0; Win64; x64) AppleWebKit/537.36 (KHTML, like Gecko) Chrome/150.0.0.0 Safari/537.36"
105.113.103.166 - - [21/Jul/2026:11:54:27 +0000] "POST /wp-admin/admin-ajax.php HTTP/1.1" 200 47 "https://buygreatessentials.shop/wp-admin/edit.php?post_type=page" "Mozilla/5.0 (Windows NT 10.0; Win64; x64) AppleWebKit/537.36 (KHTML, like Gecko) Chrome/150.0.0.0 Safari/537.36"
198.177.124.148 - - [21/Jul/2026:11:54:46 +0000] "POST /wp-cron.php?doing_wp_cron=1784634886.2374761104583740234375 HTTP/1.1" 200 - "-" "WordPress/7.0.2; https://buygreatessentials.shop"
105.113.103.166 - - [21/Jul/2026:11:54:44 +0000] "POST /wp-admin/admin-ajax.php HTTP/1.1" 200 47 "https://buygreatessentials.shop/wp-admin/edit.php?post_type=page" "Mozilla/5.0 (Windows NT 10.0; Win64; x64) AppleWebKit/537.36 (KHTML, like Gecko) Chrome/150.0.0.0 Safari/537.36"
105.113.103.166 - - [21/Jul/2026:11:54:50 +0000] "POST /wp-admin/admin-ajax.php HTTP/1.1" 200 77 "https://buygreatessentials.shop/wp-admin/post.php?post=115&action=elementor" "Mozilla/5.0 (Windows NT 10.0; Win64; x64) AppleWebKit/537.36 (KHTML, like Gecko) Chrome/150.0.0.0 Safari/537.36"
105.113.103.166 - - [21/Jul/2026:11:54:43 +0000] "GET /powerbank-2/ HTTP/1.1" 200 232440 "-" "Mozilla/5.0 (Windows NT 10.0; Win64; x64) AppleWebKit/537.36 (KHTML, like Gecko) Chrome/150.0.0.0 Safari/537.36"
105.113.103.166 - - [21/Jul/2026:11:54:51 +0000] "GET /wp-content/uploads/elementor/css/post-115.css?ver=1784634885 HTTP/1.1" 200 3227 "https://buygreatessentials.shop/powerbank-2/" "Mozilla/5.0 (Windows NT 10.0; Win64; x64) AppleWebKit/537.36 (KHTML, like Gecko) Chrome/150.0.0.0 Safari/537.36"
105.113.103.166 - - [21/Jul/2026:11:54:50 +0000] "GET /wp-json/elementor/v1/checklist/user-progress HTTP/1.1" 200 534 "https://buygreatessentials.shop/wp-admin/post.php?post=115&action=elementor" "Mozilla/5.0 (Windows NT 10.0; Win64; x64) AppleWebKit/537.36 (KHTML, like Gecko) Chrome/150.0.0.0 Safari/537.36"
105.113.103.166 - - [21/Jul/2026:11:54:51 +0000] "GET /wp-content/uploads/elementor/css/local-115-frontend-desktop.css?ver=6a5f5e05e058d HTTP/1.1" 200 625 "https://buygreatessentials.shop/powerbank-2/" "Mozilla/5.0 (Windows NT 10.0; Win64; x64) AppleWebKit/537.36 (KHTML, like Gecko) Chrome/150.0.0.0 Safari/537.36"
105.113.103.166 - - [21/Jul/2026:11:54:51 +0000] "GET /wp-content/uploads/elementor/css/local-115-frontend-mobile.css?ver=6a5f5e05e058d HTTP/1.1" 200 236 "https://buygreatessentials.shop/powerbank-2/" "Mozilla/5.0 (Windows NT 10.0; Win64; x64) AppleWebKit/537.36 (KHTML, like Gecko) Chrome/150.0.0.0 Safari/537.36"
105.113.103.166 - - [21/Jul/2026:11:54:52 +0000] "GET /wp-content/uploads/2026/07/ChatGPT-Image-Jul-21-2026-12_16_22-PM.png HTTP/1.1" 304 - "https://buygreatessentials.shop/powerbank-2/" "Mozilla/5.0 (Windows NT 10.0; Win64; x64) AppleWebKit/537.36 (KHTML, like Gecko) Chrome/150.0.0.0 Safari/537.36"
105.113.103.166 - - [21/Jul/2026:11:54:52 +0000] "GET /wp-content/uploads/2026/07/ChatGPT-Image-Jul-21-2026-12_35_16-PM.png HTTP/1.1" 304 - "https://buygreatessentials.shop/powerbank-2/" "Mozilla/5.0 (Windows NT 10.0; Win64; x64) AppleWebKit/537.36 (KHTML, like Gecko) Chrome/150.0.0.0 Safari/537.36"
105.113.103.166 - - [21/Jul/2026:11:54:52 +0000] "GET /wp-content/uploads/2026/07/ChatGPT-Image-Jul-21-2026-12_46_05-PM.png HTTP/1.1" 304 - "https://buygreatessentials.shop/powerbank-2/" "Mozilla/5.0 (Windows NT 10.0; Win64; x64) AppleWebKit/537.36 (KHTML, like Gecko) Chrome/150.0.0.0 Safari/537.36"
105.113.103.166 - - [21/Jul/2026:11:54:53 +0000] "GET /wp-admin/admin-ajax.php?action=pys_get_pbid HTTP/1.1" 200 1 "https://buygreatessentials.shop/powerbank-2/" "Mozilla/5.0 (Windows NT 10.0; Win64; x64) AppleWebKit/537.36 (KHTML, like Gecko) Chrome/150.0.0.0 Safari/537.36"
105.113.103.166 - - [21/Jul/2026:11:54:54 +0000] "POST /wp-json/pys-facebook/v1/event HTTP/1.1" 200 16 "https://buygreatessentials.shop/powerbank-2/" "Mozilla/5.0 (Windows NT 10.0; Win64; x64) AppleWebKit/537.36 (KHTML, like Gecko) Chrome/150.0.0.0 Safari/537.36"
105.113.103.166 - - [21/Jul/2026:11:54:54 +0000] "GET /favicon.ico HTTP/1.1" 302 - "https://buygreatessentials.shop/powerbank-2/" "Mozilla/5.0 (Windows NT 10.0; Win64; x64) AppleWebKit/537.36 (KHTML, like Gecko) Chrome/150.0.0.0 Safari/537.36"
105.113.103.166 - - [21/Jul/2026:11:55:20 +0000] "POST /wp-admin/admin-ajax.php HTTP/1.1" 200 77 "https://buygreatessentials.shop/wp-admin/post.php?post=157&action=elementor" "Mozilla/5.0 (Windows NT 10.0; Win64; x64) AppleWebKit/537.36 (KHTML, like Gecko) Chrome/150.0.0.0 Safari/537.36"
198.177.124.148 - - [21/Jul/2026:11:57:04 +0000] "POST /wp-cron.php?doing_wp_cron=1784635024.9045100212097167968750 HTTP/1.1" 200 - "-" "WordPress/7.0.2; https://buygreatessentials.shop"
105.113.103.166 - - [21/Jul/2026:11:57:02 +0000] "POST /wp-admin/admin-ajax.php HTTP/1.1" 200 77 "https://buygreatessentials.shop/wp-admin/post.php?post=115&action=elementor" "Mozilla/5.0 (Windows NT 10.0; Win64; x64) AppleWebKit/537.36 (KHTML, like Gecko) Chrome/150.0.0.0 Safari/537.36"
105.113.103.166 - - [21/Jul/2026:11:57:05 +0000] "POST /wp-admin/admin-ajax.php HTTP/1.1" 200 47 "https://buygreatessentials.shop/wp-admin/edit.php?post_type=page" "Mozilla/5.0 (Windows NT 10.0; Win64; x64) AppleWebKit/537.36 (KHTML, like Gecko) Chrome/150.0.0.0 Safari/537.36"
105.113.103.166 - - [21/Jul/2026:11:57:05 +0000] "GET /wp-json/elementor/v1/checklist/user-progress HTTP/1.1" 200 534 "https://buygreatessentials.shop/wp-admin/post.php?post=115&action=elementor" "Mozilla/5.0 (Windows NT 10.0; Win64; x64) AppleWebKit/537.36 (KHTML, like Gecko) Chrome/150.0.0.0 Safari/537.36"
105.113.103.166 - - [21/Jul/2026:11:57:07 +0000] "POST /wp-admin/admin-ajax.php HTTP/1.1" 200 77 "https://buygreatessentials.shop/wp-admin/post.php?post=115&action=elementor" "Mozilla/5.0 (Windows NT 10.0; Win64; x64) AppleWebKit/537.36 (KHTML, like Gecko) Chrome/150.0.0.0 Safari/537.36"
105.113.103.166 - - [21/Jul/2026:11:57:20 +0000] "POST /wp-admin/admin-ajax.php HTTP/1.1" 200 77 "https://buygreatessentials.shop/wp-admin/post.php?post=157&action=elementor" "Mozilla/5.0 (Windows NT 10.0; Win64; x64) AppleWebKit/537.36 (KHTML, like Gecko) Chrome/150.0.0.0 Safari/537.36"
105.113.103.166 - - [21/Jul/2026:11:57:21 +0000] "POST /wp-admin/admin-ajax.php HTTP/1.1" 200 77 "https://buygreatessentials.shop/wp-admin/post.php?post=115&action=elementor" "Mozilla/5.0 (Windows NT 10.0; Win64; x64) AppleWebKit/537.36 (KHTML, like Gecko) Chrome/150.0.0.0 Safari/537.36"
198.177.124.148 - - [21/Jul/2026:11:58:43 +0000] "POST /wp-cron.php?doing_wp_cron=1784635123.4573988914489746093750 HTTP/1.1" 200 - "-" "WordPress/7.0.2; https://buygreatessentials.shop"
105.113.103.166 - - [21/Jul/2026:11:58:40 +0000] "POST /wp-admin/admin-ajax.php HTTP/1.1" 200 47 "https://buygreatessentials.shop/wp-admin/edit.php?post_type=page" "Mozilla/5.0 (Windows NT 10.0; Win64; x64) AppleWebKit/537.36 (KHTML, like Gecko) Chrome/150.0.0.0 Safari/537.36"
105.113.103.166 - - [21/Jul/2026:11:59:21 +0000] "POST /wp-admin/admin-ajax.php HTTP/1.1" 200 77 "https://buygreatessentials.shop/wp-admin/post.php?post=157&action=elementor" "Mozilla/5.0 (Windows NT 10.0; Win64; x64) AppleWebKit/537.36 (KHTML, like Gecko) Chrome/150.0.0.0 Safari/537.36"
105.113.103.166 - - [21/Jul/2026:11:59:22 +0000] "POST /wp-admin/admin-ajax.php HTTP/1.1" 200 77 "https://buygreatessentials.shop/wp-admin/post.php?post=115&action=elementor" "Mozilla/5.0 (Windows NT 10.0; Win64; x64) AppleWebKit/537.36 (KHTML, like Gecko) Chrome/150.0.0.0 Safari/537.36"
198.177.124.148 - - [21/Jul/2026:12:01:26 +0000] "POST /wp-cron.php?doing_wp_cron=1784635286.1780738830566406250000 HTTP/1.1" 200 - "-" "WordPress/7.0.2; https://buygreatessentials.shop"
105.113.103.166 - - [21/Jul/2026:12:01:23 +0000] "POST /wp-admin/admin-ajax.php HTTP/1.1" 200 223 "https://buygreatessentials.shop/wp-admin/post.php?post=157&action=elementor" "Mozilla/5.0 (Windows NT 10.0; Win64; x64) AppleWebKit/537.36 (KHTML, like Gecko) Chrome/150.0.0.0 Safari/537.36"
105.113.103.166 - - [21/Jul/2026:12:01:23 +0000] "POST /wp-admin/admin-ajax.php HTTP/1.1" 200 223 "https://buygreatessentials.shop/wp-admin/post.php?post=115&action=elementor" "Mozilla/5.0 (Windows NT 10.0; Win64; x64) AppleWebKit/537.36 (KHTML, like Gecko) Chrome/150.0.0.0 Safari/537.36"
105.113.103.166 - - [21/Jul/2026:12:02:42 +0000] "POST /wp-admin/admin-ajax.php HTTP/1.1" 200 104 "https://buygreatessentials.shop/wp-admin/edit.php?post_type=page" "Mozilla/5.0 (Windows NT 10.0; Win64; x64) AppleWebKit/537.36 (KHTML, like Gecko) Chrome/150.0.0.0 Safari/537.36"
198.177.124.148 - - [21/Jul/2026:12:03:28 +0000] "POST /wp-cron.php?doing_wp_cron=1784635408.3450489044189453125000 HTTP/1.1" 200 - "-" "WordPress/7.0.2; https://buygreatessentials.shop"
105.113.103.166 - - [21/Jul/2026:12:03:24 +0000] "POST /wp-admin/admin-ajax.php HTTP/1.1" 200 77 "https://buygreatessentials.shop/wp-admin/post.php?post=115&action=elementor" "Mozilla/5.0 (Windows NT 10.0; Win64; x64) AppleWebKit/537.36 (KHTML, like Gecko) Chrome/150.0.0.0 Safari/537.36"
105.113.103.166 - - [21/Jul/2026:12:03:24 +0000] "POST /wp-admin/admin-ajax.php HTTP/1.1" 200 77 "https://buygreatessentials.shop/wp-admin/post.php?post=157&action=elementor" "Mozilla/5.0 (Windows NT 10.0; Win64; x64) AppleWebKit/537.36 (KHTML, like Gecko) Chrome/150.0.0.0 Safari/537.36"
198.177.124.148 - - [21/Jul/2026:12:04:05 +0000] "POST /wp-cron.php?doing_wp_cron=1784635445.2108540534973144531250 HTTP/1.1" 200 - "-" "WordPress/7.0.2; https://buygreatessentials.shop"
105.113.103.166 - - [21/Jul/2026:12:04:01 +0000] "POST /wp-admin/admin-ajax.php HTTP/1.1" 200 77 "https://buygreatessentials.shop/wp-admin/post.php?post=115&action=elementor" "Mozilla/5.0 (Windows NT 10.0; Win64; x64) AppleWebKit/537.36 (KHTML, like Gecko) Chrome/150.0.0.0 Safari/537.36"
105.113.103.166 - - [21/Jul/2026:12:04:01 +0000] "GET /wp-json/elementor/v1/checklist/user-progress HTTP/1.1" 200 534 "https://buygreatessentials.shop/wp-admin/post.php?post=115&action=elementor" "Mozilla/5.0 (Windows NT 10.0; Win64; x64) AppleWebKit/537.36 (KHTML, like Gecko) Chrome/150.0.0.0 Safari/537.36"
105.113.103.166 - - [21/Jul/2026:12:04:05 +0000] "POST /wp-admin/admin-ajax.php HTTP/1.1" 200 1667 "https://buygreatessentials.shop/wp-admin/post.php?post=115&action=elementor" "Mozilla/5.0 (Windows NT 10.0; Win64; x64) AppleWebKit/537.36 (KHTML, like Gecko) Chrome/150.0.0.0 Safari/537.36"
105.113.103.166 - - [21/Jul/2026:12:04:09 +0000] "GET /wp-content/uploads/2026/07/ChatGPT-Image-Jul-21-2026-12_46_05-PM.png HTTP/1.1" 304 - "https://buygreatessentials.shop/?page_id=115&elementor-preview=115&ver=1784600596" "Mozilla/5.0 (Windows NT 10.0; Win64; x64) AppleWebKit/537.36 (KHTML, like Gecko) Chrome/150.0.0.0 Safari/537.36"
105.113.103.166 - - [21/Jul/2026:12:04:15 +0000] "POST /wp-admin/admin-ajax.php HTTP/1.1" 200 39827 "https://buygreatessentials.shop/wp-admin/post.php?post=115&action=elementor" "Mozilla/5.0 (Windows NT 10.0; Win64; x64) AppleWebKit/537.36 (KHTML, like Gecko) Chrome/150.0.0.0 Safari/537.36"
105.113.103.166 - - [21/Jul/2026:12:04:15 +0000] "POST /wp-admin/admin-ajax.php HTTP/1.1" 200 41197 "https://buygreatessentials.shop/wp-admin/post.php?post=115&action=elementor" "Mozilla/5.0 (Windows NT 10.0; Win64; x64) AppleWebKit/537.36 (KHTML, like Gecko) Chrome/150.0.0.0 Safari/537.36"
105.113.103.166 - - [21/Jul/2026:12:04:16 +0000] "POST /wp-admin/admin-ajax.php HTTP/1.1" 200 77 "https://buygreatessentials.shop/wp-admin/post.php?post=115&action=elementor" "Mozilla/5.0 (Windows NT 10.0; Win64; x64) AppleWebKit/537.36 (KHTML, like Gecko) Chrome/150.0.0.0 Safari/537.36"
105.113.103.166 - - [21/Jul/2026:12:04:18 +0000] "GET /wp-content/uploads/2026/07/Screenshot-2025-07-21-012412-1-300x167.png HTTP/1.1" 404 246781 "https://buygreatessentials.shop/wp-admin/post.php?post=115&action=elementor" "Mozilla/5.0 (Windows NT 10.0; Win64; x64) AppleWebKit/537.36 (KHTML, like Gecko) Chrome/150.0.0.0 Safari/537.36"
105.113.103.166 - - [21/Jul/2026:12:04:19 +0000] "GET /wp-content/uploads/2026/07/Screenshot-2025-07-21-012907-300x244.png HTTP/1.1" 404 246777 "https://buygreatessentials.shop/wp-admin/post.php?post=115&action=elementor" "Mozilla/5.0 (Windows NT 10.0; Win64; x64) AppleWebKit/537.36 (KHTML, like Gecko) Chrome/150.0.0.0 Safari/537.36"
105.113.103.166 - - [21/Jul/2026:12:04:19 +0000] "GET /wp-content/uploads/2026/07/Screenshot-2025-07-21-012412-300x167.png HTTP/1.1" 404 246777 "https://buygreatessentials.shop/wp-admin/post.php?post=115&action=elementor" "Mozilla/5.0 (Windows NT 10.0; Win64; x64) AppleWebKit/537.36 (KHTML, like Gecko) Chrome/150.0.0.0 Safari/537.36"
105.113.103.166 - - [21/Jul/2026:12:04:32 +0000] "POST /wp-admin/admin-ajax.php HTTP/1.1" 200 77 "https://buygreatessentials.shop/wp-admin/post.php?post=115&action=elementor" "Mozilla/5.0 (Windows NT 10.0; Win64; x64) AppleWebKit/537.36 (KHTML, like Gecko) Chrome/150.0.0.0 Safari/537.36"
198.177.124.148 - - [21/Jul/2026:12:04:45 +0000] "POST /wp-cron.php?doing_wp_cron=1784635485.0133130550384521484375 HTTP/1.1" 200 - "-" "WordPress/7.0.2; https://buygreatessentials.shop"
105.113.103.166 - - [21/Jul/2026:12:04:42 +0000] "POST /wp-admin/admin-ajax.php HTTP/1.1" 200 47 "https://buygreatessentials.shop/wp-admin/edit.php?post_type=page" "Mozilla/5.0 (Windows NT 10.0; Win64; x64) AppleWebKit/537.36 (KHTML, like Gecko) Chrome/150.0.0.0 Safari/537.36"
105.113.103.166 - - [21/Jul/2026:12:05:13 +0000] "POST /wp-admin/admin-ajax.php HTTP/1.1" 200 77 "https://buygreatessentials.shop/wp-admin/post.php?post=115&action=elementor" "Mozilla/5.0 (Windows NT 10.0; Win64; x64) AppleWebKit/537.36 (KHTML, like Gecko) Chrome/150.0.0.0 Safari/537.36"
105.113.103.166 - - [21/Jul/2026:12:05:14 +0000] "POST /wp-admin/admin-ajax.php HTTP/1.1" 200 16 "https://buygreatessentials.shop/wp-admin/post.php?post=115&action=elementor" "Mozilla/5.0 (Windows NT 10.0; Win64; x64) AppleWebKit/537.36 (KHTML, like Gecko) Chrome/150.0.0.0 Safari/537.36"
105.113.103.166 - - [21/Jul/2026:12:05:14 +0000] "GET /wp-content/uploads/2026/07/Screenshot-2025-07-21-012907-300x244.png HTTP/1.1" 404 246777 "https://buygreatessentials.shop/wp-admin/post.php?post=115&action=elementor" "Mozilla/5.0 (Windows NT 10.0; Win64; x64) AppleWebKit/537.36 (KHTML, like Gecko) Chrome/150.0.0.0 Safari/537.36"
105.113.103.166 - - [21/Jul/2026:12:05:13 +0000] "POST /wp-admin/async-upload.php HTTP/1.1" 200 1711 "https://buygreatessentials.shop/wp-admin/post.php?post=115&action=elementor" "Mozilla/5.0 (Windows NT 10.0; Win64; x64) AppleWebKit/537.36 (KHTML, like Gecko) Chrome/150.0.0.0 Safari/537.36"
105.113.103.166 - - [21/Jul/2026:12:05:20 +0000] "GET /wp-content/uploads/2026/07/IMG4-300x200.jpg HTTP/1.1" 200 11287 "https://buygreatessentials.shop/wp-admin/post.php?post=115&action=elementor" "Mozilla/5.0 (Windows NT 10.0; Win64; x64) AppleWebKit/537.36 (KHTML, like Gecko) Chrome/150.0.0.0 Safari/537.36"
105.113.103.166 - - [21/Jul/2026:12:05:14 +0000] "GET /wp-content/uploads/2026/07/Screenshot-2025-07-21-012412-1-300x167.png HTTP/1.1" 404 246781 "https://buygreatessentials.shop/wp-admin/post.php?post=115&action=elementor" "Mozilla/5.0 (Windows NT 10.0; Win64; x64) AppleWebKit/537.36 (KHTML, like Gecko) Chrome/150.0.0.0 Safari/537.36"
105.113.103.166 - - [21/Jul/2026:12:05:14 +0000] "GET /wp-content/uploads/2026/07/Screenshot-2025-07-21-012412-300x167.png HTTP/1.1" 404 246777 "https://buygreatessentials.shop/wp-admin/post.php?post=115&action=elementor" "Mozilla/5.0 (Windows NT 10.0; Win64; x64) AppleWebKit/537.36 (KHTML, like Gecko) Chrome/150.0.0.0 Safari/537.36"
105.113.103.166 - - [21/Jul/2026:12:05:20 +0000] "GET /wp-content/uploads/2026/07/Screenshot-2025-07-21-012412-1-300x167.png HTTP/1.1" 404 246781 "https://buygreatessentials.shop/wp-admin/post.php?post=115&action=elementor" "Mozilla/5.0 (Windows NT 10.0; Win64; x64) AppleWebKit/537.36 (KHTML, like Gecko) Chrome/150.0.0.0 Safari/537.36"
105.113.103.166 - - [21/Jul/2026:12:05:24 +0000] "GET /wp-content/uploads/2026/07/IMG4.jpg HTTP/1.1" 200 86288 "https://buygreatessentials.shop/wp-admin/post.php?post=115&action=elementor" "Mozilla/5.0 (Windows NT 10.0; Win64; x64) AppleWebKit/537.36 (KHTML, like Gecko) Chrome/150.0.0.0 Safari/537.36"
105.113.103.166 - - [21/Jul/2026:12:05:20 +0000] "GET /wp-content/uploads/2026/07/Screenshot-2025-07-21-012907-300x244.png HTTP/1.1" 404 246777 "https://buygreatessentials.shop/wp-admin/post.php?post=115&action=elementor" "Mozilla/5.0 (Windows NT 10.0; Win64; x64) AppleWebKit/537.36 (KHTML, like Gecko) Chrome/150.0.0.0 Safari/537.36"
105.113.103.166 - - [21/Jul/2026:12:05:23 +0000] "POST /wp-admin/admin-ajax.php HTTP/1.1" 200 1711 "https://buygreatessentials.shop/wp-admin/post.php?post=115&action=elementor" "Mozilla/5.0 (Windows NT 10.0; Win64; x64) AppleWebKit/537.36 (KHTML, like Gecko) Chrome/150.0.0.0 Safari/537.36"
105.113.103.166 - - [21/Jul/2026:12:05:25 +0000] "GET /wp-json/elementor/v1/checklist/user-progress HTTP/1.1" 200 534 "https://buygreatessentials.shop/wp-admin/post.php?post=115&action=elementor" "Mozilla/5.0 (Windows NT 10.0; Win64; x64) AppleWebKit/537.36 (KHTML, like Gecko) Chrome/150.0.0.0 Safari/537.36"
105.113.103.166 - - [21/Jul/2026:12:05:28 +0000] "GET /wp-content/uploads/2026/07/IMG4.jpg HTTP/1.1" 304 - "https://buygreatessentials.shop/wp-admin/post.php?post=115&action=elementor" "Mozilla/5.0 (Windows NT 10.0; Win64; x64) AppleWebKit/537.36 (KHTML, like Gecko) Chrome/150.0.0.0 Safari/537.36"
105.113.103.166 - - [21/Jul/2026:12:05:25 +0000] "POST /wp-admin/admin-ajax.php HTTP/1.1" 200 77 "https://buygreatessentials.shop/wp-admin/post.php?post=157&action=elementor" "Mozilla/5.0 (Windows NT 10.0; Win64; x64) AppleWebKit/537.36 (KHTML, like Gecko) Chrome/150.0.0.0 Safari/537.36"
105.113.103.166 - - [21/Jul/2026:12:05:25 +0000] "POST /wp-admin/admin-ajax.php HTTP/1.1" 200 680 "https://buygreatessentials.shop/wp-admin/post.php?post=115&action=elementor" "Mozilla/5.0 (Windows NT 10.0; Win64; x64) AppleWebKit/537.36 (KHTML, like Gecko) Chrome/150.0.0.0 Safari/537.36"
105.113.103.166 - - [21/Jul/2026:12:05:28 +0000] "POST /wp-admin/admin-ajax.php HTTP/1.1" 200 77 "https://buygreatessentials.shop/wp-admin/post.php?post=115&action=elementor" "Mozilla/5.0 (Windows NT 10.0; Win64; x64) AppleWebKit/537.36 (KHTML, like Gecko) Chrome/150.0.0.0 Safari/537.36"
105.113.103.166 - - [21/Jul/2026:12:05:31 +0000] "GET /wp-json/elementor/v1/checklist/user-progress HTTP/1.1" 200 534 "https://buygreatessentials.shop/wp-admin/post.php?post=115&action=elementor" "Mozilla/5.0 (Windows NT 10.0; Win64; x64) AppleWebKit/537.36 (KHTML, like Gecko) Chrome/150.0.0.0 Safari/537.36"
105.113.103.166 - - [21/Jul/2026:12:05:31 +0000] "PUT /wp-json/elementor/v1/global-classes?context=frontend HTTP/1.1" 204 - "https://buygreatessentials.shop/wp-admin/post.php?post=115&action=elementor" "Mozilla/5.0 (Windows NT 10.0; Win64; x64) AppleWebKit/537.36 (KHTML, like Gecko) Chrome/150.0.0.0 Safari/537.36"
105.113.103.166 - - [21/Jul/2026:12:05:32 +0000] "POST /wp-admin/admin-ajax.php HTTP/1.1" 200 1681 "https://buygreatessentials.shop/wp-admin/post.php?post=115&action=elementor" "Mozilla/5.0 (Windows NT 10.0; Win64; x64) AppleWebKit/537.36 (KHTML, like Gecko) Chrome/150.0.0.0 Safari/537.36"
105.113.103.166 - - [21/Jul/2026:12:05:33 +0000] "POST /wp-json/elementor/v1/design-system-sync/stylesheet HTTP/1.1" 204 - "https://buygreatessentials.shop/wp-admin/post.php?post=115&action=elementor" "Mozilla/5.0 (Windows NT 10.0; Win64; x64) AppleWebKit/537.36 (KHTML, like Gecko) Chrome/150.0.0.0 Safari/537.36"
105.113.103.166 - - [21/Jul/2026:12:05:35 +0000] "POST /wp-json/wpforms/v1/elementor/themes/custom/?_locale=user HTTP/1.1" 200 15 "https://buygreatessentials.shop/?page_id=115&elementor-preview=115&ver=1784600596" "Mozilla/5.0 (Windows NT 10.0; Win64; x64) AppleWebKit/537.36 (KHTML, like Gecko) Chrome/150.0.0.0 Safari/537.36"
105.113.103.166 - - [21/Jul/2026:12:05:35 +0000] "GET /wp-json/elementor/v1/checklist/user-progress HTTP/1.1" 200 534 "https://buygreatessentials.shop/wp-admin/post.php?post=115&action=elementor" "Mozilla/5.0 (Windows NT 10.0; Win64; x64) AppleWebKit/537.36 (KHTML, like Gecko) Chrome/150.0.0.0 Safari/537.36"
198.177.124.148 - - [21/Jul/2026:12:05:46 +0000] "POST /wp-cron.php?doing_wp_cron=1784635546.4179799556732177734375 HTTP/1.1" 200 - "-" "WordPress/7.0.2; https://buygreatessentials.shop"
105.113.103.166 - - [21/Jul/2026:12:05:43 +0000] "POST /wp-admin/admin-ajax.php HTTP/1.1" 200 77 "https://buygreatessentials.shop/wp-admin/post.php?post=115&action=elementor" "Mozilla/5.0 (Windows NT 10.0; Win64; x64) AppleWebKit/537.36 (KHTML, like Gecko) Chrome/150.0.0.0 Safari/537.36"
198.177.124.148 - - [21/Jul/2026:12:05:50 +0000] "POST /wp-cron.php?doing_wp_cron=1784635550.5496819019317626953125 HTTP/1.1" 200 - "-" "WordPress/7.0.2; https://buygreatessentials.shop"
105.113.103.166 - - [21/Jul/2026:12:05:51 +0000] "GET /wp-content/uploads/elementor/css/post-157.css?ver=1784634420 HTTP/1.1" 304 - "https://buygreatessentials.shop/tech/" "Mozilla/5.0 (Windows NT 10.0; Win64; x64) AppleWebKit/537.36 (KHTML, like Gecko) Chrome/150.0.0.0 Safari/537.36"
105.113.103.166 - - [21/Jul/2026:12:05:46 +0000] "GET /tech/ HTTP/1.1" 200 222214 "-" "Mozilla/5.0 (Windows NT 10.0; Win64; x64) AppleWebKit/537.36 (KHTML, like Gecko) Chrome/150.0.0.0 Safari/537.36"
105.113.103.166 - - [21/Jul/2026:12:05:51 +0000] "GET /wp-content/uploads/elementor/css/local-157-frontend-desktop.css?ver=6a5f5439594e7 HTTP/1.1" 304 - "https://buygreatessentials.shop/tech/" "Mozilla/5.0 (Windows NT 10.0; Win64; x64) AppleWebKit/537.36 (KHTML, like Gecko) Chrome/150.0.0.0 Safari/537.36"
105.113.103.166 - - [21/Jul/2026:12:05:52 +0000] "GET /wp-admin/admin-ajax.php?action=pys_get_pbid HTTP/1.1" 200 1 "https://buygreatessentials.shop/tech/" "Mozilla/5.0 (Windows NT 10.0; Win64; x64) AppleWebKit/537.36 (KHTML, like Gecko) Chrome/150.0.0.0 Safari/537.36"
105.113.103.166 - - [21/Jul/2026:12:05:53 +0000] "POST /wp-json/pys-facebook/v1/event HTTP/1.1" 200 16 "https://buygreatessentials.shop/tech/" "Mozilla/5.0 (Windows NT 10.0; Win64; x64) AppleWebKit/537.36 (KHTML, like Gecko) Chrome/150.0.0.0 Safari/537.36"
105.113.103.166 - - [21/Jul/2026:12:05:53 +0000] "GET /favicon.ico HTTP/1.1" 302 - "https://buygreatessentials.shop/tech/" "Mozilla/5.0 (Windows NT 10.0; Win64; x64) AppleWebKit/537.36 (KHTML, like Gecko) Chrome/150.0.0.0 Safari/537.36"
105.113.103.166 - - [21/Jul/2026:12:06:06 +0000] "GET /wp-content/uploads/elementor/css/local-115-frontend-desktop.css?ver=6a5f60ad92e19 HTTP/1.1" 200 625 "https://buygreatessentials.shop/powerbank-2/" "Mozilla/5.0 (Windows NT 10.0; Win64; x64) AppleWebKit/537.36 (KHTML, like Gecko) Chrome/150.0.0.0 Safari/537.36"
105.113.103.166 - - [21/Jul/2026:12:06:06 +0000] "GET /wp-content/uploads/elementor/css/post-115.css?ver=1784635565 HTTP/1.1" 200 3227 "https://buygreatessentials.shop/powerbank-2/" "Mozilla/5.0 (Windows NT 10.0; Win64; x64) AppleWebKit/537.36 (KHTML, like Gecko) Chrome/150.0.0.0 Safari/537.36"
105.113.103.166 - - [21/Jul/2026:12:06:03 +0000] "GET /powerbank-2/ HTTP/1.1" 200 232854 "-" "Mozilla/5.0 (Windows NT 10.0; Win64; x64) AppleWebKit/537.36 (KHTML, like Gecko) Chrome/150.0.0.0 Safari/537.36"
105.113.103.166 - - [21/Jul/2026:12:06:06 +0000] "GET /wp-content/uploads/elementor/css/local-115-frontend-mobile.css?ver=6a5f60ad92e19 HTTP/1.1" 200 236 "https://buygreatessentials.shop/powerbank-2/" "Mozilla/5.0 (Windows NT 10.0; Win64; x64) AppleWebKit/537.36 (KHTML, like Gecko) Chrome/150.0.0.0 Safari/537.36"
105.113.103.166 - - [21/Jul/2026:12:06:07 +0000] "GET /wp-content/uploads/2026/07/ChatGPT-Image-Jul-21-2026-12_35_16-PM.png HTTP/1.1" 304 - "https://buygreatessentials.shop/powerbank-2/" "Mozilla/5.0 (Windows NT 10.0; Win64; x64) AppleWebKit/537.36 (KHTML, like Gecko) Chrome/150.0.0.0 Safari/537.36"
105.113.103.166 - - [21/Jul/2026:12:06:07 +0000] "GET /wp-content/uploads/2026/07/ChatGPT-Image-Jul-21-2026-12_16_22-PM.png HTTP/1.1" 304 - "https://buygreatessentials.shop/powerbank-2/" "Mozilla/5.0 (Windows NT 10.0; Win64; x64) AppleWebKit/537.36 (KHTML, like Gecko) Chrome/150.0.0.0 Safari/537.36"
105.113.103.166 - - [21/Jul/2026:12:06:07 +0000] "GET /wp-content/uploads/2026/07/ChatGPT-Image-Jul-21-2026-12_46_05-PM.png HTTP/1.1" 304 - "https://buygreatessentials.shop/powerbank-2/" "Mozilla/5.0 (Windows NT 10.0; Win64; x64) AppleWebKit/537.36 (KHTML, like Gecko) Chrome/150.0.0.0 Safari/537.36"
105.113.103.166 - - [21/Jul/2026:12:06:07 +0000] "GET /wp-content/uploads/2026/07/IMG4.jpg HTTP/1.1" 304 - "https://buygreatessentials.shop/powerbank-2/" "Mozilla/5.0 (Windows NT 10.0; Win64; x64) AppleWebKit/537.36 (KHTML, like Gecko) Chrome/150.0.0.0 Safari/537.36"
105.113.103.166 - - [21/Jul/2026:12:06:07 +0000] "GET /favicon.ico HTTP/1.1" 302 - "https://buygreatessentials.shop/powerbank-2/" "Mozilla/5.0 (Windows NT 10.0; Win64; x64) AppleWebKit/537.36 (KHTML, like Gecko) Chrome/150.0.0.0 Safari/537.36"
105.113.103.166 - - [21/Jul/2026:12:06:07 +0000] "GET /wp-admin/admin-ajax.php?action=pys_get_pbid HTTP/1.1" 200 1 "https://buygreatessentials.shop/powerbank-2/" "Mozilla/5.0 (Windows NT 10.0; Win64; x64) AppleWebKit/537.36 (KHTML, like Gecko) Chrome/150.0.0.0 Safari/537.36"
105.113.103.166 - - [21/Jul/2026:12:06:07 +0000] "POST /wp-json/pys-facebook/v1/event HTTP/1.1" 200 16 "https://buygreatessentials.shop/powerbank-2/" "Mozilla/5.0 (Windows NT 10.0; Win64; x64) AppleWebKit/537.36 (KHTML, like Gecko) Chrome/150.0.0.0 Safari/537.36"
198.177.124.148 - - [21/Jul/2026:12:07:29 +0000] "POST /wp-cron.php?doing_wp_cron=1784635649.6751658916473388671875 HTTP/1.1" 200 - "-" "WordPress/7.0.2; https://buygreatessentials.shop"
105.113.103.166 - - [21/Jul/2026:12:07:27 +0000] "POST /wp-admin/admin-ajax.php HTTP/1.1" 200 77 "https://buygreatessentials.shop/wp-admin/post.php?post=157&action=elementor" "Mozilla/5.0 (Windows NT 10.0; Win64; x64) AppleWebKit/537.36 (KHTML, like Gecko) Chrome/150.0.0.0 Safari/537.36"
105.113.103.166 - - [21/Jul/2026:12:07:41 +0000] "GET /wp-content/uploads/elementor/css/post-115.css?ver=1784635565 HTTP/1.1" 304 - "https://buygreatessentials.shop/powerbank-2/" "Mozilla/5.0 (Windows NT 10.0; Win64; x64) AppleWebKit/537.36 (KHTML, like Gecko) Chrome/150.0.0.0 Safari/537.36"
105.113.103.166 - - [21/Jul/2026:12:07:34 +0000] "GET /powerbank-2/ HTTP/1.1" 200 232854 "-" "Mozilla/5.0 (Windows NT 10.0; Win64; x64) AppleWebKit/537.36 (KHTML, like Gecko) Chrome/150.0.0.0 Safari/537.36"
105.113.103.166 - - [21/Jul/2026:12:07:42 +0000] "GET /wp-content/uploads/elementor/css/local-115-frontend-desktop.css?ver=6a5f60ad92e19 HTTP/1.1" 304 - "https://buygreatessentials.shop/powerbank-2/" "Mozilla/5.0 (Windows NT 10.0; Win64; x64) AppleWebKit/537.36 (KHTML, like Gecko) Chrome/150.0.0.0 Safari/537.36"
105.113.103.166 - - [21/Jul/2026:12:07:42 +0000] "GET /wp-content/uploads/elementor/css/local-115-frontend-mobile.css?ver=6a5f60ad92e19 HTTP/1.1" 304 - "https://buygreatessentials.shop/powerbank-2/" "Mozilla/5.0 (Windows NT 10.0; Win64; x64) AppleWebKit/537.36 (KHTML, like Gecko) Chrome/150.0.0.0 Safari/537.36"
105.113.103.166 - - [21/Jul/2026:12:07:43 +0000] "GET /wp-content/uploads/2026/07/ChatGPT-Image-Jul-21-2026-12_46_05-PM.png HTTP/1.1" 304 - "https://buygreatessentials.shop/powerbank-2/" "Mozilla/5.0 (Windows NT 10.0; Win64; x64) AppleWebKit/537.36 (KHTML, like Gecko) Chrome/150.0.0.0 Safari/537.36"
105.113.103.166 - - [21/Jul/2026:12:07:43 +0000] "GET /wp-content/uploads/2026/07/IMG4.jpg HTTP/1.1" 304 - "https://buygreatessentials.shop/powerbank-2/" "Mozilla/5.0 (Windows NT 10.0; Win64; x64) AppleWebKit/537.36 (KHTML, like Gecko) Chrome/150.0.0.0 Safari/537.36"
198.177.124.148 - - [21/Jul/2026:12:07:47 +0000] "POST /wp-cron.php?doing_wp_cron=1784635667.1752560138702392578125 HTTP/1.1" 200 - "-" "WordPress/7.0.2; https://buygreatessentials.shop"
105.113.103.166 - - [21/Jul/2026:12:07:43 +0000] "POST /wp-admin/admin-ajax.php HTTP/1.1" 200 77 "https://buygreatessentials.shop/wp-admin/post.php?post=115&action=elementor" "Mozilla/5.0 (Windows NT 10.0; Win64; x64) AppleWebKit/537.36 (KHTML, like Gecko) Chrome/150.0.0.0 Safari/537.36"
105.113.103.166 - - [21/Jul/2026:12:07:43 +0000] "GET /wp-admin/admin-ajax.php?action=pys_get_pbid HTTP/1.1" 200 1 "https://buygreatessentials.shop/powerbank-2/" "Mozilla/5.0 (Windows NT 10.0; Win64; x64) AppleWebKit/537.36 (KHTML, like Gecko) Chrome/150.0.0.0 Safari/537.36"
105.113.103.166 - - [21/Jul/2026:12:07:44 +0000] "POST /wp-json/pys-facebook/v1/event HTTP/1.1" 200 16 "https://buygreatessentials.shop/powerbank-2/" "Mozilla/5.0 (Windows NT 10.0; Win64; x64) AppleWebKit/537.36 (KHTML, like Gecko) Chrome/150.0.0.0 Safari/537.36"
105.113.103.166 - - [21/Jul/2026:12:07:49 +0000] "GET /favicon.ico HTTP/1.1" 302 - "https://buygreatessentials.shop/powerbank-2/" "Mozilla/5.0 (Windows NT 10.0; Win64; x64) AppleWebKit/537.36 (KHTML, like Gecko) Chrome/150.0.0.0 Safari/537.36"
198.177.124.148 - - [21/Jul/2026:12:10:08 +0000] "POST /wp-cron.php?doing_wp_cron=1784635808.4152140617370605468750 HTTP/1.1" 200 - "-" "WordPress/7.0.2; https://buygreatessentials.shop"
13.60.224.18 - - [21/Jul/2026:12:10:03 +0000] "GET /wp-login.php HTTP/1.1" 200 4823 "-" "Mozilla/5.0 (Windows NT 10.0; Win64; rv:143.0) Gecko/20100101 Firefox/143.0"
13.60.224.18 - - [21/Jul/2026:12:10:08 +0000] "GET /?author=1 HTTP/1.1" 404 78007 "-" "Mozilla/5.0 (Windows NT 10.0; Win64; x64) AppleWebKit/537.36 Chrome/129.0.0.0 Safari/537.36"
13.60.224.18 - - [21/Jul/2026:12:10:15 +0000] "GET /?rest_route=/wp/v2/users HTTP/1.1" 401 108 "-" "Mozilla/5.0 (Windows NT 10.0; Win64; x64) AppleWebKit/537.36 Chrome/129.0.0.0 Safari/537.36"
13.60.224.18 - - [21/Jul/2026:12:10:19 +0000] "GET /feed HTTP/1.1" 301 - "-" "Mozilla/5.0 (Macintosh; Intel Mac OS X 10_15_7) AppleWebKit/605.1.15 Version/17.0 Safari/605.1.15"
13.60.224.18 - - [21/Jul/2026:12:10:22 +0000] "GET /feed/ HTTP/1.1" 200 9502 "-" "Mozilla/5.0 (Macintosh; Intel Mac OS X 10_15_7) AppleWebKit/605.1.15 Version/17.0 Safari/605.1.15"
198.177.124.148 - - [21/Jul/2026:12:45:45 +0000] "POST /wp-cron.php?doing_wp_cron=1784637945.8999090194702148437500 HTTP/1.1" 200 - "-" "WordPress/7.0.2; https://buygreatessentials.shop"
105.113.95.102 - - [21/Jul/2026:12:45:41 +0000] "GET /powerbank-2/ HTTP/1.1" 200 66579 "-" "Mozilla/5.0 (Linux; Android 10; K) AppleWebKit/537.36 (KHTML, like Gecko) Chrome/150.0.0.0 Mobile Safari/537.36"
198.177.124.148 - - [21/Jul/2026:13:15:12 +0000] "POST /wp-cron.php?doing_wp_cron=1784639712.5527229309082031250000 HTTP/1.1" 200 - "-" "WordPress/7.0.2; https://buygreatessentials.shop"
34.77.70.95 - - [21/Jul/2026:13:15:08 +0000] "GET / HTTP/1.1" 200 99529 "-" "Mozilla/5.0 (Macintosh; Intel Mac OS X 10_15_7) AppleWebKit/537.36 (KHTML, like Gecko) Chrome/131.0.6778.86 Safari/537.36"
198.177.124.148 - - [21/Jul/2026:13:23:06 +0000] "POST /wp-cron.php?doing_wp_cron=1784640186.3573260307312011718750 HTTP/1.1" 200 - "-" "WordPress/7.0.2; https://buygreatessentials.shop"
105.113.95.102 - - [21/Jul/2026:13:23:06 +0000] "GET /wp-content/plugins/insert-headers-and-footers/build/admin-bar.css?ver=c95624a69c80301272a0 HTTP/1.1" 304 - "https://buygreatessentials.shop/powerbank-2/" "Mozilla/5.0 (Windows NT 10.0; Win64; x64) AppleWebKit/537.36 (KHTML, like Gecko) Chrome/150.0.0.0 Safari/537.36"
105.113.95.102 - - [21/Jul/2026:13:23:06 +0000] "GET /wp-content/plugins/pixelyoursite/dist/styles/notice.min.css?ver=11.2.1 HTTP/1.1" 304 - "https://buygreatessentials.shop/powerbank-2/" "Mozilla/5.0 (Windows NT 10.0; Win64; x64) AppleWebKit/537.36 (KHTML, like Gecko) Chrome/150.0.0.0 Safari/537.36"
105.113.95.102 - - [21/Jul/2026:13:23:06 +0000] "GET /wp-content/plugins/elementor/assets/lib/eicons/css/elementor-icons.min.css?ver=5.50.0 HTTP/1.1" 304 - "https://buygreatessentials.shop/powerbank-2/" "Mozilla/5.0 (Windows NT 10.0; Win64; x64) AppleWebKit/537.36 (KHTML, like Gecko) Chrome/150.0.0.0 Safari/537.36"
105.113.95.102 - - [21/Jul/2026:13:23:06 +0000] "GET /wp-content/plugins/elementor/assets/css/common.min.css?ver=4.1.5 HTTP/1.1" 304 - "https://buygreatessentials.shop/powerbank-2/" "Mozilla/5.0 (Windows NT 10.0; Win64; x64) AppleWebKit/537.36 (KHTML, like Gecko) Chrome/150.0.0.0 Safari/537.36"
105.113.95.102 - - [21/Jul/2026:13:23:02 +0000] "GET /powerbank-2/ HTTP/1.1" 200 232854 "-" "Mozilla/5.0 (Windows NT 10.0; Win64; x64) AppleWebKit/537.36 (KHTML, like Gecko) Chrome/150.0.0.0 Safari/537.36"
105.113.95.102 - - [21/Jul/2026:13:23:07 +0000] "GET /wp-content/plugins/elementor/assets/css/theme-light.min.css?ver=4.1.5 HTTP/1.1" 304 - "https://buygreatessentials.shop/powerbank-2/" "Mozilla/5.0 (Windows NT 10.0; Win64; x64) AppleWebKit/537.36 (KHTML, like Gecko) Chrome/150.0.0.0 Safari/537.36"
105.113.95.102 - - [21/Jul/2026:13:23:07 +0000] "GET /wp-content/plugins/wp-mail-smtp/assets/css/admin-bar.min.css?ver=4.9.0 HTTP/1.1" 304 - "https://buygreatessentials.shop/powerbank-2/" "Mozilla/5.0 (Windows NT 10.0; Win64; x64) AppleWebKit/537.36 (KHTML, like Gecko) Chrome/150.0.0.0 Safari/537.36"
105.113.95.102 - - [21/Jul/2026:13:23:07 +0000] "GET /wp-content/plugins/wpforms-lite/assets/css/admin-bar.min.css?ver=2.0.0.2 HTTP/1.1" 304 - "https://buygreatessentials.shop/powerbank-2/" "Mozilla/5.0 (Windows NT 10.0; Win64; x64) AppleWebKit/537.36 (KHTML, like Gecko) Chrome/150.0.0.0 Safari/537.36"
105.113.95.102 - - [21/Jul/2026:13:23:07 +0000] "GET /wp-content/plugins/wordfence/css/wordfenceBox.1778685035.css?ver=8.2.2 HTTP/1.1" 304 - "https://buygreatessentials.shop/powerbank-2/" "Mozilla/5.0 (Windows NT 10.0; Win64; x64) AppleWebKit/537.36 (KHTML, like Gecko) Chrome/150.0.0.0 Safari/537.36"
105.113.95.102 - - [21/Jul/2026:13:23:07 +0000] "GET /wp-content/plugins/elementor/assets/css/frontend.min.css?ver=4.1.5 HTTP/1.1" 304 - "https://buygreatessentials.shop/powerbank-2/" "Mozilla/5.0 (Windows NT 10.0; Win64; x64) AppleWebKit/537.36 (KHTML, like Gecko) Chrome/150.0.0.0 Safari/537.36"
105.113.95.102 - - [21/Jul/2026:13:23:07 +0000] "GET /wp-content/plugins/elementor/assets/css/admin-bar.min.css?ver=4.1.5 HTTP/1.1" 304 - "https://buygreatessentials.shop/powerbank-2/" "Mozilla/5.0 (Windows NT 10.0; Win64; x64) AppleWebKit/537.36 (KHTML, like Gecko) Chrome/150.0.0.0 Safari/537.36"
105.113.95.102 - - [21/Jul/2026:13:23:07 +0000] "GET /wp-content/plugins/elementor/assets/css/widget-image.min.css?ver=4.1.5 HTTP/1.1" 304 - "https://buygreatessentials.shop/powerbank-2/" "Mozilla/5.0 (Windows NT 10.0; Win64; x64) AppleWebKit/537.36 (KHTML, like Gecko) Chrome/150.0.0.0 Safari/537.36"
105.113.95.102 - - [21/Jul/2026:13:23:07 +0000] "GET /wp-content/plugins/elementor/assets/css/widget-image-carousel.min.css?ver=4.1.5 HTTP/1.1" 304 - "https://buygreatessentials.shop/powerbank-2/" "Mozilla/5.0 (Windows NT 10.0; Win64; x64) AppleWebKit/537.36 (KHTML, like Gecko) Chrome/150.0.0.0 Safari/537.36"
105.113.95.102 - - [21/Jul/2026:13:23:07 +0000] "GET /wp-content/plugins/elementor/assets/lib/swiper/v8/css/swiper.min.css?ver=8.4.5 HTTP/1.1" 304 - "https://buygreatessentials.shop/powerbank-2/" "Mozilla/5.0 (Windows NT 10.0; Win64; x64) AppleWebKit/537.36 (KHTML, like Gecko) Chrome/150.0.0.0 Safari/537.36"
105.113.95.102 - - [21/Jul/2026:13:23:07 +0000] "GET /wp-content/plugins/elementor/assets/css/conditionals/e-swiper.min.css?ver=4.1.5 HTTP/1.1" 304 - "https://buygreatessentials.shop/powerbank-2/" "Mozilla/5.0 (Windows NT 10.0; Win64; x64) AppleWebKit/537.36 (KHTML, like Gecko) Chrome/150.0.0.0 Safari/537.36"
105.113.95.102 - - [21/Jul/2026:13:23:07 +0000] "GET /wp-content/plugins/elementor/assets/lib/animations/styles/rollIn.min.css?ver=4.1.5 HTTP/1.1" 304 - "https://buygreatessentials.shop/powerbank-2/" "Mozilla/5.0 (Windows NT 10.0; Win64; x64) AppleWebKit/537.36 (KHTML, like Gecko) Chrome/150.0.0.0 Safari/537.36"
105.113.95.102 - - [21/Jul/2026:13:23:07 +0000] "GET /wp-content/uploads/elementor/css/post-115.css?ver=1784635565 HTTP/1.1" 304 - "https://buygreatessentials.shop/powerbank-2/" "Mozilla/5.0 (Windows NT 10.0; Win64; x64) AppleWebKit/537.36 (KHTML, like Gecko) Chrome/150.0.0.0 Safari/537.36"
105.113.95.102 - - [21/Jul/2026:13:23:07 +0000] "GET /wp-content/plugins/wordfence/js/admin.ajaxWatcher.1778685035.js?ver=8.2.2 HTTP/1.1" 304 - "https://buygreatessentials.shop/powerbank-2/" "Mozilla/5.0 (Windows NT 10.0; Win64; x64) AppleWebKit/537.36 (KHTML, like Gecko) Chrome/150.0.0.0 Safari/537.36"
105.113.95.102 - - [21/Jul/2026:13:23:07 +0000] "GET /wp-content/uploads/elementor/css/local-115-frontend-desktop.css?ver=6a5f60ad92e19 HTTP/1.1" 304 - "https://buygreatessentials.shop/powerbank-2/" "Mozilla/5.0 (Windows NT 10.0; Win64; x64) AppleWebKit/537.36 (KHTML, like Gecko) Chrome/150.0.0.0 Safari/537.36"
105.113.95.102 - - [21/Jul/2026:13:23:07 +0000] "GET /wp-content/plugins/wordfence/js/wfi18n.1778685035.js?ver=8.2.2 HTTP/1.1" 304 - "https://buygreatessentials.shop/powerbank-2/" "Mozilla/5.0 (Windows NT 10.0; Win64; x64) AppleWebKit/537.36 (KHTML, like Gecko) Chrome/150.0.0.0 Safari/537.36"
105.113.95.102 - - [21/Jul/2026:13:23:07 +0000] "GET /wp-content/uploads/2026/07/ChatGPT-Image-Jul-15-2026-03_17_58-PM-1.png HTTP/1.1" 304 - "https://buygreatessentials.shop/powerbank-2/" "Mozilla/5.0 (Windows NT 10.0; Win64; x64) AppleWebKit/537.36 (KHTML, like Gecko) Chrome/150.0.0.0 Safari/537.36"
105.113.95.102 - - [21/Jul/2026:13:23:08 +0000] "GET /wp-content/uploads/2026/07/Powerbank-1.png HTTP/1.1" 304 - "https://buygreatessentials.shop/powerbank-2/" "Mozilla/5.0 (Windows NT 10.0; Win64; x64) AppleWebKit/537.36 (KHTML, like Gecko) Chrome/150.0.0.0 Safari/537.36"
105.113.95.102 - - [21/Jul/2026:13:23:08 +0000] "GET /wp-content/uploads/2026/07/powerbank2.png HTTP/1.1" 304 - "https://buygreatessentials.shop/powerbank-2/" "Mozilla/5.0 (Windows NT 10.0; Win64; x64) AppleWebKit/537.36 (KHTML, like Gecko) Chrome/150.0.0.0 Safari/537.36"
105.113.95.102 - - [21/Jul/2026:13:23:08 +0000] "GET /wp-content/uploads/2026/07/Powerbank-150x150.png HTTP/1.1" 304 - "https://buygreatessentials.shop/powerbank-2/" "Mozilla/5.0 (Windows NT 10.0; Win64; x64) AppleWebKit/537.36 (KHTML, like Gecko) Chrome/150.0.0.0 Safari/537.36"
105.113.95.102 - - [21/Jul/2026:13:23:08 +0000] "GET /wp-content/uploads/2026/07/ChatGPT-Image-Jul-15-2026-03_17_58-PM-1-150x150.png HTTP/1.1" 304 - "https://buygreatessentials.shop/powerbank-2/" "Mozilla/5.0 (Windows NT 10.0; Win64; x64) AppleWebKit/537.36 (KHTML, like Gecko) Chrome/150.0.0.0 Safari/537.36"
105.113.95.102 - - [21/Jul/2026:13:23:08 +0000] "GET /wp-content/plugins/insert-headers-and-footers/build/admin-bar.js?ver=c95624a69c80301272a0 HTTP/1.1" 304 - "https://buygreatessentials.shop/powerbank-2/" "Mozilla/5.0 (Windows NT 10.0; Win64; x64) AppleWebKit/537.36 (KHTML, like Gecko) Chrome/150.0.0.0 Safari/537.36"
105.113.95.102 - - [21/Jul/2026:13:23:08 +0000] "GET /wp-content/plugins/elementor/assets/lib/backbone/backbone.marionette.min.js?ver=2.4.5.e1 HTTP/1.1" 304 - "https://buygreatessentials.shop/powerbank-2/" "Mozilla/5.0 (Windows NT 10.0; Win64; x64) AppleWebKit/537.36 (KHTML, like Gecko) Chrome/150.0.0.0 Safari/537.36"
105.113.95.102 - - [21/Jul/2026:13:23:08 +0000] "GET /wp-content/plugins/elementor/assets/lib/backbone/backbone.radio.min.js?ver=1.0.4 HTTP/1.1" 304 - "https://buygreatessentials.shop/powerbank-2/" "Mozilla/5.0 (Windows NT 10.0; Win64; x64) AppleWebKit/537.36 (KHTML, like Gecko) Chrome/150.0.0.0 Safari/537.36"
105.113.95.102 - - [21/Jul/2026:13:23:08 +0000] "GET /wp-content/plugins/elementor/assets/js/common-modules.min.js?ver=4.1.5 HTTP/1.1" 304 - "https://buygreatessentials.shop/powerbank-2/" "Mozilla/5.0 (Windows NT 10.0; Win64; x64) AppleWebKit/537.36 (KHTML, like Gecko) Chrome/150.0.0.0 Safari/537.36"
105.113.95.102 - - [21/Jul/2026:13:23:08 +0000] "GET /wp-content/plugins/elementor/assets/js/web-cli.min.js?ver=4.1.5 HTTP/1.1" 304 - "https://buygreatessentials.shop/powerbank-2/" "Mozilla/5.0 (Windows NT 10.0; Win64; x64) AppleWebKit/537.36 (KHTML, like Gecko) Chrome/150.0.0.0 Safari/537.36"
105.113.95.102 - - [21/Jul/2026:13:23:08 +0000] "GET /wp-content/plugins/elementor/assets/lib/dialog/dialog.min.js?ver=4.9.4 HTTP/1.1" 304 - "https://buygreatessentials.shop/powerbank-2/" "Mozilla/5.0 (Windows NT 10.0; Win64; x64) AppleWebKit/537.36 (KHTML, like Gecko) Chrome/150.0.0.0 Safari/537.36"
105.113.95.102 - - [21/Jul/2026:13:23:09 +0000] "GET /wp-content/plugins/elementor/assets/js/dev-tools.min.js?ver=4.1.5 HTTP/1.1" 304 - "https://buygreatessentials.shop/powerbank-2/" "Mozilla/5.0 (Windows NT 10.0; Win64; x64) AppleWebKit/537.36 (KHTML, like Gecko) Chrome/150.0.0.0 Safari/537.36"
105.113.95.102 - - [21/Jul/2026:13:23:09 +0000] "GET /wp-content/plugins/elementor/assets/js/app-loader.min.js?ver=4.1.5 HTTP/1.1" 304 - "https://buygreatessentials.shop/powerbank-2/" "Mozilla/5.0 (Windows NT 10.0; Win64; x64) AppleWebKit/537.36 (KHTML, like Gecko) Chrome/150.0.0.0 Safari/537.36"
105.113.95.102 - - [21/Jul/2026:13:23:09 +0000] "GET /wp-content/plugins/elementor/assets/js/common.min.js?ver=4.1.5 HTTP/1.1" 304 - "https://buygreatessentials.shop/powerbank-2/" "Mozilla/5.0 (Windows NT 10.0; Win64; x64) AppleWebKit/537.36 (KHTML, like Gecko) Chrome/150.0.0.0 Safari/537.36"
105.113.95.102 - - [21/Jul/2026:13:23:09 +0000] "GET /wp-content/plugins/elementor/assets/js/webpack.runtime.min.js?ver=4.1.5 HTTP/1.1" 304 - "https://buygreatessentials.shop/powerbank-2/" "Mozilla/5.0 (Windows NT 10.0; Win64; x64) AppleWebKit/537.36 (KHTML, like Gecko) Chrome/150.0.0.0 Safari/537.36"
105.113.95.102 - - [21/Jul/2026:13:23:09 +0000] "GET /wp-content/plugins/elementor/assets/js/frontend-modules.min.js?ver=4.1.5 HTTP/1.1" 304 - "https://buygreatessentials.shop/powerbank-2/" "Mozilla/5.0 (Windows NT 10.0; Win64; x64) AppleWebKit/537.36 (KHTML, like Gecko) Chrome/150.0.0.0 Safari/537.36"
105.113.95.102 - - [21/Jul/2026:13:23:09 +0000] "GET /wp-content/plugins/elementor/assets/js/frontend.min.js?ver=4.1.5 HTTP/1.1" 304 - "https://buygreatessentials.shop/powerbank-2/" "Mozilla/5.0 (Windows NT 10.0; Win64; x64) AppleWebKit/537.36 (KHTML, like Gecko) Chrome/150.0.0.0 Safari/537.36"
105.113.95.102 - - [21/Jul/2026:13:23:09 +0000] "GET /wp-content/plugins/elementor/assets/lib/swiper/v8/swiper.min.js?ver=8.4.5 HTTP/1.1" 304 - "https://buygreatessentials.shop/powerbank-2/" "Mozilla/5.0 (Windows NT 10.0; Win64; x64) AppleWebKit/537.36 (KHTML, like Gecko) Chrome/150.0.0.0 Safari/537.36"
105.113.95.102 - - [21/Jul/2026:13:23:09 +0000] "GET /wp-content/plugins/elementor/assets/js/elementor-admin-bar.min.js?ver=4.1.5 HTTP/1.1" 304 - "https://buygreatessentials.shop/powerbank-2/" "Mozilla/5.0 (Windows NT 10.0; Win64; x64) AppleWebKit/537.36 (KHTML, like Gecko) Chrome/150.0.0.0 Safari/537.36"
105.113.95.102 - - [21/Jul/2026:13:23:09 +0000] "GET /wp-content/uploads/2026/07/powerbank2-150x150.png HTTP/1.1" 304 - "https://buygreatessentials.shop/powerbank-2/" "Mozilla/5.0 (Windows NT 10.0; Win64; x64) AppleWebKit/537.36 (KHTML, like Gecko) Chrome/150.0.0.0 Safari/537.36"
105.113.95.102 - - [21/Jul/2026:13:23:09 +0000] "GET /wp-content/plugins/pixelyoursite/dist/scripts/jquery.bind-first-0.2.3.min.js?ver=0.2.3 HTTP/1.1" 304 - "https://buygreatessentials.shop/powerbank-2/" "Mozilla/5.0 (Windows NT 10.0; Win64; x64) AppleWebKit/537.36 (KHTML, like Gecko) Chrome/150.0.0.0 Safari/537.36"
105.113.95.102 - - [21/Jul/2026:13:23:09 +0000] "GET /wp-content/plugins/pixelyoursite/dist/scripts/js.cookie-2.1.3.min.js?ver=2.1.3 HTTP/1.1" 304 - "https://buygreatessentials.shop/powerbank-2/" "Mozilla/5.0 (Windows NT 10.0; Win64; x64) AppleWebKit/537.36 (KHTML, like Gecko) Chrome/150.0.0.0 Safari/537.36"
105.113.95.102 - - [21/Jul/2026:13:23:09 +0000] "GET /wp-content/plugins/pixelyoursite/dist/scripts/tld.min.js?ver=2.3.1 HTTP/1.1" 304 - "https://buygreatessentials.shop/powerbank-2/" "Mozilla/5.0 (Windows NT 10.0; Win64; x64) AppleWebKit/537.36 (KHTML, like Gecko) Chrome/150.0.0.0 Safari/537.36"
