104.28.159.50 - - [21/Jul/2026:15:48:25 +0000] "POST /wp-login.php HTTP/1.1" 503 18043 "-" "Mozilla/5.0 (Windows NT 10.0; Win64; x64) AppleWebKit/537.36 (KHTML, like Gecko) Chrome/125.0.0.0 Safari/537.36"
104.28.159.50 - - [21/Jul/2026:15:49:13 +0000] "POST /wp-login.php HTTP/1.1" 503 18043 "-" "Mozilla/5.0 (Macintosh; Intel Mac OS X 14_3) AppleWebKit/537.36 (KHTML, like Gecko) Chrome/125.0.0.0 Safari/537.36"
104.28.159.50 - - [21/Jul/2026:15:50:03 +0000] "POST /wp-login.php HTTP/1.1" 503 18043 "-" "Mozilla/5.0 (Windows NT 10.0; WOW64) AppleWebKit/537.36 (KHTML, like Gecko) Chrome/118.0.0.0 Safari/537.36"
198.177.124.148 - - [21/Jul/2026:15:51:04 +0000] "POST /wp-cron.php?doing_wp_cron=1784649064.5670170783996582031250 HTTP/1.1" 200 - "-" "WordPress/7.0.2; https://buygreatessentials.shop"
104.28.159.50 - - [21/Jul/2026:15:50:59 +0000] "POST /wp-login.php HTTP/1.1" 503 18956 "-" "Mozilla/5.0 (Windows NT 10.0; WOW64) AppleWebKit/537.36 (KHTML, like Gecko) Chrome/118.0.0.0 Safari/537.36"
198.177.124.148 - - [21/Jul/2026:15:51:02 +0000] "POST /?wordfence_syncAttackData=1784649062.3438 HTTP/1.1" 200 - "-" "WordPress/7.0.2; https://buygreatessentials.shop"
104.28.159.50 - - [21/Jul/2026:15:51:56 +0000] "POST /wp-login.php HTTP/1.1" 503 18043 "-" "Mozilla/5.0 (X11; Linux x86_64; rv:125.0) Gecko/20100101 Firefox/125.0"
104.28.159.50 - - [21/Jul/2026:15:53:02 +0000] "POST /wp-login.php HTTP/1.1" 503 18043 "-" "Mozilla/5.0 (Windows NT 6.3; Win64; x64; rv:118.0) Gecko/20100101 Firefox/118.0"
104.28.159.50 - - [21/Jul/2026:15:53:55 +0000] "POST /wp-login.php HTTP/1.1" 503 18043 "-" "Mozilla/5.0 (X11; Linux x86_64) AppleWebKit/537.36 (KHTML, like Gecko) Chrome/124.0.0.0 Safari/537.36"
104.28.159.50 - - [21/Jul/2026:15:54:51 +0000] "POST /wp-login.php HTTP/1.1" 503 18043 "-" "Mozilla/5.0 (Windows NT 10.0; Win64; x64) AppleWebKit/537.36 (KHTML, like Gecko) Chrome/124.0.0.0 Safari/537.36"
104.28.159.50 - - [21/Jul/2026:15:55:47 +0000] "POST /wp-login.php HTTP/1.1" 503 18043 "-" "Mozilla/5.0 (Windows NT 11.0; Win64; x64) AppleWebKit/537.36 (KHTML, like Gecko) Chrome/125.0.0.0 Safari/537.36 Edg/125.0.0.0"
104.28.159.50 - - [21/Jul/2026:15:56:35 +0000] "POST /wp-login.php HTTP/1.1" 503 18043 "-" "Mozilla/5.0 (Windows NT 10.0; Win64; x64) AppleWebKit/537.36 (KHTML, like Gecko) Chrome/124.0.0.0 Safari/537.36"
198.177.124.148 - - [21/Jul/2026:15:57:13 +0000] "POST /wp-cron.php?doing_wp_cron=1784649433.9116621017456054687500 HTTP/1.1" 200 - "-" "WordPress/7.0.2; https://buygreatessentials.shop"
13.60.224.18 - - [21/Jul/2026:15:57:09 +0000] "POST /wp-login.php HTTP/1.1" 503 18956 "-" "Mozilla/5.0 (Windows NT 10.0; Win64; x64) AppleWebKit/537.36 Chrome/129.0.0.0 Safari/537.36"
198.177.124.148 - - [21/Jul/2026:15:57:11 +0000] "POST /?wordfence_syncAttackData=1784649431.8021 HTTP/1.1" 200 - "-" "WordPress/7.0.2; https://buygreatessentials.shop"
104.28.159.50 - - [21/Jul/2026:15:57:21 +0000] "POST /wp-login.php HTTP/1.1" 503 18043 "-" "Mozilla/5.0 (Windows NT 10.0; Win64; x64; rv:124.0) Gecko/20100101 Firefox/124.0"
104.28.159.50 - - [21/Jul/2026:15:58:09 +0000] "POST /wp-login.php HTTP/1.1" 503 18043 "-" "Mozilla/5.0 (Windows NT 11.0; Win64; x64) AppleWebKit/537.36 (KHTML, like Gecko) Chrome/125.0.0.0 Safari/537.36 Edg/125.0.0.0"
104.28.159.50 - - [21/Jul/2026:15:59:03 +0000] "POST /wp-login.php HTTP/1.1" 503 18043 "-" "Mozilla/5.0 (X11; Linux x86_64) AppleWebKit/537.36 (KHTML, like Gecko) Chrome/125.0.0.0 Safari/537.36"
13.60.224.18 - - [21/Jul/2026:15:59:38 +0000] "POST /wp-login.php HTTP/1.1" 503 18043 "-" "Mozilla/5.0 (Windows NT 10.0; Win64; rv:143.0) Gecko/20100101 Firefox/143.0"
104.28.159.50 - - [21/Jul/2026:15:59:47 +0000] "POST /wp-login.php HTTP/1.1" 503 18043 "-" "Mozilla/5.0 (X11; Linux x86_64) AppleWebKit/537.36 (KHTML, like Gecko) Chrome/124.0.0.0 Safari/537.36"
104.28.159.50 - - [21/Jul/2026:16:00:39 +0000] "POST /wp-login.php HTTP/1.1" 503 18043 "-" "Mozilla/5.0 (Macintosh; Intel Mac OS X 13.5; rv:124.0) Gecko/20100101 Firefox/124.0"
198.177.124.148 - - [21/Jul/2026:16:01:32 +0000] "POST /wp-cron.php?doing_wp_cron=1784649692.2009899616241455078125 HTTP/1.1" 200 - "-" "WordPress/7.0.2; https://buygreatessentials.shop"
198.177.124.148 - - [21/Jul/2026:16:01:30 +0000] "POST /?wordfence_syncAttackData=1784649690.7617 HTTP/1.1" 200 - "-" "WordPress/7.0.2; https://buygreatessentials.shop"
198.177.124.148 - - [21/Jul/2026:16:01:35 +0000] "POST /wp-cron.php?doing_wp_cron=1784649695.1592869758605957031250 HTTP/1.1" 200 - "-" "WordPress/7.0.2; https://buygreatessentials.shop"
104.28.159.50 - - [21/Jul/2026:16:01:28 +0000] "POST /wp-login.php HTTP/1.1" 200 5245 "-" "Mozilla/5.0 (Windows NT 10.0; Win64; x64; rv:125.0) Gecko/20100101 Firefox/125.0"
104.28.159.50 - - [21/Jul/2026:16:02:16 +0000] "POST /wp-login.php HTTP/1.1" 200 5245 "-" "Mozilla/5.0 (X11; Linux x86_64) AppleWebKit/537.36 (KHTML, like Gecko) Chrome/124.0.0.0 Safari/537.36 Vivaldi/6.7"
198.177.124.148 - - [21/Jul/2026:16:03:04 +0000] "POST /wp-cron.php?doing_wp_cron=1784649784.4056899547576904296875 HTTP/1.1" 200 - "-" "WordPress/7.0.2; https://buygreatessentials.shop"
104.28.159.50 - - [21/Jul/2026:16:03:02 +0000] "POST /wp-login.php HTTP/1.1" 503 18956 "-" "Mozilla/5.0 (Macintosh; Intel Mac OS X 14_2) AppleWebKit/537.36 (KHTML, like Gecko) Chrome/124.0.0.0 Safari/537.36 OPR/108.0.0.0"
13.60.224.18 - - [21/Jul/2026:16:03:29 +0000] "POST /wp-login.php HTTP/1.1" 503 18043 "-" "Mozilla/5.0 (Windows NT 10.0; Win64; x64) AppleWebKit/537.36 Chrome/129.0.0.0 Safari/537.36"
104.28.159.50 - - [21/Jul/2026:16:03:45 +0000] "POST /wp-login.php HTTP/1.1" 503 18043 "-" "Mozilla/5.0 (Windows NT 6.1; Win64; x64) AppleWebKit/537.36 (KHTML, like Gecko) Chrome/120.0.0.0 Safari/537.36"
104.28.159.50 - - [21/Jul/2026:16:04:35 +0000] "POST /wp-login.php HTTP/1.1" 503 18043 "-" "Mozilla/5.0 (Macintosh; Intel Mac OS X 10_15_7) AppleWebKit/605.1.15 (KHTML, like Gecko) Version/17.5 Safari/605.1.15"
104.28.159.50 - - [21/Jul/2026:16:05:14 +0000] "POST /wp-login.php HTTP/1.1" 503 18043 "-" "Mozilla/5.0 (Windows NT 10.0; WOW64) AppleWebKit/537.36 (KHTML, like Gecko) Chrome/118.0.0.0 Safari/537.36"
13.60.224.18 - - [21/Jul/2026:16:06:01 +0000] "POST /wp-login.php HTTP/1.1" 503 18043 "-" "Mozilla/5.0 (Macintosh; Intel Mac OS X 10_15_7) AppleWebKit/605.1.15 Version/17.0 Safari/605.1.15"
104.28.159.50 - - [21/Jul/2026:16:06:03 +0000] "POST /wp-login.php HTTP/1.1" 503 18043 "-" "Mozilla/5.0 (Windows NT 10.0; Win64; x64) AppleWebKit/537.36 (KHTML, like Gecko) Chrome/124.0.0.0 Safari/537.36 Brave/1.65.0"
104.28.159.50 - - [21/Jul/2026:16:06:55 +0000] "POST /wp-login.php HTTP/1.1" 503 18043 "-" "Mozilla/5.0 (Windows NT 11.0; Win64; x64) AppleWebKit/537.36 (KHTML, like Gecko) Chrome/123.0.0.0 Safari/537.36"
104.28.159.50 - - [21/Jul/2026:16:07:39 +0000] "POST /wp-login.php HTTP/1.1" 503 18043 "-" "Mozilla/5.0 (Windows NT 10.0; Win64; x64; rv:124.0) Gecko/20100101 Firefox/124.0"
198.177.124.148 - - [21/Jul/2026:16:07:43 +0000] "POST /wp-cron.php?doing_wp_cron=1784650063.7094349861145019531250 HTTP/1.1" 200 - "-" "WordPress/7.0.2; https://buygreatessentials.shop"
198.177.124.148 - - [21/Jul/2026:16:07:41 +0000] "POST /?wordfence_syncAttackData=1784650061.4182 HTTP/1.1" 200 - "-" "WordPress/7.0.2; https://buygreatessentials.shop"
54.160.141.78 - - [21/Jul/2026:16:07:39 +0000] "GET / HTTP/1.1" 200 99529 "-" "Mozilla/5.0 (Macintosh; Intel Mac OS X 10_13_6) AppleWebKit/537.36 (KHTML, like Gecko) Chrome/101.0.4951.54 Safari/537.36"
198.177.124.148 - - [21/Jul/2026:16:07:41 +0000] "POST /?wordfence_syncAttackData=1784650061.4145 HTTP/1.1" 200 99529 "-" "WordPress/7.0.2; https://buygreatessentials.shop"
104.28.159.50 - - [21/Jul/2026:16:08:22 +0000] "POST /wp-login.php HTTP/1.1" 503 18043 "-" "Mozilla/5.0 (Windows NT 10.0; Win64; x64) AppleWebKit/537.36 (KHTML, like Gecko) Chrome/124.0.0.0 Safari/537.36 Edg/124.0.0.0"
198.177.124.148 - - [21/Jul/2026:16:08:32 +0000] "POST /?wordfence_syncAttackData=1784650112.7582 HTTP/1.1" 200 - "-" "WordPress/7.0.2; https://buygreatessentials.shop"
13.60.224.18 - - [21/Jul/2026:16:08:31 +0000] "POST /wp-login.php HTTP/1.1" 503 18956 "-" "Mozilla/5.0 (Macintosh; Intel Mac OS X 10_15_7) AppleWebKit/605.1.15 Version/17.0 Safari/605.1.15"
104.28.159.50 - - [21/Jul/2026:16:09:11 +0000] "POST /wp-login.php HTTP/1.1" 503 18043 "-" "Mozilla/5.0 (Windows NT 10.0; Win64; x64) AppleWebKit/537.36 (KHTML, like Gecko) Chrome/124.0.0.0 Safari/537.36 OPR/108.0.0.0"
104.28.159.50 - - [21/Jul/2026:16:10:02 +0000] "POST /wp-login.php HTTP/1.1" 503 18043 "-" "Mozilla/5.0 (Windows NT 10.0; Win64; x64) AppleWebKit/537.36 (KHTML, like Gecko) Chrome/124.0.0.0 Safari/537.36 Edg/124.0.0.0"
104.28.159.50 - - [21/Jul/2026:16:10:48 +0000] "POST /wp-login.php HTTP/1.1" 503 18043 "-" "Mozilla/5.0 (Windows NT 10.0; Win64; x64) AppleWebKit/537.36 (KHTML, like Gecko) Chrome/124.0.0.0 Safari/537.36 Edg/124.0.0.0"
13.60.224.18 - - [21/Jul/2026:16:11:05 +0000] "POST /wp-login.php HTTP/1.1" 503 18043 "-" "Mozilla/5.0 (Windows NT 10.0; Win64; x64) AppleWebKit/537.36 Chrome/129.0.0.0 Safari/537.36"
104.28.159.50 - - [21/Jul/2026:16:11:30 +0000] "POST /wp-login.php HTTP/1.1" 503 18043 "-" "Mozilla/5.0 (Windows NT 10.0; Win64; x64; rv:124.0) Gecko/20100101 Firefox/124.0"
104.28.159.50 - - [21/Jul/2026:16:12:19 +0000] "POST /wp-login.php HTTP/1.1" 503 18043 "-" "Mozilla/5.0 (Macintosh; Intel Mac OS X 10_15_7) AppleWebKit/605.1.15 (KHTML, like Gecko) Version/17.5 Safari/605.1.15"
198.177.124.148 - - [21/Jul/2026:16:12:23 +0000] "POST /wp-cron.php?doing_wp_cron=1784650343.5400168895721435546875 HTTP/1.1" 200 - "-" "WordPress/7.0.2; https://buygreatessentials.shop"
198.177.124.148 - - [21/Jul/2026:16:12:22 +0000] "POST /?wordfence_syncAttackData=1784650342.0685 HTTP/1.1" 200 - "-" "WordPress/7.0.2; https://buygreatessentials.shop"
198.177.124.148 - - [21/Jul/2026:16:13:12 +0000] "POST /wp-cron.php?doing_wp_cron=1784650392.5238759517669677734375 HTTP/1.1" 200 - "-" "WordPress/7.0.2; https://buygreatessentials.shop"
104.28.159.50 - - [21/Jul/2026:16:13:10 +0000] "POST /wp-login.php HTTP/1.1" 503 18956 "-" "Mozilla/5.0 (Windows NT 10.0; Win64; x64) AppleWebKit/537.36 (KHTML, like Gecko) Chrome/124.0.0.0 Safari/537.36 Brave/1.65.0"
13.60.224.18 - - [21/Jul/2026:16:13:45 +0000] "POST /wp-login.php HTTP/1.1" 503 18043 "-" "Mozilla/5.0 (Macintosh; Intel Mac OS X 10_15_7) AppleWebKit/605.1.15 Version/17.0 Safari/605.1.15"
104.28.159.50 - - [21/Jul/2026:16:13:51 +0000] "POST /wp-login.php HTTP/1.1" 503 18043 "-" "Mozilla/5.0 (Windows NT 10.0; Win64; x64; rv:124.0) Gecko/20100101 Firefox/124.0"
104.28.159.50 - - [21/Jul/2026:16:14:36 +0000] "POST /wp-login.php HTTP/1.1" 503 18043 "-" "Mozilla/5.0 (X11; Linux x86_64) AppleWebKit/537.36 (KHTML, like Gecko) Chrome/123.0.0.0 Safari/537.36"
104.28.159.50 - - [21/Jul/2026:16:15:28 +0000] "POST /wp-login.php HTTP/1.1" 503 18043 "-" "Mozilla/5.0 (Windows NT 11.0; Win64; x64) AppleWebKit/537.36 (KHTML, like Gecko) Chrome/123.0.0.0 Safari/537.36"
198.177.124.148 - - [21/Jul/2026:16:15:58 +0000] "POST /?wordfence_syncAttackData=1784650558.6681 HTTP/1.1" 200 - "-" "WordPress/7.0.2; https://buygreatessentials.shop"
104.28.159.50 - - [21/Jul/2026:16:16:15 +0000] "POST /wp-login.php HTTP/1.1" 503 18042 "-" "Mozilla/5.0 (X11; Linux x86_64) AppleWebKit/537.36 (KHTML, like Gecko) Chrome/124.0.0.0 Safari/537.36 Edg/124.0.0.0"
13.60.224.18 - - [21/Jul/2026:16:16:34 +0000] "POST /wp-login.php HTTP/1.1" 503 18042 "-" "Mozilla/5.0 (Windows NT 10.0; Win64; x64) AppleWebKit/537.36 Chrome/129.0.0.0 Safari/537.36"
104.28.159.50 - - [21/Jul/2026:16:16:57 +0000] "POST /wp-login.php HTTP/1.1" 503 18042 "-" "Mozilla/5.0 (Macintosh; Intel Mac OS X 14_2) AppleWebKit/537.36 (KHTML, like Gecko) Chrome/124.0.0.0 Safari/537.36 OPR/108.0.0.0"
104.28.159.50 - - [21/Jul/2026:16:17:44 +0000] "POST /wp-login.php HTTP/1.1" 503 18042 "-" "Mozilla/5.0 (Windows NT 10.0; Win64; x64) AppleWebKit/537.36 (KHTML, like Gecko) Chrome/125.0.0.0 Safari/537.36"
104.28.159.50 - - [21/Jul/2026:16:18:34 +0000] "POST /wp-login.php HTTP/1.1" 503 18042 "-" "Mozilla/5.0 (Windows NT 10.0; Win64; x64; rv:125.0) Gecko/20100101 Firefox/125.0"
104.28.159.50 - - [21/Jul/2026:16:19:15 +0000] "POST /wp-login.php HTTP/1.1" 503 18042 "-" "Mozilla/5.0 (Windows NT 10.0; Win64; x64) AppleWebKit/537.36 (KHTML, like Gecko) Chrome/123.0.0.0 Safari/537.36 Vivaldi/6.7"
198.177.124.148 - - [21/Jul/2026:16:19:34 +0000] "POST /wp-cron.php?doing_wp_cron=1784650774.3791279792785644531250 HTTP/1.1" 200 - "-" "WordPress/7.0.2; https://buygreatessentials.shop"
13.60.224.18 - - [21/Jul/2026:16:19:27 +0000] "POST /wp-login.php HTTP/1.1" 503 18956 "-" "Mozilla/5.0 (Macintosh; Intel Mac OS X 10_15_7) AppleWebKit/605.1.15 Version/17.0 Safari/605.1.15"
198.177.124.148 - - [21/Jul/2026:16:19:31 +0000] "POST /?wordfence_syncAttackData=1784650771.7649 HTTP/1.1" 200 - "-" "WordPress/7.0.2; https://buygreatessentials.shop"
104.28.159.50 - - [21/Jul/2026:16:20:00 +0000] "POST /wp-login.php HTTP/1.1" 503 18043 "-" "Mozilla/5.0 (X11; Linux x86_64; rv:125.0) Gecko/20100101 Firefox/125.0"
104.28.159.50 - - [21/Jul/2026:16:20:54 +0000] "POST /wp-login.php HTTP/1.1" 503 18043 "-" "Mozilla/5.0 (X11; Linux x86_64) AppleWebKit/537.36 (KHTML, like Gecko) Chrome/123.0.0.0 Safari/537.36 OPR/107.0.0.0"
104.28.159.50 - - [21/Jul/2026:16:21:45 +0000] "POST /wp-login.php HTTP/1.1" 503 18043 "-" "Mozilla/5.0 (Windows NT 6.3; Win64; x64; rv:118.0) Gecko/20100101 Firefox/118.0"
13.60.224.18 - - [21/Jul/2026:16:22:24 +0000] "POST /wp-login.php HTTP/1.1" 503 18043 "-" "Mozilla/5.0 (Windows NT 10.0; Win64; x64) AppleWebKit/537.36 Chrome/129.0.0.0 Safari/537.36"
104.28.159.50 - - [21/Jul/2026:16:22:30 +0000] "POST /wp-login.php HTTP/1.1" 503 18042 "-" "Mozilla/5.0 (Windows NT 6.1; Win64; x64) AppleWebKit/537.36 (KHTML, like Gecko) Chrome/120.0.0.0 Safari/537.36"
198.177.124.148 - - [21/Jul/2026:16:22:29 +0000] "POST /?wordfence_syncAttackData=1784650949.2816 HTTP/1.1" 200 - "-" "WordPress/7.0.2; https://buygreatessentials.shop"
198.177.124.148 - - [21/Jul/2026:16:23:21 +0000] "POST /wp-cron.php?doing_wp_cron=1784651001.4607450962066650390625 HTTP/1.1" 200 - "-" "WordPress/7.0.2; https://buygreatessentials.shop"
104.28.159.50 - - [21/Jul/2026:16:23:18 +0000] "POST /wp-login.php HTTP/1.1" 503 18956 "-" "Mozilla/5.0 (Macintosh; Intel Mac OS X 14_3) AppleWebKit/537.36 (KHTML, like Gecko) Chrome/125.0.0.0 Safari/537.36"
104.28.159.50 - - [21/Jul/2026:16:24:08 +0000] "POST /wp-login.php HTTP/1.1" 503 18043 "-" "Mozilla/5.0 (Windows NT 6.3; Win64; x64; rv:118.0) Gecko/20100101 Firefox/118.0"
104.28.159.50 - - [21/Jul/2026:16:24:51 +0000] "POST /wp-login.php HTTP/1.1" 503 18043 "-" "Mozilla/5.0 (Macintosh; Intel Mac OS X 13.5; rv:124.0) Gecko/20100101 Firefox/124.0"
13.60.224.18 - - [21/Jul/2026:16:25:33 +0000] "POST /wp-login.php HTTP/1.1" 503 18043 "-" "Mozilla/5.0 (Windows NT 10.0; Win64; rv:143.0) Gecko/20100101 Firefox/143.0"
104.28.159.50 - - [21/Jul/2026:16:25:34 +0000] "POST /wp-login.php HTTP/1.1" 503 18043 "-" "Mozilla/5.0 (Macintosh; Intel Mac OS X 13_6) AppleWebKit/605.1.15 (KHTML, like Gecko) Version/17.2 Safari/605.1.15"
104.28.159.50 - - [21/Jul/2026:16:26:26 +0000] "POST /wp-login.php HTTP/1.1" 503 18043 "-" "Mozilla/5.0 (Windows NT 11.0; Win64; x64) AppleWebKit/537.36 (KHTML, like Gecko) Chrome/125.0.0.0 Safari/537.36 Edg/125.0.0.0"
104.28.159.50 - - [21/Jul/2026:16:27:15 +0000] "POST /wp-login.php HTTP/1.1" 503 18043 "-" "Mozilla/5.0 (Macintosh; Intel Mac OS X 13.5; rv:124.0) Gecko/20100101 Firefox/124.0"
104.28.159.50 - - [21/Jul/2026:16:27:52 +0000] "POST /wp-login.php HTTP/1.1" 503 18043 "-" "Mozilla/5.0 (Windows NT 10.0; WOW64) AppleWebKit/537.36 (KHTML, like Gecko) Chrome/118.0.0.0 Safari/537.36"
13.60.224.18 - - [21/Jul/2026:16:28:38 +0000] "POST /wp-login.php HTTP/1.1" 503 18043 "-" "Mozilla/5.0 (Windows NT 10.0; Win64; rv:143.0) Gecko/20100101 Firefox/143.0"
104.28.159.50 - - [21/Jul/2026:16:28:40 +0000] "POST /wp-login.php HTTP/1.1" 503 18043 "-" "Mozilla/5.0 (Windows NT 11.0; Win64; x64) AppleWebKit/537.36 (KHTML, like Gecko) Chrome/123.0.0.0 Safari/537.36"
104.28.159.50 - - [21/Jul/2026:16:29:25 +0000] "POST /wp-login.php HTTP/1.1" 503 18043 "-" "Mozilla/5.0 (Windows NT 10.0; Win64; x64) AppleWebKit/537.36 (KHTML, like Gecko) Chrome/125.0.0.0 Safari/537.36"
104.28.159.50 - - [21/Jul/2026:16:30:16 +0000] "POST /wp-login.php HTTP/1.1" 503 18043 "-" "Mozilla/5.0 (Windows NT 6.3; Win64; x64; rv:118.0) Gecko/20100101 Firefox/118.0"
104.28.159.50 - - [21/Jul/2026:16:30:57 +0000] "POST /wp-login.php HTTP/1.1" 503 18043 "-" "Mozilla/5.0 (X11; Linux x86_64) AppleWebKit/537.36 (KHTML, like Gecko) Chrome/125.0.0.0 Safari/537.36"
104.28.159.50 - - [21/Jul/2026:16:31:40 +0000] "POST /wp-login.php HTTP/1.1" 503 18043 "-" "Mozilla/5.0 (Windows NT 10.0; Win64; x64) AppleWebKit/537.36 (KHTML, like Gecko) Chrome/124.0.0.0 Safari/537.36 Edg/124.0.0.0"
198.177.124.148 - - [21/Jul/2026:16:31:55 +0000] "POST /wp-cron.php?doing_wp_cron=1784651515.0258710384368896484375 HTTP/1.1" 200 - "-" "WordPress/7.0.2; https://buygreatessentials.shop"
198.177.124.148 - - [21/Jul/2026:16:31:53 +0000] "POST /?wordfence_syncAttackData=1784651513.3936 HTTP/1.1" 200 - "-" "WordPress/7.0.2; https://buygreatessentials.shop"
13.60.224.18 - - [21/Jul/2026:16:31:52 +0000] "POST /wp-login.php HTTP/1.1" 503 18956 "-" "Mozilla/5.0 (Macintosh; Intel Mac OS X 10_15_7) AppleWebKit/605.1.15 Version/17.0 Safari/605.1.15"
104.28.159.50 - - [21/Jul/2026:16:32:29 +0000] "POST /wp-login.php HTTP/1.1" 503 18043 "-" "Mozilla/5.0 (X11; Linux x86_64; rv:124.0) Gecko/20100101 Firefox/124.0"
104.28.159.50 - - [21/Jul/2026:16:33:15 +0000] "POST /wp-login.php HTTP/1.1" 503 18043 "-" "Mozilla/5.0 (Windows NT 10.0; Win64; x64) AppleWebKit/537.36 (KHTML, like Gecko) Chrome/124.0.0.0 Safari/537.36"
198.177.124.148 - - [21/Jul/2026:16:34:00 +0000] "POST /wp-cron.php?doing_wp_cron=1784651640.6411559581756591796875 HTTP/1.1" 200 - "-" "WordPress/7.0.2; https://buygreatessentials.shop"
104.28.159.50 - - [21/Jul/2026:16:33:54 +0000] "POST /wp-login.php HTTP/1.1" 503 18956 "-" "Mozilla/5.0 (Macintosh; Intel Mac OS X 13.5; rv:124.0) Gecko/20100101 Firefox/124.0"
198.177.124.148 - - [21/Jul/2026:16:33:58 +0000] "POST /?wordfence_syncAttackData=1784651637.9426 HTTP/1.1" 200 - "-" "WordPress/7.0.2; https://buygreatessentials.shop"
104.28.159.50 - - [21/Jul/2026:16:34:40 +0000] "POST /wp-login.php HTTP/1.1" 503 18043 "-" "Mozilla/5.0 (Windows NT 10.0; Win64; x64) AppleWebKit/537.36 (KHTML, like Gecko) Chrome/125.0.0.0 Safari/537.36"
13.60.224.18 - - [21/Jul/2026:16:35:11 +0000] "POST /wp-login.php HTTP/1.1" 503 18043 "-" "Mozilla/5.0 (Macintosh; Intel Mac OS X 10_15_7) AppleWebKit/605.1.15 Version/17.0 Safari/605.1.15"
104.28.159.50 - - [21/Jul/2026:16:35:28 +0000] "POST /wp-login.php HTTP/1.1" 503 18043 "-" "Mozilla/5.0 (X11; Linux x86_64; rv:125.0) Gecko/20100101 Firefox/125.0"
104.28.159.50 - - [21/Jul/2026:16:36:14 +0000] "POST /wp-login.php HTTP/1.1" 503 18043 "-" "Mozilla/5.0 (Windows NT 10.0; Win64; x64) AppleWebKit/537.36 (KHTML, like Gecko) Chrome/124.0.0.0 Safari/537.36 OPR/108.0.0.0"
104.28.159.50 - - [21/Jul/2026:16:36:53 +0000] "POST /wp-login.php HTTP/1.1" 503 18043 "-" "Mozilla/5.0 (Macintosh; Intel Mac OS X 10_15_7) AppleWebKit/605.1.15 (KHTML, like Gecko) Version/17.5 Safari/605.1.15"
104.28.159.50 - - [21/Jul/2026:16:37:39 +0000] "POST /wp-login.php HTTP/1.1" 503 18043 "-" "Mozilla/5.0 (Windows NT 10.0; Win64; x64) AppleWebKit/537.36 (KHTML, like Gecko) Chrome/123.0.0.0 Safari/537.36 Vivaldi/6.7"
104.28.159.50 - - [21/Jul/2026:16:38:26 +0000] "POST /wp-login.php HTTP/1.1" 503 18043 "-" "Mozilla/5.0 (Windows NT 6.3; Win64; x64; rv:118.0) Gecko/20100101 Firefox/118.0"
13.60.224.18 - - [21/Jul/2026:16:38:38 +0000] "POST /wp-login.php HTTP/1.1" 503 18043 "-" "Mozilla/5.0 (Macintosh; Intel Mac OS X 10_15_7) AppleWebKit/605.1.15 Version/17.0 Safari/605.1.15"
104.28.159.50 - - [21/Jul/2026:16:39:17 +0000] "POST /wp-login.php HTTP/1.1" 503 18043 "-" "Mozilla/5.0 (X11; Linux x86_64; rv:125.0) Gecko/20100101 Firefox/125.0"
104.28.159.50 - - [21/Jul/2026:16:39:55 +0000] "POST /wp-login.php HTTP/1.1" 503 18043 "-" "Mozilla/5.0 (X11; Linux x86_64) AppleWebKit/537.36 (KHTML, like Gecko) Chrome/124.0.0.0 Safari/537.36"
198.177.124.148 - - [21/Jul/2026:16:40:17 +0000] "POST /?wordfence_syncAttackData=1784652017.5666 HTTP/1.1" 200 - "-" "WordPress/7.0.2; https://buygreatessentials.shop"
104.28.159.50 - - [21/Jul/2026:16:40:45 +0000] "POST /wp-login.php HTTP/1.1" 503 18042 "-" "Mozilla/5.0 (Windows NT 10.0; WOW64) AppleWebKit/537.36 (KHTML, like Gecko) Chrome/118.0.0.0 Safari/537.36"
104.28.159.50 - - [21/Jul/2026:16:41:37 +0000] "POST /wp-login.php HTTP/1.1" 503 18042 "-" "Mozilla/5.0 (Windows NT 10.0; Win64; x64; rv:125.0) Gecko/20100101 Firefox/125.0"
198.177.124.148 - - [21/Jul/2026:16:42:06 +0000] "POST /wp-cron.php?doing_wp_cron=1784652126.6299490928649902343750 HTTP/1.1" 200 - "-" "WordPress/7.0.2; https://buygreatessentials.shop"
13.60.224.18 - - [21/Jul/2026:16:42:02 +0000] "POST /wp-login.php HTTP/1.1" 503 18956 "-" "Mozilla/5.0 (Windows NT 10.0; Win64; rv:143.0) Gecko/20100101 Firefox/143.0"
198.177.124.148 - - [21/Jul/2026:16:42:04 +0000] "POST /?wordfence_syncAttackData=1784652124.3194 HTTP/1.1" 200 - "-" "WordPress/7.0.2; https://buygreatessentials.shop"
104.28.159.50 - - [21/Jul/2026:16:42:24 +0000] "POST /wp-login.php HTTP/1.1" 503 18043 "-" "Mozilla/5.0 (Windows NT 10.0; WOW64) AppleWebKit/537.36 (KHTML, like Gecko) Chrome/118.0.0.0 Safari/537.36"
104.28.159.50 - - [21/Jul/2026:16:43:04 +0000] "POST /wp-login.php HTTP/1.1" 503 18043 "-" "Mozilla/5.0 (Macintosh; Intel Mac OS X 10_15_7) AppleWebKit/605.1.15 (KHTML, like Gecko) Version/17.5 Safari/605.1.15"
104.28.159.50 - - [21/Jul/2026:16:43:48 +0000] "POST /wp-login.php HTTP/1.1" 503 18043 "-" "Mozilla/5.0 (X11; Linux x86_64) AppleWebKit/537.36 (KHTML, like Gecko) Chrome/124.0.0.0 Safari/537.36"
198.177.124.148 - - [21/Jul/2026:16:44:40 +0000] "POST /wp-cron.php?doing_wp_cron=1784652280.2275629043579101562500 HTTP/1.1" 200 - "-" "WordPress/7.0.2; https://buygreatessentials.shop"
104.28.159.50 - - [21/Jul/2026:16:44:35 +0000] "POST /wp-login.php HTTP/1.1" 503 18956 "-" "Mozilla/5.0 (X11; Linux x86_64; rv:124.0) Gecko/20100101 Firefox/124.0"
198.177.124.148 - - [21/Jul/2026:16:44:37 +0000] "POST /?wordfence_syncAttackData=1784652277.7412 HTTP/1.1" 200 - "-" "WordPress/7.0.2; https://buygreatessentials.shop"
104.28.159.50 - - [21/Jul/2026:16:45:22 +0000] "POST /wp-login.php HTTP/1.1" 503 18043 "-" "Mozilla/5.0 (Macintosh; Intel Mac OS X 10_15_7) AppleWebKit/605.1.15 (KHTML, like Gecko) Version/17.5 Safari/605.1.15"
13.60.224.18 - - [21/Jul/2026:16:45:28 +0000] "POST /wp-login.php HTTP/1.1" 503 18043 "-" "Mozilla/5.0 (Macintosh; Intel Mac OS X 10_15_7) AppleWebKit/605.1.15 Version/17.0 Safari/605.1.15"
198.177.124.148 - - [21/Jul/2026:16:45:52 +0000] "POST /?wordfence_syncAttackData=1784652352.1693 HTTP/1.1" 200 - "-" "WordPress/7.0.2; https://buygreatessentials.shop"
104.28.159.50 - - [21/Jul/2026:16:46:06 +0000] "POST /wp-login.php HTTP/1.1" 503 18042 "-" "Mozilla/5.0 (Macintosh; Intel Mac OS X 14_3) AppleWebKit/605.1.15 (KHTML, like Gecko) Version/17.3 Safari/605.1.15"
198.177.124.148 - - [21/Jul/2026:16:46:23 +0000] "POST /?wordfence_syncAttackData=1784652383.8729 HTTP/1.1" 200 - "-" "WordPress/7.0.2; https://buygreatessentials.shop"
104.28.159.50 - - [21/Jul/2026:16:46:53 +0000] "POST /wp-login.php HTTP/1.1" 503 18043 "-" "Mozilla/5.0 (Windows NT 10.0; Win64; x64) AppleWebKit/537.36 (KHTML, like Gecko) Chrome/123.0.0.0 Safari/537.36 Vivaldi/6.7"
104.28.159.50 - - [21/Jul/2026:16:47:44 +0000] "POST /wp-login.php HTTP/1.1" 503 18043 "-" "Mozilla/5.0 (Macintosh; Intel Mac OS X 10_15_7) AppleWebKit/605.1.15 (KHTML, like Gecko) Version/17.5 Safari/605.1.15"
104.28.159.50 - - [21/Jul/2026:16:48:28 +0000] "POST /wp-login.php HTTP/1.1" 503 18043 "-" "Mozilla/5.0 (X11; Linux x86_64) AppleWebKit/537.36 (KHTML, like Gecko) Chrome/124.0.0.0 Safari/537.36 Brave/1.65.0"
13.60.224.18 - - [21/Jul/2026:16:48:50 +0000] "POST /wp-login.php HTTP/1.1" 503 18043 "-" "Mozilla/5.0 (Windows NT 10.0; Win64; rv:143.0) Gecko/20100101 Firefox/143.0"
198.177.124.148 - - [21/Jul/2026:16:52:24 +0000] "POST /wp-cron.php?doing_wp_cron=1784652744.7516551017761230468750 HTTP/1.1" 200 - "-" "WordPress/7.0.2; https://buygreatessentials.shop"
13.60.224.18 - - [21/Jul/2026:16:52:20 +0000] "POST /wp-login.php HTTP/1.1" 503 18956 "-" "Mozilla/5.0 (Macintosh; Intel Mac OS X 10_15_7) AppleWebKit/605.1.15 Version/17.0 Safari/605.1.15"
198.177.124.148 - - [21/Jul/2026:16:52:22 +0000] "POST /?wordfence_syncAttackData=1784652742.8776 HTTP/1.1" 200 - "-" "WordPress/7.0.2; https://buygreatessentials.shop"
198.177.124.148 - - [21/Jul/2026:16:54:19 +0000] "POST /wp-cron.php?doing_wp_cron=1784652859.7136499881744384765625 HTTP/1.1" 200 - "-" "WordPress/7.0.2; https://buygreatessentials.shop"
104.28.156.110 - - [21/Jul/2026:16:54:17 +0000] "GET / HTTP/1.1" 200 99529 "-" "Mozilla/5.0 (Macintosh; Intel Mac OS X 10_15_7) AppleWebKit/537.36 (KHTML, like Gecko) Chrome/90.0.4430.93 Safari/537.36"
104.28.156.110 - - [21/Jul/2026:16:54:20 +0000] "GET /?rest_route=/wp/v2/users HTTP/1.1" 401 108 "-" "Mozilla/5.0 (Windows NT 10.0; Win64; x64) AppleWebKit/537.36 (KHTML, like Gecko) Chrome/91.0.4472.124 Safari/537.36"
13.60.224.18 - - [21/Jul/2026:16:55:56 +0000] "POST /wp-login.php HTTP/1.1" 503 18043 "-" "Mozilla/5.0 (Windows NT 10.0; Win64; rv:143.0) Gecko/20100101 Firefox/143.0"
13.60.224.18 - - [21/Jul/2026:16:59:35 +0000] "POST /wp-login.php HTTP/1.1" 503 18043 "-" "Mozilla/5.0 (Macintosh; Intel Mac OS X 10_15_7) AppleWebKit/605.1.15 Version/17.0 Safari/605.1.15"
198.177.124.148 - - [21/Jul/2026:17:02:23 +0000] "POST /wp-cron.php?doing_wp_cron=1784653342.9970440864562988281250 HTTP/1.1" 200 - "-" "WordPress/7.0.2; https://buygreatessentials.shop"
198.177.124.148 - - [21/Jul/2026:17:02:22 +0000] "POST /?wordfence_syncAttackData=1784653342.0327 HTTP/1.1" 200 - "-" "WordPress/7.0.2; https://buygreatessentials.shop"
198.177.124.148 - - [21/Jul/2026:17:03:20 +0000] "POST /wp-cron.php?doing_wp_cron=1784653400.0991880893707275390625 HTTP/1.1" 200 - "-" "WordPress/7.0.2; https://buygreatessentials.shop"
13.60.224.18 - - [21/Jul/2026:17:03:17 +0000] "POST /wp-login.php HTTP/1.1" 503 18956 "-" "Mozilla/5.0 (Windows NT 10.0; Win64; x64) AppleWebKit/537.36 Chrome/129.0.0.0 Safari/537.36"
13.60.224.18 - - [21/Jul/2026:17:11:15 +0000] "POST /wp-login.php HTTP/1.1" 503 18043 "-" "Mozilla/5.0 (Macintosh; Intel Mac OS X 10_15_7) AppleWebKit/605.1.15 Version/17.0 Safari/605.1.15"
198.177.124.148 - - [21/Jul/2026:17:14:44 +0000] "POST /wp-cron.php?doing_wp_cron=1784654084.5917320251464843750000 HTTP/1.1" 200 - "-" "WordPress/7.0.2; https://buygreatessentials.shop"
198.177.124.148 - - [21/Jul/2026:17:14:43 +0000] "POST /?wordfence_syncAttackData=1784654083.0401 HTTP/1.1" 200 - "-" "WordPress/7.0.2; https://buygreatessentials.shop"
13.60.224.18 - - [21/Jul/2026:17:14:40 +0000] "POST /wp-login.php HTTP/1.1" 503 18956 "-" "Mozilla/5.0 (Macintosh; Intel Mac OS X 10_15_7) AppleWebKit/605.1.15 Version/17.0 Safari/605.1.15"
13.60.224.18 - - [21/Jul/2026:17:18:09 +0000] "POST /wp-login.php HTTP/1.1" 503 18043 "-" "Mozilla/5.0 (Windows NT 10.0; Win64; x64) AppleWebKit/537.36 Chrome/129.0.0.0 Safari/537.36"
13.60.224.18 - - [21/Jul/2026:17:21:27 +0000] "POST /wp-login.php HTTP/1.1" 503 18043 "-" "Mozilla/5.0 (Windows NT 10.0; Win64; x64) AppleWebKit/537.36 Chrome/129.0.0.0 Safari/537.36"
198.177.124.148 - - [21/Jul/2026:17:22:04 +0000] "POST /wp-cron.php?doing_wp_cron=1784654524.7227699756622314453125 HTTP/1.1" 200 - "-" "WordPress/7.0.2; https://buygreatessentials.shop"
198.177.124.148 - - [21/Jul/2026:17:22:03 +0000] "POST /?wordfence_syncAttackData=1784654523.3208 HTTP/1.1" 200 - "-" "WordPress/7.0.2; https://buygreatessentials.shop"
198.177.124.148 - - [21/Jul/2026:17:24:50 +0000] "POST /wp-cron.php?doing_wp_cron=1784654690.6376290321350097656250 HTTP/1.1" 200 - "-" "WordPress/7.0.2; https://buygreatessentials.shop"
13.60.224.18 - - [21/Jul/2026:17:24:48 +0000] "POST /wp-login.php HTTP/1.1" 503 18956 "-" "Mozilla/5.0 (Macintosh; Intel Mac OS X 10_15_7) AppleWebKit/605.1.15 Version/17.0 Safari/605.1.15"
13.60.224.18 - - [21/Jul/2026:17:28:07 +0000] "POST /wp-login.php HTTP/1.1" 503 18043 "-" "Mozilla/5.0 (Windows NT 10.0; Win64; x64) AppleWebKit/537.36 Chrome/129.0.0.0 Safari/537.36"
198.177.124.148 - - [21/Jul/2026:17:31:12 +0000] "POST /wp-cron.php?doing_wp_cron=1784655072.0543339252471923828125 HTTP/1.1" 200 - "-" "WordPress/7.0.2; https://buygreatessentials.shop"
198.177.124.148 - - [21/Jul/2026:17:31:09 +0000] "POST /?wordfence_syncAttackData=1784655069.8432 HTTP/1.1" 200 - "-" "WordPress/7.0.2; https://buygreatessentials.shop"
34.77.70.95 - - [21/Jul/2026:17:31:06 +0000] "GET / HTTP/1.1" 200 99529 "-" "Mozilla/5.0 (Windows NT 10.0; Win64; x64) AppleWebKit/537.36 (KHTML, like Gecko) Chrome/131.0.6778.86 Safari/537.36 Edg/131.0.2903.63"
13.60.224.18 - - [21/Jul/2026:17:31:41 +0000] "POST /wp-login.php HTTP/1.1" 503 18043 "-" "Mozilla/5.0 (Windows NT 10.0; Win64; x64) AppleWebKit/537.36 Chrome/129.0.0.0 Safari/537.36"
198.177.124.148 - - [21/Jul/2026:17:33:54 +0000] "POST /wp-cron.php?doing_wp_cron=1784655234.1293020248413085937500 HTTP/1.1" 200 - "-" "WordPress/7.0.2; https://buygreatessentials.shop"
198.177.124.148 - - [21/Jul/2026:17:33:51 +0000] "POST /?wordfence_syncAttackData=1784655231.1802 HTTP/1.1" 200 - "-" "WordPress/7.0.2; https://buygreatessentials.shop"
198.177.124.148 - - [21/Jul/2026:17:35:00 +0000] "POST /wp-cron.php?doing_wp_cron=1784655300.7438170909881591796875 HTTP/1.1" 200 - "-" "WordPress/7.0.2; https://buygreatessentials.shop"
13.60.224.18 - - [21/Jul/2026:17:34:57 +0000] "POST /wp-login.php HTTP/1.1" 503 18956 "-" "Mozilla/5.0 (Windows NT 10.0; Win64; rv:143.0) Gecko/20100101 Firefox/143.0"
13.60.224.18 - - [21/Jul/2026:17:38:17 +0000] "POST /wp-login.php HTTP/1.1" 503 18043 "-" "Mozilla/5.0 (Windows NT 10.0; Win64; x64) AppleWebKit/537.36 Chrome/129.0.0.0 Safari/537.36"
198.177.124.148 - - [21/Jul/2026:17:41:06 +0000] "POST /?wordfence_syncAttackData=1784655666.1987 HTTP/1.1" 200 - "-" "WordPress/7.0.2; https://buygreatessentials.shop"
13.60.224.18 - - [21/Jul/2026:17:41:40 +0000] "POST /wp-login.php HTTP/1.1" 503 18042 "-" "Mozilla/5.0 (Windows NT 10.0; Win64; x64) AppleWebKit/537.36 Chrome/129.0.0.0 Safari/537.36"
198.177.124.148 - - [21/Jul/2026:17:45:08 +0000] "POST /wp-cron.php?doing_wp_cron=1784655907.9483959674835205078125 HTTP/1.1" 200 - "-" "WordPress/7.0.2; https://buygreatessentials.shop"
13.60.224.18 - - [21/Jul/2026:17:45:02 +0000] "POST /wp-login.php HTTP/1.1" 503 18956 "-" "Mozilla/5.0 (Macintosh; Intel Mac OS X 10_15_7) AppleWebKit/605.1.15 Version/17.0 Safari/605.1.15"
198.177.124.148 - - [21/Jul/2026:17:45:05 +0000] "POST /?wordfence_syncAttackData=1784655905.6899 HTTP/1.1" 200 - "-" "WordPress/7.0.2; https://buygreatessentials.shop"
198.177.124.148 - - [21/Jul/2026:18:00:36 +0000] "POST /wp-cron.php?doing_wp_cron=1784656836.8058960437774658203125 HTTP/1.1" 200 - "-" "WordPress/7.0.2; https://buygreatessentials.shop"
185.223.152.100 - - [21/Jul/2026:18:00:33 +0000] "POST /wp-login.php HTTP/1.1" 503 18956 "-" "Mozilla/5.0 (X11; U; Linux i686; en-US; rv:1.9.1.3) Gecko/20090912 Gentoo Firefox/3.5.3 FirePHP/0.3"
198.177.124.148 - - [21/Jul/2026:18:04:15 +0000] "POST /wp-cron.php?doing_wp_cron=1784657055.4737279415130615234375 HTTP/1.1" 200 - "-" "WordPress/7.0.2; https://buygreatessentials.shop"
32.193.54.32 - - [21/Jul/2026:18:04:12 +0000] "GET /robots.txt HTTP/1.1" 200 124 "-" "Mozilla/5.0 (Macintosh; Intel Mac OS X 10_10_1) AppleWebKit/600.2.5 (KHTML, like Gecko) Version/8.0.2 Safari/600.2.5 (Gort)"
198.177.124.148 - - [21/Jul/2026:18:12:07 +0000] "POST /wp-cron.php?doing_wp_cron=1784657527.3197240829467773437500 HTTP/1.1" 200 - "-" "WordPress/7.0.2; https://buygreatessentials.shop"
86.107.21.84 - - [21/Jul/2026:18:12:00 +0000] "GET / HTTP/1.1" 200 99529 "-" "Mozilla/5.0 (Macintosh; Intel Mac OS X 10_15_7) AppleWebKit/537.36 (KHTML, like Gecko) Chrome/90.0.4430.93 Safari/537.36"
86.107.21.84 - - [21/Jul/2026:18:12:08 +0000] "GET /?rest_route=/wp/v2/users HTTP/1.1" 401 108 "-" "Mozilla/5.0 (Windows NT 10.0; Win64; x64) AppleWebKit/537.36 (KHTML, like Gecko) Chrome/91.0.4472.124 Safari/537.36"
198.177.124.148 - - [21/Jul/2026:18:14:19 +0000] "POST /wp-cron.php?doing_wp_cron=1784657659.7490410804748535156250 HTTP/1.1" 200 - "-" "WordPress/7.0.2; https://buygreatessentials.shop"
104.105.81.101 - - [21/Jul/2026:18:14:12 +0000] "GET / HTTP/1.1" 200 99529 "-" "Mozilla/5.0 (Linux; Android 11; Nokia G50) AppleWebKit/537.36 (KHTML, like Gecko) Chrome/123.0.6312.61 Mobile Safari/537.36"
104.105.81.101 - - [21/Jul/2026:18:14:20 +0000] "GET /?rest_route=/wp/v2/users HTTP/1.1" 401 108 "-" "Mozilla/5.0 (Macintosh; Intel Mac OS X 10_15_7) AppleWebKit/537.36 (KHTML, like Gecko) Chrome/90.0.4430.93 Safari/537.36"
198.177.124.148 - - [21/Jul/2026:18:23:05 +0000] "POST /wp-cron.php?doing_wp_cron=1784658184.9946730136871337890625 HTTP/1.1" 200 - "-" "WordPress/7.0.2; https://buygreatessentials.shop"
185.223.152.119 - - [21/Jul/2026:18:22:59 +0000] "POST /wp-login.php HTTP/1.1" 503 18956 "-" "Mozilla/5.0 (Linux; Android 10; M2004J19C Build/QP1A.190711.020; wv) AppleWebKit/537.36 (KHTML, like Gecko) Version/4.0 Chrome/83.0.4103.101 Mobile Safari/537.36"
198.177.124.148 - - [21/Jul/2026:18:30:23 +0000] "POST /wp-cron.php?doing_wp_cron=1784658623.2550530433654785156250 HTTP/1.1" 200 - "-" "WordPress/7.0.2; https://buygreatessentials.shop"
66.249.72.160 - - [21/Jul/2026:18:30:21 +0000] "GET /robots.txt HTTP/1.1" 200 124 "-" "Mozilla/5.0 (compatible; Googlebot/2.1; +http://www.google.com/bot.html)"
66.249.72.174 - - [21/Jul/2026:18:30:35 +0000] "GET /hello-world/ HTTP/1.1" 200 105324 "-" "Mozilla/5.0 (compatible; Googlebot/2.1; +http://www.google.com/bot.html)"
198.177.124.148 - - [21/Jul/2026:18:45:57 +0000] "POST /wp-cron.php?doing_wp_cron=1784659557.7593090534210205078125 HTTP/1.1" 200 - "-" "WordPress/7.0.2; https://buygreatessentials.shop"
185.223.152.116 - - [21/Jul/2026:18:45:55 +0000] "POST /wp-login.php HTTP/1.1" 503 18956 "-" "Mozilla/5.0 (Linux; Android 5.1.1; SAMSUNG SM-J320P) AppleWebKit/537.36 (KHTML, like Gecko) SamsungBrowser/11.2 Chrome/75.0.3770.143 Mobile Safari/537.36"
198.177.124.148 - - [21/Jul/2026:18:59:20 +0000] "POST /wp-cron.php?doing_wp_cron=1784660360.4734430313110351562500 HTTP/1.1" 200 - "-" "WordPress/7.0.2; https://buygreatessentials.shop"
66.249.72.161 - - [21/Jul/2026:18:59:18 +0000] "GET /wp-content/plugins/* HTTP/1.1" 404 82979 "-" "Mozilla/5.0 (Linux; Android 6.0.1; Nexus 5X Build/MMB29P) AppleWebKit/537.36 (KHTML, like Gecko) Chrome/150.0.7871.128 Mobile Safari/537.36 (compatible; GoogleOther)"
198.177.124.148 - - [21/Jul/2026:19:04:36 +0000] "POST /wp-cron.php?doing_wp_cron=1784660676.8034780025482177734375 HTTP/1.1" 200 - "-" "WordPress/7.0.2; https://buygreatessentials.shop"
34.77.70.95 - - [21/Jul/2026:19:04:34 +0000] "GET / HTTP/1.1" 200 99529 "-" "Mozilla/5.0 (Macintosh; Intel Mac OS X 10_15_7) AppleWebKit/537.36 (KHTML, like Gecko) Chrome/127.0.6533.100 Safari/537.36"
185.223.152.108 - - [21/Jul/2026:19:08:26 +0000] "POST /wp-login.php HTTP/1.1" 503 18956 "-" "firefox|Mozilla/5.0 (Linux i670 x86_64) Gecko/20100101 Firefox/47.2"
198.177.124.148 - - [21/Jul/2026:19:31:04 +0000] "POST /wp-cron.php?doing_wp_cron=1784662264.4177110195159912109375 HTTP/1.1" 200 - "-" "WordPress/7.0.2; https://buygreatessentials.shop"
185.223.152.99 - - [21/Jul/2026:19:31:00 +0000] "POST /wp-login.php HTTP/1.1" 503 18956 "-" "Mozilla/5.0 (Windows; U; Windows NT 6.0; en-US) AppleWebKit/533.20.25 (KHTML, like Gecko) Version/5.0.3 Safari/533.19.4"
198.177.124.148 - - [21/Jul/2026:19:39:56 +0000] "POST /wp-cron.php?doing_wp_cron=1784662796.2471029758453369140625 HTTP/1.1" 200 - "-" "WordPress/7.0.2; https://buygreatessentials.shop"
161.123.208.141 - - [21/Jul/2026:19:39:53 +0000] "HEAD / HTTP/1.1" 200 - "-" "Mozilla/5.0 (Windows NT 10.0; Win64; x64) AppleWebKit/537.36 (KHTML, like Gecko) Chrome/124.0.0.0 Safari/537.36 OPR/108.0.0.0"
198.177.124.148 - - [21/Jul/2026:19:53:54 +0000] "POST /wp-cron.php?doing_wp_cron=1784663634.6817920207977294921875 HTTP/1.1" 200 - "-" "WordPress/7.0.2; https://buygreatessentials.shop"
185.223.152.118 - - [21/Jul/2026:19:53:51 +0000] "POST /wp-login.php HTTP/1.1" 503 18956 "-" "Mozilla/5.0 (Linux; Android 14; moto g 5G - 2023 Build/U1TPN34.26-48-2; wv) AppleWebKit/537.36 (KHTML, like Gecko) Version/4.0 Chrome/123.0.6312.99 Mobile Safari/537.36"
198.177.124.148 - - [21/Jul/2026:20:06:05 +0000] "POST /wp-cron.php?doing_wp_cron=1784664365.8690719604492187500000 HTTP/1.1" 200 - "-" "WordPress/7.0.2; https://buygreatessentials.shop"
172.235.194.205 - - [21/Jul/2026:20:06:03 +0000] "GET /wp-login.php HTTP/1.1" 200 4823 "-" "Mozilla/5.0"
172.235.194.205 - - [21/Jul/2026:20:06:06 +0000] "GET /?author=1 HTTP/1.1" 404 78007 "-" "Mozilla/5.0"
172.235.194.205 - - [21/Jul/2026:20:06:10 +0000] "GET /?rest_route=/wp/v2/users HTTP/1.1" 401 108 "-" "Mozilla/5.0"
172.235.194.205 - - [21/Jul/2026:20:06:12 +0000] "GET /feed HTTP/1.1" 301 - "-" "Mozilla/5.0"
172.235.194.205 - - [21/Jul/2026:20:06:14 +0000] "GET /feed/ HTTP/1.1" 200 9502 "-" "Mozilla/5.0"
198.177.124.148 - - [21/Jul/2026:20:15:11 +0000] "POST /wp-cron.php?doing_wp_cron=1784664911.3933830261230468750000 HTTP/1.1" 200 - "-" "WordPress/7.0.2; https://buygreatessentials.shop"
45.248.151.230 - - [21/Jul/2026:20:15:09 +0000] "GET /wp-content/plugins/config-bs/bootstrap.php?p= HTTP/1.1" 301 - "-" "Mozilla/5.0 (Windows NT 10.0; Win64; x64) AppleWebKit/537.36 (KHTML, like Gecko) Chrome/150.0.0.0 Safari/537.36"
45.248.151.230 - - [21/Jul/2026:20:15:13 +0000] "GET /wp-content/plugins/config-bs/bootstrap.php HTTP/1.1" 404 83045 "-" "Mozilla/5.0 (Windows NT 10.0; Win64; x64) AppleWebKit/537.36 (KHTML, like Gecko) Chrome/150.0.0.0 Safari/537.36"
45.248.151.230 - - [21/Jul/2026:20:15:17 +0000] "GET /wp-includes/js/jquery/jquery-migrate.min.js?ver=3.4.1 HTTP/1.1" 200 13577 "https://buygreatessentials.shop/wp-content/plugins/config-bs/bootstrap.php" "Mozilla/5.0 (Windows NT 10.0; Win64; x64) AppleWebKit/537.36 (KHTML, like Gecko) Chrome/150.0.0.0 Safari/537.36"
45.248.151.230 - - [21/Jul/2026:20:15:17 +0000] "GET /wp-includes/js/jquery/jquery.min.js?ver=3.7.1 HTTP/1.1" 200 87553 "https://buygreatessentials.shop/wp-content/plugins/config-bs/bootstrap.php" "Mozilla/5.0 (Windows NT 10.0; Win64; x64) AppleWebKit/537.36 (KHTML, like Gecko) Chrome/150.0.0.0 Safari/537.36"
45.248.151.230 - - [21/Jul/2026:20:15:17 +0000] "GET /wp-includes/js/dist/script-modules/block-library/navigation/view.min.js?ver=96a846e1d7b789c39ab9 HTTP/1.1" 200 3053 "https://buygreatessentials.shop/wp-content/plugins/config-bs/bootstrap.php" "Mozilla/5.0 (Windows NT 10.0; Win64; x64) AppleWebKit/537.36 (KHTML, like Gecko) Chrome/150.0.0.0 Safari/537.36"
45.248.151.230 - - [21/Jul/2026:20:15:17 +0000] "GET /wp-includes/js/dist/script-modules/interactivity/index.min.js?ver=efaa5193bbad9c60ffd1 HTTP/1.1" 200 40106 "https://buygreatessentials.shop/wp-content/plugins/config-bs/bootstrap.php" "Mozilla/5.0 (Windows NT 10.0; Win64; x64) AppleWebKit/537.36 (KHTML, like Gecko) Chrome/150.0.0.0 Safari/537.36"
45.248.151.230 - - [21/Jul/2026:20:15:17 +0000] "GET /wp-content/plugins/pixelyoursite/dist/scripts/jquery.bind-first-0.2.3.min.js?ver=0.2.3 HTTP/1.1" 200 1317 "https://buygreatessentials.shop/wp-content/plugins/config-bs/bootstrap.php" "Mozilla/5.0 (Windows NT 10.0; Win64; x64) AppleWebKit/537.36 (KHTML, like Gecko) Chrome/150.0.0.0 Safari/537.36"
45.248.151.230 - - [21/Jul/2026:20:15:18 +0000] "GET /wp-content/plugins/pixelyoursite/dist/scripts/js.cookie-2.1.3.min.js?ver=2.1.3 HTTP/1.1" 200 1709 "https://buygreatessentials.shop/wp-content/plugins/config-bs/bootstrap.php" "Mozilla/5.0 (Windows NT 10.0; Win64; x64) AppleWebKit/537.36 (KHTML, like Gecko) Chrome/150.0.0.0 Safari/537.36"
45.248.151.230 - - [21/Jul/2026:20:15:18 +0000] "GET /wp-content/plugins/pixelyoursite/dist/scripts/public.js?ver=11.2.1 HTTP/1.1" 200 172979 "https://buygreatessentials.shop/wp-content/plugins/config-bs/bootstrap.php" "Mozilla/5.0 (Windows NT 10.0; Win64; x64) AppleWebKit/537.36 (KHTML, like Gecko) Chrome/150.0.0.0 Safari/537.36"
45.248.151.230 - - [21/Jul/2026:20:15:18 +0000] "GET /wp-content/plugins/pixelyoursite/dist/scripts/tld.min.js?ver=2.3.1 HTTP/1.1" 200 141079 "https://buygreatessentials.shop/wp-content/plugins/config-bs/bootstrap.php" "Mozilla/5.0 (Windows NT 10.0; Win64; x64) AppleWebKit/537.36 (KHTML, like Gecko) Chrome/150.0.0.0 Safari/537.36"
59.14.17.48 - - [21/Jul/2026:20:15:20 +0000] "HEAD / HTTP/1.1" 200 - "-" "-"
45.248.151.230 - - [21/Jul/2026:20:15:23 +0000] "GET /wp-admin/admin-ajax.php?action=pys_get_pbid HTTP/1.1" 200 1 "https://buygreatessentials.shop/wp-content/plugins/config-bs/bootstrap.php" "Mozilla/5.0 (Windows NT 10.0; Win64; x64) AppleWebKit/537.36 (KHTML, like Gecko) Chrome/150.0.0.0 Safari/537.36"
45.248.151.230 - - [21/Jul/2026:20:15:26 +0000] "GET /wp-content/themes/twentytwentyfour/assets/fonts/cardo/cardo_normal_400.woff2 HTTP/1.1" 200 146060 "https://buygreatessentials.shop/wp-content/plugins/config-bs/bootstrap.php" "Mozilla/5.0 (Windows NT 10.0; Win64; x64) AppleWebKit/537.36 (KHTML, like Gecko) Chrome/150.0.0.0 Safari/537.36"
45.248.151.230 - - [21/Jul/2026:20:15:26 +0000] "GET /wp-content/themes/twentytwentyfour/assets/fonts/inter/Inter-VariableFont_slnt,wght.woff2 HTTP/1.1" 200 326628 "https://buygreatessentials.shop/wp-content/plugins/config-bs/bootstrap.php" "Mozilla/5.0 (Windows NT 10.0; Win64; x64) AppleWebKit/537.36 (KHTML, like Gecko) Chrome/150.0.0.0 Safari/537.36"
45.248.151.230 - - [21/Jul/2026:20:15:25 +0000] "POST /wp-json/pys-facebook/v1/event HTTP/1.1" 200 16 "https://buygreatessentials.shop/wp-content/plugins/config-bs/bootstrap.php" "Mozilla/5.0 (Windows NT 10.0; Win64; x64) AppleWebKit/537.36 (KHTML, like Gecko) Chrome/150.0.0.0 Safari/537.36"
59.14.17.48 - - [21/Jul/2026:20:15:28 +0000] "GET / HTTP/1.1" 200 99529 "-" "Mozilla/5.0 (Linux; Android 14; Mobile) AppleWebKit/537.36 (KHTML, like Gecko) Chrome/136.0.0.0 Mobile Safari/537.36"
59.14.17.48 - - [21/Jul/2026:20:15:31 +0000] "GET /wp-includes/blocks/navigation/style.min.css?ver=7.0.2 HTTP/1.1" 200 20709 "https://buygreatessentials.shop/" "Mozilla/5.0 (Linux; Android 14; Mobile) AppleWebKit/537.36 (KHTML, like Gecko) Chrome/136.0.0.0 Mobile Safari/537.36"
59.14.17.48 - - [21/Jul/2026:20:15:31 +0000] "GET /wp-includes/js/jquery/jquery.min.js?ver=3.7.1 HTTP/1.1" 200 87553 "https://buygreatessentials.shop/" "Mozilla/5.0 (Linux; Android 14; Mobile) AppleWebKit/537.36 (KHTML, like Gecko) Chrome/136.0.0.0 Mobile Safari/537.36"
59.14.17.48 - - [21/Jul/2026:20:15:31 +0000] "GET /wp-includes/js/jquery/jquery-migrate.min.js?ver=3.4.1 HTTP/1.1" 200 13577 "https://buygreatessentials.shop/" "Mozilla/5.0 (Linux; Android 14; Mobile) AppleWebKit/537.36 (KHTML, like Gecko) Chrome/136.0.0.0 Mobile Safari/537.36"
59.14.17.48 - - [21/Jul/2026:20:15:32 +0000] "GET /wp-content/themes/twentytwentyfour/assets/images/tourist-and-building.webp HTTP/1.1" 200 66482 "https://buygreatessentials.shop/" "Mozilla/5.0 (Linux; Android 14; Mobile) AppleWebKit/537.36 (KHTML, like Gecko) Chrome/136.0.0.0 Mobile Safari/537.36"
59.14.17.48 - - [21/Jul/2026:20:15:32 +0000] "GET /wp-content/themes/twentytwentyfour/assets/images/building-exterior.webp HTTP/1.1" 200 199724 "https://buygreatessentials.shop/" "Mozilla/5.0 (Linux; Android 14; Mobile) AppleWebKit/537.36 (KHTML, like Gecko) Chrome/136.0.0.0 Mobile Safari/537.36"
59.14.17.48 - - [21/Jul/2026:20:15:33 +0000] "GET /wp-content/plugins/pixelyoursite/dist/scripts/jquery.bind-first-0.2.3.min.js?ver=0.2.3 HTTP/1.1" 200 1317 "https://buygreatessentials.shop/" "Mozilla/5.0 (Linux; Android 14; Mobile) AppleWebKit/537.36 (KHTML, like Gecko) Chrome/136.0.0.0 Mobile Safari/537.36"
59.14.17.48 - - [21/Jul/2026:20:15:33 +0000] "GET /wp-includes/js/dist/script-modules/interactivity/index.min.js?ver=efaa5193bbad9c60ffd1 HTTP/1.1" 200 40106 "https://buygreatessentials.shop/" "Mozilla/5.0 (Linux; Android 14; Mobile) AppleWebKit/537.36 (KHTML, like Gecko) Chrome/136.0.0.0 Mobile Safari/537.36"
59.14.17.48 - - [21/Jul/2026:20:15:33 +0000] "GET /wp-includes/js/dist/script-modules/block-library/navigation/view.min.js?ver=96a846e1d7b789c39ab9 HTTP/1.1" 200 3053 "https://buygreatessentials.shop/" "Mozilla/5.0 (Linux; Android 14; Mobile) AppleWebKit/537.36 (KHTML, like Gecko) Chrome/136.0.0.0 Mobile Safari/537.36"
59.14.17.48 - - [21/Jul/2026:20:15:33 +0000] "GET /wp-content/plugins/pixelyoursite/dist/scripts/js.cookie-2.1.3.min.js?ver=2.1.3 HTTP/1.1" 200 1709 "https://buygreatessentials.shop/" "Mozilla/5.0 (Linux; Android 14; Mobile) AppleWebKit/537.36 (KHTML, like Gecko) Chrome/136.0.0.0 Mobile Safari/537.36"
59.14.17.48 - - [21/Jul/2026:20:15:33 +0000] "GET /wp-content/themes/twentytwentyfour/assets/images/windows.webp HTTP/1.1" 200 126244 "https://buygreatessentials.shop/" "Mozilla/5.0 (Linux; Android 14; Mobile) AppleWebKit/537.36 (KHTML, like Gecko) Chrome/136.0.0.0 Mobile Safari/537.36"
59.14.17.48 - - [21/Jul/2026:20:15:34 +0000] "GET /wp-content/plugins/pixelyoursite/dist/scripts/tld.min.js?ver=2.3.1 HTTP/1.1" 200 141079 "https://buygreatessentials.shop/" "Mozilla/5.0 (Linux; Android 14; Mobile) AppleWebKit/537.36 (KHTML, like Gecko) Chrome/136.0.0.0 Mobile Safari/537.36"
59.14.17.48 - - [21/Jul/2026:20:15:34 +0000] "GET /wp-content/themes/twentytwentyfour/assets/fonts/inter/Inter-VariableFont_slnt,wght.woff2 HTTP/1.1" 200 326628 "https://buygreatessentials.shop/" "Mozilla/5.0 (Linux; Android 14; Mobile) AppleWebKit/537.36 (KHTML, like Gecko) Chrome/136.0.0.0 Mobile Safari/537.36"
59.14.17.48 - - [21/Jul/2026:20:15:34 +0000] "GET /wp-content/themes/twentytwentyfour/assets/fonts/cardo/cardo_normal_400.woff2 HTTP/1.1" 200 146060 "https://buygreatessentials.shop/" "Mozilla/5.0 (Linux; Android 14; Mobile) AppleWebKit/537.36 (KHTML, like Gecko) Chrome/136.0.0.0 Mobile Safari/537.36"
59.14.17.48 - - [21/Jul/2026:20:15:34 +0000] "GET /wp-content/themes/twentytwentyfour/assets/fonts/cardo/cardo_italic_400.woff2 HTTP/1.1" 200 105184 "https://buygreatessentials.shop/" "Mozilla/5.0 (Linux; Android 14; Mobile) AppleWebKit/537.36 (KHTML, like Gecko) Chrome/136.0.0.0 Mobile Safari/537.36"
59.14.17.48 - - [21/Jul/2026:20:15:35 +0000] "GET /wp-content/plugins/pixelyoursite/dist/scripts/public.js?ver=11.2.1 HTTP/1.1" 200 172979 "https://buygreatessentials.shop/" "Mozilla/5.0 (Linux; Android 14; Mobile) AppleWebKit/537.36 (KHTML, like Gecko) Chrome/136.0.0.0 Mobile Safari/537.36"
59.14.17.48 - - [21/Jul/2026:20:15:43 +0000] "GET /wp-includes/js/wp-emoji-release.min.js?ver=7.0.2 HTTP/1.1" 200 22752 "https://buygreatessentials.shop/" "Mozilla/5.0 (Linux; Android 14; Mobile) AppleWebKit/537.36 (KHTML, like Gecko) Chrome/136.0.0.0 Mobile Safari/537.36"
198.177.124.148 - - [21/Jul/2026:20:15:45 +0000] "POST /wp-cron.php?doing_wp_cron=1784664945.2120130062103271484375 HTTP/1.1" 200 - "-" "WordPress/7.0.2; https://buygreatessentials.shop"
59.14.17.48 - - [21/Jul/2026:20:15:43 +0000] "POST /wp-json/pys-facebook/v1/event HTTP/1.1" 200 16 "https://buygreatessentials.shop/" "Mozilla/5.0 (Linux; Android 14; Mobile) AppleWebKit/537.36 (KHTML, like Gecko) Chrome/136.0.0.0 Mobile Safari/537.36"
59.14.17.48 - - [21/Jul/2026:20:15:43 +0000] "GET /wp-admin/admin-ajax.php?action=pys_get_pbid HTTP/1.1" 200 1 "https://buygreatessentials.shop/" "Mozilla/5.0 (Linux; Android 14; Mobile) AppleWebKit/537.36 (KHTML, like Gecko) Chrome/136.0.0.0 Mobile Safari/537.36"
59.14.17.48 - - [21/Jul/2026:20:15:43 +0000] "GET /favicon.ico HTTP/1.1" 302 - "https://buygreatessentials.shop/" "Mozilla/5.0 (Linux; Android 14; Mobile) AppleWebKit/537.36 (KHTML, like Gecko) Chrome/136.0.0.0 Mobile Safari/537.36"
59.14.17.48 - - [21/Jul/2026:20:15:45 +0000] "GET /wp-includes/images/w-logo-blue-white-bg.png HTTP/1.1" 200 4119 "https://buygreatessentials.shop/" "Mozilla/5.0 (Linux; Android 14; Mobile) AppleWebKit/537.36 (KHTML, like Gecko) Chrome/136.0.0.0 Mobile Safari/537.36"
45.248.151.230 - - [21/Jul/2026:20:15:59 +0000] "GET /wp-includes/js/wp-emoji-release.min.js?ver=7.0.2 HTTP/1.1" 200 22752 "https://buygreatessentials.shop/wp-content/plugins/config-bs/bootstrap.php" "Mozilla/5.0 (Windows NT 10.0; Win64; x64) AppleWebKit/537.36 (KHTML, like Gecko) Chrome/150.0.0.0 Safari/537.36"
45.248.151.230 - - [21/Jul/2026:20:16:00 +0000] "GET /favicon.ico HTTP/1.1" 302 - "https://buygreatessentials.shop/wp-content/plugins/config-bs/bootstrap.php" "Mozilla/5.0 (Windows NT 10.0; Win64; x64) AppleWebKit/537.36 (KHTML, like Gecko) Chrome/150.0.0.0 Safari/537.36"
45.248.151.230 - - [21/Jul/2026:20:16:02 +0000] "GET /wp-includes/images/w-logo-blue-white-bg.png HTTP/1.1" 200 4119 "https://buygreatessentials.shop/wp-content/plugins/config-bs/bootstrap.php" "Mozilla/5.0 (Windows NT 10.0; Win64; x64) AppleWebKit/537.36 (KHTML, like Gecko) Chrome/150.0.0.0 Safari/537.36"
185.223.152.116 - - [21/Jul/2026:20:16:27 +0000] "POST /wp-login.php HTTP/1.1" 503 18956 "-" "Mozilla/5.0 (Linux; Android 9; HRY-LX1 Build/HONORHRY-L21) AppleWebKit/537.36 (KHTML, like Gecko) Chrome/83.0.4103.101 Mobile Safari/537.36 YaApp_Android/10.91 YaSearchBrowser/10.91"
198.177.124.148 - - [21/Jul/2026:20:28:17 +0000] "POST /wp-cron.php?doing_wp_cron=1784665697.1562519073486328125000 HTTP/1.1" 200 - "-" "WordPress/7.0.2; https://buygreatessentials.shop"
136.66.77.85 - - [21/Jul/2026:20:28:12 +0000] "GET /wp-login.php HTTP/1.1" 200 4823 "-" "Mozilla/5.0 (Windows NT 10.0; Win64; x64) AppleWebKit/537.36 (KHTML, like Gecko) HeadlessChrome/150.0.0.0 Safari/537.36"
