105.113.103.131 - - [22/Jul/2026:12:07:41 +0000] "POST /wp-admin/admin-ajax.php HTTP/1.1" 200 77 "https://buygreatessentials.shop/wp-admin/post.php?post=115&action=elementor" "Mozilla/5.0 (Windows NT 10.0; Win64; x64) AppleWebKit/537.36 (KHTML, like Gecko) Chrome/150.0.0.0 Safari/537.36"
198.177.124.148 - - [22/Jul/2026:12:07:46 +0000] "POST /wp-cron.php?doing_wp_cron=1784722066.8334310054779052734375 HTTP/1.1" 200 - "-" "WordPress/7.0.2; https://buygreatessentials.shop"
105.113.103.131 - - [22/Jul/2026:12:07:44 +0000] "GET /wp-json/elementor/v1/checklist/user-progress HTTP/1.1" 403 90 "https://buygreatessentials.shop/wp-admin/post.php?post=115&action=elementor" "Mozilla/5.0 (Windows NT 10.0; Win64; x64) AppleWebKit/537.36 (KHTML, like Gecko) Chrome/150.0.0.0 Safari/537.36"
105.113.103.131 - - [22/Jul/2026:12:01:30 +0000] "GET /wp-admin/admin.php?page=wpforms-builder&view=fields&form_id=261&newform=1 HTTP/1.1" 404 - "https://buygreatessentials.shop/wp-admin/admin.php?page=wpforms-builder" "Mozilla/5.0 (Windows NT 10.0; Win64; x64) AppleWebKit/537.36 (KHTML, like Gecko) Chrome/150.0.0.0 Safari/537.36"
105.113.103.131 - - [22/Jul/2026:12:07:58 +0000] "POST /wp-admin/admin-ajax.php HTTP/1.1" 200 77 "https://buygreatessentials.shop/wp-admin/post.php?post=115&action=elementor" "Mozilla/5.0 (Windows NT 10.0; Win64; x64) AppleWebKit/537.36 (KHTML, like Gecko) Chrome/150.0.0.0 Safari/537.36"
198.177.124.148 - - [22/Jul/2026:12:09:30 +0000] "POST /wp-cron.php?doing_wp_cron=1784722170.5793468952178955078125 HTTP/1.1" 200 - "-" "WordPress/7.0.2; https://buygreatessentials.shop"
105.113.103.131 - - [22/Jul/2026:12:07:35 +0000] "GET /wp-admin/admin.php?page=wpforms-builder&view=fields&form_id=261&newform=1 HTTP/1.1" 200 723070 "-" "Mozilla/5.0 (Windows NT 10.0; Win64; x64) AppleWebKit/537.36 (KHTML, like Gecko) Chrome/150.0.0.0 Safari/537.36"
198.177.124.148 - - [22/Jul/2026:12:09:42 +0000] "POST /wp-cron.php?doing_wp_cron=1784722182.0395948886871337890625 HTTP/1.1" 200 - "-" "WordPress/7.0.2; https://buygreatessentials.shop"
105.113.103.131 - - [22/Jul/2026:12:09:21 +0000] "GET /wp-admin/admin.php?page=wpforms-builder&view=fields&form_id=261&newform=1 HTTP/1.1" 200 723070 "-" "Mozilla/5.0 (Windows NT 10.0; Win64; x64) AppleWebKit/537.36 (KHTML, like Gecko) Chrome/150.0.0.0 Safari/537.36"
105.113.103.131 - - [22/Jul/2026:12:09:49 +0000] "POST /wp-admin/admin-ajax.php HTTP/1.1" 200 77 "https://buygreatessentials.shop/wp-admin/post.php?post=115&action=elementor" "Mozilla/5.0 (Windows NT 10.0; Win64; x64) AppleWebKit/537.36 (KHTML, like Gecko) Chrome/150.0.0.0 Safari/537.36"
105.113.103.131 - - [22/Jul/2026:12:09:49 +0000] "GET /wp-json/elementor/v1/checklist/user-progress HTTP/1.1" 403 90 "https://buygreatessentials.shop/wp-admin/post.php?post=115&action=elementor" "Mozilla/5.0 (Windows NT 10.0; Win64; x64) AppleWebKit/537.36 (KHTML, like Gecko) Chrome/150.0.0.0 Safari/537.36"
105.113.103.131 - - [22/Jul/2026:12:10:01 +0000] "POST /wp-admin/admin-ajax.php HTTP/1.1" 200 77 "https://buygreatessentials.shop/wp-admin/post.php?post=115&action=elementor" "Mozilla/5.0 (Windows NT 10.0; Win64; x64) AppleWebKit/537.36 (KHTML, like Gecko) Chrome/150.0.0.0 Safari/537.36"
105.113.103.131 - - [22/Jul/2026:12:10:08 +0000] "GET /wp-content/plugins/wpforms-lite/assets/images/lite-connect/info-circle.svg HTTP/1.1" 200 1043 "https://buygreatessentials.shop/wp-admin/" "Mozilla/5.0 (Windows NT 10.0; Win64; x64) AppleWebKit/537.36 (KHTML, like Gecko) Chrome/150.0.0.0 Safari/537.36"
105.113.103.131 - - [22/Jul/2026:12:09:39 +0000] "GET /wp-admin/ HTTP/1.1" 200 396768 "-" "Mozilla/5.0 (Windows NT 10.0; Win64; x64) AppleWebKit/537.36 (KHTML, like Gecko) Chrome/150.0.0.0 Safari/537.36"
105.113.103.131 - - [22/Jul/2026:12:10:31 +0000] "GET /wp-content/plugins/wp-mail-smtp/assets/js/vendor/chart.min.js?ver=4.4.9 HTTP/1.1" 304 - "https://buygreatessentials.shop/wp-admin/" "Mozilla/5.0 (Windows NT 10.0; Win64; x64) AppleWebKit/537.36 (KHTML, like Gecko) Chrome/150.0.0.0 Safari/537.36"
105.113.103.131 - - [22/Jul/2026:12:10:31 +0000] "GET /wp-content/plugins/wp-mail-smtp/assets/js/vendor/chartjs-adapter-moment.min.js?ver=1.0.1 HTTP/1.1" 304 - "https://buygreatessentials.shop/wp-admin/" "Mozilla/5.0 (Windows NT 10.0; Win64; x64) AppleWebKit/537.36 (KHTML, like Gecko) Chrome/150.0.0.0 Safari/537.36"
105.113.103.131 - - [22/Jul/2026:12:10:31 +0000] "GET /wp-content/plugins/wpforms-lite/assets/lib/chart.min.js?ver=4.5.1 HTTP/1.1" 304 - "https://buygreatessentials.shop/wp-admin/" "Mozilla/5.0 (Windows NT 10.0; Win64; x64) AppleWebKit/537.36 (KHTML, like Gecko) Chrome/150.0.0.0 Safari/537.36"
105.113.103.131 - - [22/Jul/2026:12:10:32 +0000] "GET /wp-content/plugins/wp-mail-smtp/assets/js/smtp-dashboard-widget.min.js?ver=4.9.0 HTTP/1.1" 304 - "https://buygreatessentials.shop/wp-admin/" "Mozilla/5.0 (Windows NT 10.0; Win64; x64) AppleWebKit/537.36 (KHTML, like Gecko) Chrome/150.0.0.0 Safari/537.36"
105.113.103.131 - - [22/Jul/2026:12:10:32 +0000] "GET /wp-content/plugins/wpforms-lite/assets/lite/js/admin/dashboard-widget.min.js?ver=2.0.0.2 HTTP/1.1" 304 - "https://buygreatessentials.shop/wp-admin/" "Mozilla/5.0 (Windows NT 10.0; Win64; x64) AppleWebKit/537.36 (KHTML, like Gecko) Chrome/150.0.0.0 Safari/537.36"
105.113.103.131 - - [22/Jul/2026:12:10:28 +0000] "GET /wp-content/plugins/elementor/vendor/elementor/wp-one-package/assets/build/manage-dashboard-widget.js?ver=fbf4651d9df10ea54d4b HTTP/1.1" 200 554206 "https://buygreatessentials.shop/wp-admin/" "Mozilla/5.0 (Windows NT 10.0; Win64; x64) AppleWebKit/537.36 (KHTML, like Gecko) Chrome/150.0.0.0 Safari/537.36"
105.113.103.131 - - [22/Jul/2026:12:11:43 +0000] "GET /wp-content/plugins/wpforms-lite/assets/lib/chartjs-adapter-moment.min.js?ver=1.0.1 HTTP/1.1" 200 1376 "https://buygreatessentials.shop/wp-admin/" "Mozilla/5.0 (Windows NT 10.0; Win64; x64) AppleWebKit/537.36 (KHTML, like Gecko) Chrome/150.0.0.0 Safari/537.36"
105.113.103.131 - - [22/Jul/2026:12:11:44 +0000] "GET /wp-content/plugins/wordfence/fonts/roboto-KFOlCnqEu92Fr1MmEU9fBBc-AMP6lQ.woff HTTP/1.1" 304 - "https://buygreatessentials.shop/wp-content/plugins/wordfence/css/wf-roboto-font.1778685035.css?ver=8.2.2" "Mozilla/5.0 (Windows NT 10.0; Win64; x64) AppleWebKit/537.36 (KHTML, like Gecko) Chrome/150.0.0.0 Safari/537.36"
198.177.124.148 - - [22/Jul/2026:12:11:46 +0000] "POST /wp-cron.php?doing_wp_cron=1784722306.1690049171447753906250 HTTP/1.1" 200 - "-" "WordPress/7.0.2; https://buygreatessentials.shop"
105.113.103.131 - - [22/Jul/2026:12:11:42 +0000] "POST /wp-admin/admin-ajax.php HTTP/1.1" 200 102 "https://buygreatessentials.shop/wp-admin/" "Mozilla/5.0 (Windows NT 10.0; Win64; x64) AppleWebKit/537.36 (KHTML, like Gecko) Chrome/150.0.0.0 Safari/537.36"
105.113.103.131 - - [22/Jul/2026:12:11:42 +0000] "GET /wp-admin/admin-ajax.php?action=dashboard-widgets&widget=dashboard_primary&pagenow=dashboard HTTP/1.1" 200 909 "https://buygreatessentials.shop/wp-admin/" "Mozilla/5.0 (Windows NT 10.0; Win64; x64) AppleWebKit/537.36 (KHTML, like Gecko) Chrome/150.0.0.0 Safari/537.36"
105.113.103.131 - - [22/Jul/2026:12:12:01 +0000] "POST /wp-admin/admin-ajax.php HTTP/1.1" 200 77 "https://buygreatessentials.shop/wp-admin/post.php?post=115&action=elementor" "Mozilla/5.0 (Windows NT 10.0; Win64; x64) AppleWebKit/537.36 (KHTML, like Gecko) Chrome/150.0.0.0 Safari/537.36"
105.113.103.131 - - [22/Jul/2026:12:12:41 +0000] "POST /wp-admin/admin-ajax.php HTTP/1.1" 200 47 "https://buygreatessentials.shop/wp-admin/" "Mozilla/5.0 (Windows NT 10.0; Win64; x64) AppleWebKit/537.36 (KHTML, like Gecko) Chrome/150.0.0.0 Safari/537.36"
105.113.103.131 - - [22/Jul/2026:12:13:28 +0000] "GET /wp-content/plugins/wpforms-lite/assets/css/admin/edit-post-education.min.css?ver=2.0.0.2 HTTP/1.1" 304 - "https://buygreatessentials.shop/wp-admin/edit.php?post_type=page" "Mozilla/5.0 (Windows NT 10.0; Win64; x64) AppleWebKit/537.36 (KHTML, like Gecko) Chrome/150.0.0.0 Safari/537.36"
105.113.103.131 - - [22/Jul/2026:12:13:23 +0000] "GET /wp-admin/edit.php?post_type=page HTTP/1.1" 200 338025 "https://buygreatessentials.shop/wp-admin/" "Mozilla/5.0 (Windows NT 10.0; Win64; x64) AppleWebKit/537.36 (KHTML, like Gecko) Chrome/150.0.0.0 Safari/537.36"
105.113.103.131 - - [22/Jul/2026:12:13:54 +0000] "GET /wp-content/plugins/wpforms-lite/assets/js/admin/education/edit-post.es5.min.js?ver=2.0.0.2 HTTP/1.1" 304 - "https://buygreatessentials.shop/wp-admin/edit.php?post_type=page" "Mozilla/5.0 (Windows NT 10.0; Win64; x64) AppleWebKit/537.36 (KHTML, like Gecko) Chrome/150.0.0.0 Safari/537.36"
105.113.103.131 - - [22/Jul/2026:12:13:55 +0000] "POST /wp-admin/admin-ajax.php HTTP/1.1" 200 47 "https://buygreatessentials.shop/wp-admin/edit.php?post_type=page" "Mozilla/5.0 (Windows NT 10.0; Win64; x64) AppleWebKit/537.36 (KHTML, like Gecko) Chrome/150.0.0.0 Safari/537.36"
105.113.103.131 - - [22/Jul/2026:12:14:04 +0000] "POST /wp-admin/admin-ajax.php HTTP/1.1" 200 77 "https://buygreatessentials.shop/wp-admin/post.php?post=115&action=elementor" "Mozilla/5.0 (Windows NT 10.0; Win64; x64) AppleWebKit/537.36 (KHTML, like Gecko) Chrome/150.0.0.0 Safari/537.36"
105.113.103.131 - - [22/Jul/2026:12:14:06 +0000] "POST /wp-admin/admin-ajax.php HTTP/1.1" 200 47 "https://buygreatessentials.shop/wp-admin/edit.php?post_type=page" "Mozilla/5.0 (Windows NT 10.0; Win64; x64) AppleWebKit/537.36 (KHTML, like Gecko) Chrome/150.0.0.0 Safari/537.36"
105.113.103.131 - - [22/Jul/2026:12:14:29 +0000] "GET /wp-includes/css/media-views.min.css?ver=7.0.2 HTTP/1.1" 304 - "https://buygreatessentials.shop/wp-admin/post.php?post=115&action=elementor" "Mozilla/5.0 (Windows NT 10.0; Win64; x64) AppleWebKit/537.36 (KHTML, like Gecko) Chrome/150.0.0.0 Safari/537.36"
105.113.103.131 - - [22/Jul/2026:12:14:29 +0000] "GET /wp-admin/css/media.min.css?ver=7.0.2 HTTP/1.1" 304 - "https://buygreatessentials.shop/wp-admin/post.php?post=115&action=elementor" "Mozilla/5.0 (Windows NT 10.0; Win64; x64) AppleWebKit/537.36 (KHTML, like Gecko) Chrome/150.0.0.0 Safari/537.36"
105.113.103.131 - - [22/Jul/2026:12:14:30 +0000] "GET /wp-content/plugins/elementor/assets/lib/e-select2/css/e-select2.min.css?ver=4.0.6-rc.1 HTTP/1.1" 304 - "https://buygreatessentials.shop/wp-admin/post.php?post=115&action=elementor" "Mozilla/5.0 (Windows NT 10.0; Win64; x64) AppleWebKit/537.36 (KHTML, like Gecko) Chrome/150.0.0.0 Safari/537.36"
105.113.103.131 - - [22/Jul/2026:12:14:30 +0000] "GET /wp-content/plugins/elementor/assets/css/editor.min.css?ver=4.1.5 HTTP/1.1" 304 - "https://buygreatessentials.shop/wp-admin/post.php?post=115&action=elementor" "Mozilla/5.0 (Windows NT 10.0; Win64; x64) AppleWebKit/537.36 (KHTML, like Gecko) Chrome/150.0.0.0 Safari/537.36"
105.113.103.131 - - [22/Jul/2026:12:14:31 +0000] "GET /wp-content/plugins/elementor/assets/css/editor-v2-app-bar-overrides.min.css?ver=4.1.5 HTTP/1.1" 304 - "https://buygreatessentials.shop/wp-admin/post.php?post=115&action=elementor" "Mozilla/5.0 (Windows NT 10.0; Win64; x64) AppleWebKit/537.36 (KHTML, like Gecko) Chrome/150.0.0.0 Safari/537.36"
198.177.124.148 - - [22/Jul/2026:12:14:31 +0000] "POST /wp-cron.php?doing_wp_cron=1784722470.9526150226593017578125 HTTP/1.1" 200 - "-" "WordPress/7.0.2; https://buygreatessentials.shop"
105.113.103.131 - - [22/Jul/2026:12:14:26 +0000] "POST /wp-admin/admin-ajax.php HTTP/1.1" 200 47 "https://buygreatessentials.shop/wp-admin/edit.php?post_type=page" "Mozilla/5.0 (Windows NT 10.0; Win64; x64) AppleWebKit/537.36 (KHTML, like Gecko) Chrome/150.0.0.0 Safari/537.36"
105.113.103.131 - - [22/Jul/2026:12:14:31 +0000] "GET /wp-content/plugins/wpforms-lite/assets/css/admin-integrations.min.css?ver=2.0.0.2 HTTP/1.1" 304 - "https://buygreatessentials.shop/wp-admin/post.php?post=115&action=elementor" "Mozilla/5.0 (Windows NT 10.0; Win64; x64) AppleWebKit/537.36 (KHTML, like Gecko) Chrome/150.0.0.0 Safari/537.36"
105.113.103.131 - - [22/Jul/2026:12:14:32 +0000] "GET /wp-content/plugins/elementor/assets/css/modules/container-converter/editor.min.css?ver=4.1.5 HTTP/1.1" 304 - "https://buygreatessentials.shop/wp-admin/post.php?post=115&action=elementor" "Mozilla/5.0 (Windows NT 10.0; Win64; x64) AppleWebKit/537.36 (KHTML, like Gecko) Chrome/150.0.0.0 Safari/537.36"
105.113.103.131 - - [22/Jul/2026:12:14:33 +0000] "GET /wp-content/plugins/elementor/assets/css/modules/ai/editor.min.css?ver=4.1.5 HTTP/1.1" 304 - "https://buygreatessentials.shop/wp-admin/post.php?post=115&action=elementor" "Mozilla/5.0 (Windows NT 10.0; Win64; x64) AppleWebKit/537.36 (KHTML, like Gecko) Chrome/150.0.0.0 Safari/537.36"
105.113.103.131 - - [22/Jul/2026:12:14:33 +0000] "GET /wp-content/plugins/elementor/assets/css/modules/notes/editor.min.css?ver=4.1.5 HTTP/1.1" 304 - "https://buygreatessentials.shop/wp-admin/post.php?post=115&action=elementor" "Mozilla/5.0 (Windows NT 10.0; Win64; x64) AppleWebKit/537.36 (KHTML, like Gecko) Chrome/150.0.0.0 Safari/537.36"
105.113.103.131 - - [22/Jul/2026:12:14:33 +0000] "GET /wp-content/plugins/elementor/assets/css/modules/design-system-sync/design-system-sync.min.css?ver=4.1.5 HTTP/1.1" 304 - "https://buygreatessentials.shop/wp-admin/post.php?post=115&action=elementor" "Mozilla/5.0 (Windows NT 10.0; Win64; x64) AppleWebKit/537.36 (KHTML, like Gecko) Chrome/150.0.0.0 Safari/537.36"
105.113.103.131 - - [22/Jul/2026:12:14:33 +0000] "GET /wp-content/plugins/elementor/assets/css/modules/atomic-widgets/editor.min.css?ver=4.1.5 HTTP/1.1" 304 - "https://buygreatessentials.shop/wp-admin/post.php?post=115&action=elementor" "Mozilla/5.0 (Windows NT 10.0; Win64; x64) AppleWebKit/537.36 (KHTML, like Gecko) Chrome/150.0.0.0 Safari/537.36"
105.113.103.131 - - [22/Jul/2026:12:14:33 +0000] "GET /wp-content/plugins/elementor/assets/lib/pickr/themes/monolith.min.css?ver=1.8.2 HTTP/1.1" 304 - "https://buygreatessentials.shop/wp-admin/post.php?post=115&action=elementor" "Mozilla/5.0 (Windows NT 10.0; Win64; x64) AppleWebKit/537.36 (KHTML, like Gecko) Chrome/150.0.0.0 Safari/537.36"
105.113.103.131 - - [22/Jul/2026:12:14:33 +0000] "GET /wp-content/plugins/elementor/assets/lib/flatpickr/flatpickr.min.css?ver=4.6.13 HTTP/1.1" 304 - "https://buygreatessentials.shop/wp-admin/post.php?post=115&action=elementor" "Mozilla/5.0 (Windows NT 10.0; Win64; x64) AppleWebKit/537.36 (KHTML, like Gecko) Chrome/150.0.0.0 Safari/537.36"
105.113.103.131 - - [22/Jul/2026:12:14:33 +0000] "GET /wp-includes/js/dist/dom-ready.min.js?ver=a06281ae5cf5500e9317 HTTP/1.1" 304 - "https://buygreatessentials.shop/wp-admin/post.php?post=115&action=elementor" "Mozilla/5.0 (Windows NT 10.0; Win64; x64) AppleWebKit/537.36 (KHTML, like Gecko) Chrome/150.0.0.0 Safari/537.36"
105.113.103.131 - - [22/Jul/2026:12:14:34 +0000] "GET /wp-content/plugins/elementor/assets/css/theme-dark.min.css?ver=4.1.5 HTTP/1.1" 304 - "https://buygreatessentials.shop/wp-admin/post.php?post=115&action=elementor" "Mozilla/5.0 (Windows NT 10.0; Win64; x64) AppleWebKit/537.36 (KHTML, like Gecko) Chrome/150.0.0.0 Safari/537.36"
105.113.103.131 - - [22/Jul/2026:12:14:41 +0000] "POST /wp-admin/admin-ajax.php HTTP/1.1" 200 77 "https://buygreatessentials.shop/wp-admin/post.php?post=115&action=elementor" "Mozilla/5.0 (Windows NT 10.0; Win64; x64) AppleWebKit/537.36 (KHTML, like Gecko) Chrome/150.0.0.0 Safari/537.36"
105.113.103.131 - - [22/Jul/2026:12:14:45 +0000] "GET /wp-json/elementor/v1/checklist/user-progress HTTP/1.1" 403 90 "https://buygreatessentials.shop/wp-admin/post.php?post=115&action=elementor" "Mozilla/5.0 (Windows NT 10.0; Win64; x64) AppleWebKit/537.36 (KHTML, like Gecko) Chrome/150.0.0.0 Safari/537.36"
105.113.103.131 - - [22/Jul/2026:12:15:20 +0000] "GET /wp-content/plugins/elementor/assets/js/editor-modules.min.js?ver=4.1.5 HTTP/1.1" 304 - "https://buygreatessentials.shop/wp-admin/post.php?post=115&action=elementor" "Mozilla/5.0 (Windows NT 10.0; Win64; x64) AppleWebKit/537.36 (KHTML, like Gecko) Chrome/150.0.0.0 Safari/537.36"
105.113.103.131 - - [22/Jul/2026:12:15:21 +0000] "GET /wp-content/plugins/elementor/assets/js/editor-document.min.js?ver=4.1.5 HTTP/1.1" 304 - "https://buygreatessentials.shop/wp-admin/post.php?post=115&action=elementor" "Mozilla/5.0 (Windows NT 10.0; Win64; x64) AppleWebKit/537.36 (KHTML, like Gecko) Chrome/150.0.0.0 Safari/537.36"
105.113.103.131 - - [22/Jul/2026:12:15:21 +0000] "GET /wp-content/plugins/elementor/assets/js/ai.min.js?ver=4.1.5 HTTP/1.1" 304 - "https://buygreatessentials.shop/wp-admin/post.php?post=115&action=elementor" "Mozilla/5.0 (Windows NT 10.0; Win64; x64) AppleWebKit/537.36 (KHTML, like Gecko) Chrome/150.0.0.0 Safari/537.36"
105.113.103.131 - - [22/Jul/2026:12:15:21 +0000] "GET /wp-content/plugins/elementor/assets/js/nested-elements.min.js?ver=4.1.5 HTTP/1.1" 304 - "https://buygreatessentials.shop/wp-admin/post.php?post=115&action=elementor" "Mozilla/5.0 (Windows NT 10.0; Win64; x64) AppleWebKit/537.36 (KHTML, like Gecko) Chrome/150.0.0.0 Safari/537.36"
105.113.103.131 - - [22/Jul/2026:12:15:21 +0000] "GET /wp-content/plugins/elementor/assets/js/e-react-promotions.min.js?ver=4.1.5 HTTP/1.1" 304 - "https://buygreatessentials.shop/wp-admin/post.php?post=115&action=elementor" "Mozilla/5.0 (Windows NT 10.0; Win64; x64) AppleWebKit/537.36 (KHTML, like Gecko) Chrome/150.0.0.0 Safari/537.36"
105.113.103.131 - - [22/Jul/2026:12:15:23 +0000] "GET /wp-content/plugins/elementor/assets/js/ai-layout.min.js?ver=4.1.5 HTTP/1.1" 304 - "https://buygreatessentials.shop/wp-admin/post.php?post=115&action=elementor" "Mozilla/5.0 (Windows NT 10.0; Win64; x64) AppleWebKit/537.36 (KHTML, like Gecko) Chrome/150.0.0.0 Safari/537.36"
105.113.103.131 - - [22/Jul/2026:12:15:23 +0000] "GET /wp-content/plugins/elementor/assets/js/editor-v4-opt-in-alphachip.min.js?ver=4.1.5 HTTP/1.1" 304 - "https://buygreatessentials.shop/wp-admin/post.php?post=115&action=elementor" "Mozilla/5.0 (Windows NT 10.0; Win64; x64) AppleWebKit/537.36 (KHTML, like Gecko) Chrome/150.0.0.0 Safari/537.36"
105.113.103.131 - - [22/Jul/2026:12:15:28 +0000] "GET /wp-content/plugins/elementor/assets/js/nested-accordion.min.js?ver=4.1.5 HTTP/1.1" 304 - "https://buygreatessentials.shop/wp-admin/post.php?post=115&action=elementor" "Mozilla/5.0 (Windows NT 10.0; Win64; x64) AppleWebKit/537.36 (KHTML, like Gecko) Chrome/150.0.0.0 Safari/537.36"
105.113.103.131 - - [22/Jul/2026:12:15:28 +0000] "GET /wp-content/plugins/elementor/assets/js/nested-tabs.min.js?ver=4.1.5 HTTP/1.1" 304 - "https://buygreatessentials.shop/wp-admin/post.php?post=115&action=elementor" "Mozilla/5.0 (Windows NT 10.0; Win64; x64) AppleWebKit/537.36 (KHTML, like Gecko) Chrome/150.0.0.0 Safari/537.36"
105.113.103.131 - - [22/Jul/2026:12:15:29 +0000] "GET /wp-content/plugins/elementor/assets/js/kit-elements-defaults-editor.min.js?ver=4.1.5 HTTP/1.1" 304 - "https://buygreatessentials.shop/wp-admin/post.php?post=115&action=elementor" "Mozilla/5.0 (Windows NT 10.0; Win64; x64) AppleWebKit/537.36 (KHTML, like Gecko) Chrome/150.0.0.0 Safari/537.36"
105.113.103.131 - - [22/Jul/2026:12:15:30 +0000] "GET /wp-content/plugins/elementor/assets/js/packages/utils/utils.min.js?ver=4.1.5 HTTP/1.1" 304 - "https://buygreatessentials.shop/wp-admin/post.php?post=115&action=elementor" "Mozilla/5.0 (Windows NT 10.0; Win64; x64) AppleWebKit/537.36 (KHTML, like Gecko) Chrome/150.0.0.0 Safari/537.36"
105.113.103.131 - - [22/Jul/2026:12:15:30 +0000] "GET /wp-content/plugins/elementor/assets/js/packages/editor-v1-adapters/editor-v1-adapters.min.js?ver=4.1.5 HTTP/1.1" 304 - "https://buygreatessentials.shop/wp-admin/post.php?post=115&action=elementor" "Mozilla/5.0 (Windows NT 10.0; Win64; x64) AppleWebKit/537.36 (KHTML, like Gecko) Chrome/150.0.0.0 Safari/537.36"
105.113.103.131 - - [22/Jul/2026:12:15:31 +0000] "GET /wp-content/plugins/elementor/assets/js/packages/env/env.min.js?ver=4.1.5 HTTP/1.1" 304 - "https://buygreatessentials.shop/wp-admin/post.php?post=115&action=elementor" "Mozilla/5.0 (Windows NT 10.0; Win64; x64) AppleWebKit/537.36 (KHTML, like Gecko) Chrome/150.0.0.0 Safari/537.36"
105.113.103.131 - - [22/Jul/2026:12:15:31 +0000] "GET /wp-content/plugins/elementor/assets/js/packages/http-client/http-client.min.js?ver=4.1.5 HTTP/1.1" 304 - "https://buygreatessentials.shop/wp-admin/post.php?post=115&action=elementor" "Mozilla/5.0 (Windows NT 10.0; Win64; x64) AppleWebKit/537.36 (KHTML, like Gecko) Chrome/150.0.0.0 Safari/537.36"
198.177.124.148 - - [22/Jul/2026:12:15:34 +0000] "POST /wp-cron.php?doing_wp_cron=1784722533.9477999210357666015625 HTTP/1.1" 200 - "-" "WordPress/7.0.2; https://buygreatessentials.shop"
105.113.103.131 - - [22/Jul/2026:12:14:19 +0000] "GET /wp-admin/post.php?post=115&action=elementor HTTP/1.1" 200 2368602 "https://buygreatessentials.shop/wp-admin/edit.php?post_type=page" "Mozilla/5.0 (Windows NT 10.0; Win64; x64) AppleWebKit/537.36 (KHTML, like Gecko) Chrome/150.0.0.0 Safari/537.36"
105.113.103.131 - - [22/Jul/2026:12:15:28 +0000] "GET /wp-admin/edit.php?post_type=page HTTP/1.1" 200 338025 "https://buygreatessentials.shop/wp-admin/" "Mozilla/5.0 (Windows NT 10.0; Win64; x64) AppleWebKit/537.36 (KHTML, like Gecko) Chrome/150.0.0.0 Safari/537.36"
198.177.124.148 - - [22/Jul/2026:12:15:57 +0000] "POST /wp-cron.php?doing_wp_cron=1784722556.1381769180297851562500 HTTP/1.1" 200 - "-" "WordPress/7.0.2; https://buygreatessentials.shop"
105.113.103.131 - - [22/Jul/2026:12:15:53 +0000] "POST /wp-admin/admin-ajax.php HTTP/1.1" 200 77 "https://buygreatessentials.shop/wp-admin/post.php?post=115&action=elementor" "Mozilla/5.0 (Windows NT 10.0; Win64; x64) AppleWebKit/537.36 (KHTML, like Gecko) Chrome/150.0.0.0 Safari/537.36"
105.113.103.131 - - [22/Jul/2026:12:15:53 +0000] "GET /wp-json/elementor/v1/checklist/user-progress HTTP/1.1" 403 90 "https://buygreatessentials.shop/wp-admin/post.php?post=115&action=elementor" "Mozilla/5.0 (Windows NT 10.0; Win64; x64) AppleWebKit/537.36 (KHTML, like Gecko) Chrome/150.0.0.0 Safari/537.36"
105.113.103.131 - - [22/Jul/2026:12:15:38 +0000] "GET /wp-admin/edit.php?post_type=page HTTP/1.1" 200 338025 "-" "Mozilla/5.0 (Windows NT 10.0; Win64; x64) AppleWebKit/537.36 (KHTML, like Gecko) Chrome/150.0.0.0 Safari/537.36"
105.113.103.131 - - [22/Jul/2026:12:16:24 +0000] "POST /wp-admin/admin-ajax.php HTTP/1.1" 200 77 "https://buygreatessentials.shop/wp-admin/post.php?post=115&action=elementor" "Mozilla/5.0 (Windows NT 10.0; Win64; x64) AppleWebKit/537.36 (KHTML, like Gecko) Chrome/150.0.0.0 Safari/537.36"
105.113.103.131 - - [22/Jul/2026:12:16:24 +0000] "GET /wp-json/elementor/v1/checklist/user-progress HTTP/1.1" 403 90 "https://buygreatessentials.shop/wp-admin/post.php?post=115&action=elementor" "Mozilla/5.0 (Windows NT 10.0; Win64; x64) AppleWebKit/537.36 (KHTML, like Gecko) Chrome/150.0.0.0 Safari/537.36"
105.113.103.131 - - [22/Jul/2026:12:16:05 +0000] "GET /wp-admin/edit.php?post_type=page HTTP/1.1" 200 338025 "-" "Mozilla/5.0 (Windows NT 10.0; Win64; x64) AppleWebKit/537.36 (KHTML, like Gecko) Chrome/150.0.0.0 Safari/537.36"
198.177.124.148 - - [22/Jul/2026:12:16:52 +0000] "POST /wp-cron.php?doing_wp_cron=1784722611.9202699661254882812500 HTTP/1.1" 200 - "-" "WordPress/7.0.2; https://buygreatessentials.shop"
105.113.103.131 - - [22/Jul/2026:12:16:49 +0000] "POST /wp-admin/admin-ajax.php HTTP/1.1" 200 47 "https://buygreatessentials.shop/wp-admin/edit.php?post_type=page" "Mozilla/5.0 (Windows NT 10.0; Win64; x64) AppleWebKit/537.36 (KHTML, like Gecko) Chrome/150.0.0.0 Safari/537.36"
198.177.124.148 - - [22/Jul/2026:12:16:59 +0000] "POST /wp-cron.php?doing_wp_cron=1784722619.1786270141601562500000 HTTP/1.1" 200 - "-" "WordPress/7.0.2; https://buygreatessentials.shop"
105.113.103.131 - - [22/Jul/2026:12:16:49 +0000] "GET /wp-admin/edit.php?post_type=page HTTP/1.1" 200 338025 "https://buygreatessentials.shop/wp-admin/edit.php?post_type=page" "Mozilla/5.0 (Windows NT 10.0; Win64; x64) AppleWebKit/537.36 (KHTML, like Gecko) Chrome/150.0.0.0 Safari/537.36"
105.113.103.131 - - [22/Jul/2026:12:17:28 +0000] "POST /wp-admin/admin-ajax.php HTTP/1.1" 200 47 "https://buygreatessentials.shop/wp-admin/edit.php?post_type=page" "Mozilla/5.0 (Windows NT 10.0; Win64; x64) AppleWebKit/537.36 (KHTML, like Gecko) Chrome/150.0.0.0 Safari/537.36"
105.113.103.131 - - [22/Jul/2026:12:17:41 +0000] "POST /wp-admin/admin-ajax.php HTTP/1.1" 200 47 "https://buygreatessentials.shop/wp-admin/edit.php?post_type=page" "Mozilla/5.0 (Windows NT 10.0; Win64; x64) AppleWebKit/537.36 (KHTML, like Gecko) Chrome/150.0.0.0 Safari/537.36"
105.113.103.131 - - [22/Jul/2026:12:17:44 +0000] "GET /wp-content/plugins/wpforms-lite/assets/css/integrations/paypal-commerce/integrations/integrations-paypal-commerce.min.css?ver=2.0.0.2 HTTP/1.1" 304 - "https://buygreatessentials.shop/wp-admin/post.php?post=12&action=edit" "Mozilla/5.0 (Windows NT 10.0; Win64; x64) AppleWebKit/537.36 (KHTML, like Gecko) Chrome/150.0.0.0 Safari/537.36"
105.113.103.131 - - [22/Jul/2026:12:17:44 +0000] "GET /wp-content/plugins/wpforms-lite/assets/css/integrations/stripe/wpforms-stripe.min.css?ver=2.0.0.2 HTTP/1.1" 304 - "https://buygreatessentials.shop/wp-admin/post.php?post=12&action=edit" "Mozilla/5.0 (Windows NT 10.0; Win64; x64) AppleWebKit/537.36 (KHTML, like Gecko) Chrome/150.0.0.0 Safari/537.36"
105.113.103.131 - - [22/Jul/2026:12:17:44 +0000] "GET /wp-content/plugins/wpforms-lite/assets/css/integrations/square/wpforms-square.min.css?ver=2.0.0.2 HTTP/1.1" 304 - "https://buygreatessentials.shop/wp-admin/post.php?post=12&action=edit" "Mozilla/5.0 (Windows NT 10.0; Win64; x64) AppleWebKit/537.36 (KHTML, like Gecko) Chrome/150.0.0.0 Safari/537.36"
105.113.103.131 - - [22/Jul/2026:12:17:44 +0000] "GET /wp-content/plugins/wpforms-lite/assets/css/choices.min.css?ver=10.2.0 HTTP/1.1" 304 - "https://buygreatessentials.shop/wp-admin/post.php?post=12&action=edit" "Mozilla/5.0 (Windows NT 10.0; Win64; x64) AppleWebKit/537.36 (KHTML, like Gecko) Chrome/150.0.0.0 Safari/537.36"
105.113.103.131 - - [22/Jul/2026:12:17:44 +0000] "GET /wp-content/plugins/insert-headers-and-footers/build/admin-global-lite.css?ver=981c2c1b0bc4dc9f90f3 HTTP/1.1" 304 - "https://buygreatessentials.shop/wp-admin/post.php?post=12&action=edit" "Mozilla/5.0 (Windows NT 10.0; Win64; x64) AppleWebKit/537.36 (KHTML, like Gecko) Chrome/150.0.0.0 Safari/537.36"
198.177.124.148 - - [22/Jul/2026:12:18:10 +0000] "POST /wp-cron.php?doing_wp_cron=1784722690.0119009017944335937500 HTTP/1.1" 200 - "-" "WordPress/7.0.2; https://buygreatessentials.shop"
105.113.103.131 - - [22/Jul/2026:12:18:08 +0000] "POST /wp-admin/admin-ajax.php HTTP/1.1" 200 77 "https://buygreatessentials.shop/wp-admin/post.php?post=115&action=elementor" "Mozilla/5.0 (Windows NT 10.0; Win64; x64) AppleWebKit/537.36 (KHTML, like Gecko) Chrome/150.0.0.0 Safari/537.36"
105.113.103.131 - - [22/Jul/2026:12:18:10 +0000] "GET /wp-json/elementor/v1/checklist/user-progress HTTP/1.1" 403 90 "https://buygreatessentials.shop/wp-admin/post.php?post=115&action=elementor" "Mozilla/5.0 (Windows NT 10.0; Win64; x64) AppleWebKit/537.36 (KHTML, like Gecko) Chrome/150.0.0.0 Safari/537.36"
105.113.103.131 - - [22/Jul/2026:12:18:12 +0000] "GET /wp-content/plugins/insert-headers-and-footers/admin/images/default-user-icon.png HTTP/1.1" 304 - "https://buygreatessentials.shop/wp-admin/post.php?post=12&action=edit" "Mozilla/5.0 (Windows NT 10.0; Win64; x64) AppleWebKit/537.36 (KHTML, like Gecko) Chrome/150.0.0.0 Safari/537.36"
105.113.103.131 - - [22/Jul/2026:12:17:55 +0000] "GET /wp-admin/load-scripts.php?c=0&load%5Bchunk_0%5D=jquery-core,jquery-migrate,utils,moxiejs,plupload&ver=7.0.2 HTTP/1.1" 200 205998 "https://buygreatessentials.shop/wp-admin/post.php?post=12&action=edit" "Mozilla/5.0 (Windows NT 10.0; Win64; x64) AppleWebKit/537.36 (KHTML, like Gecko) Chrome/150.0.0.0 Safari/537.36"
105.113.103.131 - - [22/Jul/2026:12:18:21 +0000] "GET /wp-json/elementor/v1/checklist/user-progress HTTP/1.1" 403 90 "https://buygreatessentials.shop/wp-admin/post.php?post=115&action=elementor" "Mozilla/5.0 (Windows NT 10.0; Win64; x64) AppleWebKit/537.36 (KHTML, like Gecko) Chrome/150.0.0.0 Safari/537.36"
105.113.103.131 - - [22/Jul/2026:12:18:24 +0000] "POST /wp-admin/admin-ajax.php HTTP/1.1" 200 77 "https://buygreatessentials.shop/wp-admin/post.php?post=115&action=elementor" "Mozilla/5.0 (Windows NT 10.0; Win64; x64) AppleWebKit/537.36 (KHTML, like Gecko) Chrome/150.0.0.0 Safari/537.36"
198.177.124.148 - - [22/Jul/2026:12:18:30 +0000] "POST /wp-cron.php?doing_wp_cron=1784722709.9626140594482421875000 HTTP/1.1" 200 - "-" "WordPress/7.0.2; https://buygreatessentials.shop"
105.113.103.131 - - [22/Jul/2026:12:18:28 +0000] "POST /wp-admin/admin-ajax.php HTTP/1.1" 200 47 "https://buygreatessentials.shop/wp-admin/post.php?post=12&action=edit" "Mozilla/5.0 (Windows NT 10.0; Win64; x64) AppleWebKit/537.36 (KHTML, like Gecko) Chrome/150.0.0.0 Safari/537.36"
105.113.103.131 - - [22/Jul/2026:12:18:36 +0000] "GET /wp-json/elementor/v1/checklist/user-progress HTTP/1.1" 403 90 "https://buygreatessentials.shop/wp-admin/post.php?post=115&action=elementor" "Mozilla/5.0 (Windows NT 10.0; Win64; x64) AppleWebKit/537.36 (KHTML, like Gecko) Chrome/150.0.0.0 Safari/537.36"
105.113.103.131 - - [22/Jul/2026:12:18:39 +0000] "POST /wp-admin/admin-ajax.php HTTP/1.1" 200 77 "https://buygreatessentials.shop/wp-admin/post.php?post=115&action=elementor" "Mozilla/5.0 (Windows NT 10.0; Win64; x64) AppleWebKit/537.36 (KHTML, like Gecko) Chrome/150.0.0.0 Safari/537.36"
198.177.124.148 - - [22/Jul/2026:12:18:43 +0000] "POST /wp-cron.php?doing_wp_cron=1784722723.0779500007629394531250 HTTP/1.1" 200 - "-" "WordPress/7.0.2; https://buygreatessentials.shop"
198.177.124.148 - - [22/Jul/2026:12:18:46 +0000] "POST /wp-cron.php?doing_wp_cron=1784722726.3546090126037597656250 HTTP/1.1" 200 - "-" "WordPress/7.0.2; https://buygreatessentials.shop"
105.113.103.131 - - [22/Jul/2026:12:18:44 +0000] "GET /wp-json/elementor/v1/checklist/user-progress HTTP/1.1" 403 90 "https://buygreatessentials.shop/wp-admin/post.php?post=115&action=elementor" "Mozilla/5.0 (Windows NT 10.0; Win64; x64) AppleWebKit/537.36 (KHTML, like Gecko) Chrome/150.0.0.0 Safari/537.36"
105.113.103.131 - - [22/Jul/2026:12:18:53 +0000] "POST /wp-admin/admin-ajax.php HTTP/1.1" 200 77 "https://buygreatessentials.shop/wp-admin/post.php?post=115&action=elementor" "Mozilla/5.0 (Windows NT 10.0; Win64; x64) AppleWebKit/537.36 (KHTML, like Gecko) Chrome/150.0.0.0 Safari/537.36"
105.113.103.131 - - [22/Jul/2026:12:18:58 +0000] "GET /wp-json/elementor/v1/checklist/user-progress HTTP/1.1" 403 90 "https://buygreatessentials.shop/wp-admin/post.php?post=115&action=elementor" "Mozilla/5.0 (Windows NT 10.0; Win64; x64) AppleWebKit/537.36 (KHTML, like Gecko) Chrome/150.0.0.0 Safari/537.36"
105.113.103.131 - - [22/Jul/2026:12:19:07 +0000] "GET /wp-includes/js/dist/patterns.min.js?ver=714c49ed2942c98d088f HTTP/1.1" 304 - "https://buygreatessentials.shop/wp-admin/post.php?post=12&action=edit" "Mozilla/5.0 (Windows NT 10.0; Win64; x64) AppleWebKit/537.36 (KHTML, like Gecko) Chrome/150.0.0.0 Safari/537.36"
105.113.103.131 - - [22/Jul/2026:12:19:08 +0000] "GET /wp-includes/js/dist/server-side-render.min.js?ver=10a51bf05ced35b78092 HTTP/1.1" 304 - "https://buygreatessentials.shop/wp-admin/post.php?post=12&action=edit" "Mozilla/5.0 (Windows NT 10.0; Win64; x64) AppleWebKit/537.36 (KHTML, like Gecko) Chrome/150.0.0.0 Safari/537.36"
105.113.103.131 - - [22/Jul/2026:12:19:08 +0000] "GET /wp-includes/js/dist/wordcount.min.js?ver=3b928d5db8724a8614dd HTTP/1.1" 304 - "https://buygreatessentials.shop/wp-admin/post.php?post=12&action=edit" "Mozilla/5.0 (Windows NT 10.0; Win64; x64) AppleWebKit/537.36 (KHTML, like Gecko) Chrome/150.0.0.0 Safari/537.36"
105.113.103.131 - - [22/Jul/2026:12:19:08 +0000] "GET /wp-includes/js/dist/block-library.min.js?ver=998f328cb929aeb1d5a8 HTTP/1.1" 304 - "https://buygreatessentials.shop/wp-admin/post.php?post=12&action=edit" "Mozilla/5.0 (Windows NT 10.0; Win64; x64) AppleWebKit/537.36 (KHTML, like Gecko) Chrome/150.0.0.0 Safari/537.36"
105.113.103.131 - - [22/Jul/2026:12:19:09 +0000] "GET /wp-includes/js/dist/plugins.min.js?ver=72e3cf01c2b3535a9432 HTTP/1.1" 304 - "https://buygreatessentials.shop/wp-admin/post.php?post=12&action=edit" "Mozilla/5.0 (Windows NT 10.0; Win64; x64) AppleWebKit/537.36 (KHTML, like Gecko) Chrome/150.0.0.0 Safari/537.36"
105.113.103.131 - - [22/Jul/2026:12:19:09 +0000] "GET /wp-includes/js/dist/media-utils.min.js?ver=85f1375ab5f23cd5d13c HTTP/1.1" 304 - "https://buygreatessentials.shop/wp-admin/post.php?post=12&action=edit" "Mozilla/5.0 (Windows NT 10.0; Win64; x64) AppleWebKit/537.36 (KHTML, like Gecko) Chrome/150.0.0.0 Safari/537.36"
105.113.103.131 - - [22/Jul/2026:12:19:09 +0000] "GET /wp-includes/js/dist/viewport.min.js?ver=8614025b8075d220d78f HTTP/1.1" 304 - "https://buygreatessentials.shop/wp-admin/post.php?post=12&action=edit" "Mozilla/5.0 (Windows NT 10.0; Win64; x64) AppleWebKit/537.36 (KHTML, like Gecko) Chrome/150.0.0.0 Safari/537.36"
105.113.103.131 - - [22/Jul/2026:12:19:07 +0000] "GET /wp-json/elementor/v1/checklist/user-progress HTTP/1.1" 403 90 "https://buygreatessentials.shop/wp-admin/post.php?post=115&action=elementor" "Mozilla/5.0 (Windows NT 10.0; Win64; x64) AppleWebKit/537.36 (KHTML, like Gecko) Chrome/150.0.0.0 Safari/537.36"
105.113.103.131 - - [22/Jul/2026:12:19:09 +0000] "GET /wp-includes/js/dist/editor.min.js?ver=425fffc30511d9d52e5f HTTP/1.1" 304 - "https://buygreatessentials.shop/wp-admin/post.php?post=12&action=edit" "Mozilla/5.0 (Windows NT 10.0; Win64; x64) AppleWebKit/537.36 (KHTML, like Gecko) Chrome/150.0.0.0 Safari/537.36"
105.113.103.131 - - [22/Jul/2026:12:19:09 +0000] "GET /wp-includes/js/dist/widgets.min.js?ver=02b8dd683bc610f979fa HTTP/1.1" 304 - "https://buygreatessentials.shop/wp-admin/post.php?post=12&action=edit" "Mozilla/5.0 (Windows NT 10.0; Win64; x64) AppleWebKit/537.36 (KHTML, like Gecko) Chrome/150.0.0.0 Safari/537.36"
105.113.103.131 - - [22/Jul/2026:12:19:09 +0000] "GET /wp-includes/js/dist/edit-post.min.js?ver=28ef50b859708963e197 HTTP/1.1" 304 - "https://buygreatessentials.shop/wp-admin/post.php?post=12&action=edit" "Mozilla/5.0 (Windows NT 10.0; Win64; x64) AppleWebKit/537.36 (KHTML, like Gecko) Chrome/150.0.0.0 Safari/537.36"
105.113.103.131 - - [22/Jul/2026:12:19:08 +0000] "POST /wp-admin/admin-ajax.php HTTP/1.1" 200 77 "https://buygreatessentials.shop/wp-admin/post.php?post=115&action=elementor" "Mozilla/5.0 (Windows NT 10.0; Win64; x64) AppleWebKit/537.36 (KHTML, like Gecko) Chrome/150.0.0.0 Safari/537.36"
105.113.103.131 - - [22/Jul/2026:12:19:14 +0000] "GET /wp-includes/js/dist/block-directory.min.js?ver=23207f52d0d266f6e1c4 HTTP/1.1" 304 - "https://buygreatessentials.shop/wp-admin/post.php?post=12&action=edit" "Mozilla/5.0 (Windows NT 10.0; Win64; x64) AppleWebKit/537.36 (KHTML, like Gecko) Chrome/150.0.0.0 Safari/537.36"
105.113.103.131 - - [22/Jul/2026:12:19:14 +0000] "GET /wp-includes/js/dist/format-library.min.js?ver=f89be9586f2d9ce4545a HTTP/1.1" 304 - "https://buygreatessentials.shop/wp-admin/post.php?post=12&action=edit" "Mozilla/5.0 (Windows NT 10.0; Win64; x64) AppleWebKit/537.36 (KHTML, like Gecko) Chrome/150.0.0.0 Safari/537.36"
105.113.103.131 - - [22/Jul/2026:12:17:40 +0000] "GET /wp-admin/post.php?post=12&action=edit HTTP/1.1" 200 854851 "https://buygreatessentials.shop/wp-admin/edit.php?post_type=page" "Mozilla/5.0 (Windows NT 10.0; Win64; x64) AppleWebKit/537.36 (KHTML, like Gecko) Chrome/150.0.0.0 Safari/537.36"
105.113.103.131 - - [22/Jul/2026:12:19:16 +0000] "GET /wp-content/plugins/wpforms-lite/assets/js/frontend/wpforms-modern.min.js?ver=2.0.0.2 HTTP/1.1" 304 - "https://buygreatessentials.shop/wp-admin/post.php?post=12&action=edit" "Mozilla/5.0 (Windows NT 10.0; Win64; x64) AppleWebKit/537.36 (KHTML, like Gecko) Chrome/150.0.0.0 Safari/537.36"
105.113.103.131 - - [22/Jul/2026:12:19:16 +0000] "GET /wp-content/plugins/elementor/assets/js/ai-gutenberg.min.js?ver=4.1.5 HTTP/1.1" 304 - "https://buygreatessentials.shop/wp-admin/post.php?post=12&action=edit" "Mozilla/5.0 (Windows NT 10.0; Win64; x64) AppleWebKit/537.36 (KHTML, like Gecko) Chrome/150.0.0.0 Safari/537.36"
105.113.103.131 - - [22/Jul/2026:12:19:17 +0000] "GET /wp-content/plugins/wpforms-lite/assets/lite/js/integrations/gutenberg/formselector.es5.min.js?ver=2.0.0.2 HTTP/1.1" 304 - "https://buygreatessentials.shop/wp-admin/post.php?post=12&action=edit" "Mozilla/5.0 (Windows NT 10.0; Win64; x64) AppleWebKit/537.36 (KHTML, like Gecko) Chrome/150.0.0.0 Safari/537.36"
105.113.103.131 - - [22/Jul/2026:12:19:17 +0000] "GET /wp-content/plugins/elementor/assets/js/gutenberg.min.js?ver=4.1.5 HTTP/1.1" 304 - "https://buygreatessentials.shop/wp-admin/post.php?post=12&action=edit" "Mozilla/5.0 (Windows NT 10.0; Win64; x64) AppleWebKit/537.36 (KHTML, like Gecko) Chrome/150.0.0.0 Safari/537.36"
105.113.103.131 - - [22/Jul/2026:12:19:19 +0000] "GET /wp-content/plugins/insert-headers-and-footers/build/admin-global-lite.js?ver=981c2c1b0bc4dc9f90f3 HTTP/1.1" 304 - "https://buygreatessentials.shop/wp-admin/post.php?post=12&action=edit" "Mozilla/5.0 (Windows NT 10.0; Win64; x64) AppleWebKit/537.36 (KHTML, like Gecko) Chrome/150.0.0.0 Safari/537.36"
105.113.103.131 - - [22/Jul/2026:12:19:19 +0000] "GET /wp-json/elementor/v1/checklist/user-progress HTTP/1.1" 403 90 "https://buygreatessentials.shop/wp-admin/post.php?post=115&action=elementor" "Mozilla/5.0 (Windows NT 10.0; Win64; x64) AppleWebKit/537.36 (KHTML, like Gecko) Chrome/150.0.0.0 Safari/537.36"
105.113.103.131 - - [22/Jul/2026:12:19:22 +0000] "GET /wp-content/uploads/2026/07/ChatGPT-Image-Jul-15-2026-12_48_13-PM.png HTTP/1.1" 304 - "-" "Mozilla/5.0 (Windows NT 10.0; Win64; x64) AppleWebKit/537.36 (KHTML, like Gecko) Chrome/150.0.0.0 Safari/537.36"
105.113.103.131 - - [22/Jul/2026:12:19:22 +0000] "GET /wp-content/uploads/2026/07/ChatGPT-Image-Jul-15-2026-12_48_13-PM-150x150.png HTTP/1.1" 304 - "-" "Mozilla/5.0 (Windows NT 10.0; Win64; x64) AppleWebKit/537.36 (KHTML, like Gecko) Chrome/150.0.0.0 Safari/537.36"
105.113.103.131 - - [22/Jul/2026:12:19:21 +0000] "GET /wp-json/wpforms/v1/themes/?_locale=user HTTP/1.1" 200 9111 "https://buygreatessentials.shop/wp-admin/post.php?post=12&action=edit" "Mozilla/5.0 (Windows NT 10.0; Win64; x64) AppleWebKit/537.36 (KHTML, like Gecko) Chrome/150.0.0.0 Safari/537.36"
105.113.103.131 - - [22/Jul/2026:12:19:21 +0000] "OPTIONS /wp-json/wp/v2/settings?_locale=user HTTP/1.1" 200 5759 "https://buygreatessentials.shop/wp-admin/post.php?post=12&action=edit" "Mozilla/5.0 (Windows NT 10.0; Win64; x64) AppleWebKit/537.36 (KHTML, like Gecko) Chrome/150.0.0.0 Safari/537.36"
105.113.103.131 - - [22/Jul/2026:12:19:21 +0000] "GET /wp-json/wp/v2/templates/lookup?slug=front-page&_locale=user HTTP/1.1" 200 28352 "https://buygreatessentials.shop/wp-admin/post.php?post=12&action=edit" "Mozilla/5.0 (Windows NT 10.0; Win64; x64) AppleWebKit/537.36 (KHTML, like Gecko) Chrome/150.0.0.0 Safari/537.36"
105.113.103.131 - - [22/Jul/2026:12:19:21 +0000] "GET /wp-json/wp/v2/comments?context=edit&post=12&type=note&status=all&per_page=100&_locale=user HTTP/1.1" 200 2 "https://buygreatessentials.shop/wp-admin/post.php?post=12&action=edit" "Mozilla/5.0 (Windows NT 10.0; Win64; x64) AppleWebKit/537.36 (KHTML, like Gecko) Chrome/150.0.0.0 Safari/537.36"
105.113.103.131 - - [22/Jul/2026:12:19:22 +0000] "GET /wp-json/wp/v2/wp_pattern_category?context=view&per_page=100&_fields=id%2Cname%2Cdescription%2Cslug&_locale=user HTTP/1.1" 200 2 "https://buygreatessentials.shop/wp-admin/post.php?post=12&action=edit" "Mozilla/5.0 (Windows NT 10.0; Win64; x64) AppleWebKit/537.36 (KHTML, like Gecko) Chrome/150.0.0.0 Safari/537.36"
105.113.103.131 - - [22/Jul/2026:12:19:24 +0000] "POST /wp-admin/admin-ajax.php HTTP/1.1" 200 77 "https://buygreatessentials.shop/wp-admin/post.php?post=115&action=elementor" "Mozilla/5.0 (Windows NT 10.0; Win64; x64) AppleWebKit/537.36 (KHTML, like Gecko) Chrome/150.0.0.0 Safari/537.36"
105.113.103.131 - - [22/Jul/2026:12:19:23 +0000] "GET /wp-content/uploads/2026/07/Screenshot-2025-07-21-012907-150x150.png HTTP/1.1" 404 246743 "-" "Mozilla/5.0 (Windows NT 10.0; Win64; x64) AppleWebKit/537.36 (KHTML, like Gecko) Chrome/150.0.0.0 Safari/537.36"
105.113.103.131 - - [22/Jul/2026:12:19:24 +0000] "GET /wp-content/uploads/2026/07/Screenshot-2025-07-21-012412-150x150.png HTTP/1.1" 404 246743 "-" "Mozilla/5.0 (Windows NT 10.0; Win64; x64) AppleWebKit/537.36 (KHTML, like Gecko) Chrome/150.0.0.0 Safari/537.36"
105.113.103.131 - - [22/Jul/2026:12:19:25 +0000] "GET /wp-content/uploads/2026/07/WIN_20260411_09_51_28_Pro.mp4 HTTP/1.1" 404 246721 "-" "Mozilla/5.0 (Windows NT 10.0; Win64; x64) AppleWebKit/537.36 (KHTML, like Gecko) Chrome/150.0.0.0 Safari/537.36"
105.113.103.131 - - [22/Jul/2026:12:19:27 +0000] "GET /wp-json/wp/v2/templates?context=edit&per_page=100&_locale=user HTTP/1.1" 200 70419 "https://buygreatessentials.shop/wp-admin/post.php?post=12&action=edit" "Mozilla/5.0 (Windows NT 10.0; Win64; x64) AppleWebKit/537.36 (KHTML, like Gecko) Chrome/150.0.0.0 Safari/537.36"
105.113.103.131 - - [22/Jul/2026:12:19:31 +0000] "POST /wp-admin/admin-ajax.php HTTP/1.1" 200 98 "https://buygreatessentials.shop/wp-admin/post.php?post=12&action=edit" "Mozilla/5.0 (Windows NT 10.0; Win64; x64) AppleWebKit/537.36 (KHTML, like Gecko) Chrome/150.0.0.0 Safari/537.36"
105.113.103.131 - - [22/Jul/2026:12:19:42 +0000] "POST /wp-admin/admin-ajax.php HTTP/1.1" 200 98 "https://buygreatessentials.shop/wp-admin/post.php?post=12&action=edit" "Mozilla/5.0 (Windows NT 10.0; Win64; x64) AppleWebKit/537.36 (KHTML, like Gecko) Chrome/150.0.0.0 Safari/537.36"
198.177.124.148 - - [22/Jul/2026:12:19:52 +0000] "POST /wp-cron.php?doing_wp_cron=1784722792.3152799606323242187500 HTTP/1.1" 200 - "-" "WordPress/7.0.2; https://buygreatessentials.shop"
105.113.103.131 - - [22/Jul/2026:12:19:51 +0000] "POST /wp-admin/admin-ajax.php HTTP/1.1" 200 98 "https://buygreatessentials.shop/wp-admin/post.php?post=12&action=edit" "Mozilla/5.0 (Windows NT 10.0; Win64; x64) AppleWebKit/537.36 (KHTML, like Gecko) Chrome/150.0.0.0 Safari/537.36"
198.177.124.148 - - [22/Jul/2026:12:21:30 +0000] "POST /wp-cron.php?doing_wp_cron=1784722890.7874600887298583984375 HTTP/1.1" 200 - "-" "WordPress/7.0.2; https://buygreatessentials.shop"
105.113.103.131 - - [22/Jul/2026:12:21:25 +0000] "POST /wp-admin/admin-ajax.php HTTP/1.1" 200 77 "https://buygreatessentials.shop/wp-admin/post.php?post=115&action=elementor" "Mozilla/5.0 (Windows NT 10.0; Win64; x64) AppleWebKit/537.36 (KHTML, like Gecko) Chrome/150.0.0.0 Safari/537.36"
198.177.124.148 - - [22/Jul/2026:12:21:53 +0000] "POST /wp-cron.php?doing_wp_cron=1784722913.7652409076690673828125 HTTP/1.1" 200 - "-" "WordPress/7.0.2; https://buygreatessentials.shop"
105.113.103.131 - - [22/Jul/2026:12:21:52 +0000] "POST /wp-admin/admin-ajax.php HTTP/1.1" 200 98 "https://buygreatessentials.shop/wp-admin/post.php?post=12&action=edit" "Mozilla/5.0 (Windows NT 10.0; Win64; x64) AppleWebKit/537.36 (KHTML, like Gecko) Chrome/150.0.0.0 Safari/537.36"
105.113.103.131 - - [22/Jul/2026:12:22:40 +0000] "POST /wp-admin/admin-ajax.php HTTP/1.1" 200 98 "https://buygreatessentials.shop/wp-admin/post.php?post=12&action=edit" "Mozilla/5.0 (Windows NT 10.0; Win64; x64) AppleWebKit/537.36 (KHTML, like Gecko) Chrome/150.0.0.0 Safari/537.36"
198.177.124.148 - - [22/Jul/2026:12:22:44 +0000] "POST /wp-cron.php?doing_wp_cron=1784722964.8150711059570312500000 HTTP/1.1" 200 - "-" "WordPress/7.0.2; https://buygreatessentials.shop"
105.113.103.131 - - [22/Jul/2026:12:22:42 +0000] "POST /wp-admin/admin-ajax.php HTTP/1.1" 200 1 "https://buygreatessentials.shop/wp-admin/post.php?post=12&action=edit" "Mozilla/5.0 (Windows NT 10.0; Win64; x64) AppleWebKit/537.36 (KHTML, like Gecko) Chrome/150.0.0.0 Safari/537.36"
198.177.124.148 - - [22/Jul/2026:12:23:22 +0000] "POST /wp-cron.php?doing_wp_cron=1784723002.2073760032653808593750 HTTP/1.1" 200 - "-" "WordPress/7.0.2; https://buygreatessentials.shop"
105.113.103.131 - - [22/Jul/2026:12:22:43 +0000] "GET /wp-admin/post.php?post=12&action=edit HTTP/1.1" 200 854851 "https://buygreatessentials.shop/wp-admin/edit.php?post_type=page" "Mozilla/5.0 (Windows NT 10.0; Win64; x64) AppleWebKit/537.36 (KHTML, like Gecko) Chrome/150.0.0.0 Safari/537.36"
105.113.103.131 - - [22/Jul/2026:12:23:26 +0000] "POST /wp-admin/admin-ajax.php HTTP/1.1" 200 77 "https://buygreatessentials.shop/wp-admin/post.php?post=115&action=elementor" "Mozilla/5.0 (Windows NT 10.0; Win64; x64) AppleWebKit/537.36 (KHTML, like Gecko) Chrome/150.0.0.0 Safari/537.36"
198.177.124.148 - - [22/Jul/2026:12:24:44 +0000] "POST /wp-cron.php?doing_wp_cron=1784723084.2525329589843750000000 HTTP/1.1" 200 - "-" "WordPress/7.0.2; https://buygreatessentials.shop"
105.113.103.131 - - [22/Jul/2026:12:23:18 +0000] "GET /wp-admin/post.php?post=12&action=edit HTTP/1.1" 200 854700 "-" "Mozilla/5.0 (Windows NT 10.0; Win64; x64) AppleWebKit/537.36 (KHTML, like Gecko) Chrome/150.0.0.0 Safari/537.36"
105.113.103.131 - - [22/Jul/2026:12:25:25 +0000] "GET /wp-json/wpforms/v1/themes/?_locale=user HTTP/1.1" 200 9111 "https://buygreatessentials.shop/wp-admin/post.php?post=12&action=edit" "Mozilla/5.0 (Windows NT 10.0; Win64; x64) AppleWebKit/537.36 (KHTML, like Gecko) Chrome/150.0.0.0 Safari/537.36"
105.113.103.131 - - [22/Jul/2026:12:25:28 +0000] "POST /wp-admin/admin-ajax.php HTTP/1.1" 200 77 "https://buygreatessentials.shop/wp-admin/post.php?post=115&action=elementor" "Mozilla/5.0 (Windows NT 10.0; Win64; x64) AppleWebKit/537.36 (KHTML, like Gecko) Chrome/150.0.0.0 Safari/537.36"
105.113.103.131 - - [22/Jul/2026:12:25:32 +0000] "GET /wp-json/wp/v2/templates/lookup?slug=front-page&_locale=user HTTP/1.1" 200 28352 "https://buygreatessentials.shop/wp-admin/post.php?post=12&action=edit" "Mozilla/5.0 (Windows NT 10.0; Win64; x64) AppleWebKit/537.36 (KHTML, like Gecko) Chrome/150.0.0.0 Safari/537.36"
105.113.103.131 - - [22/Jul/2026:12:25:32 +0000] "GET /favicon.ico HTTP/1.1" 302 - "https://buygreatessentials.shop/wp-admin/post.php?post=12&action=edit" "Mozilla/5.0 (Windows NT 10.0; Win64; x64) AppleWebKit/537.36 (KHTML, like Gecko) Chrome/150.0.0.0 Safari/537.36"
105.113.103.131 - - [22/Jul/2026:12:25:33 +0000] "OPTIONS /wp-json/wp/v2/settings?_locale=user HTTP/1.1" 200 5759 "https://buygreatessentials.shop/wp-admin/post.php?post=12&action=edit" "Mozilla/5.0 (Windows NT 10.0; Win64; x64) AppleWebKit/537.36 (KHTML, like Gecko) Chrome/150.0.0.0 Safari/537.36"
105.113.103.131 - - [22/Jul/2026:12:25:33 +0000] "GET /wp-json/wp/v2/comments?context=edit&post=12&type=note&status=all&per_page=100&_locale=user HTTP/1.1" 200 2 "https://buygreatessentials.shop/wp-admin/post.php?post=12&action=edit" "Mozilla/5.0 (Windows NT 10.0; Win64; x64) AppleWebKit/537.36 (KHTML, like Gecko) Chrome/150.0.0.0 Safari/537.36"
105.113.103.131 - - [22/Jul/2026:12:25:35 +0000] "GET /wp-json/wp/v2/wp_pattern_category?context=view&per_page=100&_fields=id%2Cname%2Cdescription%2Cslug&_locale=user HTTP/1.1" 200 2 "https://buygreatessentials.shop/wp-admin/post.php?post=12&action=edit" "Mozilla/5.0 (Windows NT 10.0; Win64; x64) AppleWebKit/537.36 (KHTML, like Gecko) Chrome/150.0.0.0 Safari/537.36"
105.113.103.131 - - [22/Jul/2026:12:25:35 +0000] "GET /wp-content/uploads/2026/07/Screenshot-2025-07-21-012907-150x150.png HTTP/1.1" 404 246743 "-" "Mozilla/5.0 (Windows NT 10.0; Win64; x64) AppleWebKit/537.36 (KHTML, like Gecko) Chrome/150.0.0.0 Safari/537.36"
105.113.103.131 - - [22/Jul/2026:12:25:40 +0000] "GET /wp-json/wp/v2/templates/lookup?slug=page-powerbank&_locale=user HTTP/1.1" 200 2468 "https://buygreatessentials.shop/wp-admin/post.php?post=12&action=edit" "Mozilla/5.0 (Windows NT 10.0; Win64; x64) AppleWebKit/537.36 (KHTML, like Gecko) Chrome/150.0.0.0 Safari/537.36"
105.113.103.131 - - [22/Jul/2026:12:25:42 +0000] "GET /wp-json/wp/v2/templates/lookup?slug=front-page&_locale=user HTTP/1.1" 200 28352 "https://buygreatessentials.shop/wp-admin/post.php?post=12&action=edit" "Mozilla/5.0 (Windows NT 10.0; Win64; x64) AppleWebKit/537.36 (KHTML, like Gecko) Chrome/150.0.0.0 Safari/537.36"
105.113.103.131 - - [22/Jul/2026:12:25:41 +0000] "GET /wp-json/wp/v2/templates?context=edit&per_page=100&_locale=user HTTP/1.1" 200 70419 "https://buygreatessentials.shop/wp-admin/post.php?post=12&action=edit" "Mozilla/5.0 (Windows NT 10.0; Win64; x64) AppleWebKit/537.36 (KHTML, like Gecko) Chrome/150.0.0.0 Safari/537.36"
105.113.103.131 - - [22/Jul/2026:12:25:43 +0000] "GET /wp-content/uploads/2026/07/WIN_20260411_09_51_28_Pro.mp4 HTTP/1.1" 404 246721 "-" "Mozilla/5.0 (Windows NT 10.0; Win64; x64) AppleWebKit/537.36 (KHTML, like Gecko) Chrome/150.0.0.0 Safari/537.36"
105.113.103.131 - - [22/Jul/2026:12:25:45 +0000] "GET /wp-content/uploads/2026/07/Screenshot-2025-07-21-012412-150x150.png HTTP/1.1" 404 246743 "-" "Mozilla/5.0 (Windows NT 10.0; Win64; x64) AppleWebKit/537.36 (KHTML, like Gecko) Chrome/150.0.0.0 Safari/537.36"
198.177.124.148 - - [22/Jul/2026:12:27:38 +0000] "POST /wp-cron.php?doing_wp_cron=1784723258.0129709243774414062500 HTTP/1.1" 200 - "-" "WordPress/7.0.2; https://buygreatessentials.shop"
105.113.103.131 - - [22/Jul/2026:12:27:35 +0000] "POST /wp-admin/admin-ajax.php HTTP/1.1" 200 77 "https://buygreatessentials.shop/wp-admin/post.php?post=115&action=elementor" "Mozilla/5.0 (Windows NT 10.0; Win64; x64) AppleWebKit/537.36 (KHTML, like Gecko) Chrome/150.0.0.0 Safari/537.36"
198.177.124.148 - - [22/Jul/2026:12:27:38 +0000] "POST /wp-cron.php?doing_wp_cron=1784723258.3594129085540771484375 HTTP/1.1" 200 - "-" "WordPress/7.0.2; https://buygreatessentials.shop"
105.113.103.131 - - [22/Jul/2026:12:27:35 +0000] "POST /wp-admin/admin-ajax.php HTTP/1.1" 200 98 "https://buygreatessentials.shop/wp-admin/post.php?post=12&action=edit" "Mozilla/5.0 (Windows NT 10.0; Win64; x64) AppleWebKit/537.36 (KHTML, like Gecko) Chrome/150.0.0.0 Safari/537.36"
198.177.124.148 - - [22/Jul/2026:12:28:08 +0000] "POST /wp-cron.php?doing_wp_cron=1784723288.4166650772094726562500 HTTP/1.1" 200 - "-" "WordPress/7.0.2; https://buygreatessentials.shop"
