HEX
Server: Apache
System: Linux server1.yalehafricanfoods.shop 5.14.0-687.15.1.el9_8.x86_64 #1 SMP PREEMPT_DYNAMIC Thu Jun 11 08:51:45 EDT 2026 x86_64
User: yalenocb (1002)
PHP: 8.1.34
Disabled: NONE
Upload Files
File: /home/yalenocb/access-logs/bumsinterior.shop.yalehafricanfoods.shop
198.177.124.148 - - [21/Jul/2026:07:13:06 +0000] "POST /wp-cron.php?doing_wp_cron=1784617985.9444739818572998046875 HTTP/1.1" 200 - "-" "WordPress/7.0.2; https://bumsinterior.shop"
198.177.124.148 - - [21/Jul/2026:07:13:06 +0000] "POST /wp-cron.php?doing_wp_cron=1784617985.9527640342712402343750 HTTP/1.1" 200 - "-" "WordPress/7.0.2; https://bumsinterior.shop"
93.123.109.152 - - [21/Jul/2026:07:12:55 +0000] "GET /mail/.git/config HTTP/1.1" 200 1 "-" "Mozilla/5.0 (Windows NT 10.0; Win64; x64) AppleWebKit/537.36 (KHTML, like Gecko) Chrome/123.0.0.0 Safari/537.36"
93.123.109.152 - - [21/Jul/2026:07:12:55 +0000] "GET /git/.git/config HTTP/1.1" 200 1 "-" "Mozilla/5.0 (Windows NT 10.0; Win64; x64) AppleWebKit/537.36 (KHTML, like Gecko) Chrome/123.0.0.0 Safari/537.36"
93.123.109.152 - - [21/Jul/2026:07:12:55 +0000] "GET /v2/.git/config HTTP/1.1" 200 1 "-" "Mozilla/5.0 (Windows NT 10.0; Win64; x64) AppleWebKit/537.36 (KHTML, like Gecko) Chrome/123.0.0.0 Safari/537.36"
93.123.109.152 - - [21/Jul/2026:07:12:55 +0000] "GET /wp/.git/config HTTP/1.1" 200 1 "-" "Mozilla/5.0 (Windows NT 10.0; Win64; x64) AppleWebKit/537.36 (KHTML, like Gecko) Chrome/123.0.0.0 Safari/537.36"
93.123.109.152 - - [21/Jul/2026:07:12:55 +0000] "GET /wp-admin/.git/config HTTP/1.1" 200 1 "-" "Mozilla/5.0 (Windows NT 10.0; Win64; x64) AppleWebKit/537.36 (KHTML, like Gecko) Chrome/123.0.0.0 Safari/537.36"
93.123.109.152 - - [21/Jul/2026:07:12:55 +0000] "GET /wp-content/.git/config HTTP/1.1" 200 1 "-" "Mozilla/5.0 (Windows NT 10.0; Win64; x64) AppleWebKit/537.36 (KHTML, like Gecko) Chrome/123.0.0.0 Safari/537.36"
93.123.109.152 - - [21/Jul/2026:07:12:55 +0000] "GET /.git/config HTTP/1.1" 200 1 "-" "Mozilla/5.0 (Windows NT 10.0; Win64; x64) AppleWebKit/537.36 (KHTML, like Gecko) Chrome/123.0.0.0 Safari/537.36"
93.123.109.152 - - [21/Jul/2026:07:12:55 +0000] "GET /backup/.git/config HTTP/1.1" 200 1 "-" "Mozilla/5.0 (Windows NT 10.0; Win64; x64) AppleWebKit/537.36 (KHTML, like Gecko) Chrome/123.0.0.0 Safari/537.36"
93.123.109.152 - - [21/Jul/2026:07:12:55 +0000] "GET /admin/.git/config HTTP/1.1" 200 1 "-" "Mozilla/5.0 (Windows NT 10.0; Win64; x64) AppleWebKit/537.36 (KHTML, like Gecko) Chrome/123.0.0.0 Safari/537.36"
93.123.109.152 - - [21/Jul/2026:07:12:55 +0000] "GET /application/.git/config HTTP/1.1" 200 1 "-" "Mozilla/5.0 (Windows NT 10.0; Win64; x64) AppleWebKit/537.36 (KHTML, like Gecko) Chrome/123.0.0.0 Safari/537.36"
93.123.109.152 - - [21/Jul/2026:07:12:55 +0000] "GET /staging/.git/config HTTP/1.1" 200 1 "-" "Mozilla/5.0 (Windows NT 10.0; Win64; x64) AppleWebKit/537.36 (KHTML, like Gecko) Chrome/123.0.0.0 Safari/537.36"
93.123.109.152 - - [21/Jul/2026:07:12:55 +0000] "GET /public/.git/config HTTP/1.1" 200 1 "-" "Mozilla/5.0 (Windows NT 10.0; Win64; x64) AppleWebKit/537.36 (KHTML, like Gecko) Chrome/123.0.0.0 Safari/537.36"
93.123.109.152 - - [21/Jul/2026:07:12:55 +0000] "GET /backend/.git/config HTTP/1.1" 200 1 "-" "Mozilla/5.0 (Windows NT 10.0; Win64; x64) AppleWebKit/537.36 (KHTML, like Gecko) Chrome/123.0.0.0 Safari/537.36"
93.123.109.152 - - [21/Jul/2026:07:12:55 +0000] "GET /dev/.git/config HTTP/1.1" 200 1 "-" "Mozilla/5.0 (Windows NT 10.0; Win64; x64) AppleWebKit/537.36 (KHTML, like Gecko) Chrome/123.0.0.0 Safari/537.36"
93.123.109.152 - - [21/Jul/2026:07:12:55 +0000] "GET /api/.git/config HTTP/1.1" 200 1 "-" "Mozilla/5.0 (Windows NT 10.0; Win64; x64) AppleWebKit/537.36 (KHTML, like Gecko) Chrome/123.0.0.0 Safari/537.36"
93.123.109.152 - - [21/Jul/2026:07:12:55 +0000] "GET /app/.git/config HTTP/1.1" 200 1 "-" "Mozilla/5.0 (Windows NT 10.0; Win64; x64) AppleWebKit/537.36 (KHTML, like Gecko) Chrome/123.0.0.0 Safari/537.36"
51.159.109.196 - - [21/Jul/2026:07:27:03 +0000] "HEAD / HTTP/1.1" 200 - "-" "python-httpx/0.28.1"
51.159.109.196 - - [21/Jul/2026:07:27:11 +0000] "GET / HTTP/1.1" 200 101062 "-" "Mozilla/5.0 (X11; Linux x86_64) AppleWebKit/537.36 (KHTML, like Gecko) Chrome/134.0.0.0 Safari/537.3"
51.159.109.196 - - [21/Jul/2026:07:27:14 +0000] "GET /wp-includes/blocks/navigation/style.min.css?ver=7.0.2 HTTP/1.1" 200 20709 "http://bumsinterior.shop/" "Mozilla/5.0 (X11; Linux x86_64) AppleWebKit/537.36 (KHTML, like Gecko) Chrome/134.0.0.0 Safari/537.3"
51.159.109.196 - - [21/Jul/2026:07:27:14 +0000] "GET /wp-content/plugins/header-footer-elementor/inc/widgets-css/frontend.css?ver=2.9.1 HTTP/1.1" 200 83015 "http://bumsinterior.shop/" "Mozilla/5.0 (X11; Linux x86_64) AppleWebKit/537.36 (KHTML, like Gecko) Chrome/134.0.0.0 Safari/537.3"
51.159.109.196 - - [21/Jul/2026:07:27:14 +0000] "GET /wp-content/plugins/header-footer-elementor/assets/css/header-footer-elementor.css?ver=2.9.1 HTTP/1.1" 200 776 "http://bumsinterior.shop/" "Mozilla/5.0 (X11; Linux x86_64) AppleWebKit/537.36 (KHTML, like Gecko) Chrome/134.0.0.0 Safari/537.3"
51.159.109.196 - - [21/Jul/2026:07:27:14 +0000] "GET /wp-content/plugins/elementor/assets/css/frontend.min.css?ver=4.1.5 HTTP/1.1" 200 54666 "http://bumsinterior.shop/" "Mozilla/5.0 (X11; Linux x86_64) AppleWebKit/537.36 (KHTML, like Gecko) Chrome/134.0.0.0 Safari/537.3"
51.159.109.196 - - [21/Jul/2026:07:27:14 +0000] "GET /wp-content/plugins/elementor/assets/lib/eicons/css/elementor-icons.min.css?ver=5.34.0 HTTP/1.1" 200 21976 "http://bumsinterior.shop/" "Mozilla/5.0 (X11; Linux x86_64) AppleWebKit/537.36 (KHTML, like Gecko) Chrome/134.0.0.0 Safari/537.3"
51.159.109.196 - - [21/Jul/2026:07:27:14 +0000] "GET /wp-content/uploads/elementor/css/post-6.css?ver=1784581989 HTTP/1.1" 200 1168 "http://bumsinterior.shop/" "Mozilla/5.0 (X11; Linux x86_64) AppleWebKit/537.36 (KHTML, like Gecko) Chrome/134.0.0.0 Safari/537.3"
51.159.109.196 - - [21/Jul/2026:07:27:14 +0000] "GET /wp-content/plugins/elementor/assets/css/widget-icon-list.min.css?ver=3.24.3 HTTP/1.1" 200 10255 "http://bumsinterior.shop/" "Mozilla/5.0 (X11; Linux x86_64) AppleWebKit/537.36 (KHTML, like Gecko) Chrome/134.0.0.0 Safari/537.3"
51.159.109.196 - - [21/Jul/2026:07:27:14 +0000] "GET /wp-content/plugins/elementor/assets/css/widget-social-icons.min.css?ver=3.24.0 HTTP/1.1" 200 5110 "http://bumsinterior.shop/" "Mozilla/5.0 (X11; Linux x86_64) AppleWebKit/537.36 (KHTML, like Gecko) Chrome/134.0.0.0 Safari/537.3"
51.159.109.196 - - [21/Jul/2026:07:27:14 +0000] "GET /wp-content/plugins/elementor/assets/lib/font-awesome/css/brands.css?ver=5.15.3 HTTP/1.1" 200 732 "http://bumsinterior.shop/" "Mozilla/5.0 (X11; Linux x86_64) AppleWebKit/537.36 (KHTML, like Gecko) Chrome/134.0.0.0 Safari/537.3"
51.159.109.196 - - [21/Jul/2026:07:27:14 +0000] "GET /wp-content/plugins/elementor/assets/lib/font-awesome/css/fontawesome.css?ver=5.15.3 HTTP/1.1" 200 72184 "http://bumsinterior.shop/" "Mozilla/5.0 (X11; Linux x86_64) AppleWebKit/537.36 (KHTML, like Gecko) Chrome/134.0.0.0 Safari/537.3"
51.159.109.196 - - [21/Jul/2026:07:27:14 +0000] "GET /wp-content/plugins/elementor/assets/lib/font-awesome/css/solid.css?ver=5.15.3 HTTP/1.1" 200 727 "http://bumsinterior.shop/" "Mozilla/5.0 (X11; Linux x86_64) AppleWebKit/537.36 (KHTML, like Gecko) Chrome/134.0.0.0 Safari/537.3"
51.159.109.196 - - [21/Jul/2026:07:27:14 +0000] "GET /wp-includes/js/jquery/jquery.min.js?ver=3.7.1 HTTP/1.1" 200 87553 "http://bumsinterior.shop/" "Mozilla/5.0 (X11; Linux x86_64) AppleWebKit/537.36 (KHTML, like Gecko) Chrome/134.0.0.0 Safari/537.3"
51.159.109.196 - - [21/Jul/2026:07:27:14 +0000] "GET /wp-includes/js/jquery/jquery-migrate.min.js?ver=3.4.1 HTTP/1.1" 200 13577 "http://bumsinterior.shop/" "Mozilla/5.0 (X11; Linux x86_64) AppleWebKit/537.36 (KHTML, like Gecko) Chrome/134.0.0.0 Safari/537.3"
51.159.109.196 - - [21/Jul/2026:07:27:14 +0000] "GET /wp-content/themes/twentytwentyfour/assets/images/building-exterior.webp HTTP/1.1" 200 199724 "http://bumsinterior.shop/" "Mozilla/5.0 (X11; Linux x86_64) AppleWebKit/537.36 (KHTML, like Gecko) Chrome/134.0.0.0 Safari/537.3"
51.159.109.196 - - [21/Jul/2026:07:27:14 +0000] "GET /wp-content/themes/twentytwentyfour/assets/images/tourist-and-building.webp HTTP/1.1" 200 66482 "http://bumsinterior.shop/" "Mozilla/5.0 (X11; Linux x86_64) AppleWebKit/537.36 (KHTML, like Gecko) Chrome/134.0.0.0 Safari/537.3"
51.159.109.196 - - [21/Jul/2026:07:27:14 +0000] "GET /wp-content/themes/twentytwentyfour/assets/images/windows.webp HTTP/1.1" 200 126244 "http://bumsinterior.shop/" "Mozilla/5.0 (X11; Linux x86_64) AppleWebKit/537.36 (KHTML, like Gecko) Chrome/134.0.0.0 Safari/537.3"
51.159.109.196 - - [21/Jul/2026:07:27:15 +0000] "GET /wp-includes/js/dist/script-modules/interactivity/index.min.js?ver=efaa5193bbad9c60ffd1 HTTP/1.1" 200 40106 "http://bumsinterior.shop/" "Mozilla/5.0 (X11; Linux x86_64) AppleWebKit/537.36 (KHTML, like Gecko) Chrome/134.0.0.0 Safari/537.3"
51.159.109.196 - - [21/Jul/2026:07:27:15 +0000] "GET /wp-includes/js/dist/script-modules/block-library/navigation/view.min.js?ver=96a846e1d7b789c39ab9 HTTP/1.1" 200 3053 "http://bumsinterior.shop/" "Mozilla/5.0 (X11; Linux x86_64) AppleWebKit/537.36 (KHTML, like Gecko) Chrome/134.0.0.0 Safari/537.3"
51.159.109.196 - - [21/Jul/2026:07:27:15 +0000] "GET /wp-content/plugins/pixelyoursite/dist/scripts/jquery.bind-first-0.2.3.min.js?ver=0.2.3 HTTP/1.1" 200 1317 "http://bumsinterior.shop/" "Mozilla/5.0 (X11; Linux x86_64) AppleWebKit/537.36 (KHTML, like Gecko) Chrome/134.0.0.0 Safari/537.3"
51.159.109.196 - - [21/Jul/2026:07:27:15 +0000] "GET /wp-content/plugins/pixelyoursite/dist/scripts/js.cookie-2.1.3.min.js?ver=2.1.3 HTTP/1.1" 200 1709 "http://bumsinterior.shop/" "Mozilla/5.0 (X11; Linux x86_64) AppleWebKit/537.36 (KHTML, like Gecko) Chrome/134.0.0.0 Safari/537.3"
51.159.109.196 - - [21/Jul/2026:07:27:15 +0000] "GET /wp-content/plugins/pixelyoursite/dist/scripts/public.js?ver=11.2.1 HTTP/1.1" 200 172979 "http://bumsinterior.shop/" "Mozilla/5.0 (X11; Linux x86_64) AppleWebKit/537.36 (KHTML, like Gecko) Chrome/134.0.0.0 Safari/537.3"
51.159.109.196 - - [21/Jul/2026:07:27:15 +0000] "GET /wp-content/plugins/pixelyoursite/dist/scripts/tld.min.js?ver=2.3.1 HTTP/1.1" 200 141079 "http://bumsinterior.shop/" "Mozilla/5.0 (X11; Linux x86_64) AppleWebKit/537.36 (KHTML, like Gecko) Chrome/134.0.0.0 Safari/537.3"
51.159.109.196 - - [21/Jul/2026:07:27:15 +0000] "GET /wp-content/themes/twentytwentyfour/assets/fonts/cardo/cardo_italic_400.woff2 HTTP/1.1" 200 105184 "http://bumsinterior.shop/" "Mozilla/5.0 (X11; Linux x86_64) AppleWebKit/537.36 (KHTML, like Gecko) Chrome/134.0.0.0 Safari/537.3"
51.159.109.196 - - [21/Jul/2026:07:27:15 +0000] "GET /wp-content/themes/twentytwentyfour/assets/fonts/cardo/cardo_normal_400.woff2 HTTP/1.1" 200 146060 "http://bumsinterior.shop/" "Mozilla/5.0 (X11; Linux x86_64) AppleWebKit/537.36 (KHTML, like Gecko) Chrome/134.0.0.0 Safari/537.3"
51.159.109.196 - - [21/Jul/2026:07:27:15 +0000] "GET /wp-content/themes/twentytwentyfour/assets/fonts/inter/Inter-VariableFont_slnt,wght.woff2 HTTP/1.1" 200 326628 "http://bumsinterior.shop/" "Mozilla/5.0 (X11; Linux x86_64) AppleWebKit/537.36 (KHTML, like Gecko) Chrome/134.0.0.0 Safari/537.3"
51.159.109.196 - - [21/Jul/2026:07:27:15 +0000] "GET /wp-includes/js/wp-emoji-release.min.js?ver=7.0.2 HTTP/1.1" 200 22752 "http://bumsinterior.shop/" "Mozilla/5.0 (X11; Linux x86_64) AppleWebKit/537.36 (KHTML, like Gecko) Chrome/134.0.0.0 Safari/537.3"
51.159.109.196 - - [21/Jul/2026:07:27:17 +0000] "GET /favicon.ico HTTP/1.1" 200 1 "http://bumsinterior.shop/" "Mozilla/5.0 (X11; Linux x86_64) AppleWebKit/537.36 (KHTML, like Gecko) Chrome/134.0.0.0 Safari/537.3"
51.159.109.196 - - [21/Jul/2026:07:27:21 +0000] "GET /favicon.ico HTTP/1.1" 200 1 "-" "Mozilla/5.0 (X11; Linux x86_64) AppleWebKit/537.36 (KHTML, like Gecko) Chrome/134.0.0.0 Safari/537.3"
51.159.109.196 - - [21/Jul/2026:07:27:33 +0000] "GET /ads.txt HTTP/1.1" 200 85949 "-" "Mozilla/5.0 (X11; Linux x86_64) AppleWebKit/537.36 (KHTML, like Gecko) Chrome/134.0.0.0 Safari/537.3"
51.159.109.196 - - [21/Jul/2026:07:27:35 +0000] "GET /app-ads.txt HTTP/1.1" 200 85949 "-" "Mozilla/5.0 (X11; Linux x86_64) AppleWebKit/537.36 (KHTML, like Gecko) Chrome/134.0.0.0 Safari/537.3"
51.159.109.196 - - [21/Jul/2026:07:27:38 +0000] "GET /sellers.json HTTP/1.1" 200 85949 "-" "Mozilla/5.0 (X11; Linux x86_64) AppleWebKit/537.36 (KHTML, like Gecko) Chrome/134.0.0.0 Safari/537.3"
104.23.223.128 - - [21/Jul/2026:07:30:44 +0000] "GET /wp-admin/install.php?step=1 HTTP/1.1" 200 1390 "-" "http://bumsinterior.shop/wp-admin/install.php?step=1"
62.210.198.206 - - [21/Jul/2026:07:33:16 +0000] "HEAD / HTTP/1.1" 200 - "-" "python-httpx/0.28.1"
62.210.198.206 - - [21/Jul/2026:07:33:23 +0000] "GET / HTTP/1.1" 200 101062 "-" "Mozilla/5.0 (X11; Linux x86_64) AppleWebKit/537.36 (KHTML, like Gecko) Chrome/134.0.0.0 Safari/537.3"
62.210.198.206 - - [21/Jul/2026:07:33:26 +0000] "GET /wp-includes/blocks/navigation/style.min.css?ver=7.0.2 HTTP/1.1" 200 20709 "http://bumsinterior.shop/" "Mozilla/5.0 (X11; Linux x86_64) AppleWebKit/537.36 (KHTML, like Gecko) Chrome/134.0.0.0 Safari/537.3"
62.210.198.206 - - [21/Jul/2026:07:33:26 +0000] "GET /wp-content/plugins/header-footer-elementor/inc/widgets-css/frontend.css?ver=2.9.1 HTTP/1.1" 200 83015 "http://bumsinterior.shop/" "Mozilla/5.0 (X11; Linux x86_64) AppleWebKit/537.36 (KHTML, like Gecko) Chrome/134.0.0.0 Safari/537.3"
62.210.198.206 - - [21/Jul/2026:07:33:26 +0000] "GET /wp-content/plugins/header-footer-elementor/assets/css/header-footer-elementor.css?ver=2.9.1 HTTP/1.1" 200 776 "http://bumsinterior.shop/" "Mozilla/5.0 (X11; Linux x86_64) AppleWebKit/537.36 (KHTML, like Gecko) Chrome/134.0.0.0 Safari/537.3"
62.210.198.206 - - [21/Jul/2026:07:33:26 +0000] "GET /wp-content/plugins/elementor/assets/css/frontend.min.css?ver=4.1.5 HTTP/1.1" 200 54666 "http://bumsinterior.shop/" "Mozilla/5.0 (X11; Linux x86_64) AppleWebKit/537.36 (KHTML, like Gecko) Chrome/134.0.0.0 Safari/537.3"
62.210.198.206 - - [21/Jul/2026:07:33:26 +0000] "GET /wp-content/uploads/elementor/css/post-6.css?ver=1784581989 HTTP/1.1" 200 1168 "http://bumsinterior.shop/" "Mozilla/5.0 (X11; Linux x86_64) AppleWebKit/537.36 (KHTML, like Gecko) Chrome/134.0.0.0 Safari/537.3"
62.210.198.206 - - [21/Jul/2026:07:33:26 +0000] "GET /wp-content/plugins/elementor/assets/lib/eicons/css/elementor-icons.min.css?ver=5.34.0 HTTP/1.1" 200 21976 "http://bumsinterior.shop/" "Mozilla/5.0 (X11; Linux x86_64) AppleWebKit/537.36 (KHTML, like Gecko) Chrome/134.0.0.0 Safari/537.3"
62.210.198.206 - - [21/Jul/2026:07:33:26 +0000] "GET /wp-content/plugins/elementor/assets/css/widget-icon-list.min.css?ver=3.24.3 HTTP/1.1" 200 10255 "http://bumsinterior.shop/" "Mozilla/5.0 (X11; Linux x86_64) AppleWebKit/537.36 (KHTML, like Gecko) Chrome/134.0.0.0 Safari/537.3"
62.210.198.206 - - [21/Jul/2026:07:33:27 +0000] "GET /wp-content/plugins/elementor/assets/css/widget-social-icons.min.css?ver=3.24.0 HTTP/1.1" 200 5110 "http://bumsinterior.shop/" "Mozilla/5.0 (X11; Linux x86_64) AppleWebKit/537.36 (KHTML, like Gecko) Chrome/134.0.0.0 Safari/537.3"
62.210.198.206 - - [21/Jul/2026:07:33:27 +0000] "GET /wp-content/plugins/elementor/assets/lib/font-awesome/css/brands.css?ver=5.15.3 HTTP/1.1" 200 732 "http://bumsinterior.shop/" "Mozilla/5.0 (X11; Linux x86_64) AppleWebKit/537.36 (KHTML, like Gecko) Chrome/134.0.0.0 Safari/537.3"
62.210.198.206 - - [21/Jul/2026:07:33:27 +0000] "GET /wp-content/plugins/elementor/assets/lib/font-awesome/css/fontawesome.css?ver=5.15.3 HTTP/1.1" 200 72184 "http://bumsinterior.shop/" "Mozilla/5.0 (X11; Linux x86_64) AppleWebKit/537.36 (KHTML, like Gecko) Chrome/134.0.0.0 Safari/537.3"
62.210.198.206 - - [21/Jul/2026:07:33:27 +0000] "GET /wp-content/plugins/elementor/assets/lib/font-awesome/css/solid.css?ver=5.15.3 HTTP/1.1" 200 727 "http://bumsinterior.shop/" "Mozilla/5.0 (X11; Linux x86_64) AppleWebKit/537.36 (KHTML, like Gecko) Chrome/134.0.0.0 Safari/537.3"
62.210.198.206 - - [21/Jul/2026:07:33:27 +0000] "GET /wp-includes/js/jquery/jquery.min.js?ver=3.7.1 HTTP/1.1" 200 87553 "http://bumsinterior.shop/" "Mozilla/5.0 (X11; Linux x86_64) AppleWebKit/537.36 (KHTML, like Gecko) Chrome/134.0.0.0 Safari/537.3"
62.210.198.206 - - [21/Jul/2026:07:33:27 +0000] "GET /wp-includes/js/jquery/jquery-migrate.min.js?ver=3.4.1 HTTP/1.1" 200 13577 "http://bumsinterior.shop/" "Mozilla/5.0 (X11; Linux x86_64) AppleWebKit/537.36 (KHTML, like Gecko) Chrome/134.0.0.0 Safari/537.3"
62.210.198.206 - - [21/Jul/2026:07:33:27 +0000] "GET /wp-content/themes/twentytwentyfour/assets/images/tourist-and-building.webp HTTP/1.1" 200 66482 "http://bumsinterior.shop/" "Mozilla/5.0 (X11; Linux x86_64) AppleWebKit/537.36 (KHTML, like Gecko) Chrome/134.0.0.0 Safari/537.3"
62.210.198.206 - - [21/Jul/2026:07:33:27 +0000] "GET /wp-content/themes/twentytwentyfour/assets/images/windows.webp HTTP/1.1" 200 126244 "http://bumsinterior.shop/" "Mozilla/5.0 (X11; Linux x86_64) AppleWebKit/537.36 (KHTML, like Gecko) Chrome/134.0.0.0 Safari/537.3"
62.210.198.206 - - [21/Jul/2026:07:33:27 +0000] "GET /wp-content/themes/twentytwentyfour/assets/images/building-exterior.webp HTTP/1.1" 200 199724 "http://bumsinterior.shop/" "Mozilla/5.0 (X11; Linux x86_64) AppleWebKit/537.36 (KHTML, like Gecko) Chrome/134.0.0.0 Safari/537.3"
62.210.198.206 - - [21/Jul/2026:07:33:27 +0000] "GET /wp-includes/js/dist/script-modules/interactivity/index.min.js?ver=efaa5193bbad9c60ffd1 HTTP/1.1" 200 40106 "http://bumsinterior.shop/" "Mozilla/5.0 (X11; Linux x86_64) AppleWebKit/537.36 (KHTML, like Gecko) Chrome/134.0.0.0 Safari/537.3"
62.210.198.206 - - [21/Jul/2026:07:33:27 +0000] "GET /wp-includes/js/dist/script-modules/block-library/navigation/view.min.js?ver=96a846e1d7b789c39ab9 HTTP/1.1" 200 3053 "http://bumsinterior.shop/" "Mozilla/5.0 (X11; Linux x86_64) AppleWebKit/537.36 (KHTML, like Gecko) Chrome/134.0.0.0 Safari/537.3"
62.210.198.206 - - [21/Jul/2026:07:33:27 +0000] "GET /wp-content/plugins/pixelyoursite/dist/scripts/jquery.bind-first-0.2.3.min.js?ver=0.2.3 HTTP/1.1" 200 1317 "http://bumsinterior.shop/" "Mozilla/5.0 (X11; Linux x86_64) AppleWebKit/537.36 (KHTML, like Gecko) Chrome/134.0.0.0 Safari/537.3"
62.210.198.206 - - [21/Jul/2026:07:33:27 +0000] "GET /wp-content/plugins/pixelyoursite/dist/scripts/js.cookie-2.1.3.min.js?ver=2.1.3 HTTP/1.1" 200 1709 "http://bumsinterior.shop/" "Mozilla/5.0 (X11; Linux x86_64) AppleWebKit/537.36 (KHTML, like Gecko) Chrome/134.0.0.0 Safari/537.3"
62.210.198.206 - - [21/Jul/2026:07:33:27 +0000] "GET /wp-content/plugins/pixelyoursite/dist/scripts/tld.min.js?ver=2.3.1 HTTP/1.1" 200 141079 "http://bumsinterior.shop/" "Mozilla/5.0 (X11; Linux x86_64) AppleWebKit/537.36 (KHTML, like Gecko) Chrome/134.0.0.0 Safari/537.3"
62.210.198.206 - - [21/Jul/2026:07:33:27 +0000] "GET /wp-content/themes/twentytwentyfour/assets/fonts/inter/Inter-VariableFont_slnt,wght.woff2 HTTP/1.1" 200 326628 "http://bumsinterior.shop/" "Mozilla/5.0 (X11; Linux x86_64) AppleWebKit/537.36 (KHTML, like Gecko) Chrome/134.0.0.0 Safari/537.3"
62.210.198.206 - - [21/Jul/2026:07:33:27 +0000] "GET /wp-content/plugins/pixelyoursite/dist/scripts/public.js?ver=11.2.1 HTTP/1.1" 200 172979 "http://bumsinterior.shop/" "Mozilla/5.0 (X11; Linux x86_64) AppleWebKit/537.36 (KHTML, like Gecko) Chrome/134.0.0.0 Safari/537.3"
62.210.198.206 - - [21/Jul/2026:07:33:27 +0000] "GET /wp-content/themes/twentytwentyfour/assets/fonts/cardo/cardo_italic_400.woff2 HTTP/1.1" 200 105184 "http://bumsinterior.shop/" "Mozilla/5.0 (X11; Linux x86_64) AppleWebKit/537.36 (KHTML, like Gecko) Chrome/134.0.0.0 Safari/537.3"
62.210.198.206 - - [21/Jul/2026:07:33:27 +0000] "GET /wp-content/themes/twentytwentyfour/assets/fonts/cardo/cardo_normal_400.woff2 HTTP/1.1" 200 146060 "http://bumsinterior.shop/" "Mozilla/5.0 (X11; Linux x86_64) AppleWebKit/537.36 (KHTML, like Gecko) Chrome/134.0.0.0 Safari/537.3"
62.210.198.206 - - [21/Jul/2026:07:33:28 +0000] "GET /wp-includes/js/wp-emoji-release.min.js?ver=7.0.2 HTTP/1.1" 200 22752 "http://bumsinterior.shop/" "Mozilla/5.0 (X11; Linux x86_64) AppleWebKit/537.36 (KHTML, like Gecko) Chrome/134.0.0.0 Safari/537.3"
62.210.198.206 - - [21/Jul/2026:07:33:29 +0000] "GET /favicon.ico HTTP/1.1" 200 1 "http://bumsinterior.shop/" "Mozilla/5.0 (X11; Linux x86_64) AppleWebKit/537.36 (KHTML, like Gecko) Chrome/134.0.0.0 Safari/537.3"
62.210.198.206 - - [21/Jul/2026:07:33:33 +0000] "GET /favicon.ico HTTP/1.1" 200 1 "-" "Mozilla/5.0 (X11; Linux x86_64) AppleWebKit/537.36 (KHTML, like Gecko) Chrome/134.0.0.0 Safari/537.3"
198.177.124.148 - - [21/Jul/2026:07:33:48 +0000] "POST /wp-cron.php?doing_wp_cron=1784619228.9546670913696289062500 HTTP/1.1" 200 - "-" "WordPress/7.0.2; https://bumsinterior.shop"
62.210.198.206 - - [21/Jul/2026:07:33:46 +0000] "GET /ads.txt HTTP/1.1" 200 85949 "-" "Mozilla/5.0 (X11; Linux x86_64) AppleWebKit/537.36 (KHTML, like Gecko) Chrome/134.0.0.0 Safari/537.3"
62.210.198.206 - - [21/Jul/2026:07:33:49 +0000] "GET /app-ads.txt HTTP/1.1" 200 85949 "-" "Mozilla/5.0 (X11; Linux x86_64) AppleWebKit/537.36 (KHTML, like Gecko) Chrome/134.0.0.0 Safari/537.3"
62.210.198.206 - - [21/Jul/2026:07:33:52 +0000] "GET /sellers.json HTTP/1.1" 200 85949 "-" "Mozilla/5.0 (X11; Linux x86_64) AppleWebKit/537.36 (KHTML, like Gecko) Chrome/134.0.0.0 Safari/537.3"
172.69.151.6 - - [21/Jul/2026:07:55:07 +0000] "GET /wp-admin/install.php?step=1 HTTP/1.1" 200 1390 "-" "http://bumsinterior.shop/wp-admin/install.php?step=1"
198.177.124.148 - - [21/Jul/2026:08:06:34 +0000] "POST /wp-cron.php?doing_wp_cron=1784621194.9048790931701660156250 HTTP/1.1" 200 - "-" "WordPress/7.0.2; https://bumsinterior.shop"
104.23.239.89 - - [21/Jul/2026:08:06:33 +0000] "GET /wp-admin/install.php?step=1 HTTP/1.1" 200 1390 "-" "http://bumsinterior.shop/wp-admin/install.php?step=1"
198.177.124.148 - - [21/Jul/2026:08:15:51 +0000] "POST /wp-cron.php?doing_wp_cron=1784621751.1692090034484863281250 HTTP/1.1" 200 - "-" "WordPress/7.0.2; https://bumsinterior.shop"
172.70.47.104 - - [21/Jul/2026:08:15:49 +0000] "GET /wp-admin/install.php?step=1 HTTP/1.1" 200 1390 "-" "http://bumsinterior.shop/wp-admin/install.php?step=1"
172.69.195.84 - - [21/Jul/2026:08:36:32 +0000] "GET /wp-admin/install.php?step=1 HTTP/1.1" 200 1390 "-" "http://bumsinterior.shop/wp-admin/install.php?step=1"
172.71.144.61 - - [21/Jul/2026:08:39:11 +0000] "GET /wp-admin/install.php?step=1 HTTP/1.1" 200 1390 "-" "http://bumsinterior.shop/wp-admin/install.php?step=1"
198.177.124.148 - - [21/Jul/2026:09:10:08 +0000] "POST /wp-cron.php?doing_wp_cron=1784625008.3887279033660888671875 HTTP/1.1" 200 - "-" "WordPress/7.0.2; https://bumsinterior.shop"
43.157.38.228 - - [21/Jul/2026:09:10:06 +0000] "GET / HTTP/1.1" 200 101062 "-" "Mozilla/5.0 (iPhone; CPU iPhone OS 13_2_3 like Mac OS X) AppleWebKit/605.1.15 (KHTML, like Gecko) Version/13.0.3 Mobile/15E148 Safari/604.1"
162.158.111.219 - - [21/Jul/2026:09:12:32 +0000] "GET /wp-admin/install.php?step=1 HTTP/1.1" 200 1390 "-" "http://bumsinterior.shop/wp-admin/install.php?step=1"
198.177.124.148 - - [21/Jul/2026:09:13:00 +0000] "POST /wp-cron.php?doing_wp_cron=1784625180.1156520843505859375000 HTTP/1.1" 200 - "-" "WordPress/7.0.2; https://bumsinterior.shop"
172.71.172.184 - - [21/Jul/2026:09:12:59 +0000] "GET /wp-admin/install.php?step=1 HTTP/1.1" 200 1390 "-" "http://bumsinterior.shop/wp-admin/install.php?step=1"
66.249.72.237 - - [21/Jul/2026:09:22:48 +0000] "GET /robots.txt HTTP/1.1" 200 71 "-" "Mozilla/5.0 (compatible; Googlebot/2.1; +http://www.google.com/bot.html)"
66.249.72.237 - - [21/Jul/2026:09:22:48 +0000] "GET / HTTP/1.1" 200 196688 "-" "Mozilla/5.0 (Linux; Android 6.0.1; Nexus 5X Build/MMB29P) AppleWebKit/537.36 (KHTML, like Gecko) Chrome/150.0.7871.128 Mobile Safari/537.36 (compatible; Googlebot/2.1; +http://www.google.com/bot.html)"
162.158.182.82 - - [21/Jul/2026:09:38:25 +0000] "GET /wp-admin/install.php?step=1 HTTP/1.1" 200 1390 "-" "http://bumsinterior.shop/wp-admin/install.php?step=1"
173.252.82.51 - - [21/Jul/2026:09:41:14 +0000] "GET /robots.txt HTTP/1.1" 206 71 "-" "facebookexternalhit/1.1 (+http://www.facebook.com/externalhit_uatext.php)"
198.177.124.148 - - [21/Jul/2026:09:47:12 +0000] "POST /wp-cron.php?doing_wp_cron=1784627232.2882978916168212890625 HTTP/1.1" 200 - "-" "WordPress/7.0.2; https://bumsinterior.shop"
172.71.241.44 - - [21/Jul/2026:09:47:10 +0000] "GET /wp-admin/install.php?step=1 HTTP/1.1" 200 1390 "-" "http://bumsinterior.shop/wp-admin/install.php?step=1"
198.177.124.148 - - [21/Jul/2026:09:47:31 +0000] "POST /wp-cron.php?doing_wp_cron=1784627251.4719069004058837890625 HTTP/1.1" 200 - "-" "WordPress/7.0.2; https://bumsinterior.shop"
43.164.0.21 - - [21/Jul/2026:09:47:22 +0000] "GET / HTTP/1.1" 200 1 "-" "Mozilla/5.0 (iPhone; CPU iPhone OS 13_2_3 like Mac OS X) AppleWebKit/605.1.15 (KHTML, like Gecko) Version/13.0.3 Mobile/15E148 Safari/604.1"
172.71.172.184 - - [21/Jul/2026:09:54:27 +0000] "GET /wp-admin/install.php?step=1 HTTP/1.1" 200 1390 "-" "http://bumsinterior.shop/wp-admin/install.php?step=1"
198.177.124.148 - - [21/Jul/2026:10:02:32 +0000] "GET /.well-known/acme-challenge/TRM8ZJ62AAIDZCB0081HUCKB9HITS98M HTTP/1.1" 200 64 "-" "Cpanel-HTTP-Client/1.0"
198.177.124.148 - - [21/Jul/2026:10:02:32 +0000] "GET /.well-known/acme-challenge/MPHPD9CHMLF7MX_AH5FIUBK5872_DBQ9 HTTP/1.1" 200 64 "-" "Cpanel-HTTP-Client/1.0"
175.27.136.83 - - [21/Jul/2026:10:05:03 +0000] "GET / HTTP/1.1" 200 101062 "-" "Mozilla/5.0 (iPhone; CPU iPhone OS 13_2_3 like Mac OS X) AppleWebKit/605.1.15 (KHTML, like Gecko) Version/13.0.3 Mobile/15E148 Safari/604.1"
198.177.124.148 - - [21/Jul/2026:10:19:45 +0000] "POST /wp-cron.php?doing_wp_cron=1784629185.6483199596405029296875 HTTP/1.1" 200 - "-" "WordPress/7.0.2; https://bumsinterior.shop"
162.159.113.163 - - [21/Jul/2026:10:19:43 +0000] "GET /wp-admin/install.php?step=1 HTTP/1.1" 403 85949 "-" "http://bumsinterior.shop/wp-admin/install.php?step=1"
104.23.221.166 - - [21/Jul/2026:10:32:53 +0000] "GET /wp-admin/install.php?step=1 HTTP/1.1" 403 85949 "-" "http://bumsinterior.shop/wp-admin/install.php?step=1"
172.70.248.95 - - [21/Jul/2026:10:57:39 +0000] "GET /wp-admin/install.php?step=1 HTTP/1.1" 403 85949 "-" "http://bumsinterior.shop/wp-admin/install.php?step=1"
172.70.247.50 - - [21/Jul/2026:10:58:34 +0000] "GET /wp-admin/install.php?step=1 HTTP/1.1" 403 85949 "-" "http://bumsinterior.shop/wp-admin/install.php?step=1"
172.71.148.54 - - [21/Jul/2026:11:18:12 +0000] "GET /wp-admin/install.php?step=1 HTTP/1.1" 403 85949 "-" "http://bumsinterior.shop/wp-admin/install.php?step=1"
172.70.248.94 - - [21/Jul/2026:11:32:33 +0000] "GET /wp-admin/install.php?step=1 HTTP/1.1" 403 85949 "-" "http://bumsinterior.shop/wp-admin/install.php?step=1"
104.23.217.76 - - [21/Jul/2026:11:45:28 +0000] "GET /wp-admin/install.php?step=1 HTTP/1.1" 403 85949 "-" "http://bumsinterior.shop/wp-admin/install.php?step=1"
172.70.240.93 - - [21/Jul/2026:12:00:12 +0000] "GET /wp-admin/install.php?step=1 HTTP/1.1" 403 85949 "-" "http://bumsinterior.shop/wp-admin/install.php?step=1"
124.156.157.91 - - [21/Jul/2026:12:05:08 +0000] "GET / HTTP/1.1" 200 1 "-" "Mozilla/5.0 (iPhone; CPU iPhone OS 13_2_3 like Mac OS X) AppleWebKit/605.1.15 (KHTML, like Gecko) Version/13.0.3 Mobile/15E148 Safari/604.1"
101.32.49.171 - - [21/Jul/2026:12:20:21 +0000] "GET / HTTP/1.1" 200 101062 "-" "Mozilla/5.0 (iPhone; CPU iPhone OS 13_2_3 like Mac OS X) AppleWebKit/605.1.15 (KHTML, like Gecko) Version/13.0.3 Mobile/15E148 Safari/604.1"
104.23.221.166 - - [21/Jul/2026:12:23:37 +0000] "GET /wp-admin/install.php?step=1 HTTP/1.1" 403 85949 "-" "http://bumsinterior.shop/wp-admin/install.php?step=1"
178.62.120.192 - - [21/Jul/2026:12:31:57 +0000] "GET / HTTP/1.1" 200 101062 "-" "Mozilla/5.0 (X11; Linux x86_64) AppleWebKit/537.36 (KHTML, like Gecko) Chrome/142.0.0.0 Safari/537.36"
104.23.223.129 - - [21/Jul/2026:12:32:25 +0000] "GET /wp-admin/install.php?step=1 HTTP/1.1" 403 85949 "-" "http://bumsinterior.shop/wp-admin/install.php?step=1"
172.70.247.49 - - [21/Jul/2026:12:58:14 +0000] "GET /wp-admin/install.php?step=1 HTTP/1.1" 403 85949 "-" "http://bumsinterior.shop/wp-admin/install.php?step=1"
43.159.152.4 - - [21/Jul/2026:12:59:17 +0000] "GET / HTTP/1.1" 200 1 "-" "Mozilla/5.0 (iPhone; CPU iPhone OS 13_2_3 like Mac OS X) AppleWebKit/605.1.15 (KHTML, like Gecko) Version/13.0.3 Mobile/15E148 Safari/604.1"
198.177.124.148 - - [21/Jul/2026:13:02:29 +0000] "GET /.well-known/acme-challenge/B93T2J3RQ5VAN7ETMK5VBGG924QEI-IF HTTP/1.1" 200 64 "-" "Cpanel-HTTP-Client/1.0"
198.177.124.148 - - [21/Jul/2026:13:02:30 +0000] "GET /.well-known/acme-challenge/SKDRUX8BX5W2R1PVX0CYCKTJ3LTN8EQG HTTP/1.1" 200 64 "-" "Cpanel-HTTP-Client/1.0"
198.177.124.148 - - [21/Jul/2026:13:13:54 +0000] "POST /wp-cron.php?doing_wp_cron=1784639634.4182679653167724609375 HTTP/1.1" 200 - "-" "WordPress/7.0.2; https://bumsinterior.shop"
104.23.221.166 - - [21/Jul/2026:13:13:52 +0000] "GET /wp-admin/install.php?step=1 HTTP/1.1" 403 85949 "-" "http://bumsinterior.shop/wp-admin/install.php?step=1"
172.71.144.60 - - [21/Jul/2026:13:17:19 +0000] "GET /wp-admin/install.php?step=1 HTTP/1.1" 403 85949 "-" "http://bumsinterior.shop/wp-admin/install.php?step=1"
172.70.247.50 - - [21/Jul/2026:13:34:47 +0000] "GET /wp-admin/install.php?step=1 HTTP/1.1" 403 85949 "-" "http://bumsinterior.shop/wp-admin/install.php?step=1"
104.23.221.166 - - [21/Jul/2026:13:49:00 +0000] "GET /wp-admin/install.php?step=1 HTTP/1.1" 403 85949 "-" "http://bumsinterior.shop/wp-admin/install.php?step=1"
162.158.182.82 - - [21/Jul/2026:14:11:25 +0000] "GET /wp-admin/install.php?step=1 HTTP/1.1" 403 85949 "-" "http://bumsinterior.shop/wp-admin/install.php?step=1"
104.23.221.166 - - [21/Jul/2026:14:16:56 +0000] "GET /wp-admin/install.php?step=1 HTTP/1.1" 403 85949 "-" "http://bumsinterior.shop/wp-admin/install.php?step=1"
172.71.164.128 - - [21/Jul/2026:14:38:26 +0000] "GET /wp-admin/install.php?step=1 HTTP/1.1" 403 85949 "-" "http://bumsinterior.shop/wp-admin/install.php?step=1"
104.23.166.88 - - [21/Jul/2026:14:53:23 +0000] "GET /wp-admin/install.php?step=1 HTTP/1.1" 403 85949 "-" "http://bumsinterior.shop/wp-admin/install.php?step=1"
172.70.240.92 - - [21/Jul/2026:15:03:33 +0000] "GET /wp-admin/install.php?step=1 HTTP/1.1" 403 85949 "-" "http://bumsinterior.shop/wp-admin/install.php?step=1"
43.157.38.131 - - [21/Jul/2026:15:03:43 +0000] "GET / HTTP/1.1" 200 1 "-" "Mozilla/5.0 (iPhone; CPU iPhone OS 13_2_3 like Mac OS X) AppleWebKit/605.1.15 (KHTML, like Gecko) Version/13.0.3 Mobile/15E148 Safari/604.1"
129.211.172.249 - - [21/Jul/2026:15:17:52 +0000] "GET / HTTP/1.1" 200 1 "-" "Mozilla/5.0 (iPhone; CPU iPhone OS 13_2_3 like Mac OS X) AppleWebKit/605.1.15 (KHTML, like Gecko) Version/13.0.3 Mobile/15E148 Safari/604.1"
172.69.151.5 - - [21/Jul/2026:15:24:55 +0000] "GET /wp-admin/install.php?step=1 HTTP/1.1" 403 85949 "-" "http://bumsinterior.shop/wp-admin/install.php?step=1"
162.158.95.42 - - [21/Jul/2026:15:28:59 +0000] "GET /wp-admin/install.php?step=1 HTTP/1.1" 403 85949 "-" "http://bumsinterior.shop/wp-admin/install.php?step=1"
43.159.143.190 - - [21/Jul/2026:15:35:35 +0000] "GET / HTTP/1.1" 200 101062 "-" "Mozilla/5.0 (iPhone; CPU iPhone OS 13_2_3 like Mac OS X) AppleWebKit/605.1.15 (KHTML, like Gecko) Version/13.0.3 Mobile/15E148 Safari/604.1"
52.167.144.57 - - [21/Jul/2026:15:38:17 +0000] "GET /robots.txt HTTP/1.1" 200 71 "-" "Mozilla/5.0 AppleWebKit/537.36 (KHTML, like Gecko; compatible; bingbot/2.0; +http://www.bing.com/bingbot.htm) Chrome/116.0.1938.76 Safari/537.36"
40.77.167.47 - - [21/Jul/2026:15:38:23 +0000] "GET / HTTP/1.1" 200 196688 "-" "Mozilla/5.0 AppleWebKit/537.36 (KHTML, like Gecko; compatible; bingbot/2.0; +http://www.bing.com/bingbot.htm) Chrome/116.0.1938.76 Safari/537.36"
162.158.182.83 - - [21/Jul/2026:15:47:36 +0000] "GET /wp-admin/install.php?step=1 HTTP/1.1" 403 85949 "-" "http://bumsinterior.shop/wp-admin/install.php?step=1"
198.177.124.148 - - [21/Jul/2026:16:02:27 +0000] "GET /.well-known/acme-challenge/Y0IURDC-_KB-04IJS4NC6J03AFEUYFX- HTTP/1.1" 200 64 "-" "Cpanel-HTTP-Client/1.0"
43.130.72.40 - - [21/Jul/2026:16:12:36 +0000] "GET / HTTP/1.1" 200 1 "-" "Mozilla/5.0 (iPhone; CPU iPhone OS 13_2_3 like Mac OS X) AppleWebKit/605.1.15 (KHTML, like Gecko) Version/13.0.3 Mobile/15E148 Safari/604.1"
104.23.223.129 - - [21/Jul/2026:16:16:33 +0000] "GET /wp-admin/install.php?step=1 HTTP/1.1" 403 85949 "-" "http://bumsinterior.shop/wp-admin/install.php?step=1"
172.70.248.57 - - [21/Jul/2026:16:21:42 +0000] "GET /wp-admin/install.php?step=1 HTTP/1.1" 403 85949 "-" "http://bumsinterior.shop/wp-admin/install.php?step=1"
104.23.223.128 - - [21/Jul/2026:16:42:31 +0000] "GET /wp-admin/install.php?step=1 HTTP/1.1" 403 85949 "-" "http://bumsinterior.shop/wp-admin/install.php?step=1"
172.71.172.185 - - [21/Jul/2026:16:44:24 +0000] "GET /wp-admin/install.php?step=1 HTTP/1.1" 403 85949 "-" "http://bumsinterior.shop/wp-admin/install.php?step=1"
198.177.124.148 - - [21/Jul/2026:17:02:11 +0000] "POST /wp-cron.php?doing_wp_cron=1784653331.3870999813079833984375 HTTP/1.1" 200 - "-" "WordPress/7.0.2; https://bumsinterior.shop"
104.23.217.76 - - [21/Jul/2026:17:02:09 +0000] "GET /wp-admin/install.php?step=1 HTTP/1.1" 403 85949 "-" "http://bumsinterior.shop/wp-admin/install.php?step=1"
162.158.86.101 - - [21/Jul/2026:17:21:25 +0000] "GET /wp-admin/install.php?step=1 HTTP/1.1" 403 85949 "-" "http://bumsinterior.shop/wp-admin/install.php?step=1"
162.158.111.219 - - [21/Jul/2026:17:34:23 +0000] "GET /wp-admin/install.php?step=1 HTTP/1.1" 403 85949 "-" "http://bumsinterior.shop/wp-admin/install.php?step=1"
104.23.221.167 - - [21/Jul/2026:17:59:01 +0000] "GET /wp-admin/install.php?step=1 HTTP/1.1" 403 85949 "-" "http://bumsinterior.shop/wp-admin/install.php?step=1"
172.71.164.128 - - [21/Jul/2026:18:07:21 +0000] "GET /wp-admin/install.php?step=1 HTTP/1.1" 403 85949 "-" "http://bumsinterior.shop/wp-admin/install.php?step=1"
104.23.217.77 - - [21/Jul/2026:18:16:47 +0000] "GET /wp-admin/install.php?step=1 HTTP/1.1" 403 85949 "-" "http://bumsinterior.shop/wp-admin/install.php?step=1"
172.71.164.128 - - [21/Jul/2026:18:25:29 +0000] "GET /wp-admin/install.php?step=1 HTTP/1.1" 403 85949 "-" "http://bumsinterior.shop/wp-admin/install.php?step=1"
141.98.102.235 - - [21/Jul/2026:18:26:56 +0000] "HEAD /?author=1 HTTP/1.1" 302 - "https://www.google.com" "Mozilla/5.0 (Windows NT 10.0; Win64; x64) AppleWebKit/537.36 (KHTML, like Gecko) Chrome/143.0.0.0 Safari/537.36"
141.98.102.235 - - [21/Jul/2026:18:26:57 +0000] "GET /wp-json/wp/v2/users HTTP/1.1" 302 - "https://www.google.com" "Mozilla/5.0 (Windows NT 10.0; Win64; x64) AppleWebKit/537.36 (KHTML, like Gecko) Chrome/143.0.0.0 Safari/537.36"
172.68.186.145 - - [21/Jul/2026:18:42:08 +0000] "GET /wp-admin/install.php?step=1 HTTP/1.1" 403 85949 "-" "http://bumsinterior.shop/wp-admin/install.php?step=1"
49.51.72.236 - - [21/Jul/2026:18:47:29 +0000] "GET / HTTP/1.1" 200 101062 "-" "Mozilla/5.0 (iPhone; CPU iPhone OS 13_2_3 like Mac OS X) AppleWebKit/605.1.15 (KHTML, like Gecko) Version/13.0.3 Mobile/15E148 Safari/604.1"
198.177.124.148 - - [21/Jul/2026:18:56:15 +0000] "POST /wp-cron.php?doing_wp_cron=1784660175.1137440204620361328125 HTTP/1.1" 200 - "-" "WordPress/7.0.2; https://bumsinterior.shop"
162.158.111.220 - - [21/Jul/2026:18:56:13 +0000] "GET /wp-admin/install.php?step=1 HTTP/1.1" 403 85949 "-" "http://bumsinterior.shop/wp-admin/install.php?step=1"
198.177.124.148 - - [21/Jul/2026:19:02:27 +0000] "GET /.well-known/acme-challenge/JUM5VQSS589R1T1VESCPR2M819J4NJ_4 HTTP/1.1" 200 64 "-" "Cpanel-HTTP-Client/1.0"
198.177.124.148 - - [21/Jul/2026:19:02:27 +0000] "GET /.well-known/acme-challenge/U8Q8-1DP0CK-4ZHJKFN8H6C6T3-3A_IP HTTP/1.1" 200 64 "-" "Cpanel-HTTP-Client/1.0"
198.177.124.148 - - [21/Jul/2026:19:07:14 +0000] "POST /wp-cron.php?doing_wp_cron=1784660834.7071468830108642578125 HTTP/1.1" 200 - "-" "WordPress/7.0.2; https://bumsinterior.shop"
104.23.217.77 - - [21/Jul/2026:19:07:13 +0000] "GET /wp-admin/install.php?step=1 HTTP/1.1" 403 85949 "-" "http://bumsinterior.shop/wp-admin/install.php?step=1"
198.177.124.148 - - [21/Jul/2026:19:12:09 +0000] "POST /wp-cron.php?doing_wp_cron=1784661129.8351159095764160156250 HTTP/1.1" 200 - "-" "WordPress/7.0.2; https://bumsinterior.shop"
104.23.221.167 - - [21/Jul/2026:19:12:07 +0000] "GET /wp-admin/install.php?step=1 HTTP/1.1" 403 85949 "-" "http://bumsinterior.shop/wp-admin/install.php?step=1"
198.177.124.148 - - [21/Jul/2026:19:23:37 +0000] "POST /wp-cron.php?doing_wp_cron=1784661817.5451419353485107421875 HTTP/1.1" 200 - "-" "WordPress/7.0.2; https://bumsinterior.shop"
43.165.167.69 - - [21/Jul/2026:19:23:36 +0000] "GET / HTTP/1.1" 200 1 "-" "Mozilla/5.0 (iPhone; CPU iPhone OS 13_2_3 like Mac OS X) AppleWebKit/605.1.15 (KHTML, like Gecko) Version/13.0.3 Mobile/15E148 Safari/604.1"
198.177.124.148 - - [21/Jul/2026:19:37:09 +0000] "POST /wp-cron.php?doing_wp_cron=1784662629.2091469764709472656250 HTTP/1.1" 200 - "-" "WordPress/7.0.2; https://bumsinterior.shop"
104.23.223.128 - - [21/Jul/2026:19:37:06 +0000] "GET /wp-admin/install.php?step=1 HTTP/1.1" 403 85949 "-" "http://bumsinterior.shop/wp-admin/install.php?step=1"
198.177.124.148 - - [21/Jul/2026:19:38:10 +0000] "POST /wp-cron.php?doing_wp_cron=1784662690.8984138965606689453125 HTTP/1.1" 200 - "-" "WordPress/7.0.2; https://bumsinterior.shop"
172.70.240.93 - - [21/Jul/2026:19:38:08 +0000] "GET /wp-admin/install.php?step=1 HTTP/1.1" 403 85949 "-" "http://bumsinterior.shop/wp-admin/install.php?step=1"
198.177.124.148 - - [21/Jul/2026:20:06:42 +0000] "POST /wp-cron.php?doing_wp_cron=1784664402.1123530864715576171875 HTTP/1.1" 200 - "-" "WordPress/7.0.2; https://bumsinterior.shop"
172.70.248.56 - - [21/Jul/2026:20:06:40 +0000] "GET /wp-admin/install.php?step=1 HTTP/1.1" 403 85949 "-" "http://bumsinterior.shop/wp-admin/install.php?step=1"
162.158.111.219 - - [21/Jul/2026:20:10:11 +0000] "GET /wp-admin/install.php?step=1 HTTP/1.1" 403 85949 "-" "http://bumsinterior.shop/wp-admin/install.php?step=1"
172.71.148.54 - - [21/Jul/2026:20:23:03 +0000] "GET /wp-admin/install.php?step=1 HTTP/1.1" 403 84799 "-" "http://bumsinterior.shop/wp-admin/install.php?step=1"
172.71.148.54 - - [21/Jul/2026:20:37:17 +0000] "GET /wp-admin/install.php?step=1 HTTP/1.1" 403 84799 "-" "http://bumsinterior.shop/wp-admin/install.php?step=1"
106.52.49.148 - - [21/Jul/2026:20:45:05 +0000] "GET / HTTP/1.1" 200 99912 "-" "Mozilla/5.0 (iPhone; CPU iPhone OS 13_2_3 like Mac OS X) AppleWebKit/605.1.15 (KHTML, like Gecko) Version/13.0.3 Mobile/15E148 Safari/604.1"
104.23.187.40 - - [21/Jul/2026:20:50:26 +0000] "GET /wp-admin/install.php?step=1 HTTP/1.1" 403 84799 "-" "http://bumsinterior.shop/wp-admin/install.php?step=1"
198.177.124.148 - - [21/Jul/2026:21:06:42 +0000] "POST /wp-cron.php?doing_wp_cron=1784668002.7892789840698242187500 HTTP/1.1" 200 - "-" "WordPress/7.0.2; https://bumsinterior.shop"
43.153.27.244 - - [21/Jul/2026:21:06:40 +0000] "GET / HTTP/1.1" 200 1 "-" "Mozilla/5.0 (iPhone; CPU iPhone OS 13_2_3 like Mac OS X) AppleWebKit/605.1.15 (KHTML, like Gecko) Version/13.0.3 Mobile/15E148 Safari/604.1"
198.177.124.148 - - [21/Jul/2026:21:10:09 +0000] "POST /wp-cron.php?doing_wp_cron=1784668209.8262100219726562500000 HTTP/1.1" 200 - "-" "WordPress/7.0.2; https://bumsinterior.shop"
162.158.182.82 - - [21/Jul/2026:21:10:06 +0000] "GET /wp-admin/install.php?step=1 HTTP/1.1" 403 84799 "-" "http://bumsinterior.shop/wp-admin/install.php?step=1"
172.69.192.169 - - [21/Jul/2026:21:32:30 +0000] "GET /wp-admin/install.php?step=1 HTTP/1.1" 403 84799 "-" "http://bumsinterior.shop/wp-admin/install.php?step=1"
104.23.217.77 - - [21/Jul/2026:21:53:07 +0000] "GET /wp-admin/install.php?step=1 HTTP/1.1" 403 84799 "-" "http://bumsinterior.shop/wp-admin/install.php?step=1"
104.23.221.167 - - [21/Jul/2026:21:55:20 +0000] "GET /wp-admin/install.php?step=1 HTTP/1.1" 403 84799 "-" "http://bumsinterior.shop/wp-admin/install.php?step=1"
104.23.223.128 - - [21/Jul/2026:21:55:42 +0000] "GET /wp-admin/install.php?step=1 HTTP/1.1" 403 84799 "-" "http://bumsinterior.shop/wp-admin/install.php?step=1"
198.177.124.148 - - [21/Jul/2026:21:59:13 +0000] "POST /wp-cron.php?doing_wp_cron=1784671153.7610409259796142578125 HTTP/1.1" 200 - "-" "WordPress/7.0.2; https://bumsinterior.shop"
43.157.174.69 - - [21/Jul/2026:21:59:11 +0000] "GET / HTTP/1.1" 200 99912 "-" "Mozilla/5.0 (iPhone; CPU iPhone OS 13_2_3 like Mac OS X) AppleWebKit/605.1.15 (KHTML, like Gecko) Version/13.0.3 Mobile/15E148 Safari/604.1"
198.177.124.148 - - [21/Jul/2026:22:02:23 +0000] "GET /.well-known/acme-challenge/YKVOJY8KXJHA-KYX5SS11RJY20BJN0MZ HTTP/1.1" 200 64 "-" "Cpanel-HTTP-Client/1.0"
198.177.124.148 - - [21/Jul/2026:22:02:23 +0000] "GET /.well-known/acme-challenge/VI5TSPHR1SMA4M1ME6LI3PM0QIRC6Q9B HTTP/1.1" 200 64 "-" "Cpanel-HTTP-Client/1.0"
104.23.217.77 - - [21/Jul/2026:22:15:12 +0000] "GET /wp-admin/install.php?step=1 HTTP/1.1" 403 84799 "-" "http://bumsinterior.shop/wp-admin/install.php?step=1"
162.158.95.41 - - [21/Jul/2026:22:24:12 +0000] "GET /wp-admin/install.php?step=1 HTTP/1.1" 403 84799 "-" "http://bumsinterior.shop/wp-admin/install.php?step=1"
185.177.72.16 - - [21/Jul/2026:22:29:44 +0000] "GET /wp-json/gravitysmtp/v1/tests/mock-data?page=gravitysmtp-settings HTTP/1.1" 200 115 "-" "curl/8.7.1"
185.177.72.16 - - [21/Jul/2026:22:29:48 +0000] "GET / HTTP/1.1" 200 99912 "-" "curl/8.7.1"
198.177.124.148 - - [21/Jul/2026:22:29:54 +0000] "POST /wp-cron.php?doing_wp_cron=1784672994.5176150798797607421875 HTTP/1.1" 200 - "-" "WordPress/7.0.2; https://bumsinterior.shop"
185.177.72.16 - - [21/Jul/2026:22:29:50 +0000] "GET /admin HTTP/1.1" 200 1 "-" "curl/8.7.1"
185.177.72.16 - - [21/Jul/2026:22:29:54 +0000] "GET /admin/ HTTP/1.1" 200 1 "-" "curl/8.7.1"
185.177.72.16 - - [21/Jul/2026:22:29:59 +0000] "GET /admin/login HTTP/1.1" 200 84799 "-" "curl/8.7.1"
185.177.72.16 - - [21/Jul/2026:22:30:01 +0000] "GET /admin/dashboard HTTP/1.1" 200 84799 "-" "curl/8.7.1"
185.177.72.16 - - [21/Jul/2026:22:30:06 +0000] "GET /admin/config HTTP/1.1" 200 84799 "-" "curl/8.7.1"
185.177.72.16 - - [21/Jul/2026:22:30:09 +0000] "GET /admin/settings HTTP/1.1" 200 84799 "-" "curl/8.7.1"
185.177.72.16 - - [21/Jul/2026:22:30:12 +0000] "GET /admin/users HTTP/1.1" 200 84799 "-" "curl/8.7.1"
185.177.72.16 - - [21/Jul/2026:22:30:15 +0000] "GET /admin/logs HTTP/1.1" 200 84799 "-" "curl/8.7.1"
185.177.72.16 - - [21/Jul/2026:22:30:18 +0000] "GET /admin/api HTTP/1.1" 200 84799 "-" "curl/8.7.1"
185.177.72.16 - - [21/Jul/2026:22:30:20 +0000] "GET /admin/backup HTTP/1.1" 200 84799 "-" "curl/8.7.1"
185.177.72.16 - - [21/Jul/2026:22:30:24 +0000] "GET /admin/export HTTP/1.1" 200 84799 "-" "curl/8.7.1"
185.177.72.16 - - [21/Jul/2026:22:30:27 +0000] "GET /admin/import HTTP/1.1" 200 84799 "-" "curl/8.7.1"
185.177.72.16 - - [21/Jul/2026:22:30:32 +0000] "GET /admin/upload HTTP/1.1" 200 84799 "-" "curl/8.7.1"
185.177.72.16 - - [21/Jul/2026:22:30:34 +0000] "GET /admin/file HTTP/1.1" 200 84799 "-" "curl/8.7.1"
185.177.72.16 - - [21/Jul/2026:22:30:38 +0000] "GET /admin/files HTTP/1.1" 200 84799 "-" "curl/8.7.1"
185.177.72.16 - - [21/Jul/2026:22:30:43 +0000] "GET /admin/media HTTP/1.1" 200 84799 "-" "curl/8.7.1"
185.177.72.16 - - [21/Jul/2026:22:30:46 +0000] "GET /admin/images HTTP/1.1" 200 84799 "-" "curl/8.7.1"
198.177.124.148 - - [21/Jul/2026:22:30:54 +0000] "POST /wp-cron.php?doing_wp_cron=1784673054.5891699790954589843750 HTTP/1.1" 200 - "-" "WordPress/7.0.2; https://bumsinterior.shop"
185.177.72.16 - - [21/Jul/2026:22:30:51 +0000] "GET /admin/db HTTP/1.1" 200 84799 "-" "curl/8.7.1"
185.177.72.16 - - [21/Jul/2026:22:30:54 +0000] "GET /admin/database HTTP/1.1" 200 84799 "-" "curl/8.7.1"
185.177.72.16 - - [21/Jul/2026:22:30:59 +0000] "GET /admin/sql HTTP/1.1" 200 84799 "-" "curl/8.7.1"
185.177.72.16 - - [21/Jul/2026:22:31:03 +0000] "GET /admin/cache HTTP/1.1" 200 84799 "-" "curl/8.7.1"
185.177.72.16 - - [21/Jul/2026:22:31:08 +0000] "GET /admin/cron HTTP/1.1" 200 84799 "-" "curl/8.7.1"
185.177.72.16 - - [21/Jul/2026:22:31:11 +0000] "GET /admin/jobs HTTP/1.1" 200 84799 "-" "curl/8.7.1"
185.177.72.16 - - [21/Jul/2026:22:31:14 +0000] "GET /admin/queue HTTP/1.1" 200 84799 "-" "curl/8.7.1"
185.177.72.16 - - [21/Jul/2026:22:31:18 +0000] "GET /admin/tasks HTTP/1.1" 200 84799 "-" "curl/8.7.1"
185.177.72.16 - - [21/Jul/2026:22:31:20 +0000] "GET /admin/reports HTTP/1.1" 200 84799 "-" "curl/8.7.1"
185.177.72.16 - - [21/Jul/2026:22:31:24 +0000] "GET /admin/analytics HTTP/1.1" 200 84799 "-" "curl/8.7.1"
185.177.72.16 - - [21/Jul/2026:22:31:27 +0000] "GET /admin/stats HTTP/1.1" 200 84799 "-" "curl/8.7.1"
185.177.72.16 - - [21/Jul/2026:22:31:32 +0000] "GET /admin/monitoring HTTP/1.1" 200 84799 "-" "curl/8.7.1"
185.177.72.16 - - [21/Jul/2026:22:31:36 +0000] "GET /admin/health HTTP/1.1" 200 84799 "-" "curl/8.7.1"
185.177.72.16 - - [21/Jul/2026:22:31:39 +0000] "GET /admin/debug HTTP/1.1" 200 84799 "-" "curl/8.7.1"
185.177.72.16 - - [21/Jul/2026:22:31:42 +0000] "GET /admin/test HTTP/1.1" 200 84799 "-" "curl/8.7.1"
155.94.203.73 - - [21/Jul/2026:22:31:43 +0000] "GET / HTTP/1.1" 200 99912 "-" "Mozilla/5.0 (Windows NT 10.0; Win64; x64) AppleWebKit/537.36 (KHTML, like Gecko) Chrome/94.0.4606.61 Safari/537.36"
185.177.72.16 - - [21/Jul/2026:22:31:46 +0000] "GET /admin/phpinfo HTTP/1.1" 200 84799 "-" "curl/8.7.1"
185.177.72.16 - - [21/Jul/2026:22:31:50 +0000] "GET /admin/info HTTP/1.1" 200 84799 "-" "curl/8.7.1"
198.177.124.148 - - [21/Jul/2026:22:31:54 +0000] "POST /wp-cron.php?doing_wp_cron=1784673114.6968870162963867187500 HTTP/1.1" 200 - "-" "WordPress/7.0.2; https://bumsinterior.shop"
185.177.72.16 - - [21/Jul/2026:22:31:52 +0000] "GET /admin/system HTTP/1.1" 200 84799 "-" "curl/8.7.1"
185.177.72.16 - - [21/Jul/2026:22:31:55 +0000] "GET /admin/tools HTTP/1.1" 200 84799 "-" "curl/8.7.1"
185.177.72.16 - - [21/Jul/2026:22:31:57 +0000] "GET /admin/console HTTP/1.1" 200 84799 "-" "curl/8.7.1"
185.177.72.16 - - [21/Jul/2026:22:31:59 +0000] "GET /admin/terminal HTTP/1.1" 200 84799 "-" "curl/8.7.1"
185.177.72.16 - - [21/Jul/2026:22:32:01 +0000] "GET /admin/shell HTTP/1.1" 200 84799 "-" "curl/8.7.1"
185.177.72.16 - - [21/Jul/2026:22:32:03 +0000] "GET /admin/cms HTTP/1.1" 200 84799 "-" "curl/8.7.1"
185.177.72.16 - - [21/Jul/2026:22:32:06 +0000] "GET /admin/content HTTP/1.1" 200 84799 "-" "curl/8.7.1"
185.177.72.16 - - [21/Jul/2026:22:32:09 +0000] "GET /admin/pages HTTP/1.1" 200 84799 "-" "curl/8.7.1"
185.177.72.16 - - [21/Jul/2026:22:32:12 +0000] "GET /admin/posts HTTP/1.1" 200 84799 "-" "curl/8.7.1"
185.177.72.16 - - [21/Jul/2026:22:32:15 +0000] "GET /admin/comments HTTP/1.1" 200 84799 "-" "curl/8.7.1"
185.177.72.16 - - [21/Jul/2026:22:32:17 +0000] "GET /admin/plugins HTTP/1.1" 200 84799 "-" "curl/8.7.1"
185.177.72.16 - - [21/Jul/2026:22:32:20 +0000] "GET /admin/themes HTTP/1.1" 200 84799 "-" "curl/8.7.1"
185.177.72.16 - - [21/Jul/2026:22:32:22 +0000] "GET /admin/modules HTTP/1.1" 200 84799 "-" "curl/8.7.1"
185.177.72.16 - - [21/Jul/2026:22:32:25 +0000] "GET /admin/extensions HTTP/1.1" 200 84799 "-" "curl/8.7.1"
185.177.72.16 - - [21/Jul/2026:22:32:28 +0000] "GET /admin/addons HTTP/1.1" 200 84799 "-" "curl/8.7.1"
185.177.72.16 - - [21/Jul/2026:22:32:31 +0000] "GET /admin/accounts HTTP/1.1" 200 84799 "-" "curl/8.7.1"
185.177.72.16 - - [21/Jul/2026:22:32:34 +0000] "GET /admin/roles HTTP/1.1" 200 84799 "-" "curl/8.7.1"
185.177.72.16 - - [21/Jul/2026:22:32:37 +0000] "GET /admin/permissions HTTP/1.1" 200 84799 "-" "curl/8.7.1"
185.177.72.16 - - [21/Jul/2026:22:32:40 +0000] "GET /admin/groups HTTP/1.1" 200 84799 "-" "curl/8.7.1"
185.177.72.16 - - [21/Jul/2026:22:32:43 +0000] "GET /admin/members HTTP/1.1" 200 84799 "-" "curl/8.7.1"
185.177.72.16 - - [21/Jul/2026:22:32:46 +0000] "GET /admin/customers HTTP/1.1" 200 84799 "-" "curl/8.7.1"
185.177.72.16 - - [21/Jul/2026:22:32:49 +0000] "GET /admin/orders HTTP/1.1" 200 84799 "-" "curl/8.7.1"
185.177.72.16 - - [21/Jul/2026:22:32:51 +0000] "GET /admin/products HTTP/1.1" 200 84799 "-" "curl/8.7.1"
198.177.124.148 - - [21/Jul/2026:22:32:57 +0000] "POST /wp-cron.php?doing_wp_cron=1784673177.0167140960693359375000 HTTP/1.1" 200 - "-" "WordPress/7.0.2; https://bumsinterior.shop"
185.177.72.16 - - [21/Jul/2026:22:32:54 +0000] "GET /admin/categories HTTP/1.1" 200 84799 "-" "curl/8.7.1"
185.177.72.16 - - [21/Jul/2026:22:32:57 +0000] "GET /admin/invoices HTTP/1.1" 200 84799 "-" "curl/8.7.1"
185.177.72.16 - - [21/Jul/2026:22:33:00 +0000] "GET /admin/payments HTTP/1.1" 200 84799 "-" "curl/8.7.1"
185.177.72.16 - - [21/Jul/2026:22:33:04 +0000] "GET /admin/transactions HTTP/1.1" 200 84799 "-" "curl/8.7.1"
185.177.72.16 - - [21/Jul/2026:22:33:08 +0000] "GET /admin/billing HTTP/1.1" 200 84799 "-" "curl/8.7.1"
185.177.72.16 - - [21/Jul/2026:22:33:12 +0000] "GET /admin/subscriptions HTTP/1.1" 200 84799 "-" "curl/8.7.1"
185.177.72.16 - - [21/Jul/2026:22:33:14 +0000] "GET /admin/coupons HTTP/1.1" 200 84799 "-" "curl/8.7.1"
185.177.72.16 - - [21/Jul/2026:22:33:17 +0000] "GET /admin/discounts HTTP/1.1" 200 84799 "-" "curl/8.7.1"
185.177.72.16 - - [21/Jul/2026:22:33:20 +0000] "GET /admin/shipping HTTP/1.1" 200 84799 "-" "curl/8.7.1"
185.177.72.16 - - [21/Jul/2026:22:33:24 +0000] "GET /admin/tax HTTP/1.1" 200 84799 "-" "curl/8.7.1"
185.177.72.16 - - [21/Jul/2026:22:33:27 +0000] "GET /admin/emails HTTP/1.1" 200 84799 "-" "curl/8.7.1"
185.177.72.16 - - [21/Jul/2026:22:33:29 +0000] "GET /admin/notifications HTTP/1.1" 200 84799 "-" "curl/8.7.1"
185.177.72.16 - - [21/Jul/2026:22:33:31 +0000] "GET /admin/messages HTTP/1.1" 200 84799 "-" "curl/8.7.1"
185.177.72.16 - - [21/Jul/2026:22:33:34 +0000] "GET /admin/tickets HTTP/1.1" 200 84799 "-" "curl/8.7.1"
185.177.72.16 - - [21/Jul/2026:22:33:36 +0000] "GET /admin/support HTTP/1.1" 200 84799 "-" "curl/8.7.1"
185.177.72.16 - - [21/Jul/2026:22:33:39 +0000] "GET /admin/feedback HTTP/1.1" 200 84799 "-" "curl/8.7.1"
185.177.72.16 - - [21/Jul/2026:22:33:41 +0000] "GET /admin/reviews HTTP/1.1" 200 84799 "-" "curl/8.7.1"
