66.249.75.38 - - [16/Jul/2026:09:33:32 +0000] "GET /ammika.php?sitemap708.xml HTTP/1.1" 200 19431 "-" "Mozilla/5.0 (compatible; Googlebot/2.1; +http://www.google.com/bot.html)"
66.249.75.40 - - [16/Jul/2026:09:34:16 +0000] "GET /ammika.php?sitemap593.xml HTTP/1.1" 200 19432 "-" "Mozilla/5.0 (compatible; Googlebot/2.1; +http://www.google.com/bot.html)"
66.249.75.38 - - [16/Jul/2026:09:34:23 +0000] "GET /saiga.php?sitemap932.xml HTTP/1.1" 200 54386 "-" "Mozilla/5.0 (compatible; Googlebot/2.1; +http://www.google.com/bot.html)"
66.249.75.39 - - [16/Jul/2026:09:35:33 +0000] "GET /ammika.php?sitemap664.xml HTTP/1.1" 200 19433 "-" "Mozilla/5.0 (compatible; Googlebot/2.1; +http://www.google.com/bot.html)"
154.113.158.225 - - [16/Jul/2026:09:35:57 +0000] "GET /wp-admin HTTP/1.1" 301 281 "-" "Mozilla/5.0 (Windows NT 10.0; Win64; x64) AppleWebKit/537.36 (KHTML, like Gecko) Chrome/130.0.0.0 Safari/537.36"
154.113.158.225 - - [16/Jul/2026:09:35:57 +0000] "GET /wp-admin/ HTTP/1.1" 302 8416 "-" "Mozilla/5.0 (Windows NT 10.0; Win64; x64) AppleWebKit/537.36 (KHTML, like Gecko) Chrome/130.0.0.0 Safari/537.36"
154.113.158.225 - - [16/Jul/2026:09:36:00 +0000] "GET /wp-admin/index.php?p= HTTP/1.1" 200 8415 "-" "Mozilla/5.0 (Windows NT 10.0; Win64; x64) AppleWebKit/537.36 (KHTML, like Gecko) Chrome/130.0.0.0 Safari/537.36"
66.249.75.40 - - [16/Jul/2026:09:36:01 +0000] "GET /saiga.php?sitemap457.xml HTTP/1.1" 200 54569 "-" "Mozilla/5.0 (compatible; Googlebot/2.1; +http://www.google.com/bot.html)"
66.249.75.38 - - [16/Jul/2026:09:36:07 +0000] "GET /saiga.php?sitemap926.xml HTTP/1.1" 200 54392 "-" "Mozilla/5.0 (compatible; Googlebot/2.1; +http://www.google.com/bot.html)"
66.249.75.38 - - [16/Jul/2026:09:36:19 +0000] "GET /saiga.php?sitemap621.xml HTTP/1.1" 200 54573 "-" "Mozilla/5.0 (compatible; Googlebot/2.1; +http://www.google.com/bot.html)"
66.249.75.38 - - [16/Jul/2026:09:36:25 +0000] "GET /ammika.php?sitemap920.xml HTTP/1.1" 200 19415 "-" "Mozilla/5.0 (compatible; Googlebot/2.1; +http://www.google.com/bot.html)"
154.113.158.225 - - [16/Jul/2026:09:36:58 +0000] "GET /wp-admin/ HTTP/1.1" 302 8418 "-" "Mozilla/5.0 (Windows NT 10.0; Win64; x64) AppleWebKit/537.36 (KHTML, like Gecko) Chrome/130.0.0.0 Safari/537.36"
154.113.158.225 - - [16/Jul/2026:09:37:01 +0000] "GET /wp-admin/index.php?p= HTTP/1.1" 200 8418 "-" "Mozilla/5.0 (Windows NT 10.0; Win64; x64) AppleWebKit/537.36 (KHTML, like Gecko) Chrome/130.0.0.0 Safari/537.36"
66.249.75.40 - - [16/Jul/2026:09:37:19 +0000] "GET /ammika.php?sitemap870.xml HTTP/1.1" 200 19394 "-" "Mozilla/5.0 (compatible; Googlebot/2.1; +http://www.google.com/bot.html)"
134.122.154.146 - - [16/Jul/2026:09:37:53 +0000] "GET /adminer.php HTTP/1.1" 302 7331 "-" "Mozilla/5.0 (X11; Linux x86_64) AppleWebKit/537.36 (KHTML, like Gecko) Chrome/127.0.0.0 Safari/537.36"
134.122.154.146 - - [16/Jul/2026:09:37:55 +0000] "GET /index.php?p= HTTP/1.1" 200 7331 "http://www.bdellglobal.shop/adminer.php" "Mozilla/5.0 (X11; Linux x86_64) AppleWebKit/537.36 (KHTML, like Gecko) Chrome/127.0.0.0 Safari/537.36"
134.122.154.146 - - [16/Jul/2026:09:37:58 +0000] "GET /editor.php HTTP/1.1" 302 7335 "-" "Mozilla/5.0 (Windows NT 10.0; Win64; x64; rv:109.0) Gecko/20100101 Firefox/114.0"
134.122.154.146 - - [16/Jul/2026:09:38:01 +0000] "GET /index.php?p= HTTP/1.1" 200 7332 "http://www.bdellglobal.shop/editor.php" "Mozilla/5.0 (Windows NT 10.0; Win64; x64; rv:109.0) Gecko/20100101 Firefox/114.0"
66.249.75.38 - - [16/Jul/2026:09:37:58 +0000] "GET /saiga.php?sitemap415.xml HTTP/1.1" 200 54360 "-" "Mozilla/5.0 (compatible; Googlebot/2.1; +http://www.google.com/bot.html)"
134.122.154.146 - - [16/Jul/2026:09:38:03 +0000] "GET /adminer/ HTTP/1.1" 302 7331 "-" "Mozilla/5.0 (Knoppix; Linux i686) AppleWebKit/537.36 (KHTML, like Gecko) Chrome/128.0.0.0 Safari/537.36"
134.122.154.146 - - [16/Jul/2026:09:38:06 +0000] "GET /index.php?p= HTTP/1.1" 200 7332 "http://www.bdellglobal.shop/adminer/" "Mozilla/5.0 (Knoppix; Linux i686) AppleWebKit/537.36 (KHTML, like Gecko) Chrome/128.0.0.0 Safari/537.36"
66.249.75.38 - - [16/Jul/2026:09:38:13 +0000] "GET /saiga.php?sitemap732.xml HTTP/1.1" 200 54361 "-" "Mozilla/5.0 (compatible; Googlebot/2.1; +http://www.google.com/bot.html)"
66.249.75.38 - - [16/Jul/2026:09:38:18 +0000] "GET /ammika.php?sitemap787.xml HTTP/1.1" 200 19338 "-" "Mozilla/5.0 (compatible; Googlebot/2.1; +http://www.google.com/bot.html)"
154.113.158.225 - - [16/Jul/2026:09:38:24 +0000] "GET /wp-admin/ HTTP/1.1" 302 8414 "-" "Mozilla/5.0 (Windows NT 10.0; Win64; x64) AppleWebKit/537.36 (KHTML, like Gecko) Chrome/130.0.0.0 Safari/537.36"
154.113.158.225 - - [16/Jul/2026:09:38:28 +0000] "GET /wp-admin/index.php?p= HTTP/1.1" 200 8414 "-" "Mozilla/5.0 (Windows NT 10.0; Win64; x64) AppleWebKit/537.36 (KHTML, like Gecko) Chrome/130.0.0.0 Safari/537.36"
66.249.75.38 - - [16/Jul/2026:09:38:42 +0000] "GET /saiga.php?sitemap593.xml HTTP/1.1" 200 54643 "-" "Mozilla/5.0 (compatible; Googlebot/2.1; +http://www.google.com/bot.html)"
66.249.75.38 - - [16/Jul/2026:09:38:51 +0000] "GET /saiga.php?sitemap873.xml HTTP/1.1" 200 54564 "-" "Mozilla/5.0 (compatible; Googlebot/2.1; +http://www.google.com/bot.html)"
154.113.158.225 - - [16/Jul/2026:09:38:53 +0000] "GET / HTTP/1.1" 302 7328 "-" "Mozilla/5.0 (Windows NT 10.0; Win64; x64) AppleWebKit/537.36 (KHTML, like Gecko) Chrome/130.0.0.0 Safari/537.36"
154.113.158.225 - - [16/Jul/2026:09:39:00 +0000] "GET /index.php?p= HTTP/1.1" 200 7328 "-" "Mozilla/5.0 (Windows NT 10.0; Win64; x64) AppleWebKit/537.36 (KHTML, like Gecko) Chrome/130.0.0.0 Safari/537.36"
66.249.75.40 - - [16/Jul/2026:09:39:11 +0000] "GET /ammika.php?sitemap56.xml HTTP/1.1" 200 19407 "-" "Mozilla/5.0 (compatible; Googlebot/2.1; +http://www.google.com/bot.html)"
66.249.75.39 - - [16/Jul/2026:09:39:17 +0000] "GET /ammika.php?sitemap445.xml HTTP/1.1" 200 19410 "-" "Mozilla/5.0 (compatible; Googlebot/2.1; +http://www.google.com/bot.html)"
66.249.75.38 - - [16/Jul/2026:09:39:57 +0000] "GET /saiga.php?sitemap412.xml HTTP/1.1" 200 54428 "-" "Mozilla/5.0 (compatible; Googlebot/2.1; +http://www.google.com/bot.html)"
66.249.75.38 - - [16/Jul/2026:09:40:29 +0000] "GET /saiga.php?sitemap929.xml HTTP/1.1" 200 54444 "-" "Mozilla/5.0 (compatible; Googlebot/2.1; +http://www.google.com/bot.html)"
66.249.75.38 - - [16/Jul/2026:09:40:39 +0000] "GET /saiga.php?sitemap599.xml HTTP/1.1" 200 54676 "-" "Mozilla/5.0 (compatible; Googlebot/2.1; +http://www.google.com/bot.html)"
66.249.75.38 - - [16/Jul/2026:09:40:49 +0000] "GET /ammika.php?sitemap801.xml HTTP/1.1" 200 19444 "-" "Mozilla/5.0 (compatible; Googlebot/2.1; +http://www.google.com/bot.html)"
66.249.75.38 - - [16/Jul/2026:09:41:00 +0000] "GET /ammika.php?sitemap799.xml HTTP/1.1" 200 19369 "-" "Mozilla/5.0 (compatible; Googlebot/2.1; +http://www.google.com/bot.html)"
66.249.75.38 - - [16/Jul/2026:09:41:15 +0000] "GET /saiga.php?sitemap480.xml HTTP/1.1" 200 54467 "-" "Mozilla/5.0 (compatible; Googlebot/2.1; +http://www.google.com/bot.html)"
66.249.75.38 - - [16/Jul/2026:09:41:52 +0000] "GET /ammika.php?sitemap624.xml HTTP/1.1" 200 19372 "-" "Mozilla/5.0 (compatible; Googlebot/2.1; +http://www.google.com/bot.html)"
66.249.75.40 - - [16/Jul/2026:09:42:03 +0000] "GET /saiga.php?sitemap407.xml HTTP/1.1" 200 54629 "-" "Mozilla/5.0 (compatible; Googlebot/2.1; +http://www.google.com/bot.html)"
66.249.75.38 - - [16/Jul/2026:09:42:07 +0000] "GET /ammika.php?sitemap578.xml HTTP/1.1" 200 19385 "-" "Mozilla/5.0 (compatible; Googlebot/2.1; +http://www.google.com/bot.html)"
66.249.75.38 - - [16/Jul/2026:09:42:50 +0000] "GET /ammika.php?sitemap952.xml HTTP/1.1" 200 19396 "-" "Mozilla/5.0 (compatible; Googlebot/2.1; +http://www.google.com/bot.html)"
66.249.75.40 - - [16/Jul/2026:09:43:05 +0000] "GET /ammika.php?sitemap225.xml HTTP/1.1" 200 19408 "-" "Mozilla/5.0 (compatible; Googlebot/2.1; +http://www.google.com/bot.html)"
66.249.75.39 - - [16/Jul/2026:09:43:14 +0000] "GET /ammika.php?sitemap750.xml HTTP/1.1" 200 19347 "-" "Mozilla/5.0 (compatible; Googlebot/2.1; +http://www.google.com/bot.html)"
66.249.75.38 - - [16/Jul/2026:09:43:48 +0000] "GET /saiga.php?sitemap269.xml HTTP/1.1" 200 54602 "-" "Mozilla/5.0 (compatible; Googlebot/2.1; +http://www.google.com/bot.html)"
66.249.75.38 - - [16/Jul/2026:09:45:30 +0000] "GET /ammika.php?sitemap902.xml HTTP/1.1" 200 19339 "-" "Mozilla/5.0 (compatible; Googlebot/2.1; +http://www.google.com/bot.html)"
172.64.209.46 - - [16/Jul/2026:09:45:53 +0000] "GET /wp-admin/install.php?step=1 HTTP/1.1" 200 7338 "-" "http://bdellglobal.shop/wp-admin/install.php?step=1"
66.249.75.39 - - [16/Jul/2026:09:46:18 +0000] "GET /saiga.php?sitemap817.xml HTTP/1.1" 200 54490 "-" "Mozilla/5.0 (compatible; Googlebot/2.1; +http://www.google.com/bot.html)"
45.92.86.91 - - [16/Jul/2026:09:46:33 +0000] "GET / HTTP/1.1" 302 7328 "-" "Mozilla/5.0 (Windows NT 10.0; Win64; x64) AppleWebKit/537.36 (KHTML, like Gecko) Chrome/94.0.4606.61 Safari/537.36"
45.92.86.91 - - [16/Jul/2026:09:46:37 +0000] "GET /index.php?p= HTTP/1.1" 200 7330 "-" "Mozilla/5.0 (Windows NT 10.0; Win64; x64) AppleWebKit/537.36 (KHTML, like Gecko) Chrome/94.0.4606.61 Safari/537.36"
45.92.86.91 - - [16/Jul/2026:09:46:41 +0000] "GET / HTTP/1.1" 302 7328 "-" "Mozilla/5.0 (Windows NT 10.0; Win64; x64) AppleWebKit/537.36 (KHTML, like Gecko) Chrome/94.0.4606.61 Safari/537.36"
45.92.86.91 - - [16/Jul/2026:09:46:45 +0000] "GET /index.php?p= HTTP/1.1" 200 7327 "-" "Mozilla/5.0 (Windows NT 10.0; Win64; x64) AppleWebKit/537.36 (KHTML, like Gecko) Chrome/94.0.4606.61 Safari/537.36"
66.249.75.38 - - [16/Jul/2026:09:47:47 +0000] "GET /saiga.php?sitemap159.xml HTTP/1.1" 200 54255 "-" "Mozilla/5.0 (compatible; Googlebot/2.1; +http://www.google.com/bot.html)"
66.249.75.38 - - [16/Jul/2026:09:47:55 +0000] "GET /saiga.php?sitemap246.xml HTTP/1.1" 200 54644 "-" "Mozilla/5.0 (compatible; Googlebot/2.1; +http://www.google.com/bot.html)"
3.81.32.85 - - [16/Jul/2026:09:48:02 +0000] "GET / HTTP/1.1" 302 7326 "-" "HTMLParser/1.6"
3.81.32.85 - - [16/Jul/2026:09:48:05 +0000] "GET /index.php?p= HTTP/1.1" 200 7328 "-" "Mozilla/5.0 (Windows NT 6.1; Win64; x64) AppleWebKit/537.36 (KHTML, like Gecko) Chrome/99.0.4844.84 Safari/537.36"
66.249.75.38 - - [16/Jul/2026:09:48:57 +0000] "GET /ammika.php?sitemap134.xml HTTP/1.1" 200 19345 "-" "Mozilla/5.0 (compatible; Googlebot/2.1; +http://www.google.com/bot.html)"
66.249.75.39 - - [16/Jul/2026:09:49:49 +0000] "GET /ammika.php?sitemap554.xml HTTP/1.1" 200 19392 "-" "Mozilla/5.0 (compatible; Googlebot/2.1; +http://www.google.com/bot.html)"
66.249.75.38 - - [16/Jul/2026:09:50:23 +0000] "GET /ammika.php?sitemap79.xml HTTP/1.1" 200 19362 "-" "Mozilla/5.0 (compatible; Googlebot/2.1; +http://www.google.com/bot.html)"
66.249.75.40 - - [16/Jul/2026:09:50:19 +0000] "GET /saiga.php?sitemap128.xml HTTP/1.1" 200 54569 "-" "Mozilla/5.0 (compatible; Googlebot/2.1; +http://www.google.com/bot.html)"
154.113.158.225 - - [16/Jul/2026:09:51:03 +0000] "GET /wp-admin/ HTTP/1.1" 302 8416 "-" "Mozilla/5.0 (Windows NT 10.0; Win64; x64) AppleWebKit/537.36 (KHTML, like Gecko) Chrome/130.0.0.0 Safari/537.36"
66.249.75.38 - - [16/Jul/2026:09:51:08 +0000] "GET /ammika.php?sitemap241.xml HTTP/1.1" 200 19415 "-" "Mozilla/5.0 (compatible; Googlebot/2.1; +http://www.google.com/bot.html)"
154.113.158.225 - - [16/Jul/2026:09:51:28 +0000] "GET /wp-admin/index.php?p= HTTP/1.1" 200 8411 "-" "Mozilla/5.0 (Windows NT 10.0; Win64; x64) AppleWebKit/537.36 (KHTML, like Gecko) Chrome/130.0.0.0 Safari/537.36"
66.249.75.39 - - [16/Jul/2026:09:52:40 +0000] "GET /saiga.php?sitemap405.xml HTTP/1.1" 200 54603 "-" "Mozilla/5.0 (compatible; Googlebot/2.1; +http://www.google.com/bot.html)"
66.249.75.39 - - [16/Jul/2026:09:53:50 +0000] "GET /saiga.php?sitemap134.xml HTTP/1.1" 200 54365 "-" "Mozilla/5.0 (compatible; Googlebot/2.1; +http://www.google.com/bot.html)"
66.249.75.39 - - [16/Jul/2026:09:54:04 +0000] "GET /ammika.php?sitemap83.xml HTTP/1.1" 200 19394 "-" "Mozilla/5.0 (compatible; Googlebot/2.1; +http://www.google.com/bot.html)"
162.158.222.239 - - [16/Jul/2026:09:54:08 +0000] "GET /wp-admin/install.php?step=1 HTTP/1.1" 200 7343 "-" "http://bdellglobal.shop/wp-admin/install.php?step=1"
66.249.75.40 - - [16/Jul/2026:09:55:06 +0000] "GET /ammika.php?sitemap600.xml HTTP/1.1" 200 19436 "-" "Mozilla/5.0 (compatible; Googlebot/2.1; +http://www.google.com/bot.html)"
66.249.75.38 - - [16/Jul/2026:09:54:59 +0000] "GET /ammika.php?sitemap364.xml HTTP/1.1" 200 19444 "-" "Mozilla/5.0 (compatible; Googlebot/2.1; +http://www.google.com/bot.html)"
66.249.75.38 - - [16/Jul/2026:09:55:45 +0000] "GET /saiga.php?sitemap345.xml HTTP/1.1" 200 54402 "-" "Mozilla/5.0 (compatible; Googlebot/2.1; +http://www.google.com/bot.html)"
66.249.75.38 - - [16/Jul/2026:09:55:47 +0000] "GET /ammika.php?sitemap618.xml HTTP/1.1" 200 19357 "-" "Mozilla/5.0 (compatible; Googlebot/2.1; +http://www.google.com/bot.html)"
66.249.75.38 - - [16/Jul/2026:09:55:49 +0000] "GET /ammika.php?sitemap130.xml HTTP/1.1" 200 19352 "-" "Mozilla/5.0 (compatible; Googlebot/2.1; +http://www.google.com/bot.html)"
66.249.75.38 - - [16/Jul/2026:09:55:57 +0000] "GET /saiga.php?sitemap724.xml HTTP/1.1" 200 54436 "-" "Mozilla/5.0 (compatible; Googlebot/2.1; +http://www.google.com/bot.html)"
66.249.75.38 - - [16/Jul/2026:09:58:37 +0000] "GET /saiga.php?sitemap117.xml HTTP/1.1" 200 54681 "-" "Mozilla/5.0 (compatible; Googlebot/2.1; +http://www.google.com/bot.html)"
154.113.158.225 - - [16/Jul/2026:09:58:59 +0000] "GET /wp-admin/ HTTP/1.1" 302 8418 "-" "Mozilla/5.0 (Windows NT 10.0; Win64; x64) AppleWebKit/537.36 (KHTML, like Gecko) Chrome/130.0.0.0 Safari/537.36"
154.113.158.225 - - [16/Jul/2026:09:59:01 +0000] "GET /wp-admin/index.php?p= HTTP/1.1" 200 8419 "-" "Mozilla/5.0 (Windows NT 10.0; Win64; x64) AppleWebKit/537.36 (KHTML, like Gecko) Chrome/130.0.0.0 Safari/537.36"
66.249.75.38 - - [16/Jul/2026:10:00:43 +0000] "GET /ammika.php?sitemap938.xml HTTP/1.1" 200 19418 "-" "Mozilla/5.0 (compatible; Googlebot/2.1; +http://www.google.com/bot.html)"
162.158.110.14 - - [16/Jul/2026:10:01:15 +0000] "GET /wp-admin/install.php?step=1 HTTP/1.1" 200 7335 "-" "http://bdellglobal.shop/wp-admin/install.php?step=1"
198.177.124.148 - - [16/Jul/2026:10:02:39 +0000] "GET /.well-known/acme-challenge/SHLK3UI9ZUYZ5-4ZF04OJ-TCQX43RC6S HTTP/1.1" 200 64 "-" "Cpanel-HTTP-Client/1.0"
198.177.124.148 - - [16/Jul/2026:10:02:40 +0000] "GET /.well-known/acme-challenge/DZ31DHUCWMZ9KQW6OK_57X01-YF-F9JX HTTP/1.1" 200 64 "-" "Cpanel-HTTP-Client/1.0"
66.249.75.38 - - [16/Jul/2026:10:03:05 +0000] "GET /ammika.php?sitemap415.xml HTTP/1.1" 200 19407 "-" "Mozilla/5.0 (compatible; Googlebot/2.1; +http://www.google.com/bot.html)"
66.249.75.38 - - [16/Jul/2026:10:03:12 +0000] "GET /ammika.php?sitemap671.xml HTTP/1.1" 200 19354 "-" "Mozilla/5.0 (compatible; Googlebot/2.1; +http://www.google.com/bot.html)"
66.249.75.38 - - [16/Jul/2026:10:03:56 +0000] "GET /ammika.php?sitemap320.xml HTTP/1.1" 200 19416 "-" "Mozilla/5.0 (compatible; Googlebot/2.1; +http://www.google.com/bot.html)"
66.249.75.38 - - [16/Jul/2026:10:03:58 +0000] "GET /ammika.php?sitemap593.xml HTTP/1.1" 200 19462 "-" "Mozilla/5.0 (compatible; Googlebot/2.1; +http://www.google.com/bot.html)"
66.249.75.38 - - [16/Jul/2026:10:04:00 +0000] "GET /saiga.php?sitemap833.xml HTTP/1.1" 200 54600 "-" "Mozilla/5.0 (compatible; Googlebot/2.1; +http://www.google.com/bot.html)"
66.249.75.38 - - [16/Jul/2026:10:04:34 +0000] "GET /saiga.php?sitemap621.xml HTTP/1.1" 200 54437 "-" "Mozilla/5.0 (compatible; Googlebot/2.1; +http://www.google.com/bot.html)"
66.249.75.38 - - [16/Jul/2026:10:04:39 +0000] "GET /saiga.php?sitemap187.xml HTTP/1.1" 200 54473 "-" "Mozilla/5.0 (compatible; Googlebot/2.1; +http://www.google.com/bot.html)"
66.249.75.39 - - [16/Jul/2026:10:05:10 +0000] "GET /saiga.php?sitemap117.xml HTTP/1.1" 200 54707 "-" "Mozilla/5.0 (compatible; Googlebot/2.1; +http://www.google.com/bot.html)"
172.64.209.46 - - [16/Jul/2026:10:05:41 +0000] "GET /wp-admin/install.php?step=1 HTTP/1.1" 200 7335 "-" "http://bdellglobal.shop/wp-admin/install.php?step=1"
104.23.168.69 - - [16/Jul/2026:10:06:00 +0000] "GET /wp-admin/install.php?step=1 HTTP/1.1" 200 7336 "-" "http://bdellglobal.shop/wp-admin/install.php?step=1"
66.249.75.38 - - [16/Jul/2026:10:06:08 +0000] "GET /saiga.php?sitemap732.xml HTTP/1.1" 200 54355 "-" "Mozilla/5.0 (compatible; Googlebot/2.1; +http://www.google.com/bot.html)"
66.249.75.39 - - [16/Jul/2026:10:06:11 +0000] "GET /ammika.php?sitemap653.xml HTTP/1.1" 200 19364 "-" "Mozilla/5.0 (compatible; Googlebot/2.1; +http://www.google.com/bot.html)"
66.249.75.39 - - [16/Jul/2026:06:08:53 +0000] "GET /ammika.php?sitemap445.xml HTTP/1.1" 200 19445 "-" "Mozilla/5.0 (compatible; Googlebot/2.1; +http://www.google.com/bot.html)"
66.249.75.39 - - [16/Jul/2026:06:09:05 +0000] "GET /saiga.php?sitemap415.xml HTTP/1.1" 200 54489 "-" "Mozilla/5.0 (compatible; Googlebot/2.1; +http://www.google.com/bot.html)"
66.249.75.38 - - [16/Jul/2026:06:09:24 +0000] "GET /ammika.php?sitemap870.xml HTTP/1.1" 200 19352 "-" "Mozilla/5.0 (compatible; Googlebot/2.1; +http://www.google.com/bot.html)"
66.249.75.39 - - [16/Jul/2026:06:09:26 +0000] "GET /saiga.php?sitemap407.xml HTTP/1.1" 200 54306 "-" "Mozilla/5.0 (compatible; Googlebot/2.1; +http://www.google.com/bot.html)"
66.249.75.39 - - [16/Jul/2026:10:10:15 +0000] "GET /ammika.php?sitemap801.xml HTTP/1.1" 200 19412 "-" "Mozilla/5.0 (compatible; Googlebot/2.1; +http://www.google.com/bot.html)"
66.249.75.38 - - [16/Jul/2026:10:10:25 +0000] "GET /saiga.php?sitemap457.xml HTTP/1.1" 200 54057 "-" "Mozilla/5.0 (compatible; Googlebot/2.1; +http://www.google.com/bot.html)"
66.249.75.38 - - [16/Jul/2026:10:10:48 +0000] "GET /ammika.php?sitemap750.xml HTTP/1.1" 200 19389 "-" "Mozilla/5.0 (compatible; Googlebot/2.1; +http://www.google.com/bot.html)"
66.249.75.38 - - [16/Jul/2026:10:10:58 +0000] "GET /saiga.php?sitemap932.xml HTTP/1.1" 200 54297 "-" "Mozilla/5.0 (compatible; Googlebot/2.1; +http://www.google.com/bot.html)"
66.249.75.39 - - [16/Jul/2026:10:11:15 +0000] "GET /ammika.php?sitemap952.xml HTTP/1.1" 200 19422 "-" "Mozilla/5.0 (compatible; Googlebot/2.1; +http://www.google.com/bot.html)"
66.249.75.39 - - [16/Jul/2026:10:11:21 +0000] "GET /saiga.php?sitemap480.xml HTTP/1.1" 200 54509 "-" "Mozilla/5.0 (compatible; Googlebot/2.1; +http://www.google.com/bot.html)"
66.249.75.38 - - [16/Jul/2026:10:12:00 +0000] "GET /ammika.php?sitemap578.xml HTTP/1.1" 200 19384 "-" "Mozilla/5.0 (compatible; Googlebot/2.1; +http://www.google.com/bot.html)"
66.249.75.39 - - [16/Jul/2026:10:12:27 +0000] "GET /ammika.php?sitemap902.xml HTTP/1.1" 200 19431 "-" "Mozilla/5.0 (compatible; Googlebot/2.1; +http://www.google.com/bot.html)"
66.249.75.38 - - [16/Jul/2026:10:12:35 +0000] "GET /saiga.php?sitemap412.xml HTTP/1.1" 200 54336 "-" "Mozilla/5.0 (compatible; Googlebot/2.1; +http://www.google.com/bot.html)"
66.249.75.38 - - [16/Jul/2026:10:12:39 +0000] "GET /saiga.php?sitemap599.xml HTTP/1.1" 200 54328 "-" "Mozilla/5.0 (compatible; Googlebot/2.1; +http://www.google.com/bot.html)"
66.249.75.38 - - [16/Jul/2026:10:13:02 +0000] "GET /ammika.php?sitemap664.xml HTTP/1.1" 200 19354 "-" "Mozilla/5.0 (compatible; Googlebot/2.1; +http://www.google.com/bot.html)"