HEX
Server: Apache
System: Linux server1.yalehafricanfoods.shop 5.14.0-687.15.1.el9_8.x86_64 #1 SMP PREEMPT_DYNAMIC Thu Jun 11 08:51:45 EDT 2026 x86_64
User: yalenocb (1002)
PHP: 8.1.34
Disabled: NONE
Upload Files
File: /home/yalenocb/access-logs/bdellglobal.shop.yalehafricanfoods.shop
198.177.124.148 - - [15/Jul/2026:12:03:41 +0000] "POST /wp-cron.php?doing_wp_cron=1784117021.6469020843505859375000 HTTP/1.1" 200 - "-" "WordPress/7.0.1; https://bdellglobal.shop"
43.130.40.120 - - [15/Jul/2026:12:03:39 +0000] "GET / HTTP/1.1" 301 - "-" "Mozilla/5.0 (iPhone; CPU iPhone OS 13_2_3 like Mac OS X) AppleWebKit/605.1.15 (KHTML, like Gecko) Version/13.0.3 Mobile/15E148 Safari/604.1"
43.130.40.120 - - [15/Jul/2026:12:03:42 +0000] "GET / HTTP/1.1" 200 36877 "http://www.bdellglobal.shop" "Mozilla/5.0 (iPhone; CPU iPhone OS 13_2_3 like Mac OS X) AppleWebKit/605.1.15 (KHTML, like Gecko) Version/13.0.3 Mobile/15E148 Safari/604.1"
198.177.124.148 - - [15/Jul/2026:12:06:31 +0000] "POST /wp-cron.php?doing_wp_cron=1784117191.5154778957366943359375 HTTP/1.1" 200 - "-" "WordPress/7.0.1; https://bdellglobal.shop"
43.130.34.74 - - [15/Jul/2026:12:06:29 +0000] "GET / HTTP/1.1" 200 36875 "-" "Mozilla/5.0 (iPhone; CPU iPhone OS 13_2_3 like Mac OS X) AppleWebKit/605.1.15 (KHTML, like Gecko) Version/13.0.3 Mobile/15E148 Safari/604.1"
198.177.124.148 - - [15/Jul/2026:12:08:33 +0000] "POST /wp-cron.php?doing_wp_cron=1784117313.6584300994873046875000 HTTP/1.1" 200 - "-" "WordPress/7.0.1; https://bdellglobal.shop"
43.130.111.40 - - [15/Jul/2026:12:08:22 +0000] "GET / HTTP/1.1" 200 36877 "-" "Mozilla/5.0 (iPhone; CPU iPhone OS 13_2_3 like Mac OS X) AppleWebKit/605.1.15 (KHTML, like Gecko) Version/13.0.3 Mobile/15E148 Safari/604.1"
43.130.12.43 - - [15/Jul/2026:12:28:26 +0000] "GET /wp-content/themes/twentytwentyfive/assets/fonts/fira-code/FiraCode-VariableFont_wght.woff2 HTTP/1.1" 200 106111 "-" "Mozilla/5.0 (iPhone; CPU iPhone OS 13_2_3 like Mac OS X) AppleWebKit/605.1.15 (KHTML, like Gecko) Version/13.0.3 Mobile/15E148 Safari/604.1"
43.159.143.187 - - [15/Jul/2026:12:48:23 +0000] "GET /wp-content/themes/twentytwentyfive/assets/fonts/manrope/Manrope-VariableFont_wght.woff2 HTTP/1.1" 200 53577 "-" "Mozilla/5.0 (iPhone; CPU iPhone OS 13_2_3 like Mac OS X) AppleWebKit/605.1.15 (KHTML, like Gecko) Version/13.0.3 Mobile/15E148 Safari/604.1"
47.254.92.190 - - [15/Jul/2026:12:50:35 +0000] "GET / HTTP/1.1" 301 - "-" "Mozilla/5.0 (iPhone; CPU iPhone OS 13_2_3 like Mac OS X) AppleWebKit/605.1.15 (KHTML, like Gecko) Version/13.0.3 Mobile/15E148 Safari/604.1"
47.254.92.190 - - [15/Jul/2026:12:50:37 +0000] "GET / HTTP/1.1" 200 36877 "http://www.bdellglobal.shop" "Mozilla/5.0 (iPhone; CPU iPhone OS 13_2_3 like Mac OS X) AppleWebKit/605.1.15 (KHTML, like Gecko) Version/13.0.3 Mobile/15E148 Safari/604.1"
43.135.142.7 - - [15/Jul/2026:12:58:12 +0000] "GET /wp-content/plugins/cookieadmin HTTP/1.1" 301 303 "-" "Mozilla/5.0 (iPhone; CPU iPhone OS 13_2_3 like Mac OS X) AppleWebKit/605.1.15 (KHTML, like Gecko) Version/13.0.3 Mobile/15E148 Safari/604.1"
43.135.142.7 - - [15/Jul/2026:12:58:14 +0000] "GET /wp-content/plugins/cookieadmin/ HTTP/1.1" 200 - "http://bdellglobal.shop/wp-content/plugins/cookieadmin" "Mozilla/5.0 (iPhone; CPU iPhone OS 13_2_3 like Mac OS X) AppleWebKit/605.1.15 (KHTML, like Gecko) Version/13.0.3 Mobile/15E148 Safari/604.1"
198.177.124.148 - - [15/Jul/2026:13:01:36 +0000] "POST /wp-cron.php?doing_wp_cron=1784120496.6374530792236328125000 HTTP/1.1" 200 - "-" "WordPress/7.0.1; https://bdellglobal.shop"
34.138.133.114 - - [15/Jul/2026:13:01:35 +0000] "GET / HTTP/1.1" 301 - "-" "Mozilla/5.0 (compatible; CMS-Checker/1.0; +https://example.com)"
34.138.133.114 - - [15/Jul/2026:13:01:36 +0000] "GET / HTTP/1.1" 200 36877 "http://www.bdellglobal.shop" "Mozilla/5.0 (compatible; CMS-Checker/1.0; +https://example.com)"
198.177.124.148 - - [15/Jul/2026:13:02:34 +0000] "GET /.well-known/acme-challenge/PI9LRAQ9Y3R1NAIA6R25B0WW24NIT7TI HTTP/1.1" 200 64 "-" "Cpanel-HTTP-Client/1.0"
198.177.124.148 - - [15/Jul/2026:13:02:34 +0000] "GET /.well-known/acme-challenge/-TLH6QCKWZ4NZUUTVF1R7DO5DTVWT1WL HTTP/1.1" 200 64 "-" "Cpanel-HTTP-Client/1.0"
32.194.86.51 - - [15/Jul/2026:13:08:23 +0000] "GET / HTTP/1.1" 200 36877 "-" "Mozilla/5.0 (Mac OS X 13_2) AppleWebKit/537.36 (KHTML, like Gecko) Edge/106.0 Safari/537.36"
44.203.10.155 - - [15/Jul/2026:13:09:15 +0000] "GET / HTTP/1.1" 200 36877 "-" "Mozilla/5.0 (SS; Linux i686) AppleWebKit/537.36 (KHTML, like Gecko) Chrome/122.0.0.0 Safari/537.36"
119.45.7.86 - - [15/Jul/2026:13:18:28 +0000] "GET / HTTP/1.1" 200 36877 "-" "Mozilla/5.0 (iPhone; CPU iPhone OS 13_2_3 like Mac OS X) AppleWebKit/605.1.15 (KHTML, like Gecko) Version/13.0.3 Mobile/15E148 Safari/604.1"
198.177.124.148 - - [15/Jul/2026:13:34:23 +0000] "POST /wp-cron.php?doing_wp_cron=1784122463.0678529739379882812500 HTTP/1.1" 200 - "-" "WordPress/7.0.1; https://bdellglobal.shop"
34.138.133.114 - - [15/Jul/2026:13:34:21 +0000] "GET / HTTP/1.1" 200 142202 "-" "Mozilla/5.0 (Windows NT 10.0; Win64; x64) AppleWebKit/537.36 (KHTML, like Gecko) Chrome/78.0.3904.108 Safari/537.36"
34.138.133.114 - - [15/Jul/2026:13:34:23 +0000] "GET /?author=1 HTTP/1.1" 301 - "-" "Mozilla/5.0 (Windows NT 10.0; Win64; x64) AppleWebKit/537.36 (KHTML, like Gecko) Chrome/78.0.3904.108 Safari/537.36"
34.138.133.114 - - [15/Jul/2026:13:34:24 +0000] "GET /?author=2 HTTP/1.1" 404 130047 "-" "Mozilla/5.0 (Windows NT 10.0; Win64; x64) AppleWebKit/537.36 (KHTML, like Gecko) Chrome/78.0.3904.108 Safari/537.36"
34.138.133.114 - - [15/Jul/2026:13:34:25 +0000] "GET /wp-json/wp/v2/users/ HTTP/1.1" 200 768 "-" "Mozilla/5.0 (Windows NT 10.0; Win64; x64) AppleWebKit/537.36 (KHTML, like Gecko) Chrome/78.0.3904.108 Safari/537.36"
34.138.133.114 - - [15/Jul/2026:13:34:26 +0000] "POST /xmlrpc.php HTTP/1.1" 200 401 "-" "Mozilla/5.0 (Windows NT 10.0; Win64; x64) AppleWebKit/537.36 (KHTML, like Gecko) Chrome/78.0.3904.108 Safari/537.36"
34.138.133.114 - - [15/Jul/2026:13:34:27 +0000] "POST /xmlrpc.php HTTP/1.1" 200 401 "-" "Mozilla/5.0 (Windows NT 10.0; Win64; x64) AppleWebKit/537.36 (KHTML, like Gecko) Chrome/78.0.3904.108 Safari/537.36"
34.138.133.114 - - [15/Jul/2026:13:34:29 +0000] "POST /xmlrpc.php HTTP/1.1" 200 752 "-" "Mozilla/5.0 (Windows NT 10.0; Win64; x64) AppleWebKit/537.36 (KHTML, like Gecko) Chrome/78.0.3904.108 Safari/537.36"
34.105.13.240 - - [15/Jul/2026:13:44:59 +0000] "GET / HTTP/1.1" 200 36876 "-" "Mozilla/5.0 (compatible; CMS-Checker/1.0; +https://example.com)"
8.234.213.60 - - [15/Jul/2026:13:58:55 +0000] "GET / HTTP/1.1" 301 - "-" "Mozilla/5.0 (compatible; CMS-Checker/1.0; +https://example.com)"
8.234.213.60 - - [15/Jul/2026:13:58:57 +0000] "GET / HTTP/1.1" 200 36877 "http://www.bdellglobal.shop" "Mozilla/5.0 (compatible; CMS-Checker/1.0; +https://example.com)"
198.177.124.148 - - [15/Jul/2026:14:09:22 +0000] "POST /wp-cron.php?doing_wp_cron=1784124562.6850099563598632812500 HTTP/1.1" 200 - "-" "WordPress/7.0.1; https://bdellglobal.shop"
217.217.97.173 - - [15/Jul/2026:14:09:21 +0000] "GET //.env HTTP/1.1" 301 - "-" "Go-http-client/1.1"
217.217.97.173 - - [15/Jul/2026:14:09:22 +0000] "GET /.env HTTP/1.1" 404 36536 "http://bdellglobal.shop//.env" "Go-http-client/1.1"
102.89.32.87 - - [15/Jul/2026:14:16:34 +0000] "GET /wp-admin HTTP/1.1" 301 281 "-" "Mozilla/5.0 (Windows NT 10.0; Win64; x64) AppleWebKit/537.36 (KHTML, like Gecko) Chrome/130.0.0.0 Safari/537.36"
102.89.32.87 - - [15/Jul/2026:14:16:34 +0000] "GET /wp-admin/ HTTP/1.1" 302 - "-" "Mozilla/5.0 (Windows NT 10.0; Win64; x64) AppleWebKit/537.36 (KHTML, like Gecko) Chrome/130.0.0.0 Safari/537.36"
34.105.13.240 - - [15/Jul/2026:14:27:46 +0000] "GET / HTTP/1.1" 200 142202 "-" "Mozilla/5.0 (Windows NT 10.0; Win64; x64) AppleWebKit/537.36 (KHTML, like Gecko) Chrome/78.0.3904.108 Safari/537.36"
34.105.13.240 - - [15/Jul/2026:14:27:47 +0000] "GET /?author=1 HTTP/1.1" 301 - "-" "Mozilla/5.0 (Windows NT 10.0; Win64; x64) AppleWebKit/537.36 (KHTML, like Gecko) Chrome/78.0.3904.108 Safari/537.36"
34.105.13.240 - - [15/Jul/2026:14:27:47 +0000] "GET /?author=2 HTTP/1.1" 404 130047 "-" "Mozilla/5.0 (Windows NT 10.0; Win64; x64) AppleWebKit/537.36 (KHTML, like Gecko) Chrome/78.0.3904.108 Safari/537.36"
34.105.13.240 - - [15/Jul/2026:14:27:48 +0000] "GET /wp-json/wp/v2/users/ HTTP/1.1" 200 768 "-" "Mozilla/5.0 (Windows NT 10.0; Win64; x64) AppleWebKit/537.36 (KHTML, like Gecko) Chrome/78.0.3904.108 Safari/537.36"
34.105.13.240 - - [15/Jul/2026:14:27:49 +0000] "POST /xmlrpc.php HTTP/1.1" 200 401 "-" "Mozilla/5.0 (Windows NT 10.0; Win64; x64) AppleWebKit/537.36 (KHTML, like Gecko) Chrome/78.0.3904.108 Safari/537.36"
198.177.124.148 - - [15/Jul/2026:14:27:51 +0000] "POST /wp-cron.php?doing_wp_cron=1784125671.1913800239562988281250 HTTP/1.1" 200 - "-" "WordPress/7.0.1; https://bdellglobal.shop"
34.105.13.240 - - [15/Jul/2026:14:27:50 +0000] "POST /xmlrpc.php HTTP/1.1" 200 401 "-" "Mozilla/5.0 (Windows NT 10.0; Win64; x64) AppleWebKit/537.36 (KHTML, like Gecko) Chrome/78.0.3904.108 Safari/537.36"
34.105.13.240 - - [15/Jul/2026:14:27:51 +0000] "POST /xmlrpc.php HTTP/1.1" 200 752 "-" "Mozilla/5.0 (Windows NT 10.0; Win64; x64) AppleWebKit/537.36 (KHTML, like Gecko) Chrome/78.0.3904.108 Safari/537.36"
198.177.124.148 - - [15/Jul/2026:14:42:53 +0000] "POST /wp-cron.php?doing_wp_cron=1784126573.4051079750061035156250 HTTP/1.1" 200 - "-" "WordPress/7.0.1; https://bdellglobal.shop"
8.234.213.60 - - [15/Jul/2026:14:42:51 +0000] "GET / HTTP/1.1" 200 142202 "-" "Mozilla/5.0 (Windows NT 10.0; Win64; x64) AppleWebKit/537.36 (KHTML, like Gecko) Chrome/78.0.3904.108 Safari/537.36"
8.234.213.60 - - [15/Jul/2026:14:42:53 +0000] "GET /?author=1 HTTP/1.1" 301 - "-" "Mozilla/5.0 (Windows NT 10.0; Win64; x64) AppleWebKit/537.36 (KHTML, like Gecko) Chrome/78.0.3904.108 Safari/537.36"
8.234.213.60 - - [15/Jul/2026:14:42:54 +0000] "GET /?author=2 HTTP/1.1" 404 130047 "-" "Mozilla/5.0 (Windows NT 10.0; Win64; x64) AppleWebKit/537.36 (KHTML, like Gecko) Chrome/78.0.3904.108 Safari/537.36"
8.234.213.60 - - [15/Jul/2026:14:42:55 +0000] "GET /wp-json/wp/v2/users/ HTTP/1.1" 200 768 "-" "Mozilla/5.0 (Windows NT 10.0; Win64; x64) AppleWebKit/537.36 (KHTML, like Gecko) Chrome/78.0.3904.108 Safari/537.36"
8.234.213.60 - - [15/Jul/2026:14:42:56 +0000] "POST /xmlrpc.php HTTP/1.1" 200 401 "-" "Mozilla/5.0 (Windows NT 10.0; Win64; x64) AppleWebKit/537.36 (KHTML, like Gecko) Chrome/78.0.3904.108 Safari/537.36"
8.234.213.60 - - [15/Jul/2026:14:42:57 +0000] "POST /xmlrpc.php HTTP/1.1" 200 401 "-" "Mozilla/5.0 (Windows NT 10.0; Win64; x64) AppleWebKit/537.36 (KHTML, like Gecko) Chrome/78.0.3904.108 Safari/537.36"
8.234.213.60 - - [15/Jul/2026:14:42:57 +0000] "POST /xmlrpc.php HTTP/1.1" 200 752 "-" "Mozilla/5.0 (Windows NT 10.0; Win64; x64) AppleWebKit/537.36 (KHTML, like Gecko) Chrome/78.0.3904.108 Safari/537.36"
198.177.124.148 - - [15/Jul/2026:15:04:36 +0000] "POST /wp-cron.php?doing_wp_cron=1784127876.7596220970153808593750 HTTP/1.1" 200 - "-" "WordPress/7.0.1; https://bdellglobal.shop"
43.159.143.187 - - [15/Jul/2026:15:04:35 +0000] "GET / HTTP/1.1" 301 - "-" "Mozilla/5.0 (iPhone; CPU iPhone OS 13_2_3 like Mac OS X) AppleWebKit/605.1.15 (KHTML, like Gecko) Version/13.0.3 Mobile/15E148 Safari/604.1"
43.159.143.187 - - [15/Jul/2026:15:04:37 +0000] "GET / HTTP/1.1" 200 36877 "http://www.bdellglobal.shop" "Mozilla/5.0 (iPhone; CPU iPhone OS 13_2_3 like Mac OS X) AppleWebKit/605.1.15 (KHTML, like Gecko) Version/13.0.3 Mobile/15E148 Safari/604.1"
198.177.124.148 - - [15/Jul/2026:15:53:45 +0000] "POST /wp-cron.php?doing_wp_cron=1784130825.4126141071319580078125 HTTP/1.1" 200 - "-" "WordPress/7.0.1; https://bdellglobal.shop"
43.131.23.154 - - [15/Jul/2026:15:53:44 +0000] "GET / HTTP/1.1" 200 36876 "-" "Mozilla/5.0 (iPhone; CPU iPhone OS 13_2_3 like Mac OS X) AppleWebKit/605.1.15 (KHTML, like Gecko) Version/13.0.3 Mobile/15E148 Safari/604.1"
198.177.124.148 - - [15/Jul/2026:16:02:28 +0000] "GET /.well-known/acme-challenge/48XM4F9IL9404AX8SS11DNH5X44F6CNO HTTP/1.1" 200 64 "-" "Cpanel-HTTP-Client/1.0"
198.177.124.148 - - [15/Jul/2026:16:02:28 +0000] "GET /.well-known/acme-challenge/HD9EBB-O1W06EEP8-7AHIIN0WJAW_8BY HTTP/1.1" 200 64 "-" "Cpanel-HTTP-Client/1.0"
198.177.124.148 - - [15/Jul/2026:16:07:48 +0000] "POST /wp-cron.php?doing_wp_cron=1784131668.6375548839569091796875 HTTP/1.1" 200 - "-" "WordPress/7.0.1; https://bdellglobal.shop"
85.142.43.5 - - [15/Jul/2026:16:07:47 +0000] "GET / HTTP/1.1" 200 36876 "-" "Mozilla/5.0 (Linux; Android 10; K) AppleWebKit/537.36 (KHTML, like Gecko) Chrome/122.0.0.0 Mobile Safari/537.36"
197.211.53.84 - - [15/Jul/2026:16:10:28 +0000] "GET / HTTP/1.1" 200 36877 "-" "Mozilla/5.0 (Windows NT 10.0; Win64; x64; rv:152.0) Gecko/20100101 Firefox/152.0"
43.156.37.91 - - [15/Jul/2026:16:36:23 +0000] "GET / HTTP/1.1" 301 - "-" "Mozilla/5.0 (iPhone; CPU iPhone OS 13_2_3 like Mac OS X) AppleWebKit/605.1.15 (KHTML, like Gecko) Version/13.0.3 Mobile/15E148 Safari/604.1"
43.156.37.91 - - [15/Jul/2026:16:36:24 +0000] "GET / HTTP/1.1" 200 36876 "http://www.bdellglobal.shop" "Mozilla/5.0 (iPhone; CPU iPhone OS 13_2_3 like Mac OS X) AppleWebKit/605.1.15 (KHTML, like Gecko) Version/13.0.3 Mobile/15E148 Safari/604.1"
198.177.124.148 - - [15/Jul/2026:16:40:40 +0000] "POST /wp-cron.php?doing_wp_cron=1784133640.9240961074829101562500 HTTP/1.1" 200 - "-" "WordPress/7.0.1; https://bdellglobal.shop"
87.120.103.234 - - [15/Jul/2026:16:40:39 +0000] "GET / HTTP/1.1" 200 36876 "-" "Mozilla/5.0 (Linux; Android 10; K) AppleWebKit/537.36 (KHTML, like Gecko) Chrome/144.0.0.0 Mobile Safari/537.36"
198.177.124.148 - - [15/Jul/2026:16:49:40 +0000] "POST /wp-cron.php?doing_wp_cron=1784134180.4979619979858398437500 HTTP/1.1" 200 - "-" "WordPress/7.0.1; https://bdellglobal.shop"
213.139.9.138 - - [15/Jul/2026:16:49:39 +0000] "GET / HTTP/1.1" 301 - "-" "Mozilla/5.0 (Macintosh; Intel Mac OS X 10.15; rv:135.0) Gecko/20100101 Firefox/135.0"
213.139.9.138 - - [15/Jul/2026:16:49:42 +0000] "GET / HTTP/1.1" 200 36876 "http://www.bdellglobal.shop/" "Mozilla/5.0 (Macintosh; Intel Mac OS X 10.15; rv:135.0) Gecko/20100101 Firefox/135.0"
198.177.124.148 - - [15/Jul/2026:16:52:24 +0000] "POST /wp-cron.php?doing_wp_cron=1784134344.8365640640258789062500 HTTP/1.1" 200 - "-" "WordPress/7.0.1; https://bdellglobal.shop"
213.139.9.138 - - [15/Jul/2026:16:52:23 +0000] "GET /favicon.ico HTTP/1.1" 302 - "-" "Mozilla/5.0 (Macintosh; Intel Mac OS X 10.15; rv:135.0) Gecko/20100101 Firefox/135.0"
213.139.9.138 - - [15/Jul/2026:16:52:27 +0000] "GET /wp-includes/images/w-logo-blue-white-bg.png HTTP/1.1" 200 4119 "http://www.bdellglobal.shop/favicon.ico" "Mozilla/5.0 (Macintosh; Intel Mac OS X 10.15; rv:135.0) Gecko/20100101 Firefox/135.0"
198.177.124.148 - - [15/Jul/2026:16:55:04 +0000] "POST /wp-cron.php?doing_wp_cron=1784134504.8364310264587402343750 HTTP/1.1" 200 - "-" "WordPress/7.0.1; https://bdellglobal.shop"
218.33.99.27 - - [15/Jul/2026:16:55:03 +0000] "GET / HTTP/1.1" 301 - "-" "Mozilla/5.0 (iPhone; CPU iPhone OS 18_6 like Mac OS X) AppleWebKit/605.1.15 (KHTML, like Gecko) CriOS/150.0.7871.115 Mobile/15E148 Safari/604.1"
218.33.99.27 - - [15/Jul/2026:16:55:08 +0000] "GET / HTTP/1.1" 200 36876 "http://www.bdellglobal.shop/" "Mozilla/5.0 (iPhone; CPU iPhone OS 18_6 like Mac OS X) AppleWebKit/605.1.15 (KHTML, like Gecko) CriOS/150.0.7871.115 Mobile/15E148 Safari/604.1"
198.177.124.148 - - [15/Jul/2026:17:10:59 +0000] "POST /wp-cron.php?doing_wp_cron=1784135459.8017780780792236328125 HTTP/1.1" 200 - "-" "WordPress/7.0.1; https://bdellglobal.shop"
35.171.113.121 - - [15/Jul/2026:17:10:57 +0000] "GET / HTTP/1.1" 301 - "-" "Mozilla/5.0 (Windows NT 6.1; WOW64) AppleWebKit/536.3 (KHTML, like Gecko) Chrome/19.0.1063.0 Safari/536.3"
100.56.206.206 - - [15/Jul/2026:17:10:59 +0000] "GET / HTTP/1.1" 200 36875 "-" "Mozilla/5.0 (Windows NT 6.1; WOW64) AppleWebKit/536.3 (KHTML, like Gecko) Chrome/19.0.1063.0 Safari/536.3"
198.177.124.148 - - [15/Jul/2026:17:13:27 +0000] "POST /wp-cron.php?doing_wp_cron=1784135607.5632750988006591796875 HTTP/1.1" 200 - "-" "WordPress/7.0.1; https://bdellglobal.shop"
52.167.144.66 - - [15/Jul/2026:17:13:26 +0000] "GET /robots.txt HTTP/1.1" 200 111 "-" "Mozilla/5.0 AppleWebKit/537.36 (KHTML, like Gecko; compatible; bingbot/2.0; +http://www.bing.com/bingbot.htm) Chrome/116.0.1938.76 Safari/537.36"
40.77.167.144 - - [15/Jul/2026:17:13:30 +0000] "GET / HTTP/1.1" 200 36875 "-" "Mozilla/5.0 AppleWebKit/537.36 (KHTML, like Gecko; compatible; bingbot/2.0; +http://www.bing.com/bingbot.htm) Chrome/116.0.1938.76 Safari/537.36"
198.177.124.148 - - [15/Jul/2026:17:26:41 +0000] "POST /wp-cron.php?doing_wp_cron=1784136401.2550179958343505859375 HTTP/1.1" 200 - "-" "WordPress/7.0.1; https://bdellglobal.shop"
54.160.175.252 - - [15/Jul/2026:17:26:39 +0000] "GET / HTTP/1.1" 200 36875 "-" "Mozilla/5.0 (Windows NT 10.0; Win64; x64) AppleWebKit/537.36 (KHTML, like Gecko) Chrome/116.0.0.0 Safari/537.36"
198.177.124.148 - - [15/Jul/2026:17:53:41 +0000] "POST /wp-cron.php?doing_wp_cron=1784138021.2540121078491210937500 HTTP/1.1" 200 - "-" "WordPress/7.0.1; https://bdellglobal.shop"
23.27.8.10 - - [15/Jul/2026:17:53:39 +0000] "GET / HTTP/1.1" 200 36875 "-" "Mozilla/5.0 (Windows NT 10.0; Win64; x64) AppleWebKit/537.36 (KHTML, like Gecko) Chrome/86.0.4240.111 Safari/537.36 Edg/86.0.622.51"
198.177.124.148 - - [15/Jul/2026:18:05:06 +0000] "POST /wp-cron.php?doing_wp_cron=1784138706.7388899326324462890625 HTTP/1.1" 200 - "-" "WordPress/7.0.1; https://bdellglobal.shop"
185.247.137.133 - - [15/Jul/2026:18:05:00 +0000] "GET / HTTP/1.1" 301 - "-" "Mozilla/5.0 (compatible; InternetMeasurement/1.0; +https://internet-measurement.com/)"
185.247.137.133 - - [15/Jul/2026:18:05:07 +0000] "GET / HTTP/1.1" 200 36877 "http://www.bdellglobal.shop" "Mozilla/5.0 (compatible; InternetMeasurement/1.0; +https://internet-measurement.com/)"
162.243.114.171 - - [15/Jul/2026:18:05:20 +0000] "GET /favicon.ico HTTP/1.1" 302 - "-" "Mozilla/5.0 (compatible; InternetMeasurement/1.0; +https://internet-measurement.com/)"
162.243.114.171 - - [15/Jul/2026:18:05:21 +0000] "GET /wp-includes/images/w-logo-blue-white-bg.png HTTP/1.1" 200 4119 "http://bdellglobal.shop/favicon.ico" "Mozilla/5.0 (compatible; InternetMeasurement/1.0; +https://internet-measurement.com/)"
198.177.124.148 - - [15/Jul/2026:19:02:30 +0000] "GET /.well-known/acme-challenge/4C0KXAR1M5HD_HS7D5MW4-4WY-H36J-1 HTTP/1.1" 200 64 "-" "Cpanel-HTTP-Client/1.0"
198.177.124.148 - - [15/Jul/2026:19:02:30 +0000] "GET /.well-known/acme-challenge/NFVZED4S04KMXOT_HP5GLXJSS40X_YOB HTTP/1.1" 200 64 "-" "Cpanel-HTTP-Client/1.0"
198.177.124.148 - - [15/Jul/2026:19:11:37 +0000] "POST /wp-cron.php?doing_wp_cron=1784142697.9201629161834716796875 HTTP/1.1" 200 - "-" "WordPress/7.0.1; https://bdellglobal.shop"
114.79.2.57 - - [15/Jul/2026:19:11:33 +0000] "GET /wp-login.php HTTP/1.1" 302 - "-" "Mozilla/5.0 (Macintosh; Apple M1; Mac OS X 10_15_7) AppleWebKit/537.36 (KHTML, like Gecko) Chrome/125.0.0.0 Safari/537.36"
198.177.124.148 - - [15/Jul/2026:19:15:54 +0000] "POST /wp-cron.php?doing_wp_cron=1784142954.1420290470123291015625 HTTP/1.1" 200 - "-" "WordPress/7.0.1; https://bdellglobal.shop"
152.136.23.159 - - [15/Jul/2026:19:15:52 +0000] "GET / HTTP/1.1" 301 - "-" "Mozilla/5.0 (iPhone; CPU iPhone OS 13_2_3 like Mac OS X) AppleWebKit/605.1.15 (KHTML, like Gecko) Version/13.0.3 Mobile/15E148 Safari/604.1"
152.136.23.159 - - [15/Jul/2026:19:15:54 +0000] "GET / HTTP/1.1" 200 36877 "http://www.bdellglobal.shop" "Mozilla/5.0 (iPhone; CPU iPhone OS 13_2_3 like Mac OS X) AppleWebKit/605.1.15 (KHTML, like Gecko) Version/13.0.3 Mobile/15E148 Safari/604.1"
198.177.124.148 - - [15/Jul/2026:19:30:40 +0000] "POST /wp-cron.php?doing_wp_cron=1784143840.7349309921264648437500 HTTP/1.1" 200 - "-" "WordPress/7.0.1; https://bdellglobal.shop"
168.144.24.101 - - [15/Jul/2026:19:30:38 +0000] "GET / HTTP/1.1" 200 36876 "-" "Mozilla/5.0 (X11; Linux x86_64) AppleWebKit/537.36 (KHTML, like Gecko) Chrome/142.0.0.0 Safari/537.36"
168.144.24.101 - - [15/Jul/2026:19:30:41 +0000] "GET /favicon.ico HTTP/1.1" 302 - "http://bdellglobal.shop/" "Mozilla/5.0 (X11; Linux x86_64) AppleWebKit/537.36 (KHTML, like Gecko) Chrome/142.0.0.0 Safari/537.36"
198.177.124.148 - - [15/Jul/2026:19:35:54 +0000] "POST /wp-cron.php?doing_wp_cron=1784144154.4920918941497802734375 HTTP/1.1" 200 - "-" "WordPress/7.0.1; https://bdellglobal.shop"
43.157.168.43 - - [15/Jul/2026:19:35:52 +0000] "GET / HTTP/1.1" 200 36876 "-" "Mozilla/5.0 (iPhone; CPU iPhone OS 13_2_3 like Mac OS X) AppleWebKit/605.1.15 (KHTML, like Gecko) Version/13.0.3 Mobile/15E148 Safari/604.1"
198.177.124.148 - - [15/Jul/2026:20:24:17 +0000] "POST /wp-cron.php?doing_wp_cron=1784147057.8286209106445312500000 HTTP/1.1" 200 - "-" "WordPress/7.0.1; https://bdellglobal.shop"
66.132.195.45 - - [15/Jul/2026:20:24:16 +0000] "GET / HTTP/1.1" 200 36877 "-" "Mozilla/5.0 (compatible; CensysInspect/1.1; +https://about.censys.io/)"
66.132.195.45 - - [15/Jul/2026:20:24:35 +0000] "GET /favicon.ico HTTP/1.1" 302 - "-" "Mozilla/5.0 (compatible; CensysInspect/1.1; +https://about.censys.io/)"
197.211.52.180 - - [15/Jul/2026:20:24:48 +0000] "GET /wp-admin HTTP/1.1" 301 281 "-" "Mozilla/5.0 (Windows NT 10.0; Win64; x64) AppleWebKit/537.36 (KHTML, like Gecko) Chrome/130.0.0.0 Safari/537.36"
197.211.52.180 - - [15/Jul/2026:20:24:48 +0000] "GET /wp-admin/ HTTP/1.1" 302 - "-" "Mozilla/5.0 (Windows NT 10.0; Win64; x64) AppleWebKit/537.36 (KHTML, like Gecko) Chrome/130.0.0.0 Safari/537.36"
198.177.124.148 - - [15/Jul/2026:20:24:51 +0000] "POST /wp-cron.php?doing_wp_cron=1784147091.0289139747619628906250 HTTP/1.1" 200 - "-" "WordPress/7.0.1; https://bdellglobal.shop"
66.132.195.45 - - [15/Jul/2026:20:24:50 +0000] "GET /wp-json/?_fields=name,description,home,gmt_offset,timezone_string,namespaces HTTP/1.1" 200 268 "-" "Mozilla/5.0 (compatible; CensysInspect/1.1; +https://about.censys.io/)"
66.132.195.45 - - [15/Jul/2026:20:24:58 +0000] "GET / HTTP/1.1" 301 - "-" "Mozilla/5.0 (compatible; CensysInspect/1.1; +https://about.censys.io/)"
66.132.172.176 - - [15/Jul/2026:20:25:07 +0000] "GET / HTTP/1.1" 301 - "-" "Mozilla/5.0 (compatible; CensysInspect/1.1; +https://about.censys.io/)"
66.132.172.176 - - [15/Jul/2026:20:25:11 +0000] "GET / HTTP/1.1" 200 36877 "-" "Mozilla/5.0 (compatible; CensysInspect/1.1; +https://about.censys.io/)"
66.132.172.176 - - [15/Jul/2026:20:25:15 +0000] "GET /favicon.ico HTTP/1.1" 302 - "-" "Mozilla/5.0 (compatible; CensysInspect/1.1; +https://about.censys.io/)"
66.132.172.176 - - [15/Jul/2026:20:25:18 +0000] "GET /wp-includes/images/w-logo-blue-white-bg.png HTTP/1.1" 200 4119 "http://bdellglobal.shop/favicon.ico" "Mozilla/5.0 (compatible; CensysInspect/1.1; +https://about.censys.io/)"
66.132.172.176 - - [15/Jul/2026:20:25:24 +0000] "GET /wp-json/?_fields=name,description,home,gmt_offset,timezone_string,namespaces HTTP/1.1" 200 268 "-" "Mozilla/5.0 (compatible; CensysInspect/1.1; +https://about.censys.io/)"
66.132.172.176 - - [15/Jul/2026:20:25:33 +0000] "GET / HTTP/1.1" 301 - "-" "Mozilla/5.0 (compatible; CensysInspect/1.1; +https://about.censys.io/)"
198.177.124.148 - - [15/Jul/2026:20:26:54 +0000] "POST /wp-cron.php?doing_wp_cron=1784147214.0490949153900146484375 HTTP/1.1" 200 - "-" "WordPress/7.0.1; https://bdellglobal.shop"
49.51.233.46 - - [15/Jul/2026:20:26:53 +0000] "GET / HTTP/1.1" 301 - "-" "Mozilla/5.0 (iPhone; CPU iPhone OS 13_2_3 like Mac OS X) AppleWebKit/605.1.15 (KHTML, like Gecko) Version/13.0.3 Mobile/15E148 Safari/604.1"
49.51.233.46 - - [15/Jul/2026:20:26:54 +0000] "GET / HTTP/1.1" 200 36877 "http://www.bdellglobal.shop" "Mozilla/5.0 (iPhone; CPU iPhone OS 13_2_3 like Mac OS X) AppleWebKit/605.1.15 (KHTML, like Gecko) Version/13.0.3 Mobile/15E148 Safari/604.1"
198.177.124.148 - - [15/Jul/2026:21:03:20 +0000] "POST /wp-cron.php?doing_wp_cron=1784149400.4644050598144531250000 HTTP/1.1" 200 - "-" "WordPress/7.0.1; https://bdellglobal.shop"
43.157.95.239 - - [15/Jul/2026:21:03:19 +0000] "GET / HTTP/1.1" 301 - "-" "Mozilla/5.0 (iPhone; CPU iPhone OS 13_2_3 like Mac OS X) AppleWebKit/605.1.15 (KHTML, like Gecko) Version/13.0.3 Mobile/15E148 Safari/604.1"
43.157.95.239 - - [15/Jul/2026:21:03:21 +0000] "GET / HTTP/1.1" 200 36884 "http://www.bdellglobal.shop" "Mozilla/5.0 (iPhone; CPU iPhone OS 13_2_3 like Mac OS X) AppleWebKit/605.1.15 (KHTML, like Gecko) Version/13.0.3 Mobile/15E148 Safari/604.1"
3.229.118.63 - - [15/Jul/2026:21:08:41 +0000] "GET / HTTP/1.1" 200 36883 "-" "Mozilla/5.0 (Windows NT 6.2; rv:128.9) Gecko/20100101 Firefox/128.9"
13.220.124.24 - - [15/Jul/2026:21:08:59 +0000] "GET / HTTP/1.1" 200 36884 "-" "Mozilla/5.0 (CentOS; Linux x86_64; rv:133.0) Gecko/20100101 Firefox/133.0"
82.39.212.241 - - [15/Jul/2026:21:09:40 +0000] "HEAD / HTTP/1.1" 200 - "-" "Mozilla/5.0 (Macintosh; Intel Mac OS X 10_15_7) AppleWebKit/537.36 (KHTML, like Gecko) Chrome/147.0.0.0 Safari/537.36"
35.199.17.248 - - [15/Jul/2026:21:17:30 +0000] "GET /kmqbqomqkmddnrstD.php HTTP/1.1" 302 6937 "-" "Mozilla/5.0 (Windows NT 10.0; Win64; x64) AppleWebKit/537.36 (KHTML, like Gecko) Chrome/91.0.4472.124 Safari/537.36"
35.199.17.248 - - [15/Jul/2026:21:17:31 +0000] "GET /kmqbqomqkmddnrstD.php?p= HTTP/1.1" 200 6937 "-" "Mozilla/5.0 (Windows NT 10.0; Win64; x64) AppleWebKit/537.36 (KHTML, like Gecko) Chrome/91.0.4472.124 Safari/537.36"
35.199.17.248 - - [15/Jul/2026:21:17:45 +0000] "GET /system/kmqbqomqkmddnrstD.php HTTP/1.1" 302 6944 "-" "Mozilla/5.0 (Windows NT 10.0; Win64; x64) AppleWebKit/537.36 (KHTML, like Gecko) Chrome/91.0.4472.124 Safari/537.36"
35.199.17.248 - - [15/Jul/2026:21:17:46 +0000] "GET /system/kmqbqomqkmddnrstD.php?p= HTTP/1.1" 200 6944 "-" "Mozilla/5.0 (Windows NT 10.0; Win64; x64) AppleWebKit/537.36 (KHTML, like Gecko) Chrome/91.0.4472.124 Safari/537.36"
35.199.17.248 - - [15/Jul/2026:21:17:58 +0000] "GET /wp-content/plugins/hqayznabrwuqzaca/kmqbqomqkmddnrstM.php HTTP/1.1" 302 - "-" "Mozilla/5.0 (Windows NT 10.0; Win64; x64) AppleWebKit/537.36 (KHTML, like Gecko) Chrome/91.0.4472.124 Safari/537.36"
35.199.17.248 - - [15/Jul/2026:21:17:59 +0000] "GET /wp-content/plugins/hqayznabrwuqzaca/kmqbqomqkmddnrstM.php?p= HTTP/1.1" 200 441 "-" "Mozilla/5.0 (Windows NT 10.0; Win64; x64) AppleWebKit/537.36 (KHTML, like Gecko) Chrome/91.0.4472.124 Safari/537.36"
35.199.17.248 - - [15/Jul/2026:21:18:23 +0000] "GET /kmqbqomqkmddnrstD.php HTTP/1.1" 302 6917 "-" "Mozilla/5.0 (Windows NT 10.0; Win64; x64) AppleWebKit/537.36 (KHTML, like Gecko) Chrome/91.0.4472.124 Safari/537.36"
35.199.17.248 - - [15/Jul/2026:21:18:23 +0000] "GET /kmqbqomqkmddnrstD.php?p= HTTP/1.1" 200 6917 "-" "Mozilla/5.0 (Windows NT 10.0; Win64; x64) AppleWebKit/537.36 (KHTML, like Gecko) Chrome/91.0.4472.124 Safari/537.36"
35.199.17.248 - - [15/Jul/2026:21:18:38 +0000] "GET /system/kmqbqomqkmddnrstD.php HTTP/1.1" 302 6926 "-" "Mozilla/5.0 (Windows NT 10.0; Win64; x64) AppleWebKit/537.36 (KHTML, like Gecko) Chrome/91.0.4472.124 Safari/537.36"
35.199.17.248 - - [15/Jul/2026:21:18:38 +0000] "GET /system/kmqbqomqkmddnrstD.php?p= HTTP/1.1" 200 6926 "-" "Mozilla/5.0 (Windows NT 10.0; Win64; x64) AppleWebKit/537.36 (KHTML, like Gecko) Chrome/91.0.4472.124 Safari/537.36"
162.55.132.97 - - [15/Jul/2026:21:19:20 +0000] "GET /robots.txt HTTP/1.1" 302 34560 "-" "NetAPI v1"
162.55.132.97 - - [15/Jul/2026:21:19:21 +0000] "GET /index.php?p= HTTP/1.1" 200 34560 "-" "NetAPI v1"
162.55.132.97 - - [15/Jul/2026:21:19:22 +0000] "GET / HTTP/1.1" 302 34560 "-" "NetAPI v1"
162.55.132.97 - - [15/Jul/2026:21:19:23 +0000] "GET /index.php?p= HTTP/1.1" 200 34560 "-" "NetAPI v1"
8.234.211.149 - - [15/Jul/2026:21:19:55 +0000] "GET /kmqbqomqkmddnrstD.php HTTP/1.1" 302 6921 "-" "Mozilla/5.0 (Windows NT 10.0; Win64; x64) AppleWebKit/537.36 (KHTML, like Gecko) Chrome/91.0.4472.124 Safari/537.36"
8.234.211.149 - - [15/Jul/2026:21:19:56 +0000] "GET /kmqbqomqkmddnrstD.php?p= HTTP/1.1" 200 6921 "-" "Mozilla/5.0 (Windows NT 10.0; Win64; x64) AppleWebKit/537.36 (KHTML, like Gecko) Chrome/91.0.4472.124 Safari/537.36"
8.234.211.149 - - [15/Jul/2026:21:20:12 +0000] "GET /system/kmqbqomqkmddnrstD.php HTTP/1.1" 302 6933 "-" "Mozilla/5.0 (Windows NT 10.0; Win64; x64) AppleWebKit/537.36 (KHTML, like Gecko) Chrome/91.0.4472.124 Safari/537.36"
8.234.211.149 - - [15/Jul/2026:21:20:12 +0000] "GET /system/kmqbqomqkmddnrstD.php?p= HTTP/1.1" 200 6933 "-" "Mozilla/5.0 (Windows NT 10.0; Win64; x64) AppleWebKit/537.36 (KHTML, like Gecko) Chrome/91.0.4472.124 Safari/537.36"
8.234.211.149 - - [15/Jul/2026:21:20:49 +0000] "GET /kmqbqomqkmddnrstD.php HTTP/1.1" 302 6925 "-" "Mozilla/5.0 (Windows NT 10.0; Win64; x64) AppleWebKit/537.36 (KHTML, like Gecko) Chrome/91.0.4472.124 Safari/537.36"
8.234.211.149 - - [15/Jul/2026:21:20:50 +0000] "GET /kmqbqomqkmddnrstD.php?p= HTTP/1.1" 200 6925 "-" "Mozilla/5.0 (Windows NT 10.0; Win64; x64) AppleWebKit/537.36 (KHTML, like Gecko) Chrome/91.0.4472.124 Safari/537.36"
8.234.211.149 - - [15/Jul/2026:21:21:05 +0000] "GET /system/kmqbqomqkmddnrstD.php HTTP/1.1" 302 6934 "-" "Mozilla/5.0 (Windows NT 10.0; Win64; x64) AppleWebKit/537.36 (KHTML, like Gecko) Chrome/91.0.4472.124 Safari/537.36"
8.234.211.149 - - [15/Jul/2026:21:21:05 +0000] "GET /system/kmqbqomqkmddnrstD.php?p= HTTP/1.1" 200 6934 "-" "Mozilla/5.0 (Windows NT 10.0; Win64; x64) AppleWebKit/537.36 (KHTML, like Gecko) Chrome/91.0.4472.124 Safari/537.36"
35.199.17.248 - - [15/Jul/2026:21:21:18 +0000] "GET /kmqbqomqkmddnrstD.php HTTP/1.1" 302 6919 "-" "Mozilla/5.0 (Windows NT 10.0; Win64; x64) AppleWebKit/537.36 (KHTML, like Gecko) Chrome/91.0.4472.124 Safari/537.36"
35.199.17.248 - - [15/Jul/2026:21:21:18 +0000] "GET /kmqbqomqkmddnrstD.php?p= HTTP/1.1" 200 6919 "-" "Mozilla/5.0 (Windows NT 10.0; Win64; x64) AppleWebKit/537.36 (KHTML, like Gecko) Chrome/91.0.4472.124 Safari/537.36"
35.199.17.248 - - [15/Jul/2026:21:21:29 +0000] "GET /system/kmqbqomqkmddnrstD.php HTTP/1.1" 302 6927 "-" "Mozilla/5.0 (Windows NT 10.0; Win64; x64) AppleWebKit/537.36 (KHTML, like Gecko) Chrome/91.0.4472.124 Safari/537.36"
35.199.17.248 - - [15/Jul/2026:21:21:30 +0000] "GET /system/kmqbqomqkmddnrstD.php?p= HTTP/1.1" 200 6927 "-" "Mozilla/5.0 (Windows NT 10.0; Win64; x64) AppleWebKit/537.36 (KHTML, like Gecko) Chrome/91.0.4472.124 Safari/537.36"
8.234.211.149 - - [15/Jul/2026:21:21:40 +0000] "GET /kmqbqomqkmddnrstD.php HTTP/1.1" 302 6920 "-" "Mozilla/5.0 (Windows NT 10.0; Win64; x64) AppleWebKit/537.36 (KHTML, like Gecko) Chrome/91.0.4472.124 Safari/537.36"
8.234.211.149 - - [15/Jul/2026:21:21:40 +0000] "GET /kmqbqomqkmddnrstD.php?p= HTTP/1.1" 200 6920 "-" "Mozilla/5.0 (Windows NT 10.0; Win64; x64) AppleWebKit/537.36 (KHTML, like Gecko) Chrome/91.0.4472.124 Safari/537.36"
8.234.211.149 - - [15/Jul/2026:21:21:52 +0000] "GET /system/kmqbqomqkmddnrstD.php HTTP/1.1" 302 6936 "-" "Mozilla/5.0 (Windows NT 10.0; Win64; x64) AppleWebKit/537.36 (KHTML, like Gecko) Chrome/91.0.4472.124 Safari/537.36"
8.234.211.149 - - [15/Jul/2026:21:21:52 +0000] "GET /system/kmqbqomqkmddnrstD.php?p= HTTP/1.1" 200 6936 "-" "Mozilla/5.0 (Windows NT 10.0; Win64; x64) AppleWebKit/537.36 (KHTML, like Gecko) Chrome/91.0.4472.124 Safari/537.36"
35.199.17.248 - - [15/Jul/2026:21:22:03 +0000] "GET /kmqbqomqkmddnrstD.php HTTP/1.1" 302 6927 "-" "Mozilla/5.0 (Windows NT 10.0; Win64; x64) AppleWebKit/537.36 (KHTML, like Gecko) Chrome/91.0.4472.124 Safari/537.36"
35.199.17.248 - - [15/Jul/2026:21:22:04 +0000] "GET /kmqbqomqkmddnrstD.php?p= HTTP/1.1" 200 6927 "-" "Mozilla/5.0 (Windows NT 10.0; Win64; x64) AppleWebKit/537.36 (KHTML, like Gecko) Chrome/91.0.4472.124 Safari/537.36"
35.199.17.248 - - [15/Jul/2026:21:22:15 +0000] "GET /system/kmqbqomqkmddnrstD.php HTTP/1.1" 302 6935 "-" "Mozilla/5.0 (Windows NT 10.0; Win64; x64) AppleWebKit/537.36 (KHTML, like Gecko) Chrome/91.0.4472.124 Safari/537.36"
35.199.17.248 - - [15/Jul/2026:21:22:16 +0000] "GET /system/kmqbqomqkmddnrstD.php?p= HTTP/1.1" 200 6935 "-" "Mozilla/5.0 (Windows NT 10.0; Win64; x64) AppleWebKit/537.36 (KHTML, like Gecko) Chrome/91.0.4472.124 Safari/537.36"
8.234.211.149 - - [15/Jul/2026:21:23:11 +0000] "GET /kmqbqomqkmddnrstD.php HTTP/1.1" 302 6929 "-" "Mozilla/5.0 (Windows NT 10.0; Win64; x64) AppleWebKit/537.36 (KHTML, like Gecko) Chrome/91.0.4472.124 Safari/537.36"
8.234.211.149 - - [15/Jul/2026:21:23:12 +0000] "GET /kmqbqomqkmddnrstD.php?p= HTTP/1.1" 200 6929 "-" "Mozilla/5.0 (Windows NT 10.0; Win64; x64) AppleWebKit/537.36 (KHTML, like Gecko) Chrome/91.0.4472.124 Safari/537.36"
35.199.17.248 - - [15/Jul/2026:21:23:15 +0000] "GET /kmqbqomqkmddnrstD.php HTTP/1.1" 302 6929 "-" "Mozilla/5.0 (Windows NT 10.0; Win64; x64) AppleWebKit/537.36 (KHTML, like Gecko) Chrome/91.0.4472.124 Safari/537.36"
35.199.17.248 - - [15/Jul/2026:21:23:15 +0000] "GET /kmqbqomqkmddnrstD.php?p= HTTP/1.1" 200 6929 "-" "Mozilla/5.0 (Windows NT 10.0; Win64; x64) AppleWebKit/537.36 (KHTML, like Gecko) Chrome/91.0.4472.124 Safari/537.36"
35.199.17.248 - - [15/Jul/2026:21:23:27 +0000] "GET /system/kmqbqomqkmddnrstD.php HTTP/1.1" 302 6938 "-" "Mozilla/5.0 (Windows NT 10.0; Win64; x64) AppleWebKit/537.36 (KHTML, like Gecko) Chrome/91.0.4472.124 Safari/537.36"
8.234.211.149 - - [15/Jul/2026:21:23:27 +0000] "GET /system/kmqbqomqkmddnrstD.php HTTP/1.1" 302 6940 "-" "Mozilla/5.0 (Windows NT 10.0; Win64; x64) AppleWebKit/537.36 (KHTML, like Gecko) Chrome/91.0.4472.124 Safari/537.36"
35.199.17.248 - - [15/Jul/2026:21:23:27 +0000] "GET /system/kmqbqomqkmddnrstD.php?p= HTTP/1.1" 200 6937 "-" "Mozilla/5.0 (Windows NT 10.0; Win64; x64) AppleWebKit/537.36 (KHTML, like Gecko) Chrome/91.0.4472.124 Safari/537.36"
8.234.211.149 - - [15/Jul/2026:21:23:27 +0000] "GET /system/kmqbqomqkmddnrstD.php?p= HTTP/1.1" 200 6939 "-" "Mozilla/5.0 (Windows NT 10.0; Win64; x64) AppleWebKit/537.36 (KHTML, like Gecko) Chrome/91.0.4472.124 Safari/537.36"
35.199.17.248 - - [15/Jul/2026:21:24:02 +0000] "GET /kmqbqomqkmddnrstD.php HTTP/1.1" 302 6922 "-" "Mozilla/5.0 (Windows NT 10.0; Win64; x64) AppleWebKit/537.36 (KHTML, like Gecko) Chrome/91.0.4472.124 Safari/537.36"
35.199.17.248 - - [15/Jul/2026:21:24:03 +0000] "GET /kmqbqomqkmddnrstD.php?p= HTTP/1.1" 200 6923 "-" "Mozilla/5.0 (Windows NT 10.0; Win64; x64) AppleWebKit/537.36 (KHTML, like Gecko) Chrome/91.0.4472.124 Safari/537.36"
35.199.17.248 - - [15/Jul/2026:21:24:17 +0000] "GET /system/kmqbqomqkmddnrstD.php HTTP/1.1" 302 6935 "-" "Mozilla/5.0 (Windows NT 10.0; Win64; x64) AppleWebKit/537.36 (KHTML, like Gecko) Chrome/91.0.4472.124 Safari/537.36"
35.199.17.248 - - [15/Jul/2026:21:24:17 +0000] "GET /system/kmqbqomqkmddnrstD.php?p= HTTP/1.1" 200 6935 "-" "Mozilla/5.0 (Windows NT 10.0; Win64; x64) AppleWebKit/537.36 (KHTML, like Gecko) Chrome/91.0.4472.124 Safari/537.36"
8.234.211.149 - - [15/Jul/2026:21:24:32 +0000] "GET /kmqbqomqkmddnrstD.php HTTP/1.1" 302 6928 "-" "Mozilla/5.0 (Windows NT 10.0; Win64; x64) AppleWebKit/537.36 (KHTML, like Gecko) Chrome/91.0.4472.124 Safari/537.36"
8.234.211.149 - - [15/Jul/2026:21:24:32 +0000] "GET /kmqbqomqkmddnrstD.php?p= HTTP/1.1" 200 6928 "-" "Mozilla/5.0 (Windows NT 10.0; Win64; x64) AppleWebKit/537.36 (KHTML, like Gecko) Chrome/91.0.4472.124 Safari/537.36"
8.234.211.149 - - [15/Jul/2026:21:24:44 +0000] "GET /system/kmqbqomqkmddnrstD.php HTTP/1.1" 302 6937 "-" "Mozilla/5.0 (Windows NT 10.0; Win64; x64) AppleWebKit/537.36 (KHTML, like Gecko) Chrome/91.0.4472.124 Safari/537.36"
8.234.211.149 - - [15/Jul/2026:21:24:44 +0000] "GET /system/kmqbqomqkmddnrstD.php?p= HTTP/1.1" 200 6937 "-" "Mozilla/5.0 (Windows NT 10.0; Win64; x64) AppleWebKit/537.36 (KHTML, like Gecko) Chrome/91.0.4472.124 Safari/537.36"
35.199.17.248 - - [15/Jul/2026:21:25:17 +0000] "GET /kmqbqomqkmddnrstD.php HTTP/1.1" 302 6925 "-" "Mozilla/5.0 (Windows NT 10.0; Win64; x64) AppleWebKit/537.36 (KHTML, like Gecko) Chrome/91.0.4472.124 Safari/537.36"
35.199.17.248 - - [15/Jul/2026:21:25:18 +0000] "GET /kmqbqomqkmddnrstD.php?p= HTTP/1.1" 200 6925 "-" "Mozilla/5.0 (Windows NT 10.0; Win64; x64) AppleWebKit/537.36 (KHTML, like Gecko) Chrome/91.0.4472.124 Safari/537.36"
35.199.17.248 - - [15/Jul/2026:21:25:32 +0000] "GET /system/kmqbqomqkmddnrstD.php HTTP/1.1" 302 6935 "-" "Mozilla/5.0 (Windows NT 10.0; Win64; x64) AppleWebKit/537.36 (KHTML, like Gecko) Chrome/91.0.4472.124 Safari/537.36"
35.199.17.248 - - [15/Jul/2026:21:25:32 +0000] "GET /system/kmqbqomqkmddnrstD.php?p= HTTP/1.1" 200 6935 "-" "Mozilla/5.0 (Windows NT 10.0; Win64; x64) AppleWebKit/537.36 (KHTML, like Gecko) Chrome/91.0.4472.124 Safari/537.36"
8.234.211.149 - - [15/Jul/2026:21:26:58 +0000] "GET /kmqbqomqkmddnrstD.php HTTP/1.1" 302 6923 "-" "Mozilla/5.0 (Windows NT 10.0; Win64; x64) AppleWebKit/537.36 (KHTML, like Gecko) Chrome/91.0.4472.124 Safari/537.36"
8.234.211.149 - - [15/Jul/2026:21:26:59 +0000] "GET /kmqbqomqkmddnrstD.php?p= HTTP/1.1" 200 6923 "-" "Mozilla/5.0 (Windows NT 10.0; Win64; x64) AppleWebKit/537.36 (KHTML, like Gecko) Chrome/91.0.4472.124 Safari/537.36"
35.199.17.248 - - [15/Jul/2026:21:27:12 +0000] "GET /kmqbqomqkmddnrstD.php HTTP/1.1" 302 6928 "-" "Mozilla/5.0 (Windows NT 10.0; Win64; x64) AppleWebKit/537.36 (KHTML, like Gecko) Chrome/91.0.4472.124 Safari/537.36"
35.199.17.248 - - [15/Jul/2026:21:27:12 +0000] "GET /kmqbqomqkmddnrstD.php?p= HTTP/1.1" 200 6929 "-" "Mozilla/5.0 (Windows NT 10.0; Win64; x64) AppleWebKit/537.36 (KHTML, like Gecko) Chrome/91.0.4472.124 Safari/537.36"
8.234.211.149 - - [15/Jul/2026:21:27:13 +0000] "GET /system/kmqbqomqkmddnrstD.php HTTP/1.1" 302 6940 "-" "Mozilla/5.0 (Windows NT 10.0; Win64; x64) AppleWebKit/537.36 (KHTML, like Gecko) Chrome/91.0.4472.124 Safari/537.36"
8.234.211.149 - - [15/Jul/2026:21:27:13 +0000] "GET /system/kmqbqomqkmddnrstD.php?p= HTTP/1.1" 200 6940 "-" "Mozilla/5.0 (Windows NT 10.0; Win64; x64) AppleWebKit/537.36 (KHTML, like Gecko) Chrome/91.0.4472.124 Safari/537.36"
35.199.17.248 - - [15/Jul/2026:21:27:24 +0000] "GET /system/kmqbqomqkmddnrstD.php HTTP/1.1" 302 6938 "-" "Mozilla/5.0 (Windows NT 10.0; Win64; x64) AppleWebKit/537.36 (KHTML, like Gecko) Chrome/91.0.4472.124 Safari/537.36"
35.199.17.248 - - [15/Jul/2026:21:27:24 +0000] "GET /system/kmqbqomqkmddnrstD.php?p= HTTP/1.1" 200 6938 "-" "Mozilla/5.0 (Windows NT 10.0; Win64; x64) AppleWebKit/537.36 (KHTML, like Gecko) Chrome/91.0.4472.124 Safari/537.36"
35.199.17.248 - - [15/Jul/2026:21:29:01 +0000] "GET /kmqbqomqkmddnrstD.php HTTP/1.1" 302 6923 "-" "Mozilla/5.0 (Windows NT 10.0; Win64; x64) AppleWebKit/537.36 (KHTML, like Gecko) Chrome/91.0.4472.124 Safari/537.36"
35.199.17.248 - - [15/Jul/2026:21:29:02 +0000] "GET /kmqbqomqkmddnrstD.php?p= HTTP/1.1" 200 6923 "-" "Mozilla/5.0 (Windows NT 10.0; Win64; x64) AppleWebKit/537.36 (KHTML, like Gecko) Chrome/91.0.4472.124 Safari/537.36"
35.199.17.248 - - [15/Jul/2026:21:29:17 +0000] "GET /system/kmqbqomqkmddnrstD.php HTTP/1.1" 302 6932 "-" "Mozilla/5.0 (Windows NT 10.0; Win64; x64) AppleWebKit/537.36 (KHTML, like Gecko) Chrome/91.0.4472.124 Safari/537.36"
35.199.17.248 - - [15/Jul/2026:21:29:17 +0000] "GET /system/kmqbqomqkmddnrstD.php?p= HTTP/1.1" 200 6932 "-" "Mozilla/5.0 (Windows NT 10.0; Win64; x64) AppleWebKit/537.36 (KHTML, like Gecko) Chrome/91.0.4472.124 Safari/537.36"
8.234.211.149 - - [15/Jul/2026:21:30:32 +0000] "GET /kmqbqomqkmddnrstD.php HTTP/1.1" 302 6925 "-" "Mozilla/5.0 (Windows NT 10.0; Win64; x64) AppleWebKit/537.36 (KHTML, like Gecko) Chrome/91.0.4472.124 Safari/537.36"
8.234.211.149 - - [15/Jul/2026:21:30:33 +0000] "GET /kmqbqomqkmddnrstD.php?p= HTTP/1.1" 200 6925 "-" "Mozilla/5.0 (Windows NT 10.0; Win64; x64) AppleWebKit/537.36 (KHTML, like Gecko) Chrome/91.0.4472.124 Safari/537.36"
8.234.211.149 - - [15/Jul/2026:21:30:52 +0000] "GET /system/kmqbqomqkmddnrstD.php HTTP/1.1" 302 6933 "-" "Mozilla/5.0 (Windows NT 10.0; Win64; x64) AppleWebKit/537.36 (KHTML, like Gecko) Chrome/91.0.4472.124 Safari/537.36"
8.234.211.149 - - [15/Jul/2026:21:30:52 +0000] "GET /system/kmqbqomqkmddnrstD.php?p= HTTP/1.1" 200 6933 "-" "Mozilla/5.0 (Windows NT 10.0; Win64; x64) AppleWebKit/537.36 (KHTML, like Gecko) Chrome/91.0.4472.124 Safari/537.36"
35.199.17.248 - - [15/Jul/2026:21:34:23 +0000] "GET /kmqbqomqkmddnrstD.php HTTP/1.1" 302 6925 "-" "Mozilla/5.0 (Windows NT 10.0; Win64; x64) AppleWebKit/537.36 (KHTML, like Gecko) Chrome/91.0.4472.124 Safari/537.36"
35.199.17.248 - - [15/Jul/2026:21:34:24 +0000] "GET /kmqbqomqkmddnrstD.php?p= HTTP/1.1" 200 6925 "-" "Mozilla/5.0 (Windows NT 10.0; Win64; x64) AppleWebKit/537.36 (KHTML, like Gecko) Chrome/91.0.4472.124 Safari/537.36"
35.199.17.248 - - [15/Jul/2026:21:34:39 +0000] "GET /system/kmqbqomqkmddnrstD.php HTTP/1.1" 302 6932 "-" "Mozilla/5.0 (Windows NT 10.0; Win64; x64) AppleWebKit/537.36 (KHTML, like Gecko) Chrome/91.0.4472.124 Safari/537.36"
35.199.17.248 - - [15/Jul/2026:21:34:39 +0000] "GET /system/kmqbqomqkmddnrstD.php?p= HTTP/1.1" 200 6932 "-" "Mozilla/5.0 (Windows NT 10.0; Win64; x64) AppleWebKit/537.36 (KHTML, like Gecko) Chrome/91.0.4472.124 Safari/537.36"
35.199.17.248 - - [15/Jul/2026:21:37:31 +0000] "GET /kmqbqomqkmddnrstD.php HTTP/1.1" 302 6919 "-" "Mozilla/5.0 (Windows NT 10.0; Win64; x64) AppleWebKit/537.36 (KHTML, like Gecko) Chrome/91.0.4472.124 Safari/537.36"
35.199.17.248 - - [15/Jul/2026:21:37:32 +0000] "GET /kmqbqomqkmddnrstD.php?p= HTTP/1.1" 200 6919 "-" "Mozilla/5.0 (Windows NT 10.0; Win64; x64) AppleWebKit/537.36 (KHTML, like Gecko) Chrome/91.0.4472.124 Safari/537.36"
35.199.17.248 - - [15/Jul/2026:21:37:47 +0000] "GET /system/kmqbqomqkmddnrstD.php HTTP/1.1" 302 6930 "-" "Mozilla/5.0 (Windows NT 10.0; Win64; x64) AppleWebKit/537.36 (KHTML, like Gecko) Chrome/91.0.4472.124 Safari/537.36"
35.199.17.248 - - [15/Jul/2026:21:37:47 +0000] "GET /system/kmqbqomqkmddnrstD.php?p= HTTP/1.1" 200 6930 "-" "Mozilla/5.0 (Windows NT 10.0; Win64; x64) AppleWebKit/537.36 (KHTML, like Gecko) Chrome/91.0.4472.124 Safari/537.36"
35.199.17.248 - - [15/Jul/2026:21:42:19 +0000] "GET /kmqbqomqkmddnrstD.php HTTP/1.1" 302 6921 "-" "Mozilla/5.0 (Windows NT 10.0; Win64; x64) AppleWebKit/537.36 (KHTML, like Gecko) Chrome/91.0.4472.124 Safari/537.36"
35.199.17.248 - - [15/Jul/2026:21:42:20 +0000] "GET /kmqbqomqkmddnrstD.php?p= HTTP/1.1" 200 6921 "-" "Mozilla/5.0 (Windows NT 10.0; Win64; x64) AppleWebKit/537.36 (KHTML, like Gecko) Chrome/91.0.4472.124 Safari/537.36"
35.199.17.248 - - [15/Jul/2026:21:42:34 +0000] "GET /system/kmqbqomqkmddnrstD.php HTTP/1.1" 302 6930 "-" "Mozilla/5.0 (Windows NT 10.0; Win64; x64) AppleWebKit/537.36 (KHTML, like Gecko) Chrome/91.0.4472.124 Safari/537.36"
35.199.17.248 - - [15/Jul/2026:21:42:35 +0000] "GET /system/kmqbqomqkmddnrstD.php?p= HTTP/1.1" 200 6930 "-" "Mozilla/5.0 (Windows NT 10.0; Win64; x64) AppleWebKit/537.36 (KHTML, like Gecko) Chrome/91.0.4472.124 Safari/537.36"
35.199.17.248 - - [15/Jul/2026:21:43:09 +0000] "GET /kmqbqomqkmddnrstD.php HTTP/1.1" 302 6925 "-" "Mozilla/5.0 (Windows NT 10.0; Win64; x64) AppleWebKit/537.36 (KHTML, like Gecko) Chrome/91.0.4472.124 Safari/537.36"
35.199.17.248 - - [15/Jul/2026:21:43:10 +0000] "GET /kmqbqomqkmddnrstD.php?p= HTTP/1.1" 200 6925 "-" "Mozilla/5.0 (Windows NT 10.0; Win64; x64) AppleWebKit/537.36 (KHTML, like Gecko) Chrome/91.0.4472.124 Safari/537.36"
35.199.17.248 - - [15/Jul/2026:21:43:24 +0000] "GET /system/kmqbqomqkmddnrstD.php HTTP/1.1" 302 6934 "-" "Mozilla/5.0 (Windows NT 10.0; Win64; x64) AppleWebKit/537.36 (KHTML, like Gecko) Chrome/91.0.4472.124 Safari/537.36"
35.199.17.248 - - [15/Jul/2026:21:43:25 +0000] "GET /system/kmqbqomqkmddnrstD.php?p= HTTP/1.1" 200 6934 "-" "Mozilla/5.0 (Windows NT 10.0; Win64; x64) AppleWebKit/537.36 (KHTML, like Gecko) Chrome/91.0.4472.124 Safari/537.36"
35.199.17.248 - - [15/Jul/2026:21:44:01 +0000] "GET /kmqbqomqkmddnrstD.php HTTP/1.1" 302 6922 "-" "Mozilla/5.0 (Windows NT 10.0; Win64; x64) AppleWebKit/537.36 (KHTML, like Gecko) Chrome/91.0.4472.124 Safari/537.36"
35.199.17.248 - - [15/Jul/2026:21:44:02 +0000] "GET /kmqbqomqkmddnrstD.php?p= HTTP/1.1" 200 6922 "-" "Mozilla/5.0 (Windows NT 10.0; Win64; x64) AppleWebKit/537.36 (KHTML, like Gecko) Chrome/91.0.4472.124 Safari/537.36"
35.199.17.248 - - [15/Jul/2026:21:44:16 +0000] "GET /system/kmqbqomqkmddnrstD.php HTTP/1.1" 302 6931 "-" "Mozilla/5.0 (Windows NT 10.0; Win64; x64) AppleWebKit/537.36 (KHTML, like Gecko) Chrome/91.0.4472.124 Safari/537.36"
35.199.17.248 - - [15/Jul/2026:21:44:17 +0000] "GET /system/kmqbqomqkmddnrstD.php?p= HTTP/1.1" 200 6931 "-" "Mozilla/5.0 (Windows NT 10.0; Win64; x64) AppleWebKit/537.36 (KHTML, like Gecko) Chrome/91.0.4472.124 Safari/537.36"
45.92.85.210 - - [15/Jul/2026:21:44:52 +0000] "GET / HTTP/1.1" 302 6923 "-" "Mozilla/5.0 (Windows NT 10.0; Win64; x64) AppleWebKit/537.36 (KHTML, like Gecko) Chrome/94.0.4606.61 Safari/537.36"
45.92.85.210 - - [15/Jul/2026:21:44:54 +0000] "GET /index.php?p= HTTP/1.1" 200 6923 "-" "Mozilla/5.0 (Windows NT 10.0; Win64; x64) AppleWebKit/537.36 (KHTML, like Gecko) Chrome/94.0.4606.61 Safari/537.36"
35.199.17.248 - - [15/Jul/2026:21:45:04 +0000] "GET /kmqbqomqkmddnrstD.php HTTP/1.1" 302 6922 "-" "Mozilla/5.0 (Windows NT 10.0; Win64; x64) AppleWebKit/537.36 (KHTML, like Gecko) Chrome/91.0.4472.124 Safari/537.36"
35.199.17.248 - - [15/Jul/2026:21:45:04 +0000] "GET /kmqbqomqkmddnrstD.php?p= HTTP/1.1" 200 6922 "-" "Mozilla/5.0 (Windows NT 10.0; Win64; x64) AppleWebKit/537.36 (KHTML, like Gecko) Chrome/91.0.4472.124 Safari/537.36"
35.199.17.248 - - [15/Jul/2026:21:45:20 +0000] "GET /system/kmqbqomqkmddnrstD.php HTTP/1.1" 302 6931 "-" "Mozilla/5.0 (Windows NT 10.0; Win64; x64) AppleWebKit/537.36 (KHTML, like Gecko) Chrome/91.0.4472.124 Safari/537.36"
35.199.17.248 - - [15/Jul/2026:21:45:20 +0000] "GET /system/kmqbqomqkmddnrstD.php?p= HTTP/1.1" 200 6931 "-" "Mozilla/5.0 (Windows NT 10.0; Win64; x64) AppleWebKit/537.36 (KHTML, like Gecko) Chrome/91.0.4472.124 Safari/537.36"
35.199.17.248 - - [15/Jul/2026:21:46:36 +0000] "GET /kmqbqomqkmddnrstD.php HTTP/1.1" 302 6920 "-" "Mozilla/5.0 (Windows NT 10.0; Win64; x64) AppleWebKit/537.36 (KHTML, like Gecko) Chrome/91.0.4472.124 Safari/537.36"
35.199.17.248 - - [15/Jul/2026:21:46:37 +0000] "GET /kmqbqomqkmddnrstD.php?p= HTTP/1.1" 200 6920 "-" "Mozilla/5.0 (Windows NT 10.0; Win64; x64) AppleWebKit/537.36 (KHTML, like Gecko) Chrome/91.0.4472.124 Safari/537.36"
35.199.17.248 - - [15/Jul/2026:21:46:51 +0000] "GET /system/kmqbqomqkmddnrstD.php HTTP/1.1" 302 6929 "-" "Mozilla/5.0 (Windows NT 10.0; Win64; x64) AppleWebKit/537.36 (KHTML, like Gecko) Chrome/91.0.4472.124 Safari/537.36"
35.199.17.248 - - [15/Jul/2026:21:46:52 +0000] "GET /system/kmqbqomqkmddnrstD.php?p= HTTP/1.1" 200 6929 "-" "Mozilla/5.0 (Windows NT 10.0; Win64; x64) AppleWebKit/537.36 (KHTML, like Gecko) Chrome/91.0.4472.124 Safari/537.36"
198.177.124.148 - - [15/Jul/2026:22:02:35 +0000] "GET /.well-known/acme-challenge/T5U4LPIJHYR8P84LKTH7B103BBPQICX0 HTTP/1.1" 200 64 "-" "Cpanel-HTTP-Client/1.0"
198.177.124.148 - - [15/Jul/2026:22:02:35 +0000] "GET /.well-known/acme-challenge/2THEFQFC_98HK-TU7X2U-IFT708CV6-E HTTP/1.1" 200 64 "-" "Cpanel-HTTP-Client/1.0"
45.92.85.165 - - [15/Jul/2026:22:23:34 +0000] "GET / HTTP/1.1" 302 6927 "-" "Mozilla/5.0 (Windows NT 10.0; Win64; x64) AppleWebKit/537.36 (KHTML, like Gecko) Chrome/94.0.4606.61 Safari/537.36"
45.92.85.165 - - [15/Jul/2026:22:23:36 +0000] "GET /index.php?p= HTTP/1.1" 200 6927 "-" "Mozilla/5.0 (Windows NT 10.0; Win64; x64) AppleWebKit/537.36 (KHTML, like Gecko) Chrome/94.0.4606.61 Safari/537.36"
185.137.164.16 - - [15/Jul/2026:23:16:13 +0000] "GET /.git/HEAD HTTP/1.1" 200 35166 "-" "Python-urllib/3.10"
43.164.133.138 - - [15/Jul/2026:23:25:24 +0000] "GET / HTTP/1.1" 200 7005 "-" "Mozilla/5.0 (iPhone; CPU iPhone OS 13_2_3 like Mac OS X) AppleWebKit/605.1.15 (KHTML, like Gecko) Version/13.0.3 Mobile/15E148 Safari/604.1"
87.120.103.234 - - [15/Jul/2026:23:44:39 +0000] "GET / HTTP/1.1" 200 7000 "-" "Mozilla/5.0 (Macintosh; Intel Mac OS X 10_15_7) AppleWebKit/537.36 (KHTML, like Gecko) Chrome/148.0.0.0 Safari/537.36"
87.120.103.234 - - [15/Jul/2026:23:44:55 +0000] "GET / HTTP/1.1" 200 35161 "-" "Mozilla/5.0 (Macintosh; Intel Mac OS X 10_15_7) AppleWebKit/605.1.15 (KHTML, like Gecko) Version/26.4 Safari/605.1.15"
87.120.103.234 - - [15/Jul/2026:23:46:34 +0000] "GET / HTTP/1.1" 200 7001 "-" "Mozilla/5.0 (Macintosh; Intel Mac OS X 10_15_7) AppleWebKit/537.36 (KHTML, like Gecko) Chrome/148.0.0.0 Safari/537.36"
159.223.242.210 - - [15/Jul/2026:23:47:24 +0000] "GET /jc-pbagrag HTTP/1.1" 200 7004 "-" "Mozilla/5.0 (Linux; Android 10; K) AppleWebKit/537.36 (KHTML, like Gecko) Chrome/137.0.0.0 Mobile Safari/537.36"
87.120.103.234 - - [15/Jul/2026:23:47:25 +0000] "GET /jc-pbagrag HTTP/1.1" 200 7002 "-" "Mozilla/5.0 (Macintosh; Intel Mac OS X 10_15_7) AppleWebKit/537.36 (KHTML, like Gecko) Chrome/143.0.0.0 Safari/537.36"
87.120.103.234 - - [15/Jul/2026:23:47:31 +0000] "GET /flfgrz HTTP/1.1" 200 7002 "-" "Mozilla/5.0 (Linux; Android 10; K) AppleWebKit/537.36 (KHTML, like Gecko) Chrome/138.0.0.0 Mobile Safari/537.36"
57.129.137.115 - - [15/Jul/2026:23:47:32 +0000] "GET /.jryy-xabja HTTP/1.1" 200 7001 "-" "Mozilla/5.0 (Linux; Android 10; K) AppleWebKit/537.36 (KHTML, like Gecko) Chrome/144.0.0.0 Mobile Safari/537.36"
87.120.103.234 - - [15/Jul/2026:23:47:32 +0000] "GET /.jryy-xabja HTTP/1.1" 200 7003 "-" "Mozilla/5.0 (Windows NT 10.0; Win64; x64) AppleWebKit/537.36 (KHTML, like Gecko) Chrome/149.0.0.0 Safari/537.36"
88.97.165.242 - - [15/Jul/2026:23:47:32 +0000] "GET /flfgrz HTTP/1.1" 200 7002 "-" "Mozilla/5.0 (Linux; Android 10; K) AppleWebKit/537.36 (KHTML, like Gecko) Chrome/144.0.0.0 Mobile Safari/537.36"
185.212.171.154 - - [15/Jul/2026:23:47:33 +0000] "GET /jc-vapyhqrf HTTP/1.1" 200 7003 "-" "Mozilla/5.0 (Linux; Android 10; K) AppleWebKit/537.36 (KHTML, like Gecko) Chrome/147.0.0.0 Mobile Safari/537.36"
87.120.103.234 - - [15/Jul/2026:23:47:34 +0000] "GET /jc-nqzva HTTP/1.1" 200 7003 "-" "Mozilla/5.0 (Linux; Android 10; K) AppleWebKit/537.36 (KHTML, like Gecko) Chrome/148.0.0.0 Mobile Safari/537.36"
87.120.103.234 - - [15/Jul/2026:23:47:36 +0000] "GET /jc-vapyhqrf HTTP/1.1" 200 7003 "-" "Mozilla/5.0 (iPhone; CPU iPhone OS 18_6 like Mac OS X) AppleWebKit/605.1.15 (KHTML, like Gecko) CriOS/150.0.7871.115 Mobile/15E148 Safari/604.1"
