HEX
Server: Apache
System: Linux server1.yalehafricanfoods.shop 5.14.0-687.15.1.el9_8.x86_64 #1 SMP PREEMPT_DYNAMIC Thu Jun 11 08:51:45 EDT 2026 x86_64
User: yalenocb (1002)
PHP: 8.1.34
Disabled: NONE
Upload Files
File: /home/yalenocb/access-logs/atsluxe.shop.yalehafricanfoods.shop
66.249.69.69 - - [21/Jul/2026:07:13:26 +0000] "GET /robots.txt HTTP/1.1" 200 196082 "-" "Mozilla/5.0 (compatible; Googlebot/2.1; +http://www.google.com/bot.html)"
66.249.69.69 - - [21/Jul/2026:07:13:26 +0000] "GET /saiga.php?sitemap566.xml HTTP/1.1" 200 547263 "-" "Mozilla/5.0 (compatible; Googlebot/2.1; +http://www.google.com/bot.html)"
66.249.69.68 - - [21/Jul/2026:07:14:30 +0000] "GET /robots.txt HTTP/1.1" 200 196082 "-" "Mozilla/5.0 (compatible; Googlebot/2.1; +http://www.google.com/bot.html)"
66.249.69.67 - - [21/Jul/2026:07:14:30 +0000] "GET /saiga.php?sitemap868.xml HTTP/1.1" 200 547018 "-" "Mozilla/5.0 (compatible; Googlebot/2.1; +http://www.google.com/bot.html)"
66.249.69.67 - - [21/Jul/2026:07:25:44 +0000] "GET /saiga.php?sitemap961.xml HTTP/1.1" 200 547091 "-" "Mozilla/5.0 (compatible; Googlebot/2.1; +http://www.google.com/bot.html)"
66.249.69.67 - - [21/Jul/2026:07:25:56 +0000] "GET /saiga.php?sitemap964.xml HTTP/1.1" 200 547497 "-" "Mozilla/5.0 (compatible; Googlebot/2.1; +http://www.google.com/bot.html)"
66.249.69.67 - - [21/Jul/2026:07:26:06 +0000] "GET /saiga.php?sitemap982.xml HTTP/1.1" 200 547134 "-" "Mozilla/5.0 (compatible; Googlebot/2.1; +http://www.google.com/bot.html)"
66.249.69.69 - - [21/Jul/2026:07:30:12 +0000] "GET /saiga.php?sitemap691.xml HTTP/1.1" 200 546659 "-" "Mozilla/5.0 (compatible; Googlebot/2.1; +http://www.google.com/bot.html)"
66.249.69.69 - - [21/Jul/2026:07:31:18 +0000] "GET /saiga.php?sitemap981.xml HTTP/1.1" 200 547031 "-" "Mozilla/5.0 (compatible; Googlebot/2.1; +http://www.google.com/bot.html)"
198.177.124.148 - - [21/Jul/2026:07:31:48 +0000] "POST /wp-cron.php?doing_wp_cron=1784619108.5278511047363281250000 HTTP/1.1" 200 - "-" "WordPress/7.0.2; https://atsluxe.shop"
172.71.178.110 - - [21/Jul/2026:07:31:47 +0000] "GET /wp-admin/install.php?step=1 HTTP/1.1" 200 1355 "-" "http://atsluxe.shop/wp-admin/install.php?step=1"
34.78.49.210 - - [21/Jul/2026:07:33:49 +0000] "GET / HTTP/1.1" 500 - "-" "Mozilla/5.0 (Windows NT 10.0; Win64; x64; rv:128.0) Gecko/20100101 Firefox/128.0"
66.249.69.67 - - [21/Jul/2026:07:37:53 +0000] "GET /saiga.php?sitemap969.xml HTTP/1.1" 200 547466 "-" "Mozilla/5.0 (compatible; Googlebot/2.1; +http://www.google.com/bot.html)"
66.249.69.68 - - [21/Jul/2026:07:40:41 +0000] "GET /saiga.php?sitemap91.xml HTTP/1.1" 200 547202 "-" "Mozilla/5.0 (compatible; Googlebot/2.1; +http://www.google.com/bot.html)"
66.249.69.67 - - [21/Jul/2026:07:45:26 +0000] "GET /saiga.php?sitemap566.xml HTTP/1.1" 200 546928 "-" "Mozilla/5.0 (compatible; Googlebot/2.1; +http://www.google.com/bot.html)"
66.249.69.67 - - [21/Jul/2026:07:48:02 +0000] "GET /saiga.php?sitemap868.xml HTTP/1.1" 200 546721 "-" "Mozilla/5.0 (compatible; Googlebot/2.1; +http://www.google.com/bot.html)"
66.249.69.68 - - [21/Jul/2026:07:52:41 +0000] "GET /saiga.php?sitemap964.xml HTTP/1.1" 200 547456 "-" "Mozilla/5.0 (compatible; Googlebot/2.1; +http://www.google.com/bot.html)"
66.249.69.67 - - [21/Jul/2026:07:55:43 +0000] "GET /saiga.php?sitemap961.xml HTTP/1.1" 200 547118 "-" "Mozilla/5.0 (compatible; Googlebot/2.1; +http://www.google.com/bot.html)"
66.249.69.67 - - [21/Jul/2026:07:57:23 +0000] "GET /saiga.php?sitemap982.xml HTTP/1.1" 200 546262 "-" "Mozilla/5.0 (compatible; Googlebot/2.1; +http://www.google.com/bot.html)"
198.177.124.148 - - [21/Jul/2026:07:57:31 +0000] "POST /wp-cron.php?doing_wp_cron=1784620651.0222549438476562500000 HTTP/1.1" 200 - "-" "WordPress/7.0.2; https://atsluxe.shop"
104.23.221.41 - - [21/Jul/2026:07:57:30 +0000] "GET /wp-admin/install.php?step=1 HTTP/1.1" 200 1355 "-" "http://atsluxe.shop/wp-admin/install.php?step=1"
66.249.69.67 - - [21/Jul/2026:08:00:03 +0000] "GET /saiga.php?sitemap691.xml HTTP/1.1" 200 546932 "-" "Mozilla/5.0 (compatible; Googlebot/2.1; +http://www.google.com/bot.html)"
66.249.69.67 - - [21/Jul/2026:08:00:05 +0000] "GET /saiga.php?sitemap981.xml HTTP/1.1" 200 547109 "-" "Mozilla/5.0 (compatible; Googlebot/2.1; +http://www.google.com/bot.html)"
66.249.69.67 - - [21/Jul/2026:08:01:40 +0000] "GET /ammika.php?sitemap892.xml HTTP/1.1" 200 515127 "-" "Mozilla/5.0 (compatible; Googlebot/2.1; +http://www.google.com/bot.html)"
198.177.124.148 - - [21/Jul/2026:08:03:28 +0000] "POST /wp-cron.php?doing_wp_cron=1784621008.3901250362396240234375 HTTP/1.1" 200 - "-" "WordPress/7.0.2; https://atsluxe.shop"
172.68.193.201 - - [21/Jul/2026:08:03:27 +0000] "GET /wp-admin/install.php?step=1 HTTP/1.1" 200 1355 "-" "http://atsluxe.shop/wp-admin/install.php?step=1"
66.249.69.67 - - [21/Jul/2026:08:09:38 +0000] "GET /saiga.php?sitemap969.xml HTTP/1.1" 200 547241 "-" "Mozilla/5.0 (compatible; Googlebot/2.1; +http://www.google.com/bot.html)"
66.249.69.68 - - [21/Jul/2026:08:10:42 +0000] "GET /saiga.php?sitemap91.xml HTTP/1.1" 200 547236 "-" "Mozilla/5.0 (compatible; Googlebot/2.1; +http://www.google.com/bot.html)"
66.249.69.68 - - [21/Jul/2026:08:11:10 +0000] "GET /saiga.php?sitemap566.xml HTTP/1.1" 200 547004 "-" "Mozilla/5.0 (compatible; Googlebot/2.1; +http://www.google.com/bot.html)"
198.177.124.148 - - [21/Jul/2026:08:15:43 +0000] "POST /wp-cron.php?doing_wp_cron=1784621743.4577798843383789062500 HTTP/1.1" 200 - "-" "WordPress/7.0.2; https://atsluxe.shop"
162.158.183.52 - - [21/Jul/2026:08:15:42 +0000] "GET /wp-admin/install.php?step=1 HTTP/1.1" 200 1355 "-" "http://atsluxe.shop/wp-admin/install.php?step=1"
66.249.69.67 - - [21/Jul/2026:08:18:35 +0000] "GET /saiga.php?sitemap964.xml HTTP/1.1" 200 546888 "-" "Mozilla/5.0 (compatible; Googlebot/2.1; +http://www.google.com/bot.html)"
66.249.69.69 - - [21/Jul/2026:08:20:14 +0000] "GET /saiga.php?sitemap868.xml HTTP/1.1" 200 546650 "-" "Mozilla/5.0 (compatible; Googlebot/2.1; +http://www.google.com/bot.html)"
66.249.69.68 - - [21/Jul/2026:08:21:42 +0000] "GET /saiga.php?sitemap961.xml HTTP/1.1" 200 546428 "-" "Mozilla/5.0 (compatible; Googlebot/2.1; +http://www.google.com/bot.html)"
66.249.69.68 - - [21/Jul/2026:08:26:07 +0000] "GET /saiga.php?sitemap982.xml HTTP/1.1" 200 547289 "-" "Mozilla/5.0 (compatible; Googlebot/2.1; +http://www.google.com/bot.html)"
66.249.69.68 - - [21/Jul/2026:08:26:22 +0000] "GET /saiga.php?sitemap691.xml HTTP/1.1" 200 547108 "-" "Mozilla/5.0 (compatible; Googlebot/2.1; +http://www.google.com/bot.html)"
66.249.69.69 - - [21/Jul/2026:08:28:52 +0000] "GET /saiga.php?sitemap981.xml HTTP/1.1" 200 546821 "-" "Mozilla/5.0 (compatible; Googlebot/2.1; +http://www.google.com/bot.html)"
66.249.69.69 - - [21/Jul/2026:08:36:08 +0000] "GET /saiga.php?sitemap969.xml HTTP/1.1" 200 547193 "-" "Mozilla/5.0 (compatible; Googlebot/2.1; +http://www.google.com/bot.html)"
66.249.69.68 - - [21/Jul/2026:08:37:26 +0000] "GET /saiga.php?sitemap566.xml HTTP/1.1" 200 546184 "-" "Mozilla/5.0 (compatible; Googlebot/2.1; +http://www.google.com/bot.html)"
104.23.221.40 - - [21/Jul/2026:08:38:12 +0000] "GET /wp-admin/install.php?step=1 HTTP/1.1" 200 1355 "-" "http://atsluxe.shop/wp-admin/install.php?step=1"
104.23.223.65 - - [21/Jul/2026:08:39:24 +0000] "GET /wp-admin/install.php?step=1 HTTP/1.1" 200 1355 "-" "http://atsluxe.shop/wp-admin/install.php?step=1"
106.54.62.156 - - [21/Jul/2026:08:40:50 +0000] "GET / HTTP/1.1" 500 - "-" "Mozilla/5.0 (iPhone; CPU iPhone OS 13_2_3 like Mac OS X) AppleWebKit/605.1.15 (KHTML, like Gecko) Version/13.0.3 Mobile/15E148 Safari/604.1"
66.249.69.67 - - [21/Jul/2026:08:43:23 +0000] "GET /saiga.php?sitemap91.xml HTTP/1.1" 200 547229 "-" "Mozilla/5.0 (compatible; Googlebot/2.1; +http://www.google.com/bot.html)"
103.52.69.97 - - [21/Jul/2026:08:58:33 +0000] "GET /wp-content/plugins/gfGujO2Ln/gfGujO2Lndefault.php HTTP/1.1" 500 - "-" "Mozilla/5.0 (Windows NT 10.0; Win64; x64; rv:130.0) Gecko/20100101 Firefox/130.0"
103.52.69.97 - - [21/Jul/2026:08:58:33 +0000] "GET /WS5jUaFzMdefault.php HTTP/1.1" 500 - "-" "Mozilla/5.0 (Windows NT 10.0; Win64; x64; rv:130.0) Gecko/20100101 Firefox/130.0"
103.52.69.97 - - [21/Jul/2026:08:58:33 +0000] "GET /BsMPQ6Wavdefault.php?p= HTTP/1.1" 500 - "-" "Mozilla/5.0 (Windows NT 10.0; Win64; x64; rv:130.0) Gecko/20100101 Firefox/130.0"
103.52.69.97 - - [21/Jul/2026:08:58:33 +0000] "GET /bvs7mc9rwj8caizrzxq2iroCdefault.php HTTP/1.1" 500 - "-" "Mozilla/5.0 (Windows NT 10.0; Win64; x64; rv:130.0) Gecko/20100101 Firefox/130.0"
103.52.69.97 - - [21/Jul/2026:08:58:33 +0000] "GET /wp-content/plugins/BsMPQ6Wav/BsMPQ6Wavdefault.php HTTP/1.1" 500 - "-" "Mozilla/5.0 (Windows NT 10.0; Win64; x64; rv:130.0) Gecko/20100101 Firefox/130.0"
103.52.69.97 - - [21/Jul/2026:08:58:33 +0000] "GET /wp-content/plugins/FQfPSh50gdefault.php HTTP/1.1" 500 - "-" "Mozilla/5.0 (Windows NT 10.0; Win64; x64; rv:130.0) Gecko/20100101 Firefox/130.0"
103.52.69.97 - - [21/Jul/2026:08:58:33 +0000] "GET /classwithtostring.php HTTP/1.1" 500 - "-" "Mozilla/5.0 (Windows NT 10.0; Win64; x64; rv:130.0) Gecko/20100101 Firefox/130.0"
103.52.69.97 - - [21/Jul/2026:08:58:33 +0000] "GET /wp-content/plugins/FQfPSh50g/FQfPSh50gdefault.php?p= HTTP/1.1" 500 - "-" "Mozilla/5.0 (Windows NT 10.0; Win64; x64; rv:130.0) Gecko/20100101 Firefox/130.0"
103.52.69.97 - - [21/Jul/2026:08:58:33 +0000] "GET /UuAFIYGYKdefault.php?p= HTTP/1.1" 500 - "-" "Mozilla/5.0 (Windows NT 10.0; Win64; x64; rv:130.0) Gecko/20100101 Firefox/130.0"
103.52.69.97 - - [21/Jul/2026:08:58:33 +0000] "GET /FQfPSh50gdefault.php?p= HTTP/1.1" 500 - "-" "Mozilla/5.0 (Windows NT 10.0; Win64; x64; rv:130.0) Gecko/20100101 Firefox/130.0"
103.52.69.97 - - [21/Jul/2026:08:58:33 +0000] "GET /qDAFu1Swzxyd4JIdefault.php?p= HTTP/1.1" 500 - "-" "Mozilla/5.0 (Windows NT 10.0; Win64; x64; rv:130.0) Gecko/20100101 Firefox/130.0"
103.52.69.97 - - [21/Jul/2026:08:58:33 +0000] "GET /wp-content/plugins/UuAFIYGYKdefault.php?p= HTTP/1.1" 500 - "-" "Mozilla/5.0 (Windows NT 10.0; Win64; x64; rv:130.0) Gecko/20100101 Firefox/130.0"
103.52.69.97 - - [21/Jul/2026:08:58:33 +0000] "GET /cj5ha2rah8lyiqqdefault.php HTTP/1.1" 500 - "-" "Mozilla/5.0 (Windows NT 10.0; Win64; x64; rv:130.0) Gecko/20100101 Firefox/130.0"
103.52.69.97 - - [21/Jul/2026:08:58:34 +0000] "GET /03n1hob7p03r2npdefault.php?p= HTTP/1.1" 500 - "-" "Mozilla/5.0 (Windows NT 10.0; Win64; x64; rv:130.0) Gecko/20100101 Firefox/130.0"
103.52.69.97 - - [21/Jul/2026:08:58:34 +0000] "GET /wp-content/plugins/thbibwbnncthwbbcszCdefault.php?p= HTTP/1.1" 500 - "-" "Mozilla/5.0 (Windows NT 10.0; Win64; x64; rv:130.0) Gecko/20100101 Firefox/130.0"
103.52.69.97 - - [21/Jul/2026:08:58:34 +0000] "GET /ecrjhekluozoasmdefault.php?p= HTTP/1.1" 500 - "-" "Mozilla/5.0 (Windows NT 10.0; Win64; x64; rv:130.0) Gecko/20100101 Firefox/130.0"
103.52.69.97 - - [21/Jul/2026:08:58:34 +0000] "GET /1hq36hcrc6r0crkdefault.php?p= HTTP/1.1" 500 - "-" "Mozilla/5.0 (Windows NT 10.0; Win64; x64; rv:130.0) Gecko/20100101 Firefox/130.0"
103.52.69.97 - - [21/Jul/2026:08:58:34 +0000] "GET /thbibwbnncthwbbcszCdefault.php?p= HTTP/1.1" 500 - "-" "Mozilla/5.0 (Windows NT 10.0; Win64; x64; rv:130.0) Gecko/20100101 Firefox/130.0"
103.52.69.97 - - [21/Jul/2026:08:58:34 +0000] "GET /system/ecrjhekluozoasmdefault.php?p= HTTP/1.1" 500 - "-" "Mozilla/5.0 (Windows NT 10.0; Win64; x64; rv:130.0) Gecko/20100101 Firefox/130.0"
103.52.69.97 - - [21/Jul/2026:08:58:34 +0000] "GET /wp-content/plugins/ecrjhekluozoasmdefault.php?p= HTTP/1.1" 500 - "-" "Mozilla/5.0 (Windows NT 10.0; Win64; x64; rv:130.0) Gecko/20100101 Firefox/130.0"
103.52.69.97 - - [21/Jul/2026:08:58:34 +0000] "GET /system/03n1hob7p03r2npdefault.php?p= HTTP/1.1" 500 - "-" "Mozilla/5.0 (Windows NT 10.0; Win64; x64; rv:130.0) Gecko/20100101 Firefox/130.0"
103.52.69.97 - - [21/Jul/2026:08:58:34 +0000] "GET /lsjaybvgybhhpbjdefault.php?p= HTTP/1.1" 500 - "-" "Mozilla/5.0 (Windows NT 10.0; Win64; x64; rv:130.0) Gecko/20100101 Firefox/130.0"
103.52.69.97 - - [21/Jul/2026:08:58:34 +0000] "GET /system/lsjaybvgybhhpbjdefault.php?p= HTTP/1.1" 500 - "-" "Mozilla/5.0 (Windows NT 10.0; Win64; x64; rv:130.0) Gecko/20100101 Firefox/130.0"
103.52.69.97 - - [21/Jul/2026:08:58:34 +0000] "GET /wp-content/plugins/03n1hob7p03r2npdefault.php?p= HTTP/1.1" 500 - "-" "Mozilla/5.0 (Windows NT 10.0; Win64; x64; rv:130.0) Gecko/20100101 Firefox/130.0"
103.52.69.97 - - [21/Jul/2026:08:58:34 +0000] "GET /bngzepjrndfkpjbdefault.php?p= HTTP/1.1" 500 - "-" "Mozilla/5.0 (Windows NT 10.0; Win64; x64; rv:130.0) Gecko/20100101 Firefox/130.0"
103.52.69.97 - - [21/Jul/2026:08:58:34 +0000] "GET /system/bngzepjrndfkpjbdefault.php?p= HTTP/1.1" 500 - "-" "Mozilla/5.0 (Windows NT 10.0; Win64; x64; rv:130.0) Gecko/20100101 Firefox/130.0"
103.52.69.97 - - [21/Jul/2026:08:58:34 +0000] "GET /wppst.php?p= HTTP/1.1" 500 - "-" "Mozilla/5.0 (Windows NT 10.0; Win64; x64; rv:130.0) Gecko/20100101 Firefox/130.0"
103.52.69.97 - - [21/Jul/2026:08:58:34 +0000] "GET /system/aa38ncmpwbbhismkwCdefault.php?p= HTTP/1.1" 500 - "-" "Mozilla/5.0 (Windows NT 10.0; Win64; x64; rv:130.0) Gecko/20100101 Firefox/130.0"
103.52.69.97 - - [21/Jul/2026:08:58:34 +0000] "GET /system/wppst.php?p= HTTP/1.1" 500 - "-" "Mozilla/5.0 (Windows NT 10.0; Win64; x64; rv:130.0) Gecko/20100101 Firefox/130.0"
103.52.69.97 - - [21/Jul/2026:08:58:34 +0000] "GET /aa38ncmpwbbhismkwCdefault.php?p= HTTP/1.1" 500 - "-" "Mozilla/5.0 (Windows NT 10.0; Win64; x64; rv:130.0) Gecko/20100101 Firefox/130.0"
103.52.69.97 - - [21/Jul/2026:08:58:34 +0000] "GET /system/580193433907015akp.php?p= HTTP/1.1" 500 - "-" "Mozilla/5.0 (Windows NT 10.0; Win64; x64; rv:130.0) Gecko/20100101 Firefox/130.0"
103.52.69.97 - - [21/Jul/2026:08:58:34 +0000] "GET /580193433907015akp.php?p= HTTP/1.1" 500 - "-" "Mozilla/5.0 (Windows NT 10.0; Win64; x64; rv:130.0) Gecko/20100101 Firefox/130.0"
103.52.69.97 - - [21/Jul/2026:08:58:34 +0000] "GET /AG0zuD0default.php?p= HTTP/1.1" 500 - "-" "Mozilla/5.0 (Windows NT 10.0; Win64; x64; rv:130.0) Gecko/20100101 Firefox/130.0"
103.52.69.97 - - [21/Jul/2026:08:58:34 +0000] "GET /system/580193433907015akp.php?fm=true HTTP/1.1" 500 - "-" "Mozilla/5.0 (Windows NT 10.0; Win64; x64; rv:130.0) Gecko/20100101 Firefox/130.0"
103.52.69.97 - - [21/Jul/2026:08:58:34 +0000] "GET /system/584062352875874akp.php HTTP/1.1" 500 - "-" "Mozilla/5.0 (Windows NT 10.0; Win64; x64; rv:130.0) Gecko/20100101 Firefox/130.0"
103.52.69.97 - - [21/Jul/2026:08:58:34 +0000] "GET /580193433907015akp.php?fm=true HTTP/1.1" 500 - "-" "Mozilla/5.0 (Windows NT 10.0; Win64; x64; rv:130.0) Gecko/20100101 Firefox/130.0"
103.52.69.97 - - [21/Jul/2026:08:58:34 +0000] "GET /584062352875874akp.php HTTP/1.1" 500 - "-" "Mozilla/5.0 (Windows NT 10.0; Win64; x64; rv:130.0) Gecko/20100101 Firefox/130.0"
198.177.124.148 - - [21/Jul/2026:09:10:33 +0000] "POST /wp-cron.php?doing_wp_cron=1784625033.2419409751892089843750 HTTP/1.1" 200 - "-" "WordPress/7.0.2; https://atsluxe.shop"
104.23.217.128 - - [21/Jul/2026:09:10:31 +0000] "GET /wp-admin/install.php?step=1 HTTP/1.1" 200 1355 "-" "http://atsluxe.shop/wp-admin/install.php?step=1"
198.177.124.148 - - [21/Jul/2026:09:15:34 +0000] "POST /wp-cron.php?doing_wp_cron=1784625334.5561509132385253906250 HTTP/1.1" 200 - "-" "WordPress/7.0.2; https://atsluxe.shop"
172.68.193.201 - - [21/Jul/2026:09:15:33 +0000] "GET /wp-admin/install.php?step=1 HTTP/1.1" 200 1355 "-" "http://atsluxe.shop/wp-admin/install.php?step=1"
198.177.124.148 - - [21/Jul/2026:09:15:34 +0000] "POST /wp-cron.php?doing_wp_cron=1784625334.8089580535888671875000 HTTP/1.1" 200 - "-" "WordPress/7.0.2; https://atsluxe.shop"
202.134.9.140 - - [21/Jul/2026:09:15:34 +0000] "POST /wp-login.php HTTP/1.1" 302 - "http://atsluxe.shop/wp-admin/" "Mozilla/5.0 (Windows NT 10.0; Win64; x64) AppleWebKit/537.36 (KHTML, like Gecko) Chrome/90.0.4430.85 Safari/537.36"
34.22.245.55 - - [21/Jul/2026:09:17:21 +0000] "GET / HTTP/1.1" 500 - "-" "Mozilla/5.0 (Windows NT 10.0; Win64; x64) AppleWebKit/537.36 (KHTML, like Gecko) Chrome/131.0.6778.86 Safari/537.36 Edg/131.0.2903.63"
43.135.139.165 - - [21/Jul/2026:09:19:16 +0000] "GET / HTTP/1.1" 500 - "-" "Mozilla/5.0 (iPhone; CPU iPhone OS 13_2_3 like Mac OS X) AppleWebKit/605.1.15 (KHTML, like Gecko) Version/13.0.3 Mobile/15E148 Safari/604.1"
198.177.124.148 - - [21/Jul/2026:09:39:39 +0000] "POST /wp-cron.php?doing_wp_cron=1784626779.2599020004272460937500 HTTP/1.1" 200 - "-" "WordPress/7.0.2; https://atsluxe.shop"
104.23.221.40 - - [21/Jul/2026:09:39:37 +0000] "GET /wp-admin/install.php?step=1 HTTP/1.1" 200 1355 "-" "http://atsluxe.shop/wp-admin/install.php?step=1"
198.177.124.148 - - [21/Jul/2026:09:49:12 +0000] "POST /wp-cron.php?doing_wp_cron=1784627352.8027369976043701171875 HTTP/1.1" 200 - "-" "WordPress/7.0.2; https://atsluxe.shop"
104.23.223.65 - - [21/Jul/2026:09:49:11 +0000] "GET /wp-admin/install.php?step=1 HTTP/1.1" 200 1355 "-" "http://atsluxe.shop/wp-admin/install.php?step=1"
66.249.69.68 - - [21/Jul/2026:09:51:05 +0000] "GET /saiga.php?sitemap869.xml HTTP/1.1" 200 547333 "-" "Mozilla/5.0 (compatible; Googlebot/2.1; +http://www.google.com/bot.html)"
198.177.124.148 - - [21/Jul/2026:09:53:52 +0000] "POST /wp-cron.php?doing_wp_cron=1784627632.7116119861602783203125 HTTP/1.1" 200 - "-" "WordPress/7.0.2; https://atsluxe.shop"
172.71.164.128 - - [21/Jul/2026:09:53:51 +0000] "GET /wp-admin/install.php?step=1 HTTP/1.1" 200 1355 "-" "http://atsluxe.shop/wp-admin/install.php?step=1"
43.165.195.234 - - [21/Jul/2026:09:55:15 +0000] "GET / HTTP/1.1" 500 - "-" "Mozilla/5.0 (iPhone; CPU iPhone OS 13_2_3 like Mac OS X) AppleWebKit/605.1.15 (KHTML, like Gecko) Version/13.0.3 Mobile/15E148 Safari/604.1"
198.177.124.148 - - [21/Jul/2026:10:02:31 +0000] "GET /.well-known/acme-challenge/UVR9W689GP9D8M6H16HVKA_5GNF22CVV HTTP/1.1" 200 64 "-" "Cpanel-HTTP-Client/1.0"
198.177.124.148 - - [21/Jul/2026:10:02:32 +0000] "GET /.well-known/acme-challenge/VYLB2_Y1QB5CVOEO_YS4Z8KR350CCWB3 HTTP/1.1" 200 64 "-" "Cpanel-HTTP-Client/1.0"
66.249.69.67 - - [21/Jul/2026:10:04:07 +0000] "GET /saiga.php?sitemap860.xml HTTP/1.1" 403 512147 "-" "Mozilla/5.0 (compatible; Googlebot/2.1; +http://www.google.com/bot.html)"
172.68.193.200 - - [21/Jul/2026:10:18:52 +0000] "GET /wp-admin/install.php?step=1 HTTP/1.1" 500 - "-" "http://atsluxe.shop/wp-admin/install.php?step=1"
66.249.69.67 - - [21/Jul/2026:10:31:38 +0000] "GET /saiga.php?sitemap270.xml HTTP/1.1" 403 512152 "-" "Mozilla/5.0 (compatible; Googlebot/2.1; +http://www.google.com/bot.html)"
162.158.183.52 - - [21/Jul/2026:10:32:50 +0000] "GET /wp-admin/install.php?step=1 HTTP/1.1" 500 - "-" "http://atsluxe.shop/wp-admin/install.php?step=1"
66.249.69.69 - - [21/Jul/2026:10:34:18 +0000] "GET /saiga.php?sitemap458.xml HTTP/1.1" 403 512149 "-" "Mozilla/5.0 (compatible; Googlebot/2.1; +http://www.google.com/bot.html)"
66.249.69.67 - - [21/Jul/2026:10:40:44 +0000] "GET /saiga.php?sitemap589.xml HTTP/1.1" 403 512161 "-" "Mozilla/5.0 (compatible; Googlebot/2.1; +http://www.google.com/bot.html)"
66.249.69.69 - - [21/Jul/2026:10:47:34 +0000] "GET /saiga.php?sitemap334.xml HTTP/1.1" 403 512141 "-" "Mozilla/5.0 (compatible; Googlebot/2.1; +http://www.google.com/bot.html)"
66.249.69.67 - - [21/Jul/2026:10:52:10 +0000] "GET /saiga.php?sitemap130.xml HTTP/1.1" 403 512133 "-" "Mozilla/5.0 (compatible; Googlebot/2.1; +http://www.google.com/bot.html)"
66.249.69.69 - - [21/Jul/2026:10:54:03 +0000] "GET /saiga.php?sitemap192.xml HTTP/1.1" 403 512172 "-" "Mozilla/5.0 (compatible; Googlebot/2.1; +http://www.google.com/bot.html)"
172.71.148.116 - - [21/Jul/2026:10:58:12 +0000] "GET /wp-admin/install.php?step=1 HTTP/1.1" 500 - "-" "http://atsluxe.shop/wp-admin/install.php?step=1"
104.23.172.91 - - [21/Jul/2026:10:59:56 +0000] "GET /wp-admin/install.php?step=1 HTTP/1.1" 500 - "-" "http://atsluxe.shop/wp-admin/install.php?step=1"
66.249.69.67 - - [21/Jul/2026:11:02:47 +0000] "GET /saiga.php?sitemap873.xml HTTP/1.1" 403 512139 "-" "Mozilla/5.0 (compatible; Googlebot/2.1; +http://www.google.com/bot.html)"
34.22.245.55 - - [21/Jul/2026:11:05:12 +0000] "GET / HTTP/1.1" 500 - "-" "Mozilla/5.0 (X11; Linux x86_64) AppleWebKit/537.36 (KHTML, like Gecko) Chrome/131.0.6778.86 Safari/537.36"
66.249.69.69 - - [21/Jul/2026:11:13:13 +0000] "GET /saiga.php?sitemap587.xml HTTP/1.1" 403 512151 "-" "Mozilla/5.0 (compatible; Googlebot/2.1; +http://www.google.com/bot.html)"
104.23.217.128 - - [21/Jul/2026:11:17:28 +0000] "GET /wp-admin/install.php?step=1 HTTP/1.1" 500 - "-" "http://atsluxe.shop/wp-admin/install.php?step=1"
66.249.69.68 - - [21/Jul/2026:11:17:59 +0000] "GET /saiga.php?sitemap243.xml HTTP/1.1" 403 512143 "-" "Mozilla/5.0 (compatible; Googlebot/2.1; +http://www.google.com/bot.html)"
66.249.69.68 - - [21/Jul/2026:11:23:52 +0000] "GET /saiga.php?sitemap866.xml HTTP/1.1" 403 512186 "-" "Mozilla/5.0 (compatible; Googlebot/2.1; +http://www.google.com/bot.html)"
66.249.69.68 - - [21/Jul/2026:11:29:38 +0000] "GET /saiga.php?sitemap503.xml HTTP/1.1" 403 512199 "-" "Mozilla/5.0 (compatible; Googlebot/2.1; +http://www.google.com/bot.html)"
104.23.223.65 - - [21/Jul/2026:11:30:55 +0000] "GET /wp-admin/install.php?step=1 HTTP/1.1" 500 - "-" "http://atsluxe.shop/wp-admin/install.php?step=1"
66.249.69.68 - - [21/Jul/2026:11:35:17 +0000] "GET /saiga.php?sitemap602.xml HTTP/1.1" 403 512112 "-" "Mozilla/5.0 (compatible; Googlebot/2.1; +http://www.google.com/bot.html)"
66.249.69.69 - - [21/Jul/2026:11:38:29 +0000] "GET /saiga.php?sitemap131.xml HTTP/1.1" 403 512119 "-" "Mozilla/5.0 (compatible; Googlebot/2.1; +http://www.google.com/bot.html)"
172.68.193.201 - - [21/Jul/2026:11:41:49 +0000] "GET /wp-admin/install.php?step=1 HTTP/1.1" 500 - "-" "http://atsluxe.shop/wp-admin/install.php?step=1"
66.249.69.68 - - [21/Jul/2026:11:42:51 +0000] "GET /saiga.php?sitemap640.xml HTTP/1.1" 403 512090 "-" "Mozilla/5.0 (compatible; Googlebot/2.1; +http://www.google.com/bot.html)"
66.249.69.69 - - [21/Jul/2026:11:50:11 +0000] "GET /saiga.php?sitemap29.xml HTTP/1.1" 403 512157 "-" "Mozilla/5.0 (compatible; Googlebot/2.1; +http://www.google.com/bot.html)"
149.154.161.233 - - [21/Jul/2026:11:55:05 +0000] "GET / HTTP/1.1" 500 - "-" "TelegramBot (like TwitterBot)"
66.249.69.68 - - [21/Jul/2026:11:55:38 +0000] "GET /saiga.php?sitemap271.xml HTTP/1.1" 403 512191 "-" "Mozilla/5.0 (compatible; Googlebot/2.1; +http://www.google.com/bot.html)"
104.23.239.113 - - [21/Jul/2026:11:58:22 +0000] "GET /wp-admin/install.php?step=1 HTTP/1.1" 500 - "-" "http://atsluxe.shop/wp-admin/install.php?step=1"
66.249.69.69 - - [21/Jul/2026:11:58:22 +0000] "GET /ammika.php?sitemap794.xml HTTP/1.1" 403 515212 "-" "Mozilla/5.0 (compatible; Googlebot/2.1; +http://www.google.com/bot.html)"
43.155.188.157 - - [21/Jul/2026:12:06:16 +0000] "GET / HTTP/1.1" 500 - "-" "Mozilla/5.0 (iPhone; CPU iPhone OS 13_2_3 like Mac OS X) AppleWebKit/605.1.15 (KHTML, like Gecko) Version/13.0.3 Mobile/15E148 Safari/604.1"
66.249.69.69 - - [21/Jul/2026:12:07:00 +0000] "GET /saiga.php?sitemap189.xml HTTP/1.1" 403 512108 "-" "Mozilla/5.0 (compatible; Googlebot/2.1; +http://www.google.com/bot.html)"
66.249.69.67 - - [21/Jul/2026:12:08:39 +0000] "GET /saiga.php?sitemap915.xml HTTP/1.1" 403 512187 "-" "Mozilla/5.0 (compatible; Googlebot/2.1; +http://www.google.com/bot.html)"
66.249.69.69 - - [21/Jul/2026:12:09:19 +0000] "GET /saiga.php?sitemap150.xml HTTP/1.1" 403 512174 "-" "Mozilla/5.0 (compatible; Googlebot/2.1; +http://www.google.com/bot.html)"
66.249.69.69 - - [21/Jul/2026:12:14:02 +0000] "GET /saiga.php?sitemap893.xml HTTP/1.1" 403 512032 "-" "Mozilla/5.0 (compatible; Googlebot/2.1; +http://www.google.com/bot.html)"
172.71.164.128 - - [21/Jul/2026:12:23:28 +0000] "GET /wp-admin/install.php?step=1 HTTP/1.1" 500 - "-" "http://atsluxe.shop/wp-admin/install.php?step=1"
49.51.33.159 - - [21/Jul/2026:12:27:00 +0000] "GET / HTTP/1.1" 500 - "-" "Mozilla/5.0 (iPhone; CPU iPhone OS 13_2_3 like Mac OS X) AppleWebKit/605.1.15 (KHTML, like Gecko) Version/13.0.3 Mobile/15E148 Safari/604.1"
66.249.69.68 - - [21/Jul/2026:12:29:27 +0000] "GET /saiga.php?sitemap210.xml HTTP/1.1" 403 512163 "-" "Mozilla/5.0 (compatible; Googlebot/2.1; +http://www.google.com/bot.html)"
172.71.164.129 - - [21/Jul/2026:12:31:48 +0000] "GET /wp-admin/install.php?step=1 HTTP/1.1" 500 - "-" "http://atsluxe.shop/wp-admin/install.php?step=1"
66.249.69.67 - - [21/Jul/2026:12:45:11 +0000] "GET /saiga.php?sitemap349.xml HTTP/1.1" 403 512188 "-" "Mozilla/5.0 (compatible; Googlebot/2.1; +http://www.google.com/bot.html)"
66.249.69.67 - - [21/Jul/2026:12:51:37 +0000] "GET /saiga.php?sitemap656.xml HTTP/1.1" 403 512109 "-" "Mozilla/5.0 (compatible; Googlebot/2.1; +http://www.google.com/bot.html)"
172.70.248.92 - - [21/Jul/2026:13:01:43 +0000] "GET /wp-admin/install.php?step=1 HTTP/1.1" 500 - "-" "http://atsluxe.shop/wp-admin/install.php?step=1"
198.177.124.148 - - [21/Jul/2026:13:02:29 +0000] "GET /.well-known/acme-challenge/2V-QR1EGSH5H6ZGQ-GCNEUXU8XFKW-S3 HTTP/1.1" 200 64 "-" "Cpanel-HTTP-Client/1.0"
198.177.124.148 - - [21/Jul/2026:13:02:29 +0000] "GET /.well-known/acme-challenge/G86EXO9D04N4E0EUSGD22LXACJQ0HVZQ HTTP/1.1" 200 64 "-" "Cpanel-HTTP-Client/1.0"
43.157.153.236 - - [21/Jul/2026:13:03:03 +0000] "GET / HTTP/1.1" 500 - "-" "Mozilla/5.0 (iPhone; CPU iPhone OS 13_2_3 like Mac OS X) AppleWebKit/605.1.15 (KHTML, like Gecko) Version/13.0.3 Mobile/15E148 Safari/604.1"
66.249.69.67 - - [21/Jul/2026:13:03:34 +0000] "GET /?l=40129169861 HTTP/1.1" 200 193506 "-" "Mozilla/5.0 (compatible; Googlebot/2.1; +http://www.google.com/bot.html)"
66.249.69.68 - - [21/Jul/2026:13:03:48 +0000] "GET /sitemap53.xml HTTP/1.1" 200 485146 "-" "Mozilla/5.0 (compatible; Googlebot/2.1; +http://www.google.com/bot.html)"
34.77.70.95 - - [21/Jul/2026:13:15:16 +0000] "GET / HTTP/1.1" 500 - "-" "Mozilla/5.0 (X11; Linux x86_64; rv:128.0) Gecko/20100101 Firefox/128.0"
172.69.224.166 - - [21/Jul/2026:13:15:40 +0000] "GET /wp-admin/install.php?step=1 HTTP/1.1" 500 - "-" "http://atsluxe.shop/wp-admin/install.php?step=1"
104.23.221.40 - - [21/Jul/2026:13:17:37 +0000] "GET /wp-admin/install.php?step=1 HTTP/1.1" 500 - "-" "http://atsluxe.shop/wp-admin/install.php?step=1"
66.249.69.69 - - [21/Jul/2026:13:18:13 +0000] "GET /saiga.php?sitemap472.xml HTTP/1.1" 403 512142 "-" "Mozilla/5.0 (compatible; Googlebot/2.1; +http://www.google.com/bot.html)"
66.249.69.67 - - [21/Jul/2026:13:21:59 +0000] "GET /sitemap92.xml HTTP/1.1" 200 485161 "-" "Mozilla/5.0 (compatible; Googlebot/2.1; +http://www.google.com/bot.html)"
104.23.221.40 - - [21/Jul/2026:13:35:49 +0000] "GET /wp-admin/install.php?step=1 HTTP/1.1" 500 - "-" "http://atsluxe.shop/wp-admin/install.php?step=1"
104.23.223.65 - - [21/Jul/2026:13:46:37 +0000] "GET /wp-admin/install.php?step=1 HTTP/1.1" 500 - "-" "http://atsluxe.shop/wp-admin/install.php?step=1"
84.32.41.136 - - [21/Jul/2026:13:53:26 +0000] "GET / HTTP/1.1" 500 - "-" "Mozilla/5.0 (X11; Ubuntu; Linux x86_64; rv:137.0) Gecko/20100101 Firefox/137.0"
84.32.41.136 - - [21/Jul/2026:13:53:27 +0000] "GET / HTTP/1.1" 500 - "-" "Mozilla/5.0 (X11; Ubuntu; Linux x86_64; rv:137.0) Gecko/20100101 Firefox/137.0"
84.32.41.136 - - [21/Jul/2026:13:53:27 +0000] "GET / HTTP/1.1" 500 - "-" "Mozilla/5.0 (X11; Ubuntu; Linux x86_64; rv:137.0) Gecko/20100101 Firefox/137.0"
66.249.69.69 - - [21/Jul/2026:13:54:07 +0000] "GET /saiga.php?sitemap169.xml HTTP/1.1" 403 512128 "-" "Mozilla/5.0 (compatible; Googlebot/2.1; +http://www.google.com/bot.html)"
66.249.69.67 - - [21/Jul/2026:13:54:21 +0000] "GET /saiga.php?sitemap333.xml HTTP/1.1" 403 512209 "-" "Mozilla/5.0 (compatible; Googlebot/2.1; +http://www.google.com/bot.html)"
106.52.49.148 - - [21/Jul/2026:13:57:20 +0000] "GET / HTTP/1.1" 500 - "-" "Mozilla/5.0 (iPhone; CPU iPhone OS 13_2_3 like Mac OS X) AppleWebKit/605.1.15 (KHTML, like Gecko) Version/13.0.3 Mobile/15E148 Safari/604.1"
66.249.69.67 - - [21/Jul/2026:14:00:52 +0000] "GET /sitemap71.xml HTTP/1.1" 200 485110 "-" "Mozilla/5.0 (compatible; Googlebot/2.1; +http://www.google.com/bot.html)"
66.249.69.69 - - [21/Jul/2026:14:02:37 +0000] "GET /saiga.php?sitemap834.xml HTTP/1.1" 403 512179 "-" "Mozilla/5.0 (compatible; Googlebot/2.1; +http://www.google.com/bot.html)"
66.249.69.68 - - [21/Jul/2026:14:09:03 +0000] "GET /saiga.php?sitemap832.xml HTTP/1.1" 403 512132 "-" "Mozilla/5.0 (compatible; Googlebot/2.1; +http://www.google.com/bot.html)"
172.68.193.200 - - [21/Jul/2026:14:12:36 +0000] "GET /wp-admin/install.php?step=1 HTTP/1.1" 500 - "-" "http://atsluxe.shop/wp-admin/install.php?step=1"
66.249.69.67 - - [21/Jul/2026:14:13:27 +0000] "GET /saiga.php?sitemap683.xml HTTP/1.1" 403 512172 "-" "Mozilla/5.0 (compatible; Googlebot/2.1; +http://www.google.com/bot.html)"
162.158.86.220 - - [21/Jul/2026:14:16:21 +0000] "GET /wp-admin/install.php?step=1 HTTP/1.1" 500 - "-" "http://atsluxe.shop/wp-admin/install.php?step=1"
66.249.69.67 - - [21/Jul/2026:14:16:19 +0000] "GET /saiga.php?sitemap86.xml HTTP/1.1" 403 512193 "-" "Mozilla/5.0 (compatible; Googlebot/2.1; +http://www.google.com/bot.html)"
66.249.69.67 - - [21/Jul/2026:14:17:38 +0000] "GET /saiga.php?sitemap519.xml HTTP/1.1" 403 512138 "-" "Mozilla/5.0 (compatible; Googlebot/2.1; +http://www.google.com/bot.html)"
66.249.69.67 - - [21/Jul/2026:14:22:31 +0000] "GET /saiga.php?sitemap718.xml HTTP/1.1" 403 512223 "-" "Mozilla/5.0 (compatible; Googlebot/2.1; +http://www.google.com/bot.html)"
3.80.54.122 - - [21/Jul/2026:14:29:33 +0000] "GET / HTTP/1.1" 500 - "-" "Mozilla/5.0 (Windows NT 6.2; WOW64) AppleWebKit/537.36 (KHTML like Gecko) Chrome/28.0.1469.0 Safari/537.36"
66.249.69.69 - - [21/Jul/2026:14:32:34 +0000] "GET /saiga.php?sitemap180.xml HTTP/1.1" 403 512150 "-" "Mozilla/5.0 (compatible; Googlebot/2.1; +http://www.google.com/bot.html)"
104.23.221.41 - - [21/Jul/2026:14:37:12 +0000] "GET /wp-admin/install.php?step=1 HTTP/1.1" 500 - "-" "http://atsluxe.shop/wp-admin/install.php?step=1"
104.197.69.115 - - [21/Jul/2026:14:39:54 +0000] "GET / HTTP/1.1" 500 - "-" "Mozilla/5.0 (Windows NT 10.0; Win64; x64) AppleWebKit/537.36 (KHTML, like Gecko) Chrome/125.0.6422.60 Safari/537.36 Edge/12.246"
66.249.69.67 - - [21/Jul/2026:14:40:36 +0000] "GET /saiga.php?sitemap281.xml HTTP/1.1" 403 512169 "-" "Mozilla/5.0 (compatible; Googlebot/2.1; +http://www.google.com/bot.html)"
66.249.69.69 - - [21/Jul/2026:14:46:10 +0000] "GET /saiga.php?sitemap302.xml HTTP/1.1" 403 512179 "-" "Mozilla/5.0 (compatible; Googlebot/2.1; +http://www.google.com/bot.html)"
66.249.69.69 - - [21/Jul/2026:14:51:23 +0000] "GET /saiga.php?sitemap826.xml HTTP/1.1" 403 512158 "-" "Mozilla/5.0 (compatible; Googlebot/2.1; +http://www.google.com/bot.html)"
69.171.230.114 - - [21/Jul/2026:14:52:12 +0000] "GET /robots.txt HTTP/1.1" 500 - "-" "facebookexternalhit/1.1 (+http://www.facebook.com/externalhit_uatext.php)"
66.249.69.67 - - [21/Jul/2026:14:54:40 +0000] "GET /saiga.php?sitemap748.xml HTTP/1.1" 403 512114 "-" "Mozilla/5.0 (compatible; Googlebot/2.1; +http://www.google.com/bot.html)"
66.249.69.68 - - [21/Jul/2026:14:55:39 +0000] "GET /saiga.php?sitemap134.xml HTTP/1.1" 403 512127 "-" "Mozilla/5.0 (compatible; Googlebot/2.1; +http://www.google.com/bot.html)"
162.159.113.97 - - [21/Jul/2026:14:56:03 +0000] "GET /wp-admin/install.php?step=1 HTTP/1.1" 500 - "-" "http://atsluxe.shop/wp-admin/install.php?step=1"
104.105.80.153 - - [21/Jul/2026:15:00:16 +0000] "GET / HTTP/1.1" 500 - "-" "Mozilla/5.0 (Linux; Android 11; Nokia G50) AppleWebKit/537.36 (KHTML, like Gecko) Chrome/123.0.6312.61 Mobile Safari/537.36"
172.71.172.11 - - [21/Jul/2026:15:03:28 +0000] "GET /wp-admin/install.php?step=1 HTTP/1.1" 500 - "-" "http://atsluxe.shop/wp-admin/install.php?step=1"
49.51.253.26 - - [21/Jul/2026:15:03:51 +0000] "GET / HTTP/1.1" 500 - "-" "Mozilla/5.0 (iPhone; CPU iPhone OS 13_2_3 like Mac OS X) AppleWebKit/605.1.15 (KHTML, like Gecko) Version/13.0.3 Mobile/15E148 Safari/604.1"
66.249.69.67 - - [21/Jul/2026:15:04:05 +0000] "GET /saiga.php?sitemap475.xml HTTP/1.1" 403 512109 "-" "Mozilla/5.0 (compatible; Googlebot/2.1; +http://www.google.com/bot.html)"
66.249.69.68 - - [21/Jul/2026:15:15:43 +0000] "GET /saiga.php?sitemap193.xml HTTP/1.1" 403 512148 "-" "Mozilla/5.0 (compatible; Googlebot/2.1; +http://www.google.com/bot.html)"
66.249.69.68 - - [21/Jul/2026:15:21:29 +0000] "GET /saiga.php?sitemap537.xml HTTP/1.1" 403 512115 "-" "Mozilla/5.0 (compatible; Googlebot/2.1; +http://www.google.com/bot.html)"
34.77.70.95 - - [21/Jul/2026:15:23:40 +0000] "GET / HTTP/1.1" 500 - "-" "Mozilla/5.0 (Windows NT 10.0; Win64; x64; rv:128.0) Gecko/20100101 Firefox/128.0"
172.68.229.42 - - [21/Jul/2026:15:24:22 +0000] "GET /wp-admin/install.php?step=1 HTTP/1.1" 500 - "-" "http://atsluxe.shop/wp-admin/install.php?step=1"
66.249.69.68 - - [21/Jul/2026:15:25:25 +0000] "GET /saiga.php?sitemap432.xml HTTP/1.1" 403 512122 "-" "Mozilla/5.0 (compatible; Googlebot/2.1; +http://www.google.com/bot.html)"
104.23.221.40 - - [21/Jul/2026:15:30:06 +0000] "GET /wp-admin/install.php?step=1 HTTP/1.1" 500 - "-" "http://atsluxe.shop/wp-admin/install.php?step=1"
66.249.69.67 - - [21/Jul/2026:15:34:43 +0000] "GET /ammika.php?sitemap298.xml HTTP/1.1" 403 515176 "-" "Mozilla/5.0 (compatible; Googlebot/2.1; +http://www.google.com/bot.html)"
66.249.69.69 - - [21/Jul/2026:15:35:25 +0000] "GET /saiga.php?sitemap509.xml HTTP/1.1" 403 512163 "-" "Mozilla/5.0 (compatible; Googlebot/2.1; +http://www.google.com/bot.html)"
43.134.163.229 - - [21/Jul/2026:15:38:20 +0000] "GET / HTTP/1.1" 500 - "-" "Mozilla/5.0 (iPhone; CPU iPhone OS 13_2_3 like Mac OS X) AppleWebKit/605.1.15 (KHTML, like Gecko) Version/13.0.3 Mobile/15E148 Safari/604.1"
66.249.69.69 - - [21/Jul/2026:15:38:29 +0000] "GET /saiga.php?sitemap425.xml HTTP/1.1" 403 512161 "-" "Mozilla/5.0 (compatible; Googlebot/2.1; +http://www.google.com/bot.html)"
66.249.69.67 - - [21/Jul/2026:15:39:16 +0000] "GET /saiga.php?sitemap911.xml HTTP/1.1" 403 512157 "-" "Mozilla/5.0 (compatible; Googlebot/2.1; +http://www.google.com/bot.html)"
40.77.167.243 - - [21/Jul/2026:15:47:39 +0000] "GET /?v=47393140992 HTTP/1.1" 200 192058 "-" "Mozilla/5.0 AppleWebKit/537.36 (KHTML, like Gecko; compatible; bingbot/2.0; +http://www.bing.com/bingbot.htm) Chrome/116.0.1938.76 Safari/537.36"
104.23.223.64 - - [21/Jul/2026:15:49:12 +0000] "GET /wp-admin/install.php?step=1 HTTP/1.1" 500 - "-" "http://atsluxe.shop/wp-admin/install.php?step=1"
198.177.124.148 - - [21/Jul/2026:16:02:27 +0000] "GET /.well-known/acme-challenge/Y0GIUOVFN60ZZMIS3BH_ZH2WL89FH828 HTTP/1.1" 200 64 "-" "Cpanel-HTTP-Client/1.0"
198.177.124.148 - - [21/Jul/2026:16:02:27 +0000] "GET /.well-known/acme-challenge/YP9ZDKGY1GRJ944K3L-HRR57G5P7E7JU HTTP/1.1" 200 64 "-" "Cpanel-HTTP-Client/1.0"
66.249.69.68 - - [21/Jul/2026:16:02:42 +0000] "GET /saiga.php?sitemap186.xml HTTP/1.1" 403 512132 "-" "Mozilla/5.0 (compatible; Googlebot/2.1; +http://www.google.com/bot.html)"
40.77.167.159 - - [21/Jul/2026:16:05:46 +0000] "GET /?j=7746381308 HTTP/1.1" 200 193769 "-" "Mozilla/5.0 AppleWebKit/537.36 (KHTML, like Gecko; compatible; bingbot/2.0; +http://www.bing.com/bingbot.htm) Chrome/116.0.1938.76 Safari/537.36"
66.249.69.68 - - [21/Jul/2026:16:07:49 +0000] "GET /saiga.php?sitemap665.xml HTTP/1.1" 403 512214 "-" "Mozilla/5.0 (compatible; Googlebot/2.1; +http://www.google.com/bot.html)"
43.134.62.67 - - [21/Jul/2026:16:13:15 +0000] "GET / HTTP/1.1" 500 - "-" "Mozilla/5.0 (iPhone; CPU iPhone OS 13_2_3 like Mac OS X) AppleWebKit/605.1.15 (KHTML, like Gecko) Version/13.0.3 Mobile/15E148 Safari/604.1"
40.77.167.76 - - [21/Jul/2026:16:14:04 +0000] "GET /?s=1153615042 HTTP/1.1" 200 197279 "-" "Mozilla/5.0 AppleWebKit/537.36 (KHTML, like Gecko; compatible; bingbot/2.0; +http://www.bing.com/bingbot.htm) Chrome/116.0.1938.76 Safari/537.36"
66.249.69.69 - - [21/Jul/2026:16:15:43 +0000] "GET /saiga.php?sitemap958.xml HTTP/1.1" 403 512161 "-" "Mozilla/5.0 (compatible; Googlebot/2.1; +http://www.google.com/bot.html)"
66.249.69.67 - - [21/Jul/2026:16:16:34 +0000] "GET /saiga.php?sitemap764.xml HTTP/1.1" 403 512200 "-" "Mozilla/5.0 (compatible; Googlebot/2.1; +http://www.google.com/bot.html)"
172.70.248.93 - - [21/Jul/2026:16:18:12 +0000] "GET /wp-admin/install.php?step=1 HTTP/1.1" 500 - "-" "http://atsluxe.shop/wp-admin/install.php?step=1"
104.23.221.41 - - [21/Jul/2026:16:19:15 +0000] "GET /wp-admin/install.php?step=1 HTTP/1.1" 500 - "-" "http://atsluxe.shop/wp-admin/install.php?step=1"
66.249.69.69 - - [21/Jul/2026:16:19:25 +0000] "GET /saiga.php?sitemap282.xml HTTP/1.1" 403 512165 "-" "Mozilla/5.0 (compatible; Googlebot/2.1; +http://www.google.com/bot.html)"
66.249.69.68 - - [21/Jul/2026:16:23:45 +0000] "GET /ammika.php?sitemap38.xml HTTP/1.1" 403 515119 "-" "Mozilla/5.0 (compatible; Googlebot/2.1; +http://www.google.com/bot.html)"
66.249.69.68 - - [21/Jul/2026:16:31:56 +0000] "GET /saiga.php?sitemap935.xml HTTP/1.1" 403 512161 "-" "Mozilla/5.0 (compatible; Googlebot/2.1; +http://www.google.com/bot.html)"
172.70.162.44 - - [21/Jul/2026:16:41:47 +0000] "GET /wp-admin/install.php?step=1 HTTP/1.1" 500 - "-" "http://atsluxe.shop/wp-admin/install.php?step=1"
172.69.151.161 - - [21/Jul/2026:16:43:49 +0000] "GET /wp-admin/install.php?step=1 HTTP/1.1" 500 - "-" "http://atsluxe.shop/wp-admin/install.php?step=1"
66.249.69.68 - - [21/Jul/2026:16:44:39 +0000] "GET /saiga.php?sitemap5.xml HTTP/1.1" 403 512188 "-" "Mozilla/5.0 (compatible; Googlebot/2.1; +http://www.google.com/bot.html)"
40.77.167.42 - - [21/Jul/2026:16:53:28 +0000] "GET /?j=77463101791 HTTP/1.1" 200 195676 "-" "Mozilla/5.0 AppleWebKit/537.36 (KHTML, like Gecko; compatible; bingbot/2.0; +http://www.bing.com/bingbot.htm) Chrome/116.0.1938.76 Safari/537.36"
104.23.221.40 - - [21/Jul/2026:17:01:16 +0000] "GET /wp-admin/install.php?step=1 HTTP/1.1" 500 - "-" "http://atsluxe.shop/wp-admin/install.php?step=1"
40.77.167.151 - - [21/Jul/2026:17:03:19 +0000] "GET /wp-admin/setup-config.php HTTP/1.1" 409 2716 "-" "Mozilla/5.0 AppleWebKit/537.36 (KHTML, like Gecko; compatible; bingbot/2.0; +http://www.bing.com/bingbot.htm) Chrome/116.0.1938.76 Safari/537.36"
52.167.144.162 - - [21/Jul/2026:17:05:59 +0000] "GET /?s=115361678 HTTP/1.1" 200 195338 "-" "Mozilla/5.0 AppleWebKit/537.36 (KHTML, like Gecko; compatible; bingbot/2.0; +http://www.bing.com/bingbot.htm) Chrome/116.0.1938.76 Safari/537.36"
172.70.248.192 - - [21/Jul/2026:17:21:24 +0000] "GET /wp-admin/install.php?step=1 HTTP/1.1" 500 - "-" "http://atsluxe.shop/wp-admin/install.php?step=1"
104.23.221.41 - - [21/Jul/2026:17:35:08 +0000] "GET /wp-admin/install.php?step=1 HTTP/1.1" 500 - "-" "http://atsluxe.shop/wp-admin/install.php?step=1"
34.77.70.95 - - [21/Jul/2026:17:44:56 +0000] "GET / HTTP/1.1" 500 - "-" "Mozilla/5.0 (X11; Linux x86_64; rv:128.0) Gecko/20100101 Firefox/128.0"
40.77.167.6 - - [21/Jul/2026:17:55:26 +0000] "GET /?v=38189271926 HTTP/1.1" 200 192807 "-" "Mozilla/5.0 AppleWebKit/537.36 (KHTML, like Gecko; compatible; bingbot/2.0; +http://www.bing.com/bingbot.htm) Chrome/116.0.1938.76 Safari/537.36"
172.70.248.193 - - [21/Jul/2026:17:58:00 +0000] "GET /wp-admin/install.php?step=1 HTTP/1.1" 500 - "-" "http://atsluxe.shop/wp-admin/install.php?step=1"
52.167.144.147 - - [21/Jul/2026:17:58:57 +0000] "GET /?m=57966152358 HTTP/1.1" 200 193045 "-" "Mozilla/5.0 AppleWebKit/537.36 (KHTML, like Gecko; compatible; bingbot/2.0; +http://www.bing.com/bingbot.htm) Chrome/116.0.1938.76 Safari/537.36"
172.68.193.201 - - [21/Jul/2026:18:06:52 +0000] "GET /wp-admin/install.php?step=1 HTTP/1.1" 500 - "-" "http://atsluxe.shop/wp-admin/install.php?step=1"
86.107.21.84 - - [21/Jul/2026:18:12:01 +0000] "GET / HTTP/1.1" 500 - "-" "Mozilla/5.0 (Linux; Android 11; Nokia G50) AppleWebKit/537.36 (KHTML, like Gecko) Chrome/123.0.6312.61 Mobile Safari/537.36"
104.105.81.101 - - [21/Jul/2026:18:14:14 +0000] "GET / HTTP/1.1" 500 - "-" "Mozilla/5.0 (Macintosh; Intel Mac OS X 10_15_7) AppleWebKit/537.36 (KHTML, like Gecko) Chrome/90.0.4430.93 Safari/537.36"
172.71.172.11 - - [21/Jul/2026:18:27:54 +0000] "GET /wp-admin/install.php?step=1 HTTP/1.1" 500 - "-" "http://atsluxe.shop/wp-admin/install.php?step=1"
66.249.69.67 - - [21/Jul/2026:18:29:21 +0000] "GET /sitemap.xml HTTP/1.1" 200 8027 "-" "Mozilla/5.0 (compatible; Googlebot/2.1; +http://www.google.com/bot.html)"
66.249.69.68 - - [21/Jul/2026:18:29:40 +0000] "GET /sitemap46.xml HTTP/1.1" 200 485148 "-" "Mozilla/5.0 (compatible; Googlebot/2.1; +http://www.google.com/bot.html)"
66.249.69.68 - - [21/Jul/2026:18:30:02 +0000] "GET /sitemap76.xml HTTP/1.1" 200 485153 "-" "Mozilla/5.0 (compatible; Googlebot/2.1; +http://www.google.com/bot.html)"
66.249.69.67 - - [21/Jul/2026:18:30:42 +0000] "GET /sitemap32.xml HTTP/1.1" 200 485162 "-" "Mozilla/5.0 (compatible; Googlebot/2.1; +http://www.google.com/bot.html)"
66.249.69.67 - - [21/Jul/2026:18:31:10 +0000] "GET /sitemap2.xml HTTP/1.1" 200 485166 "-" "Mozilla/5.0 (compatible; Googlebot/2.1; +http://www.google.com/bot.html)"
66.249.69.67 - - [21/Jul/2026:18:34:16 +0000] "GET /sitemap62.xml HTTP/1.1" 200 485149 "-" "Mozilla/5.0 (compatible; Googlebot/2.1; +http://www.google.com/bot.html)"
66.249.69.67 - - [21/Jul/2026:18:38:50 +0000] "GET /ammika.php?h=6032724426 HTTP/1.1" 403 198902 "-" "Mozilla/5.0 (compatible; Googlebot/2.1; +http://www.google.com/bot.html)"
172.68.193.200 - - [21/Jul/2026:18:40:42 +0000] "GET /wp-admin/install.php?step=1 HTTP/1.1" 500 - "-" "http://atsluxe.shop/wp-admin/install.php?step=1"
43.157.147.3 - - [21/Jul/2026:18:44:49 +0000] "GET / HTTP/1.1" 500 - "-" "Mozilla/5.0 (iPhone; CPU iPhone OS 13_2_3 like Mac OS X) AppleWebKit/605.1.15 (KHTML, like Gecko) Version/13.0.3 Mobile/15E148 Safari/604.1"
66.249.69.68 - - [21/Jul/2026:18:53:36 +0000] "GET /ammika.php?sitemap404.xml HTTP/1.1" 403 515203 "-" "Mozilla/5.0 (compatible; Googlebot/2.1; +http://www.google.com/bot.html)"
104.23.221.41 - - [21/Jul/2026:18:56:55 +0000] "GET /wp-admin/install.php?step=1 HTTP/1.1" 500 - "-" "http://atsluxe.shop/wp-admin/install.php?step=1"
198.177.124.148 - - [21/Jul/2026:19:02:27 +0000] "GET /.well-known/acme-challenge/ULGHR33A_S1OE7-7R3SEHL2HL7G7IH5F HTTP/1.1" 200 64 "-" "Cpanel-HTTP-Client/1.0"
198.177.124.148 - - [21/Jul/2026:19:02:27 +0000] "GET /.well-known/acme-challenge/VRDSDZNU9K-JOM4T05MRQF72UJR47802 HTTP/1.1" 200 64 "-" "Cpanel-HTTP-Client/1.0"
34.76.117.34 - - [21/Jul/2026:19:05:02 +0000] "GET / HTTP/1.1" 500 - "-" "Mozilla/5.0 (X11; Linux x86_64; rv:133.0) Gecko/20100101 Firefox/133.0"
52.167.144.195 - - [21/Jul/2026:19:07:31 +0000] "GET /?v=38189263035 HTTP/1.1" 200 194221 "-" "Mozilla/5.0 AppleWebKit/537.36 (KHTML, like Gecko; compatible; bingbot/2.0; +http://www.bing.com/bingbot.htm) Chrome/116.0.1938.76 Safari/537.36"
104.23.221.40 - - [21/Jul/2026:19:10:41 +0000] "GET /wp-admin/install.php?step=1 HTTP/1.1" 500 - "-" "http://atsluxe.shop/wp-admin/install.php?step=1"
40.77.167.77 - - [21/Jul/2026:19:14:25 +0000] "GET /?j=77463139977 HTTP/1.1" 200 192120 "-" "Mozilla/5.0 AppleWebKit/537.36 (KHTML, like Gecko; compatible; bingbot/2.0; +http://www.bing.com/bingbot.htm) Chrome/116.0.1938.76 Safari/537.36"
66.249.69.69 - - [21/Jul/2026:19:18:18 +0000] "GET /ammika.php?sitemap354.xml HTTP/1.1" 403 515119 "-" "Mozilla/5.0 (compatible; Googlebot/2.1; +http://www.google.com/bot.html)"
43.130.31.17 - - [21/Jul/2026:19:21:41 +0000] "GET / HTTP/1.1" 500 - "-" "Mozilla/5.0 (iPhone; CPU iPhone OS 13_2_3 like Mac OS X) AppleWebKit/605.1.15 (KHTML, like Gecko) Version/13.0.3 Mobile/15E148 Safari/604.1"
119.91.20.139 - - [21/Jul/2026:19:28:13 +0000] "GET / HTTP/1.1" 500 - "-" "Mozilla/5.0 (iPhone; CPU iPhone OS 13_2_3 like Mac OS X) AppleWebKit/605.1.15 (KHTML, like Gecko) Version/13.0.3 Mobile/15E148 Safari/604.1"
168.199.145.172 - - [21/Jul/2026:19:36:03 +0000] "HEAD / HTTP/1.1" 500 - "-" "Mozilla/5.0 (Macintosh; Intel Mac OS X 14_3) AppleWebKit/605.1.15 (KHTML, like Gecko) Version/17.3 Safari/605.1.15"
172.70.243.13 - - [21/Jul/2026:19:36:16 +0000] "GET /wp-admin/install.php?step=1 HTTP/1.1" 500 - "-" "http://atsluxe.shop/wp-admin/install.php?step=1"
162.158.216.8 - - [21/Jul/2026:19:39:43 +0000] "GET /wp-admin/install.php?step=1 HTTP/1.1" 500 - "-" "http://atsluxe.shop/wp-admin/install.php?step=1"
52.167.144.214 - - [21/Jul/2026:19:44:36 +0000] "GET /?v=38189274238 HTTP/1.1" 200 194722 "-" "Mozilla/5.0 AppleWebKit/537.36 (KHTML, like Gecko; compatible; bingbot/2.0; +http://www.bing.com/bingbot.htm) Chrome/116.0.1938.76 Safari/537.36"
162.158.110.246 - - [21/Jul/2026:20:06:13 +0000] "GET /wp-admin/install.php?step=1 HTTP/1.1" 500 - "-" "http://atsluxe.shop/wp-admin/install.php?step=1"
185.177.72.53 - - [21/Jul/2026:20:08:26 +0000] "GET /wp-json/gravitysmtp/v1/tests/mock-data?page=gravitysmtp-settings HTTP/1.1" 500 - "-" "curl/8.7.1"
185.177.72.53 - - [21/Jul/2026:20:08:27 +0000] "GET / HTTP/1.1" 500 - "-" "curl/8.7.1"
185.177.72.53 - - [21/Jul/2026:20:08:27 +0000] "GET /admin HTTP/1.1" 500 - "-" "curl/8.7.1"
185.177.72.53 - - [21/Jul/2026:20:08:27 +0000] "GET /admin/ HTTP/1.1" 500 - "-" "curl/8.7.1"
185.177.72.53 - - [21/Jul/2026:20:08:28 +0000] "GET /admin/login HTTP/1.1" 500 - "-" "curl/8.7.1"
185.177.72.53 - - [21/Jul/2026:20:08:28 +0000] "GET /admin/dashboard HTTP/1.1" 500 - "-" "curl/8.7.1"
185.177.72.53 - - [21/Jul/2026:20:08:29 +0000] "GET /admin/config HTTP/1.1" 500 - "-" "curl/8.7.1"
185.177.72.53 - - [21/Jul/2026:20:08:29 +0000] "GET /admin/settings HTTP/1.1" 500 - "-" "curl/8.7.1"
185.177.72.53 - - [21/Jul/2026:20:08:30 +0000] "GET /admin/users HTTP/1.1" 500 - "-" "curl/8.7.1"
185.177.72.53 - - [21/Jul/2026:20:08:30 +0000] "GET /admin/logs HTTP/1.1" 500 - "-" "curl/8.7.1"
185.177.72.53 - - [21/Jul/2026:20:08:30 +0000] "GET /admin/api HTTP/1.1" 500 - "-" "curl/8.7.1"
185.177.72.53 - - [21/Jul/2026:20:08:31 +0000] "GET /admin/backup HTTP/1.1" 500 - "-" "curl/8.7.1"
185.177.72.53 - - [21/Jul/2026:20:08:31 +0000] "GET /admin/export HTTP/1.1" 500 - "-" "curl/8.7.1"
185.177.72.53 - - [21/Jul/2026:20:08:31 +0000] "GET /admin/import HTTP/1.1" 500 - "-" "curl/8.7.1"
185.177.72.53 - - [21/Jul/2026:20:08:32 +0000] "GET /admin/upload HTTP/1.1" 500 - "-" "curl/8.7.1"
185.177.72.53 - - [21/Jul/2026:20:08:32 +0000] "GET /admin/file HTTP/1.1" 500 - "-" "curl/8.7.1"
185.177.72.53 - - [21/Jul/2026:20:08:33 +0000] "GET /admin/files HTTP/1.1" 500 - "-" "curl/8.7.1"
185.177.72.53 - - [21/Jul/2026:20:08:33 +0000] "GET /admin/media HTTP/1.1" 500 - "-" "curl/8.7.1"
185.177.72.53 - - [21/Jul/2026:20:08:33 +0000] "GET /admin/images HTTP/1.1" 500 - "-" "curl/8.7.1"
185.177.72.53 - - [21/Jul/2026:20:08:34 +0000] "GET /admin/db HTTP/1.1" 500 - "-" "curl/8.7.1"
185.177.72.53 - - [21/Jul/2026:20:08:34 +0000] "GET /admin/database HTTP/1.1" 500 - "-" "curl/8.7.1"
185.177.72.53 - - [21/Jul/2026:20:08:35 +0000] "GET /admin/sql HTTP/1.1" 500 - "-" "curl/8.7.1"
185.177.72.53 - - [21/Jul/2026:20:08:35 +0000] "GET /admin/cache HTTP/1.1" 500 - "-" "curl/8.7.1"
185.177.72.53 - - [21/Jul/2026:20:08:35 +0000] "GET /admin/cron HTTP/1.1" 500 - "-" "curl/8.7.1"
185.177.72.53 - - [21/Jul/2026:20:08:36 +0000] "GET /admin/jobs HTTP/1.1" 500 - "-" "curl/8.7.1"
185.177.72.53 - - [21/Jul/2026:20:08:37 +0000] "GET /admin/queue HTTP/1.1" 500 - "-" "curl/8.7.1"
185.177.72.53 - - [21/Jul/2026:20:08:37 +0000] "GET /admin/tasks HTTP/1.1" 500 - "-" "curl/8.7.1"
185.177.72.53 - - [21/Jul/2026:20:08:37 +0000] "GET /admin/reports HTTP/1.1" 500 - "-" "curl/8.7.1"
185.177.72.53 - - [21/Jul/2026:20:08:38 +0000] "GET /admin/analytics HTTP/1.1" 500 - "-" "curl/8.7.1"
185.177.72.53 - - [21/Jul/2026:20:08:38 +0000] "GET /admin/stats HTTP/1.1" 500 - "-" "curl/8.7.1"
185.177.72.53 - - [21/Jul/2026:20:08:39 +0000] "GET /admin/monitoring HTTP/1.1" 500 - "-" "curl/8.7.1"
185.177.72.53 - - [21/Jul/2026:20:08:39 +0000] "GET /admin/health HTTP/1.1" 500 - "-" "curl/8.7.1"
185.177.72.53 - - [21/Jul/2026:20:08:39 +0000] "GET /admin/debug HTTP/1.1" 500 - "-" "curl/8.7.1"
185.177.72.53 - - [21/Jul/2026:20:08:40 +0000] "GET /admin/test HTTP/1.1" 500 - "-" "curl/8.7.1"
185.177.72.53 - - [21/Jul/2026:20:08:40 +0000] "GET /admin/phpinfo HTTP/1.1" 500 - "-" "curl/8.7.1"
185.177.72.53 - - [21/Jul/2026:20:08:40 +0000] "GET /admin/info HTTP/1.1" 500 - "-" "curl/8.7.1"
185.177.72.53 - - [21/Jul/2026:20:08:41 +0000] "GET /admin/system HTTP/1.1" 500 - "-" "curl/8.7.1"
185.177.72.53 - - [21/Jul/2026:20:08:41 +0000] "GET /admin/tools HTTP/1.1" 500 - "-" "curl/8.7.1"
185.177.72.53 - - [21/Jul/2026:20:08:42 +0000] "GET /admin/console HTTP/1.1" 500 - "-" "curl/8.7.1"
185.177.72.53 - - [21/Jul/2026:20:08:42 +0000] "GET /admin/terminal HTTP/1.1" 500 - "-" "curl/8.7.1"
185.177.72.53 - - [21/Jul/2026:20:08:42 +0000] "GET /admin/shell HTTP/1.1" 500 - "-" "curl/8.7.1"
185.177.72.53 - - [21/Jul/2026:20:08:43 +0000] "GET /admin/cms HTTP/1.1" 500 - "-" "curl/8.7.1"
185.177.72.53 - - [21/Jul/2026:20:08:43 +0000] "GET /admin/content HTTP/1.1" 500 - "-" "curl/8.7.1"
185.177.72.53 - - [21/Jul/2026:20:08:44 +0000] "GET /admin/pages HTTP/1.1" 500 - "-" "curl/8.7.1"
185.177.72.53 - - [21/Jul/2026:20:08:44 +0000] "GET /admin/posts HTTP/1.1" 500 - "-" "curl/8.7.1"
185.177.72.53 - - [21/Jul/2026:20:08:44 +0000] "GET /admin/comments HTTP/1.1" 500 - "-" "curl/8.7.1"
185.177.72.53 - - [21/Jul/2026:20:08:45 +0000] "GET /admin/plugins HTTP/1.1" 500 - "-" "curl/8.7.1"
185.177.72.53 - - [21/Jul/2026:20:08:45 +0000] "GET /admin/themes HTTP/1.1" 500 - "-" "curl/8.7.1"
185.177.72.53 - - [21/Jul/2026:20:08:46 +0000] "GET /admin/modules HTTP/1.1" 500 - "-" "curl/8.7.1"
185.177.72.53 - - [21/Jul/2026:20:08:46 +0000] "GET /admin/extensions HTTP/1.1" 500 - "-" "curl/8.7.1"
185.177.72.53 - - [21/Jul/2026:20:08:46 +0000] "GET /admin/addons HTTP/1.1" 500 - "-" "curl/8.7.1"
185.177.72.53 - - [21/Jul/2026:20:08:47 +0000] "GET /admin/accounts HTTP/1.1" 500 - "-" "curl/8.7.1"
185.177.72.53 - - [21/Jul/2026:20:08:47 +0000] "GET /admin/roles HTTP/1.1" 500 - "-" "curl/8.7.1"
185.177.72.53 - - [21/Jul/2026:20:08:48 +0000] "GET /admin/permissions HTTP/1.1" 500 - "-" "curl/8.7.1"
185.177.72.53 - - [21/Jul/2026:20:08:48 +0000] "GET /admin/groups HTTP/1.1" 500 - "-" "curl/8.7.1"
185.177.72.53 - - [21/Jul/2026:20:08:48 +0000] "GET /admin/members HTTP/1.1" 500 - "-" "curl/8.7.1"
