File: /home/yalenocb/access-logs/amnehub.shop.yalehafricanfoods.shop
172.70.248.159 - - [21/Jul/2026:08:18:08 +0000] "GET /wp-admin/install.php?step=1 HTTP/1.1" 200 1355 "-" "http://amnehub.shop/wp-admin/install.php?step=1"
104.23.239.25 - - [21/Jul/2026:10:00:46 +0000] "GET /wp-admin/install.php?step=1 HTTP/1.1" 200 1355 "-" "http://amnehub.shop/wp-admin/install.php?step=1"
192.121.135.39 - - [21/Jul/2026:10:19:15 +0000] "GET / HTTP/1.1" 200 92712 "-" "Mozilla/5.0 (Windows NT 10.0; Win64; x64) AppleWebKit/537.36 (KHTML, like Gecko) Chrome/121.0.0.0 Safari/537.3"
198.177.124.148 - - [21/Jul/2026:10:30:44 +0000] "POST /wp-cron.php?doing_wp_cron=1784629844.1580519676208496093750 HTTP/1.1" 200 - "-" "WordPress/7.0.2; https://amnehub.shop"
43.161.233.190 - - [21/Jul/2026:10:30:42 +0000] "GET / HTTP/1.1" 200 92712 "-" "Mozilla/5.0 (iPhone; CPU iPhone OS 13_2_3 like Mac OS X) AppleWebKit/605.1.15 (KHTML, like Gecko) Version/13.0.3 Mobile/15E148 Safari/604.1"
198.177.124.148 - - [21/Jul/2026:11:46:36 +0000] "POST /wp-cron.php?doing_wp_cron=1784634396.9858410358428955078125 HTTP/1.1" 200 - "-" "WordPress/7.0.2; https://amnehub.shop"
104.23.221.24 - - [21/Jul/2026:11:46:34 +0000] "GET /wp-admin/install.php?step=1 HTTP/1.1" 404 78436 "-" "http://amnehub.shop/wp-admin/install.php?step=1"
198.177.124.148 - - [21/Jul/2026:13:27:56 +0000] "POST /wp-cron.php?doing_wp_cron=1784640476.0512120723724365234375 HTTP/1.1" 200 - "-" "WordPress/7.0.2; https://amnehub.shop"
141.101.98.228 - - [21/Jul/2026:13:27:53 +0000] "GET /wp-admin/install.php?step=1 HTTP/1.1" 404 78436 "-" "http://amnehub.shop/wp-admin/install.php?step=1"
139.155.134.17 - - [21/Jul/2026:14:13:10 +0000] "GET / HTTP/1.1" 200 92712 "-" "Mozilla/5.0 (iPhone; CPU iPhone OS 13_2_3 like Mac OS X) AppleWebKit/605.1.15 (KHTML, like Gecko) Version/13.0.3 Mobile/15E148 Safari/604.1"
43.166.128.187 - - [21/Jul/2026:14:22:24 +0000] "GET / HTTP/1.1" 200 92712 "-" "Mozilla/5.0 (iPhone; CPU iPhone OS 13_2_3 like Mac OS X) AppleWebKit/605.1.15 (KHTML, like Gecko) Version/13.0.3 Mobile/15E148 Safari/604.1"
162.158.110.105 - - [21/Jul/2026:15:13:09 +0000] "GET /wp-admin/install.php?step=1 HTTP/1.1" 404 78436 "-" "http://amnehub.shop/wp-admin/install.php?step=1"
160.30.136.8 - - [21/Jul/2026:16:19:52 +0000] "POST /wp-admin/admin-ajax.php HTTP/1.1" 400 1 "-" "Mozilla/5.0"
160.30.136.8 - - [21/Jul/2026:16:19:54 +0000] "POST / HTTP/1.1" 200 92712 "-" "Mozilla/5.0"
160.30.136.8 - - [21/Jul/2026:16:19:56 +0000] "POST /wp-admin/admin-ajax.php HTTP/1.1" 400 1 "-" "Mozilla/5.0"
160.30.136.8 - - [21/Jul/2026:16:19:57 +0000] "POST / HTTP/1.1" 200 92712 "-" "Mozilla/5.0"
160.30.136.8 - - [21/Jul/2026:16:19:59 +0000] "POST /wp-admin/admin-ajax.php HTTP/1.1" 400 1 "-" "Mozilla/5.0"
160.30.136.8 - - [21/Jul/2026:16:20:01 +0000] "POST / HTTP/1.1" 200 92712 "-" "Mozilla/5.0"
160.30.136.8 - - [21/Jul/2026:16:20:05 +0000] "POST /wp-admin/admin-ajax.php HTTP/1.1" 400 1 "-" "Mozilla/5.0"
160.30.136.8 - - [21/Jul/2026:16:20:07 +0000] "POST / HTTP/1.1" 200 92712 "-" "Mozilla/5.0"
172.71.164.150 - - [21/Jul/2026:16:57:46 +0000] "GET /wp-admin/install.php?step=1 HTTP/1.1" 404 78436 "-" "http://amnehub.shop/wp-admin/install.php?step=1"
172.71.102.201 - - [21/Jul/2026:17:00:43 +0000] "GET /wp-admin/install.php?step=1 HTTP/1.1" 404 78436 "-" "http://amnehub.shop/wp-admin/install.php?step=1"
129.226.193.111 - - [21/Jul/2026:18:14:45 +0000] "GET / HTTP/1.1" 200 92712 "-" "Mozilla/5.0 (iPhone; CPU iPhone OS 13_2_3 like Mac OS X) AppleWebKit/605.1.15 (KHTML, like Gecko) Version/13.0.3 Mobile/15E148 Safari/604.1"
104.23.221.24 - - [21/Jul/2026:18:38:25 +0000] "GET /wp-admin/install.php?step=1 HTTP/1.1" 404 78436 "-" "http://amnehub.shop/wp-admin/install.php?step=1"
66.249.66.167 - - [21/Jul/2026:18:55:18 +0000] "GET /robots.txt HTTP/1.1" 200 113 "-" "Mozilla/5.0 (compatible; Googlebot/2.1; +http://www.google.com/bot.html)"
185.177.72.29 - - [21/Jul/2026:18:57:21 +0000] "GET /wp-json/gravitysmtp/v1/tests/mock-data?page=gravitysmtp-settings HTTP/1.1" 404 114 "-" "curl/8.7.1"
185.177.72.29 - - [21/Jul/2026:18:57:23 +0000] "GET / HTTP/1.1" 200 92712 "-" "curl/8.7.1"
185.177.72.29 - - [21/Jul/2026:18:57:25 +0000] "GET /admin HTTP/1.1" 302 - "-" "curl/8.7.1"
185.177.72.69 - - [21/Jul/2026:19:29:14 +0000] "GET /wp-includes/js/dist/script-modules/block-library/navigation/view.min.js HTTP/1.1" 200 3053 "-" "curl/8.7.1"
185.177.72.69 - - [21/Jul/2026:19:29:14 +0000] "POST / HTTP/1.1" 200 92712 "-" "Mozilla/5.0 (Windows NT 10.0; Win64; x64) AppleWebKit/537.36"
185.177.72.69 - - [21/Jul/2026:19:29:16 +0000] "POST / HTTP/1.1" 200 92712 "-" "Mozilla/5.0 (Windows NT 10.0; Win64; x64) AppleWebKit/537.36"
185.177.72.69 - - [21/Jul/2026:19:29:18 +0000] "POST /_next HTTP/1.1" 404 78436 "-" "Mozilla/5.0 (Windows NT 10.0; Win64; x64) AppleWebKit/537.36"
185.177.72.69 - - [21/Jul/2026:19:29:19 +0000] "POST /api HTTP/1.1" 404 78436 "-" "Mozilla/5.0 (Windows NT 10.0; Win64; x64) AppleWebKit/537.36"
185.177.72.69 - - [21/Jul/2026:19:29:21 +0000] "POST /api/auth HTTP/1.1" 404 78436 "-" "Mozilla/5.0 (Windows NT 10.0; Win64; x64) AppleWebKit/537.36"
185.177.72.69 - - [21/Jul/2026:19:29:22 +0000] "POST /api/auth/callback HTTP/1.1" 404 78436 "-" "Mozilla/5.0 (Windows NT 10.0; Win64; x64) AppleWebKit/537.36"
185.177.72.69 - - [21/Jul/2026:19:29:24 +0000] "POST /api/auth/session HTTP/1.1" 404 78436 "-" "Mozilla/5.0 (Windows NT 10.0; Win64; x64) AppleWebKit/537.36"
185.177.72.69 - - [21/Jul/2026:19:29:26 +0000] "POST /_rsc HTTP/1.1" 404 78436 "-" "Mozilla/5.0 (Windows NT 10.0; Win64; x64) AppleWebKit/537.36"
185.177.72.69 - - [21/Jul/2026:19:29:27 +0000] "POST /__rsc HTTP/1.1" 404 78436 "-" "Mozilla/5.0 (Windows NT 10.0; Win64; x64) AppleWebKit/537.36"
185.177.72.69 - - [21/Jul/2026:19:29:29 +0000] "POST /.action HTTP/1.1" 404 78436 "-" "Mozilla/5.0 (Windows NT 10.0; Win64; x64) AppleWebKit/537.36"
185.177.72.69 - - [21/Jul/2026:19:29:31 +0000] "POST /__nextjs_action HTTP/1.1" 404 78436 "-" "Mozilla/5.0 (Windows NT 10.0; Win64; x64) AppleWebKit/537.36"
185.177.72.69 - - [21/Jul/2026:19:29:33 +0000] "POST /_middleware HTTP/1.1" 404 78436 "-" "Mozilla/5.0 (Windows NT 10.0; Win64; x64) AppleWebKit/537.36"
185.177.72.69 - - [21/Jul/2026:19:29:35 +0000] "POST /_next/image HTTP/1.1" 404 78436 "-" "Mozilla/5.0 (Windows NT 10.0; Win64; x64) AppleWebKit/537.36"
185.177.72.69 - - [21/Jul/2026:19:29:37 +0000] "POST /RSC/exroydvh8gnwj3j.txt HTTP/1.1" 404 78436 "-" "Mozilla/5.0 (Windows NT 10.0; Win64; x64) AppleWebKit/537.36"
185.177.72.69 - - [21/Jul/2026:19:29:38 +0000] "POST /RSC/R/bkytzacngmy7riz.txt HTTP/1.1" 404 78436 "-" "Mozilla/5.0 (Windows NT 10.0; Win64; x64) AppleWebKit/537.36"
185.177.72.69 - - [21/Jul/2026:19:29:40 +0000] "POST /vendor/phpunit/phpunit/src/Util/PHP/eval-stdin.php HTTP/1.1" 404 78436 "-" "curl/8.7.1"
185.177.72.69 - - [21/Jul/2026:19:29:42 +0000] "POST /vendor/phpunit/phpunit/Util/PHP/eval-stdin.php HTTP/1.1" 404 78436 "-" "curl/8.7.1"
185.177.72.69 - - [21/Jul/2026:19:29:44 +0000] "POST /laravel/vendor/phpunit/phpunit/src/Util/PHP/eval-stdin.php HTTP/1.1" 404 78436 "-" "curl/8.7.1"
185.177.72.69 - - [21/Jul/2026:19:29:46 +0000] "POST /yii/vendor/phpunit/phpunit/src/Util/PHP/eval-stdin.php HTTP/1.1" 404 78436 "-" "curl/8.7.1"
185.177.72.69 - - [21/Jul/2026:19:29:47 +0000] "POST /zend/vendor/phpunit/phpunit/src/Util/PHP/eval-stdin.php HTTP/1.1" 404 78436 "-" "curl/8.7.1"
185.177.72.69 - - [21/Jul/2026:19:29:49 +0000] "POST /lib/vendor/phpunit/phpunit/src/Util/PHP/eval-stdin.php HTTP/1.1" 404 78436 "-" "curl/8.7.1"
185.177.72.29 - - [21/Jul/2026:20:06:14 +0000] "POST / HTTP/1.1" 200 92712 "-" "Mozilla/5.0 (Windows NT 10.0; Win64; x64) AppleWebKit/537.36"
185.177.72.29 - - [21/Jul/2026:20:06:16 +0000] "POST / HTTP/1.1" 200 92712 "-" "Mozilla/5.0 (Windows NT 10.0; Win64; x64) AppleWebKit/537.36"
185.177.72.29 - - [21/Jul/2026:20:06:18 +0000] "POST /_next HTTP/1.1" 404 78436 "-" "Mozilla/5.0 (Windows NT 10.0; Win64; x64) AppleWebKit/537.36"
185.177.72.29 - - [21/Jul/2026:20:06:19 +0000] "POST /api HTTP/1.1" 404 78436 "-" "Mozilla/5.0 (Windows NT 10.0; Win64; x64) AppleWebKit/537.36"
185.177.72.29 - - [21/Jul/2026:20:06:21 +0000] "POST /api/auth HTTP/1.1" 404 78436 "-" "Mozilla/5.0 (Windows NT 10.0; Win64; x64) AppleWebKit/537.36"
185.177.72.29 - - [21/Jul/2026:20:06:22 +0000] "POST /api/auth/callback HTTP/1.1" 404 78436 "-" "Mozilla/5.0 (Windows NT 10.0; Win64; x64) AppleWebKit/537.36"
185.177.72.29 - - [21/Jul/2026:20:06:24 +0000] "POST /api/auth/session HTTP/1.1" 404 78436 "-" "Mozilla/5.0 (Windows NT 10.0; Win64; x64) AppleWebKit/537.36"
185.177.72.29 - - [21/Jul/2026:20:06:25 +0000] "POST /_rsc HTTP/1.1" 404 78436 "-" "Mozilla/5.0 (Windows NT 10.0; Win64; x64) AppleWebKit/537.36"
185.177.72.29 - - [21/Jul/2026:20:06:26 +0000] "POST /__rsc HTTP/1.1" 404 78436 "-" "Mozilla/5.0 (Windows NT 10.0; Win64; x64) AppleWebKit/537.36"
185.177.72.29 - - [21/Jul/2026:20:06:28 +0000] "POST /.action HTTP/1.1" 404 78436 "-" "Mozilla/5.0 (Windows NT 10.0; Win64; x64) AppleWebKit/537.36"
185.177.72.29 - - [21/Jul/2026:20:06:29 +0000] "POST /__nextjs_action HTTP/1.1" 404 78436 "-" "Mozilla/5.0 (Windows NT 10.0; Win64; x64) AppleWebKit/537.36"
185.177.72.29 - - [21/Jul/2026:20:06:30 +0000] "POST /_middleware HTTP/1.1" 404 78436 "-" "Mozilla/5.0 (Windows NT 10.0; Win64; x64) AppleWebKit/537.36"
185.177.72.29 - - [21/Jul/2026:20:06:32 +0000] "POST /_next/image HTTP/1.1" 404 78436 "-" "Mozilla/5.0 (Windows NT 10.0; Win64; x64) AppleWebKit/537.36"
185.177.72.29 - - [21/Jul/2026:20:06:33 +0000] "POST /RSC/vt3t8ro3rw3o6ye.txt HTTP/1.1" 404 78436 "-" "Mozilla/5.0 (Windows NT 10.0; Win64; x64) AppleWebKit/537.36"
185.177.72.29 - - [21/Jul/2026:20:06:35 +0000] "POST /RSC/R/vkhgvq6f2btwtcx.txt HTTP/1.1" 404 78436 "-" "Mozilla/5.0 (Windows NT 10.0; Win64; x64) AppleWebKit/537.36"
185.177.72.29 - - [21/Jul/2026:20:06:36 +0000] "POST /vendor/phpunit/phpunit/src/Util/PHP/eval-stdin.php HTTP/1.1" 404 78436 "-" "curl/8.7.1"
185.177.72.29 - - [21/Jul/2026:20:06:38 +0000] "POST /vendor/phpunit/phpunit/Util/PHP/eval-stdin.php HTTP/1.1" 404 78436 "-" "curl/8.7.1"
185.177.72.29 - - [21/Jul/2026:20:06:39 +0000] "POST /laravel/vendor/phpunit/phpunit/src/Util/PHP/eval-stdin.php HTTP/1.1" 404 78436 "-" "curl/8.7.1"
185.177.72.29 - - [21/Jul/2026:20:06:41 +0000] "POST /yii/vendor/phpunit/phpunit/src/Util/PHP/eval-stdin.php HTTP/1.1" 404 78436 "-" "curl/8.7.1"
185.177.72.29 - - [21/Jul/2026:20:06:42 +0000] "POST /zend/vendor/phpunit/phpunit/src/Util/PHP/eval-stdin.php HTTP/1.1" 404 78436 "-" "curl/8.7.1"
185.177.72.29 - - [21/Jul/2026:20:06:44 +0000] "POST /lib/vendor/phpunit/phpunit/src/Util/PHP/eval-stdin.php HTTP/1.1" 404 78436 "-" "curl/8.7.1"
185.177.72.58 - - [21/Jul/2026:20:22:15 +0000] "GET /wp-includes/js/dist/script-modules/block-library/navigation/view.min.js HTTP/1.1" 200 3053 "-" "curl/8.7.1"
185.177.72.58 - - [21/Jul/2026:20:22:16 +0000] "POST / HTTP/1.1" 200 92712 "-" "Mozilla/5.0 (Windows NT 10.0; Win64; x64) AppleWebKit/537.36"
185.177.72.58 - - [21/Jul/2026:20:22:18 +0000] "POST / HTTP/1.1" 200 92712 "-" "Mozilla/5.0 (Windows NT 10.0; Win64; x64) AppleWebKit/537.36"
185.177.72.58 - - [21/Jul/2026:20:22:19 +0000] "POST /_next HTTP/1.1" 404 78436 "-" "Mozilla/5.0 (Windows NT 10.0; Win64; x64) AppleWebKit/537.36"
185.177.72.58 - - [21/Jul/2026:20:22:20 +0000] "POST /api HTTP/1.1" 404 78436 "-" "Mozilla/5.0 (Windows NT 10.0; Win64; x64) AppleWebKit/537.36"
185.177.72.58 - - [21/Jul/2026:20:22:21 +0000] "POST /api/auth HTTP/1.1" 404 78436 "-" "Mozilla/5.0 (Windows NT 10.0; Win64; x64) AppleWebKit/537.36"
185.177.72.58 - - [21/Jul/2026:20:22:22 +0000] "POST /api/auth/callback HTTP/1.1" 404 78436 "-" "Mozilla/5.0 (Windows NT 10.0; Win64; x64) AppleWebKit/537.36"
185.177.72.58 - - [21/Jul/2026:20:22:23 +0000] "POST /api/auth/session HTTP/1.1" 404 78436 "-" "Mozilla/5.0 (Windows NT 10.0; Win64; x64) AppleWebKit/537.36"
185.177.72.58 - - [21/Jul/2026:20:22:25 +0000] "POST /_rsc HTTP/1.1" 404 78436 "-" "Mozilla/5.0 (Windows NT 10.0; Win64; x64) AppleWebKit/537.36"
185.177.72.58 - - [21/Jul/2026:20:22:26 +0000] "POST /__rsc HTTP/1.1" 404 78436 "-" "Mozilla/5.0 (Windows NT 10.0; Win64; x64) AppleWebKit/537.36"
185.177.72.58 - - [21/Jul/2026:20:22:27 +0000] "POST /.action HTTP/1.1" 404 78436 "-" "Mozilla/5.0 (Windows NT 10.0; Win64; x64) AppleWebKit/537.36"
185.177.72.58 - - [21/Jul/2026:20:22:28 +0000] "POST /__nextjs_action HTTP/1.1" 404 78436 "-" "Mozilla/5.0 (Windows NT 10.0; Win64; x64) AppleWebKit/537.36"
185.177.72.58 - - [21/Jul/2026:20:22:30 +0000] "POST /_middleware HTTP/1.1" 404 78436 "-" "Mozilla/5.0 (Windows NT 10.0; Win64; x64) AppleWebKit/537.36"
185.177.72.58 - - [21/Jul/2026:20:22:31 +0000] "POST /_next/image HTTP/1.1" 404 78436 "-" "Mozilla/5.0 (Windows NT 10.0; Win64; x64) AppleWebKit/537.36"
185.177.72.58 - - [21/Jul/2026:20:22:32 +0000] "POST /RSC/1xd1f52k0vx6u1t.txt HTTP/1.1" 404 78436 "-" "Mozilla/5.0 (Windows NT 10.0; Win64; x64) AppleWebKit/537.36"
185.177.72.58 - - [21/Jul/2026:20:22:33 +0000] "POST /RSC/R/6cx2s7wwec7oxrh.txt HTTP/1.1" 404 78436 "-" "Mozilla/5.0 (Windows NT 10.0; Win64; x64) AppleWebKit/537.36"
185.177.72.58 - - [21/Jul/2026:20:22:34 +0000] "POST /vendor/phpunit/phpunit/src/Util/PHP/eval-stdin.php HTTP/1.1" 404 78436 "-" "curl/8.7.1"
185.177.72.58 - - [21/Jul/2026:20:22:36 +0000] "POST /vendor/phpunit/phpunit/Util/PHP/eval-stdin.php HTTP/1.1" 404 78436 "-" "curl/8.7.1"
185.177.72.58 - - [21/Jul/2026:20:22:37 +0000] "POST /laravel/vendor/phpunit/phpunit/src/Util/PHP/eval-stdin.php HTTP/1.1" 404 78436 "-" "curl/8.7.1"
185.177.72.58 - - [21/Jul/2026:20:22:38 +0000] "POST /yii/vendor/phpunit/phpunit/src/Util/PHP/eval-stdin.php HTTP/1.1" 404 78436 "-" "curl/8.7.1"
185.177.72.58 - - [21/Jul/2026:20:22:39 +0000] "POST /zend/vendor/phpunit/phpunit/src/Util/PHP/eval-stdin.php HTTP/1.1" 404 78436 "-" "curl/8.7.1"
185.177.72.58 - - [21/Jul/2026:20:22:40 +0000] "POST /lib/vendor/phpunit/phpunit/src/Util/PHP/eval-stdin.php HTTP/1.1" 404 78436 "-" "curl/8.7.1"
162.158.216.73 - - [21/Jul/2026:20:22:50 +0000] "GET /wp-admin/install.php?step=1 HTTP/1.1" 404 78436 "-" "http://amnehub.shop/wp-admin/install.php?step=1"
34.106.160.46 - - [21/Jul/2026:21:19:05 +0000] "GET / HTTP/1.1" 200 92712 "-" "wp2shell"
34.106.160.46 - - [21/Jul/2026:21:19:08 +0000] "GET / HTTP/1.1" 200 92712 "-" "wp2shell"
34.106.160.46 - - [21/Jul/2026:21:19:09 +0000] "GET /wp-json/ HTTP/1.1" 200 263166 "-" "wp2shell"
34.106.160.46 - - [21/Jul/2026:21:19:11 +0000] "GET /?rest_route=/ HTTP/1.1" 200 263166 "-" "wp2shell"
34.106.160.46 - - [21/Jul/2026:21:19:13 +0000] "GET /wp-json/ HTTP/1.1" 200 263166 "-" "wp2shell"
34.106.160.46 - - [21/Jul/2026:21:19:15 +0000] "GET /?rest_route=/ HTTP/1.1" 200 263166 "-" "wp2shell"
34.106.160.46 - - [21/Jul/2026:21:19:16 +0000] "GET / HTTP/1.1" 200 92712 "-" "wp2shell"
34.106.160.46 - - [21/Jul/2026:21:19:18 +0000] "POST /?rest_route=/batch/v1 HTTP/1.1" 207 634 "-" "wp2shell"
104.23.223.88 - - [21/Jul/2026:22:06:59 +0000] "GET /wp-admin/install.php?step=1 HTTP/1.1" 404 78436 "-" "http://amnehub.shop/wp-admin/install.php?step=1"
49.51.183.220 - - [21/Jul/2026:22:11:25 +0000] "GET / HTTP/1.1" 200 92712 "-" "Mozilla/5.0 (iPhone; CPU iPhone OS 13_2_3 like Mac OS X) AppleWebKit/605.1.15 (KHTML, like Gecko) Version/13.0.3 Mobile/15E148 Safari/604.1"
136.67.60.28 - - [21/Jul/2026:23:15:53 +0000] "GET /system/bootstrap.php HTTP/1.1" 404 78436 "-" "Mozilla/5.0 (Windows NT 10.0; Win64; x64) AppleWebKit/537.36 (KHTML, like Gecko) Chrome/91.0.4472.124 Safari/537.36"
136.67.60.28 - - [21/Jul/2026:23:16:04 +0000] "GET /bootstrap.php HTTP/1.1" 404 78436 "-" "Mozilla/5.0 (Windows NT 10.0; Win64; x64) AppleWebKit/537.36 (KHTML, like Gecko) Chrome/91.0.4472.124 Safari/537.36"
198.177.124.148 - - [22/Jul/2026:00:33:59 +0000] "POST /wp-cron.php?doing_wp_cron=1784680439.0956840515136718750000 HTTP/1.1" 200 - "-" "WordPress/7.0.2; https://amnehub.shop"
82.156.116.86 - - [22/Jul/2026:00:33:56 +0000] "GET / HTTP/1.1" 200 92712 "-" "Mozilla/5.0 (iPhone; CPU iPhone OS 13_2_3 like Mac OS X) AppleWebKit/605.1.15 (KHTML, like Gecko) Version/13.0.3 Mobile/15E148 Safari/604.1"
63.141.250.58 - - [22/Jul/2026:00:48:50 +0000] "GET /index.php?params=1 HTTP/1.1" 301 - "-" "Mozilla/5.0 (Windows NT 10.0; Win64; x64) AppleWebKit/537.36 (KHTML, like Gecko) Chrome/131.0.0.0 Safari/537.36"
63.141.250.58 - - [22/Jul/2026:00:48:52 +0000] "GET /?params=1 HTTP/1.1" 200 92712 "-" "Mozilla/5.0 (Windows NT 10.0; Win64; x64) AppleWebKit/537.36 (KHTML, like Gecko) Chrome/131.0.0.0 Safari/537.36"
63.141.250.58 - - [22/Jul/2026:00:49:49 +0000] "GET /index.php?params=1 HTTP/1.1" 301 - "-" "Mozilla/5.0 (Windows NT 10.0; Win64; x64) AppleWebKit/537.36 (KHTML, like Gecko) Chrome/131.0.0.0 Safari/537.36"
63.141.250.58 - - [22/Jul/2026:00:49:52 +0000] "GET /?params=1 HTTP/1.1" 200 92712 "-" "Mozilla/5.0 (Windows NT 10.0; Win64; x64) AppleWebKit/537.36 (KHTML, like Gecko) Chrome/131.0.0.0 Safari/537.36"
43.135.142.37 - - [22/Jul/2026:01:11:47 +0000] "GET / HTTP/1.1" 200 92712 "-" "Mozilla/5.0 (iPhone; CPU iPhone OS 13_2_3 like Mac OS X) AppleWebKit/605.1.15 (KHTML, like Gecko) Version/13.0.3 Mobile/15E148 Safari/604.1"
216.244.66.230 - - [22/Jul/2026:01:13:49 +0000] "GET /robots.txt HTTP/1.1" 200 113 "-" "Mozilla/5.0 (compatible; DotBot/1.2; +https://opensiteexplorer.org/dotbot; help@moz.com)"
216.244.66.230 - - [22/Jul/2026:01:15:08 +0000] "GET /category/uncategorized/ HTTP/1.1" 200 83013 "-" "Mozilla/5.0 (compatible; DotBot/1.2; +https://opensiteexplorer.org/dotbot; help@moz.com)"
198.177.124.148 - - [22/Jul/2026:01:27:18 +0000] "POST /wp-cron.php?doing_wp_cron=1784683638.2436969280242919921875 HTTP/1.1" 200 - "-" "WordPress/7.0.2; https://amnehub.shop"
104.23.217.124 - - [22/Jul/2026:01:27:16 +0000] "GET /wp-admin/install.php?step=1 HTTP/1.1" 404 78436 "-" "http://amnehub.shop/wp-admin/install.php?step=1"
198.177.124.148 - - [22/Jul/2026:02:21:48 +0000] "POST /wp-cron.php?doing_wp_cron=1784686907.9996170997619628906250 HTTP/1.1" 200 - "-" "WordPress/7.0.2; https://amnehub.shop"
43.131.26.226 - - [22/Jul/2026:02:21:45 +0000] "GET / HTTP/1.1" 200 92712 "-" "Mozilla/5.0 (iPhone; CPU iPhone OS 13_2_3 like Mac OS X) AppleWebKit/605.1.15 (KHTML, like Gecko) Version/13.0.3 Mobile/15E148 Safari/604.1"
172.71.178.38 - - [22/Jul/2026:03:10:12 +0000] "GET /wp-admin/install.php?step=1 HTTP/1.1" 404 78436 "-" "http://amnehub.shop/wp-admin/install.php?step=1"
198.177.124.148 - - [22/Jul/2026:04:33:40 +0000] "POST /wp-cron.php?doing_wp_cron=1784694820.5360279083251953125000 HTTP/1.1" 200 - "-" "WordPress/7.0.2; https://amnehub.shop"
106.75.101.79 - - [22/Jul/2026:04:33:35 +0000] "GET / HTTP/1.1" 200 92712 "-" "Mozilla/5.0 (Windows NT 9_1_2; Win64; x64) AppleWebKit/581.50 (KHTML, like Gecko) Chrome/56.0.1681 Safari/537.36"
106.75.101.79 - - [22/Jul/2026:04:33:52 +0000] "GET /robots.txt HTTP/1.1" 200 113 "-" "Go-http-client/1.1"
106.75.101.79 - - [22/Jul/2026:04:33:52 +0000] "GET /sitemap.xml HTTP/1.1" 301 - "-" "Go-http-client/1.1"
172.71.164.150 - - [22/Jul/2026:04:53:08 +0000] "GET /wp-admin/install.php?step=1 HTTP/1.1" 404 78436 "-" "http://amnehub.shop/wp-admin/install.php?step=1"
198.177.124.148 - - [22/Jul/2026:06:28:24 +0000] "POST /wp-cron.php?doing_wp_cron=1784701704.0693509578704833984375 HTTP/1.1" 200 - "-" "WordPress/7.0.2; https://amnehub.shop"
49.51.203.164 - - [22/Jul/2026:06:28:22 +0000] "GET / HTTP/1.1" 200 92712 "-" "Mozilla/5.0 (iPhone; CPU iPhone OS 13_2_3 like Mac OS X) AppleWebKit/605.1.15 (KHTML, like Gecko) Version/13.0.3 Mobile/15E148 Safari/604.1"
4.43.184.113 - - [22/Jul/2026:06:33:22 +0000] "GET / HTTP/1.1" 200 92712 "-" "Mozilla/5.0 (X11; Linux x86_64) AppleWebKit/537.36 (KHTML, like Gecko) Chrome/44.0.2403.157 Safari/537.36"
172.70.243.147 - - [22/Jul/2026:06:33:42 +0000] "GET /wp-admin/install.php?step=1 HTTP/1.1" 404 78436 "-" "http://amnehub.shop/wp-admin/install.php?step=1"
104.23.221.24 - - [22/Jul/2026:08:17:01 +0000] "GET /wp-admin/install.php?step=1 HTTP/1.1" 404 78436 "-" "http://amnehub.shop/wp-admin/install.php?step=1"
216.244.66.230 - - [22/Jul/2026:08:41:01 +0000] "GET /robots.txt HTTP/1.1" 200 113 "-" "Mozilla/5.0 (compatible; DotBot/1.2; +https://opensiteexplorer.org/dotbot; help@moz.com)"
216.244.66.230 - - [22/Jul/2026:08:42:11 +0000] "GET /feed/ HTTP/1.1" 200 1930 "-" "Mozilla/5.0 (compatible; DotBot/1.2; +https://opensiteexplorer.org/dotbot; help@moz.com)"
216.244.66.230 - - [22/Jul/2026:08:42:16 +0000] "GET /comments/feed/ HTTP/1.1" 200 1665 "-" "Mozilla/5.0 (compatible; DotBot/1.2; +https://opensiteexplorer.org/dotbot; help@moz.com)"
172.71.164.151 - - [22/Jul/2026:09:14:37 +0000] "GET /wp-admin/install.php?step=1 HTTP/1.1" 404 78436 "-" "http://amnehub.shop/wp-admin/install.php?step=1"
43.130.101.151 - - [22/Jul/2026:10:20:59 +0000] "GET / HTTP/1.1" 200 92712 "-" "Mozilla/5.0 (iPhone; CPU iPhone OS 13_2_3 like Mac OS X) AppleWebKit/605.1.15 (KHTML, like Gecko) Version/13.0.3 Mobile/15E148 Safari/604.1"
172.70.162.161 - - [22/Jul/2026:10:56:17 +0000] "GET /wp-admin/install.php?step=1 HTTP/1.1" 404 78436 "-" "http://amnehub.shop/wp-admin/install.php?step=1"
198.177.124.148 - - [22/Jul/2026:11:30:45 +0000] "POST /wp-cron.php?doing_wp_cron=1784719845.3865239620208740234375 HTTP/1.1" 200 - "-" "WordPress/7.0.2; https://amnehub.shop"
162.14.81.106 - - [22/Jul/2026:11:30:43 +0000] "GET / HTTP/1.1" 200 92712 "-" "Mozilla/5.0 (iPhone; CPU iPhone OS 13_2_3 like Mac OS X) AppleWebKit/605.1.15 (KHTML, like Gecko) Version/13.0.3 Mobile/15E148 Safari/604.1"
198.177.124.148 - - [22/Jul/2026:12:35:22 +0000] "POST /wp-cron.php?doing_wp_cron=1784723722.5432190895080566406250 HTTP/1.1" 200 - "-" "WordPress/7.0.2; https://amnehub.shop"
136.67.86.81 - - [22/Jul/2026:12:35:19 +0000] "GET / HTTP/1.1" 200 92712 "-" "Mozilla/5.0 (compatible; CMS-Checker/1.0; +https://example.com)"
104.23.221.24 - - [22/Jul/2026:12:38:04 +0000] "GET /wp-admin/install.php?step=1 HTTP/1.1" 404 78436 "-" "http://amnehub.shop/wp-admin/install.php?step=1"
136.67.86.81 - - [22/Jul/2026:13:12:47 +0000] "GET / HTTP/1.1" 200 92712 "-" "Mozilla/5.0 (Windows NT 10.0; Win64; x64) AppleWebKit/537.36 (KHTML, like Gecko) Chrome/78.0.3904.108 Safari/537.36"
136.67.86.81 - - [22/Jul/2026:13:12:49 +0000] "GET /?author=1 HTTP/1.1" 301 - "-" "Mozilla/5.0 (Windows NT 10.0; Win64; x64) AppleWebKit/537.36 (KHTML, like Gecko) Chrome/78.0.3904.108 Safari/537.36"
136.67.86.81 - - [22/Jul/2026:13:12:50 +0000] "GET /?author=2 HTTP/1.1" 404 78436 "-" "Mozilla/5.0 (Windows NT 10.0; Win64; x64) AppleWebKit/537.36 (KHTML, like Gecko) Chrome/78.0.3904.108 Safari/537.36"
136.67.86.81 - - [22/Jul/2026:13:12:51 +0000] "GET /wp-json/wp/v2/users/ HTTP/1.1" 200 843 "-" "Mozilla/5.0 (Windows NT 10.0; Win64; x64) AppleWebKit/537.36 (KHTML, like Gecko) Chrome/78.0.3904.108 Safari/537.36"
136.67.86.81 - - [22/Jul/2026:13:12:52 +0000] "POST /xmlrpc.php HTTP/1.1" 200 401 "-" "Mozilla/5.0 (Windows NT 10.0; Win64; x64) AppleWebKit/537.36 (KHTML, like Gecko) Chrome/78.0.3904.108 Safari/537.36"
136.67.86.81 - - [22/Jul/2026:13:12:53 +0000] "POST /xmlrpc.php HTTP/1.1" 200 401 "-" "Mozilla/5.0 (Windows NT 10.0; Win64; x64) AppleWebKit/537.36 (KHTML, like Gecko) Chrome/78.0.3904.108 Safari/537.36"
136.67.86.81 - - [22/Jul/2026:13:12:55 +0000] "POST /xmlrpc.php HTTP/1.1" 200 401 "-" "Mozilla/5.0 (Windows NT 10.0; Win64; x64) AppleWebKit/537.36 (KHTML, like Gecko) Chrome/78.0.3904.108 Safari/537.36"
136.67.86.81 - - [22/Jul/2026:13:12:57 +0000] "POST /xmlrpc.php HTTP/1.1" 200 401 "-" "Mozilla/5.0 (Windows NT 10.0; Win64; x64) AppleWebKit/537.36 (KHTML, like Gecko) Chrome/78.0.3904.108 Safari/537.36"
136.67.86.81 - - [22/Jul/2026:13:12:59 +0000] "POST /xmlrpc.php HTTP/1.1" 200 401 "-" "Mozilla/5.0 (Windows NT 10.0; Win64; x64) AppleWebKit/537.36 (KHTML, like Gecko) Chrome/78.0.3904.108 Safari/537.36"
136.67.86.81 - - [22/Jul/2026:13:13:00 +0000] "POST /xmlrpc.php HTTP/1.1" 200 401 "-" "Mozilla/5.0 (Windows NT 10.0; Win64; x64) AppleWebKit/537.36 (KHTML, like Gecko) Chrome/78.0.3904.108 Safari/537.36"
136.67.86.81 - - [22/Jul/2026:13:13:02 +0000] "POST /xmlrpc.php HTTP/1.1" 200 401 "-" "Mozilla/5.0 (Windows NT 10.0; Win64; x64) AppleWebKit/537.36 (KHTML, like Gecko) Chrome/78.0.3904.108 Safari/537.36"
136.67.86.81 - - [22/Jul/2026:13:13:03 +0000] "POST /xmlrpc.php HTTP/1.1" 200 401 "-" "Mozilla/5.0 (Windows NT 10.0; Win64; x64) AppleWebKit/537.36 (KHTML, like Gecko) Chrome/78.0.3904.108 Safari/537.36"
136.67.86.81 - - [22/Jul/2026:13:13:04 +0000] "POST /xmlrpc.php HTTP/1.1" 200 401 "-" "Mozilla/5.0 (Windows NT 10.0; Win64; x64) AppleWebKit/537.36 (KHTML, like Gecko) Chrome/78.0.3904.108 Safari/537.36"
136.67.86.81 - - [22/Jul/2026:13:13:05 +0000] "POST /xmlrpc.php HTTP/1.1" 200 401 "-" "Mozilla/5.0 (Windows NT 10.0; Win64; x64) AppleWebKit/537.36 (KHTML, like Gecko) Chrome/78.0.3904.108 Safari/537.36"
136.67.86.81 - - [22/Jul/2026:13:13:07 +0000] "POST /xmlrpc.php HTTP/1.1" 200 401 "-" "Mozilla/5.0 (Windows NT 10.0; Win64; x64) AppleWebKit/537.36 (KHTML, like Gecko) Chrome/78.0.3904.108 Safari/537.36"
136.67.86.81 - - [22/Jul/2026:13:13:08 +0000] "POST /xmlrpc.php HTTP/1.1" 200 401 "-" "Mozilla/5.0 (Windows NT 10.0; Win64; x64) AppleWebKit/537.36 (KHTML, like Gecko) Chrome/78.0.3904.108 Safari/537.36"
136.67.86.81 - - [22/Jul/2026:13:13:09 +0000] "POST /xmlrpc.php HTTP/1.1" 200 401 "-" "Mozilla/5.0 (Windows NT 10.0; Win64; x64) AppleWebKit/537.36 (KHTML, like Gecko) Chrome/78.0.3904.108 Safari/537.36"
136.67.86.81 - - [22/Jul/2026:13:13:10 +0000] "POST /xmlrpc.php HTTP/1.1" 200 401 "-" "Mozilla/5.0 (Windows NT 10.0; Win64; x64) AppleWebKit/537.36 (KHTML, like Gecko) Chrome/78.0.3904.108 Safari/537.36"
136.67.86.81 - - [22/Jul/2026:13:13:11 +0000] "POST /xmlrpc.php HTTP/1.1" 200 401 "-" "Mozilla/5.0 (Windows NT 10.0; Win64; x64) AppleWebKit/537.36 (KHTML, like Gecko) Chrome/78.0.3904.108 Safari/537.36"
136.67.86.81 - - [22/Jul/2026:13:13:12 +0000] "POST /xmlrpc.php HTTP/1.1" 200 401 "-" "Mozilla/5.0 (Windows NT 10.0; Win64; x64) AppleWebKit/537.36 (KHTML, like Gecko) Chrome/78.0.3904.108 Safari/537.36"
136.67.86.81 - - [22/Jul/2026:13:13:13 +0000] "POST /xmlrpc.php HTTP/1.1" 200 401 "-" "Mozilla/5.0 (Windows NT 10.0; Win64; x64) AppleWebKit/537.36 (KHTML, like Gecko) Chrome/78.0.3904.108 Safari/537.36"
136.67.86.81 - - [22/Jul/2026:13:13:14 +0000] "POST /xmlrpc.php HTTP/1.1" 200 401 "-" "Mozilla/5.0 (Windows NT 10.0; Win64; x64) AppleWebKit/537.36 (KHTML, like Gecko) Chrome/78.0.3904.108 Safari/537.36"
136.67.86.81 - - [22/Jul/2026:13:13:15 +0000] "POST /xmlrpc.php HTTP/1.1" 200 401 "-" "Mozilla/5.0 (Windows NT 10.0; Win64; x64) AppleWebKit/537.36 (KHTML, like Gecko) Chrome/78.0.3904.108 Safari/537.36"
136.67.86.81 - - [22/Jul/2026:13:13:17 +0000] "POST /xmlrpc.php HTTP/1.1" 200 401 "-" "Mozilla/5.0 (Windows NT 10.0; Win64; x64) AppleWebKit/537.36 (KHTML, like Gecko) Chrome/78.0.3904.108 Safari/537.36"
136.67.86.81 - - [22/Jul/2026:13:13:20 +0000] "POST /xmlrpc.php HTTP/1.1" 200 401 "-" "Mozilla/5.0 (Windows NT 10.0; Win64; x64) AppleWebKit/537.36 (KHTML, like Gecko) Chrome/78.0.3904.108 Safari/537.36"
136.67.86.81 - - [22/Jul/2026:13:13:22 +0000] "POST /xmlrpc.php HTTP/1.1" 200 401 "-" "Mozilla/5.0 (Windows NT 10.0; Win64; x64) AppleWebKit/537.36 (KHTML, like Gecko) Chrome/78.0.3904.108 Safari/537.36"
136.67.86.81 - - [22/Jul/2026:13:13:25 +0000] "POST /xmlrpc.php HTTP/1.1" 200 401 "-" "Mozilla/5.0 (Windows NT 10.0; Win64; x64) AppleWebKit/537.36 (KHTML, like Gecko) Chrome/78.0.3904.108 Safari/537.36"
136.67.86.81 - - [22/Jul/2026:13:13:27 +0000] "POST /xmlrpc.php HTTP/1.1" 200 401 "-" "Mozilla/5.0 (Windows NT 10.0; Win64; x64) AppleWebKit/537.36 (KHTML, like Gecko) Chrome/78.0.3904.108 Safari/537.36"
136.67.86.81 - - [22/Jul/2026:13:13:30 +0000] "POST /xmlrpc.php HTTP/1.1" 200 401 "-" "Mozilla/5.0 (Windows NT 10.0; Win64; x64) AppleWebKit/537.36 (KHTML, like Gecko) Chrome/78.0.3904.108 Safari/537.36"
136.67.86.81 - - [22/Jul/2026:13:13:32 +0000] "POST /xmlrpc.php HTTP/1.1" 200 401 "-" "Mozilla/5.0 (Windows NT 10.0; Win64; x64) AppleWebKit/537.36 (KHTML, like Gecko) Chrome/78.0.3904.108 Safari/537.36"
136.67.86.81 - - [22/Jul/2026:13:13:35 +0000] "POST /xmlrpc.php HTTP/1.1" 200 401 "-" "Mozilla/5.0 (Windows NT 10.0; Win64; x64) AppleWebKit/537.36 (KHTML, like Gecko) Chrome/78.0.3904.108 Safari/537.36"
136.67.86.81 - - [22/Jul/2026:13:13:37 +0000] "POST /xmlrpc.php HTTP/1.1" 200 401 "-" "Mozilla/5.0 (Windows NT 10.0; Win64; x64) AppleWebKit/537.36 (KHTML, like Gecko) Chrome/78.0.3904.108 Safari/537.36"
136.67.86.81 - - [22/Jul/2026:13:13:39 +0000] "POST /xmlrpc.php HTTP/1.1" 200 401 "-" "Mozilla/5.0 (Windows NT 10.0; Win64; x64) AppleWebKit/537.36 (KHTML, like Gecko) Chrome/78.0.3904.108 Safari/537.36"
136.67.86.81 - - [22/Jul/2026:13:13:42 +0000] "POST /xmlrpc.php HTTP/1.1" 200 401 "-" "Mozilla/5.0 (Windows NT 10.0; Win64; x64) AppleWebKit/537.36 (KHTML, like Gecko) Chrome/78.0.3904.108 Safari/537.36"
136.67.86.81 - - [22/Jul/2026:13:13:45 +0000] "POST /xmlrpc.php HTTP/1.1" 200 401 "-" "Mozilla/5.0 (Windows NT 10.0; Win64; x64) AppleWebKit/537.36 (KHTML, like Gecko) Chrome/78.0.3904.108 Safari/537.36"
136.67.86.81 - - [22/Jul/2026:13:13:49 +0000] "POST /xmlrpc.php HTTP/1.1" 200 401 "-" "Mozilla/5.0 (Windows NT 10.0; Win64; x64) AppleWebKit/537.36 (KHTML, like Gecko) Chrome/78.0.3904.108 Safari/537.36"
136.67.86.81 - - [22/Jul/2026:13:13:51 +0000] "POST /xmlrpc.php HTTP/1.1" 200 401 "-" "Mozilla/5.0 (Windows NT 10.0; Win64; x64) AppleWebKit/537.36 (KHTML, like Gecko) Chrome/78.0.3904.108 Safari/537.36"
136.67.86.81 - - [22/Jul/2026:13:13:54 +0000] "POST /xmlrpc.php HTTP/1.1" 200 401 "-" "Mozilla/5.0 (Windows NT 10.0; Win64; x64) AppleWebKit/537.36 (KHTML, like Gecko) Chrome/78.0.3904.108 Safari/537.36"
136.67.86.81 - - [22/Jul/2026:13:13:58 +0000] "POST /xmlrpc.php HTTP/1.1" 200 401 "-" "Mozilla/5.0 (Windows NT 10.0; Win64; x64) AppleWebKit/537.36 (KHTML, like Gecko) Chrome/78.0.3904.108 Safari/537.36"
136.67.86.81 - - [22/Jul/2026:13:14:01 +0000] "POST /xmlrpc.php HTTP/1.1" 200 401 "-" "Mozilla/5.0 (Windows NT 10.0; Win64; x64) AppleWebKit/537.36 (KHTML, like Gecko) Chrome/78.0.3904.108 Safari/537.36"
136.67.86.81 - - [22/Jul/2026:13:14:03 +0000] "POST /xmlrpc.php HTTP/1.1" 200 401 "-" "Mozilla/5.0 (Windows NT 10.0; Win64; x64) AppleWebKit/537.36 (KHTML, like Gecko) Chrome/78.0.3904.108 Safari/537.36"
136.67.86.81 - - [22/Jul/2026:13:14:06 +0000] "POST /xmlrpc.php HTTP/1.1" 200 401 "-" "Mozilla/5.0 (Windows NT 10.0; Win64; x64) AppleWebKit/537.36 (KHTML, like Gecko) Chrome/78.0.3904.108 Safari/537.36"
136.67.86.81 - - [22/Jul/2026:13:14:09 +0000] "POST /xmlrpc.php HTTP/1.1" 200 401 "-" "Mozilla/5.0 (Windows NT 10.0; Win64; x64) AppleWebKit/537.36 (KHTML, like Gecko) Chrome/78.0.3904.108 Safari/537.36"
136.67.86.81 - - [22/Jul/2026:13:14:12 +0000] "POST /xmlrpc.php HTTP/1.1" 200 401 "-" "Mozilla/5.0 (Windows NT 10.0; Win64; x64) AppleWebKit/537.36 (KHTML, like Gecko) Chrome/78.0.3904.108 Safari/537.36"
136.67.86.81 - - [22/Jul/2026:13:14:16 +0000] "POST /xmlrpc.php HTTP/1.1" 200 401 "-" "Mozilla/5.0 (Windows NT 10.0; Win64; x64) AppleWebKit/537.36 (KHTML, like Gecko) Chrome/78.0.3904.108 Safari/537.36"
136.67.86.81 - - [22/Jul/2026:13:14:19 +0000] "POST /xmlrpc.php HTTP/1.1" 200 401 "-" "Mozilla/5.0 (Windows NT 10.0; Win64; x64) AppleWebKit/537.36 (KHTML, like Gecko) Chrome/78.0.3904.108 Safari/537.36"
136.67.86.81 - - [22/Jul/2026:13:14:21 +0000] "POST /xmlrpc.php HTTP/1.1" 200 401 "-" "Mozilla/5.0 (Windows NT 10.0; Win64; x64) AppleWebKit/537.36 (KHTML, like Gecko) Chrome/78.0.3904.108 Safari/537.36"
136.67.86.81 - - [22/Jul/2026:13:14:22 +0000] "POST /xmlrpc.php HTTP/1.1" 200 401 "-" "Mozilla/5.0 (Windows NT 10.0; Win64; x64) AppleWebKit/537.36 (KHTML, like Gecko) Chrome/78.0.3904.108 Safari/537.36"
136.67.86.81 - - [22/Jul/2026:13:14:24 +0000] "POST /xmlrpc.php HTTP/1.1" 200 401 "-" "Mozilla/5.0 (Windows NT 10.0; Win64; x64) AppleWebKit/537.36 (KHTML, like Gecko) Chrome/78.0.3904.108 Safari/537.36"
136.67.86.81 - - [22/Jul/2026:13:14:27 +0000] "POST /xmlrpc.php HTTP/1.1" 200 401 "-" "Mozilla/5.0 (Windows NT 10.0; Win64; x64) AppleWebKit/537.36 (KHTML, like Gecko) Chrome/78.0.3904.108 Safari/537.36"
136.67.86.81 - - [22/Jul/2026:13:14:29 +0000] "POST /xmlrpc.php HTTP/1.1" 200 401 "-" "Mozilla/5.0 (Windows NT 10.0; Win64; x64) AppleWebKit/537.36 (KHTML, like Gecko) Chrome/78.0.3904.108 Safari/537.36"
136.67.86.81 - - [22/Jul/2026:13:14:30 +0000] "POST /xmlrpc.php HTTP/1.1" 200 401 "-" "Mozilla/5.0 (Windows NT 10.0; Win64; x64) AppleWebKit/537.36 (KHTML, like Gecko) Chrome/78.0.3904.108 Safari/537.36"
136.67.86.81 - - [22/Jul/2026:13:14:32 +0000] "POST /xmlrpc.php HTTP/1.1" 200 401 "-" "Mozilla/5.0 (Windows NT 10.0; Win64; x64) AppleWebKit/537.36 (KHTML, like Gecko) Chrome/78.0.3904.108 Safari/537.36"
136.67.86.81 - - [22/Jul/2026:13:14:33 +0000] "POST /xmlrpc.php HTTP/1.1" 200 401 "-" "Mozilla/5.0 (Windows NT 10.0; Win64; x64) AppleWebKit/537.36 (KHTML, like Gecko) Chrome/78.0.3904.108 Safari/537.36"
136.67.86.81 - - [22/Jul/2026:13:14:35 +0000] "POST /xmlrpc.php HTTP/1.1" 200 401 "-" "Mozilla/5.0 (Windows NT 10.0; Win64; x64) AppleWebKit/537.36 (KHTML, like Gecko) Chrome/78.0.3904.108 Safari/537.36"
136.67.86.81 - - [22/Jul/2026:13:14:36 +0000] "POST /xmlrpc.php HTTP/1.1" 200 401 "-" "Mozilla/5.0 (Windows NT 10.0; Win64; x64) AppleWebKit/537.36 (KHTML, like Gecko) Chrome/78.0.3904.108 Safari/537.36"
136.67.86.81 - - [22/Jul/2026:13:14:37 +0000] "POST /xmlrpc.php HTTP/1.1" 200 401 "-" "Mozilla/5.0 (Windows NT 10.0; Win64; x64) AppleWebKit/537.36 (KHTML, like Gecko) Chrome/78.0.3904.108 Safari/537.36"
136.67.86.81 - - [22/Jul/2026:13:14:38 +0000] "POST /xmlrpc.php HTTP/1.1" 200 401 "-" "Mozilla/5.0 (Windows NT 10.0; Win64; x64) AppleWebKit/537.36 (KHTML, like Gecko) Chrome/78.0.3904.108 Safari/537.36"
136.67.86.81 - - [22/Jul/2026:13:14:40 +0000] "POST /xmlrpc.php HTTP/1.1" 200 401 "-" "Mozilla/5.0 (Windows NT 10.0; Win64; x64) AppleWebKit/537.36 (KHTML, like Gecko) Chrome/78.0.3904.108 Safari/537.36"
136.67.86.81 - - [22/Jul/2026:13:14:42 +0000] "POST /xmlrpc.php HTTP/1.1" 200 401 "-" "Mozilla/5.0 (Windows NT 10.0; Win64; x64) AppleWebKit/537.36 (KHTML, like Gecko) Chrome/78.0.3904.108 Safari/537.36"
136.67.86.81 - - [22/Jul/2026:13:14:45 +0000] "POST /xmlrpc.php HTTP/1.1" 200 401 "-" "Mozilla/5.0 (Windows NT 10.0; Win64; x64) AppleWebKit/537.36 (KHTML, like Gecko) Chrome/78.0.3904.108 Safari/537.36"
136.67.86.81 - - [22/Jul/2026:13:14:47 +0000] "POST /xmlrpc.php HTTP/1.1" 200 401 "-" "Mozilla/5.0 (Windows NT 10.0; Win64; x64) AppleWebKit/537.36 (KHTML, like Gecko) Chrome/78.0.3904.108 Safari/537.36"
136.67.86.81 - - [22/Jul/2026:13:14:50 +0000] "POST /xmlrpc.php HTTP/1.1" 200 401 "-" "Mozilla/5.0 (Windows NT 10.0; Win64; x64) AppleWebKit/537.36 (KHTML, like Gecko) Chrome/78.0.3904.108 Safari/537.36"
136.67.86.81 - - [22/Jul/2026:13:14:52 +0000] "POST /xmlrpc.php HTTP/1.1" 200 401 "-" "Mozilla/5.0 (Windows NT 10.0; Win64; x64) AppleWebKit/537.36 (KHTML, like Gecko) Chrome/78.0.3904.108 Safari/537.36"
43.153.123.3 - - [22/Jul/2026:14:12:53 +0000] "GET / HTTP/1.1" 200 92712 "-" "Mozilla/5.0 (iPhone; CPU iPhone OS 13_2_3 like Mac OS X) AppleWebKit/605.1.15 (KHTML, like Gecko) Version/13.0.3 Mobile/15E148 Safari/604.1"
92.118.39.171 - - [22/Jul/2026:14:17:21 +0000] "GET /.env HTTP/1.1" 404 78436 "-" "Mozilla/5.0 (X11; Linux x86_64) AppleWebKit/537.36 (KHTML, like Gecko) Chrome/81.0.4044.129 Safari/537.36"
92.118.39.171 - - [22/Jul/2026:14:17:24 +0000] "POST / HTTP/1.1" 200 92712 "-" "Mozilla/5.0 (X11; Linux x86_64) AppleWebKit/537.36 (KHTML, like Gecko) Chrome/81.0.4044.129 Safari/537.36"
198.177.124.148 - - [22/Jul/2026:14:25:52 +0000] "POST /wp-cron.php?doing_wp_cron=1784730352.9029839038848876953125 HTTP/1.1" 200 - "-" "WordPress/7.0.2; https://amnehub.shop"
104.23.217.124 - - [22/Jul/2026:14:25:50 +0000] "GET /wp-admin/install.php?step=1 HTTP/1.1" 404 78436 "-" "http://amnehub.shop/wp-admin/install.php?step=1"
162.158.110.105 - - [22/Jul/2026:16:06:47 +0000] "GET /wp-admin/install.php?step=1 HTTP/1.1" 404 78436 "-" "http://amnehub.shop/wp-admin/install.php?step=1"
198.177.124.148 - - [22/Jul/2026:17:54:33 +0000] "POST /wp-cron.php?doing_wp_cron=1784742873.8213300704956054687500 HTTP/1.1" 200 - "-" "WordPress/7.0.2; https://amnehub.shop"
104.23.221.25 - - [22/Jul/2026:17:54:31 +0000] "GET /wp-admin/install.php?step=1 HTTP/1.1" 404 78436 "-" "http://amnehub.shop/wp-admin/install.php?step=1"
43.153.47.201 - - [22/Jul/2026:18:06:22 +0000] "GET / HTTP/1.1" 200 92712 "-" "Mozilla/5.0 (iPhone; CPU iPhone OS 13_2_3 like Mac OS X) AppleWebKit/605.1.15 (KHTML, like Gecko) Version/13.0.3 Mobile/15E148 Safari/604.1"
198.177.124.148 - - [22/Jul/2026:20:40:11 +0000] "POST /wp-cron.php?doing_wp_cron=1784752811.4116489887237548828125 HTTP/1.1" 200 - "-" "WordPress/7.0.2; https://amnehub.shop"
66.249.66.3 - - [22/Jul/2026:20:40:09 +0000] "GET /robots.txt HTTP/1.1" 200 113 "-" "Mozilla/5.0 (compatible; Googlebot/2.1; +http://www.google.com/bot.html)"
198.177.124.148 - - [22/Jul/2026:21:36:04 +0000] "POST /wp-cron.php?doing_wp_cron=1784756164.5429151058197021484375 HTTP/1.1" 200 - "-" "WordPress/7.0.2; https://amnehub.shop"
172.71.164.151 - - [22/Jul/2026:21:36:02 +0000] "GET /wp-admin/install.php?step=1 HTTP/1.1" 404 78436 "-" "http://amnehub.shop/wp-admin/install.php?step=1"
43.157.38.228 - - [22/Jul/2026:22:04:17 +0000] "GET / HTTP/1.1" 200 92712 "-" "Mozilla/5.0 (iPhone; CPU iPhone OS 13_2_3 like Mac OS X) AppleWebKit/605.1.15 (KHTML, like Gecko) Version/13.0.3 Mobile/15E148 Safari/604.1"
198.177.124.148 - - [22/Jul/2026:22:35:31 +0000] "POST /wp-cron.php?doing_wp_cron=1784759730.9918639659881591796875 HTTP/1.1" 200 - "-" "WordPress/7.0.2; https://amnehub.shop"
124.221.163.189 - - [22/Jul/2026:22:35:29 +0000] "GET / HTTP/1.1" 200 92712 "-" "Mozilla/5.0 (iPhone; CPU iPhone OS 13_2_3 like Mac OS X) AppleWebKit/605.1.15 (KHTML, like Gecko) Version/13.0.3 Mobile/15E148 Safari/604.1"
162.216.148.0 - - [22/Jul/2026:22:36:16 +0000] "GET / HTTP/1.1" 200 92712 "-" "Mozilla/5.0 (Macintosh; Intel Mac OS X 10_15_7) AppleWebKit/537.36 (KHTML, like Gecko) Chrome/131.0.0.0 Safari/537.36"
162.216.148.0 - - [22/Jul/2026:22:36:18 +0000] "GET /robots.txt HTTP/1.1" 200 113 "-" "python-requests/2.32.5"
162.216.148.0 - - [22/Jul/2026:22:36:18 +0000] "GET / HTTP/1.1" 200 92712 "-" "Mozilla/5.0 (X11; Linux x86_64; rv:131.0) Gecko/20100101 Firefox/131.0"
162.216.148.0 - - [22/Jul/2026:22:36:19 +0000] "GET /wp-includes/js/dist/script-modules/block-library/navigation/view.min.js?ver=96a846e1d7b789c39ab9 HTTP/1.1" 200 3053 "-" "Mozilla/5.0 (X11; Linux x86_64; rv:131.0) Gecko/20100101 Firefox/131.0"
162.216.148.0 - - [22/Jul/2026:22:36:19 +0000] "GET /wp-includes/js/wp-emoji-loader.min.js HTTP/1.1" 200 2890 "-" "Mozilla/5.0 (X11; Linux x86_64; rv:131.0) Gecko/20100101 Firefox/131.0"
162.216.148.0 - - [22/Jul/2026:22:36:19 +0000] "GET /wp-includes/js/wp-emoji-release.min.js?ver=7.0.2 HTTP/1.1" 200 22752 "-" "Mozilla/5.0 (X11; Linux x86_64; rv:131.0) Gecko/20100101 Firefox/131.0"
162.216.148.0 - - [22/Jul/2026:22:36:19 +0000] "GET /wp-includes/js/dist/script-modules/interactivity/index.min.js?ver=efaa5193bbad9c60ffd1 HTTP/1.1" 200 40106 "-" "Mozilla/5.0 (X11; Linux x86_64; rv:131.0) Gecko/20100101 Firefox/131.0"
162.216.148.0 - - [22/Jul/2026:22:36:20 +0000] "GET /robots.txt HTTP/1.1" 200 113 "-" "Mozilla/5.0 (X11; Linux x86_64; rv:131.0) Gecko/20100101 Firefox/131.0"
46.138.250.165 - - [22/Jul/2026:23:04:47 +0000] "GET / HTTP/1.1" 200 92712 "https://dataindex.pro" "Mozilla/5.0 (Windows NT 10.0; Win64; x64) AppleWebKit/537.36 (KHTML, like Gecko) Chrome/123.0.0.0 Safari/537.36 Edg/123.0.2420.81"
46.138.250.165 - - [22/Jul/2026:23:04:51 +0000] "GET / HTTP/1.1" 200 92712 "-" "-"
104.23.217.124 - - [22/Jul/2026:23:19:37 +0000] "GET /wp-admin/install.php?step=1 HTTP/1.1" 404 78436 "-" "http://amnehub.shop/wp-admin/install.php?step=1"
198.177.124.148 - - [22/Jul/2026:23:46:28 +0000] "POST /wp-cron.php?doing_wp_cron=1784763988.7925670146942138671875 HTTP/1.1" 200 - "-" "WordPress/7.0.2; https://amnehub.shop"
216.244.66.230 - - [22/Jul/2026:23:46:27 +0000] "GET /robots.txt HTTP/1.1" 200 113 "-" "Mozilla/5.0 (compatible; DotBot/1.2; +https://opensiteexplorer.org/dotbot; help@moz.com)"
216.244.66.230 - - [22/Jul/2026:23:47:31 +0000] "GET /hello-world/ HTTP/1.1" 200 100159 "-" "Mozilla/5.0 (compatible; DotBot/1.2; +https://opensiteexplorer.org/dotbot; help@moz.com)"
198.177.124.148 - - [23/Jul/2026:01:00:16 +0000] "POST /wp-cron.php?doing_wp_cron=1784768416.6796178817749023437500 HTTP/1.1" 200 - "-" "WordPress/7.0.2; https://amnehub.shop"
172.71.148.177 - - [23/Jul/2026:01:00:12 +0000] "GET /wp-admin/install.php?step=1 HTTP/1.1" 404 78436 "-" "http://amnehub.shop/wp-admin/install.php?step=1"
43.165.7.132 - - [23/Jul/2026:01:12:30 +0000] "GET / HTTP/1.1" 200 92712 "-" "Mozilla/5.0 (iPhone; CPU iPhone OS 13_2_3 like Mac OS X) AppleWebKit/605.1.15 (KHTML, like Gecko) Version/13.0.3 Mobile/15E148 Safari/604.1"
165.232.129.192 - - [23/Jul/2026:01:54:37 +0000] "GET / HTTP/1.1" 200 92712 "-" "Mozilla/5.0 (X11; Linux x86_64) AppleWebKit/537.36 (KHTML, like Gecko) Chrome/142.0.0.0 Safari/537.36"
198.177.124.148 - - [23/Jul/2026:02:09:40 +0000] "POST /wp-cron.php?doing_wp_cron=1784772580.1074950695037841796875 HTTP/1.1" 200 - "-" "WordPress/7.0.2; https://amnehub.shop"
49.12.147.139 - - [23/Jul/2026:02:09:37 +0000] "GET / HTTP/1.1" 200 92712 "-" "Mozilla/5.0 (Macintosh; Intel Mac OS X 10_15_7) AppleWebKit/537.36 (KHTML, like Gecko) Chrome/122.0.0.0 Safari/537.36"
104.23.221.25 - - [23/Jul/2026:02:13:05 +0000] "GET /wp-admin/install.php?step=1 HTTP/1.1" 404 78436 "-" "http://amnehub.shop/wp-admin/install.php?step=1"
43.157.62.101 - - [23/Jul/2026:02:14:41 +0000] "GET / HTTP/1.1" 200 92712 "-" "Mozilla/5.0 (iPhone; CPU iPhone OS 13_2_3 like Mac OS X) AppleWebKit/605.1.15 (KHTML, like Gecko) Version/13.0.3 Mobile/15E148 Safari/604.1"
104.23.221.24 - - [23/Jul/2026:02:15:19 +0000] "GET /wp-admin/install.php?step=1 HTTP/1.1" 404 78436 "-" "http://amnehub.shop/wp-admin/install.php?step=1"
185.195.24.69 - - [23/Jul/2026:02:17:54 +0000] "HEAD / HTTP/1.1" 200 - "-" "Mozilla/5.0 (Windows NT 10.0; WOW64) AppleWebKit/537.36 (KHTML, like Gecko) Chrome/127.0.0.0 Safari/537.36"