44.251.157.4 - - [21/Jul/2026:16:49:20 +0000] "GET /wp-includes/js/jquery/jquery.min.js?ver=3.7.1 HTTP/1.1" 200 87553 "http://adelamachineshub.shop/" "Mozilla/5.0 (iPhone; CPU iPhone OS 18_5 like Mac OS X) AppleWebKit/605.1.15 (KHTML, like Gecko) Version/18.5 Mobile/15E148 Safari/604.1"
44.251.157.4 - - [21/Jul/2026:16:49:20 +0000] "GET /wp-includes/js/dist/script-modules/interactivity/index.min.js?ver=efaa5193bbad9c60ffd1 HTTP/1.1" 200 40106 "http://adelamachineshub.shop/" "Mozilla/5.0 (iPhone; CPU iPhone OS 18_5 like Mac OS X) AppleWebKit/605.1.15 (KHTML, like Gecko) Version/18.5 Mobile/15E148 Safari/604.1"
44.251.157.4 - - [21/Jul/2026:16:49:20 +0000] "GET /wp-includes/js/dist/script-modules/block-library/navigation/view.min.js?ver=96a846e1d7b789c39ab9 HTTP/1.1" 200 3053 "http://adelamachineshub.shop/" "Mozilla/5.0 (iPhone; CPU iPhone OS 18_5 like Mac OS X) AppleWebKit/605.1.15 (KHTML, like Gecko) Version/18.5 Mobile/15E148 Safari/604.1"
44.251.157.4 - - [21/Jul/2026:16:49:20 +0000] "GET /wp-content/themes/twentytwentyfive/assets/fonts/manrope/Manrope-VariableFont_wght.woff2 HTTP/1.1" 200 53600 "http://adelamachineshub.shop/" "Mozilla/5.0 (iPhone; CPU iPhone OS 18_5 like Mac OS X) AppleWebKit/605.1.15 (KHTML, like Gecko) Version/18.5 Mobile/15E148 Safari/604.1"
44.251.157.4 - - [21/Jul/2026:16:49:20 +0000] "GET /wp-content/plugins/pixelyoursite/dist/scripts/jquery.bind-first-0.2.3.min.js?ver=0.2.3 HTTP/1.1" 200 1317 "http://adelamachineshub.shop/" "Mozilla/5.0 (iPhone; CPU iPhone OS 18_5 like Mac OS X) AppleWebKit/605.1.15 (KHTML, like Gecko) Version/18.5 Mobile/15E148 Safari/604.1"
44.251.157.4 - - [21/Jul/2026:16:49:20 +0000] "GET /wp-content/plugins/pixelyoursite/dist/scripts/js.cookie-2.1.3.min.js?ver=2.1.3 HTTP/1.1" 200 1709 "http://adelamachineshub.shop/" "Mozilla/5.0 (iPhone; CPU iPhone OS 18_5 like Mac OS X) AppleWebKit/605.1.15 (KHTML, like Gecko) Version/18.5 Mobile/15E148 Safari/604.1"
44.251.157.4 - - [21/Jul/2026:16:49:20 +0000] "GET /wp-content/plugins/pixelyoursite/dist/scripts/public.js?ver=11.2.1 HTTP/1.1" 200 172979 "http://adelamachineshub.shop/" "Mozilla/5.0 (iPhone; CPU iPhone OS 18_5 like Mac OS X) AppleWebKit/605.1.15 (KHTML, like Gecko) Version/18.5 Mobile/15E148 Safari/604.1"
44.251.157.4 - - [21/Jul/2026:16:49:20 +0000] "GET /wp-content/plugins/pixelyoursite/dist/scripts/tld.min.js?ver=2.3.1 HTTP/1.1" 200 141079 "http://adelamachineshub.shop/" "Mozilla/5.0 (iPhone; CPU iPhone OS 18_5 like Mac OS X) AppleWebKit/605.1.15 (KHTML, like Gecko) Version/18.5 Mobile/15E148 Safari/604.1"
44.251.157.4 - - [21/Jul/2026:16:49:20 +0000] "GET /wp-includes/js/wp-emoji-release.min.js?ver=7.0.2 HTTP/1.1" 200 22752 "http://adelamachineshub.shop/" "Mozilla/5.0 (iPhone; CPU iPhone OS 18_5 like Mac OS X) AppleWebKit/605.1.15 (KHTML, like Gecko) Version/18.5 Mobile/15E148 Safari/604.1"
44.251.157.4 - - [21/Jul/2026:16:49:20 +0000] "GET /favicon.ico HTTP/1.1" 302 - "http://adelamachineshub.shop/" "Mozilla/5.0 (iPhone; CPU iPhone OS 18_5 like Mac OS X) AppleWebKit/605.1.15 (KHTML, like Gecko) Version/18.5 Mobile/15E148 Safari/604.1"
44.251.157.4 - - [21/Jul/2026:16:49:23 +0000] "GET /wp-includes/images/w-logo-blue-white-bg.png HTTP/1.1" 200 4119 "http://adelamachineshub.shop/" "Mozilla/5.0 (iPhone; CPU iPhone OS 18_5 like Mac OS X) AppleWebKit/605.1.15 (KHTML, like Gecko) Version/18.5 Mobile/15E148 Safari/604.1"
54.185.128.165 - - [21/Jul/2026:16:50:21 +0000] "GET / HTTP/1.1" 200 75067 "-" "Mozilla/5.0 (Windows NT 10.0; Win64; x64) AppleWebKit/537.36 (KHTML, like Gecko) Chrome/150.0.7871.128 Safari/537.36"
54.185.128.165 - - [21/Jul/2026:16:50:25 +0000] "GET /wp-includes/js/jquery/jquery.min.js?ver=3.7.1 HTTP/1.1" 200 87553 "http://adelamachineshub.shop/" "Mozilla/5.0 (Windows NT 10.0; Win64; x64) AppleWebKit/537.36 (KHTML, like Gecko) Chrome/150.0.7871.128 Safari/537.36"
54.185.128.165 - - [21/Jul/2026:16:50:25 +0000] "GET /wp-includes/js/jquery/jquery-migrate.min.js?ver=3.4.1 HTTP/1.1" 200 13577 "http://adelamachineshub.shop/" "Mozilla/5.0 (Windows NT 10.0; Win64; x64) AppleWebKit/537.36 (KHTML, like Gecko) Chrome/150.0.7871.128 Safari/537.36"
54.185.128.165 - - [21/Jul/2026:16:50:25 +0000] "GET /wp-includes/js/dist/script-modules/interactivity/index.min.js?ver=efaa5193bbad9c60ffd1 HTTP/1.1" 200 40106 "http://adelamachineshub.shop/" "Mozilla/5.0 (Windows NT 10.0; Win64; x64) AppleWebKit/537.36 (KHTML, like Gecko) Chrome/150.0.7871.128 Safari/537.36"
54.185.128.165 - - [21/Jul/2026:16:50:25 +0000] "GET /wp-includes/js/dist/script-modules/block-library/navigation/view.min.js?ver=96a846e1d7b789c39ab9 HTTP/1.1" 200 3053 "http://adelamachineshub.shop/" "Mozilla/5.0 (Windows NT 10.0; Win64; x64) AppleWebKit/537.36 (KHTML, like Gecko) Chrome/150.0.7871.128 Safari/537.36"
54.185.128.165 - - [21/Jul/2026:16:50:25 +0000] "GET /wp-content/plugins/pixelyoursite/dist/scripts/jquery.bind-first-0.2.3.min.js?ver=0.2.3 HTTP/1.1" 200 1317 "http://adelamachineshub.shop/" "Mozilla/5.0 (Windows NT 10.0; Win64; x64) AppleWebKit/537.36 (KHTML, like Gecko) Chrome/150.0.7871.128 Safari/537.36"
54.185.128.165 - - [21/Jul/2026:16:50:25 +0000] "GET /wp-content/plugins/pixelyoursite/dist/scripts/js.cookie-2.1.3.min.js?ver=2.1.3 HTTP/1.1" 200 1709 "http://adelamachineshub.shop/" "Mozilla/5.0 (Windows NT 10.0; Win64; x64) AppleWebKit/537.36 (KHTML, like Gecko) Chrome/150.0.7871.128 Safari/537.36"
54.185.128.165 - - [21/Jul/2026:16:50:25 +0000] "GET /wp-content/plugins/pixelyoursite/dist/scripts/tld.min.js?ver=2.3.1 HTTP/1.1" 200 141079 "http://adelamachineshub.shop/" "Mozilla/5.0 (Windows NT 10.0; Win64; x64) AppleWebKit/537.36 (KHTML, like Gecko) Chrome/150.0.7871.128 Safari/537.36"
54.185.128.165 - - [21/Jul/2026:16:50:25 +0000] "GET /wp-content/themes/twentytwentyfive/assets/fonts/manrope/Manrope-VariableFont_wght.woff2 HTTP/1.1" 200 53600 "http://adelamachineshub.shop/" "Mozilla/5.0 (Windows NT 10.0; Win64; x64) AppleWebKit/537.36 (KHTML, like Gecko) Chrome/150.0.7871.128 Safari/537.36"
54.185.128.165 - - [21/Jul/2026:16:50:25 +0000] "GET /wp-content/plugins/pixelyoursite/dist/scripts/public.js?ver=11.2.1 HTTP/1.1" 200 172979 "http://adelamachineshub.shop/" "Mozilla/5.0 (Windows NT 10.0; Win64; x64) AppleWebKit/537.36 (KHTML, like Gecko) Chrome/150.0.7871.128 Safari/537.36"
54.185.128.165 - - [21/Jul/2026:16:50:26 +0000] "GET /wp-includes/js/wp-emoji-release.min.js?ver=7.0.2 HTTP/1.1" 200 22752 "http://adelamachineshub.shop/" "Mozilla/5.0 (Windows NT 10.0; Win64; x64) AppleWebKit/537.36 (KHTML, like Gecko) Chrome/150.0.7871.128 Safari/537.36"
54.185.128.165 - - [21/Jul/2026:16:50:26 +0000] "GET /favicon.ico HTTP/1.1" 302 - "http://adelamachineshub.shop/" "Mozilla/5.0 (Windows NT 10.0; Win64; x64) AppleWebKit/537.36 (KHTML, like Gecko) Chrome/150.0.7871.128 Safari/537.36"
54.185.128.165 - - [21/Jul/2026:16:50:33 +0000] "GET / HTTP/1.1" 200 75067 "-" "Mozilla/5.0 (Linux; Android 16; SM-S931B) AppleWebKit/537.36 (KHTML, like Gecko) Chrome/150.0.7871.128 Mobile Safari/537.36"
54.185.128.165 - - [21/Jul/2026:16:50:35 +0000] "GET /wp-includes/js/jquery/jquery.min.js?ver=3.7.1 HTTP/1.1" 200 87553 "http://adelamachineshub.shop/" "Mozilla/5.0 (Linux; Android 16; SM-S931B) AppleWebKit/537.36 (KHTML, like Gecko) Chrome/150.0.7871.128 Mobile Safari/537.36"
54.185.128.165 - - [21/Jul/2026:16:50:35 +0000] "GET /wp-includes/js/jquery/jquery-migrate.min.js?ver=3.4.1 HTTP/1.1" 200 13577 "http://adelamachineshub.shop/" "Mozilla/5.0 (Linux; Android 16; SM-S931B) AppleWebKit/537.36 (KHTML, like Gecko) Chrome/150.0.7871.128 Mobile Safari/537.36"
54.185.128.165 - - [21/Jul/2026:16:50:35 +0000] "GET /wp-includes/js/dist/script-modules/interactivity/index.min.js?ver=efaa5193bbad9c60ffd1 HTTP/1.1" 200 40106 "http://adelamachineshub.shop/" "Mozilla/5.0 (Linux; Android 16; SM-S931B) AppleWebKit/537.36 (KHTML, like Gecko) Chrome/150.0.7871.128 Mobile Safari/537.36"
54.185.128.165 - - [21/Jul/2026:16:50:35 +0000] "GET /wp-includes/js/dist/script-modules/block-library/navigation/view.min.js?ver=96a846e1d7b789c39ab9 HTTP/1.1" 200 3053 "http://adelamachineshub.shop/" "Mozilla/5.0 (Linux; Android 16; SM-S931B) AppleWebKit/537.36 (KHTML, like Gecko) Chrome/150.0.7871.128 Mobile Safari/537.36"
54.185.128.165 - - [21/Jul/2026:16:50:35 +0000] "GET /wp-content/plugins/pixelyoursite/dist/scripts/jquery.bind-first-0.2.3.min.js?ver=0.2.3 HTTP/1.1" 200 1317 "http://adelamachineshub.shop/" "Mozilla/5.0 (Linux; Android 16; SM-S931B) AppleWebKit/537.36 (KHTML, like Gecko) Chrome/150.0.7871.128 Mobile Safari/537.36"
54.185.128.165 - - [21/Jul/2026:16:50:36 +0000] "GET /wp-content/plugins/pixelyoursite/dist/scripts/js.cookie-2.1.3.min.js?ver=2.1.3 HTTP/1.1" 200 1709 "http://adelamachineshub.shop/" "Mozilla/5.0 (Linux; Android 16; SM-S931B) AppleWebKit/537.36 (KHTML, like Gecko) Chrome/150.0.7871.128 Mobile Safari/537.36"
54.185.128.165 - - [21/Jul/2026:16:50:36 +0000] "GET /wp-content/themes/twentytwentyfive/assets/fonts/manrope/Manrope-VariableFont_wght.woff2 HTTP/1.1" 200 53600 "http://adelamachineshub.shop/" "Mozilla/5.0 (Linux; Android 16; SM-S931B) AppleWebKit/537.36 (KHTML, like Gecko) Chrome/150.0.7871.128 Mobile Safari/537.36"
54.185.128.165 - - [21/Jul/2026:16:50:36 +0000] "GET /wp-content/plugins/pixelyoursite/dist/scripts/public.js?ver=11.2.1 HTTP/1.1" 200 172979 "http://adelamachineshub.shop/" "Mozilla/5.0 (Linux; Android 16; SM-S931B) AppleWebKit/537.36 (KHTML, like Gecko) Chrome/150.0.7871.128 Mobile Safari/537.36"
54.185.128.165 - - [21/Jul/2026:16:50:36 +0000] "GET /wp-content/plugins/pixelyoursite/dist/scripts/tld.min.js?ver=2.3.1 HTTP/1.1" 200 141079 "http://adelamachineshub.shop/" "Mozilla/5.0 (Linux; Android 16; SM-S931B) AppleWebKit/537.36 (KHTML, like Gecko) Chrome/150.0.7871.128 Mobile Safari/537.36"
54.185.128.165 - - [21/Jul/2026:16:50:36 +0000] "GET /wp-includes/js/wp-emoji-release.min.js?ver=7.0.2 HTTP/1.1" 200 22752 "http://adelamachineshub.shop/" "Mozilla/5.0 (Linux; Android 16; SM-S931B) AppleWebKit/537.36 (KHTML, like Gecko) Chrome/150.0.7871.128 Mobile Safari/537.36"
54.185.128.165 - - [21/Jul/2026:16:50:36 +0000] "GET /favicon.ico HTTP/1.1" 302 - "http://adelamachineshub.shop/" "Mozilla/5.0 (Linux; Android 16; SM-S931B) AppleWebKit/537.36 (KHTML, like Gecko) Chrome/150.0.7871.128 Mobile Safari/537.36"
110.172.98.2 - - [21/Jul/2026:16:51:45 +0000] "GET / HTTP/1.1" 200 75067 "-" "Mozilla/5.0 (Windows NT 10.0; Win64; x64) AppleWebKit/537.36 (KHTML, like Gecko) Chrome/79.0.3945.130 Safari/537.36"
110.172.98.2 - - [21/Jul/2026:16:51:48 +0000] "GET /favicon.ico HTTP/1.1" 302 - "-" "Mozilla/5.0"
110.172.98.2 - - [21/Jul/2026:16:51:51 +0000] "GET /wp-includes/images/w-logo-blue-white-bg.png HTTP/1.1" 200 4119 "-" "Mozilla/5.0"
198.177.124.148 - - [21/Jul/2026:17:10:50 +0000] "POST /wp-cron.php?doing_wp_cron=1784653850.2239489555358886718750 HTTP/1.1" 200 - "-" "WordPress/7.0.2; https://adelamachineshub.shop"
43.153.71.12 - - [21/Jul/2026:17:10:47 +0000] "GET / HTTP/1.1" 301 - "-" "Mozilla/5.0 (iPhone; CPU iPhone OS 13_2_3 like Mac OS X) AppleWebKit/605.1.15 (KHTML, like Gecko) Version/13.0.3 Mobile/15E148 Safari/604.1"
43.153.71.12 - - [21/Jul/2026:17:10:50 +0000] "GET / HTTP/1.1" 200 75067 "http://www.adelamachineshub.shop" "Mozilla/5.0 (iPhone; CPU iPhone OS 13_2_3 like Mac OS X) AppleWebKit/605.1.15 (KHTML, like Gecko) Version/13.0.3 Mobile/15E148 Safari/604.1"
198.177.124.148 - - [21/Jul/2026:17:14:23 +0000] "POST /wp-cron.php?doing_wp_cron=1784654063.9311280250549316406250 HTTP/1.1" 200 - "-" "WordPress/7.0.2; https://adelamachineshub.shop"
119.45.7.86 - - [21/Jul/2026:17:14:19 +0000] "GET / HTTP/1.1" 200 75067 "-" "Mozilla/5.0 (iPhone; CPU iPhone OS 13_2_3 like Mac OS X) AppleWebKit/605.1.15 (KHTML, like Gecko) Version/13.0.3 Mobile/15E148 Safari/604.1"
198.177.124.148 - - [21/Jul/2026:19:02:27 +0000] "GET /.well-known/acme-challenge/W_P677AWW5PMA5_4DBEREZAEFRVWSK5M HTTP/1.1" 200 64 "-" "Cpanel-HTTP-Client/1.0"
198.177.124.148 - - [21/Jul/2026:19:02:27 +0000] "GET /.well-known/acme-challenge/ALQVZEZTTD2FI6XFO3GUALQLSN269J85 HTTP/1.1" 200 64 "-" "Cpanel-HTTP-Client/1.0"
198.177.124.148 - - [21/Jul/2026:19:57:06 +0000] "POST /wp-cron.php?doing_wp_cron=1784663826.1899259090423583984375 HTTP/1.1" 200 - "-" "WordPress/7.0.2; https://adelamachineshub.shop"
43.157.188.74 - - [21/Jul/2026:19:57:01 +0000] "GET / HTTP/1.1" 200 75067 "-" "Mozilla/5.0 (iPhone; CPU iPhone OS 13_2_3 like Mac OS X) AppleWebKit/605.1.15 (KHTML, like Gecko) Version/13.0.3 Mobile/15E148 Safari/604.1"
198.177.124.148 - - [21/Jul/2026:20:20:45 +0000] "POST /wp-cron.php?doing_wp_cron=1784665245.1093571186065673828125 HTTP/1.1" 200 - "-" "WordPress/7.0.2; https://adelamachineshub.shop"
138.68.176.38 - - [21/Jul/2026:20:20:43 +0000] "GET / HTTP/1.1" 200 75067 "-" "Mozilla/5.0 (Windows NT 6.1; WOW64; rv:40.0) Gecko/20100101 Firefox/40.1"
198.177.124.148 - - [21/Jul/2026:20:31:31 +0000] "POST /wp-cron.php?doing_wp_cron=1784665891.4423069953918457031250 HTTP/1.1" 200 - "-" "WordPress/7.0.2; https://adelamachineshub.shop"
45.94.31.73 - - [21/Jul/2026:20:31:28 +0000] "GET / HTTP/1.1" 200 75067 "-" "Mozilla/5.0 (Windows NT 10.0; Win64; x64) AppleWebKit/537.36 (KHTML, like Gecko) Chrome/78.0.3904.108 Safari/537.36"
45.94.31.73 - - [21/Jul/2026:20:31:31 +0000] "GET /?author=1 HTTP/1.1" 404 60261 "-" "Mozilla/5.0 (Windows NT 10.0; Win64; x64) AppleWebKit/537.36 (KHTML, like Gecko) Chrome/78.0.3904.108 Safari/537.36"
45.94.31.73 - - [21/Jul/2026:20:31:33 +0000] "GET /?author=2 HTTP/1.1" 404 60261 "-" "Mozilla/5.0 (Windows NT 10.0; Win64; x64) AppleWebKit/537.36 (KHTML, like Gecko) Chrome/78.0.3904.108 Safari/537.36"
45.94.31.73 - - [21/Jul/2026:20:31:35 +0000] "GET /wp-json/wp/v2/users/ HTTP/1.1" 401 108 "-" "Mozilla/5.0 (Windows NT 10.0; Win64; x64) AppleWebKit/537.36 (KHTML, like Gecko) Chrome/78.0.3904.108 Safari/537.36"
45.94.31.73 - - [21/Jul/2026:20:31:37 +0000] "GET /wp-json/oembed/1.0/embed?url=http://adelamachineshub.shop HTTP/1.1" 404 73 "-" "Mozilla/5.0 (Windows NT 10.0; Win64; x64) AppleWebKit/537.36 (KHTML, like Gecko) Chrome/78.0.3904.108 Safari/537.36"
45.94.31.73 - - [21/Jul/2026:20:31:38 +0000] "POST /xmlrpc.php HTTP/1.1" 503 18953 "-" "Mozilla/5.0 (Windows NT 10.0; Win64; x64) AppleWebKit/537.36 (KHTML, like Gecko) Chrome/78.0.3904.108 Safari/537.36"
198.177.124.148 - - [21/Jul/2026:20:45:17 +0000] "POST /wp-cron.php?doing_wp_cron=1784666717.8109669685363769531250 HTTP/1.1" 200 - "-" "WordPress/7.0.2; https://adelamachineshub.shop"
43.167.232.38 - - [21/Jul/2026:20:45:12 +0000] "GET / HTTP/1.1" 301 - "-" "Mozilla/5.0 (iPhone; CPU iPhone OS 13_2_3 like Mac OS X) AppleWebKit/605.1.15 (KHTML, like Gecko) Version/13.0.3 Mobile/15E148 Safari/604.1"
43.167.232.38 - - [21/Jul/2026:20:45:18 +0000] "GET / HTTP/1.1" 200 75067 "http://www.adelamachineshub.shop" "Mozilla/5.0 (iPhone; CPU iPhone OS 13_2_3 like Mac OS X) AppleWebKit/605.1.15 (KHTML, like Gecko) Version/13.0.3 Mobile/15E148 Safari/604.1"
198.177.124.148 - - [21/Jul/2026:21:03:26 +0000] "POST /wp-cron.php?doing_wp_cron=1784667806.2719259262084960937500 HTTP/1.1" 200 - "-" "WordPress/7.0.2; https://adelamachineshub.shop"
43.153.104.196 - - [21/Jul/2026:21:03:23 +0000] "GET / HTTP/1.1" 301 - "-" "Mozilla/5.0 (iPhone; CPU iPhone OS 13_2_3 like Mac OS X) AppleWebKit/605.1.15 (KHTML, like Gecko) Version/13.0.3 Mobile/15E148 Safari/604.1"
43.153.104.196 - - [21/Jul/2026:21:03:26 +0000] "GET / HTTP/1.1" 200 75067 "http://www.adelamachineshub.shop" "Mozilla/5.0 (iPhone; CPU iPhone OS 13_2_3 like Mac OS X) AppleWebKit/605.1.15 (KHTML, like Gecko) Version/13.0.3 Mobile/15E148 Safari/604.1"
198.177.124.148 - - [21/Jul/2026:21:06:03 +0000] "POST /wp-cron.php?doing_wp_cron=1784667963.5702071189880371093750 HTTP/1.1" 200 - "-" "WordPress/7.0.2; https://adelamachineshub.shop"
35.173.48.248 - - [21/Jul/2026:21:06:00 +0000] "GET / HTTP/1.1" 200 75067 "-" "Mozilla/5.0 (SS; Linux i686; rv:127.0) Gecko/20100101 Firefox/127.0"
184.72.73.153 - - [21/Jul/2026:21:06:04 +0000] "GET / HTTP/1.1" 200 75067 "-" "Mozilla/5.0 (Ubuntu; Linux x86_64) AppleWebKit/537.36 (KHTML, like Gecko) Chrome/125.0.0.0 Safari/537.36"
198.177.124.148 - - [21/Jul/2026:21:43:13 +0000] "POST /wp-cron.php?doing_wp_cron=1784670193.4915230274200439453125 HTTP/1.1" 200 - "-" "WordPress/7.0.2; https://adelamachineshub.shop"
45.92.87.40 - - [21/Jul/2026:21:43:09 +0000] "GET / HTTP/1.1" 200 75067 "-" "Mozilla/5.0 (Windows NT 10.0; Win64; x64) AppleWebKit/537.36 (KHTML, like Gecko) Chrome/94.0.4606.61 Safari/537.36"
198.177.124.148 - - [21/Jul/2026:22:02:23 +0000] "GET /.well-known/acme-challenge/HR9OHKYWE-MBJP57ARN2DC0WO31I1DVI HTTP/1.1" 200 64 "-" "Cpanel-HTTP-Client/1.0"
198.177.124.148 - - [21/Jul/2026:22:02:23 +0000] "GET /.well-known/acme-challenge/MXE7L7K-QPEMNW44ET3XAF2K5NDM1BKG HTTP/1.1" 200 64 "-" "Cpanel-HTTP-Client/1.0"
198.177.124.148 - - [21/Jul/2026:22:29:01 +0000] "POST /wp-cron.php?doing_wp_cron=1784672941.0240929126739501953125 HTTP/1.1" 200 - "-" "WordPress/7.0.2; https://adelamachineshub.shop"
45.92.84.131 - - [21/Jul/2026:22:28:57 +0000] "GET / HTTP/1.1" 200 75067 "-" "Mozilla/5.0 (Windows NT 10.0; Win64; x64) AppleWebKit/537.36 (KHTML, like Gecko) Chrome/94.0.4606.61 Safari/537.36"
198.177.124.148 - - [21/Jul/2026:22:42:31 +0000] "POST /wp-cron.php?doing_wp_cron=1784673751.8146328926086425781250 HTTP/1.1" 200 - "-" "WordPress/7.0.2; https://adelamachineshub.shop"
57.128.255.161 - - [21/Jul/2026:22:42:26 +0000] "GET / HTTP/1.1" 200 75067 "-" "Mozilla/5.0 (Windows NT 10.0; Win64; x64) AppleWebKit/537.36 (KHTML, like Gecko) Chrome/102.0.0.0 Safari/537.36"
57.128.255.161 - - [21/Jul/2026:22:42:32 +0000] "GET /wp-includes/js/jquery/jquery.min.js?ver=3.7.1 HTTP/1.1" 200 87553 "http://adelamachineshub.shop/" "Mozilla/5.0 (Windows NT 10.0; Win64; x64) AppleWebKit/537.36 (KHTML, like Gecko) Chrome/102.0.0.0 Safari/537.36"
51.195.20.42 - - [21/Jul/2026:22:42:33 +0000] "GET /wp-includes/js/jquery/jquery-migrate.min.js?ver=3.4.1 HTTP/1.1" 200 13577 "http://adelamachineshub.shop/" "Mozilla/5.0 (Windows NT 10.0; Win64; x64) AppleWebKit/537.36 (KHTML, like Gecko) Chrome/102.0.0.0 Safari/537.36"
57.128.255.161 - - [21/Jul/2026:22:42:33 +0000] "GET /wp-includes/js/dist/script-modules/interactivity/index.min.js?ver=efaa5193bbad9c60ffd1 HTTP/1.1" 200 40106 "http://adelamachineshub.shop/" "Mozilla/5.0 (Windows NT 10.0; Win64; x64) AppleWebKit/537.36 (KHTML, like Gecko) Chrome/102.0.0.0 Safari/537.36"
51.195.20.42 - - [21/Jul/2026:22:42:33 +0000] "GET /wp-includes/js/dist/script-modules/block-library/navigation/view.min.js?ver=96a846e1d7b789c39ab9 HTTP/1.1" 200 3053 "http://adelamachineshub.shop/" "Mozilla/5.0 (Windows NT 10.0; Win64; x64) AppleWebKit/537.36 (KHTML, like Gecko) Chrome/102.0.0.0 Safari/537.36"
51.195.20.42 - - [21/Jul/2026:22:42:33 +0000] "GET /wp-content/plugins/pixelyoursite/dist/scripts/js.cookie-2.1.3.min.js?ver=2.1.3 HTTP/1.1" 200 1709 "http://adelamachineshub.shop/" "Mozilla/5.0 (Windows NT 10.0; Win64; x64) AppleWebKit/537.36 (KHTML, like Gecko) Chrome/102.0.0.0 Safari/537.36"
57.128.255.161 - - [21/Jul/2026:22:42:33 +0000] "GET /wp-content/themes/twentytwentyfive/assets/fonts/manrope/Manrope-VariableFont_wght.woff2 HTTP/1.1" 200 53600 "http://adelamachineshub.shop/" "Mozilla/5.0 (Windows NT 10.0; Win64; x64) AppleWebKit/537.36 (KHTML, like Gecko) Chrome/102.0.0.0 Safari/537.36"
51.38.135.19 - - [21/Jul/2026:22:42:33 +0000] "GET /wp-content/plugins/pixelyoursite/dist/scripts/jquery.bind-first-0.2.3.min.js?ver=0.2.3 HTTP/1.1" 200 1317 "http://adelamachineshub.shop/" "Mozilla/5.0 (Windows NT 10.0; Win64; x64) AppleWebKit/537.36 (KHTML, like Gecko) Chrome/102.0.0.0 Safari/537.36"
54.37.10.247 - - [21/Jul/2026:22:42:33 +0000] "GET /wp-content/plugins/pixelyoursite/dist/scripts/public.js?ver=11.2.1 HTTP/1.1" 200 172979 "http://adelamachineshub.shop/" "Mozilla/5.0 (Windows NT 10.0; Win64; x64) AppleWebKit/537.36 (KHTML, like Gecko) Chrome/102.0.0.0 Safari/537.36"
51.195.20.42 - - [21/Jul/2026:22:42:33 +0000] "GET /wp-content/plugins/pixelyoursite/dist/scripts/tld.min.js?ver=2.3.1 HTTP/1.1" 200 141079 "http://adelamachineshub.shop/" "Mozilla/5.0 (Windows NT 10.0; Win64; x64) AppleWebKit/537.36 (KHTML, like Gecko) Chrome/102.0.0.0 Safari/537.36"
54.37.10.247 - - [21/Jul/2026:22:42:34 +0000] "GET /wp-includes/js/wp-emoji-release.min.js?ver=7.0.2 HTTP/1.1" 200 22752 "http://adelamachineshub.shop/" "Mozilla/5.0 (Windows NT 10.0; Win64; x64) AppleWebKit/537.36 (KHTML, like Gecko) Chrome/102.0.0.0 Safari/537.36"
198.177.124.148 - - [21/Jul/2026:22:42:35 +0000] "POST /wp-cron.php HTTP/1.1" 200 - "-" "WordPress/7.0.2; https://adelamachineshub.shop"
198.177.124.148 - - [21/Jul/2026:23:15:43 +0000] "POST /wp-cron.php?doing_wp_cron=1784675743.7948880195617675781250 HTTP/1.1" 200 - "-" "WordPress/7.0.2; https://adelamachineshub.shop"
136.67.60.28 - - [21/Jul/2026:23:15:24 +0000] "GET /bootstrap.php HTTP/1.1" 404 63848 "-" "Mozilla/5.0 (Windows NT 10.0; Win64; x64) AppleWebKit/537.36 (KHTML, like Gecko) Chrome/91.0.4472.124 Safari/537.36"
136.67.60.28 - - [21/Jul/2026:23:15:26 +0000] "GET /system/bootstrap.php HTTP/1.1" 404 63855 "-" "Mozilla/5.0 (Windows NT 10.0; Win64; x64) AppleWebKit/537.36 (KHTML, like Gecko) Chrome/91.0.4472.124 Safari/537.36"
198.177.124.148 - - [21/Jul/2026:23:24:19 +0000] "POST /wp-cron.php?doing_wp_cron=1784676259.7200839519500732421875 HTTP/1.1" 200 - "-" "WordPress/7.0.2; https://adelamachineshub.shop"
49.235.136.28 - - [21/Jul/2026:23:24:14 +0000] "GET / HTTP/1.1" 301 - "-" "Mozilla/5.0 (iPhone; CPU iPhone OS 13_2_3 like Mac OS X) AppleWebKit/605.1.15 (KHTML, like Gecko) Version/13.0.3 Mobile/15E148 Safari/604.1"
49.235.136.28 - - [21/Jul/2026:23:24:20 +0000] "GET / HTTP/1.1" 200 75067 "http://www.adelamachineshub.shop" "Mozilla/5.0 (iPhone; CPU iPhone OS 13_2_3 like Mac OS X) AppleWebKit/605.1.15 (KHTML, like Gecko) Version/13.0.3 Mobile/15E148 Safari/604.1"
198.177.124.148 - - [21/Jul/2026:23:26:04 +0000] "POST /wp-cron.php?doing_wp_cron=1784676364.2364509105682373046875 HTTP/1.1" 200 - "-" "WordPress/7.0.2; https://adelamachineshub.shop"
101.33.55.204 - - [21/Jul/2026:23:26:00 +0000] "GET / HTTP/1.1" 200 75067 "-" "Mozilla/5.0 (iPhone; CPU iPhone OS 13_2_3 like Mac OS X) AppleWebKit/605.1.15 (KHTML, like Gecko) Version/13.0.3 Mobile/15E148 Safari/604.1"
198.177.124.148 - - [22/Jul/2026:00:06:27 +0000] "POST /wp-cron.php?doing_wp_cron=1784678787.9918949604034423828125 HTTP/1.1" 200 - "-" "WordPress/7.0.2; https://adelamachineshub.shop"
45.154.98.108 - - [22/Jul/2026:00:06:24 +0000] "GET / HTTP/1.1" 200 75067 "-" "Mozilla/5.0 (Windows NT 10.0; Win64; x64) AppleWebKit/537.36 (KHTML, like Gecko) Chrome/78.0.3904.108 Safari/537.36"
45.154.98.108 - - [22/Jul/2026:00:06:28 +0000] "GET /?author=1 HTTP/1.1" 404 60261 "-" "Mozilla/5.0 (Windows NT 10.0; Win64; x64) AppleWebKit/537.36 (KHTML, like Gecko) Chrome/78.0.3904.108 Safari/537.36"
45.154.98.108 - - [22/Jul/2026:00:06:30 +0000] "GET /?author=2 HTTP/1.1" 404 60261 "-" "Mozilla/5.0 (Windows NT 10.0; Win64; x64) AppleWebKit/537.36 (KHTML, like Gecko) Chrome/78.0.3904.108 Safari/537.36"
45.154.98.108 - - [22/Jul/2026:00:06:31 +0000] "GET /wp-json/wp/v2/users/ HTTP/1.1" 401 108 "-" "Mozilla/5.0 (Windows NT 10.0; Win64; x64) AppleWebKit/537.36 (KHTML, like Gecko) Chrome/78.0.3904.108 Safari/537.36"
45.154.98.108 - - [22/Jul/2026:00:06:33 +0000] "GET /wp-json/oembed/1.0/embed?url=http://adelamachineshub.shop HTTP/1.1" 404 73 "-" "Mozilla/5.0 (Windows NT 10.0; Win64; x64) AppleWebKit/537.36 (KHTML, like Gecko) Chrome/78.0.3904.108 Safari/537.36"
45.154.98.108 - - [22/Jul/2026:00:06:34 +0000] "POST /xmlrpc.php HTTP/1.1" 503 18951 "-" "Mozilla/5.0 (Windows NT 10.0; Win64; x64) AppleWebKit/537.36 (KHTML, like Gecko) Chrome/78.0.3904.108 Safari/537.36"
198.177.124.148 - - [22/Jul/2026:00:11:35 +0000] "POST /wp-cron.php?doing_wp_cron=1784679095.1592469215393066406250 HTTP/1.1" 200 - "-" "WordPress/7.0.2; https://adelamachineshub.shop"
43.165.170.119 - - [22/Jul/2026:00:11:33 +0000] "GET / HTTP/1.1" 301 - "-" "Mozilla/5.0 (iPhone; CPU iPhone OS 13_2_3 like Mac OS X) AppleWebKit/605.1.15 (KHTML, like Gecko) Version/13.0.3 Mobile/15E148 Safari/604.1"
43.165.170.119 - - [22/Jul/2026:00:11:35 +0000] "GET / HTTP/1.1" 200 75067 "http://www.adelamachineshub.shop" "Mozilla/5.0 (iPhone; CPU iPhone OS 13_2_3 like Mac OS X) AppleWebKit/605.1.15 (KHTML, like Gecko) Version/13.0.3 Mobile/15E148 Safari/604.1"
63.141.250.58 - - [22/Jul/2026:00:49:48 +0000] "GET /index.php?params=1 HTTP/1.1" 301 - "-" "Mozilla/5.0 (Windows NT 10.0; Win64; x64) AppleWebKit/537.36 (KHTML, like Gecko) Chrome/131.0.0.0 Safari/537.36"
63.141.250.58 - - [22/Jul/2026:00:49:53 +0000] "GET /?params=1 HTTP/1.1" 200 75076 "-" "Mozilla/5.0 (Windows NT 10.0; Win64; x64) AppleWebKit/537.36 (KHTML, like Gecko) Chrome/131.0.0.0 Safari/537.36"
198.177.124.148 - - [22/Jul/2026:01:01:22 +0000] "GET /.well-known/acme-challenge/4YRSI978EDSUJP0CAC8COU-4FQFFD7H2 HTTP/1.1" 200 64 "-" "Cpanel-HTTP-Client/1.0"
198.177.124.148 - - [22/Jul/2026:01:01:23 +0000] "GET /.well-known/acme-challenge/CM5MEQQWDLA7H0SI_AU_O5N-18B4RXVC HTTP/1.1" 200 64 "-" "Cpanel-HTTP-Client/1.0"
198.177.124.148 - - [22/Jul/2026:01:07:39 +0000] "POST /wp-cron.php?doing_wp_cron=1784682459.8835709095001220703125 HTTP/1.1" 200 - "-" "WordPress/7.0.2; https://adelamachineshub.shop"
43.165.167.69 - - [22/Jul/2026:01:07:36 +0000] "GET / HTTP/1.1" 200 75067 "-" "Mozilla/5.0 (iPhone; CPU iPhone OS 13_2_3 like Mac OS X) AppleWebKit/605.1.15 (KHTML, like Gecko) Version/13.0.3 Mobile/15E148 Safari/604.1"
198.177.124.148 - - [22/Jul/2026:01:21:14 +0000] "POST /wp-cron.php?doing_wp_cron=1784683274.7677879333496093750000 HTTP/1.1" 200 - "-" "WordPress/7.0.2; https://adelamachineshub.shop"
195.178.110.223 - - [22/Jul/2026:01:21:11 +0000] "GET /.git/config HTTP/1.1" 404 63846 "-" "Mozilla/5.0 (Macintosh; Intel Mac OS X 10_14_4) AppleWebKit/537.36 (KHTML, like Gecko) Chrome/76.0.3809.100 Safari/537.36"
198.177.124.148 - - [22/Jul/2026:02:02:05 +0000] "POST /wp-cron.php?doing_wp_cron=1784685725.5952229499816894531250 HTTP/1.1" 200 - "-" "WordPress/7.0.2; https://adelamachineshub.shop"
43.165.186.188 - - [22/Jul/2026:02:02:02 +0000] "GET / HTTP/1.1" 301 - "-" "Mozilla/5.0 (iPhone; CPU iPhone OS 13_2_3 like Mac OS X) AppleWebKit/605.1.15 (KHTML, like Gecko) Version/13.0.3 Mobile/15E148 Safari/604.1"
61.79.198.49 - - [22/Jul/2026:02:02:35 +0000] "GET / HTTP/1.1" 200 75067 "-" "Mozilla/5.0"
61.79.198.49 - - [22/Jul/2026:02:02:40 +0000] "GET / HTTP/1.1" 200 75067 "-" "Mozilla/5.0"
45.148.10.120 - - [22/Jul/2026:02:20:23 +0000] "GET /.git/config HTTP/1.1" 404 63846 "-" "Mozilla/5.0 (Linux; Android 8.0.0; SM-G935U) AppleWebKit/537.36 (KHTML, like Gecko) Chrome/76.0.3809.111 Mobile Safari/537.36"
43.154.127.188 - - [22/Jul/2026:03:12:39 +0000] "GET / HTTP/1.1" 200 75067 "-" "Mozilla/5.0 (iPhone; CPU iPhone OS 13_2_3 like Mac OS X) AppleWebKit/605.1.15 (KHTML, like Gecko) Version/13.0.3 Mobile/15E148 Safari/604.1"
98.83.142.7 - - [22/Jul/2026:03:21:31 +0000] "GET / HTTP/1.1" 200 75067 "-" "Mozilla/5.0 (Windows NT 10.0; Win64; x64) AppleWebKit/537.36 (KHTML, like Gecko) Chrome/145.0.7632.6 Safari/537.36"
98.86.221.227 - - [22/Jul/2026:03:21:31 +0000] "GET / HTTP/1.1" 200 75067 "-" "Mozilla/5.0 (Linux; Android 16; SM-S921U) AppleWebKit/537.36 (KHTML, like Gecko) Chrome/145.0.7632.6 Mobile Safari/537.36"
98.83.142.7 - - [22/Jul/2026:03:21:35 +0000] "GET /wp-includes/js/jquery/jquery.min.js?ver=3.7.1 HTTP/1.1" 200 87553 "http://adelamachineshub.shop/" "Mozilla/5.0 (Windows NT 10.0; Win64; x64) AppleWebKit/537.36 (KHTML, like Gecko) Chrome/145.0.7632.6 Safari/537.36"
98.83.142.7 - - [22/Jul/2026:03:21:35 +0000] "GET /wp-includes/js/jquery/jquery-migrate.min.js?ver=3.4.1 HTTP/1.1" 200 13577 "http://adelamachineshub.shop/" "Mozilla/5.0 (Windows NT 10.0; Win64; x64) AppleWebKit/537.36 (KHTML, like Gecko) Chrome/145.0.7632.6 Safari/537.36"
98.86.221.227 - - [22/Jul/2026:03:21:35 +0000] "GET /wp-includes/js/jquery/jquery.min.js?ver=3.7.1 HTTP/1.1" 200 87553 "http://adelamachineshub.shop/" "Mozilla/5.0 (Linux; Android 16; SM-S921U) AppleWebKit/537.36 (KHTML, like Gecko) Chrome/145.0.7632.6 Mobile Safari/537.36"
98.86.221.227 - - [22/Jul/2026:03:21:35 +0000] "GET /wp-includes/js/jquery/jquery-migrate.min.js?ver=3.4.1 HTTP/1.1" 200 13577 "http://adelamachineshub.shop/" "Mozilla/5.0 (Linux; Android 16; SM-S921U) AppleWebKit/537.36 (KHTML, like Gecko) Chrome/145.0.7632.6 Mobile Safari/537.36"
98.83.142.7 - - [22/Jul/2026:03:21:35 +0000] "GET /wp-includes/js/dist/script-modules/interactivity/index.min.js?ver=efaa5193bbad9c60ffd1 HTTP/1.1" 200 40106 "http://adelamachineshub.shop/" "Mozilla/5.0 (Windows NT 10.0; Win64; x64) AppleWebKit/537.36 (KHTML, like Gecko) Chrome/145.0.7632.6 Safari/537.36"
98.83.142.7 - - [22/Jul/2026:03:21:35 +0000] "GET /wp-includes/js/dist/script-modules/block-library/navigation/view.min.js?ver=96a846e1d7b789c39ab9 HTTP/1.1" 200 3053 "http://adelamachineshub.shop/" "Mozilla/5.0 (Windows NT 10.0; Win64; x64) AppleWebKit/537.36 (KHTML, like Gecko) Chrome/145.0.7632.6 Safari/537.36"
98.86.221.227 - - [22/Jul/2026:03:21:35 +0000] "GET /wp-includes/js/dist/script-modules/interactivity/index.min.js?ver=efaa5193bbad9c60ffd1 HTTP/1.1" 200 40106 "http://adelamachineshub.shop/" "Mozilla/5.0 (Linux; Android 16; SM-S921U) AppleWebKit/537.36 (KHTML, like Gecko) Chrome/145.0.7632.6 Mobile Safari/537.36"
98.83.142.7 - - [22/Jul/2026:03:21:35 +0000] "GET /wp-content/plugins/pixelyoursite/dist/scripts/jquery.bind-first-0.2.3.min.js?ver=0.2.3 HTTP/1.1" 200 1317 "http://adelamachineshub.shop/" "Mozilla/5.0 (Windows NT 10.0; Win64; x64) AppleWebKit/537.36 (KHTML, like Gecko) Chrome/145.0.7632.6 Safari/537.36"
98.83.142.7 - - [22/Jul/2026:03:21:35 +0000] "GET /wp-content/plugins/pixelyoursite/dist/scripts/tld.min.js?ver=2.3.1 HTTP/1.1" 200 141079 "http://adelamachineshub.shop/" "Mozilla/5.0 (Windows NT 10.0; Win64; x64) AppleWebKit/537.36 (KHTML, like Gecko) Chrome/145.0.7632.6 Safari/537.36"
98.83.142.7 - - [22/Jul/2026:03:21:35 +0000] "GET /wp-content/plugins/pixelyoursite/dist/scripts/js.cookie-2.1.3.min.js?ver=2.1.3 HTTP/1.1" 200 1709 "http://adelamachineshub.shop/" "Mozilla/5.0 (Windows NT 10.0; Win64; x64) AppleWebKit/537.36 (KHTML, like Gecko) Chrome/145.0.7632.6 Safari/537.36"
98.83.142.7 - - [22/Jul/2026:03:21:35 +0000] "GET /wp-content/plugins/pixelyoursite/dist/scripts/public.js?ver=11.2.1 HTTP/1.1" 200 172979 "http://adelamachineshub.shop/" "Mozilla/5.0 (Windows NT 10.0; Win64; x64) AppleWebKit/537.36 (KHTML, like Gecko) Chrome/145.0.7632.6 Safari/537.36"
98.86.221.227 - - [22/Jul/2026:03:21:36 +0000] "GET /wp-includes/js/dist/script-modules/block-library/navigation/view.min.js?ver=96a846e1d7b789c39ab9 HTTP/1.1" 200 3053 "http://adelamachineshub.shop/" "Mozilla/5.0 (Linux; Android 16; SM-S921U) AppleWebKit/537.36 (KHTML, like Gecko) Chrome/145.0.7632.6 Mobile Safari/537.36"
98.83.142.7 - - [22/Jul/2026:03:21:36 +0000] "GET /wp-content/themes/twentytwentyfive/assets/fonts/manrope/Manrope-VariableFont_wght.woff2 HTTP/1.1" 200 53600 "http://adelamachineshub.shop/" "Mozilla/5.0 (Windows NT 10.0; Win64; x64) AppleWebKit/537.36 (KHTML, like Gecko) Chrome/145.0.7632.6 Safari/537.36"
98.86.221.227 - - [22/Jul/2026:03:21:36 +0000] "GET /wp-content/plugins/pixelyoursite/dist/scripts/jquery.bind-first-0.2.3.min.js?ver=0.2.3 HTTP/1.1" 200 1317 "http://adelamachineshub.shop/" "Mozilla/5.0 (Linux; Android 16; SM-S921U) AppleWebKit/537.36 (KHTML, like Gecko) Chrome/145.0.7632.6 Mobile Safari/537.36"
98.86.221.227 - - [22/Jul/2026:03:21:36 +0000] "GET /wp-content/plugins/pixelyoursite/dist/scripts/js.cookie-2.1.3.min.js?ver=2.1.3 HTTP/1.1" 200 1709 "http://adelamachineshub.shop/" "Mozilla/5.0 (Linux; Android 16; SM-S921U) AppleWebKit/537.36 (KHTML, like Gecko) Chrome/145.0.7632.6 Mobile Safari/537.36"
98.86.221.227 - - [22/Jul/2026:03:21:36 +0000] "GET /wp-content/themes/twentytwentyfive/assets/fonts/manrope/Manrope-VariableFont_wght.woff2 HTTP/1.1" 200 53600 "http://adelamachineshub.shop/" "Mozilla/5.0 (Linux; Android 16; SM-S921U) AppleWebKit/537.36 (KHTML, like Gecko) Chrome/145.0.7632.6 Mobile Safari/537.36"
98.86.221.227 - - [22/Jul/2026:03:21:36 +0000] "GET /wp-content/plugins/pixelyoursite/dist/scripts/tld.min.js?ver=2.3.1 HTTP/1.1" 200 141079 "http://adelamachineshub.shop/" "Mozilla/5.0 (Linux; Android 16; SM-S921U) AppleWebKit/537.36 (KHTML, like Gecko) Chrome/145.0.7632.6 Mobile Safari/537.36"
98.86.221.227 - - [22/Jul/2026:03:21:36 +0000] "GET /wp-content/plugins/pixelyoursite/dist/scripts/public.js?ver=11.2.1 HTTP/1.1" 200 172979 "http://adelamachineshub.shop/" "Mozilla/5.0 (Linux; Android 16; SM-S921U) AppleWebKit/537.36 (KHTML, like Gecko) Chrome/145.0.7632.6 Mobile Safari/537.36"
98.83.142.7 - - [22/Jul/2026:03:21:36 +0000] "GET /favicon.ico HTTP/1.1" 302 - "-" "Mozilla/5.0 (Windows NT 10.0; Win64; x64) AppleWebKit/537.36 (KHTML, like Gecko) Chrome/145.0.7632.6 Safari/537.36"
98.83.142.7 - - [22/Jul/2026:03:21:38 +0000] "GET /wp-includes/images/w-logo-blue-white-bg.png HTTP/1.1" 200 4119 "-" "Mozilla/5.0 (Windows NT 10.0; Win64; x64) AppleWebKit/537.36 (KHTML, like Gecko) Chrome/145.0.7632.6 Safari/537.36"
98.86.221.227 - - [22/Jul/2026:03:21:36 +0000] "GET /favicon.ico HTTP/1.1" 302 - "-" "Mozilla/5.0 (Linux; Android 16; SM-S921U) AppleWebKit/537.36 (KHTML, like Gecko) Chrome/145.0.7632.6 Mobile Safari/537.36"
98.86.221.227 - - [22/Jul/2026:03:21:39 +0000] "GET /wp-includes/images/w-logo-blue-white-bg.png HTTP/1.1" 200 4119 "-" "Mozilla/5.0 (Linux; Android 16; SM-S921U) AppleWebKit/537.36 (KHTML, like Gecko) Chrome/145.0.7632.6 Mobile Safari/537.36"
198.177.124.148 - - [22/Jul/2026:03:29:17 +0000] "POST /wp-cron.php?doing_wp_cron=1784690957.4740209579467773437500 HTTP/1.1" 200 - "-" "WordPress/7.0.2; https://adelamachineshub.shop"
178.105.7.84 - - [22/Jul/2026:03:29:14 +0000] "GET / HTTP/1.1" 200 75067 "-" "Mozilla/5.0 (X11; Linux x86_64) AppleWebKit/536.5 (KHTML, like Gecko) Chrome/19.0.1084.9 Safari/536.5"
44.252.95.141 - - [22/Jul/2026:03:43:54 +0000] "GET / HTTP/1.1" 200 75067 "-" "Mozilla/5.0 (Windows NT 10.0; Win64; x64; rv:109.0) Gecko/20100101 Firefox/109.0"
44.252.95.141 - - [22/Jul/2026:03:43:57 +0000] "GET /wp-includes/js/jquery/jquery.min.js?ver=3.7.1 HTTP/1.1" 200 87553 "http://adelamachineshub.shop/" "Mozilla/5.0 (Windows NT 10.0; Win64; x64; rv:109.0) Gecko/20100101 Firefox/109.0"
44.252.95.141 - - [22/Jul/2026:03:43:57 +0000] "GET /wp-includes/js/jquery/jquery-migrate.min.js?ver=3.4.1 HTTP/1.1" 200 13577 "http://adelamachineshub.shop/" "Mozilla/5.0 (Windows NT 10.0; Win64; x64; rv:109.0) Gecko/20100101 Firefox/109.0"
44.252.95.141 - - [22/Jul/2026:03:43:57 +0000] "GET /wp-includes/js/dist/script-modules/interactivity/index.min.js?ver=efaa5193bbad9c60ffd1 HTTP/1.1" 200 40106 "http://adelamachineshub.shop/" "Mozilla/5.0 (Windows NT 10.0; Win64; x64; rv:109.0) Gecko/20100101 Firefox/109.0"
44.252.95.141 - - [22/Jul/2026:03:43:57 +0000] "GET /wp-includes/js/dist/script-modules/block-library/navigation/view.min.js?ver=96a846e1d7b789c39ab9 HTTP/1.1" 200 3053 "http://adelamachineshub.shop/" "Mozilla/5.0 (Windows NT 10.0; Win64; x64; rv:109.0) Gecko/20100101 Firefox/109.0"
44.252.95.141 - - [22/Jul/2026:03:43:57 +0000] "GET /wp-content/plugins/pixelyoursite/dist/scripts/jquery.bind-first-0.2.3.min.js?ver=0.2.3 HTTP/1.1" 200 1317 "http://adelamachineshub.shop/" "Mozilla/5.0 (Windows NT 10.0; Win64; x64; rv:109.0) Gecko/20100101 Firefox/109.0"
44.252.95.141 - - [22/Jul/2026:03:43:57 +0000] "GET /wp-content/themes/twentytwentyfive/assets/fonts/manrope/Manrope-VariableFont_wght.woff2 HTTP/1.1" 200 53600 "http://adelamachineshub.shop/" "Mozilla/5.0 (Windows NT 10.0; Win64; x64; rv:109.0) Gecko/20100101 Firefox/109.0"
44.252.95.141 - - [22/Jul/2026:03:43:57 +0000] "GET /wp-content/plugins/pixelyoursite/dist/scripts/js.cookie-2.1.3.min.js?ver=2.1.3 HTTP/1.1" 200 1709 "http://adelamachineshub.shop/" "Mozilla/5.0 (Windows NT 10.0; Win64; x64; rv:109.0) Gecko/20100101 Firefox/109.0"
44.252.95.141 - - [22/Jul/2026:03:43:57 +0000] "GET /wp-content/plugins/pixelyoursite/dist/scripts/tld.min.js?ver=2.3.1 HTTP/1.1" 200 141079 "http://adelamachineshub.shop/" "Mozilla/5.0 (Windows NT 10.0; Win64; x64; rv:109.0) Gecko/20100101 Firefox/109.0"
44.252.95.141 - - [22/Jul/2026:03:43:57 +0000] "GET /wp-content/plugins/pixelyoursite/dist/scripts/public.js?ver=11.2.1 HTTP/1.1" 200 172979 "http://adelamachineshub.shop/" "Mozilla/5.0 (Windows NT 10.0; Win64; x64; rv:109.0) Gecko/20100101 Firefox/109.0"
44.252.95.141 - - [22/Jul/2026:03:43:57 +0000] "GET /wp-includes/js/wp-emoji-release.min.js?ver=7.0.2 HTTP/1.1" 200 22752 "http://adelamachineshub.shop/" "Mozilla/5.0 (Windows NT 10.0; Win64; x64; rv:109.0) Gecko/20100101 Firefox/109.0"
44.252.95.141 - - [22/Jul/2026:03:43:57 +0000] "GET /favicon.ico HTTP/1.1" 302 - "http://adelamachineshub.shop/" "Mozilla/5.0 (Windows NT 10.0; Win64; x64; rv:109.0) Gecko/20100101 Firefox/109.0"
44.252.95.141 - - [22/Jul/2026:03:44:01 +0000] "GET /wp-includes/images/w-logo-blue-white-bg.png HTTP/1.1" 200 4119 "http://adelamachineshub.shop/" "Mozilla/5.0 (Windows NT 10.0; Win64; x64; rv:109.0) Gecko/20100101 Firefox/109.0"
198.177.124.148 - - [22/Jul/2026:03:56:55 +0000] "POST /wp-cron.php?doing_wp_cron=1784692615.6675179004669189453125 HTTP/1.1" 200 - "-" "WordPress/7.0.2; https://adelamachineshub.shop"
43.159.34.167 - - [22/Jul/2026:03:56:52 +0000] "GET / HTTP/1.1" 301 - "-" "Mozilla/5.0 (iPhone; CPU iPhone OS 13_2_3 like Mac OS X) AppleWebKit/605.1.15 (KHTML, like Gecko) Version/13.0.3 Mobile/15E148 Safari/604.1"
43.159.34.167 - - [22/Jul/2026:03:56:56 +0000] "GET / HTTP/1.1" 200 75067 "http://www.adelamachineshub.shop" "Mozilla/5.0 (iPhone; CPU iPhone OS 13_2_3 like Mac OS X) AppleWebKit/605.1.15 (KHTML, like Gecko) Version/13.0.3 Mobile/15E148 Safari/604.1"
198.177.124.148 - - [22/Jul/2026:04:02:28 +0000] "GET /.well-known/acme-challenge/3C0WETW5YO9P55STBFE_AFIIRDH-Y-_L HTTP/1.1" 200 64 "-" "Cpanel-HTTP-Client/1.0"
198.177.124.148 - - [22/Jul/2026:04:02:28 +0000] "GET /.well-known/acme-challenge/84FZMB7O-H5BI4SX08WW4MDBXLOSDH9R HTTP/1.1" 200 64 "-" "Cpanel-HTTP-Client/1.0"
198.177.124.148 - - [22/Jul/2026:04:19:00 +0000] "POST /wp-cron.php?doing_wp_cron=1784693940.3853709697723388671875 HTTP/1.1" 200 - "-" "WordPress/7.0.2; https://adelamachineshub.shop"
23.26.239.147 - - [22/Jul/2026:04:18:57 +0000] "GET / HTTP/1.1" 200 75067 "-" "Mozilla/5.0 (Macintosh; Intel Mac OS X 10_15_7) AppleWebKit/537.36 (KHTML, like Gecko) Chrome/128.0.0.0 Safari/537.36"
198.177.124.148 - - [22/Jul/2026:04:27:19 +0000] "POST /wp-cron.php?doing_wp_cron=1784694439.2241439819335937500000 HTTP/1.1" 200 - "-" "WordPress/7.0.2; https://adelamachineshub.shop"
198.145.52.228 - - [22/Jul/2026:04:27:13 +0000] "GET / HTTP/1.1" 200 75067 "-" "Mozilla/5.0 (Macintosh; Intel Mac OS X 10_15_7) AppleWebKit/537.36 (KHTML, like Gecko) Chrome/128.0.0.0 Safari/537.36"
142.111.99.235 - - [22/Jul/2026:04:27:49 +0000] "GET / HTTP/1.1" 200 75067 "-" "Mozilla/5.0 (Windows NT 10.0; Win64; x64) AppleWebKit/537.36 (KHTML, like Gecko) Chrome/147.0.0.0 Safari/537.36"
142.111.99.235 - - [22/Jul/2026:04:27:52 +0000] "GET /wp-includes/js/jquery/jquery.min.js?ver=3.7.1 HTTP/1.1" 200 87553 "http://adelamachineshub.shop/" "Mozilla/5.0 (Windows NT 10.0; Win64; x64) AppleWebKit/537.36 (KHTML, like Gecko) Chrome/147.0.0.0 Safari/537.36"
142.111.99.235 - - [22/Jul/2026:04:27:53 +0000] "GET /wp-includes/js/jquery/jquery-migrate.min.js?ver=3.4.1 HTTP/1.1" 200 13577 "http://adelamachineshub.shop/" "Mozilla/5.0 (Windows NT 10.0; Win64; x64) AppleWebKit/537.36 (KHTML, like Gecko) Chrome/147.0.0.0 Safari/537.36"
142.111.99.235 - - [22/Jul/2026:04:27:53 +0000] "GET /wp-includes/js/dist/script-modules/interactivity/index.min.js?ver=efaa5193bbad9c60ffd1 HTTP/1.1" 200 40106 "http://adelamachineshub.shop/" "Mozilla/5.0 (Windows NT 10.0; Win64; x64) AppleWebKit/537.36 (KHTML, like Gecko) Chrome/147.0.0.0 Safari/537.36"
142.111.99.235 - - [22/Jul/2026:04:27:53 +0000] "GET /wp-includes/js/dist/script-modules/block-library/navigation/view.min.js?ver=96a846e1d7b789c39ab9 HTTP/1.1" 200 3053 "http://adelamachineshub.shop/" "Mozilla/5.0 (Windows NT 10.0; Win64; x64) AppleWebKit/537.36 (KHTML, like Gecko) Chrome/147.0.0.0 Safari/537.36"
142.111.99.235 - - [22/Jul/2026:04:27:53 +0000] "GET /wp-content/themes/twentytwentyfive/assets/fonts/manrope/Manrope-VariableFont_wght.woff2 HTTP/1.1" 200 53600 "http://adelamachineshub.shop/" "Mozilla/5.0 (Windows NT 10.0; Win64; x64) AppleWebKit/537.36 (KHTML, like Gecko) Chrome/147.0.0.0 Safari/537.36"
142.111.99.235 - - [22/Jul/2026:04:27:53 +0000] "GET /wp-content/plugins/pixelyoursite/dist/scripts/jquery.bind-first-0.2.3.min.js?ver=0.2.3 HTTP/1.1" 200 1317 "http://adelamachineshub.shop/" "Mozilla/5.0 (Windows NT 10.0; Win64; x64) AppleWebKit/537.36 (KHTML, like Gecko) Chrome/147.0.0.0 Safari/537.36"
142.111.99.235 - - [22/Jul/2026:04:27:53 +0000] "GET /wp-content/plugins/pixelyoursite/dist/scripts/js.cookie-2.1.3.min.js?ver=2.1.3 HTTP/1.1" 200 1709 "http://adelamachineshub.shop/" "Mozilla/5.0 (Windows NT 10.0; Win64; x64) AppleWebKit/537.36 (KHTML, like Gecko) Chrome/147.0.0.0 Safari/537.36"
142.111.99.235 - - [22/Jul/2026:04:27:53 +0000] "GET /wp-content/plugins/pixelyoursite/dist/scripts/tld.min.js?ver=2.3.1 HTTP/1.1" 200 141079 "http://adelamachineshub.shop/" "Mozilla/5.0 (Windows NT 10.0; Win64; x64) AppleWebKit/537.36 (KHTML, like Gecko) Chrome/147.0.0.0 Safari/537.36"
142.111.99.235 - - [22/Jul/2026:04:27:54 +0000] "GET /wp-content/plugins/pixelyoursite/dist/scripts/public.js?ver=11.2.1 HTTP/1.1" 200 172979 "http://adelamachineshub.shop/" "Mozilla/5.0 (Windows NT 10.0; Win64; x64) AppleWebKit/537.36 (KHTML, like Gecko) Chrome/147.0.0.0 Safari/537.36"
142.111.99.235 - - [22/Jul/2026:04:27:56 +0000] "GET /favicon.ico HTTP/1.1" 302 - "http://adelamachineshub.shop/" "Mozilla/5.0 (Windows NT 10.0; Win64; x64) AppleWebKit/537.36 (KHTML, like Gecko) Chrome/147.0.0.0 Safari/537.36"
142.111.99.235 - - [22/Jul/2026:04:28:00 +0000] "GET /wp-includes/images/w-logo-blue-white-bg.png HTTP/1.1" 200 4119 "http://adelamachineshub.shop/" "Mozilla/5.0 (Windows NT 10.0; Win64; x64) AppleWebKit/537.36 (KHTML, like Gecko) Chrome/147.0.0.0 Safari/537.36"
35.219.228.28 - - [22/Jul/2026:04:56:27 +0000] "GET / HTTP/1.1" 200 75067 "-" "Mozilla/5.0 (Windows NT 10.0; Win64; x64) AppleWebKit/537.36 (KHTML, like Gecko; compatible; BuiltWith/1.4; rb.gy/xprgqj) Chrome/124.0.0.0 Safari/537.36"
198.177.124.148 - - [22/Jul/2026:05:00:57 +0000] "POST /wp-cron.php?doing_wp_cron=1784696457.6220469474792480468750 HTTP/1.1" 200 - "-" "WordPress/7.0.2; https://adelamachineshub.shop"
137.184.150.49 - - [22/Jul/2026:05:00:55 +0000] "POST /wp-json/batch/v1 HTTP/1.1" 207 16 "-" "Mozilla/5.0 (X11; Linux x86_64) AppleWebKit/537.36 (KHTML, like Gecko) Chrome/126.0.0.0 Safari/537.36"
137.184.150.49 - - [22/Jul/2026:05:00:57 +0000] "POST /wp-json/batch/v1 HTTP/1.1" 207 478 "-" "Mozilla/5.0 (X11; Linux x86_64) AppleWebKit/537.36 (KHTML, like Gecko) Chrome/126.0.0.0 Safari/537.36"
54.83.157.140 - - [22/Jul/2026:05:06:31 +0000] "GET / HTTP/1.1" 200 75067 "-" "Mozilla/5.0 (X11; CrOS x86_64 14541.0.0) AppleWebKit/537.36 (KHTML, like Gecko) Chrome/134.0.0.0 Safari/537.36"
3.83.82.246 - - [22/Jul/2026:05:08:45 +0000] "GET / HTTP/1.1" 200 75067 "-" "Mozilla/5.0 (Fedora; Linux x86_64; rv:127.0) Gecko/20100101 Firefox/127.0"
35.219.228.28 - - [22/Jul/2026:05:18:38 +0000] "GET / HTTP/1.1" 200 75067 "-" "Mozilla/5.0 (Windows NT 10.0; Win64; x64) AppleWebKit/537.36 (KHTML, like Gecko; compatible; BuiltWith/1.4; rb.gy/xprgqj) Chrome/124.0.0.0 Safari/537.36"
198.177.124.148 - - [22/Jul/2026:05:25:15 +0000] "POST /wp-cron.php?doing_wp_cron=1784697915.6147348880767822265625 HTTP/1.1" 200 - "-" "WordPress/7.0.2; https://adelamachineshub.shop"
91.134.142.216 - - [22/Jul/2026:05:25:07 +0000] "GET / HTTP/1.1" 200 75067 "-" "Mozilla/5.0 (iPhone; CPU iPhone OS 18_0 like Mac OS X) AppleWebKit/605.1.15 (KHTML, like Gecko) FxiOS/152.0 Mobile/15E148 Safari/604.1"
198.177.124.148 - - [22/Jul/2026:05:26:18 +0000] "POST /wp-cron.php?doing_wp_cron=1784697978.2276120185852050781250 HTTP/1.1" 200 - "-" "WordPress/7.0.2; https://adelamachineshub.shop"
91.134.142.216 - - [22/Jul/2026:05:26:16 +0000] "GET /favicon.ico HTTP/1.1" 302 - "-" "Mozilla/5.0 (iPhone; CPU iPhone OS 18_0 like Mac OS X) AppleWebKit/605.1.15 (KHTML, like Gecko) FxiOS/152.0 Mobile/15E148 Safari/604.1"
91.134.142.216 - - [22/Jul/2026:05:26:20 +0000] "GET /wp-includes/images/w-logo-blue-white-bg.png HTTP/1.1" 200 4119 "http://adelamachineshub.shop/favicon.ico" "Mozilla/5.0 (iPhone; CPU iPhone OS 18_0 like Mac OS X) AppleWebKit/605.1.15 (KHTML, like Gecko) FxiOS/152.0 Mobile/15E148 Safari/604.1"
198.177.124.148 - - [22/Jul/2026:05:29:00 +0000] "POST /wp-cron.php?doing_wp_cron=1784698140.5613789558410644531250 HTTP/1.1" 200 - "-" "WordPress/7.0.2; https://adelamachineshub.shop"
52.91.59.9 - - [22/Jul/2026:05:28:56 +0000] "GET / HTTP/1.1" 200 75067 "-" "Mozilla/5.0 (Macintosh; Intel Mac OS X 10_15_1) AppleWebKit/605.1.15 (KHTML, like Gecko) Version/13.0.3 Safari/605.1.15"
198.177.124.148 - - [22/Jul/2026:05:45:05 +0000] "POST /wp-cron.php?doing_wp_cron=1784699105.1425690650939941406250 HTTP/1.1" 200 - "-" "WordPress/7.0.2; https://adelamachineshub.shop"
119.91.20.139 - - [22/Jul/2026:05:45:02 +0000] "GET / HTTP/1.1" 200 75067 "-" "Mozilla/5.0 (iPhone; CPU iPhone OS 13_2_3 like Mac OS X) AppleWebKit/605.1.15 (KHTML, like Gecko) Version/13.0.3 Mobile/15E148 Safari/604.1"
198.177.124.148 - - [22/Jul/2026:05:47:04 +0000] "POST /wp-cron.php?doing_wp_cron=1784699224.8208289146423339843750 HTTP/1.1" 200 - "-" "WordPress/7.0.2; https://adelamachineshub.shop"
45.157.112.97 - - [22/Jul/2026:05:47:02 +0000] "GET / HTTP/1.1" 200 75067 "-" "Mozilla/5.0 (Windows NT 10.0; Win64; x64) AppleWebKit/537.36 (KHTML, like Gecko) Chrome/109.0.0.0 Safari/537.36"
198.177.124.148 - - [22/Jul/2026:05:51:46 +0000] "POST /wp-cron.php?doing_wp_cron=1784699506.6723821163177490234375 HTTP/1.1" 200 - "-" "WordPress/7.0.2; https://adelamachineshub.shop"
193.47.62.168 - - [22/Jul/2026:05:51:44 +0000] "GET /wp-json/gravitysmtp/v1/tests/mock-data?page=gravitysmtp-settings HTTP/1.1" 404 114 "-" "Mozilla/5.0 (compatible; SecurityResearch/1.0; )"
198.177.124.148 - - [22/Jul/2026:06:16:54 +0000] "POST /wp-cron.php?doing_wp_cron=1784701014.1984848976135253906250 HTTP/1.1" 200 - "-" "WordPress/7.0.2; https://adelamachineshub.shop"
45.92.87.60 - - [22/Jul/2026:06:16:51 +0000] "GET / HTTP/1.1" 200 75067 "-" "Mozilla/5.0 (Windows NT 10.0; Win64; x64) AppleWebKit/537.36 (KHTML, like Gecko) Chrome/94.0.4606.61 Safari/537.36"
198.177.124.148 - - [22/Jul/2026:06:39:52 +0000] "POST /wp-cron.php?doing_wp_cron=1784702392.6237161159515380859375 HTTP/1.1" 200 - "-" "WordPress/7.0.2; https://adelamachineshub.shop"
193.42.56.225 - - [22/Jul/2026:06:39:49 +0000] "GET / HTTP/1.1" 200 75067 "-" "Mozilla/5.0 (iPhone; CPU iPhone OS 18_7_9 like Mac OS X) AppleWebKit/605.1.15 (KHTML, like Gecko) Version/26.0 Mobile/15E148 Safari/604.1"
193.42.56.225 - - [22/Jul/2026:06:39:56 +0000] "GET /ads.txt HTTP/1.1" 404 63842 "-" "Mozilla/5.0 (iPhone; CPU iPhone OS 18_7_9 like Mac OS X) AppleWebKit/605.1.15 (KHTML, like Gecko) Version/26.0 Mobile/15E148 Safari/604.1"
198.177.124.148 - - [22/Jul/2026:06:52:04 +0000] "POST /wp-cron.php?doing_wp_cron=1784703124.5113239288330078125000 HTTP/1.1" 200 - "-" "WordPress/7.0.2; https://adelamachineshub.shop"
43.130.102.223 - - [22/Jul/2026:06:52:00 +0000] "GET / HTTP/1.1" 200 75067 "-" "Mozilla/5.0 (iPhone; CPU iPhone OS 13_2_3 like Mac OS X) AppleWebKit/605.1.15 (KHTML, like Gecko) Version/13.0.3 Mobile/15E148 Safari/604.1"
198.177.124.148 - - [22/Jul/2026:06:55:39 +0000] "POST /wp-cron.php?doing_wp_cron=1784703339.7026050090789794921875 HTTP/1.1" 200 - "-" "WordPress/7.0.2; https://adelamachineshub.shop"
201.78.128.89 - - [22/Jul/2026:06:55:36 +0000] "HEAD / HTTP/1.1" 200 - "-" "Mozilla/5.0 (Windows NT 10.0; Win64; x64) AppleWebKit/537.36 (KHTML, like Gecko) Chrome/147.0.0.0 Safari/537.36 Edg/146.0.3856.109"
198.177.124.148 - - [22/Jul/2026:07:02:34 +0000] "GET /.well-known/acme-challenge/ZOTGXEPPGGGCFK1XRU11VF22VEFDX5OE HTTP/1.1" 200 64 "-" "Cpanel-HTTP-Client/1.0"
198.177.124.148 - - [22/Jul/2026:07:02:35 +0000] "GET /.well-known/acme-challenge/NU5F_AVSNWIUBJSW5I3AOMI2OGDCBF-J HTTP/1.1" 200 64 "-" "Cpanel-HTTP-Client/1.0"
198.177.124.148 - - [22/Jul/2026:07:11:56 +0000] "POST /wp-cron.php?doing_wp_cron=1784704316.1969399452209472656250 HTTP/1.1" 200 - "-" "WordPress/7.0.2; https://adelamachineshub.shop"
158.173.167.14 - - [22/Jul/2026:07:11:52 +0000] "GET / HTTP/1.1" 200 75067 "-" "Mozilla/5.0 (compatible; MSIE 10.0; Windows NT 6.1; Trident/6.0)"
198.177.124.148 - - [22/Jul/2026:07:31:50 +0000] "POST /wp-cron.php?doing_wp_cron=1784705510.5975511074066162109375 HTTP/1.1" 200 - "-" "WordPress/7.0.2; https://adelamachineshub.shop"
43.165.65.117 - - [22/Jul/2026:07:31:46 +0000] "GET / HTTP/1.1" 301 - "-" "Mozilla/5.0 (iPhone; CPU iPhone OS 13_2_3 like Mac OS X) AppleWebKit/605.1.15 (KHTML, like Gecko) Version/13.0.3 Mobile/15E148 Safari/604.1"
43.165.65.117 - - [22/Jul/2026:07:31:51 +0000] "GET / HTTP/1.1" 200 75067 "http://www.adelamachineshub.shop" "Mozilla/5.0 (iPhone; CPU iPhone OS 13_2_3 like Mac OS X) AppleWebKit/605.1.15 (KHTML, like Gecko) Version/13.0.3 Mobile/15E148 Safari/604.1"
198.177.124.148 - - [22/Jul/2026:07:43:25 +0000] "POST /wp-cron.php?doing_wp_cron=1784706205.5174560546875000000000 HTTP/1.1" 200 - "-" "WordPress/7.0.2; https://adelamachineshub.shop"
128.199.8.140 - - [22/Jul/2026:07:43:21 +0000] "GET / HTTP/1.1" 301 - "-" "Mozilla/5.0 (compatible; InternetMeasurement/1.0; +https://internet-measurement.com/)"
128.199.8.140 - - [22/Jul/2026:07:43:26 +0000] "GET / HTTP/1.1" 200 75067 "http://www.adelamachineshub.shop" "Mozilla/5.0 (compatible; InternetMeasurement/1.0; +https://internet-measurement.com/)"
