HEX
Server: Apache
System: Linux server1.yalehafricanfoods.shop 5.14.0-687.15.1.el9_8.x86_64 #1 SMP PREEMPT_DYNAMIC Thu Jun 11 08:51:45 EDT 2026 x86_64
User: yalenocb (1002)
PHP: 8.1.34
Disabled: NONE
Upload Files
File: /home/yalenocb/access-logs/adelamachineshub.shop.yalehafricanfoods.shop
147.182.255.221 - - [21/Jul/2026:07:45:57 +0000] "GET / HTTP/1.1" 200 69367 "-" "Mozilla/5.0 (X11; Linux x86_64; rv:142.0) Gecko/20100101 Firefox/142.0"
147.182.255.221 - - [21/Jul/2026:07:45:58 +0000] "GET /favicon.ico HTTP/1.1" 302 - "http://adelamachineshub.shop/" "Mozilla/5.0 (X11; Linux x86_64; rv:142.0) Gecko/20100101 Firefox/142.0"
43.157.67.70 - - [21/Jul/2026:08:00:40 +0000] "GET /wp-content/themes/twentytwentyfive/assets/fonts/manrope/Manrope-VariableFont_wght.woff2 HTTP/1.1" 200 53600 "-" "Mozilla/5.0 (iPhone; CPU iPhone OS 13_2_3 like Mac OS X) AppleWebKit/605.1.15 (KHTML, like Gecko) Version/13.0.3 Mobile/15E148 Safari/604.1"
31.121.111.20 - - [21/Jul/2026:08:20:08 +0000] "GET / HTTP/1.1" 200 69367 "-" "Mozilla/5.0 (Windows NT 10.0; Win64; x64) AppleWebKit/537.36 (KHTML, like Gecko) Chrome/125.0.0.0 Safari/537.3"
31.121.111.20 - - [21/Jul/2026:08:20:11 +0000] "GET /wp-includes/js/dist/script-modules/interactivity/index.min.js?ver=efaa5193bbad9c60ffd1 HTTP/1.1" 200 40106 "-" "Mozilla/5.0 (Windows NT 10.0; Win64; x64) AppleWebKit/537.36 (KHTML, like Gecko) Chrome/125.0.0.0 Safari/537.3"
31.121.111.20 - - [21/Jul/2026:08:20:11 +0000] "GET /wp-content/themes/twentytwentyfive/assets/fonts/manrope/Manrope-VariableFont_wght.woff2 HTTP/1.1" 200 53600 "http://adelamachineshub.shop/" "Mozilla/5.0 (Windows NT 10.0; Win64; x64) AppleWebKit/537.36 (KHTML, like Gecko) Chrome/125.0.0.0 Safari/537.3"
31.121.111.20 - - [21/Jul/2026:08:20:11 +0000] "GET /wp-includes/js/dist/script-modules/block-library/navigation/view.min.js?ver=96a846e1d7b789c39ab9 HTTP/1.1" 200 3053 "http://adelamachineshub.shop/" "Mozilla/5.0 (Windows NT 10.0; Win64; x64) AppleWebKit/537.36 (KHTML, like Gecko) Chrome/125.0.0.0 Safari/537.3"
31.121.111.20 - - [21/Jul/2026:08:20:13 +0000] "GET /wp-includes/js/wp-emoji-release.min.js?ver=7.0.2 HTTP/1.1" 200 22752 "http://adelamachineshub.shop/" "Mozilla/5.0 (Windows NT 10.0; Win64; x64) AppleWebKit/537.36 (KHTML, like Gecko) Chrome/125.0.0.0 Safari/537.3"
31.121.111.20 - - [21/Jul/2026:08:20:23 +0000] "GET /apple-touch-icon.png HTTP/1.1" 404 58113 "-" "Mozilla/5.0 (Windows NT 10.0; Win64; x64) AppleWebKit/537.36 (KHTML, like Gecko) Chrome/125.0.0.0 Safari/537.3"
31.121.111.20 - - [21/Jul/2026:08:20:25 +0000] "GET /favicon.ico HTTP/1.1" 302 - "-" "Mozilla/5.0 (Windows NT 10.0; Win64; x64) AppleWebKit/537.36 (KHTML, like Gecko) Chrome/125.0.0.0 Safari/537.3"
31.121.111.20 - - [21/Jul/2026:08:20:26 +0000] "GET /wp-includes/images/w-logo-blue-white-bg.png HTTP/1.1" 200 4119 "-" "Mozilla/5.0 (Windows NT 10.0; Win64; x64) AppleWebKit/537.36 (KHTML, like Gecko) Chrome/125.0.0.0 Safari/537.3"
119.75.241.84 - - [21/Jul/2026:08:21:37 +0000] "GET / HTTP/1.1" 200 69367 "-" "Mozilla/5.0"
119.75.241.84 - - [21/Jul/2026:08:21:39 +0000] "GET / HTTP/1.1" 200 69367 "https://www.google.com/" "Mozilla/5.0 (X11; Linux x86_64) AppleWebKit/537.36 (KHTML, like Gecko) Chrome/148.0.0.0 Safari/537.36"
119.75.241.84 - - [21/Jul/2026:08:21:40 +0000] "GET /wp-includes/js/dist/script-modules/interactivity/index.min.js?ver=efaa5193bbad9c60ffd1 HTTP/1.1" 200 40106 "-" "Mozilla/5.0 (X11; Linux x86_64) AppleWebKit/537.36 (KHTML, like Gecko) Chrome/148.0.0.0 Safari/537.36"
119.75.241.84 - - [21/Jul/2026:08:21:40 +0000] "GET /wp-includes/js/dist/script-modules/block-library/navigation/view.min.js?ver=96a846e1d7b789c39ab9 HTTP/1.1" 200 3053 "http://adelamachineshub.shop/" "Mozilla/5.0 (X11; Linux x86_64) AppleWebKit/537.36 (KHTML, like Gecko) Chrome/148.0.0.0 Safari/537.36"
119.75.241.84 - - [21/Jul/2026:08:21:40 +0000] "GET /wp-content/themes/twentytwentyfive/assets/fonts/manrope/Manrope-VariableFont_wght.woff2 HTTP/1.1" 200 53600 "http://adelamachineshub.shop/" "Mozilla/5.0 (X11; Linux x86_64) AppleWebKit/537.36 (KHTML, like Gecko) Chrome/148.0.0.0 Safari/537.36"
119.75.241.84 - - [21/Jul/2026:08:21:40 +0000] "GET /wp-includes/js/wp-emoji-release.min.js?ver=7.0.2 HTTP/1.1" 200 22752 "http://adelamachineshub.shop/" "Mozilla/5.0 (X11; Linux x86_64) AppleWebKit/537.36 (KHTML, like Gecko) Chrome/148.0.0.0 Safari/537.36"
52.205.183.147 - - [21/Jul/2026:08:33:41 +0000] "GET / HTTP/1.1" 200 69367 "-" "Mozilla/5.0 (Windows NT 10.0; Win64; x64; rv:77.0) Gecko/20100101 Firefox/77.0"
18.213.107.7 - - [21/Jul/2026:08:46:16 +0000] "GET / HTTP/1.1" 200 69367 "-" "Mozilla/5.0 (Macintosh; Intel Mac OS X 10_9_3) AppleWebKit/537.36 (KHTML, like Gecko) Chrome/35.0.1916.47 Safari/537.36"
18.213.107.7 - - [21/Jul/2026:08:46:17 +0000] "HEAD /favicon.ico HTTP/1.1" 200 - "-" "Mozilla/5.0 (Macintosh; Intel Mac OS X 10_9_3) AppleWebKit/537.36 (KHTML, like Gecko) Chrome/35.0.1916.47 Safari/537.36"
18.213.107.7 - - [21/Jul/2026:08:46:18 +0000] "GET /favicon.ico HTTP/1.1" 302 - "-" "Mozilla/5.0 (Macintosh; Intel Mac OS X 10_9_3) AppleWebKit/537.36 (KHTML, like Gecko) Chrome/35.0.1916.47 Safari/537.36"
18.213.107.7 - - [21/Jul/2026:08:46:19 +0000] "GET /wp-includes/images/w-logo-blue-white-bg.png HTTP/1.1" 200 4119 "-" "Mozilla/5.0 (Macintosh; Intel Mac OS X 10_9_3) AppleWebKit/537.36 (KHTML, like Gecko) Chrome/35.0.1916.47 Safari/537.36"
170.106.147.63 - - [21/Jul/2026:09:39:59 +0000] "GET / HTTP/1.1" 200 69367 "-" "Mozilla/5.0 (iPhone; CPU iPhone OS 13_2_3 like Mac OS X) AppleWebKit/605.1.15 (KHTML, like Gecko) Version/13.0.3 Mobile/15E148 Safari/604.1"
45.92.86.192 - - [21/Jul/2026:09:44:55 +0000] "GET / HTTP/1.1" 200 71325 "-" "Mozilla/5.0 (Windows NT 10.0; Win64; x64) AppleWebKit/537.36 (KHTML, like Gecko) Chrome/94.0.4606.61 Safari/537.36"
198.177.124.148 - - [21/Jul/2026:10:02:32 +0000] "GET /.well-known/acme-challenge/J6_GV7UTZLMRE8JOAWCPJ63FT79H605Q HTTP/1.1" 200 64 "-" "Cpanel-HTTP-Client/1.0"
198.177.124.148 - - [21/Jul/2026:10:02:33 +0000] "GET /.well-known/acme-challenge/H6G41WUO7_59WXF6RMY2OHMHPB9LF42K HTTP/1.1" 200 64 "-" "Cpanel-HTTP-Client/1.0"
198.177.124.148 - - [21/Jul/2026:10:13:24 +0000] "POST /wp-cron.php?doing_wp_cron=1784628804.8200380802154541015625 HTTP/1.1" 200 - "-" "WordPress/7.0.2; https://adelamachineshub.shop"
119.91.20.139 - - [21/Jul/2026:10:13:22 +0000] "GET / HTTP/1.1" 301 - "-" "Mozilla/5.0 (iPhone; CPU iPhone OS 13_2_3 like Mac OS X) AppleWebKit/605.1.15 (KHTML, like Gecko) Version/13.0.3 Mobile/15E148 Safari/604.1"
119.91.20.139 - - [21/Jul/2026:10:13:25 +0000] "GET / HTTP/1.1" 200 74865 "http://www.adelamachineshub.shop" "Mozilla/5.0 (iPhone; CPU iPhone OS 13_2_3 like Mac OS X) AppleWebKit/605.1.15 (KHTML, like Gecko) Version/13.0.3 Mobile/15E148 Safari/604.1"
165.227.32.93 - - [21/Jul/2026:10:26:19 +0000] "GET / HTTP/1.1" 200 74843 "-" "Mozilla/5.0 (Windows NT 10.0; Win64; x64) AppleWebKit/537.36 (KHTML, like Gecko) Chrome/80.0.3987.149 Safari/537.36"
165.227.32.93 - - [21/Jul/2026:10:26:21 +0000] "GET /?author=1 HTTP/1.1" 404 60037 "-" "Mozilla/5.0 (Windows NT 10.0; Win64; x64) AppleWebKit/537.36 (KHTML, like Gecko) Chrome/80.0.3987.149 Safari/537.36"
165.227.32.93 - - [21/Jul/2026:10:26:25 +0000] "GET /?author=2 HTTP/1.1" 404 60037 "-" "Mozilla/5.0 (Windows NT 10.0; Win64; x64) AppleWebKit/537.36 (KHTML, like Gecko) Chrome/80.0.3987.149 Safari/537.36"
165.227.32.93 - - [21/Jul/2026:10:26:29 +0000] "GET /wp-json/wp/v2/users/ HTTP/1.1" 401 108 "-" "Mozilla/5.0 (Windows NT 10.0; Win64; x64) AppleWebKit/537.36 (KHTML, like Gecko) Chrome/80.0.3987.149 Safari/537.36"
165.227.32.93 - - [21/Jul/2026:10:26:31 +0000] "GET /wp-json/oembed/1.0/embed?url=http://adelamachineshub.shop HTTP/1.1" 404 73 "-" "Mozilla/5.0 (Windows NT 10.0; Win64; x64) AppleWebKit/537.36 (KHTML, like Gecko) Chrome/80.0.3987.149 Safari/537.36"
165.227.32.93 - - [21/Jul/2026:10:26:34 +0000] "POST /xmlrpc.php HTTP/1.1" 503 18953 "-" "Mozilla/5.0 (Windows NT 10.0; Win64; x64) AppleWebKit/537.36 (KHTML, like Gecko) Chrome/80.0.3987.149 Safari/537.36"
198.177.124.148 - - [21/Jul/2026:10:38:21 +0000] "POST /wp-cron.php?doing_wp_cron=1784630301.7793569564819335937500 HTTP/1.1" 200 - "-" "WordPress/7.0.2; https://adelamachineshub.shop"
142.93.74.209 - - [21/Jul/2026:10:38:19 +0000] "GET / HTTP/1.1" 200 75067 "-" "Mozilla/5.0 (Windows NT 10.0; Win64; x64) AppleWebKit/537.36 (KHTML, like Gecko) Chrome/80.0.3987.149 Safari/537.36"
142.93.74.209 - - [21/Jul/2026:10:38:21 +0000] "GET /?author=1 HTTP/1.1" 404 60261 "-" "Mozilla/5.0 (Windows NT 10.0; Win64; x64) AppleWebKit/537.36 (KHTML, like Gecko) Chrome/80.0.3987.149 Safari/537.36"
142.93.74.209 - - [21/Jul/2026:10:38:23 +0000] "GET /?author=2 HTTP/1.1" 404 60261 "-" "Mozilla/5.0 (Windows NT 10.0; Win64; x64) AppleWebKit/537.36 (KHTML, like Gecko) Chrome/80.0.3987.149 Safari/537.36"
142.93.74.209 - - [21/Jul/2026:10:38:26 +0000] "GET /wp-json/wp/v2/users/ HTTP/1.1" 401 108 "-" "Mozilla/5.0 (Windows NT 10.0; Win64; x64) AppleWebKit/537.36 (KHTML, like Gecko) Chrome/80.0.3987.149 Safari/537.36"
142.93.74.209 - - [21/Jul/2026:10:38:28 +0000] "GET /wp-json/oembed/1.0/embed?url=http://adelamachineshub.shop HTTP/1.1" 404 73 "-" "Mozilla/5.0 (Windows NT 10.0; Win64; x64) AppleWebKit/537.36 (KHTML, like Gecko) Chrome/80.0.3987.149 Safari/537.36"
142.93.74.209 - - [21/Jul/2026:10:38:31 +0000] "POST /xmlrpc.php HTTP/1.1" 503 18953 "-" "Mozilla/5.0 (Windows NT 10.0; Win64; x64) AppleWebKit/537.36 (KHTML, like Gecko) Chrome/80.0.3987.149 Safari/537.36"
43.130.12.43 - - [21/Jul/2026:10:41:44 +0000] "GET /wp-content/themes/twentytwentyfive/assets/fonts/fira-code/FiraCode-VariableFont_wght.woff2 HTTP/1.1" 200 106112 "-" "Mozilla/5.0 (iPhone; CPU iPhone OS 13_2_3 like Mac OS X) AppleWebKit/605.1.15 (KHTML, like Gecko) Version/13.0.3 Mobile/15E148 Safari/604.1"
198.177.124.148 - - [21/Jul/2026:11:04:25 +0000] "POST /wp-cron.php?doing_wp_cron=1784631865.1385819911956787109375 HTTP/1.1" 200 - "-" "WordPress/7.0.2; https://adelamachineshub.shop"
202.181.220.234 - - [21/Jul/2026:11:04:23 +0000] "GET / HTTP/1.1" 200 75067 "-" "Mozilla/5.0 (Windows NT 10.0; Win64; x64) AppleWebKit/537.36 (KHTML, like Gecko) Chrome/120.0.0.0 Safari/537.36"
202.181.220.234 - - [21/Jul/2026:11:04:26 +0000] "GET /wp-includes/js/jquery/jquery-migrate.min.js?ver=3.4.1 HTTP/1.1" 200 13577 "http://adelamachineshub.shop/" "Mozilla/5.0 (Windows NT 10.0; Win64; x64) AppleWebKit/537.36 (KHTML, like Gecko) Chrome/120.0.0.0 Safari/537.36"
202.181.220.234 - - [21/Jul/2026:11:04:27 +0000] "GET /wp-includes/js/jquery/jquery.min.js?ver=3.7.1 HTTP/1.1" 200 87553 "http://adelamachineshub.shop/" "Mozilla/5.0 (Windows NT 10.0; Win64; x64) AppleWebKit/537.36 (KHTML, like Gecko) Chrome/120.0.0.0 Safari/537.36"
202.181.220.234 - - [21/Jul/2026:11:04:29 +0000] "GET /wp-includes/js/dist/script-modules/interactivity/index.min.js?ver=efaa5193bbad9c60ffd1 HTTP/1.1" 200 40106 "http://adelamachineshub.shop/" "Mozilla/5.0 (Windows NT 10.0; Win64; x64) AppleWebKit/537.36 (KHTML, like Gecko) Chrome/120.0.0.0 Safari/537.36"
162.55.132.97 - - [21/Jul/2026:11:04:31 +0000] "GET /robots.txt HTTP/1.1" 200 122 "-" "NetAPI v1"
162.55.132.97 - - [21/Jul/2026:11:04:33 +0000] "GET / HTTP/1.1" 200 75067 "-" "NetAPI v1"
198.177.124.148 - - [21/Jul/2026:11:10:26 +0000] "POST /wp-cron.php?doing_wp_cron=1784632226.4441950321197509765625 HTTP/1.1" 200 - "-" "WordPress/7.0.2; https://adelamachineshub.shop"
118.193.58.120 - - [21/Jul/2026:11:10:24 +0000] "GET / HTTP/1.1" 200 75067 "-" "curl/7.29.0"
45.45.237.8 - - [21/Jul/2026:11:12:46 +0000] "GET / HTTP/1.1" 200 75067 "-" "Mozilla/5.0 (compatible; xAI-SearchBot/1.0; +https://x.ai)"
52.205.183.147 - - [21/Jul/2026:11:22:32 +0000] "GET / HTTP/1.1" 200 75067 "-" "Mozilla/5.0 (Macintosh; Intel Mac OS X 10.15; rv:77.0) Gecko/20100101 Firefox/77.0"
198.177.124.148 - - [21/Jul/2026:12:01:19 +0000] "POST /wp-cron.php?doing_wp_cron=1784635279.4657509326934814453125 HTTP/1.1" 200 - "-" "WordPress/7.0.2; https://adelamachineshub.shop"
217.160.202.182 - - [21/Jul/2026:12:01:16 +0000] "GET / HTTP/1.1" 200 75067 "-" "Mozilla/5.0 (Windows NT 10.0; Win64; x64) AppleWebKit/537.36 (KHTML, like Gecko) Chrome/91.0.4472.114 Safari/537.36 Edg/91.0.864.54"
198.177.124.148 - - [21/Jul/2026:12:02:13 +0000] "POST /wp-cron.php?doing_wp_cron=1784635333.7783949375152587890625 HTTP/1.1" 200 - "-" "WordPress/7.0.2; https://adelamachineshub.shop"
129.226.146.146 - - [21/Jul/2026:12:02:10 +0000] "GET / HTTP/1.1" 301 - "-" "Mozilla/5.0 (iPhone; CPU iPhone OS 13_2_3 like Mac OS X) AppleWebKit/605.1.15 (KHTML, like Gecko) Version/13.0.3 Mobile/15E148 Safari/604.1"
129.226.146.146 - - [21/Jul/2026:12:02:14 +0000] "GET / HTTP/1.1" 200 75067 "http://www.adelamachineshub.shop" "Mozilla/5.0 (iPhone; CPU iPhone OS 13_2_3 like Mac OS X) AppleWebKit/605.1.15 (KHTML, like Gecko) Version/13.0.3 Mobile/15E148 Safari/604.1"
198.177.124.148 - - [21/Jul/2026:12:08:40 +0000] "POST /wp-cron.php?doing_wp_cron=1784635720.0209619998931884765625 HTTP/1.1" 200 - "-" "WordPress/7.0.2; https://adelamachineshub.shop"
50.19.129.227 - - [21/Jul/2026:12:08:35 +0000] "GET / HTTP/1.1" 200 75067 "-" "Mozilla/5.0 (Macintosh; Intel Mac OS X 10_9_3) AppleWebKit/537.36 (KHTML, like Gecko) Chrome/35.0.1916.47 Safari/537.36"
50.19.129.227 - - [21/Jul/2026:12:08:40 +0000] "HEAD /favicon.ico HTTP/1.1" 200 - "-" "Mozilla/5.0 (Macintosh; Intel Mac OS X 10_9_3) AppleWebKit/537.36 (KHTML, like Gecko) Chrome/35.0.1916.47 Safari/537.36"
50.19.129.227 - - [21/Jul/2026:12:08:43 +0000] "GET /favicon.ico HTTP/1.1" 302 - "-" "Mozilla/5.0 (Macintosh; Intel Mac OS X 10_9_3) AppleWebKit/537.36 (KHTML, like Gecko) Chrome/35.0.1916.47 Safari/537.36"
50.19.129.227 - - [21/Jul/2026:12:08:45 +0000] "GET /wp-includes/images/w-logo-blue-white-bg.png HTTP/1.1" 200 4119 "-" "Mozilla/5.0 (Macintosh; Intel Mac OS X 10_9_3) AppleWebKit/537.36 (KHTML, like Gecko) Chrome/35.0.1916.47 Safari/537.36"
198.177.124.148 - - [21/Jul/2026:12:09:26 +0000] "POST /wp-cron.php?doing_wp_cron=1784635766.8831069469451904296875 HTTP/1.1" 200 - "-" "WordPress/7.0.2; https://adelamachineshub.shop"
45.94.31.73 - - [21/Jul/2026:12:09:23 +0000] "GET / HTTP/1.1" 200 75067 "-" "Mozilla/5.0 (Windows NT 10.0; Win64; x64) AppleWebKit/537.36 (KHTML, like Gecko) Chrome/78.0.3904.108 Safari/537.36"
45.94.31.73 - - [21/Jul/2026:12:09:27 +0000] "GET /?author=1 HTTP/1.1" 404 60261 "-" "Mozilla/5.0 (Windows NT 10.0; Win64; x64) AppleWebKit/537.36 (KHTML, like Gecko) Chrome/78.0.3904.108 Safari/537.36"
45.94.31.73 - - [21/Jul/2026:12:09:30 +0000] "GET /?author=2 HTTP/1.1" 404 60261 "-" "Mozilla/5.0 (Windows NT 10.0; Win64; x64) AppleWebKit/537.36 (KHTML, like Gecko) Chrome/78.0.3904.108 Safari/537.36"
45.94.31.73 - - [21/Jul/2026:12:09:32 +0000] "GET /wp-json/wp/v2/users/ HTTP/1.1" 401 108 "-" "Mozilla/5.0 (Windows NT 10.0; Win64; x64) AppleWebKit/537.36 (KHTML, like Gecko) Chrome/78.0.3904.108 Safari/537.36"
45.94.31.73 - - [21/Jul/2026:12:09:34 +0000] "GET /wp-json/oembed/1.0/embed?url=http://adelamachineshub.shop HTTP/1.1" 404 73 "-" "Mozilla/5.0 (Windows NT 10.0; Win64; x64) AppleWebKit/537.36 (KHTML, like Gecko) Chrome/78.0.3904.108 Safari/537.36"
45.94.31.73 - - [21/Jul/2026:12:09:36 +0000] "POST /xmlrpc.php HTTP/1.1" 200 401 "-" "Mozilla/5.0 (Windows NT 10.0; Win64; x64) AppleWebKit/537.36 (KHTML, like Gecko) Chrome/78.0.3904.108 Safari/537.36"
45.94.31.73 - - [21/Jul/2026:12:09:39 +0000] "POST /xmlrpc.php HTTP/1.1" 200 401 "-" "Mozilla/5.0 (Windows NT 10.0; Win64; x64) AppleWebKit/537.36 (KHTML, like Gecko) Chrome/78.0.3904.108 Safari/537.36"
45.94.31.73 - - [21/Jul/2026:12:09:42 +0000] "POST /xmlrpc.php HTTP/1.1" 200 401 "-" "Mozilla/5.0 (Windows NT 10.0; Win64; x64) AppleWebKit/537.36 (KHTML, like Gecko) Chrome/78.0.3904.108 Safari/537.36"
45.94.31.73 - - [21/Jul/2026:12:09:44 +0000] "POST /xmlrpc.php HTTP/1.1" 200 401 "-" "Mozilla/5.0 (Windows NT 10.0; Win64; x64) AppleWebKit/537.36 (KHTML, like Gecko) Chrome/78.0.3904.108 Safari/537.36"
45.94.31.73 - - [21/Jul/2026:12:09:46 +0000] "POST /xmlrpc.php HTTP/1.1" 200 401 "-" "Mozilla/5.0 (Windows NT 10.0; Win64; x64) AppleWebKit/537.36 (KHTML, like Gecko) Chrome/78.0.3904.108 Safari/537.36"
45.94.31.73 - - [21/Jul/2026:12:09:48 +0000] "POST /xmlrpc.php HTTP/1.1" 200 401 "-" "Mozilla/5.0 (Windows NT 10.0; Win64; x64) AppleWebKit/537.36 (KHTML, like Gecko) Chrome/78.0.3904.108 Safari/537.36"
45.94.31.73 - - [21/Jul/2026:12:09:50 +0000] "POST /xmlrpc.php HTTP/1.1" 200 401 "-" "Mozilla/5.0 (Windows NT 10.0; Win64; x64) AppleWebKit/537.36 (KHTML, like Gecko) Chrome/78.0.3904.108 Safari/537.36"
45.94.31.73 - - [21/Jul/2026:12:09:51 +0000] "POST /xmlrpc.php HTTP/1.1" 200 401 "-" "Mozilla/5.0 (Windows NT 10.0; Win64; x64) AppleWebKit/537.36 (KHTML, like Gecko) Chrome/78.0.3904.108 Safari/537.36"
45.94.31.73 - - [21/Jul/2026:12:09:54 +0000] "POST /xmlrpc.php HTTP/1.1" 200 401 "-" "Mozilla/5.0 (Windows NT 10.0; Win64; x64) AppleWebKit/537.36 (KHTML, like Gecko) Chrome/78.0.3904.108 Safari/537.36"
45.94.31.73 - - [21/Jul/2026:12:09:57 +0000] "POST /xmlrpc.php HTTP/1.1" 200 401 "-" "Mozilla/5.0 (Windows NT 10.0; Win64; x64) AppleWebKit/537.36 (KHTML, like Gecko) Chrome/78.0.3904.108 Safari/537.36"
45.94.31.73 - - [21/Jul/2026:12:10:00 +0000] "POST /xmlrpc.php HTTP/1.1" 200 401 "-" "Mozilla/5.0 (Windows NT 10.0; Win64; x64) AppleWebKit/537.36 (KHTML, like Gecko) Chrome/78.0.3904.108 Safari/537.36"
198.177.124.148 - - [21/Jul/2026:12:10:04 +0000] "POST /wp-cron.php?doing_wp_cron=1784635804.0432939529418945312500 HTTP/1.1" 200 - "-" "WordPress/7.0.2; https://adelamachineshub.shop"
45.94.31.73 - - [21/Jul/2026:12:10:01 +0000] "POST /xmlrpc.php HTTP/1.1" 200 401 "-" "Mozilla/5.0 (Windows NT 10.0; Win64; x64) AppleWebKit/537.36 (KHTML, like Gecko) Chrome/78.0.3904.108 Safari/537.36"
45.94.31.73 - - [21/Jul/2026:12:10:04 +0000] "POST /xmlrpc.php HTTP/1.1" 200 401 "-" "Mozilla/5.0 (Windows NT 10.0; Win64; x64) AppleWebKit/537.36 (KHTML, like Gecko) Chrome/78.0.3904.108 Safari/537.36"
198.177.124.148 - - [21/Jul/2026:12:10:14 +0000] "POST /wp-cron.php?doing_wp_cron=1784635814.8341469764709472656250 HTTP/1.1" 200 - "-" "WordPress/7.0.2; https://adelamachineshub.shop"
45.94.31.73 - - [21/Jul/2026:12:10:09 +0000] "POST /xmlrpc.php HTTP/1.1" 200 401 "-" "Mozilla/5.0 (Windows NT 10.0; Win64; x64) AppleWebKit/537.36 (KHTML, like Gecko) Chrome/78.0.3904.108 Safari/537.36"
45.94.31.73 - - [21/Jul/2026:12:10:15 +0000] "POST /xmlrpc.php HTTP/1.1" 200 401 "-" "Mozilla/5.0 (Windows NT 10.0; Win64; x64) AppleWebKit/537.36 (KHTML, like Gecko) Chrome/78.0.3904.108 Safari/537.36"
45.94.31.73 - - [21/Jul/2026:12:10:18 +0000] "POST /xmlrpc.php HTTP/1.1" 200 401 "-" "Mozilla/5.0 (Windows NT 10.0; Win64; x64) AppleWebKit/537.36 (KHTML, like Gecko) Chrome/78.0.3904.108 Safari/537.36"
45.94.31.73 - - [21/Jul/2026:12:10:22 +0000] "POST /xmlrpc.php HTTP/1.1" 200 401 "-" "Mozilla/5.0 (Windows NT 10.0; Win64; x64) AppleWebKit/537.36 (KHTML, like Gecko) Chrome/78.0.3904.108 Safari/537.36"
45.94.31.73 - - [21/Jul/2026:12:10:28 +0000] "POST /xmlrpc.php HTTP/1.1" 200 401 "-" "Mozilla/5.0 (Windows NT 10.0; Win64; x64) AppleWebKit/537.36 (KHTML, like Gecko) Chrome/78.0.3904.108 Safari/537.36"
45.94.31.73 - - [21/Jul/2026:12:10:30 +0000] "POST /xmlrpc.php HTTP/1.1" 503 18978 "-" "Mozilla/5.0 (Windows NT 10.0; Win64; x64) AppleWebKit/537.36 (KHTML, like Gecko) Chrome/78.0.3904.108 Safari/537.36"
198.177.124.148 - - [21/Jul/2026:12:20:50 +0000] "POST /wp-cron.php?doing_wp_cron=1784636450.0696270465850830078125 HTTP/1.1" 200 - "-" "WordPress/7.0.2; https://adelamachineshub.shop"
43.134.23.177 - - [21/Jul/2026:12:20:46 +0000] "GET / HTTP/1.1" 200 75067 "-" "Mozilla/5.0 (iPhone; CPU iPhone OS 13_2_3 like Mac OS X) AppleWebKit/605.1.15 (KHTML, like Gecko) Version/13.0.3 Mobile/15E148 Safari/604.1"
34.24.254.239 - - [21/Jul/2026:12:57:08 +0000] "GET / HTTP/1.1" 301 - "-" "Mozilla/5.0 (compatible; CMS-Checker/1.0; +https://example.com)"
167.99.219.172 - - [21/Jul/2026:12:57:12 +0000] "GET / HTTP/1.1" 301 - "-" "Mozilla/5.0 (X11; Linux x86_64) AppleWebKit/537.36 (KHTML, like Gecko) Chrome/142.0.0.0 Safari/537.36"
34.24.254.239 - - [21/Jul/2026:12:57:15 +0000] "GET / HTTP/1.1" 200 75067 "http://www.adelamachineshub.shop" "Mozilla/5.0 (compatible; CMS-Checker/1.0; +https://example.com)"
198.177.124.148 - - [21/Jul/2026:13:02:30 +0000] "GET /.well-known/acme-challenge/QJT4I6JZTWO0A-0OK37PMWQRRZ0TZJZD HTTP/1.1" 200 64 "-" "Cpanel-HTTP-Client/1.0"
198.177.124.148 - - [21/Jul/2026:13:02:31 +0000] "GET /.well-known/acme-challenge/R3HVSJ-LT30WLY-Q2HXKGZ9HLH_SZ-V7 HTTP/1.1" 200 64 "-" "Cpanel-HTTP-Client/1.0"
43.160.240.216 - - [21/Jul/2026:13:04:05 +0000] "GET / HTTP/1.1" 200 75067 "-" "Mozilla/5.0 (iPhone; CPU iPhone OS 13_2_3 like Mac OS X) AppleWebKit/605.1.15 (KHTML, like Gecko) Version/13.0.3 Mobile/15E148 Safari/604.1"
198.177.124.148 - - [21/Jul/2026:13:05:26 +0000] "POST /wp-cron.php?doing_wp_cron=1784639126.9810919761657714843750 HTTP/1.1" 200 - "-" "WordPress/7.0.2; https://adelamachineshub.shop"
34.182.249.227 - - [21/Jul/2026:13:05:24 +0000] "GET / HTTP/1.1" 301 - "-" "Mozilla/5.0 (compatible; CMS-Checker/1.0; +https://example.com)"
34.182.249.227 - - [21/Jul/2026:13:05:28 +0000] "GET / HTTP/1.1" 200 75067 "http://www.adelamachineshub.shop" "Mozilla/5.0 (compatible; CMS-Checker/1.0; +https://example.com)"
3.253.254.167 - - [21/Jul/2026:13:11:11 +0000] "GET /robots.txt HTTP/1.1" 200 122 "-" "Pandalytics/2.0 (+https://domainsbot.com/network-crawler-pandalytics-kdc68dhsbd/)"
3.253.254.167 - - [21/Jul/2026:13:11:13 +0000] "GET / HTTP/1.1" 200 75067 "-" "Pandalytics/2.0 (+https://domainsbot.com/network-crawler-pandalytics-kdc68dhsbd/)"
35.221.62.168 - - [21/Jul/2026:13:23:53 +0000] "GET / HTTP/1.1" 200 75067 "-" "Mozilla/5.0 (compatible; CMS-Checker/1.0; +https://example.com)"
54.161.81.124 - - [21/Jul/2026:13:43:25 +0000] "GET / HTTP/1.1" 200 75067 "-" "Mozilla/5.0 (Windows NT 6.1; Win64; x64) AppleWebKit/537.36 (KHTML, like Gecko) Chrome/99.0.4844.51 Safari/537.36"
198.177.124.148 - - [21/Jul/2026:13:46:18 +0000] "POST /wp-cron.php?doing_wp_cron=1784641578.1549510955810546875000 HTTP/1.1" 200 - "-" "WordPress/7.0.2; https://adelamachineshub.shop"
43.153.135.208 - - [21/Jul/2026:13:46:14 +0000] "GET / HTTP/1.1" 301 - "-" "Mozilla/5.0 (iPhone; CPU iPhone OS 13_2_3 like Mac OS X) AppleWebKit/605.1.15 (KHTML, like Gecko) Version/13.0.3 Mobile/15E148 Safari/604.1"
43.153.135.208 - - [21/Jul/2026:13:46:18 +0000] "GET / HTTP/1.1" 200 75067 "http://www.adelamachineshub.shop" "Mozilla/5.0 (iPhone; CPU iPhone OS 13_2_3 like Mac OS X) AppleWebKit/605.1.15 (KHTML, like Gecko) Version/13.0.3 Mobile/15E148 Safari/604.1"
198.177.124.148 - - [21/Jul/2026:13:51:45 +0000] "POST /wp-cron.php?doing_wp_cron=1784641904.9924950599670410156250 HTTP/1.1" 200 - "-" "WordPress/7.0.2; https://adelamachineshub.shop"
34.24.254.239 - - [21/Jul/2026:13:51:42 +0000] "GET / HTTP/1.1" 200 75067 "-" "Mozilla/5.0 (Windows NT 10.0; Win64; x64) AppleWebKit/537.36 (KHTML, like Gecko) Chrome/78.0.3904.108 Safari/537.36"
34.24.254.239 - - [21/Jul/2026:13:51:45 +0000] "GET /?author=1 HTTP/1.1" 404 60261 "-" "Mozilla/5.0 (Windows NT 10.0; Win64; x64) AppleWebKit/537.36 (KHTML, like Gecko) Chrome/78.0.3904.108 Safari/537.36"
34.24.254.239 - - [21/Jul/2026:13:51:47 +0000] "GET /?author=2 HTTP/1.1" 404 60261 "-" "Mozilla/5.0 (Windows NT 10.0; Win64; x64) AppleWebKit/537.36 (KHTML, like Gecko) Chrome/78.0.3904.108 Safari/537.36"
34.24.254.239 - - [21/Jul/2026:13:51:49 +0000] "GET /wp-json/wp/v2/users/ HTTP/1.1" 401 108 "-" "Mozilla/5.0 (Windows NT 10.0; Win64; x64) AppleWebKit/537.36 (KHTML, like Gecko) Chrome/78.0.3904.108 Safari/537.36"
34.24.254.239 - - [21/Jul/2026:13:51:51 +0000] "GET /wp-json/oembed/1.0/embed?url=http://adelamachineshub.shop HTTP/1.1" 404 73 "-" "Mozilla/5.0 (Windows NT 10.0; Win64; x64) AppleWebKit/537.36 (KHTML, like Gecko) Chrome/78.0.3904.108 Safari/537.36"
34.24.254.239 - - [21/Jul/2026:13:51:53 +0000] "POST /xmlrpc.php HTTP/1.1" 503 18953 "-" "Mozilla/5.0 (Windows NT 10.0; Win64; x64) AppleWebKit/537.36 (KHTML, like Gecko) Chrome/78.0.3904.108 Safari/537.36"
198.177.124.148 - - [21/Jul/2026:13:53:23 +0000] "POST /wp-cron.php?doing_wp_cron=1784642003.0586020946502685546875 HTTP/1.1" 200 - "-" "WordPress/7.0.2; https://adelamachineshub.shop"
35.221.62.168 - - [21/Jul/2026:13:53:20 +0000] "GET / HTTP/1.1" 200 75067 "-" "Mozilla/5.0 (Windows NT 10.0; Win64; x64) AppleWebKit/537.36 (KHTML, like Gecko) Chrome/78.0.3904.108 Safari/537.36"
35.221.62.168 - - [21/Jul/2026:13:53:23 +0000] "GET /?author=1 HTTP/1.1" 404 60261 "-" "Mozilla/5.0 (Windows NT 10.0; Win64; x64) AppleWebKit/537.36 (KHTML, like Gecko) Chrome/78.0.3904.108 Safari/537.36"
35.221.62.168 - - [21/Jul/2026:13:53:25 +0000] "GET /?author=2 HTTP/1.1" 404 60261 "-" "Mozilla/5.0 (Windows NT 10.0; Win64; x64) AppleWebKit/537.36 (KHTML, like Gecko) Chrome/78.0.3904.108 Safari/537.36"
35.221.62.168 - - [21/Jul/2026:13:53:27 +0000] "GET /wp-json/wp/v2/users/ HTTP/1.1" 401 108 "-" "Mozilla/5.0 (Windows NT 10.0; Win64; x64) AppleWebKit/537.36 (KHTML, like Gecko) Chrome/78.0.3904.108 Safari/537.36"
35.221.62.168 - - [21/Jul/2026:13:53:29 +0000] "GET /wp-json/oembed/1.0/embed?url=http://adelamachineshub.shop HTTP/1.1" 404 73 "-" "Mozilla/5.0 (Windows NT 10.0; Win64; x64) AppleWebKit/537.36 (KHTML, like Gecko) Chrome/78.0.3904.108 Safari/537.36"
35.221.62.168 - - [21/Jul/2026:13:53:31 +0000] "POST /xmlrpc.php HTTP/1.1" 503 18953 "-" "Mozilla/5.0 (Windows NT 10.0; Win64; x64) AppleWebKit/537.36 (KHTML, like Gecko) Chrome/78.0.3904.108 Safari/537.36"
91.134.43.152 - - [21/Jul/2026:14:26:45 +0000] "GET / HTTP/1.1" 200 75067 "-" "Mozilla/5.0 (Linux; arm_64; Android 13; Infinix X6837) AppleWebKit/537.36 (KHTML, like Gecko) Chrome/148.0.7778.112 YaBrowser/26.6.2.112.00 Mobile Safari/537.36"
198.177.124.148 - - [21/Jul/2026:14:44:08 +0000] "POST /wp-cron.php?doing_wp_cron=1784645048.8600161075592041015625 HTTP/1.1" 200 - "-" "WordPress/7.0.2; https://adelamachineshub.shop"
45.94.31.73 - - [21/Jul/2026:14:44:06 +0000] "GET / HTTP/1.1" 200 75067 "-" "Mozilla/5.0 (Windows NT 10.0; Win64; x64) AppleWebKit/537.36 (KHTML, like Gecko) Chrome/78.0.3904.108 Safari/537.36"
45.94.31.73 - - [21/Jul/2026:14:44:09 +0000] "GET /?author=1 HTTP/1.1" 404 60261 "-" "Mozilla/5.0 (Windows NT 10.0; Win64; x64) AppleWebKit/537.36 (KHTML, like Gecko) Chrome/78.0.3904.108 Safari/537.36"
45.94.31.73 - - [21/Jul/2026:14:44:11 +0000] "GET /?author=2 HTTP/1.1" 404 60261 "-" "Mozilla/5.0 (Windows NT 10.0; Win64; x64) AppleWebKit/537.36 (KHTML, like Gecko) Chrome/78.0.3904.108 Safari/537.36"
45.94.31.73 - - [21/Jul/2026:14:44:13 +0000] "GET /wp-json/wp/v2/users/ HTTP/1.1" 401 108 "-" "Mozilla/5.0 (Windows NT 10.0; Win64; x64) AppleWebKit/537.36 (KHTML, like Gecko) Chrome/78.0.3904.108 Safari/537.36"
45.94.31.73 - - [21/Jul/2026:14:44:14 +0000] "GET /wp-json/oembed/1.0/embed?url=http://adelamachineshub.shop HTTP/1.1" 404 73 "-" "Mozilla/5.0 (Windows NT 10.0; Win64; x64) AppleWebKit/537.36 (KHTML, like Gecko) Chrome/78.0.3904.108 Safari/537.36"
45.94.31.73 - - [21/Jul/2026:14:44:17 +0000] "POST /xmlrpc.php HTTP/1.1" 503 18295 "-" "Mozilla/5.0 (Windows NT 10.0; Win64; x64) AppleWebKit/537.36 (KHTML, like Gecko) Chrome/78.0.3904.108 Safari/537.36"
198.177.124.148 - - [21/Jul/2026:15:03:05 +0000] "POST /wp-cron.php?doing_wp_cron=1784646185.8755910396575927734375 HTTP/1.1" 200 - "-" "WordPress/7.0.2; https://adelamachineshub.shop"
43.135.133.194 - - [21/Jul/2026:15:03:04 +0000] "GET / HTTP/1.1" 301 - "-" "Mozilla/5.0 (iPhone; CPU iPhone OS 13_2_3 like Mac OS X) AppleWebKit/605.1.15 (KHTML, like Gecko) Version/13.0.3 Mobile/15E148 Safari/604.1"
43.135.133.194 - - [21/Jul/2026:15:03:06 +0000] "GET / HTTP/1.1" 200 75067 "http://www.adelamachineshub.shop" "Mozilla/5.0 (iPhone; CPU iPhone OS 13_2_3 like Mac OS X) AppleWebKit/605.1.15 (KHTML, like Gecko) Version/13.0.3 Mobile/15E148 Safari/604.1"
62.210.198.175 - - [21/Jul/2026:15:25:55 +0000] "HEAD / HTTP/1.1" 200 - "-" "python-httpx/0.28.1"
62.210.198.175 - - [21/Jul/2026:15:26:05 +0000] "GET / HTTP/1.1" 200 75067 "-" "Mozilla/5.0 (X11; Linux x86_64) AppleWebKit/537.36 (KHTML, like Gecko) Chrome/134.0.0.0 Safari/537.3"
62.210.198.175 - - [21/Jul/2026:15:26:07 +0000] "GET /wp-includes/js/jquery/jquery.min.js?ver=3.7.1 HTTP/1.1" 200 87553 "http://adelamachineshub.shop/" "Mozilla/5.0 (X11; Linux x86_64) AppleWebKit/537.36 (KHTML, like Gecko) Chrome/134.0.0.0 Safari/537.3"
62.210.198.175 - - [21/Jul/2026:15:26:07 +0000] "GET /wp-includes/js/jquery/jquery-migrate.min.js?ver=3.4.1 HTTP/1.1" 200 13577 "http://adelamachineshub.shop/" "Mozilla/5.0 (X11; Linux x86_64) AppleWebKit/537.36 (KHTML, like Gecko) Chrome/134.0.0.0 Safari/537.3"
62.210.198.175 - - [21/Jul/2026:15:26:07 +0000] "GET /wp-includes/js/dist/script-modules/interactivity/index.min.js?ver=efaa5193bbad9c60ffd1 HTTP/1.1" 200 40106 "http://adelamachineshub.shop/" "Mozilla/5.0 (X11; Linux x86_64) AppleWebKit/537.36 (KHTML, like Gecko) Chrome/134.0.0.0 Safari/537.3"
62.210.198.175 - - [21/Jul/2026:15:26:08 +0000] "GET /wp-includes/js/dist/script-modules/block-library/navigation/view.min.js?ver=96a846e1d7b789c39ab9 HTTP/1.1" 200 3053 "http://adelamachineshub.shop/" "Mozilla/5.0 (X11; Linux x86_64) AppleWebKit/537.36 (KHTML, like Gecko) Chrome/134.0.0.0 Safari/537.3"
62.210.198.175 - - [21/Jul/2026:15:26:08 +0000] "GET /wp-content/plugins/pixelyoursite/dist/scripts/jquery.bind-first-0.2.3.min.js?ver=0.2.3 HTTP/1.1" 200 1317 "http://adelamachineshub.shop/" "Mozilla/5.0 (X11; Linux x86_64) AppleWebKit/537.36 (KHTML, like Gecko) Chrome/134.0.0.0 Safari/537.3"
62.210.198.175 - - [21/Jul/2026:15:26:08 +0000] "GET /wp-content/themes/twentytwentyfive/assets/fonts/manrope/Manrope-VariableFont_wght.woff2 HTTP/1.1" 200 53600 "http://adelamachineshub.shop/" "Mozilla/5.0 (X11; Linux x86_64) AppleWebKit/537.36 (KHTML, like Gecko) Chrome/134.0.0.0 Safari/537.3"
62.210.198.175 - - [21/Jul/2026:15:26:08 +0000] "GET /wp-content/plugins/pixelyoursite/dist/scripts/js.cookie-2.1.3.min.js?ver=2.1.3 HTTP/1.1" 200 1709 "http://adelamachineshub.shop/" "Mozilla/5.0 (X11; Linux x86_64) AppleWebKit/537.36 (KHTML, like Gecko) Chrome/134.0.0.0 Safari/537.3"
62.210.198.175 - - [21/Jul/2026:15:26:08 +0000] "GET /wp-content/plugins/pixelyoursite/dist/scripts/tld.min.js?ver=2.3.1 HTTP/1.1" 200 141079 "http://adelamachineshub.shop/" "Mozilla/5.0 (X11; Linux x86_64) AppleWebKit/537.36 (KHTML, like Gecko) Chrome/134.0.0.0 Safari/537.3"
62.210.198.175 - - [21/Jul/2026:15:26:08 +0000] "GET /wp-content/plugins/pixelyoursite/dist/scripts/public.js?ver=11.2.1 HTTP/1.1" 200 172979 "http://adelamachineshub.shop/" "Mozilla/5.0 (X11; Linux x86_64) AppleWebKit/537.36 (KHTML, like Gecko) Chrome/134.0.0.0 Safari/537.3"
62.210.198.175 - - [21/Jul/2026:15:26:09 +0000] "GET /wp-includes/js/wp-emoji-release.min.js?ver=7.0.2 HTTP/1.1" 200 22752 "http://adelamachineshub.shop/" "Mozilla/5.0 (X11; Linux x86_64) AppleWebKit/537.36 (KHTML, like Gecko) Chrome/134.0.0.0 Safari/537.3"
62.210.198.175 - - [21/Jul/2026:15:26:09 +0000] "GET /favicon.ico HTTP/1.1" 302 - "http://adelamachineshub.shop/" "Mozilla/5.0 (X11; Linux x86_64) AppleWebKit/537.36 (KHTML, like Gecko) Chrome/134.0.0.0 Safari/537.3"
62.210.198.175 - - [21/Jul/2026:15:26:10 +0000] "GET /wp-includes/images/w-logo-blue-white-bg.png HTTP/1.1" 200 4119 "http://adelamachineshub.shop/" "Mozilla/5.0 (X11; Linux x86_64) AppleWebKit/537.36 (KHTML, like Gecko) Chrome/134.0.0.0 Safari/537.3"
62.210.198.175 - - [21/Jul/2026:15:26:14 +0000] "GET /favicon.ico HTTP/1.1" 302 - "-" "Mozilla/5.0 (X11; Linux x86_64) AppleWebKit/537.36 (KHTML, like Gecko) Chrome/134.0.0.0 Safari/537.3"
62.210.198.175 - - [21/Jul/2026:15:26:15 +0000] "GET /wp-includes/images/w-logo-blue-white-bg.png HTTP/1.1" 200 4119 "-" "Mozilla/5.0 (X11; Linux x86_64) AppleWebKit/537.36 (KHTML, like Gecko) Chrome/134.0.0.0 Safari/537.3"
62.210.198.175 - - [21/Jul/2026:15:26:24 +0000] "GET /ads.txt HTTP/1.1" 404 63842 "-" "Mozilla/5.0 (X11; Linux x86_64) AppleWebKit/537.36 (KHTML, like Gecko) Chrome/134.0.0.0 Safari/537.3"
62.210.198.175 - - [21/Jul/2026:15:26:27 +0000] "GET /app-ads.txt HTTP/1.1" 404 63846 "-" "Mozilla/5.0 (X11; Linux x86_64) AppleWebKit/537.36 (KHTML, like Gecko) Chrome/134.0.0.0 Safari/537.3"
62.210.198.175 - - [21/Jul/2026:15:26:30 +0000] "GET /sellers.json HTTP/1.1" 404 63847 "-" "Mozilla/5.0 (X11; Linux x86_64) AppleWebKit/537.36 (KHTML, like Gecko) Chrome/134.0.0.0 Safari/537.3"
192.227.176.16 - - [21/Jul/2026:15:26:39 +0000] "GET / HTTP/1.1" 301 - "-" "Mozilla/5.0 (Fedora; Linux x86_64; rv:127.0) Gecko/20100101 Firefox/127.0"
192.227.176.16 - - [21/Jul/2026:15:26:43 +0000] "GET / HTTP/1.1" 200 75067 "http://www.adelamachineshub.shop" "Mozilla/5.0 (Fedora; Linux x86_64; rv:127.0) Gecko/20100101 Firefox/127.0"
198.177.124.148 - - [21/Jul/2026:15:27:06 +0000] "POST /wp-cron.php?doing_wp_cron=1784647626.1478569507598876953125 HTTP/1.1" 200 - "-" "WordPress/7.0.2; https://adelamachineshub.shop"
192.227.176.16 - - [21/Jul/2026:15:27:00 +0000] "GET /favicon.ico HTTP/1.1" 302 - "-" "Mozilla/5.0 (Fedora; Linux x86_64; rv:127.0) Gecko/20100101 Firefox/127.0"
192.227.176.16 - - [21/Jul/2026:15:27:07 +0000] "GET /wp-includes/images/w-logo-blue-white-bg.png HTTP/1.1" 200 4119 "http://www.adelamachineshub.shop/favicon.ico" "Mozilla/5.0 (Fedora; Linux x86_64; rv:127.0) Gecko/20100101 Firefox/127.0"
198.177.124.148 - - [21/Jul/2026:15:31:04 +0000] "POST /wp-cron.php?doing_wp_cron=1784647864.9002099037170410156250 HTTP/1.1" 200 - "-" "WordPress/7.0.2; https://adelamachineshub.shop"
51.159.107.135 - - [21/Jul/2026:15:31:02 +0000] "HEAD / HTTP/1.1" 200 - "-" "python-httpx/0.28.1"
51.159.107.135 - - [21/Jul/2026:15:31:09 +0000] "GET / HTTP/1.1" 200 75067 "-" "Mozilla/5.0 (X11; Linux x86_64) AppleWebKit/537.36 (KHTML, like Gecko) Chrome/134.0.0.0 Safari/537.3"
51.159.107.135 - - [21/Jul/2026:15:31:12 +0000] "GET /wp-includes/js/jquery/jquery.min.js?ver=3.7.1 HTTP/1.1" 200 87553 "http://adelamachineshub.shop/" "Mozilla/5.0 (X11; Linux x86_64) AppleWebKit/537.36 (KHTML, like Gecko) Chrome/134.0.0.0 Safari/537.3"
51.159.107.135 - - [21/Jul/2026:15:31:13 +0000] "GET /wp-includes/js/jquery/jquery-migrate.min.js?ver=3.4.1 HTTP/1.1" 200 13577 "http://adelamachineshub.shop/" "Mozilla/5.0 (X11; Linux x86_64) AppleWebKit/537.36 (KHTML, like Gecko) Chrome/134.0.0.0 Safari/537.3"
51.159.107.135 - - [21/Jul/2026:15:31:13 +0000] "GET /wp-includes/js/dist/script-modules/interactivity/index.min.js?ver=efaa5193bbad9c60ffd1 HTTP/1.1" 200 40106 "http://adelamachineshub.shop/" "Mozilla/5.0 (X11; Linux x86_64) AppleWebKit/537.36 (KHTML, like Gecko) Chrome/134.0.0.0 Safari/537.3"
51.159.107.135 - - [21/Jul/2026:15:31:13 +0000] "GET /wp-includes/js/dist/script-modules/block-library/navigation/view.min.js?ver=96a846e1d7b789c39ab9 HTTP/1.1" 200 3053 "http://adelamachineshub.shop/" "Mozilla/5.0 (X11; Linux x86_64) AppleWebKit/537.36 (KHTML, like Gecko) Chrome/134.0.0.0 Safari/537.3"
51.159.107.135 - - [21/Jul/2026:15:31:13 +0000] "GET /wp-content/themes/twentytwentyfive/assets/fonts/manrope/Manrope-VariableFont_wght.woff2 HTTP/1.1" 200 53600 "http://adelamachineshub.shop/" "Mozilla/5.0 (X11; Linux x86_64) AppleWebKit/537.36 (KHTML, like Gecko) Chrome/134.0.0.0 Safari/537.3"
51.159.107.135 - - [21/Jul/2026:15:31:13 +0000] "GET /wp-content/plugins/pixelyoursite/dist/scripts/jquery.bind-first-0.2.3.min.js?ver=0.2.3 HTTP/1.1" 200 1317 "http://adelamachineshub.shop/" "Mozilla/5.0 (X11; Linux x86_64) AppleWebKit/537.36 (KHTML, like Gecko) Chrome/134.0.0.0 Safari/537.3"
51.159.107.135 - - [21/Jul/2026:15:31:13 +0000] "GET /wp-content/plugins/pixelyoursite/dist/scripts/js.cookie-2.1.3.min.js?ver=2.1.3 HTTP/1.1" 200 1709 "http://adelamachineshub.shop/" "Mozilla/5.0 (X11; Linux x86_64) AppleWebKit/537.36 (KHTML, like Gecko) Chrome/134.0.0.0 Safari/537.3"
51.159.107.135 - - [21/Jul/2026:15:31:13 +0000] "GET /wp-content/plugins/pixelyoursite/dist/scripts/tld.min.js?ver=2.3.1 HTTP/1.1" 200 141079 "http://adelamachineshub.shop/" "Mozilla/5.0 (X11; Linux x86_64) AppleWebKit/537.36 (KHTML, like Gecko) Chrome/134.0.0.0 Safari/537.3"
51.159.107.135 - - [21/Jul/2026:15:31:13 +0000] "GET /wp-content/plugins/pixelyoursite/dist/scripts/public.js?ver=11.2.1 HTTP/1.1" 200 172979 "http://adelamachineshub.shop/" "Mozilla/5.0 (X11; Linux x86_64) AppleWebKit/537.36 (KHTML, like Gecko) Chrome/134.0.0.0 Safari/537.3"
51.159.107.135 - - [21/Jul/2026:15:31:14 +0000] "GET /wp-includes/js/wp-emoji-release.min.js?ver=7.0.2 HTTP/1.1" 200 22752 "http://adelamachineshub.shop/" "Mozilla/5.0 (X11; Linux x86_64) AppleWebKit/537.36 (KHTML, like Gecko) Chrome/134.0.0.0 Safari/537.3"
51.159.107.135 - - [21/Jul/2026:15:31:14 +0000] "GET /favicon.ico HTTP/1.1" 302 - "http://adelamachineshub.shop/" "Mozilla/5.0 (X11; Linux x86_64) AppleWebKit/537.36 (KHTML, like Gecko) Chrome/134.0.0.0 Safari/537.3"
51.159.107.135 - - [21/Jul/2026:15:31:16 +0000] "GET /wp-includes/images/w-logo-blue-white-bg.png HTTP/1.1" 200 4119 "http://adelamachineshub.shop/" "Mozilla/5.0 (X11; Linux x86_64) AppleWebKit/537.36 (KHTML, like Gecko) Chrome/134.0.0.0 Safari/537.3"
51.159.107.135 - - [21/Jul/2026:15:31:18 +0000] "GET /favicon.ico HTTP/1.1" 302 - "-" "Mozilla/5.0 (X11; Linux x86_64) AppleWebKit/537.36 (KHTML, like Gecko) Chrome/134.0.0.0 Safari/537.3"
51.159.107.135 - - [21/Jul/2026:15:31:20 +0000] "GET /wp-includes/images/w-logo-blue-white-bg.png HTTP/1.1" 200 4119 "-" "Mozilla/5.0 (X11; Linux x86_64) AppleWebKit/537.36 (KHTML, like Gecko) Chrome/134.0.0.0 Safari/537.3"
51.159.107.135 - - [21/Jul/2026:15:31:29 +0000] "GET /ads.txt HTTP/1.1" 404 63842 "-" "Mozilla/5.0 (X11; Linux x86_64) AppleWebKit/537.36 (KHTML, like Gecko) Chrome/134.0.0.0 Safari/537.3"
51.159.107.135 - - [21/Jul/2026:15:31:33 +0000] "GET /app-ads.txt HTTP/1.1" 404 63846 "-" "Mozilla/5.0 (X11; Linux x86_64) AppleWebKit/537.36 (KHTML, like Gecko) Chrome/134.0.0.0 Safari/537.3"
51.159.107.135 - - [21/Jul/2026:15:31:36 +0000] "GET /sellers.json HTTP/1.1" 404 63847 "-" "Mozilla/5.0 (X11; Linux x86_64) AppleWebKit/537.36 (KHTML, like Gecko) Chrome/134.0.0.0 Safari/537.3"
204.101.161.15 - - [21/Jul/2026:15:44:16 +0000] "GET / HTTP/1.1" 200 75067 "-" "Mozilla/5.0 (X11; Linux x86_64) AppleWebKit/537.36 (KHTML, like Gecko) Chrome/150.0.0.0 Safari/537.36"
198.177.124.148 - - [21/Jul/2026:16:02:28 +0000] "GET /.well-known/acme-challenge/_NC6XMMHNIU0V0L081I274_MKOAA6K-W HTTP/1.1" 200 64 "-" "Cpanel-HTTP-Client/1.0"
198.177.124.148 - - [21/Jul/2026:16:05:25 +0000] "POST /wp-cron.php?doing_wp_cron=1784649925.4904839992523193359375 HTTP/1.1" 200 - "-" "WordPress/7.0.2; https://adelamachineshub.shop"
46.150.255.98 - - [21/Jul/2026:16:05:20 +0000] "GET / HTTP/1.1" 200 75067 "-" "Mozilla/5.0 (Linux; Android 10; K) AppleWebKit/537.36 (KHTML, like Gecko) Chrome/122.0.0.0 Mobile Safari/537.36"
198.177.124.148 - - [21/Jul/2026:16:15:57 +0000] "POST /wp-cron.php?doing_wp_cron=1784650557.8950419425964355468750 HTTP/1.1" 200 - "-" "WordPress/7.0.2; https://adelamachineshub.shop"
193.70.113.250 - - [21/Jul/2026:16:15:54 +0000] "GET / HTTP/1.1" 200 75067 "-" "Mozilla/5.0 (Windows NT 10.0; Win64; x64) AppleWebKit/537.36 (KHTML, like Gecko) Chrome/79.0.3945.88 Safari/537.36"
198.177.124.148 - - [21/Jul/2026:16:18:19 +0000] "POST /wp-cron.php?doing_wp_cron=1784650699.1332690715789794921875 HTTP/1.1" 200 - "-" "WordPress/7.0.2; https://adelamachineshub.shop"
16.144.140.238 - - [21/Jul/2026:16:18:15 +0000] "GET / HTTP/1.1" 301 - "-" "Mozilla/5.0 (Windows NT 10.0; Win64; x64) AppleWebKit/537.36 (KHTML, like Gecko) Chrome/137.0.0.0 Safari/537.36"
16.146.76.110 - - [21/Jul/2026:16:18:15 +0000] "GET / HTTP/1.1" 200 75067 "-" "Mozilla/5.0 (iPhone; CPU iPhone OS 18_5 like Mac OS X) AppleWebKit/605.1.15 (KHTML, like Gecko) Version/18.5 Mobile/15E148 Safari/604.1"
16.146.76.110 - - [21/Jul/2026:16:18:15 +0000] "GET / HTTP/1.1" 200 75067 "-" "Mozilla/5.0 (Macintosh; Intel Mac OS X 14_7_6) AppleWebKit/537.36 (KHTML, like Gecko) Chrome/137.0.0.0 Safari/537.36"
16.144.140.238 - - [21/Jul/2026:16:18:19 +0000] "GET / HTTP/1.1" 200 75067 "http://www.adelamachineshub.shop" "Mozilla/5.0 (Windows NT 10.0; Win64; x64) AppleWebKit/537.36 (KHTML, like Gecko) Chrome/137.0.0.0 Safari/537.36"
16.144.140.238 - - [21/Jul/2026:16:18:23 +0000] "GET / HTTP/1.1" 301 - "-" "Mozilla/5.0 (Linux; Android 16; SM-S931B) AppleWebKit/537.36 (KHTML, like Gecko) Chrome/137.0.0.0 Mobile Safari/537.36"
16.144.140.238 - - [21/Jul/2026:16:18:28 +0000] "GET / HTTP/1.1" 200 75067 "http://www.adelamachineshub.shop" "Mozilla/5.0 (Linux; Android 16; SM-S931B) AppleWebKit/537.36 (KHTML, like Gecko) Chrome/137.0.0.0 Mobile Safari/537.36"
193.70.113.250 - - [21/Jul/2026:16:18:36 +0000] "GET /favicon.ico HTTP/1.1" 302 - "-" "Mozilla/5.0 (Windows NT 10.0; Win64; x64) AppleWebKit/537.36 (KHTML, like Gecko) Chrome/79.0.3945.88 Safari/537.36"
193.70.113.250 - - [21/Jul/2026:16:18:40 +0000] "GET /wp-includes/images/w-logo-blue-white-bg.png HTTP/1.1" 200 4119 "-" "Mozilla/5.0 (Windows NT 10.0; Win64; x64) AppleWebKit/537.36 (KHTML, like Gecko) Chrome/79.0.3945.88 Safari/537.36"
193.70.113.250 - - [21/Jul/2026:16:18:55 +0000] "HEAD / HTTP/1.1" 200 - "-" "Mozilla/5.0 (Windows NT 10.0; Win64; x64) AppleWebKit/537.36 (KHTML, like Gecko) Chrome/42.0.2311.135 Safari/537.36 Edge/12.246"
193.70.113.250 - - [21/Jul/2026:16:18:58 +0000] "GET / HTTP/1.1" 200 75067 "-" "Mozilla/5.0 (Windows NT 10.0; Win64; x64) AppleWebKit/537.36 (KHTML, like Gecko) Chrome/42.0.2311.135 Safari/537.36 Edge/12.246"
193.70.113.250 - - [21/Jul/2026:16:19:11 +0000] "HEAD /wp-includes/js/jquery/jquery.min.js?ver=3.7.1 HTTP/1.1" 200 - "http://adelamachineshub.shop/" "Mozilla/5.0 (Windows NT 10.0; Win64; x64) AppleWebKit/537.36 (KHTML, like Gecko) Chrome/42.0.2311.135 Safari/537.36 Edge/12.246"
193.70.113.250 - - [21/Jul/2026:16:19:11 +0000] "HEAD /wp-includes/js/jquery/jquery-migrate.min.js?ver=3.4.1 HTTP/1.1" 200 - "http://adelamachineshub.shop/" "Mozilla/5.0 (Windows NT 10.0; Win64; x64) AppleWebKit/537.36 (KHTML, like Gecko) Chrome/42.0.2311.135 Safari/537.36 Edge/12.246"
193.70.113.250 - - [21/Jul/2026:16:19:15 +0000] "HEAD /wp-includes/js/dist/script-modules/interactivity/index.min.js?ver=efaa5193bbad9c60ffd1 HTTP/1.1" 200 - "http://adelamachineshub.shop/" "Mozilla/5.0 (Windows NT 10.0; Win64; x64) AppleWebKit/537.36 (KHTML, like Gecko) Chrome/42.0.2311.135 Safari/537.36 Edge/12.246"
193.70.113.250 - - [21/Jul/2026:16:19:15 +0000] "HEAD /wp-content/themes/twentytwentyfive/assets/fonts/manrope/Manrope-VariableFont_wght.woff2 HTTP/1.1" 200 - "http://adelamachineshub.shop/" "Mozilla/5.0 (Windows NT 10.0; Win64; x64) AppleWebKit/537.36 (KHTML, like Gecko) Chrome/42.0.2311.135 Safari/537.36 Edge/12.246"
193.70.113.250 - - [21/Jul/2026:16:19:16 +0000] "HEAD /wp-content/themes/twentytwentyfive/assets/fonts/fira-code/FiraCode-VariableFont_wght.woff2 HTTP/1.1" 200 - "http://adelamachineshub.shop/" "Mozilla/5.0 (Windows NT 10.0; Win64; x64) AppleWebKit/537.36 (KHTML, like Gecko) Chrome/42.0.2311.135 Safari/537.36 Edge/12.246"
193.70.113.250 - - [21/Jul/2026:16:19:44 +0000] "HEAD /wp-includes/js/dist/script-modules/block-library/navigation/view.min.js?ver=96a846e1d7b789c39ab9 HTTP/1.1" 200 - "http://adelamachineshub.shop/" "Mozilla/5.0 (Windows NT 10.0; Win64; x64) AppleWebKit/537.36 (KHTML, like Gecko) Chrome/42.0.2311.135 Safari/537.36 Edge/12.246"
193.70.113.250 - - [21/Jul/2026:16:19:44 +0000] "HEAD /wp-content/plugins/pixelyoursite/dist/scripts/jquery.bind-first-0.2.3.min.js?ver=0.2.3 HTTP/1.1" 200 - "http://adelamachineshub.shop/" "Mozilla/5.0 (Windows NT 10.0; Win64; x64) AppleWebKit/537.36 (KHTML, like Gecko) Chrome/42.0.2311.135 Safari/537.36 Edge/12.246"
193.70.113.250 - - [21/Jul/2026:16:19:45 +0000] "HEAD /wp-content/plugins/pixelyoursite/dist/scripts/js.cookie-2.1.3.min.js?ver=2.1.3 HTTP/1.1" 200 - "http://adelamachineshub.shop/" "Mozilla/5.0 (Windows NT 10.0; Win64; x64) AppleWebKit/537.36 (KHTML, like Gecko) Chrome/42.0.2311.135 Safari/537.36 Edge/12.246"
193.70.113.250 - - [21/Jul/2026:16:19:45 +0000] "HEAD /wp-content/plugins/pixelyoursite/dist/scripts/tld.min.js?ver=2.3.1 HTTP/1.1" 200 - "http://adelamachineshub.shop/" "Mozilla/5.0 (Windows NT 10.0; Win64; x64) AppleWebKit/537.36 (KHTML, like Gecko) Chrome/42.0.2311.135 Safari/537.36 Edge/12.246"
193.70.113.250 - - [21/Jul/2026:16:19:45 +0000] "HEAD /wp-content/plugins/pixelyoursite/dist/scripts/public.js?ver=11.2.1 HTTP/1.1" 200 - "http://adelamachineshub.shop/" "Mozilla/5.0 (Windows NT 10.0; Win64; x64) AppleWebKit/537.36 (KHTML, like Gecko) Chrome/42.0.2311.135 Safari/537.36 Edge/12.246"
193.70.113.250 - - [21/Jul/2026:16:21:31 +0000] "GET / HTTP/1.1" 200 75067 "-" "Mozilla/5.0 (Windows NT 10.0; Win64; x64) AppleWebKit/537.36 (KHTML, like Gecko) Chrome/79.0.3945.88 Safari/537.36"
193.70.113.250 - - [21/Jul/2026:16:22:00 +0000] "GET / HTTP/1.1" 200 75067 "-" "Mozilla/5.0 (Windows NT 10.0; Win64; x64) AppleWebKit/537.36 (KHTML, like Gecko) Chrome/79.0.3945.88 Safari/537.36"
124.156.226.179 - - [21/Jul/2026:16:30:58 +0000] "GET / HTTP/1.1" 200 75067 "-" "Mozilla/5.0 (iPhone; CPU iPhone OS 13_2_3 like Mac OS X) AppleWebKit/605.1.15 (KHTML, like Gecko) Version/13.0.3 Mobile/15E148 Safari/604.1"
104.194.211.24 - - [21/Jul/2026:16:45:45 +0000] "GET / HTTP/1.1" 200 75067 "-" "Mozilla/5.0 (Windows NT 10.0; Win64; x64) AppleWebKit/537.36 (KHTML, like Gecko) Chrome/86.0.4240.111 Safari/537.36"
44.251.157.4 - - [21/Jul/2026:16:48:58 +0000] "GET / HTTP/1.1" 200 75067 "-" "Mozilla/5.0 (Macintosh; Intel Mac OS X 14_7_6) AppleWebKit/537.36 (KHTML, like Gecko) Chrome/150.0.7871.128 Safari/537.36"
44.251.157.4 - - [21/Jul/2026:16:49:02 +0000] "GET /wp-includes/js/jquery/jquery.min.js?ver=3.7.1 HTTP/1.1" 200 87553 "http://adelamachineshub.shop/" "Mozilla/5.0 (Macintosh; Intel Mac OS X 14_7_6) AppleWebKit/537.36 (KHTML, like Gecko) Chrome/150.0.7871.128 Safari/537.36"
44.251.157.4 - - [21/Jul/2026:16:49:02 +0000] "GET /wp-includes/js/jquery/jquery-migrate.min.js?ver=3.4.1 HTTP/1.1" 200 13577 "http://adelamachineshub.shop/" "Mozilla/5.0 (Macintosh; Intel Mac OS X 14_7_6) AppleWebKit/537.36 (KHTML, like Gecko) Chrome/150.0.7871.128 Safari/537.36"
44.251.157.4 - - [21/Jul/2026:16:49:02 +0000] "GET /wp-includes/js/dist/script-modules/block-library/navigation/view.min.js?ver=96a846e1d7b789c39ab9 HTTP/1.1" 200 3053 "http://adelamachineshub.shop/" "Mozilla/5.0 (Macintosh; Intel Mac OS X 14_7_6) AppleWebKit/537.36 (KHTML, like Gecko) Chrome/150.0.7871.128 Safari/537.36"
44.251.157.4 - - [21/Jul/2026:16:49:02 +0000] "GET /wp-includes/js/dist/script-modules/interactivity/index.min.js?ver=efaa5193bbad9c60ffd1 HTTP/1.1" 200 40106 "http://adelamachineshub.shop/" "Mozilla/5.0 (Macintosh; Intel Mac OS X 14_7_6) AppleWebKit/537.36 (KHTML, like Gecko) Chrome/150.0.7871.128 Safari/537.36"
44.251.157.4 - - [21/Jul/2026:16:49:02 +0000] "GET /wp-content/plugins/pixelyoursite/dist/scripts/jquery.bind-first-0.2.3.min.js?ver=0.2.3 HTTP/1.1" 200 1317 "http://adelamachineshub.shop/" "Mozilla/5.0 (Macintosh; Intel Mac OS X 14_7_6) AppleWebKit/537.36 (KHTML, like Gecko) Chrome/150.0.7871.128 Safari/537.36"
44.251.157.4 - - [21/Jul/2026:16:49:02 +0000] "GET /wp-content/plugins/pixelyoursite/dist/scripts/js.cookie-2.1.3.min.js?ver=2.1.3 HTTP/1.1" 200 1709 "http://adelamachineshub.shop/" "Mozilla/5.0 (Macintosh; Intel Mac OS X 14_7_6) AppleWebKit/537.36 (KHTML, like Gecko) Chrome/150.0.7871.128 Safari/537.36"
44.251.157.4 - - [21/Jul/2026:16:49:02 +0000] "GET /wp-content/plugins/pixelyoursite/dist/scripts/tld.min.js?ver=2.3.1 HTTP/1.1" 200 141079 "http://adelamachineshub.shop/" "Mozilla/5.0 (Macintosh; Intel Mac OS X 14_7_6) AppleWebKit/537.36 (KHTML, like Gecko) Chrome/150.0.7871.128 Safari/537.36"
44.251.157.4 - - [21/Jul/2026:16:49:02 +0000] "GET /wp-content/plugins/pixelyoursite/dist/scripts/public.js?ver=11.2.1 HTTP/1.1" 200 172979 "http://adelamachineshub.shop/" "Mozilla/5.0 (Macintosh; Intel Mac OS X 14_7_6) AppleWebKit/537.36 (KHTML, like Gecko) Chrome/150.0.7871.128 Safari/537.36"
44.251.157.4 - - [21/Jul/2026:16:49:02 +0000] "GET /wp-content/themes/twentytwentyfive/assets/fonts/manrope/Manrope-VariableFont_wght.woff2 HTTP/1.1" 200 53600 "http://adelamachineshub.shop/" "Mozilla/5.0 (Macintosh; Intel Mac OS X 14_7_6) AppleWebKit/537.36 (KHTML, like Gecko) Chrome/150.0.7871.128 Safari/537.36"
44.251.157.4 - - [21/Jul/2026:16:49:02 +0000] "GET /wp-includes/js/wp-emoji-release.min.js?ver=7.0.2 HTTP/1.1" 200 22752 "http://adelamachineshub.shop/" "Mozilla/5.0 (Macintosh; Intel Mac OS X 14_7_6) AppleWebKit/537.36 (KHTML, like Gecko) Chrome/150.0.7871.128 Safari/537.36"
198.177.124.148 - - [21/Jul/2026:16:49:05 +0000] "POST /wp-cron.php?doing_wp_cron=1784652545.9503769874572753906250 HTTP/1.1" 200 - "-" "WordPress/7.0.2; https://adelamachineshub.shop"
44.251.157.4 - - [21/Jul/2026:16:49:02 +0000] "GET /favicon.ico HTTP/1.1" 302 - "http://adelamachineshub.shop/" "Mozilla/5.0 (Macintosh; Intel Mac OS X 14_7_6) AppleWebKit/537.36 (KHTML, like Gecko) Chrome/150.0.7871.128 Safari/537.36"
44.251.157.4 - - [21/Jul/2026:16:49:06 +0000] "GET /wp-includes/images/w-logo-blue-white-bg.png HTTP/1.1" 200 4119 "http://adelamachineshub.shop/" "Mozilla/5.0 (Macintosh; Intel Mac OS X 14_7_6) AppleWebKit/537.36 (KHTML, like Gecko) Chrome/150.0.7871.128 Safari/537.36"
44.251.157.4 - - [21/Jul/2026:16:49:17 +0000] "GET / HTTP/1.1" 200 75067 "-" "Mozilla/5.0 (iPhone; CPU iPhone OS 18_5 like Mac OS X) AppleWebKit/605.1.15 (KHTML, like Gecko) Version/18.5 Mobile/15E148 Safari/604.1"
44.251.157.4 - - [21/Jul/2026:16:49:20 +0000] "GET /wp-includes/js/jquery/jquery-migrate.min.js?ver=3.4.1 HTTP/1.1" 200 13577 "http://adelamachineshub.shop/" "Mozilla/5.0 (iPhone; CPU iPhone OS 18_5 like Mac OS X) AppleWebKit/605.1.15 (KHTML, like Gecko) Version/18.5 Mobile/15E148 Safari/604.1"
