45.92.84.249 - - [22/Jul/2026:16:25:41 +0000] "GET /lander/sberchat5v4_tds_newcrm_038-vnutr_1721815245/index.php HTTP/1.1" 301 - "-" "Mozilla/5.0 (Windows NT 10.0; Win64; x64) AppleWebKit/537.36 (KHTML, like Gecko) Chrome/94.0.4606.61 Safari/537.36"
45.92.86.134 - - [22/Jul/2026:16:25:47 +0000] "GET /Kd67Fq1x HTTP/1.1" 404 63613 "-" "Mozilla/5.0 (Windows NT 10.0; Win64; x64) AppleWebKit/537.36 (KHTML, like Gecko) Chrome/94.0.4606.61 Safari/537.36"
45.92.85.140 - - [22/Jul/2026:16:25:53 +0000] "GET /nqw80 HTTP/1.1" 404 63610 "-" "Mozilla/5.0 (Windows NT 10.0; Win64; x64) AppleWebKit/537.36 (KHTML, like Gecko) Chrome/94.0.4606.61 Safari/537.36"
198.177.124.148 - - [22/Jul/2026:16:26:04 +0000] "POST /wp-cron.php?doing_wp_cron=1784737564.3816080093383789062500 HTTP/1.1" 200 - "-" "WordPress/7.0.2; https://adelamachineshub.shop"
45.92.84.169 - - [22/Jul/2026:16:25:58 +0000] "GET /dwztdbhG HTTP/1.1" 404 63613 "-" "Mozilla/5.0 (Windows NT 10.0; Win64; x64) AppleWebKit/537.36 (KHTML, like Gecko) Chrome/94.0.4606.61 Safari/537.36"
155.94.203.199 - - [22/Jul/2026:16:26:05 +0000] "GET /p3y69 HTTP/1.1" 404 63610 "-" "Mozilla/5.0 (Windows NT 10.0; Win64; x64) AppleWebKit/537.36 (KHTML, like Gecko) Chrome/94.0.4606.61 Safari/537.36"
45.92.84.203 - - [22/Jul/2026:16:26:11 +0000] "GET /kXMGtQpC HTTP/1.1" 404 63613 "-" "Mozilla/5.0 (Windows NT 10.0; Win64; x64) AppleWebKit/537.36 (KHTML, like Gecko) Chrome/94.0.4606.61 Safari/537.36"
45.92.86.90 - - [22/Jul/2026:16:26:17 +0000] "GET /yZdx79 HTTP/1.1" 404 63611 "-" "Mozilla/5.0 (Windows NT 10.0; Win64; x64) AppleWebKit/537.36 (KHTML, like Gecko) Chrome/94.0.4606.61 Safari/537.36"
45.92.86.243 - - [22/Jul/2026:16:26:22 +0000] "GET /262LBNFp HTTP/1.1" 404 63613 "-" "Mozilla/5.0 (Windows NT 10.0; Win64; x64) AppleWebKit/537.36 (KHTML, like Gecko) Chrome/94.0.4606.61 Safari/537.36"
45.92.86.171 - - [22/Jul/2026:16:26:28 +0000] "GET /83036323 HTTP/1.1" 404 63613 "-" "Mozilla/5.0 (Windows NT 10.0; Win64; x64) AppleWebKit/537.36 (KHTML, like Gecko) Chrome/94.0.4606.61 Safari/537.36"
45.92.87.91 - - [22/Jul/2026:16:26:34 +0000] "GET /NWJs6k27 HTTP/1.1" 404 63613 "-" "Mozilla/5.0 (Windows NT 10.0; Win64; x64) AppleWebKit/537.36 (KHTML, like Gecko) Chrome/94.0.4606.61 Safari/537.36"
45.92.87.62 - - [22/Jul/2026:16:26:40 +0000] "GET /?utm_campaign=PB-SBERAN HTTP/1.1" 200 74863 "-" "Mozilla/5.0 (Windows NT 10.0; Win64; x64) AppleWebKit/537.36 (KHTML, like Gecko) Chrome/94.0.4606.61 Safari/537.36"
45.92.84.164 - - [22/Jul/2026:16:26:43 +0000] "GET /n6PdMqLz HTTP/1.1" 404 63613 "-" "Mozilla/5.0 (Windows NT 10.0; Win64; x64) AppleWebKit/537.36 (KHTML, like Gecko) Chrome/94.0.4606.61 Safari/537.36"
45.92.84.82 - - [22/Jul/2026:16:26:49 +0000] "GET /nfvX2mRq HTTP/1.1" 404 63613 "-" "Mozilla/5.0 (Windows NT 10.0; Win64; x64) AppleWebKit/537.36 (KHTML, like Gecko) Chrome/94.0.4606.61 Safari/537.36"
198.177.124.148 - - [22/Jul/2026:16:34:11 +0000] "POST /wp-cron.php?doing_wp_cron=1784738051.2791850566864013671875 HTTP/1.1" 200 - "-" "WordPress/7.0.2; https://adelamachineshub.shop"
172.237.73.62 - - [22/Jul/2026:16:34:10 +0000] "GET /administrator/index.php HTTP/1.1" 301 - "-" "Mozilla/5.0"
172.237.73.62 - - [22/Jul/2026:16:34:14 +0000] "GET /administrator/ HTTP/1.1" 404 63619 "-" "Mozilla/5.0"
172.71.164.178 - - [22/Jul/2026:16:38:35 +0000] "GET /wp-admin/install.php?step=1 HTTP/1.1" 404 63625 "-" "http://adelamachineshub.shop/wp-admin/install.php?step=1"
104.23.217.81 - - [22/Jul/2026:16:53:23 +0000] "GET /wp-admin/install.php?step=1 HTTP/1.1" 404 63625 "-" "http://adelamachineshub.shop/wp-admin/install.php?step=1"
43.161.251.162 - - [22/Jul/2026:17:00:19 +0000] "GET / HTTP/1.1" 200 74837 "-" "Mozilla/5.0 (iPhone; CPU iPhone OS 13_2_3 like Mac OS X) AppleWebKit/605.1.15 (KHTML, like Gecko) Version/13.0.3 Mobile/15E148 Safari/604.1"
162.158.111.229 - - [22/Jul/2026:17:14:34 +0000] "GET /wp-admin/install.php?step=1 HTTP/1.1" 404 63625 "-" "http://adelamachineshub.shop/wp-admin/install.php?step=1"
54.164.167.77 - - [22/Jul/2026:17:18:39 +0000] "GET / HTTP/1.1" 301 - "-" "Mozilla/5.0 (Windows NT 10.0; Win64; x64; rv:141.0) Gecko/20100101 Firefox/141.0"
98.91.173.173 - - [22/Jul/2026:17:18:41 +0000] "GET / HTTP/1.1" 200 74837 "-" "Mozilla/5.0 (Windows NT 10.0; Win64; x64; rv:141.0) Gecko/20100101 Firefox/141.0"
162.158.94.44 - - [22/Jul/2026:17:32:16 +0000] "GET /wp-admin/install.php?step=1 HTTP/1.1" 404 63625 "-" "http://adelamachineshub.shop/wp-admin/install.php?step=1"
198.177.124.148 - - [22/Jul/2026:17:38:50 +0000] "POST /wp-cron.php?doing_wp_cron=1784741930.4559540748596191406250 HTTP/1.1" 200 - "-" "WordPress/7.0.2; https://adelamachineshub.shop"
162.158.182.166 - - [22/Jul/2026:17:38:47 +0000] "GET /wp-admin/install.php?step=1 HTTP/1.1" 404 63625 "-" "http://adelamachineshub.shop/wp-admin/install.php?step=1"
198.177.124.148 - - [22/Jul/2026:17:41:58 +0000] "POST /wp-cron.php?doing_wp_cron=1784742118.4799559116363525390625 HTTP/1.1" 200 - "-" "WordPress/7.0.2; https://adelamachineshub.shop"
100.50.152.193 - - [22/Jul/2026:17:41:53 +0000] "GET / HTTP/1.1" 200 74837 "-" "Mozilla/5.0 (Windows NT 10.0; Win64; x64) AppleWebKit/537.36 (KHTML, like Gecko) Chrome/114.0.0.0 Safari/537.36"
198.177.124.148 - - [22/Jul/2026:17:42:46 +0000] "POST /wp-cron.php?doing_wp_cron=1784742166.1391930580139160156250 HTTP/1.1" 200 - "-" "WordPress/7.0.2; https://adelamachineshub.shop"
150.109.10.41 - - [22/Jul/2026:17:42:42 +0000] "GET / HTTP/1.1" 301 - "-" "Mozilla/5.0 (iPhone; CPU iPhone OS 13_2_3 like Mac OS X) AppleWebKit/605.1.15 (KHTML, like Gecko) Version/13.0.3 Mobile/15E148 Safari/604.1"
150.109.10.41 - - [22/Jul/2026:17:42:46 +0000] "GET / HTTP/1.1" 200 74837 "http://www.adelamachineshub.shop" "Mozilla/5.0 (iPhone; CPU iPhone OS 13_2_3 like Mac OS X) AppleWebKit/605.1.15 (KHTML, like Gecko) Version/13.0.3 Mobile/15E148 Safari/604.1"
198.177.124.148 - - [22/Jul/2026:17:49:48 +0000] "POST /wp-cron.php?doing_wp_cron=1784742588.9773459434509277343750 HTTP/1.1" 200 - "-" "WordPress/7.0.2; https://adelamachineshub.shop"
104.23.223.11 - - [22/Jul/2026:17:49:46 +0000] "GET /wp-admin/install.php?step=1 HTTP/1.1" 404 63625 "-" "http://adelamachineshub.shop/wp-admin/install.php?step=1"
103.170.81.37 - - [22/Jul/2026:17:52:40 +0000] "GET / HTTP/1.1" 200 74837 "-" "Mozilla/5.0 (X11; Linux x86_64; rv:138.0) Gecko/20100101 Firefox/138.0"
103.170.81.37 - - [22/Jul/2026:17:52:55 +0000] "GET / HTTP/1.1" 200 74837 "http://adelamachineshub.shop" "Mozilla/5.0 (X11; Linux x86_64; rv:138.0) Gecko/20100101 Firefox/138.0"
103.170.81.37 - - [22/Jul/2026:17:53:01 +0000] "GET /wp-content/themes/twentytwentyfive/assets/fonts/fira-code/FiraCode-VariableFont_wght.woff2 HTTP/1.1" 200 106112 "http://adelamachineshub.shop" "Mozilla/5.0 (X11; Linux x86_64; rv:138.0) Gecko/20100101 Firefox/138.0"
103.170.81.37 - - [22/Jul/2026:17:53:06 +0000] "GET /wp-content/themes/twentytwentyfive/assets/fonts/manrope/Manrope-VariableFont_wght.woff2 HTTP/1.1" 200 53600 "http://adelamachineshub.shop" "Mozilla/5.0 (X11; Linux x86_64; rv:138.0) Gecko/20100101 Firefox/138.0"
172.71.148.145 - - [22/Jul/2026:18:05:20 +0000] "GET /wp-admin/install.php?step=1 HTTP/1.1" 404 63625 "-" "http://adelamachineshub.shop/wp-admin/install.php?step=1"
198.177.124.148 - - [22/Jul/2026:18:06:18 +0000] "POST /wp-cron.php?doing_wp_cron=1784743578.3830170631408691406250 HTTP/1.1" 200 - "-" "WordPress/7.0.2; https://adelamachineshub.shop"
220.130.196.40 - - [22/Jul/2026:18:06:14 +0000] "GET / HTTP/1.1" 200 74837 "-" "Mozilla/5.0 (Windows NT 10.0; Win64; x64) AppleWebKit/537.36..."
198.177.124.148 - - [22/Jul/2026:18:12:19 +0000] "POST /wp-cron.php?doing_wp_cron=1784743939.7130260467529296875000 HTTP/1.1" 200 - "-" "WordPress/7.0.2; https://adelamachineshub.shop"
170.64.252.169 - - [22/Jul/2026:18:12:13 +0000] "GET / HTTP/1.1" 200 74837 "-" "Mozilla/5.0 (Linux; Android 10; K) AppleWebKit/537.36 (KHTML, like Gecko) Chrome/147.0.0.0 Mobile Safari/537.36"
34.6.161.103 - - [22/Jul/2026:18:31:32 +0000] "GET / HTTP/1.1" 301 - "-" "Mozilla/5.0 (X11; Linux x86_64) AppleWebKit/537.36 Chrome/126 Safari/537.36"
198.177.124.148 - - [22/Jul/2026:18:32:09 +0000] "POST /wp-cron.php?doing_wp_cron=1784745129.9275779724121093750000 HTTP/1.1" 200 - "-" "WordPress/7.0.2; https://adelamachineshub.shop"
172.71.144.12 - - [22/Jul/2026:18:32:08 +0000] "GET /wp-admin/install.php?step=1 HTTP/1.1" 404 63625 "-" "http://adelamachineshub.shop/wp-admin/install.php?step=1"
34.6.161.103 - - [22/Jul/2026:18:33:13 +0000] "GET / HTTP/1.1" 301 - "-" "Mozilla/5.0 (Windows NT 10.0; Win64; x64) AppleWebKit/537.36 Chrome/126 Safari/537.36"
198.177.124.148 - - [22/Jul/2026:18:49:35 +0000] "POST /wp-cron.php?doing_wp_cron=1784746175.1127629280090332031250 HTTP/1.1" 200 - "-" "WordPress/7.0.2; https://adelamachineshub.shop"
172.70.242.202 - - [22/Jul/2026:18:49:32 +0000] "GET /wp-admin/install.php?step=1 HTTP/1.1" 404 63625 "-" "http://adelamachineshub.shop/wp-admin/install.php?step=1"
198.177.124.148 - - [22/Jul/2026:19:01:05 +0000] "POST /wp-cron.php?doing_wp_cron=1784746865.5554029941558837890625 HTTP/1.1" 200 - "-" "WordPress/7.0.2; https://adelamachineshub.shop"
172.69.151.235 - - [22/Jul/2026:19:01:02 +0000] "GET /wp-admin/install.php?step=1 HTTP/1.1" 404 63625 "-" "http://adelamachineshub.shop/wp-admin/install.php?step=1"
198.177.124.148 - - [22/Jul/2026:19:02:20 +0000] "GET /.well-known/acme-challenge/RUJ2B_LCKICUTD2D5TEEWNOYY_8XEPLU HTTP/1.1" 200 64 "-" "Cpanel-HTTP-Client/1.0"
198.177.124.148 - - [22/Jul/2026:19:02:20 +0000] "GET /.well-known/acme-challenge/SSYASGLO40GXC1FKZ_OKL-JP1E_U13NQ HTTP/1.1" 200 64 "-" "Cpanel-HTTP-Client/1.0"
172.71.172.4 - - [22/Jul/2026:19:25:18 +0000] "GET /wp-admin/install.php?step=1 HTTP/1.1" 404 63625 "-" "http://adelamachineshub.shop/wp-admin/install.php?step=1"
198.177.124.148 - - [22/Jul/2026:19:27:04 +0000] "POST /wp-cron.php?doing_wp_cron=1784748321.1058030128479003906250 HTTP/1.1" 200 - "-" "WordPress/7.0.2; https://adelamachineshub.shop"
104.23.223.10 - - [22/Jul/2026:19:35:13 +0000] "GET /wp-admin/install.php?step=1 HTTP/1.1" 404 63625 "-" "http://adelamachineshub.shop/wp-admin/install.php?step=1"
198.177.124.148 - - [22/Jul/2026:19:35:20 +0000] "POST /wp-cron.php?doing_wp_cron=1784748915.6400909423828125000000 HTTP/1.1" 200 - "-" "WordPress/7.0.2; https://adelamachineshub.shop"
104.23.223.11 - - [22/Jul/2026:19:38:10 +0000] "GET /wp-admin/install.php?step=1 HTTP/1.1" 404 63625 "-" "http://adelamachineshub.shop/wp-admin/install.php?step=1"
198.177.124.148 - - [22/Jul/2026:19:38:16 +0000] "POST /wp-cron.php?doing_wp_cron=1784749092.3796548843383789062500 HTTP/1.1" 200 - "-" "WordPress/7.0.2; https://adelamachineshub.shop"
198.177.124.148 - - [22/Jul/2026:19:59:05 +0000] "POST /wp-cron.php?doing_wp_cron=1784750345.0137419700622558593750 HTTP/1.1" 200 - "-" "WordPress/7.0.2; https://adelamachineshub.shop"
172.237.73.231 - - [22/Jul/2026:19:59:03 +0000] "GET /administrator/index.php HTTP/1.1" 301 - "-" "Mozilla/5.0"
172.237.73.231 - - [22/Jul/2026:19:59:08 +0000] "GET /administrator/ HTTP/1.1" 404 63619 "-" "Mozilla/5.0"
198.177.124.148 - - [22/Jul/2026:20:05:16 +0000] "POST /wp-cron.php?doing_wp_cron=1784750716.6643230915069580078125 HTTP/1.1" 200 - "-" "WordPress/7.0.2; https://adelamachineshub.shop"
104.23.168.58 - - [22/Jul/2026:20:05:14 +0000] "GET /wp-admin/install.php?step=1 HTTP/1.1" 404 63625 "-" "http://adelamachineshub.shop/wp-admin/install.php?step=1"
198.177.124.148 - - [22/Jul/2026:20:14:08 +0000] "POST /wp-cron.php?doing_wp_cron=1784751248.7031450271606445312500 HTTP/1.1" 200 - "-" "WordPress/7.0.2; https://adelamachineshub.shop"
162.158.182.166 - - [22/Jul/2026:20:14:06 +0000] "GET /wp-admin/install.php?step=1 HTTP/1.1" 404 63625 "-" "http://adelamachineshub.shop/wp-admin/install.php?step=1"
198.177.124.148 - - [22/Jul/2026:20:26:06 +0000] "POST /wp-cron.php?doing_wp_cron=1784751966.5082418918609619140625 HTTP/1.1" 200 - "-" "WordPress/7.0.2; https://adelamachineshub.shop"
43.157.172.39 - - [22/Jul/2026:20:26:04 +0000] "GET / HTTP/1.1" 200 74837 "-" "Mozilla/5.0 (iPhone; CPU iPhone OS 13_2_3 like Mac OS X) AppleWebKit/605.1.15 (KHTML, like Gecko) Version/13.0.3 Mobile/15E148 Safari/604.1"
198.177.124.148 - - [22/Jul/2026:20:39:10 +0000] "POST /wp-cron.php?doing_wp_cron=1784752750.2955300807952880859375 HTTP/1.1" 200 - "-" "WordPress/7.0.2; https://adelamachineshub.shop"
104.23.223.10 - - [22/Jul/2026:20:39:06 +0000] "GET /wp-admin/install.php?step=1 HTTP/1.1" 404 63625 "-" "http://adelamachineshub.shop/wp-admin/install.php?step=1"
198.177.124.148 - - [22/Jul/2026:20:57:25 +0000] "POST /wp-cron.php?doing_wp_cron=1784753845.8565270900726318359375 HTTP/1.1" 200 - "-" "WordPress/7.0.2; https://adelamachineshub.shop"
172.70.242.203 - - [22/Jul/2026:20:57:21 +0000] "GET /wp-admin/install.php?step=1 HTTP/1.1" 404 63625 "-" "http://adelamachineshub.shop/wp-admin/install.php?step=1"
198.177.124.148 - - [22/Jul/2026:20:58:48 +0000] "POST /wp-cron.php?doing_wp_cron=1784753928.0146229267120361328125 HTTP/1.1" 200 - "-" "WordPress/7.0.2; https://adelamachineshub.shop"
66.249.69.130 - - [22/Jul/2026:20:58:45 +0000] "GET /robots.txt HTTP/1.1" 301 - "-" "Mozilla/5.0 (compatible; Googlebot/2.1; +http://www.google.com/bot.html)"
66.249.69.33 - - [22/Jul/2026:20:58:48 +0000] "GET /robots.txt HTTP/1.1" 200 122 "-" "Mozilla/5.0 (compatible; Googlebot/2.1; +http://www.google.com/bot.html)"
66.249.69.130 - - [22/Jul/2026:20:58:51 +0000] "GET / HTTP/1.1" 301 - "-" "Mozilla/5.0 (Linux; Android 6.0.1; Nexus 5X Build/MMB29P) AppleWebKit/537.36 (KHTML, like Gecko) Chrome/150.0.7871.128 Mobile Safari/537.36 (compatible; Googlebot/2.1; +http://www.google.com/bot.html)"
66.249.69.32 - - [22/Jul/2026:20:58:53 +0000] "GET / HTTP/1.1" 200 74837 "-" "Mozilla/5.0 (Linux; Android 6.0.1; Nexus 5X Build/MMB29P) AppleWebKit/537.36 (KHTML, like Gecko) Chrome/150.0.7871.128 Mobile Safari/537.36 (compatible; Googlebot/2.1; +http://www.google.com/bot.html)"
198.177.124.148 - - [22/Jul/2026:21:02:34 +0000] "POST /wp-cron.php?doing_wp_cron=1784754154.4376060962677001953125 HTTP/1.1" 200 - "-" "WordPress/7.0.2; https://adelamachineshub.shop"
43.165.198.144 - - [22/Jul/2026:21:02:32 +0000] "GET / HTTP/1.1" 301 - "-" "Mozilla/5.0 (iPhone; CPU iPhone OS 13_2_3 like Mac OS X) AppleWebKit/605.1.15 (KHTML, like Gecko) Version/13.0.3 Mobile/15E148 Safari/604.1"
43.165.198.144 - - [22/Jul/2026:21:02:35 +0000] "GET / HTTP/1.1" 200 74837 "http://www.adelamachineshub.shop" "Mozilla/5.0 (iPhone; CPU iPhone OS 13_2_3 like Mac OS X) AppleWebKit/605.1.15 (KHTML, like Gecko) Version/13.0.3 Mobile/15E148 Safari/604.1"
66.249.69.33 - - [22/Jul/2026:21:04:30 +0000] "GET /wp-includes/js/jquery/jquery.min.js?ver=3.7.1 HTTP/1.1" 200 87553 "http://adelamachineshub.shop/" "Mozilla/5.0 (Linux; Android 6.0.1; Nexus 5X Build/MMB29P) AppleWebKit/537.36 (KHTML, like Gecko) Chrome/150.0.7871.128 Mobile Safari/537.36 (compatible; Googlebot/2.1; +http://www.google.com/bot.html)"
66.249.69.33 - - [22/Jul/2026:21:04:31 +0000] "GET /wp-includes/js/dist/script-modules/interactivity/index.min.js?ver=efaa5193bbad9c60ffd1 HTTP/1.1" 200 40106 "http://adelamachineshub.shop/" "Mozilla/5.0 (Linux; Android 6.0.1; Nexus 5X Build/MMB29P) AppleWebKit/537.36 (KHTML, like Gecko) Chrome/150.0.7871.128 Mobile Safari/537.36 (compatible; Googlebot/2.1; +http://www.google.com/bot.html)"
66.249.69.32 - - [22/Jul/2026:21:04:31 +0000] "GET /wp-includes/js/dist/script-modules/block-library/navigation/view.min.js?ver=96a846e1d7b789c39ab9 HTTP/1.1" 200 3053 "http://adelamachineshub.shop/" "Mozilla/5.0 (Linux; Android 6.0.1; Nexus 5X Build/MMB29P) AppleWebKit/537.36 (KHTML, like Gecko) Chrome/150.0.7871.128 Mobile Safari/537.36 (compatible; Googlebot/2.1; +http://www.google.com/bot.html)"
66.249.69.33 - - [22/Jul/2026:21:04:32 +0000] "GET /wp-includes/js/jquery/jquery-migrate.min.js?ver=3.4.1 HTTP/1.1" 200 13577 "http://adelamachineshub.shop/" "Mozilla/5.0 (Linux; Android 6.0.1; Nexus 5X Build/MMB29P) AppleWebKit/537.36 (KHTML, like Gecko) Chrome/150.0.7871.128 Mobile Safari/537.36 (compatible; Googlebot/2.1; +http://www.google.com/bot.html)"
66.249.69.33 - - [22/Jul/2026:21:04:46 +0000] "GET /wp-content/plugins/pixelyoursite/dist/scripts/jquery.bind-first-0.2.3.min.js?ver=0.2.3 HTTP/1.1" 200 1317 "http://adelamachineshub.shop/" "Mozilla/5.0 (Linux; Android 6.0.1; Nexus 5X Build/MMB29P) AppleWebKit/537.36 (KHTML, like Gecko) Chrome/150.0.7871.128 Mobile Safari/537.36 (compatible; Googlebot/2.1; +http://www.google.com/bot.html)"
66.249.69.32 - - [22/Jul/2026:21:04:46 +0000] "GET /wp-content/plugins/pixelyoursite/dist/scripts/js.cookie-2.1.3.min.js?ver=2.1.3 HTTP/1.1" 200 1709 "http://adelamachineshub.shop/" "Mozilla/5.0 (Linux; Android 6.0.1; Nexus 5X Build/MMB29P) AppleWebKit/537.36 (KHTML, like Gecko) Chrome/150.0.7871.128 Mobile Safari/537.36 (compatible; Googlebot/2.1; +http://www.google.com/bot.html)"
66.249.69.34 - - [22/Jul/2026:21:05:02 +0000] "GET /wp-content/plugins/pixelyoursite/dist/scripts/tld.min.js?ver=2.3.1 HTTP/1.1" 200 141079 "http://adelamachineshub.shop/" "Mozilla/5.0 (Linux; Android 6.0.1; Nexus 5X Build/MMB29P) AppleWebKit/537.36 (KHTML, like Gecko) Chrome/150.0.7871.128 Mobile Safari/537.36 (compatible; Googlebot/2.1; +http://www.google.com/bot.html)"
66.249.69.34 - - [22/Jul/2026:21:05:03 +0000] "GET /wp-content/plugins/pixelyoursite/dist/scripts/public.js?ver=11.2.1 HTTP/1.1" 200 172979 "http://adelamachineshub.shop/" "Mozilla/5.0 (Linux; Android 6.0.1; Nexus 5X Build/MMB29P) AppleWebKit/537.36 (KHTML, like Gecko) Chrome/150.0.7871.128 Mobile Safari/537.36 (compatible; Googlebot/2.1; +http://www.google.com/bot.html)"
198.177.124.148 - - [22/Jul/2026:21:05:24 +0000] "POST /wp-cron.php?doing_wp_cron=1784754324.6691589355468750000000 HTTP/1.1" 200 - "-" "WordPress/7.0.2; https://adelamachineshub.shop"
66.249.69.129 - - [22/Jul/2026:21:05:22 +0000] "GET / HTTP/1.1" 301 - "-" "Mozilla/5.0 (Linux; Android 6.0.1; Nexus 5X Build/MMB29P) AppleWebKit/537.36 (KHTML, like Gecko) Chrome/99.0.4844.84 Mobile Safari/537.36 (compatible; Googlebot/2.1; +http://www.google.com/bot.html)"
66.249.69.129 - - [22/Jul/2026:21:05:22 +0000] "GET / HTTP/1.1" 301 - "-" "Mozilla/5.0 (compatible; Googlebot/2.1; +http://www.google.com/bot.html)"
66.249.69.33 - - [22/Jul/2026:21:05:27 +0000] "GET / HTTP/1.1" 200 74837 "-" "Mozilla/5.0 (Linux; Android 6.0.1; Nexus 5X Build/MMB29P) AppleWebKit/537.36 (KHTML, like Gecko) Chrome/99.0.4844.84 Mobile Safari/537.36 (compatible; Googlebot/2.1; +http://www.google.com/bot.html)"
66.249.69.33 - - [22/Jul/2026:21:05:30 +0000] "GET / HTTP/1.1" 200 74837 "-" "Mozilla/5.0 (compatible; Googlebot/2.1; +http://www.google.com/bot.html)"
66.249.69.32 - - [22/Jul/2026:21:05:33 +0000] "GET /wp-includes/js/jquery/jquery.min.js?ver=3.7.1 HTTP/1.1" 200 87553 "http://adelamachineshub.shop/" "Mozilla/5.0 AppleWebKit/537.36 (KHTML, like Gecko; compatible; Googlebot/2.1; +http://www.google.com/bot.html) Chrome/149.0.7827.200 Safari/537.36"
66.249.69.32 - - [22/Jul/2026:21:05:33 +0000] "GET /wp-includes/js/jquery/jquery-migrate.min.js?ver=3.4.1 HTTP/1.1" 200 13577 "http://adelamachineshub.shop/" "Mozilla/5.0 AppleWebKit/537.36 (KHTML, like Gecko; compatible; Googlebot/2.1; +http://www.google.com/bot.html) Chrome/149.0.7827.200 Safari/537.36"
66.249.69.32 - - [22/Jul/2026:21:05:34 +0000] "GET /wp-includes/js/jquery/jquery.min.js?ver=3.7.1 HTTP/1.1" 200 87553 "http://adelamachineshub.shop/" "Mozilla/5.0 (Linux; Android 6.0.1; Nexus 5X Build/MMB29P) AppleWebKit/537.36 (KHTML, like Gecko) Chrome/149.0.7827.200 Mobile Safari/537.36 (compatible; Googlebot/2.1; +http://www.google.com/bot.html)"
66.249.69.32 - - [22/Jul/2026:21:05:35 +0000] "GET /wp-includes/js/jquery/jquery-migrate.min.js?ver=3.4.1 HTTP/1.1" 200 13577 "http://adelamachineshub.shop/" "Mozilla/5.0 (Linux; Android 6.0.1; Nexus 5X Build/MMB29P) AppleWebKit/537.36 (KHTML, like Gecko) Chrome/149.0.7827.200 Mobile Safari/537.36 (compatible; Googlebot/2.1; +http://www.google.com/bot.html)"
66.249.69.32 - - [22/Jul/2026:21:05:36 +0000] "GET /wp-includes/js/dist/script-modules/interactivity/index.min.js?ver=efaa5193bbad9c60ffd1 HTTP/1.1" 200 40106 "http://adelamachineshub.shop/" "Mozilla/5.0 AppleWebKit/537.36 (KHTML, like Gecko; compatible; Googlebot/2.1; +http://www.google.com/bot.html) Chrome/149.0.7827.200 Safari/537.36"
66.249.69.32 - - [22/Jul/2026:21:05:37 +0000] "GET /wp-includes/js/dist/script-modules/block-library/navigation/view.min.js?ver=96a846e1d7b789c39ab9 HTTP/1.1" 200 3053 "http://adelamachineshub.shop/" "Mozilla/5.0 AppleWebKit/537.36 (KHTML, like Gecko; compatible; Googlebot/2.1; +http://www.google.com/bot.html) Chrome/149.0.7827.200 Safari/537.36"
66.249.69.32 - - [22/Jul/2026:21:05:38 +0000] "GET /wp-includes/js/dist/script-modules/interactivity/index.min.js?ver=efaa5193bbad9c60ffd1 HTTP/1.1" 200 40106 "http://adelamachineshub.shop/" "Mozilla/5.0 (Linux; Android 6.0.1; Nexus 5X Build/MMB29P) AppleWebKit/537.36 (KHTML, like Gecko) Chrome/149.0.7827.200 Mobile Safari/537.36 (compatible; Googlebot/2.1; +http://www.google.com/bot.html)"
66.249.69.32 - - [22/Jul/2026:21:05:39 +0000] "GET /wp-includes/js/dist/script-modules/block-library/navigation/view.min.js?ver=96a846e1d7b789c39ab9 HTTP/1.1" 200 3053 "http://adelamachineshub.shop/" "Mozilla/5.0 (Linux; Android 6.0.1; Nexus 5X Build/MMB29P) AppleWebKit/537.36 (KHTML, like Gecko) Chrome/149.0.7827.200 Mobile Safari/537.36 (compatible; Googlebot/2.1; +http://www.google.com/bot.html)"
66.249.69.32 - - [22/Jul/2026:21:05:40 +0000] "GET /wp-content/plugins/pixelyoursite/dist/scripts/jquery.bind-first-0.2.3.min.js?ver=0.2.3 HTTP/1.1" 200 1317 "http://adelamachineshub.shop/" "Mozilla/5.0 AppleWebKit/537.36 (KHTML, like Gecko; compatible; Googlebot/2.1; +http://www.google.com/bot.html) Chrome/149.0.7827.200 Safari/537.36"
66.249.69.32 - - [22/Jul/2026:21:05:41 +0000] "GET /wp-content/plugins/pixelyoursite/dist/scripts/js.cookie-2.1.3.min.js?ver=2.1.3 HTTP/1.1" 200 1709 "http://adelamachineshub.shop/" "Mozilla/5.0 AppleWebKit/537.36 (KHTML, like Gecko; compatible; Googlebot/2.1; +http://www.google.com/bot.html) Chrome/149.0.7827.200 Safari/537.36"
66.249.69.32 - - [22/Jul/2026:21:05:42 +0000] "GET /wp-content/plugins/pixelyoursite/dist/scripts/jquery.bind-first-0.2.3.min.js?ver=0.2.3 HTTP/1.1" 200 1317 "http://adelamachineshub.shop/" "Mozilla/5.0 (Linux; Android 6.0.1; Nexus 5X Build/MMB29P) AppleWebKit/537.36 (KHTML, like Gecko) Chrome/149.0.7827.200 Mobile Safari/537.36 (compatible; Googlebot/2.1; +http://www.google.com/bot.html)"
66.249.69.32 - - [22/Jul/2026:21:05:43 +0000] "GET /wp-content/plugins/pixelyoursite/dist/scripts/js.cookie-2.1.3.min.js?ver=2.1.3 HTTP/1.1" 200 1709 "http://adelamachineshub.shop/" "Mozilla/5.0 (Linux; Android 6.0.1; Nexus 5X Build/MMB29P) AppleWebKit/537.36 (KHTML, like Gecko) Chrome/149.0.7827.200 Mobile Safari/537.36 (compatible; Googlebot/2.1; +http://www.google.com/bot.html)"
66.249.69.32 - - [22/Jul/2026:21:05:44 +0000] "GET /wp-content/plugins/pixelyoursite/dist/scripts/tld.min.js?ver=2.3.1 HTTP/1.1" 200 141079 "http://adelamachineshub.shop/" "Mozilla/5.0 AppleWebKit/537.36 (KHTML, like Gecko; compatible; Googlebot/2.1; +http://www.google.com/bot.html) Chrome/149.0.7827.200 Safari/537.36"
66.249.69.32 - - [22/Jul/2026:21:05:46 +0000] "GET /wp-content/plugins/pixelyoursite/dist/scripts/public.js?ver=11.2.1 HTTP/1.1" 200 172979 "http://adelamachineshub.shop/" "Mozilla/5.0 AppleWebKit/537.36 (KHTML, like Gecko; compatible; Googlebot/2.1; +http://www.google.com/bot.html) Chrome/149.0.7827.200 Safari/537.36"
66.249.69.32 - - [22/Jul/2026:21:05:45 +0000] "GET / HTTP/1.1" 200 74837 "-" "Mozilla/5.0 (Linux; Android 6.0.1; Nexus 5X Build/MMB29P) AppleWebKit/537.36 (KHTML, like Gecko) Chrome/99.0.4844.84 Mobile Safari/537.36 (compatible; Googlebot/2.1; +http://www.google.com/bot.html)"
66.249.69.32 - - [22/Jul/2026:21:05:47 +0000] "GET /wp-content/plugins/pixelyoursite/dist/scripts/tld.min.js?ver=2.3.1 HTTP/1.1" 200 141079 "http://adelamachineshub.shop/" "Mozilla/5.0 (Linux; Android 6.0.1; Nexus 5X Build/MMB29P) AppleWebKit/537.36 (KHTML, like Gecko) Chrome/149.0.7827.200 Mobile Safari/537.36 (compatible; Googlebot/2.1; +http://www.google.com/bot.html)"
66.249.69.32 - - [22/Jul/2026:21:05:48 +0000] "GET /wp-content/plugins/pixelyoursite/dist/scripts/public.js?ver=11.2.1 HTTP/1.1" 200 172979 "http://adelamachineshub.shop/" "Mozilla/5.0 (Linux; Android 6.0.1; Nexus 5X Build/MMB29P) AppleWebKit/537.36 (KHTML, like Gecko) Chrome/149.0.7827.200 Mobile Safari/537.36 (compatible; Googlebot/2.1; +http://www.google.com/bot.html)"
66.249.69.32 - - [22/Jul/2026:21:05:52 +0000] "GET / HTTP/1.1" 200 74837 "-" "Mozilla/5.0 (compatible; Googlebot/2.1; +http://www.google.com/bot.html)"
66.249.69.32 - - [22/Jul/2026:21:05:57 +0000] "GET /wp-includes/js/jquery/jquery-migrate.min.js?ver=3.4.1 HTTP/1.1" 200 13577 "http://adelamachineshub.shop/" "Mozilla/5.0 (Linux; Android 6.0.1; Nexus 5X Build/MMB29P) AppleWebKit/537.36 (KHTML, like Gecko) Chrome/149.0.7827.200 Mobile Safari/537.36 (compatible; Googlebot/2.1; +http://www.google.com/bot.html)"
66.249.69.32 - - [22/Jul/2026:21:05:57 +0000] "GET /wp-includes/js/dist/script-modules/block-library/navigation/view.min.js?ver=96a846e1d7b789c39ab9 HTTP/1.1" 200 3053 "http://adelamachineshub.shop/" "Mozilla/5.0 (Linux; Android 6.0.1; Nexus 5X Build/MMB29P) AppleWebKit/537.36 (KHTML, like Gecko) Chrome/149.0.7827.200 Mobile Safari/537.36 (compatible; Googlebot/2.1; +http://www.google.com/bot.html)"
66.249.69.32 - - [22/Jul/2026:21:05:57 +0000] "GET /wp-includes/js/dist/script-modules/block-library/navigation/view.min.js?ver=96a846e1d7b789c39ab9 HTTP/1.1" 200 3053 "http://adelamachineshub.shop/" "Mozilla/5.0 AppleWebKit/537.36 (KHTML, like Gecko; compatible; Googlebot/2.1; +http://www.google.com/bot.html) Chrome/149.0.7827.200 Safari/537.36"
66.249.69.32 - - [22/Jul/2026:21:05:58 +0000] "GET /wp-includes/js/jquery/jquery-migrate.min.js?ver=3.4.1 HTTP/1.1" 200 13577 "http://adelamachineshub.shop/" "Mozilla/5.0 AppleWebKit/537.36 (KHTML, like Gecko; compatible; Googlebot/2.1; +http://www.google.com/bot.html) Chrome/149.0.7827.200 Safari/537.36"
66.249.69.32 - - [22/Jul/2026:21:05:59 +0000] "GET /wp-content/plugins/pixelyoursite/dist/scripts/jquery.bind-first-0.2.3.min.js?ver=0.2.3 HTTP/1.1" 200 1317 "http://adelamachineshub.shop/" "Mozilla/5.0 AppleWebKit/537.36 (KHTML, like Gecko; compatible; Googlebot/2.1; +http://www.google.com/bot.html) Chrome/149.0.7827.200 Safari/537.36"
66.249.69.32 - - [22/Jul/2026:21:05:59 +0000] "GET /wp-content/plugins/pixelyoursite/dist/scripts/js.cookie-2.1.3.min.js?ver=2.1.3 HTTP/1.1" 200 1709 "http://adelamachineshub.shop/" "Mozilla/5.0 AppleWebKit/537.36 (KHTML, like Gecko; compatible; Googlebot/2.1; +http://www.google.com/bot.html) Chrome/149.0.7827.200 Safari/537.36"
66.249.69.32 - - [22/Jul/2026:21:06:00 +0000] "GET /wp-content/plugins/pixelyoursite/dist/scripts/tld.min.js?ver=2.3.1 HTTP/1.1" 200 141079 "http://adelamachineshub.shop/" "Mozilla/5.0 AppleWebKit/537.36 (KHTML, like Gecko; compatible; Googlebot/2.1; +http://www.google.com/bot.html) Chrome/149.0.7827.200 Safari/537.36"
66.249.69.32 - - [22/Jul/2026:21:06:22 +0000] "GET /favicon.ico HTTP/1.1" 302 - "-" "Googlebot-Image/1.0"
66.249.69.32 - - [22/Jul/2026:21:06:29 +0000] "GET /wp-includes/images/w-logo-blue-white-bg.png HTTP/1.1" 200 4119 "-" "Googlebot-Image/1.0"
66.249.69.32 - - [22/Jul/2026:21:06:28 +0000] "GET /favicon.ico HTTP/1.1" 302 - "-" "Googlebot-Image/1.0"
66.249.69.32 - - [22/Jul/2026:21:06:31 +0000] "GET /wp-includes/images/w-logo-blue-white-bg.png HTTP/1.1" 200 4119 "-" "Googlebot-Image/1.0"
198.177.124.148 - - [22/Jul/2026:21:07:17 +0000] "POST /wp-cron.php?doing_wp_cron=1784754437.1382510662078857421875 HTTP/1.1" 200 - "-" "WordPress/7.0.2; https://adelamachineshub.shop"
43.132.214.228 - - [22/Jul/2026:21:07:13 +0000] "GET / HTTP/1.1" 301 - "-" "Mozilla/5.0 (iPhone; CPU iPhone OS 13_2_3 like Mac OS X) AppleWebKit/605.1.15 (KHTML, like Gecko) Version/13.0.3 Mobile/15E148 Safari/604.1"
43.132.214.228 - - [22/Jul/2026:21:07:18 +0000] "GET / HTTP/1.1" 200 74837 "http://www.adelamachineshub.shop" "Mozilla/5.0 (iPhone; CPU iPhone OS 13_2_3 like Mac OS X) AppleWebKit/605.1.15 (KHTML, like Gecko) Version/13.0.3 Mobile/15E148 Safari/604.1"
44.223.42.85 - - [22/Jul/2026:21:08:10 +0000] "GET / HTTP/1.1" 200 74837 "-" "Mozilla/5.0 (ZZ; Linux i686; rv:135.0) Gecko/20100101 Firefox/135.0"
198.177.124.148 - - [22/Jul/2026:21:14:46 +0000] "POST /wp-cron.php?doing_wp_cron=1784754886.5749449729919433593750 HTTP/1.1" 200 - "-" "WordPress/7.0.2; https://adelamachineshub.shop"
162.158.111.230 - - [22/Jul/2026:21:14:42 +0000] "GET /wp-admin/install.php?step=1 HTTP/1.1" 404 63625 "-" "http://adelamachineshub.shop/wp-admin/install.php?step=1"
172.70.250.171 - - [22/Jul/2026:21:20:38 +0000] "GET /wp-admin/install.php?step=1 HTTP/1.1" 404 63625 "-" "http://adelamachineshub.shop/wp-admin/install.php?step=1"
198.177.124.148 - - [22/Jul/2026:21:36:53 +0000] "POST /wp-cron.php?doing_wp_cron=1784756213.2788810729980468750000 HTTP/1.1" 200 - "-" "WordPress/7.0.2; https://adelamachineshub.shop"
172.71.148.145 - - [22/Jul/2026:21:36:50 +0000] "GET /wp-admin/install.php?step=1 HTTP/1.1" 404 63625 "-" "http://adelamachineshub.shop/wp-admin/install.php?step=1"
45.92.84.52 - - [22/Jul/2026:21:39:59 +0000] "GET / HTTP/1.1" 200 74837 "-" "Mozilla/5.0 (Windows NT 10.0; Win64; x64) AppleWebKit/537.36 (KHTML, like Gecko) Chrome/94.0.4606.61 Safari/537.36"
198.177.124.148 - - [22/Jul/2026:21:41:25 +0000] "POST /wp-cron.php?doing_wp_cron=1784756485.6881070137023925781250 HTTP/1.1" 200 - "-" "WordPress/7.0.2; https://adelamachineshub.shop"
172.70.240.4 - - [22/Jul/2026:21:41:23 +0000] "GET /wp-admin/install.php?step=1 HTTP/1.1" 404 63625 "-" "http://adelamachineshub.shop/wp-admin/install.php?step=1"
198.177.124.148 - - [22/Jul/2026:21:53:41 +0000] "POST /wp-cron.php?doing_wp_cron=1784757221.2383000850677490234375 HTTP/1.1" 200 - "-" "WordPress/7.0.2; https://adelamachineshub.shop"
104.23.239.112 - - [22/Jul/2026:21:53:39 +0000] "GET /wp-admin/install.php?step=1 HTTP/1.1" 404 63625 "-" "http://adelamachineshub.shop/wp-admin/install.php?step=1"
198.177.124.148 - - [22/Jul/2026:21:55:36 +0000] "POST /wp-cron.php?doing_wp_cron=1784757336.4773199558258056640625 HTTP/1.1" 200 - "-" "WordPress/7.0.2; https://adelamachineshub.shop"
172.70.240.5 - - [22/Jul/2026:21:55:34 +0000] "GET /wp-admin/install.php?step=1 HTTP/1.1" 404 63625 "-" "http://adelamachineshub.shop/wp-admin/install.php?step=1"
198.177.124.148 - - [22/Jul/2026:22:02:11 +0000] "POST /wp-cron.php?doing_wp_cron=1784757731.4481210708618164062500 HTTP/1.1" 200 - "-" "WordPress/7.0.2; https://adelamachineshub.shop"
45.148.10.244 - - [22/Jul/2026:22:02:09 +0000] "GET / HTTP/1.1" 200 74837 "-" "Mozilla/5.0 (compatible; pathscan/1.0)"
198.177.124.148 - - [22/Jul/2026:22:02:14 +0000] "GET /.well-known/acme-challenge/QHUUQA6SRSIZP0H5EQLOA0-JR8H4Q5JZ HTTP/1.1" 200 64 "-" "Cpanel-HTTP-Client/1.0"
198.177.124.148 - - [22/Jul/2026:22:02:14 +0000] "GET /.well-known/acme-challenge/ZNXI0Q-6Y-WG8OTOOCP0DV50AZPTYOWR HTTP/1.1" 200 64 "-" "Cpanel-HTTP-Client/1.0"
45.148.10.244 - - [22/Jul/2026:22:02:20 +0000] "GET /l2oism4mmy7b1k497xqwsyf4y.html HTTP/1.1" 404 63635 "-" "Mozilla/5.0 (compatible; pathscan/1.0)"
45.148.10.244 - - [22/Jul/2026:22:02:24 +0000] "GET /10a4f8zwerxjf1pn19br0o9pd2.php HTTP/1.1" 404 63635 "-" "Mozilla/5.0 (compatible; pathscan/1.0)"
45.148.10.244 - - [22/Jul/2026:22:02:27 +0000] "GET /WEB-INF/web.xml HTTP/1.1" 404 63620 "-" "Mozilla/5.0 (compatible; pathscan/1.0)"
45.148.10.244 - - [22/Jul/2026:22:02:29 +0000] "GET /backend/.env HTTP/1.1" 404 63617 "-" "Mozilla/5.0 (compatible; pathscan/1.0)"
45.148.10.244 - - [22/Jul/2026:22:02:29 +0000] "GET /.env HTTP/1.1" 404 63609 "-" "Mozilla/5.0 (compatible; pathscan/1.0)"
45.148.10.244 - - [22/Jul/2026:22:02:33 +0000] "GET /.gitlab-ci.yml HTTP/1.1" 404 63619 "-" "Mozilla/5.0 (compatible; pathscan/1.0)"
45.148.10.244 - - [22/Jul/2026:22:02:33 +0000] "GET /deploy.sh HTTP/1.1" 404 63614 "-" "Mozilla/5.0 (compatible; pathscan/1.0)"
45.148.10.244 - - [22/Jul/2026:22:02:33 +0000] "GET /.env.production HTTP/1.1" 404 63620 "-" "Mozilla/5.0 (compatible; pathscan/1.0)"
45.148.10.244 - - [22/Jul/2026:22:02:36 +0000] "GET /source/.env HTTP/1.1" 404 63616 "-" "Mozilla/5.0 (compatible; pathscan/1.0)"
45.148.10.244 - - [22/Jul/2026:22:02:36 +0000] "GET /config.env HTTP/1.1" 404 63615 "-" "Mozilla/5.0 (compatible; pathscan/1.0)"
45.148.10.244 - - [22/Jul/2026:22:02:36 +0000] "GET /framework/.env HTTP/1.1" 404 63619 "-" "Mozilla/5.0 (compatible; pathscan/1.0)"
45.148.10.244 - - [22/Jul/2026:22:02:40 +0000] "GET /config.inc.php HTTP/1.1" 404 63619 "-" "Mozilla/5.0 (compatible; pathscan/1.0)"
45.148.10.244 - - [22/Jul/2026:22:02:41 +0000] "GET /ikiwiki/.env HTTP/1.1" 404 63617 "-" "Mozilla/5.0 (compatible; pathscan/1.0)"
45.148.10.244 - - [22/Jul/2026:22:02:42 +0000] "GET /system/.env HTTP/1.1" 404 63616 "-" "Mozilla/5.0 (compatible; pathscan/1.0)"
45.148.10.244 - - [22/Jul/2026:22:02:44 +0000] "GET /wp-config.php.backup HTTP/1.1" 404 63625 "-" "Mozilla/5.0 (compatible; pathscan/1.0)"
45.148.10.244 - - [22/Jul/2026:22:02:46 +0000] "GET /test/ HTTP/1.1" 404 63610 "-" "Mozilla/5.0 (compatible; pathscan/1.0)"
45.148.10.244 - - [22/Jul/2026:22:02:48 +0000] "GET /.env.sample HTTP/1.1" 404 63616 "-" "Mozilla/5.0 (compatible; pathscan/1.0)"
45.148.10.244 - - [22/Jul/2026:22:02:47 +0000] "GET /.env.dev HTTP/1.1" 404 63613 "-" "Mozilla/5.0 (compatible; pathscan/1.0)"
45.148.10.244 - - [22/Jul/2026:22:02:49 +0000] "GET /app_dev.php/_profiler/open?file=app/config/parameters.yml HTTP/1.1" 404 63631 "-" "Mozilla/5.0 (compatible; pathscan/1.0)"
45.148.10.244 - - [22/Jul/2026:22:02:51 +0000] "GET /wp-content/mysql.sql HTTP/1.1" 404 63625 "-" "Mozilla/5.0 (compatible; pathscan/1.0)"
45.148.10.244 - - [22/Jul/2026:22:02:51 +0000] "GET /.env.example HTTP/1.1" 404 63617 "-" "Mozilla/5.0 (compatible; pathscan/1.0)"
45.148.10.244 - - [22/Jul/2026:22:02:53 +0000] "GET /.env.dev.local HTTP/1.1" 404 63619 "-" "Mozilla/5.0 (compatible; pathscan/1.0)"
45.148.10.244 - - [22/Jul/2026:22:02:54 +0000] "GET /.env.prod HTTP/1.1" 404 63614 "-" "Mozilla/5.0 (compatible; pathscan/1.0)"
45.148.10.244 - - [22/Jul/2026:22:02:54 +0000] "GET /php-info.php HTTP/1.1" 404 63617 "-" "Mozilla/5.0 (compatible; pathscan/1.0)"
45.148.10.244 - - [22/Jul/2026:22:02:57 +0000] "GET /.env.stage HTTP/1.1" 404 63615 "-" "Mozilla/5.0 (compatible; pathscan/1.0)"
45.148.10.244 - - [22/Jul/2026:22:02:57 +0000] "GET /info.php.bak HTTP/1.1" 404 63617 "-" "Mozilla/5.0 (compatible; pathscan/1.0)"
45.148.10.244 - - [22/Jul/2026:22:02:57 +0000] "GET /phpinfo.php.bak HTTP/1.1" 404 63620 "-" "Mozilla/5.0 (compatible; pathscan/1.0)"
45.148.10.244 - - [22/Jul/2026:22:02:59 +0000] "GET /.aws/credentials HTTP/1.1" 404 63621 "-" "Mozilla/5.0 (compatible; pathscan/1.0)"
198.177.124.148 - - [22/Jul/2026:22:03:04 +0000] "POST /wp-cron.php?doing_wp_cron=1784757784.0167179107666015625000 HTTP/1.1" 200 - "-" "WordPress/7.0.2; https://adelamachineshub.shop"
45.148.10.244 - - [22/Jul/2026:22:03:02 +0000] "GET /info.txt HTTP/1.1" 404 63613 "-" "Mozilla/5.0 (compatible; pathscan/1.0)"
198.177.124.148 - - [22/Jul/2026:22:03:06 +0000] "POST /wp-cron.php?doing_wp_cron=1784757786.1559801101684570312500 HTTP/1.1" 200 - "-" "WordPress/7.0.2; https://adelamachineshub.shop"
45.148.10.244 - - [22/Jul/2026:22:03:03 +0000] "GET /env/.env HTTP/1.1" 404 63613 "-" "Mozilla/5.0 (compatible; pathscan/1.0)"
45.148.10.244 - - [22/Jul/2026:22:03:03 +0000] "GET /config.json HTTP/1.1" 404 63616 "-" "Mozilla/5.0 (compatible; pathscan/1.0)"
45.148.10.244 - - [22/Jul/2026:22:03:06 +0000] "GET /src/.env HTTP/1.1" 404 63613 "-" "Mozilla/5.0 (compatible; pathscan/1.0)"
45.148.10.244 - - [22/Jul/2026:22:03:07 +0000] "GET /config/app.php HTTP/1.1" 404 63619 "-" "Mozilla/5.0 (compatible; pathscan/1.0)"
45.148.10.244 - - [22/Jul/2026:22:03:07 +0000] "GET /.env_copy HTTP/1.1" 404 63614 "-" "Mozilla/5.0 (compatible; pathscan/1.0)"
45.148.10.244 - - [22/Jul/2026:22:03:10 +0000] "GET /env.example HTTP/1.1" 404 63616 "-" "Mozilla/5.0 (compatible; pathscan/1.0)"
45.148.10.244 - - [22/Jul/2026:22:03:11 +0000] "GET /vendor/phpunit/phpunit/src/Util/PHP/eval-stdin.php HTTP/1.1" 404 63655 "-" "Mozilla/5.0 (compatible; pathscan/1.0)"
45.148.10.244 - - [22/Jul/2026:22:03:13 +0000] "GET /web/.env HTTP/1.1" 404 63613 "-" "Mozilla/5.0 (compatible; pathscan/1.0)"
45.148.10.244 - - [22/Jul/2026:22:03:15 +0000] "GET /core/.env HTTP/1.1" 404 63614 "-" "Mozilla/5.0 (compatible; pathscan/1.0)"
45.148.10.244 - - [22/Jul/2026:22:03:15 +0000] "GET /phpinfo.php3 HTTP/1.1" 404 63617 "-" "Mozilla/5.0 (compatible; pathscan/1.0)"
45.148.10.244 - - [22/Jul/2026:22:03:15 +0000] "GET /env HTTP/1.1" 404 63608 "-" "Mozilla/5.0 (compatible; pathscan/1.0)"
45.148.10.244 - - [22/Jul/2026:22:03:18 +0000] "GET /.bashrc HTTP/1.1" 404 63612 "-" "Mozilla/5.0 (compatible; pathscan/1.0)"
45.148.10.244 - - [22/Jul/2026:22:03:18 +0000] "GET /.envrc HTTP/1.1" 404 63611 "-" "Mozilla/5.0 (compatible; pathscan/1.0)"
45.148.10.244 - - [22/Jul/2026:22:03:19 +0000] "GET / HTTP/1.1" 200 74837 "-" "Mozilla/5.0 (compatible; pathscan/1.0)"
198.177.124.148 - - [22/Jul/2026:22:08:51 +0000] "POST /wp-cron.php?doing_wp_cron=1784758131.8670530319213867187500 HTTP/1.1" 200 - "-" "WordPress/7.0.2; https://adelamachineshub.shop"
172.71.144.12 - - [22/Jul/2026:22:08:50 +0000] "GET /wp-admin/install.php?step=1 HTTP/1.1" 404 63625 "-" "http://adelamachineshub.shop/wp-admin/install.php?step=1"
104.23.221.114 - - [22/Jul/2026:18:19:57 +0000] "GET /wp-admin/install.php?step=1 HTTP/1.1" 404 63625 "-" "http://adelamachineshub.shop/wp-admin/install.php?step=1"
198.177.124.148 - - [22/Jul/2026:22:20:59 +0000] "POST /wp-cron.php?doing_wp_cron=1784758859.4671289920806884765625 HTTP/1.1" 200 - "-" "WordPress/7.0.2; https://adelamachineshub.shop"
155.94.203.215 - - [22/Jul/2026:22:20:57 +0000] "GET / HTTP/1.1" 200 74837 "-" "Mozilla/5.0 (Windows NT 10.0; Win64; x64) AppleWebKit/537.36 (KHTML, like Gecko) Chrome/94.0.4606.61 Safari/537.36"
172.71.164.179 - - [22/Jul/2026:22:36:17 +0000] "GET /wp-admin/install.php?step=1 HTTP/1.1" 404 63625 "-" "http://adelamachineshub.shop/wp-admin/install.php?step=1"
104.23.221.114 - - [22/Jul/2026:22:51:08 +0000] "GET /wp-admin/install.php?step=1 HTTP/1.1" 404 63625 "-" "http://adelamachineshub.shop/wp-admin/install.php?step=1"
198.177.124.148 - - [22/Jul/2026:23:04:27 +0000] "POST /wp-cron.php?doing_wp_cron=1784761467.3769609928131103515625 HTTP/1.1" 200 - "-" "WordPress/7.0.2; https://adelamachineshub.shop"
104.23.170.163 - - [22/Jul/2026:23:04:23 +0000] "GET /wp-admin/install.php?step=1 HTTP/1.1" 404 63625 "-" "http://adelamachineshub.shop/wp-admin/install.php?step=1"
148.251.18.122 - - [22/Jul/2026:23:32:00 +0000] "GET / HTTP/1.1" 200 74837 "-" "Mozilla/5.0 (Linux; Android 10; K) AppleWebKit/537.36 (KHTML, like Gecko) Chrome/117.0.0.0 Mobile Safari/537.3"
172.71.144.12 - - [22/Jul/2026:23:39:11 +0000] "GET /wp-admin/install.php?step=1 HTTP/1.1" 404 63625 "-" "http://adelamachineshub.shop/wp-admin/install.php?step=1"
198.177.124.148 - - [22/Jul/2026:23:50:04 +0000] "POST /wp-cron.php?doing_wp_cron=1784764204.0354650020599365234375 HTTP/1.1" 200 - "-" "WordPress/7.0.2; https://adelamachineshub.shop"
43.167.236.228 - - [22/Jul/2026:23:49:59 +0000] "GET / HTTP/1.1" 200 74837 "-" "Mozilla/5.0 (iPhone; CPU iPhone OS 13_2_3 like Mac OS X) AppleWebKit/605.1.15 (KHTML, like Gecko) Version/13.0.3 Mobile/15E148 Safari/604.1"
198.177.124.148 - - [22/Jul/2026:23:53:25 +0000] "POST /wp-cron.php?doing_wp_cron=1784764405.6494500637054443359375 HTTP/1.1" 200 - "-" "WordPress/7.0.2; https://adelamachineshub.shop"
104.23.223.10 - - [22/Jul/2026:23:53:23 +0000] "GET /wp-admin/install.php?step=1 HTTP/1.1" 404 63625 "-" "http://adelamachineshub.shop/wp-admin/install.php?step=1"
198.177.124.148 - - [23/Jul/2026:00:01:13 +0000] "POST /wp-cron.php?doing_wp_cron=1784764873.9485321044921875000000 HTTP/1.1" 200 - "-" "WordPress/7.0.2; https://adelamachineshub.shop"
172.70.248.64 - - [23/Jul/2026:00:01:10 +0000] "GET /wp-admin/install.php?step=1 HTTP/1.1" 404 63625 "-" "http://adelamachineshub.shop/wp-admin/install.php?step=1"
198.177.124.148 - - [23/Jul/2026:00:28:13 +0000] "POST /wp-cron.php?doing_wp_cron=1784766493.5162789821624755859375 HTTP/1.1" 200 - "-" "WordPress/7.0.2; https://adelamachineshub.shop"
104.23.223.11 - - [23/Jul/2026:00:28:11 +0000] "GET /wp-admin/install.php?step=1 HTTP/1.1" 404 63625 "-" "http://adelamachineshub.shop/wp-admin/install.php?step=1"
198.177.124.148 - - [23/Jul/2026:00:30:54 +0000] "POST /wp-cron.php?doing_wp_cron=1784766654.9281721115112304687500 HTTP/1.1" 200 - "-" "WordPress/7.0.2; https://adelamachineshub.shop"
157.10.248.115 - - [23/Jul/2026:00:30:52 +0000] "GET / HTTP/1.1" 200 74837 "-" "-"
198.177.124.148 - - [23/Jul/2026:00:35:57 +0000] "POST /wp-cron.php?doing_wp_cron=1784766957.1023080348968505859375 HTTP/1.1" 200 - "-" "WordPress/7.0.2; https://adelamachineshub.shop"
43.162.114.69 - - [23/Jul/2026:00:35:52 +0000] "GET / HTTP/1.1" 301 - "-" "Mozilla/5.0 (iPhone; CPU iPhone OS 13_2_3 like Mac OS X) AppleWebKit/605.1.15 (KHTML, like Gecko) Version/13.0.3 Mobile/15E148 Safari/604.1"
43.162.114.69 - - [23/Jul/2026:00:35:57 +0000] "GET / HTTP/1.1" 200 74837 "http://www.adelamachineshub.shop" "Mozilla/5.0 (iPhone; CPU iPhone OS 13_2_3 like Mac OS X) AppleWebKit/605.1.15 (KHTML, like Gecko) Version/13.0.3 Mobile/15E148 Safari/604.1"
198.177.124.148 - - [23/Jul/2026:00:42:07 +0000] "POST /wp-cron.php?doing_wp_cron=1784767327.3894739151000976562500 HTTP/1.1" 200 - "-" "WordPress/7.0.2; https://adelamachineshub.shop"
34.122.147.229 - - [23/Jul/2026:00:42:06 +0000] "GET / HTTP/1.1" 200 74837 "-" "Mozilla/5.0 (Windows NT 10.0; Win64; x64) AppleWebKit/537.36 (KHTML, like Gecko) Chrome/125.0.6422.60 Safari/537.36 Edge/12.246"
34.122.147.229 - - [23/Jul/2026:00:42:09 +0000] "GET /wp-includes/js/jquery/jquery.min.js?ver=3.7.1 HTTP/1.1" 200 87553 "http://adelamachineshub.shop/" "Mozilla/5.0 (Windows NT 10.0; Win64; x64) AppleWebKit/537.36 (KHTML, like Gecko) Chrome/125.0.6422.60 Safari/537.36 Edge/12.246"
34.123.170.104 - - [23/Jul/2026:00:42:09 +0000] "GET /wp-includes/js/jquery/jquery-migrate.min.js?ver=3.4.1 HTTP/1.1" 200 13577 "http://adelamachineshub.shop/" "Mozilla/5.0 (Windows NT 10.0; Win64; x64) AppleWebKit/537.36 (KHTML, like Gecko) Chrome/125.0.6422.60 Safari/537.36 Edge/12.246"
34.122.147.229 - - [23/Jul/2026:00:42:09 +0000] "GET /wp-includes/js/dist/script-modules/interactivity/index.min.js?ver=efaa5193bbad9c60ffd1 HTTP/1.1" 200 40106 "http://adelamachineshub.shop/" "Mozilla/5.0 (Windows NT 10.0; Win64; x64) AppleWebKit/537.36 (KHTML, like Gecko) Chrome/125.0.6422.60 Safari/537.36 Edge/12.246"
34.122.147.229 - - [23/Jul/2026:00:42:10 +0000] "GET /wp-includes/js/dist/script-modules/block-library/navigation/view.min.js?ver=96a846e1d7b789c39ab9 HTTP/1.1" 200 3053 "http://adelamachineshub.shop/" "Mozilla/5.0 (Windows NT 10.0; Win64; x64) AppleWebKit/537.36 (KHTML, like Gecko) Chrome/125.0.6422.60 Safari/537.36 Edge/12.246"
34.122.147.229 - - [23/Jul/2026:00:42:10 +0000] "GET /wp-content/plugins/pixelyoursite/dist/scripts/jquery.bind-first-0.2.3.min.js?ver=0.2.3 HTTP/1.1" 200 1317 "http://adelamachineshub.shop/" "Mozilla/5.0 (Windows NT 10.0; Win64; x64) AppleWebKit/537.36 (KHTML, like Gecko) Chrome/125.0.6422.60 Safari/537.36 Edge/12.246"
34.122.147.229 - - [23/Jul/2026:00:42:10 +0000] "GET /wp-content/plugins/pixelyoursite/dist/scripts/js.cookie-2.1.3.min.js?ver=2.1.3 HTTP/1.1" 200 1709 "http://adelamachineshub.shop/" "Mozilla/5.0 (Windows NT 10.0; Win64; x64) AppleWebKit/537.36 (KHTML, like Gecko) Chrome/125.0.6422.60 Safari/537.36 Edge/12.246"
34.122.147.229 - - [23/Jul/2026:00:42:10 +0000] "GET /wp-content/plugins/pixelyoursite/dist/scripts/tld.min.js?ver=2.3.1 HTTP/1.1" 200 141079 "http://adelamachineshub.shop/" "Mozilla/5.0 (Windows NT 10.0; Win64; x64) AppleWebKit/537.36 (KHTML, like Gecko) Chrome/125.0.6422.60 Safari/537.36 Edge/12.246"
34.122.147.229 - - [23/Jul/2026:00:42:10 +0000] "GET /wp-content/plugins/pixelyoursite/dist/scripts/public.js?ver=11.2.1 HTTP/1.1" 200 172979 "http://adelamachineshub.shop/" "Mozilla/5.0 (Windows NT 10.0; Win64; x64) AppleWebKit/537.36 (KHTML, like Gecko) Chrome/125.0.6422.60 Safari/537.36 Edge/12.246"
34.123.170.104 - - [23/Jul/2026:00:42:13 +0000] "GET /wp-content/themes/twentytwentyfive/assets/fonts/manrope/Manrope-VariableFont_wght.woff2 HTTP/1.1" 200 53600 "http://adelamachineshub.shop/" "Mozilla/5.0 (Windows NT 10.0; Win64; x64) AppleWebKit/537.36 (KHTML, like Gecko) Chrome/125.0.6422.60 Safari/537.36 Edge/12.246"
34.122.147.229 - - [23/Jul/2026:00:42:13 +0000] "GET /wp-includes/js/wp-emoji-release.min.js?ver=7.0.2 HTTP/1.1" 200 22752 "http://adelamachineshub.shop/" "Mozilla/5.0 (Windows NT 10.0; Win64; x64) AppleWebKit/537.36 (KHTML, like Gecko) Chrome/125.0.6422.60 Safari/537.36 Edge/12.246"
198.177.124.148 - - [23/Jul/2026:00:44:12 +0000] "POST /wp-cron.php?doing_wp_cron=1784767452.8986530303955078125000 HTTP/1.1" 200 - "-" "WordPress/7.0.2; https://adelamachineshub.shop"
172.70.248.43 - - [23/Jul/2026:00:44:10 +0000] "GET /wp-admin/install.php?step=1 HTTP/1.1" 404 63625 "-" "http://adelamachineshub.shop/wp-admin/install.php?step=1"
104.23.223.11 - - [23/Jul/2026:00:45:14 +0000] "GET /wp-admin/install.php?step=1 HTTP/1.1" 404 63625 "-" "http://adelamachineshub.shop/wp-admin/install.php?step=1"
198.177.124.148 - - [23/Jul/2026:01:01:52 +0000] "POST /wp-cron.php?doing_wp_cron=1784768512.8922169208526611328125 HTTP/1.1" 200 - "-" "WordPress/7.0.2; https://adelamachineshub.shop"
205.169.39.148 - - [23/Jul/2026:01:01:50 +0000] "GET / HTTP/1.1" 200 74837 "-" "Mozilla/5.0 (Windows NT 6.1; Win64; x64) AppleWebKit/537.36 (KHTML, like Gecko) Chrome/83.0.4103.61 Safari/537.36"
205.169.39.148 - - [23/Jul/2026:01:01:52 +0000] "GET /wp-includes/js/jquery/jquery.min.js?ver=3.7.1 HTTP/1.1" 200 87553 "http://adelamachineshub.shop/" "Mozilla/5.0 (Windows NT 6.1; Win64; x64) AppleWebKit/537.36 (KHTML, like Gecko) Chrome/83.0.4103.61 Safari/537.36"
205.169.39.148 - - [23/Jul/2026:01:01:53 +0000] "GET /wp-includes/js/jquery/jquery-migrate.min.js?ver=3.4.1 HTTP/1.1" 200 13577 "http://adelamachineshub.shop/" "Mozilla/5.0 (Windows NT 6.1; Win64; x64) AppleWebKit/537.36 (KHTML, like Gecko) Chrome/83.0.4103.61 Safari/537.36"
205.169.39.148 - - [23/Jul/2026:01:01:53 +0000] "GET /wp-content/plugins/pixelyoursite/dist/scripts/jquery.bind-first-0.2.3.min.js?ver=0.2.3 HTTP/1.1" 200 1317 "http://adelamachineshub.shop/" "Mozilla/5.0 (Windows NT 6.1; Win64; x64) AppleWebKit/537.36 (KHTML, like Gecko) Chrome/83.0.4103.61 Safari/537.36"
205.169.39.148 - - [23/Jul/2026:01:01:53 +0000] "GET /wp-content/plugins/pixelyoursite/dist/scripts/js.cookie-2.1.3.min.js?ver=2.1.3 HTTP/1.1" 200 1709 "http://adelamachineshub.shop/" "Mozilla/5.0 (Windows NT 6.1; Win64; x64) AppleWebKit/537.36 (KHTML, like Gecko) Chrome/83.0.4103.61 Safari/537.36"
205.169.39.148 - - [23/Jul/2026:01:01:53 +0000] "GET /wp-content/plugins/pixelyoursite/dist/scripts/tld.min.js?ver=2.3.1 HTTP/1.1" 200 141079 "http://adelamachineshub.shop/" "Mozilla/5.0 (Windows NT 6.1; Win64; x64) AppleWebKit/537.36 (KHTML, like Gecko) Chrome/83.0.4103.61 Safari/537.36"
205.169.39.148 - - [23/Jul/2026:01:01:53 +0000] "GET /wp-content/plugins/pixelyoursite/dist/scripts/public.js?ver=11.2.1 HTTP/1.1" 200 172979 "http://adelamachineshub.shop/" "Mozilla/5.0 (Windows NT 6.1; Win64; x64) AppleWebKit/537.36 (KHTML, like Gecko) Chrome/83.0.4103.61 Safari/537.36"
205.169.39.148 - - [23/Jul/2026:01:01:57 +0000] "GET / HTTP/1.1" 200 74837 "-" "Mozilla/5.0 (Windows NT 10.0; Win64; x64) AppleWebKit/537.36 (KHTML, like Gecko) Chrome/79.0.3945.79 Safari/537.36"
205.169.39.148 - - [23/Jul/2026:01:02:09 +0000] "GET /wp-includes/js/jquery/jquery.min.js?ver=3.7.1 HTTP/1.1" 200 87553 "http://adelamachineshub.shop/" "Mozilla/5.0 (Windows NT 10.0; Win64; x64) AppleWebKit/537.36 (KHTML, like Gecko) Chrome/79.0.3945.79 Safari/537.36"
205.169.39.148 - - [23/Jul/2026:01:02:09 +0000] "GET /wp-includes/js/jquery/jquery-migrate.min.js?ver=3.4.1 HTTP/1.1" 200 13577 "http://adelamachineshub.shop/" "Mozilla/5.0 (Windows NT 10.0; Win64; x64) AppleWebKit/537.36 (KHTML, like Gecko) Chrome/79.0.3945.79 Safari/537.36"
205.169.39.148 - - [23/Jul/2026:01:02:09 +0000] "GET /wp-includes/js/dist/script-modules/interactivity/index.min.js?ver=efaa5193bbad9c60ffd1 HTTP/1.1" 200 40106 "http://adelamachineshub.shop/" "Mozilla/5.0 (Windows NT 10.0; Win64; x64) AppleWebKit/537.36 (KHTML, like Gecko) Chrome/79.0.3945.79 Safari/537.36"
205.169.39.148 - - [23/Jul/2026:01:02:09 +0000] "GET /wp-includes/js/dist/script-modules/block-library/navigation/view.min.js?ver=96a846e1d7b789c39ab9 HTTP/1.1" 200 3053 "http://adelamachineshub.shop/" "Mozilla/5.0 (Windows NT 10.0; Win64; x64) AppleWebKit/537.36 (KHTML, like Gecko) Chrome/79.0.3945.79 Safari/537.36"
205.169.39.148 - - [23/Jul/2026:01:02:09 +0000] "GET /wp-content/plugins/pixelyoursite/dist/scripts/js.cookie-2.1.3.min.js?ver=2.1.3 HTTP/1.1" 200 1709 "http://adelamachineshub.shop/" "Mozilla/5.0 (Windows NT 10.0; Win64; x64) AppleWebKit/537.36 (KHTML, like Gecko) Chrome/79.0.3945.79 Safari/537.36"
205.169.39.148 - - [23/Jul/2026:01:02:09 +0000] "GET /wp-content/plugins/pixelyoursite/dist/scripts/jquery.bind-first-0.2.3.min.js?ver=0.2.3 HTTP/1.1" 200 1317 "http://adelamachineshub.shop/" "Mozilla/5.0 (Windows NT 10.0; Win64; x64) AppleWebKit/537.36 (KHTML, like Gecko) Chrome/79.0.3945.79 Safari/537.36"
205.169.39.148 - - [23/Jul/2026:01:02:09 +0000] "GET /wp-content/plugins/pixelyoursite/dist/scripts/tld.min.js?ver=2.3.1 HTTP/1.1" 200 141079 "http://adelamachineshub.shop/" "Mozilla/5.0 (Windows NT 10.0; Win64; x64) AppleWebKit/537.36 (KHTML, like Gecko) Chrome/79.0.3945.79 Safari/537.36"
