123.20.133.97 - - [22/Jul/2026:19:13:29 +0000] "POST /xmlrpc.php HTTP/1.1" 200 403 "-" "WordPress.com; https://wordpress.com"
202.47.40.30 - - [22/Jul/2026:19:13:35 +0000] "POST /xmlrpc.php HTTP/1.1" 200 403 "-" "Jetpack by WordPress.com"
123.20.133.97 - - [22/Jul/2026:19:13:40 +0000] "POST /xmlrpc.php HTTP/1.1" 200 403 "-" "Jetpack/13.0; WordPress/6.3; http://site46329382.com"
123.20.133.97 - - [22/Jul/2026:19:13:50 +0000] "POST /xmlrpc.php HTTP/1.1" 200 403 "-" "Jetpack by WordPress.com"
202.47.40.30 - - [22/Jul/2026:19:13:56 +0000] "POST /xmlrpc.php HTTP/1.1" 200 403 "-" "Jetpack by WordPress.com (Jetpack 12.0; WordPress 6.2)"
123.20.133.97 - - [22/Jul/2026:19:14:01 +0000] "POST /xmlrpc.php HTTP/1.1" 200 403 "-" "Jetpack by WordPress.com (Jetpack 13.0; WordPress 6.4)"
202.47.40.30 - - [22/Jul/2026:19:14:13 +0000] "POST /xmlrpc.php HTTP/1.1" 200 403 "-" "Jetpack/12.0; WordPress/6.1; http://site94898396.com"
202.47.40.30 - - [22/Jul/2026:19:14:26 +0000] "POST /xmlrpc.php HTTP/1.1" 200 403 "-" "Jetpack by WordPress.com (Jetpack 12.1; WordPress 6.3)"
123.20.133.97 - - [22/Jul/2026:19:14:27 +0000] "POST /xmlrpc.php HTTP/1.1" 200 403 "-" "Jetpack/13.0; WordPress/6.1; http://site59918231.com"
123.20.133.97 - - [22/Jul/2026:19:14:33 +0000] "POST /xmlrpc.php HTTP/1.1" 200 403 "-" "Jetpack by WordPress.com"
123.20.133.97 - - [22/Jul/2026:19:14:43 +0000] "POST /xmlrpc.php HTTP/1.1" 200 403 "-" "Jetpack by WordPress.com (Jetpack 12.1; WordPress 6.1)"
202.47.40.30 - - [22/Jul/2026:19:14:49 +0000] "POST /xmlrpc.php HTTP/1.1" 200 403 "-" "WordPress.com; https://wordpress.com"
123.20.133.97 - - [22/Jul/2026:19:14:54 +0000] "POST /xmlrpc.php HTTP/1.1" 200 403 "-" "Jetpack by WordPress.com (Jetpack 12.1; WordPress 6.2)"
202.47.40.30 - - [22/Jul/2026:19:14:59 +0000] "POST /xmlrpc.php HTTP/1.1" 200 403 "-" "Jetpack by WordPress.com (Jetpack 12.1; WordPress 6.1)"
123.20.133.97 - - [22/Jul/2026:19:15:06 +0000] "POST /xmlrpc.php HTTP/1.1" 200 403 "-" "Jetpack by WordPress.com"
202.47.40.30 - - [22/Jul/2026:19:15:11 +0000] "POST /xmlrpc.php HTTP/1.1" 200 403 "-" "Jetpack by WordPress.com"
123.20.133.97 - - [22/Jul/2026:19:15:30 +0000] "POST /xmlrpc.php HTTP/1.1" 200 403 "-" "WordPress.com; https://wordpress.com"
202.47.40.30 - - [22/Jul/2026:19:15:37 +0000] "POST /xmlrpc.php HTTP/1.1" 200 403 "-" "Jetpack/12.5; WordPress/6.3; http://site87606055.com"
123.20.133.97 - - [22/Jul/2026:19:15:38 +0000] "POST /xmlrpc.php HTTP/1.1" 200 403 "-" "Jetpack by WordPress.com (Jetpack 13.0; WordPress 6.1)"
123.20.133.97 - - [22/Jul/2026:19:16:01 +0000] "POST /xmlrpc.php HTTP/1.1" 200 403 "-" "Jetpack by WordPress.com (Jetpack 13.0; WordPress 6.1)"
202.47.40.30 - - [22/Jul/2026:19:16:07 +0000] "POST /xmlrpc.php HTTP/1.1" 200 403 "-" "Jetpack by WordPress.com"
123.20.133.97 - - [22/Jul/2026:19:16:08 +0000] "POST /xmlrpc.php HTTP/1.1" 200 403 "-" "Jetpack by WordPress.com (Jetpack 13.0; WordPress 6.4)"
202.47.40.30 - - [22/Jul/2026:19:16:15 +0000] "POST /xmlrpc.php HTTP/1.1" 200 403 "-" "Jetpack by WordPress.com (Jetpack 12.0; WordPress 6.1)"
123.20.133.97 - - [22/Jul/2026:19:16:18 +0000] "POST /xmlrpc.php HTTP/1.1" 200 403 "-" "Jetpack by WordPress.com (Jetpack 12.1; WordPress 6.2)"
202.47.40.30 - - [22/Jul/2026:19:16:28 +0000] "POST /xmlrpc.php HTTP/1.1" 200 403 "-" "Jetpack/13.0; WordPress/6.4; http://site68832213.com"
123.20.133.97 - - [22/Jul/2026:19:16:29 +0000] "POST /xmlrpc.php HTTP/1.1" 200 403 "-" "Jetpack by WordPress.com"
198.177.124.148 - - [22/Jul/2026:19:16:41 +0000] "POST /wp-cron.php?doing_wp_cron=1784747800.9895069599151611328125 HTTP/1.1" 200 - "-" "WordPress/7.0.2; https://queenrichglobasolution.shop"
123.20.133.97 - - [22/Jul/2026:19:16:40 +0000] "POST /xmlrpc.php HTTP/1.1" 200 403 "-" "WordPress.com; https://wordpress.com"
202.47.40.30 - - [22/Jul/2026:19:16:42 +0000] "POST /xmlrpc.php HTTP/1.1" 200 403 "-" "Jetpack by WordPress.com"
123.20.133.97 - - [22/Jul/2026:19:16:50 +0000] "POST /xmlrpc.php HTTP/1.1" 200 403 "-" "WordPress.com; https://wordpress.com"
202.47.40.30 - - [22/Jul/2026:19:16:55 +0000] "POST /xmlrpc.php HTTP/1.1" 200 403 "-" "Jetpack by WordPress.com"
123.20.133.97 - - [22/Jul/2026:19:17:01 +0000] "POST /xmlrpc.php HTTP/1.1" 200 403 "-" "Jetpack by WordPress.com (Jetpack 13.0; WordPress 6.4)"
202.47.40.30 - - [22/Jul/2026:19:17:07 +0000] "POST /xmlrpc.php HTTP/1.1" 200 403 "-" "WordPress.com; https://wordpress.com"
123.20.133.97 - - [22/Jul/2026:19:17:13 +0000] "POST /xmlrpc.php HTTP/1.1" 200 403 "-" "Jetpack by WordPress.com"
198.177.124.148 - - [22/Jul/2026:19:17:19 +0000] "POST /wp-cron.php?doing_wp_cron=1784747838.8284730911254882812500 HTTP/1.1" 200 - "-" "WordPress/7.0.2; https://queenrichglobasolution.shop"
202.47.40.30 - - [22/Jul/2026:19:17:18 +0000] "POST /xmlrpc.php HTTP/1.1" 200 403 "-" "Jetpack by WordPress.com (Jetpack 12.0; WordPress 6.4)"
123.20.133.97 - - [22/Jul/2026:19:17:22 +0000] "POST /xmlrpc.php HTTP/1.1" 200 403 "-" "Jetpack by WordPress.com (Jetpack 13.0; WordPress 6.3)"
202.47.40.30 - - [22/Jul/2026:19:17:28 +0000] "POST /xmlrpc.php HTTP/1.1" 200 403 "-" "Jetpack by WordPress.com"
123.20.133.97 - - [22/Jul/2026:19:17:33 +0000] "POST /xmlrpc.php HTTP/1.1" 200 403 "-" "WordPress.com; https://wordpress.com"
202.47.40.30 - - [22/Jul/2026:19:17:40 +0000] "POST /xmlrpc.php HTTP/1.1" 200 403 "-" "Jetpack by WordPress.com (Jetpack 12.1; WordPress 6.2)"
123.20.133.97 - - [22/Jul/2026:19:17:44 +0000] "POST /xmlrpc.php HTTP/1.1" 200 403 "-" "Jetpack by WordPress.com (Jetpack 12.1; WordPress 6.4)"
202.47.40.30 - - [22/Jul/2026:19:17:52 +0000] "POST /xmlrpc.php HTTP/1.1" 200 403 "-" "Jetpack by WordPress.com (Jetpack 12.0; WordPress 6.1)"
123.20.133.97 - - [22/Jul/2026:19:17:55 +0000] "POST /xmlrpc.php HTTP/1.1" 200 403 "-" "Jetpack/12.1; WordPress/6.1; http://site16792787.com"
202.47.40.30 - - [22/Jul/2026:19:18:06 +0000] "POST /xmlrpc.php HTTP/1.1" 200 403 "-" "Jetpack/12.1; WordPress/6.3; http://site87859489.com"
123.20.133.97 - - [22/Jul/2026:19:18:08 +0000] "POST /xmlrpc.php HTTP/1.1" 200 403 "-" "Jetpack by WordPress.com"
202.47.40.30 - - [22/Jul/2026:19:18:16 +0000] "POST /xmlrpc.php HTTP/1.1" 200 403 "-" "Jetpack by WordPress.com"
123.20.133.97 - - [22/Jul/2026:19:18:17 +0000] "POST /xmlrpc.php HTTP/1.1" 200 403 "-" "WordPress.com; https://wordpress.com"
202.47.40.30 - - [22/Jul/2026:19:18:26 +0000] "POST /xmlrpc.php HTTP/1.1" 200 403 "-" "Jetpack/12.0; WordPress/6.3; http://site63232062.com"
123.20.133.97 - - [22/Jul/2026:19:18:26 +0000] "POST /xmlrpc.php HTTP/1.1" 200 403 "-" "Jetpack by WordPress.com (Jetpack 13.0; WordPress 6.3)"
123.20.133.97 - - [22/Jul/2026:19:18:36 +0000] "POST /xmlrpc.php HTTP/1.1" 200 403 "-" "WordPress.com; https://wordpress.com"
202.47.40.30 - - [22/Jul/2026:19:18:36 +0000] "POST /xmlrpc.php HTTP/1.1" 200 403 "-" "Jetpack by WordPress.com (Jetpack 12.0; WordPress 6.4)"
123.20.133.97 - - [22/Jul/2026:19:18:47 +0000] "POST /xmlrpc.php HTTP/1.1" 200 403 "-" "Jetpack by WordPress.com"
202.47.40.30 - - [22/Jul/2026:19:18:48 +0000] "POST /xmlrpc.php HTTP/1.1" 200 403 "-" "Jetpack by WordPress.com (Jetpack 12.5; WordPress 6.2)"
198.177.124.148 - - [22/Jul/2026:19:18:59 +0000] "POST /wp-cron.php?doing_wp_cron=1784747938.8369989395141601562500 HTTP/1.1" 200 - "-" "WordPress/7.0.2; https://queenrichglobasolution.shop"
123.20.133.97 - - [22/Jul/2026:19:18:58 +0000] "POST /xmlrpc.php HTTP/1.1" 200 403 "-" "Jetpack by WordPress.com"
198.177.124.148 - - [22/Jul/2026:19:18:59 +0000] "POST /wp-cron.php?doing_wp_cron=1784747939.4008009433746337890625 HTTP/1.1" 200 - "-" "WordPress/7.0.2; https://queenrichglobasolution.shop"
202.47.40.30 - - [22/Jul/2026:19:18:58 +0000] "POST /xmlrpc.php HTTP/1.1" 200 403 "-" "Jetpack by WordPress.com"
123.20.133.97 - - [22/Jul/2026:19:19:09 +0000] "POST /xmlrpc.php HTTP/1.1" 200 403 "-" "Jetpack/12.1; WordPress/6.3; http://site39075531.com"
202.47.40.30 - - [22/Jul/2026:19:19:13 +0000] "POST /xmlrpc.php HTTP/1.1" 200 403 "-" "Jetpack by WordPress.com (Jetpack 13.0; WordPress 6.4)"
123.20.133.97 - - [22/Jul/2026:19:19:23 +0000] "POST /xmlrpc.php HTTP/1.1" 200 403 "-" "WordPress.com; https://wordpress.com"
202.47.40.30 - - [22/Jul/2026:19:19:25 +0000] "POST /xmlrpc.php HTTP/1.1" 200 403 "-" "Jetpack by WordPress.com (Jetpack 12.0; WordPress 6.2)"
123.20.133.97 - - [22/Jul/2026:19:19:33 +0000] "POST /xmlrpc.php HTTP/1.1" 200 403 "-" "Jetpack by WordPress.com (Jetpack 12.5; WordPress 6.2)"
202.47.40.30 - - [22/Jul/2026:19:19:39 +0000] "POST /xmlrpc.php HTTP/1.1" 200 403 "-" "WordPress.com; https://wordpress.com"
123.20.133.97 - - [22/Jul/2026:19:19:46 +0000] "POST /xmlrpc.php HTTP/1.1" 200 403 "-" "WordPress.com; https://wordpress.com"
123.20.133.97 - - [22/Jul/2026:19:19:54 +0000] "POST /xmlrpc.php HTTP/1.1" 200 403 "-" "Jetpack by WordPress.com"
202.47.40.30 - - [22/Jul/2026:19:19:56 +0000] "POST /xmlrpc.php HTTP/1.1" 200 403 "-" "WordPress.com; https://wordpress.com"
123.20.133.97 - - [22/Jul/2026:19:20:17 +0000] "POST /xmlrpc.php HTTP/1.1" 200 403 "-" "Jetpack/12.1; WordPress/6.2; http://site36429974.com"
202.47.40.30 - - [22/Jul/2026:19:20:23 +0000] "POST /xmlrpc.php HTTP/1.1" 200 403 "-" "Jetpack by WordPress.com"
123.20.133.97 - - [22/Jul/2026:19:20:30 +0000] "POST /xmlrpc.php HTTP/1.1" 200 403 "-" "Jetpack/12.5; WordPress/6.1; http://site82469644.com"
202.47.40.30 - - [22/Jul/2026:19:21:17 +0000] "POST /xmlrpc.php HTTP/1.1" 200 403 "-" "Jetpack by WordPress.com (Jetpack 12.1; WordPress 6.1)"
123.20.133.97 - - [22/Jul/2026:19:21:54 +0000] "POST /xmlrpc.php HTTP/1.1" 200 403 "-" "WordPress.com; https://wordpress.com"
202.47.40.30 - - [22/Jul/2026:19:22:01 +0000] "POST /xmlrpc.php HTTP/1.1" 200 403 "-" "Jetpack/12.5; WordPress/6.2; http://site11225828.com"
123.20.133.97 - - [22/Jul/2026:19:22:03 +0000] "POST /xmlrpc.php HTTP/1.1" 200 403 "-" "Jetpack by WordPress.com (Jetpack 12.1; WordPress 6.2)"
202.47.40.30 - - [22/Jul/2026:19:22:09 +0000] "POST /xmlrpc.php HTTP/1.1" 200 403 "-" "Jetpack by WordPress.com"
123.20.133.97 - - [22/Jul/2026:19:22:12 +0000] "POST /xmlrpc.php HTTP/1.1" 200 403 "-" "Jetpack by WordPress.com (Jetpack 12.0; WordPress 6.2)"
202.47.40.30 - - [22/Jul/2026:19:22:21 +0000] "POST /xmlrpc.php HTTP/1.1" 200 403 "-" "Jetpack by WordPress.com (Jetpack 13.0; WordPress 6.1)"
123.20.133.97 - - [22/Jul/2026:19:22:27 +0000] "POST /xmlrpc.php HTTP/1.1" 200 403 "-" "Jetpack by WordPress.com (Jetpack 12.0; WordPress 6.2)"
123.20.133.97 - - [22/Jul/2026:19:24:11 +0000] "POST /xmlrpc.php HTTP/1.1" 200 403 "-" "Jetpack by WordPress.com"
123.20.133.97 - - [22/Jul/2026:19:25:27 +0000] "POST /xmlrpc.php HTTP/1.1" 200 403 "-" "Jetpack/12.5; WordPress/6.3; http://site59598565.com"
198.177.124.148 - - [22/Jul/2026:20:13:20 +0000] "POST /wp-cron.php?doing_wp_cron=1784751200.2711689472198486328125 HTTP/1.1" 200 - "-" "WordPress/7.0.2; https://queenrichglobasolution.shop"
99.74.53.136 - - [22/Jul/2026:20:13:18 +0000] "POST /xmlrpc.php HTTP/1.1" 200 403 "-" "Jetpack by WordPress.com (Jetpack 12.5; WordPress 6.3)"
99.74.53.136 - - [22/Jul/2026:20:13:27 +0000] "POST /xmlrpc.php HTTP/1.1" 200 403 "-" "Jetpack/12.5; WordPress/6.4; http://site16464639.com"
198.177.124.148 - - [22/Jul/2026:20:17:12 +0000] "POST /wp-cron.php?doing_wp_cron=1784751432.8771340847015380859375 HTTP/1.1" 200 - "-" "WordPress/7.0.2; https://queenrichglobasolution.shop"
99.74.53.136 - - [22/Jul/2026:20:17:11 +0000] "POST /xmlrpc.php HTTP/1.1" 200 403 "-" "Jetpack by WordPress.com (Jetpack 12.0; WordPress 6.4)"
198.177.124.148 - - [22/Jul/2026:20:17:44 +0000] "POST /wp-cron.php?doing_wp_cron=1784751464.0520610809326171875000 HTTP/1.1" 200 - "-" "WordPress/7.0.2; https://queenrichglobasolution.shop"
99.74.53.136 - - [22/Jul/2026:20:17:42 +0000] "POST /xmlrpc.php HTTP/1.1" 200 403 "-" "Jetpack by WordPress.com"
198.177.124.148 - - [22/Jul/2026:20:20:23 +0000] "POST /wp-cron.php?doing_wp_cron=1784751623.5554270744323730468750 HTTP/1.1" 200 - "-" "WordPress/7.0.2; https://queenrichglobasolution.shop"
99.74.53.136 - - [22/Jul/2026:20:20:22 +0000] "POST /xmlrpc.php HTTP/1.1" 200 403 "-" "Jetpack/13.0; WordPress/6.3; http://site97754957.com"
198.177.124.148 - - [22/Jul/2026:20:21:30 +0000] "POST /wp-cron.php?doing_wp_cron=1784751690.7758269309997558593750 HTTP/1.1" 200 - "-" "WordPress/7.0.2; https://queenrichglobasolution.shop"
99.74.53.136 - - [22/Jul/2026:20:21:29 +0000] "POST /xmlrpc.php HTTP/1.1" 200 403 "-" "Jetpack by WordPress.com"
99.74.53.136 - - [22/Jul/2026:20:21:58 +0000] "POST /xmlrpc.php HTTP/1.1" 200 403 "-" "Jetpack by WordPress.com (Jetpack 12.1; WordPress 6.4)"
198.177.124.148 - - [22/Jul/2026:20:23:45 +0000] "POST /wp-cron.php?doing_wp_cron=1784751825.7148759365081787109375 HTTP/1.1" 200 - "-" "WordPress/7.0.2; https://queenrichglobasolution.shop"
99.74.53.136 - - [22/Jul/2026:20:23:44 +0000] "POST /xmlrpc.php HTTP/1.1" 200 403 "-" "WordPress.com; https://wordpress.com"
198.177.124.148 - - [22/Jul/2026:20:24:41 +0000] "POST /wp-cron.php?doing_wp_cron=1784751881.1845870018005371093750 HTTP/1.1" 200 - "-" "WordPress/7.0.2; https://queenrichglobasolution.shop"
99.74.53.136 - - [22/Jul/2026:20:24:39 +0000] "POST /xmlrpc.php HTTP/1.1" 200 403 "-" "Jetpack/12.1; WordPress/6.4; http://site48673027.com"
198.177.124.148 - - [22/Jul/2026:20:27:18 +0000] "POST /wp-cron.php?doing_wp_cron=1784752038.7615120410919189453125 HTTP/1.1" 200 - "-" "WordPress/7.0.2; https://queenrichglobasolution.shop"
99.74.53.136 - - [22/Jul/2026:20:27:17 +0000] "POST /xmlrpc.php HTTP/1.1" 200 403 "-" "Jetpack by WordPress.com"
99.74.53.136 - - [22/Jul/2026:20:27:49 +0000] "POST /xmlrpc.php HTTP/1.1" 200 403 "-" "WordPress.com; https://wordpress.com"
198.177.124.148 - - [22/Jul/2026:20:29:05 +0000] "POST /wp-cron.php?doing_wp_cron=1784752145.0863308906555175781250 HTTP/1.1" 200 - "-" "WordPress/7.0.2; https://queenrichglobasolution.shop"
99.74.53.136 - - [22/Jul/2026:20:29:03 +0000] "POST /xmlrpc.php HTTP/1.1" 200 403 "-" "WordPress.com; https://wordpress.com"
198.177.124.148 - - [22/Jul/2026:20:29:58 +0000] "POST /wp-cron.php?doing_wp_cron=1784752198.5945229530334472656250 HTTP/1.1" 200 - "-" "WordPress/7.0.2; https://queenrichglobasolution.shop"
99.74.53.136 - - [22/Jul/2026:20:29:56 +0000] "POST /xmlrpc.php HTTP/1.1" 200 403 "-" "WordPress.com; https://wordpress.com"
198.177.124.148 - - [22/Jul/2026:20:30:51 +0000] "POST /wp-cron.php?doing_wp_cron=1784752251.4019250869750976562500 HTTP/1.1" 200 - "-" "WordPress/7.0.2; https://queenrichglobasolution.shop"
99.74.53.136 - - [22/Jul/2026:20:30:50 +0000] "POST /xmlrpc.php HTTP/1.1" 200 403 "-" "Jetpack by WordPress.com"
198.177.124.148 - - [22/Jul/2026:20:33:09 +0000] "POST /wp-cron.php?doing_wp_cron=1784752389.4520580768585205078125 HTTP/1.1" 200 - "-" "WordPress/7.0.2; https://queenrichglobasolution.shop"
99.74.53.136 - - [22/Jul/2026:20:33:08 +0000] "POST /xmlrpc.php HTTP/1.1" 200 403 "-" "Jetpack by WordPress.com"
198.177.124.148 - - [22/Jul/2026:20:33:24 +0000] "POST /wp-cron.php?doing_wp_cron=1784752404.0680749416351318359375 HTTP/1.1" 200 - "-" "WordPress/7.0.2; https://queenrichglobasolution.shop"
99.74.53.136 - - [22/Jul/2026:20:33:22 +0000] "POST /xmlrpc.php HTTP/1.1" 200 403 "-" "Jetpack/12.5; WordPress/6.4; http://site44755628.com"
99.74.53.136 - - [22/Jul/2026:20:33:50 +0000] "POST /xmlrpc.php HTTP/1.1" 200 403 "-" "Jetpack by WordPress.com"
198.177.124.148 - - [22/Jul/2026:20:34:46 +0000] "POST /wp-cron.php?doing_wp_cron=1784752486.4815039634704589843750 HTTP/1.1" 200 - "-" "WordPress/7.0.2; https://queenrichglobasolution.shop"
99.74.53.136 - - [22/Jul/2026:20:34:44 +0000] "POST /xmlrpc.php HTTP/1.1" 200 403 "-" "Jetpack/12.0; WordPress/6.2; http://site30763773.com"
198.177.124.148 - - [22/Jul/2026:20:35:28 +0000] "POST /wp-cron.php?doing_wp_cron=1784752528.7640399932861328125000 HTTP/1.1" 200 - "-" "WordPress/7.0.2; https://queenrichglobasolution.shop"
99.74.53.136 - - [22/Jul/2026:20:35:27 +0000] "POST /xmlrpc.php HTTP/1.1" 200 403 "-" "Jetpack/13.0; WordPress/6.1; http://site38041563.com"
99.74.53.136 - - [22/Jul/2026:20:36:10 +0000] "POST /xmlrpc.php HTTP/1.1" 200 403 "-" "Jetpack by WordPress.com (Jetpack 12.0; WordPress 6.1)"
198.177.124.148 - - [22/Jul/2026:20:36:33 +0000] "POST /wp-cron.php?doing_wp_cron=1784752593.2812099456787109375000 HTTP/1.1" 200 - "-" "WordPress/7.0.2; https://queenrichglobasolution.shop"
99.74.53.136 - - [22/Jul/2026:20:36:31 +0000] "POST /xmlrpc.php HTTP/1.1" 200 403 "-" "Jetpack by WordPress.com"
99.74.53.136 - - [22/Jul/2026:20:36:51 +0000] "POST /xmlrpc.php HTTP/1.1" 200 403 "-" "WordPress.com; https://wordpress.com"
198.177.124.148 - - [22/Jul/2026:20:37:47 +0000] "POST /wp-cron.php?doing_wp_cron=1784752667.0685679912567138671875 HTTP/1.1" 200 - "-" "WordPress/7.0.2; https://queenrichglobasolution.shop"
99.74.53.136 - - [22/Jul/2026:20:37:45 +0000] "POST /xmlrpc.php HTTP/1.1" 200 403 "-" "Jetpack/12.1; WordPress/6.1; http://site36413098.com"
99.74.53.136 - - [22/Jul/2026:20:37:57 +0000] "POST /xmlrpc.php HTTP/1.1" 200 403 "-" "Jetpack by WordPress.com (Jetpack 13.0; WordPress 6.2)"
99.74.53.136 - - [22/Jul/2026:20:38:06 +0000] "POST /xmlrpc.php HTTP/1.1" 200 403 "-" "Jetpack/13.0; WordPress/6.2; http://site14765783.com"
198.177.124.148 - - [22/Jul/2026:20:38:18 +0000] "POST /wp-cron.php?doing_wp_cron=1784752698.7637569904327392578125 HTTP/1.1" 200 - "-" "WordPress/7.0.2; https://queenrichglobasolution.shop"
99.74.53.136 - - [22/Jul/2026:20:38:16 +0000] "POST /xmlrpc.php HTTP/1.1" 200 403 "-" "Jetpack by WordPress.com (Jetpack 12.1; WordPress 6.1)"
99.74.53.136 - - [22/Jul/2026:20:38:27 +0000] "POST /xmlrpc.php HTTP/1.1" 200 403 "-" "Jetpack by WordPress.com (Jetpack 12.0; WordPress 6.4)"
99.74.53.136 - - [22/Jul/2026:20:38:38 +0000] "POST /xmlrpc.php HTTP/1.1" 200 403 "-" "Jetpack by WordPress.com"
99.74.53.136 - - [22/Jul/2026:20:38:49 +0000] "POST /xmlrpc.php HTTP/1.1" 200 403 "-" "Jetpack by WordPress.com"
198.177.124.148 - - [22/Jul/2026:21:00:43 +0000] "POST /wp-cron.php?doing_wp_cron=1784754043.6315639019012451171875 HTTP/1.1" 200 - "-" "WordPress/7.0.2; https://queenrichglobasolution.shop"
66.249.69.198 - - [22/Jul/2026:21:00:40 +0000] "GET /pressingiron/ HTTP/1.1" 404 78412 "-" "Mozilla/5.0 (Linux; Android 6.0.1; Nexus 5X Build/MMB29P) AppleWebKit/537.36 (KHTML, like Gecko) Chrome/150.0.7871.128 Mobile Safari/537.36 (compatible; Googlebot/2.1; +http://www.google.com/bot.html)"
43.134.68.29 - - [22/Jul/2026:21:03:39 +0000] "GET / HTTP/1.1" 200 86563 "http://queenrichglobasolution.shop" "Mozilla/5.0 (iPhone; CPU iPhone OS 13_2_3 like Mac OS X) AppleWebKit/605.1.15 (KHTML, like Gecko) Version/13.0.3 Mobile/15E148 Safari/604.1"
162.216.148.0 - - [22/Jul/2026:21:31:07 +0000] "GET / HTTP/1.1" 200 86563 "-" "Mozilla/5.0 (Macintosh; Intel Mac OS X 10_15_7) AppleWebKit/537.36 (KHTML, like Gecko) Chrome/131.0.0.0 Safari/537.36"
162.216.148.0 - - [22/Jul/2026:21:31:28 +0000] "GET / HTTP/1.1" 200 86563 "-" "Mozilla/5.0 (X11; Linux x86_64; rv:131.0) Gecko/20100101 Firefox/131.0"
162.216.148.0 - - [22/Jul/2026:21:31:30 +0000] "GET /wp-includes/js/jquery/jquery-migrate.min.js?ver=3.4.1 HTTP/1.1" 200 13577 "-" "Mozilla/5.0 (X11; Linux x86_64; rv:131.0) Gecko/20100101 Firefox/131.0"
162.216.148.0 - - [22/Jul/2026:21:31:30 +0000] "GET /wp-includes/js/dist/script-modules/block-library/navigation/view.min.js?ver=96a846e1d7b789c39ab9 HTTP/1.1" 200 3053 "-" "Mozilla/5.0 (X11; Linux x86_64; rv:131.0) Gecko/20100101 Firefox/131.0"
162.216.148.0 - - [22/Jul/2026:21:31:30 +0000] "GET /wp-includes/js/jquery/jquery.min.js?ver=3.7.1 HTTP/1.1" 200 87553 "-" "Mozilla/5.0 (X11; Linux x86_64; rv:131.0) Gecko/20100101 Firefox/131.0"
162.216.148.0 - - [22/Jul/2026:21:31:30 +0000] "GET /wp-content/plugins/elementor/assets/js/webpack.runtime.min.js?ver=4.2.0 HTTP/1.1" 200 5819 "-" "Mozilla/5.0 (X11; Linux x86_64; rv:131.0) Gecko/20100101 Firefox/131.0"
162.216.148.0 - - [22/Jul/2026:21:31:30 +0000] "GET /wp-includes/js/dist/script-modules/interactivity/index.min.js?ver=efaa5193bbad9c60ffd1 HTTP/1.1" 200 40106 "-" "Mozilla/5.0 (X11; Linux x86_64; rv:131.0) Gecko/20100101 Firefox/131.0"
162.216.148.0 - - [22/Jul/2026:21:31:30 +0000] "GET /wp-content/plugins/elementor/assets/js/frontend-modules.min.js?ver=4.2.0 HTTP/1.1" 200 50602 "-" "Mozilla/5.0 (X11; Linux x86_64; rv:131.0) Gecko/20100101 Firefox/131.0"
162.216.148.0 - - [22/Jul/2026:21:31:31 +0000] "GET /wp-includes/js/jquery/ui/core.min.js?ver=1.13.3 HTTP/1.1" 200 21464 "-" "Mozilla/5.0 (X11; Linux x86_64; rv:131.0) Gecko/20100101 Firefox/131.0"
162.216.148.0 - - [22/Jul/2026:21:31:31 +0000] "GET /wp-content/plugins/elementor/assets/js/frontend.min.js?ver=4.2.0 HTTP/1.1" 200 32098 "-" "Mozilla/5.0 (X11; Linux x86_64; rv:131.0) Gecko/20100101 Firefox/131.0"
162.216.148.0 - - [22/Jul/2026:21:31:31 +0000] "GET /wp-includes/js/wp-emoji-release.min.js?ver=7.0.2 HTTP/1.1" 200 22752 "-" "Mozilla/5.0 (X11; Linux x86_64; rv:131.0) Gecko/20100101 Firefox/131.0"
162.216.148.0 - - [22/Jul/2026:21:31:31 +0000] "GET /wp-includes/js/wp-emoji-loader.min.js HTTP/1.1" 200 2890 "-" "Mozilla/5.0 (X11; Linux x86_64; rv:131.0) Gecko/20100101 Firefox/131.0"
162.216.148.0 - - [22/Jul/2026:21:31:34 +0000] "GET /robots.txt HTTP/1.1" 200 128 "-" "Mozilla/5.0 (X11; Linux x86_64; rv:131.0) Gecko/20100101 Firefox/131.0"
198.177.124.148 - - [22/Jul/2026:22:29:01 +0000] "POST /wp-cron.php?doing_wp_cron=1784759341.3891310691833496093750 HTTP/1.1" 200 - "-" "WordPress/7.0.2; https://queenrichglobasolution.shop"
185.191.171.16 - - [22/Jul/2026:22:28:59 +0000] "GET /robots.txt HTTP/1.1" 200 128 "-" "Mozilla/5.0 (compatible; SemrushBot/7~bl; +http://www.semrush.com/bot.html)"
185.191.171.11 - - [22/Jul/2026:22:29:01 +0000] "GET /category/uncategorized/ HTTP/1.1" 200 83175 "-" "Mozilla/5.0 (compatible; SemrushBot/7~bl; +http://www.semrush.com/bot.html)"
198.177.124.148 - - [22/Jul/2026:22:59:01 +0000] "POST /wp-cron.php?doing_wp_cron=1784761141.8319981098175048828125 HTTP/1.1" 200 - "-" "WordPress/7.0.2; https://queenrichglobasolution.shop"
66.249.69.197 - - [22/Jul/2026:22:58:59 +0000] "GET /robots.txt HTTP/1.1" 200 128 "-" "Mozilla/5.0 (compatible; Googlebot/2.1; +http://www.google.com/bot.html)"
66.249.69.196 - - [22/Jul/2026:22:58:59 +0000] "GET /elementor-87/ HTTP/1.1" 404 78412 "-" "Mozilla/5.0 (Linux; Android 6.0.1; Nexus 5X Build/MMB29P) AppleWebKit/537.36 (KHTML, like Gecko) Chrome/150.0.7871.128 Mobile Safari/537.36 (compatible; Googlebot/2.1; +http://www.google.com/bot.html)"
66.249.69.196 - - [22/Jul/2026:23:02:39 +0000] "GET /robots.txt HTTP/1.1" 200 128 "-" "Mozilla/5.0 (compatible; Googlebot/2.1; +http://www.google.com/bot.html)"
66.249.69.196 - - [22/Jul/2026:23:02:45 +0000] "GET / HTTP/1.1" 200 86563 "-" "Mozilla/5.0 (Linux; Android 6.0.1; Nexus 5X Build/MMB29P) AppleWebKit/537.36 (KHTML, like Gecko) Chrome/150.0.7871.128 Mobile Safari/537.36 (compatible; Googlebot/2.1; +http://www.google.com/bot.html)"
66.249.69.196 - - [22/Jul/2026:23:02:50 +0000] "GET /wp-content/uploads/elementor/css/post-138.css?ver=1783296000 HTTP/1.1" 200 710 "https://queenrichglobasolution.shop/" "Mozilla/5.0 (Linux; Android 6.0.1; Nexus 5X Build/MMB29P) AppleWebKit/537.36 (KHTML, like Gecko) Chrome/150.0.7871.128 Mobile Safari/537.36 (compatible; Googlebot/2.1; +http://www.google.com/bot.html)"
66.249.69.196 - - [22/Jul/2026:23:02:51 +0000] "GET /wp-content/uploads/elementor/css/local-138-frontend-desktop.css?ver=6a5e836316bc4 HTTP/1.1" 200 105 "https://queenrichglobasolution.shop/" "Mozilla/5.0 (Linux; Android 6.0.1; Nexus 5X Build/MMB29P) AppleWebKit/537.36 (KHTML, like Gecko) Chrome/150.0.7871.128 Mobile Safari/537.36 (compatible; Googlebot/2.1; +http://www.google.com/bot.html)"
198.177.124.148 - - [22/Jul/2026:23:44:06 +0000] "POST /wp-cron.php?doing_wp_cron=1784763845.9798209667205810546875 HTTP/1.1" 200 - "-" "WordPress/7.0.2; https://queenrichglobasolution.shop"
66.249.69.196 - - [22/Jul/2026:23:44:03 +0000] "GET /solar-consulting/ HTTP/1.1" 200 98653 "-" "Mozilla/5.0 (Linux; Android 6.0.1; Nexus 5X Build/MMB29P) AppleWebKit/537.36 (KHTML, like Gecko) Chrome/150.0.7871.128 Mobile Safari/537.36 (compatible; Googlebot/2.1; +http://www.google.com/bot.html)"
66.249.69.198 - - [22/Jul/2026:23:46:33 +0000] "GET /wp-includes/js/wp-util.min.js?ver=7.0.2 HTTP/1.1" 200 1431 "https://queenrichglobasolution.shop/solar-consulting/" "Mozilla/5.0 (Linux; Android 6.0.1; Nexus 5X Build/MMB29P) AppleWebKit/537.36 (KHTML, like Gecko) Chrome/150.0.7871.128 Mobile Safari/537.36 (compatible; Googlebot/2.1; +http://www.google.com/bot.html)"
66.249.69.197 - - [22/Jul/2026:23:46:34 +0000] "GET /wp-content/uploads/elementor/css/post-142.css?ver=1783296000 HTTP/1.1" 200 76 "https://queenrichglobasolution.shop/solar-consulting/" "Mozilla/5.0 (Linux; Android 6.0.1; Nexus 5X Build/MMB29P) AppleWebKit/537.36 (KHTML, like Gecko) Chrome/150.0.7871.128 Mobile Safari/537.36 (compatible; Googlebot/2.1; +http://www.google.com/bot.html)"
66.249.69.196 - - [22/Jul/2026:23:46:34 +0000] "GET /wp-content/plugins/wpforms-lite/assets/lib/mailcheck.min.js?ver=1.1.2 HTTP/1.1" 200 4014 "https://queenrichglobasolution.shop/solar-consulting/" "Mozilla/5.0 (Linux; Android 6.0.1; Nexus 5X Build/MMB29P) AppleWebKit/537.36 (KHTML, like Gecko) Chrome/150.0.7871.128 Mobile Safari/537.36 (compatible; Googlebot/2.1; +http://www.google.com/bot.html)"
66.249.69.198 - - [22/Jul/2026:23:46:35 +0000] "GET /wp-content/uploads/elementor/css/local-142-frontend-desktop.css?ver=6a5edebf49e8d HTTP/1.1" 200 45 "https://queenrichglobasolution.shop/solar-consulting/" "Mozilla/5.0 (Linux; Android 6.0.1; Nexus 5X Build/MMB29P) AppleWebKit/537.36 (KHTML, like Gecko) Chrome/150.0.7871.128 Mobile Safari/537.36 (compatible; Googlebot/2.1; +http://www.google.com/bot.html)"
66.249.69.196 - - [22/Jul/2026:23:46:39 +0000] "GET /wp-content/plugins/wpforms-lite/assets/js/integrations/elementor/frontend.min.js?ver=2.0.0.2 HTTP/1.1" 200 1485 "https://queenrichglobasolution.shop/solar-consulting/" "Mozilla/5.0 (Linux; Android 6.0.1; Nexus 5X Build/MMB29P) AppleWebKit/537.36 (KHTML, like Gecko) Chrome/150.0.7871.128 Mobile Safari/537.36 (compatible; Googlebot/2.1; +http://www.google.com/bot.html)"
198.177.124.148 - - [23/Jul/2026:00:15:19 +0000] "POST /wp-cron.php?doing_wp_cron=1784765719.7525570392608642578125 HTTP/1.1" 200 - "-" "WordPress/7.0.2; https://queenrichglobasolution.shop"
43.152.72.247 - - [23/Jul/2026:00:15:13 +0000] "GET / HTTP/1.1" 200 86563 "http://queenrichglobasolution.shop" "Mozilla/5.0 (iPhone; CPU iPhone OS 13_2_3 like Mac OS X) AppleWebKit/605.1.15 (KHTML, like Gecko) Version/13.0.3 Mobile/15E148 Safari/604.1"
45.204.8.167 - - [23/Jul/2026:00:36:45 +0000] "GET /filefuns.php HTTP/1.1" 200 8 "https://www.google.com" "Mozilla/5.0 (Windows NT 10.0; Win64; x64) AppleWebKit/537.36 (KHTML, like Gecko) Chrome/114.0.0.0 Safari/537.36 Edg/114.0.1823.43"
45.204.8.167 - - [23/Jul/2026:00:36:49 +0000] "GET /filefuns.php HTTP/1.1" 200 8 "https://www.google.com" "Mozilla/5.0 (Windows NT 10.0; Win64; x64) AppleWebKit/537.36 (KHTML, like Gecko) Chrome/114.0.0.0 Safari/537.36 Edg/114.0.1823.43"
43.153.107.22 - - [23/Jul/2026:01:12:36 +0000] "GET / HTTP/1.1" 200 86563 "http://queenrichglobasolution.shop" "Mozilla/5.0 (iPhone; CPU iPhone OS 13_2_3 like Mac OS X) AppleWebKit/605.1.15 (KHTML, like Gecko) Version/13.0.3 Mobile/15E148 Safari/604.1"
198.177.124.148 - - [23/Jul/2026:02:44:14 +0000] "POST /wp-cron.php?doing_wp_cron=1784774654.7092769145965576171875 HTTP/1.1" 200 - "-" "WordPress/7.0.2; https://queenrichglobasolution.shop"
3.94.157.25 - - [23/Jul/2026:02:44:12 +0000] "GET /real-estate/embed/ HTTP/1.1" 200 20468 "-" "Mozilla/5.0 AppleWebKit/537.36 (KHTML, like Gecko; compatible; Amazonbot/0.1; +https://developer.amazon.com/support/amazonbot) Chrome/119.0.6045.214 Safari/537.36"
43.153.123.4 - - [23/Jul/2026:03:20:44 +0000] "GET / HTTP/1.1" 200 86563 "http://queenrichglobasolution.shop" "Mozilla/5.0 (iPhone; CPU iPhone OS 13_2_3 like Mac OS X) AppleWebKit/605.1.15 (KHTML, like Gecko) Version/13.0.3 Mobile/15E148 Safari/604.1"
43.164.0.21 - - [23/Jul/2026:03:42:07 +0000] "GET / HTTP/1.1" 200 86563 "http://queenrichglobasolution.shop" "Mozilla/5.0 (iPhone; CPU iPhone OS 13_2_3 like Mac OS X) AppleWebKit/605.1.15 (KHTML, like Gecko) Version/13.0.3 Mobile/15E148 Safari/604.1"
74.7.241.143 - - [23/Jul/2026:03:56:01 +0000] "GET /robots.txt HTTP/1.1" 200 128 "-" "Mozilla/5.0 (Macintosh; Intel Mac OS X 10_15_7) AppleWebKit/537.36 (KHTML, like Gecko) Chrome/131.0.0.0 Safari/537.36; compatible; OAI-SearchBot/1.4; robots.txt; +https://openai.com/searchbot"
198.177.124.148 - - [23/Jul/2026:04:36:41 +0000] "POST /wp-cron.php?doing_wp_cron=1784781401.4553360939025878906250 HTTP/1.1" 200 - "-" "WordPress/7.0.2; https://queenrichglobasolution.shop"
153.185.251.67 - - [23/Jul/2026:04:36:38 +0000] "POST /xmlrpc.php HTTP/1.1" 200 403 "-" "Mozilla/5.0 (Macintosh; Intel Mac OS X 10_15_7; arm64) AppleWebKit/537.36 (KHTML, like Gecko) Chrome/98.0.0.0 Safari/537.36"
198.177.124.148 - - [23/Jul/2026:04:38:07 +0000] "POST /wp-cron.php?doing_wp_cron=1784781487.0760500431060791015625 HTTP/1.1" 200 - "-" "WordPress/7.0.2; https://queenrichglobasolution.shop"
153.185.251.67 - - [23/Jul/2026:04:38:04 +0000] "GET /wp-json/wp/v2/users HTTP/1.1" 200 906 "-" "Mozilla/4.0 (compatible; Win32; WinHttp.WinHttpRequest.5)"
198.177.124.148 - - [23/Jul/2026:04:38:31 +0000] "POST /wp-cron.php?doing_wp_cron=1784781511.7948620319366455078125 HTTP/1.1" 200 - "-" "WordPress/7.0.2; https://queenrichglobasolution.shop"
153.185.251.67 - - [23/Jul/2026:04:38:30 +0000] "POST /xmlrpc.php HTTP/1.1" 200 403 "-" "Mozilla/5.0 (Macintosh; Intel Mac OS X 10_15_7; arm64) AppleWebKit/537.36 (KHTML, like Gecko) Opera/78.0.0.0 Safari/537.36"
153.185.251.67 - - [23/Jul/2026:04:38:51 +0000] "POST /xmlrpc.php HTTP/1.1" 200 403 "-" "Mozilla/5.0 (Macintosh; Intel Mac OS X 10_15_7; x64) AppleWebKit/537.36 (KHTML, like Gecko) Chrome/101.0.0.0 Safari/537.36"
153.185.251.67 - - [23/Jul/2026:04:39:11 +0000] "POST /xmlrpc.php HTTP/1.1" 200 403 "-" "Mozilla/5.0 (Windows NT 6.2; arm64) AppleWebKit/537.36 (KHTML, like Gecko) Chrome/112.0.0.0 Safari/537.36"
198.177.124.148 - - [23/Jul/2026:04:39:36 +0000] "POST /wp-cron.php?doing_wp_cron=1784781576.7029581069946289062500 HTTP/1.1" 200 - "-" "WordPress/7.0.2; https://queenrichglobasolution.shop"
153.185.251.67 - - [23/Jul/2026:04:39:34 +0000] "POST /xmlrpc.php HTTP/1.1" 200 403 "-" "Mozilla/5.0 (Windows NT 10.0; x86) AppleWebKit/537.36 (KHTML, like Gecko) Firefox/77.0.0.0 Safari/537.36"
153.185.251.67 - - [23/Jul/2026:04:39:58 +0000] "POST /xmlrpc.php HTTP/1.1" 200 403 "-" "Mozilla/5.0 (X11; Ubuntu; Linux x86_64; x86) AppleWebKit/537.36 (KHTML, like Gecko) Chrome/86.0.0.0 Safari/537.36"
198.177.124.148 - - [23/Jul/2026:04:40:23 +0000] "POST /wp-cron.php?doing_wp_cron=1784781623.1548070907592773437500 HTTP/1.1" 200 - "-" "WordPress/7.0.2; https://queenrichglobasolution.shop"
153.185.251.67 - - [23/Jul/2026:04:40:21 +0000] "POST /xmlrpc.php HTTP/1.1" 200 403 "-" "Mozilla/5.0 (Windows NT 6.2; x64) AppleWebKit/537.36 (KHTML, like Gecko) Safari/12.0.0.0 Safari/537.36"
153.185.251.67 - - [23/Jul/2026:04:40:46 +0000] "POST /xmlrpc.php HTTP/1.1" 200 403 "-" "Mozilla/5.0 (Windows NT 10.0; x64) AppleWebKit/537.36 (KHTML, like Gecko) Chrome/95.0.0.0 Safari/537.36"
153.185.251.67 - - [23/Jul/2026:04:41:10 +0000] "POST /xmlrpc.php HTTP/1.1" 200 403 "-" "Mozilla/5.0 (Windows NT 6.3; arm64) AppleWebKit/537.36 (KHTML, like Gecko) Safari/11.0.0.0 Safari/537.36"
198.177.124.148 - - [23/Jul/2026:04:41:36 +0000] "POST /wp-cron.php?doing_wp_cron=1784781696.1738569736480712890625 HTTP/1.1" 200 - "-" "WordPress/7.0.2; https://queenrichglobasolution.shop"
153.185.251.67 - - [23/Jul/2026:04:41:34 +0000] "POST /xmlrpc.php HTTP/1.1" 200 403 "-" "Mozilla/5.0 (X11; Ubuntu; Linux x86_64; x64) AppleWebKit/537.36 (KHTML, like Gecko) Safari/11.0.0.0 Safari/537.36"
153.185.251.67 - - [23/Jul/2026:04:41:58 +0000] "POST /xmlrpc.php HTTP/1.1" 200 403 "-" "Mozilla/5.0 (Linux; Android 10; arm64) AppleWebKit/537.36 (KHTML, like Gecko) Firefox/100.0.0.0 Safari/537.36"
198.177.124.148 - - [23/Jul/2026:04:42:23 +0000] "POST /wp-cron.php?doing_wp_cron=1784781743.7254929542541503906250 HTTP/1.1" 200 - "-" "WordPress/7.0.2; https://queenrichglobasolution.shop"
153.185.251.67 - - [23/Jul/2026:04:42:22 +0000] "POST /xmlrpc.php HTTP/1.1" 200 403 "-" "Mozilla/5.0 (Linux; Android 10; x86) AppleWebKit/537.36 (KHTML, like Gecko) Safari/13.0.0.0 Safari/537.36"
153.185.251.67 - - [23/Jul/2026:04:42:45 +0000] "POST /xmlrpc.php HTTP/1.1" 200 403 "-" "Mozilla/5.0 (Windows NT 10.0; arm64) AppleWebKit/537.36 (KHTML, like Gecko) Edge/90.0.0.0 Safari/537.36"
153.185.251.67 - - [23/Jul/2026:04:43:09 +0000] "POST /xmlrpc.php HTTP/1.1" 200 403 "-" "Mozilla/5.0 (Windows NT 10.0; x86) AppleWebKit/537.36 (KHTML, like Gecko) Opera/69.0.0.0 Safari/537.36"
198.177.124.148 - - [23/Jul/2026:04:43:40 +0000] "POST /wp-cron.php?doing_wp_cron=1784781819.9168748855590820312500 HTTP/1.1" 200 - "-" "WordPress/7.0.2; https://queenrichglobasolution.shop"
153.185.251.67 - - [23/Jul/2026:04:43:37 +0000] "POST /xmlrpc.php HTTP/1.1" 200 403 "-" "Mozilla/5.0 (Linux; Android 10; x64) AppleWebKit/537.36 (KHTML, like Gecko) Opera/75.0.0.0 Safari/537.36"
153.185.251.67 - - [23/Jul/2026:04:43:58 +0000] "POST /xmlrpc.php HTTP/1.1" 200 403 "-" "Mozilla/5.0 (Windows NT 10.0; x64) AppleWebKit/537.36 (KHTML, like Gecko) Opera/63.0.0.0 Safari/537.36"
198.177.124.148 - - [23/Jul/2026:04:44:21 +0000] "POST /wp-cron.php?doing_wp_cron=1784781861.0134010314941406250000 HTTP/1.1" 200 - "-" "WordPress/7.0.2; https://queenrichglobasolution.shop"
153.185.251.67 - - [23/Jul/2026:04:44:18 +0000] "POST /xmlrpc.php HTTP/1.1" 200 403 "-" "Mozilla/5.0 (Windows NT 10.0; x64) AppleWebKit/537.36 (KHTML, like Gecko) Edge/93.0.0.0 Safari/537.36"
153.185.251.67 - - [23/Jul/2026:04:44:39 +0000] "POST /xmlrpc.php HTTP/1.1" 200 403 "-" "Mozilla/5.0 (Windows NT 10.0; arm64) AppleWebKit/537.36 (KHTML, like Gecko) Chrome/88.0.0.0 Safari/537.36"
153.185.251.67 - - [23/Jul/2026:04:44:59 +0000] "POST /xmlrpc.php HTTP/1.1" 200 403 "-" "Mozilla/5.0 (Macintosh; Intel Mac OS X 10_15_7; x86) AppleWebKit/537.36 (KHTML, like Gecko) Opera/67.0.0.0 Safari/537.36"
198.177.124.148 - - [23/Jul/2026:04:45:21 +0000] "POST /wp-cron.php?doing_wp_cron=1784781921.1003820896148681640625 HTTP/1.1" 200 - "-" "WordPress/7.0.2; https://queenrichglobasolution.shop"
153.185.251.67 - - [23/Jul/2026:04:45:18 +0000] "POST /xmlrpc.php HTTP/1.1" 200 403 "-" "Mozilla/5.0 (Linux; Android 10; x86) AppleWebKit/537.36 (KHTML, like Gecko) Firefox/77.0.0.0 Safari/537.36"
153.185.251.67 - - [23/Jul/2026:04:45:37 +0000] "POST /xmlrpc.php HTTP/1.1" 200 403 "-" "Mozilla/5.0 (Windows NT 6.2; x86) AppleWebKit/537.36 (KHTML, like Gecko) Safari/10.0.0.0 Safari/537.36"
153.185.251.67 - - [23/Jul/2026:04:45:56 +0000] "POST /xmlrpc.php HTTP/1.1" 200 403 "-" "Mozilla/5.0 (Windows NT 10.0; x64) AppleWebKit/537.36 (KHTML, like Gecko) Firefox/82.0.0.0 Safari/537.36"
198.177.124.148 - - [23/Jul/2026:04:46:18 +0000] "POST /wp-cron.php?doing_wp_cron=1784781978.1490991115570068359375 HTTP/1.1" 200 - "-" "WordPress/7.0.2; https://queenrichglobasolution.shop"
153.185.251.67 - - [23/Jul/2026:04:46:14 +0000] "POST /xmlrpc.php HTTP/1.1" 200 403 "-" "Mozilla/5.0 (Macintosh; Intel Mac OS X 10_15_7; arm64) AppleWebKit/537.36 (KHTML, like Gecko) Safari/11.0.0.0 Safari/537.36"
153.185.251.67 - - [23/Jul/2026:04:46:33 +0000] "POST /xmlrpc.php HTTP/1.1" 200 403 "-" "Mozilla/5.0 (Windows NT 6.2; x86) AppleWebKit/537.36 (KHTML, like Gecko) Edge/86.0.0.0 Safari/537.36"
153.185.251.67 - - [23/Jul/2026:04:46:51 +0000] "POST /xmlrpc.php HTTP/1.1" 200 403 "-" "Mozilla/5.0 (Linux; Android 10; arm64) AppleWebKit/537.36 (KHTML, like Gecko) Edge/99.0.0.0 Safari/537.36"
153.185.251.67 - - [23/Jul/2026:04:47:09 +0000] "POST /xmlrpc.php HTTP/1.1" 200 403 "-" "Mozilla/5.0 (Linux; Android 10; arm64) AppleWebKit/537.36 (KHTML, like Gecko) Chrome/84.0.0.0 Safari/537.36"
198.177.124.148 - - [23/Jul/2026:04:47:30 +0000] "POST /wp-cron.php?doing_wp_cron=1784782050.7628469467163085937500 HTTP/1.1" 200 - "-" "WordPress/7.0.2; https://queenrichglobasolution.shop"
153.185.251.67 - - [23/Jul/2026:04:47:28 +0000] "POST /xmlrpc.php HTTP/1.1" 200 403 "-" "Mozilla/5.0 (Macintosh; Intel Mac OS X 10_15_7; arm64) AppleWebKit/537.36 (KHTML, like Gecko) Opera/67.0.0.0 Safari/537.36"
153.185.251.67 - - [23/Jul/2026:04:47:46 +0000] "POST /xmlrpc.php HTTP/1.1" 200 403 "-" "Mozilla/5.0 (Linux; Android 10; x86) AppleWebKit/537.36 (KHTML, like Gecko) Safari/11.0.0.0 Safari/537.36"
153.185.251.67 - - [23/Jul/2026:04:48:05 +0000] "POST /xmlrpc.php HTTP/1.1" 200 403 "-" "Mozilla/5.0 (X11; Ubuntu; Linux x86_64; x64) AppleWebKit/537.36 (KHTML, like Gecko) Firefox/96.0.0.0 Safari/537.36"
198.177.124.148 - - [23/Jul/2026:04:48:26 +0000] "POST /wp-cron.php?doing_wp_cron=1784782105.9591069221496582031250 HTTP/1.1" 200 - "-" "WordPress/7.0.2; https://queenrichglobasolution.shop"
153.185.251.67 - - [23/Jul/2026:04:48:23 +0000] "POST /xmlrpc.php HTTP/1.1" 200 403 "-" "Mozilla/5.0 (Macintosh; Intel Mac OS X 10_15_7; x86) AppleWebKit/537.36 (KHTML, like Gecko) Safari/15.0.0.0 Safari/537.36"
153.185.251.67 - - [23/Jul/2026:04:48:42 +0000] "POST /xmlrpc.php HTTP/1.1" 200 403 "-" "Mozilla/5.0 (Macintosh; Intel Mac OS X 10_15_7; x86) AppleWebKit/537.36 (KHTML, like Gecko) Firefox/74.0.0.0 Safari/537.36"
153.185.251.67 - - [23/Jul/2026:04:49:04 +0000] "POST /xmlrpc.php HTTP/1.1" 200 403 "-" "Mozilla/5.0 (Windows NT 6.2; x64) AppleWebKit/537.36 (KHTML, like Gecko) Opera/79.0.0.0 Safari/537.36"
198.177.124.148 - - [23/Jul/2026:04:49:27 +0000] "POST /wp-cron.php?doing_wp_cron=1784782167.2383809089660644531250 HTTP/1.1" 200 - "-" "WordPress/7.0.2; https://queenrichglobasolution.shop"
153.185.251.67 - - [23/Jul/2026:04:49:24 +0000] "POST /xmlrpc.php HTTP/1.1" 200 403 "-" "Mozilla/5.0 (X11; Ubuntu; Linux x86_64; x64) AppleWebKit/537.36 (KHTML, like Gecko) Edge/83.0.0.0 Safari/537.36"
153.185.251.67 - - [23/Jul/2026:04:49:44 +0000] "POST /xmlrpc.php HTTP/1.1" 200 403 "-" "Mozilla/5.0 (Linux; Android 10; arm64) AppleWebKit/537.36 (KHTML, like Gecko) Edge/81.0.0.0 Safari/537.36"
153.185.251.67 - - [23/Jul/2026:04:50:01 +0000] "POST /xmlrpc.php HTTP/1.1" 200 403 "-" "Mozilla/5.0 (X11; Ubuntu; Linux x86_64; x86) AppleWebKit/537.36 (KHTML, like Gecko) Chrome/81.0.0.0 Safari/537.36"
198.177.124.148 - - [23/Jul/2026:04:50:22 +0000] "POST /wp-cron.php?doing_wp_cron=1784782222.2151811122894287109375 HTTP/1.1" 200 - "-" "WordPress/7.0.2; https://queenrichglobasolution.shop"
153.185.251.67 - - [23/Jul/2026:04:50:19 +0000] "POST /xmlrpc.php HTTP/1.1" 200 403 "-" "Mozilla/5.0 (Windows NT 6.2; x64) AppleWebKit/537.36 (KHTML, like Gecko) Firefox/75.0.0.0 Safari/537.36"
153.185.251.67 - - [23/Jul/2026:04:50:37 +0000] "POST /xmlrpc.php HTTP/1.1" 200 403 "-" "Mozilla/5.0 (Windows NT 6.2; x86) AppleWebKit/537.36 (KHTML, like Gecko) Firefox/95.0.0.0 Safari/537.36"
153.185.251.67 - - [23/Jul/2026:04:50:57 +0000] "POST /xmlrpc.php HTTP/1.1" 200 403 "-" "Mozilla/5.0 (Macintosh; Intel Mac OS X 10_15_7; x64) AppleWebKit/537.36 (KHTML, like Gecko) Opera/60.0.0.0 Safari/537.36"
198.177.124.148 - - [23/Jul/2026:04:51:16 +0000] "POST /wp-cron.php?doing_wp_cron=1784782276.5890350341796875000000 HTTP/1.1" 200 - "-" "WordPress/7.0.2; https://queenrichglobasolution.shop"
153.185.251.67 - - [23/Jul/2026:04:51:14 +0000] "POST /xmlrpc.php HTTP/1.1" 200 403 "-" "Mozilla/5.0 (Windows NT 6.3; x86) AppleWebKit/537.36 (KHTML, like Gecko) Opera/80.0.0.0 Safari/537.36"
153.185.251.67 - - [23/Jul/2026:04:51:32 +0000] "POST /xmlrpc.php HTTP/1.1" 200 403 "-" "Mozilla/5.0 (Linux; Android 10; x64) AppleWebKit/537.36 (KHTML, like Gecko) Firefox/79.0.0.0 Safari/537.36"
153.185.251.67 - - [23/Jul/2026:04:51:49 +0000] "POST /xmlrpc.php HTTP/1.1" 200 403 "-" "Mozilla/5.0 (Windows NT 6.2; x86) AppleWebKit/537.36 (KHTML, like Gecko) Chrome/111.0.0.0 Safari/537.36"
153.185.251.67 - - [23/Jul/2026:04:52:08 +0000] "POST /xmlrpc.php HTTP/1.1" 200 403 "-" "Mozilla/5.0 (Windows NT 6.2; x64) AppleWebKit/537.36 (KHTML, like Gecko) Firefox/96.0.0.0 Safari/537.36"
198.177.124.148 - - [23/Jul/2026:04:52:26 +0000] "POST /wp-cron.php?doing_wp_cron=1784782346.8274660110473632812500 HTTP/1.1" 200 - "-" "WordPress/7.0.2; https://queenrichglobasolution.shop"
153.185.251.67 - - [23/Jul/2026:04:52:25 +0000] "POST /xmlrpc.php HTTP/1.1" 200 403 "-" "Mozilla/5.0 (Linux; Android 10; x64) AppleWebKit/537.36 (KHTML, like Gecko) Chrome/109.0.0.0 Safari/537.36"
153.185.251.67 - - [23/Jul/2026:04:52:42 +0000] "POST /xmlrpc.php HTTP/1.1" 200 403 "-" "Mozilla/5.0 (Windows NT 6.2; arm64) AppleWebKit/537.36 (KHTML, like Gecko) Chrome/90.0.0.0 Safari/537.36"
153.185.251.67 - - [23/Jul/2026:04:52:59 +0000] "POST /xmlrpc.php HTTP/1.1" 200 403 "-" "Mozilla/5.0 (X11; Ubuntu; Linux x86_64; x86) AppleWebKit/537.36 (KHTML, like Gecko) Firefox/73.0.0.0 Safari/537.36"
198.177.124.148 - - [23/Jul/2026:04:53:18 +0000] "POST /wp-cron.php?doing_wp_cron=1784782398.5308449268341064453125 HTTP/1.1" 200 - "-" "WordPress/7.0.2; https://queenrichglobasolution.shop"
153.185.251.67 - - [23/Jul/2026:04:53:16 +0000] "POST /xmlrpc.php HTTP/1.1" 200 403 "-" "Mozilla/5.0 (X11; Ubuntu; Linux x86_64; x86) AppleWebKit/537.36 (KHTML, like Gecko) Edge/87.0.0.0 Safari/537.36"
153.185.251.67 - - [23/Jul/2026:04:53:35 +0000] "POST /xmlrpc.php HTTP/1.1" 200 403 "-" "Mozilla/5.0 (Windows NT 10.0; x86) AppleWebKit/537.36 (KHTML, like Gecko) Firefox/99.0.0.0 Safari/537.36"
153.185.251.67 - - [23/Jul/2026:04:53:54 +0000] "POST /xmlrpc.php HTTP/1.1" 200 403 "-" "Mozilla/5.0 (Windows NT 6.3; x64) AppleWebKit/537.36 (KHTML, like Gecko) Edge/86.0.0.0 Safari/537.36"
153.185.251.67 - - [23/Jul/2026:04:54:12 +0000] "POST /xmlrpc.php HTTP/1.1" 200 403 "-" "Mozilla/5.0 (Macintosh; Intel Mac OS X 10_15_7; x86) AppleWebKit/537.36 (KHTML, like Gecko) Edge/100.0.0.0 Safari/537.36"
198.177.124.148 - - [23/Jul/2026:04:54:31 +0000] "POST /wp-cron.php?doing_wp_cron=1784782471.0627679824829101562500 HTTP/1.1" 200 - "-" "WordPress/7.0.2; https://queenrichglobasolution.shop"
153.185.251.67 - - [23/Jul/2026:04:54:28 +0000] "POST /xmlrpc.php HTTP/1.1" 200 403 "-" "Mozilla/5.0 (Linux; Android 10; x86) AppleWebKit/537.36 (KHTML, like Gecko) Safari/14.0.0.0 Safari/537.36"
153.185.251.67 - - [23/Jul/2026:04:54:46 +0000] "POST /xmlrpc.php HTTP/1.1" 200 403 "-" "Mozilla/5.0 (Windows NT 10.0; x64) AppleWebKit/537.36 (KHTML, like Gecko) Firefox/74.0.0.0 Safari/537.36"
153.185.251.67 - - [23/Jul/2026:04:55:05 +0000] "POST /xmlrpc.php HTTP/1.1" 200 403 "-" "Mozilla/5.0 (X11; Ubuntu; Linux x86_64; arm64) AppleWebKit/537.36 (KHTML, like Gecko) Safari/14.0.0.0 Safari/537.36"
198.177.124.148 - - [23/Jul/2026:04:55:30 +0000] "POST /wp-cron.php?doing_wp_cron=1784782530.5588490962982177734375 HTTP/1.1" 200 - "-" "WordPress/7.0.2; https://queenrichglobasolution.shop"
153.185.251.67 - - [23/Jul/2026:04:55:28 +0000] "POST /xmlrpc.php HTTP/1.1" 200 403 "-" "Mozilla/5.0 (Windows NT 6.3; x64) AppleWebKit/537.36 (KHTML, like Gecko) Firefox/98.0.0.0 Safari/537.36"
153.185.251.67 - - [23/Jul/2026:04:55:48 +0000] "POST /xmlrpc.php HTTP/1.1" 200 403 "-" "Mozilla/5.0 (X11; Ubuntu; Linux x86_64; x86) AppleWebKit/537.36 (KHTML, like Gecko) Edge/83.0.0.0 Safari/537.36"
153.185.251.67 - - [23/Jul/2026:04:56:07 +0000] "POST /xmlrpc.php HTTP/1.1" 200 403 "-" "Mozilla/5.0 (Windows NT 10.0; x86) AppleWebKit/537.36 (KHTML, like Gecko) Opera/74.0.0.0 Safari/537.36"
198.177.124.148 - - [23/Jul/2026:04:56:27 +0000] "POST /wp-cron.php?doing_wp_cron=1784782587.8139519691467285156250 HTTP/1.1" 200 - "-" "WordPress/7.0.2; https://queenrichglobasolution.shop"
153.185.251.67 - - [23/Jul/2026:04:56:25 +0000] "POST /xmlrpc.php HTTP/1.1" 200 403 "-" "Mozilla/5.0 (Macintosh; Intel Mac OS X 10_15_7; x86) AppleWebKit/537.36 (KHTML, like Gecko) Edge/81.0.0.0 Safari/537.36"
153.185.251.67 - - [23/Jul/2026:04:56:43 +0000] "POST /xmlrpc.php HTTP/1.1" 200 403 "-" "Mozilla/5.0 (Windows NT 6.3; x64) AppleWebKit/537.36 (KHTML, like Gecko) Edge/95.0.0.0 Safari/537.36"
153.185.251.67 - - [23/Jul/2026:04:57:01 +0000] "POST /xmlrpc.php HTTP/1.1" 200 403 "-" "Mozilla/5.0 (Windows NT 6.3; x86) AppleWebKit/537.36 (KHTML, like Gecko) Edge/97.0.0.0 Safari/537.36"
198.177.124.148 - - [23/Jul/2026:04:57:24 +0000] "POST /wp-cron.php?doing_wp_cron=1784782644.2318499088287353515625 HTTP/1.1" 200 - "-" "WordPress/7.0.2; https://queenrichglobasolution.shop"
153.185.251.67 - - [23/Jul/2026:04:57:21 +0000] "POST /xmlrpc.php HTTP/1.1" 200 403 "-" "Mozilla/5.0 (Windows NT 6.2; x86) AppleWebKit/537.36 (KHTML, like Gecko) Safari/15.0.0.0 Safari/537.36"
153.185.251.67 - - [23/Jul/2026:04:57:41 +0000] "POST /xmlrpc.php HTTP/1.1" 200 403 "-" "Mozilla/5.0 (Macintosh; Intel Mac OS X 10_15_7; arm64) AppleWebKit/537.36 (KHTML, like Gecko) Firefox/99.0.0.0 Safari/537.36"
153.185.251.67 - - [23/Jul/2026:04:58:00 +0000] "POST /xmlrpc.php HTTP/1.1" 200 403 "-" "Mozilla/5.0 (Windows NT 6.2; x64) AppleWebKit/537.36 (KHTML, like Gecko) Firefox/71.0.0.0 Safari/537.36"
198.177.124.148 - - [23/Jul/2026:04:58:21 +0000] "POST /wp-cron.php?doing_wp_cron=1784782701.6085898876190185546875 HTTP/1.1" 200 - "-" "WordPress/7.0.2; https://queenrichglobasolution.shop"
153.185.251.67 - - [23/Jul/2026:04:58:19 +0000] "POST /xmlrpc.php HTTP/1.1" 200 403 "-" "Mozilla/5.0 (Windows NT 6.3; x64) AppleWebKit/537.36 (KHTML, like Gecko) Opera/60.0.0.0 Safari/537.36"
153.185.251.67 - - [23/Jul/2026:04:58:36 +0000] "POST /xmlrpc.php HTTP/1.1" 200 403 "-" "Mozilla/5.0 (Windows NT 6.2; x86) AppleWebKit/537.36 (KHTML, like Gecko) Opera/79.0.0.0 Safari/537.36"
153.185.251.67 - - [23/Jul/2026:04:58:55 +0000] "POST /xmlrpc.php HTTP/1.1" 200 403 "-" "Mozilla/5.0 (Linux; Android 10; arm64) AppleWebKit/537.36 (KHTML, like Gecko) Edge/90.0.0.0 Safari/537.36"
66.249.69.198 - - [23/Jul/2026:04:58:54 +0000] "GET /digital-skill-training/ HTTP/1.1" 200 98841 "-" "Mozilla/5.0 (Linux; Android 6.0.1; Nexus 5X Build/MMB29P) AppleWebKit/537.36 (KHTML, like Gecko) Chrome/150.0.7871.128 Mobile Safari/537.36 (compatible; Googlebot/2.1; +http://www.google.com/bot.html)"
198.177.124.148 - - [23/Jul/2026:04:59:16 +0000] "POST /wp-cron.php?doing_wp_cron=1784782756.4357519149780273437500 HTTP/1.1" 200 - "-" "WordPress/7.0.2; https://queenrichglobasolution.shop"
153.185.251.67 - - [23/Jul/2026:04:59:14 +0000] "POST /xmlrpc.php HTTP/1.1" 200 403 "-" "Mozilla/5.0 (Macintosh; Intel Mac OS X 10_15_7; arm64) AppleWebKit/537.36 (KHTML, like Gecko) Safari/10.0.0.0 Safari/537.36"
153.185.251.67 - - [23/Jul/2026:04:59:31 +0000] "POST /xmlrpc.php HTTP/1.1" 200 403 "-" "Mozilla/5.0 (Macintosh; Intel Mac OS X 10_15_7; arm64) AppleWebKit/537.36 (KHTML, like Gecko) Chrome/92.0.0.0 Safari/537.36"
153.185.251.67 - - [23/Jul/2026:04:59:49 +0000] "POST /xmlrpc.php HTTP/1.1" 200 403 "-" "Mozilla/5.0 (Linux; Android 10; arm64) AppleWebKit/537.36 (KHTML, like Gecko) Opera/74.0.0.0 Safari/537.36"
153.185.251.67 - - [23/Jul/2026:05:00:07 +0000] "POST /xmlrpc.php HTTP/1.1" 200 403 "-" "Mozilla/5.0 (X11; Ubuntu; Linux x86_64; x86) AppleWebKit/537.36 (KHTML, like Gecko) Edge/98.0.0.0 Safari/537.36"
198.177.124.148 - - [23/Jul/2026:05:00:30 +0000] "POST /wp-cron.php?doing_wp_cron=1784782830.2617580890655517578125 HTTP/1.1" 200 - "-" "WordPress/7.0.2; https://queenrichglobasolution.shop"
153.185.251.67 - - [23/Jul/2026:05:00:27 +0000] "POST /xmlrpc.php HTTP/1.1" 200 403 "-" "Mozilla/5.0 (Windows NT 6.2; x86) AppleWebKit/537.36 (KHTML, like Gecko) Firefox/70.0.0.0 Safari/537.36"
153.185.251.67 - - [23/Jul/2026:05:00:45 +0000] "POST /xmlrpc.php HTTP/1.1" 200 403 "-" "Mozilla/5.0 (Windows NT 10.0; x64) AppleWebKit/537.36 (KHTML, like Gecko) Opera/75.0.0.0 Safari/537.36"
153.185.251.67 - - [23/Jul/2026:05:01:05 +0000] "POST /xmlrpc.php HTTP/1.1" 200 403 "-" "Mozilla/5.0 (Linux; Android 10; x64) AppleWebKit/537.36 (KHTML, like Gecko) Edge/89.0.0.0 Safari/537.36"
198.177.124.148 - - [23/Jul/2026:05:01:26 +0000] "POST /wp-cron.php?doing_wp_cron=1784782886.5477490425109863281250 HTTP/1.1" 200 - "-" "WordPress/7.0.2; https://queenrichglobasolution.shop"
153.185.251.67 - - [23/Jul/2026:05:01:24 +0000] "POST /xmlrpc.php HTTP/1.1" 200 403 "-" "Mozilla/5.0 (Windows NT 10.0; arm64) AppleWebKit/537.36 (KHTML, like Gecko) Firefox/83.0.0.0 Safari/537.36"
153.185.251.67 - - [23/Jul/2026:05:01:41 +0000] "POST /xmlrpc.php HTTP/1.1" 200 403 "-" "Mozilla/5.0 (Windows NT 10.0; x86) AppleWebKit/537.36 (KHTML, like Gecko) Edge/83.0.0.0 Safari/537.36"
153.185.251.67 - - [23/Jul/2026:05:02:00 +0000] "POST /xmlrpc.php HTTP/1.1" 200 403 "-" "Mozilla/5.0 (Windows NT 6.2; x86) AppleWebKit/537.36 (KHTML, like Gecko) Opera/76.0.0.0 Safari/537.36"
198.177.124.148 - - [23/Jul/2026:05:02:18 +0000] "POST /wp-cron.php?doing_wp_cron=1784782938.7065761089324951171875 HTTP/1.1" 200 - "-" "WordPress/7.0.2; https://queenrichglobasolution.shop"
153.185.251.67 - - [23/Jul/2026:05:02:16 +0000] "POST /xmlrpc.php HTTP/1.1" 200 403 "-" "Mozilla/5.0 (Windows NT 6.3; x86) AppleWebKit/537.36 (KHTML, like Gecko) Firefox/81.0.0.0 Safari/537.36"
153.185.251.67 - - [23/Jul/2026:05:02:35 +0000] "POST /xmlrpc.php HTTP/1.1" 200 403 "-" "Mozilla/5.0 (Windows NT 6.2; arm64) AppleWebKit/537.36 (KHTML, like Gecko) Safari/12.0.0.0 Safari/537.36"
153.185.251.67 - - [23/Jul/2026:05:02:52 +0000] "POST /xmlrpc.php HTTP/1.1" 200 403 "-" "Mozilla/5.0 (X11; Ubuntu; Linux x86_64; x64) AppleWebKit/537.36 (KHTML, like Gecko) Firefox/96.0.0.0 Safari/537.36"
153.185.251.67 - - [23/Jul/2026:05:03:09 +0000] "POST /xmlrpc.php HTTP/1.1" 200 403 "-" "Mozilla/5.0 (Windows NT 6.2; arm64) AppleWebKit/537.36 (KHTML, like Gecko) Chrome/80.0.0.0 Safari/537.36"
198.177.124.148 - - [23/Jul/2026:05:03:28 +0000] "POST /wp-cron.php?doing_wp_cron=1784783008.6649289131164550781250 HTTP/1.1" 200 - "-" "WordPress/7.0.2; https://queenrichglobasolution.shop"
