102.89.85.25 - - [22/Jul/2026:16:17:57 +0000] "GET /wp-admin/plugin-install.php HTTP/1.1" 404 116732 "https://queenrichglobasolution.shop/wp-admin/" "Mozilla/5.0 (Windows NT 10.0; Win64; x64) AppleWebKit/537.36 (KHTML, like Gecko) Chrome/109.0.0.0 Safari/537.36"
102.89.85.25 - - [22/Jul/2026:16:18:03 +0000] "GET /favicon.ico HTTP/1.1" 302 - "https://queenrichglobasolution.shop/wp-admin/plugin-install.php" "Mozilla/5.0 (Windows NT 10.0; Win64; x64) AppleWebKit/537.36 (KHTML, like Gecko) Chrome/109.0.0.0 Safari/537.36"
102.89.85.25 - - [22/Jul/2026:16:18:07 +0000] "POST /wp-admin/admin-ajax.php HTTP/1.1" 200 77 "https://queenrichglobasolution.shop/wp-admin/post.php?post=144&action=elementor" "Mozilla/5.0 (Windows NT 10.0; Win64; x64) AppleWebKit/537.36 (KHTML, like Gecko) Chrome/109.0.0.0 Safari/537.36"
102.89.85.25 - - [22/Jul/2026:16:18:08 +0000] "GET /digital-skill-training/ HTTP/1.1" 200 141349 "https://queenrichglobasolution.shop/wp-admin/plugin-install.php" "Mozilla/5.0 (Windows NT 10.0; Win64; x64) AppleWebKit/537.36 (KHTML, like Gecko) Chrome/109.0.0.0 Safari/537.36"
102.89.85.25 - - [22/Jul/2026:16:18:10 +0000] "GET /wp-content/uploads/elementor/css/post-144.css?ver=1784736248 HTTP/1.1" 304 - "https://queenrichglobasolution.shop/digital-skill-training/" "Mozilla/5.0 (Windows NT 10.0; Win64; x64) AppleWebKit/537.36 (KHTML, like Gecko) Chrome/109.0.0.0 Safari/537.36"
198.177.124.148 - - [22/Jul/2026:16:18:17 +0000] "POST /wp-cron.php?doing_wp_cron=1784737097.8310480117797851562500 HTTP/1.1" 200 - "-" "WordPress/7.0.2; https://queenrichglobasolution.shop"
102.89.85.25 - - [22/Jul/2026:16:18:17 +0000] "POST /wp-admin/admin-ajax.php HTTP/1.1" 200 77 "https://queenrichglobasolution.shop/wp-admin/post.php?post=144&action=elementor" "Mozilla/5.0 (Windows NT 10.0; Win64; x64) AppleWebKit/537.36 (KHTML, like Gecko) Chrome/109.0.0.0 Safari/537.36"
102.89.85.25 - - [22/Jul/2026:16:18:21 +0000] "GET /wp-content/plugins/wpforms-lite/assets/css/admin-wp7.0-compat.min.css?ver=2.0.0.2 HTTP/1.1" 304 - "https://queenrichglobasolution.shop/wp-admin/admin.php?page=wpforms-overview" "Mozilla/5.0 (Windows NT 10.0; Win64; x64) AppleWebKit/537.36 (KHTML, like Gecko) Chrome/109.0.0.0 Safari/537.36"
102.89.85.25 - - [22/Jul/2026:16:18:21 +0000] "GET /wp-content/plugins/wpforms-lite/assets/css/admin-wp5.7-colors.min.css?ver=2.0.0.2 HTTP/1.1" 304 - "https://queenrichglobasolution.shop/wp-admin/admin.php?page=wpforms-overview" "Mozilla/5.0 (Windows NT 10.0; Win64; x64) AppleWebKit/537.36 (KHTML, like Gecko) Chrome/109.0.0.0 Safari/537.36"
102.89.85.25 - - [22/Jul/2026:16:18:19 +0000] "GET /wp-admin/admin.php?page=wpforms-overview HTTP/1.1" 200 211961 "https://queenrichglobasolution.shop/digital-skill-training/" "Mozilla/5.0 (Windows NT 10.0; Win64; x64) AppleWebKit/537.36 (KHTML, like Gecko) Chrome/109.0.0.0 Safari/537.36"
102.89.85.25 - - [22/Jul/2026:16:18:21 +0000] "GET /wp-content/plugins/wpforms-lite/assets/lite/css/admin.min.css?ver=2.0.0.2 HTTP/1.1" 304 - "https://queenrichglobasolution.shop/wp-admin/admin.php?page=wpforms-overview" "Mozilla/5.0 (Windows NT 10.0; Win64; x64) AppleWebKit/537.36 (KHTML, like Gecko) Chrome/109.0.0.0 Safari/537.36"
102.89.85.25 - - [22/Jul/2026:16:18:21 +0000] "GET /wp-content/plugins/wpforms-lite/assets/css/admin-list-table-ext.min.css?ver=2.0.0.2 HTTP/1.1" 304 - "https://queenrichglobasolution.shop/wp-admin/admin.php?page=wpforms-overview" "Mozilla/5.0 (Windows NT 10.0; Win64; x64) AppleWebKit/537.36 (KHTML, like Gecko) Chrome/109.0.0.0 Safari/537.36"
102.89.85.25 - - [22/Jul/2026:16:18:21 +0000] "GET /wp-content/plugins/wpforms-lite/assets/css/admin.min.css?ver=2.0.0.2 HTTP/1.1" 304 - "https://queenrichglobasolution.shop/wp-admin/admin.php?page=wpforms-overview" "Mozilla/5.0 (Windows NT 10.0; Win64; x64) AppleWebKit/537.36 (KHTML, like Gecko) Chrome/109.0.0.0 Safari/537.36"
102.89.85.25 - - [22/Jul/2026:16:18:21 +0000] "GET /wp-content/plugins/wpforms-lite/assets/lib/wpforms-multiselect/wpforms-multiselect-checkboxes.min.css?ver=1.0.0 HTTP/1.1" 304 - "https://queenrichglobasolution.shop/wp-admin/admin.php?page=wpforms-overview" "Mozilla/5.0 (Windows NT 10.0; Win64; x64) AppleWebKit/537.36 (KHTML, like Gecko) Chrome/109.0.0.0 Safari/537.36"
102.89.85.25 - - [22/Jul/2026:16:18:21 +0000] "GET /wp-content/plugins/wpforms-lite/assets/js/admin/admin.min.js?ver=2.0.0.2 HTTP/1.1" 304 - "https://queenrichglobasolution.shop/wp-admin/admin.php?page=wpforms-overview" "Mozilla/5.0 (Windows NT 10.0; Win64; x64) AppleWebKit/537.36 (KHTML, like Gecko) Chrome/109.0.0.0 Safari/537.36"
102.89.85.25 - - [22/Jul/2026:16:18:22 +0000] "GET /wp-content/plugins/wpforms-lite/assets/images/education/blurred-value.svg HTTP/1.1" 304 - "https://queenrichglobasolution.shop/wp-admin/admin.php?page=wpforms-overview" "Mozilla/5.0 (Windows NT 10.0; Win64; x64) AppleWebKit/537.36 (KHTML, like Gecko) Chrome/109.0.0.0 Safari/537.36"
102.89.85.25 - - [22/Jul/2026:16:18:22 +0000] "GET /wp-content/plugins/wpforms-lite/assets/images/admin-flyout-menu/sullie-default.svg HTTP/1.1" 304 - "https://queenrichglobasolution.shop/wp-admin/admin.php?page=wpforms-overview" "Mozilla/5.0 (Windows NT 10.0; Win64; x64) AppleWebKit/537.36 (KHTML, like Gecko) Chrome/109.0.0.0 Safari/537.36"
102.89.85.25 - - [22/Jul/2026:16:18:22 +0000] "GET /wp-content/plugins/wpforms-lite/assets/images/logo.png HTTP/1.1" 304 - "https://queenrichglobasolution.shop/wp-admin/admin.php?page=wpforms-overview" "Mozilla/5.0 (Windows NT 10.0; Win64; x64) AppleWebKit/537.36 (KHTML, like Gecko) Chrome/109.0.0.0 Safari/537.36"
102.89.85.25 - - [22/Jul/2026:16:18:22 +0000] "GET /wp-content/plugins/wpforms-lite/assets/images/file-code.svg HTTP/1.1" 304 - "https://queenrichglobasolution.shop/wp-content/plugins/wpforms-lite/assets/css/admin.min.css?ver=2.0.0.2" "Mozilla/5.0 (Windows NT 10.0; Win64; x64) AppleWebKit/537.36 (KHTML, like Gecko) Chrome/109.0.0.0 Safari/537.36"
102.89.85.25 - - [22/Jul/2026:16:18:23 +0000] "GET /wp-content/plugins/wpforms-lite/assets/js/admin/share/list-table-ext.min.js?ver=2.0.0.2 HTTP/1.1" 304 - "https://queenrichglobasolution.shop/wp-admin/admin.php?page=wpforms-overview" "Mozilla/5.0 (Windows NT 10.0; Win64; x64) AppleWebKit/537.36 (KHTML, like Gecko) Chrome/109.0.0.0 Safari/537.36"
102.89.85.25 - - [22/Jul/2026:16:18:23 +0000] "GET /wp-content/plugins/wpforms-lite/assets/lib/wpforms-multiselect/wpforms-multiselect-checkboxes.min.js?ver=2.0.0.2 HTTP/1.1" 304 - "https://queenrichglobasolution.shop/wp-admin/admin.php?page=wpforms-overview" "Mozilla/5.0 (Windows NT 10.0; Win64; x64) AppleWebKit/537.36 (KHTML, like Gecko) Chrome/109.0.0.0 Safari/537.36"
102.89.85.25 - - [22/Jul/2026:16:18:23 +0000] "GET /wp-content/plugins/wpforms-lite/assets/lib/htmx.min.js?ver=2.0.0.2 HTTP/1.1" 304 - "https://queenrichglobasolution.shop/wp-admin/admin.php?page=wpforms-overview" "Mozilla/5.0 (Windows NT 10.0; Win64; x64) AppleWebKit/537.36 (KHTML, like Gecko) Chrome/109.0.0.0 Safari/537.36"
102.89.85.25 - - [22/Jul/2026:16:18:23 +0000] "GET /wp-content/plugins/wpforms-lite/assets/js/admin/forms/overview.min.js?ver=2.0.0.2 HTTP/1.1" 304 - "https://queenrichglobasolution.shop/wp-admin/admin.php?page=wpforms-overview" "Mozilla/5.0 (Windows NT 10.0; Win64; x64) AppleWebKit/537.36 (KHTML, like Gecko) Chrome/109.0.0.0 Safari/537.36"
102.89.85.25 - - [22/Jul/2026:16:18:23 +0000] "GET /wp-content/plugins/wpforms-lite/assets/js/admin/education/feature-tooltip.min.js?ver=2.0.0.2 HTTP/1.1" 304 - "https://queenrichglobasolution.shop/wp-admin/admin.php?page=wpforms-overview" "Mozilla/5.0 (Windows NT 10.0; Win64; x64) AppleWebKit/537.36 (KHTML, like Gecko) Chrome/109.0.0.0 Safari/537.36"
102.89.85.25 - - [22/Jul/2026:16:18:48 +0000] "GET / HTTP/1.1" 200 126185 "https://queenrichglobasolution.shop/wp-admin/admin.php?page=wpforms-overview" "Mozilla/5.0 (Windows NT 10.0; Win64; x64) AppleWebKit/537.36 (KHTML, like Gecko) Chrome/109.0.0.0 Safari/537.36"
102.89.85.25 - - [22/Jul/2026:16:18:52 +0000] "GET /wp-admin/ HTTP/1.1" 200 188726 "https://queenrichglobasolution.shop/" "Mozilla/5.0 (Windows NT 10.0; Win64; x64) AppleWebKit/537.36 (KHTML, like Gecko) Chrome/109.0.0.0 Safari/537.36"
102.89.85.25 - - [22/Jul/2026:16:18:52 +0000] "GET /wp-admin/ HTTP/1.1" 200 188759 "https://queenrichglobasolution.shop/" "Mozilla/5.0 (Windows NT 10.0; Win64; x64) AppleWebKit/537.36 (KHTML, like Gecko) Chrome/109.0.0.0 Safari/537.36"
102.89.85.25 - - [22/Jul/2026:16:19:06 +0000] "GET /wp-admin/plugins.php HTTP/1.1" 200 131940 "https://queenrichglobasolution.shop/wp-admin/" "Mozilla/5.0 (Windows NT 10.0; Win64; x64) AppleWebKit/537.36 (KHTML, like Gecko) Chrome/109.0.0.0 Safari/537.36"
102.89.85.25 - - [22/Jul/2026:16:19:11 +0000] "GET /wp-content/plugins/elementor/assets/js/admin-feedback.min.js?ver=4.2.0 HTTP/1.1" 304 - "https://queenrichglobasolution.shop/wp-admin/plugins.php" "Mozilla/5.0 (Windows NT 10.0; Win64; x64) AppleWebKit/537.36 (KHTML, like Gecko) Chrome/109.0.0.0 Safari/537.36"
198.177.124.148 - - [22/Jul/2026:16:19:23 +0000] "POST /wp-cron.php?doing_wp_cron=1784737163.8007159233093261718750 HTTP/1.1" 200 - "-" "WordPress/7.0.2; https://queenrichglobasolution.shop"
102.89.85.25 - - [22/Jul/2026:16:19:22 +0000] "POST /wp-admin/admin-ajax.php HTTP/1.1" 200 10710 "https://queenrichglobasolution.shop/wp-admin/plugins.php?s=wp&plugin_status=all" "Mozilla/5.0 (Windows NT 10.0; Win64; x64) AppleWebKit/537.36 (KHTML, like Gecko) Chrome/109.0.0.0 Safari/537.36"
102.89.85.25 - - [22/Jul/2026:16:19:24 +0000] "POST /wp-admin/admin-ajax.php HTTP/1.1" 200 1814 "https://queenrichglobasolution.shop/wp-admin/plugins.php?s=wp%20&plugin_status=all" "Mozilla/5.0 (Windows NT 10.0; Win64; x64) AppleWebKit/537.36 (KHTML, like Gecko) Chrome/109.0.0.0 Safari/537.36"
102.89.85.25 - - [22/Jul/2026:16:19:26 +0000] "POST /wp-admin/admin-ajax.php HTTP/1.1" 200 1817 "https://queenrichglobasolution.shop/wp-admin/plugins.php?s=wp%20m&plugin_status=all" "Mozilla/5.0 (Windows NT 10.0; Win64; x64) AppleWebKit/537.36 (KHTML, like Gecko) Chrome/109.0.0.0 Safari/537.36"
102.89.85.25 - - [22/Jul/2026:16:19:28 +0000] "POST /wp-admin/admin-ajax.php HTTP/1.1" 200 1820 "https://queenrichglobasolution.shop/wp-admin/plugins.php?s=wp%20ma&plugin_status=all" "Mozilla/5.0 (Windows NT 10.0; Win64; x64) AppleWebKit/537.36 (KHTML, like Gecko) Chrome/109.0.0.0 Safari/537.36"
102.89.85.25 - - [22/Jul/2026:16:19:30 +0000] "POST /wp-admin/admin-ajax.php HTTP/1.1" 200 1826 "https://queenrichglobasolution.shop/wp-admin/plugins.php?s=wp%20mail&plugin_status=all" "Mozilla/5.0 (Windows NT 10.0; Win64; x64) AppleWebKit/537.36 (KHTML, like Gecko) Chrome/109.0.0.0 Safari/537.36"
102.89.85.25 - - [22/Jul/2026:16:19:32 +0000] "POST /wp-admin/admin-ajax.php HTTP/1.1" 200 1829 "https://queenrichglobasolution.shop/wp-admin/plugins.php?s=wp%20mail%20&plugin_status=all" "Mozilla/5.0 (Windows NT 10.0; Win64; x64) AppleWebKit/537.36 (KHTML, like Gecko) Chrome/109.0.0.0 Safari/537.36"
102.89.85.25 - - [22/Jul/2026:16:19:34 +0000] "POST /wp-admin/admin-ajax.php HTTP/1.1" 200 1832 "https://queenrichglobasolution.shop/wp-admin/plugins.php?s=wp%20mail%20S&plugin_status=all" "Mozilla/5.0 (Windows NT 10.0; Win64; x64) AppleWebKit/537.36 (KHTML, like Gecko) Chrome/109.0.0.0 Safari/537.36"
102.89.85.25 - - [22/Jul/2026:16:19:36 +0000] "POST /wp-admin/admin-ajax.php HTTP/1.1" 200 1835 "https://queenrichglobasolution.shop/wp-admin/plugins.php?s=wp%20mail%20SM&plugin_status=all" "Mozilla/5.0 (Windows NT 10.0; Win64; x64) AppleWebKit/537.36 (KHTML, like Gecko) Chrome/109.0.0.0 Safari/537.36"
102.89.85.25 - - [22/Jul/2026:16:19:38 +0000] "POST /wp-admin/admin-ajax.php HTTP/1.1" 200 1838 "https://queenrichglobasolution.shop/wp-admin/plugins.php?s=wp%20mail%20SMT&plugin_status=all" "Mozilla/5.0 (Windows NT 10.0; Win64; x64) AppleWebKit/537.36 (KHTML, like Gecko) Chrome/109.0.0.0 Safari/537.36"
102.89.85.25 - - [22/Jul/2026:16:19:41 +0000] "POST /wp-admin/admin-ajax.php HTTP/1.1" 200 1841 "https://queenrichglobasolution.shop/wp-admin/plugins.php?s=wp%20mail%20SMTP&plugin_status=all" "Mozilla/5.0 (Windows NT 10.0; Win64; x64) AppleWebKit/537.36 (KHTML, like Gecko) Chrome/109.0.0.0 Safari/537.36"
102.89.85.25 - - [22/Jul/2026:16:20:08 +0000] "POST /wp-admin/admin-ajax.php HTTP/1.1" 200 77 "https://queenrichglobasolution.shop/wp-admin/post.php?post=144&action=elementor" "Mozilla/5.0 (Windows NT 10.0; Win64; x64) AppleWebKit/537.36 (KHTML, like Gecko) Chrome/109.0.0.0 Safari/537.36"
198.177.124.148 - - [22/Jul/2026:16:20:15 +0000] "POST /wp-cron.php?doing_wp_cron=1784737215.7599780559539794921875 HTTP/1.1" 200 - "-" "WordPress/7.0.2; https://queenrichglobasolution.shop"
102.89.85.25 - - [22/Jul/2026:16:20:13 +0000] "POST /wp-admin/admin-ajax.php HTTP/1.1" 200 47 "https://queenrichglobasolution.shop/wp-admin/plugins.php?s=wp%20mail%20SMTP&plugin_status=all" "Mozilla/5.0 (Windows NT 10.0; Win64; x64) AppleWebKit/537.36 (KHTML, like Gecko) Chrome/109.0.0.0 Safari/537.36"
102.89.85.25 - - [22/Jul/2026:16:20:17 +0000] "POST /wp-admin/admin-ajax.php HTTP/1.1" 200 77 "https://queenrichglobasolution.shop/wp-admin/post.php?post=144&action=elementor" "Mozilla/5.0 (Windows NT 10.0; Win64; x64) AppleWebKit/537.36 (KHTML, like Gecko) Chrome/109.0.0.0 Safari/537.36"
198.177.124.148 - - [22/Jul/2026:16:21:15 +0000] "POST /wp-cron.php?doing_wp_cron=1784737275.1519079208374023437500 HTTP/1.1" 200 - "-" "WordPress/7.0.2; https://queenrichglobasolution.shop"
102.89.85.25 - - [22/Jul/2026:16:21:14 +0000] "POST /wp-admin/admin-ajax.php HTTP/1.1" 200 47 "https://queenrichglobasolution.shop/wp-admin/plugins.php?s=wp%20mail%20SMTP&plugin_status=all" "Mozilla/5.0 (Windows NT 10.0; Win64; x64) AppleWebKit/537.36 (KHTML, like Gecko) Chrome/109.0.0.0 Safari/537.36"
102.89.85.25 - - [22/Jul/2026:16:21:17 +0000] "POST /wp-admin/admin-ajax.php HTTP/1.1" 200 15804 "https://queenrichglobasolution.shop/wp-admin/plugins.php?s=&plugin_status=all" "Mozilla/5.0 (Windows NT 10.0; Win64; x64) AppleWebKit/537.36 (KHTML, like Gecko) Chrome/109.0.0.0 Safari/537.36"
102.89.85.25 - - [22/Jul/2026:16:21:22 +0000] "GET /wp-admin/plugin-install.php HTTP/1.1" 404 116764 "https://queenrichglobasolution.shop/wp-admin/plugins.php?s=&plugin_status=all" "Mozilla/5.0 (Windows NT 10.0; Win64; x64) AppleWebKit/537.36 (KHTML, like Gecko) Chrome/109.0.0.0 Safari/537.36"
102.89.85.25 - - [22/Jul/2026:16:21:29 +0000] "POST /wp-admin/admin-ajax.php HTTP/1.1" 200 77 "https://queenrichglobasolution.shop/wp-admin/post.php?post=144&action=elementor" "Mozilla/5.0 (Windows NT 10.0; Win64; x64) AppleWebKit/537.36 (KHTML, like Gecko) Chrome/109.0.0.0 Safari/537.36"
102.89.85.25 - - [22/Jul/2026:16:21:30 +0000] "POST /wp-admin/admin-ajax.php HTTP/1.1" 200 47 "https://queenrichglobasolution.shop/wp-admin/admin.php?page=wpforms-builder&view=settings&form_id=187&section=notifications" "Mozilla/5.0 (Windows NT 10.0; Win64; x64) AppleWebKit/537.36 (KHTML, like Gecko) Chrome/109.0.0.0 Safari/537.36"
102.89.85.25 - - [22/Jul/2026:16:21:30 +0000] "GET /wp-json/elementor/v1/checklist/user-progress HTTP/1.1" 200 533 "https://queenrichglobasolution.shop/wp-admin/post.php?post=144&action=elementor" "Mozilla/5.0 (Windows NT 10.0; Win64; x64) AppleWebKit/537.36 (KHTML, like Gecko) Chrome/109.0.0.0 Safari/537.36"
102.89.85.25 - - [22/Jul/2026:16:21:37 +0000] "GET /wp-admin/post.php?post=144&action=elementor HTTP/1.1" 200 2314465 "https://queenrichglobasolution.shop/wp-admin/edit.php?post_type=page" "Mozilla/5.0 (Windows NT 10.0; Win64; x64) AppleWebKit/537.36 (KHTML, like Gecko) Chrome/109.0.0.0 Safari/537.36"
102.89.85.25 - - [22/Jul/2026:16:21:51 +0000] "GET /wp-json/elementor/v1/variables/list HTTP/1.1" 200 64 "https://queenrichglobasolution.shop/wp-admin/post.php?post=144&action=elementor" "Mozilla/5.0 (Windows NT 10.0; Win64; x64) AppleWebKit/537.36 (KHTML, like Gecko) Chrome/109.0.0.0 Safari/537.36"
102.89.85.25 - - [22/Jul/2026:16:21:55 +0000] "GET /digital-skill-training/?elementor-preview=144&ver=1784737300 HTTP/1.1" 200 126891 "https://queenrichglobasolution.shop/wp-admin/post.php?post=144&action=elementor" "Mozilla/5.0 (Windows NT 10.0; Win64; x64) AppleWebKit/537.36 (KHTML, like Gecko) Chrome/109.0.0.0 Safari/537.36"
102.89.85.25 - - [22/Jul/2026:16:21:55 +0000] "POST /wp-admin/admin-ajax.php HTTP/1.1" 200 77 "https://queenrichglobasolution.shop/wp-admin/post.php?post=144&action=elementor" "Mozilla/5.0 (Windows NT 10.0; Win64; x64) AppleWebKit/537.36 (KHTML, like Gecko) Chrome/109.0.0.0 Safari/537.36"
102.89.85.25 - - [22/Jul/2026:16:21:56 +0000] "GET /wp-json/elementor/v1/checklist/user-progress HTTP/1.1" 200 533 "https://queenrichglobasolution.shop/wp-admin/post.php?post=144&action=elementor" "Mozilla/5.0 (Windows NT 10.0; Win64; x64) AppleWebKit/537.36 (KHTML, like Gecko) Chrome/109.0.0.0 Safari/537.36"
102.89.85.25 - - [22/Jul/2026:16:21:57 +0000] "GET /wp-json/elementor/v1/global-classes?context=preview HTTP/1.1" 200 21 "https://queenrichglobasolution.shop/wp-admin/post.php?post=144&action=elementor" "Mozilla/5.0 (Windows NT 10.0; Win64; x64) AppleWebKit/537.36 (KHTML, like Gecko) Chrome/109.0.0.0 Safari/537.36"
102.89.85.25 - - [22/Jul/2026:16:21:57 +0000] "GET /wp-json/elementor/v1/global-classes/usage HTTP/1.1" 200 21 "https://queenrichglobasolution.shop/wp-admin/post.php?post=144&action=elementor" "Mozilla/5.0 (Windows NT 10.0; Win64; x64) AppleWebKit/537.36 (KHTML, like Gecko) Chrome/109.0.0.0 Safari/537.36"
102.89.85.25 - - [22/Jul/2026:16:21:56 +0000] "GET /wp-json/elementor/v1/site-navigation/recent-posts?posts_per_page=6&_locale=user HTTP/1.1" 200 995 "https://queenrichglobasolution.shop/wp-admin/post.php?post=144&action=elementor" "Mozilla/5.0 (Windows NT 10.0; Win64; x64) AppleWebKit/537.36 (KHTML, like Gecko) Chrome/109.0.0.0 Safari/537.36"
102.89.85.25 - - [22/Jul/2026:16:21:58 +0000] "GET /wp-json/elementor/v1/global-classes?context=frontend HTTP/1.1" 200 21 "https://queenrichglobasolution.shop/wp-admin/post.php?post=144&action=elementor" "Mozilla/5.0 (Windows NT 10.0; Win64; x64) AppleWebKit/537.36 (KHTML, like Gecko) Chrome/109.0.0.0 Safari/537.36"
102.89.85.25 - - [22/Jul/2026:16:21:59 +0000] "GET /wp-json/elementor/v1/components HTTP/1.1" 200 21 "https://queenrichglobasolution.shop/wp-admin/post.php?post=144&action=elementor" "Mozilla/5.0 (Windows NT 10.0; Win64; x64) AppleWebKit/537.36 (KHTML, like Gecko) Chrome/109.0.0.0 Safari/537.36"
102.89.85.25 - - [22/Jul/2026:16:22:01 +0000] "GET /wp-json/elementor/v1/kit-elements-defaults HTTP/1.1" 200 2 "https://queenrichglobasolution.shop/wp-admin/post.php?post=144&action=elementor" "Mozilla/5.0 (Windows NT 10.0; Win64; x64) AppleWebKit/537.36 (KHTML, like Gecko) Chrome/109.0.0.0 Safari/537.36"
102.89.85.25 - - [22/Jul/2026:16:22:01 +0000] "GET /wp-json/elementor/v1/user-data/current-user?context=edit HTTP/1.1" 200 1375 "https://queenrichglobasolution.shop/wp-admin/post.php?post=144&action=elementor" "Mozilla/5.0 (Windows NT 10.0; Win64; x64) AppleWebKit/537.36 (KHTML, like Gecko) Chrome/109.0.0.0 Safari/537.36"
102.89.85.25 - - [22/Jul/2026:16:22:01 +0000] "GET /wp-json/wpforms/v1/elementor/themes/?_locale=user HTTP/1.1" 200 9111 "https://queenrichglobasolution.shop/digital-skill-training/?elementor-preview=144&ver=1784737300" "Mozilla/5.0 (Windows NT 10.0; Win64; x64) AppleWebKit/537.36 (KHTML, like Gecko) Chrome/109.0.0.0 Safari/537.36"
102.89.85.25 - - [22/Jul/2026:16:22:02 +0000] "GET /wp-json/elementor/v1/globals HTTP/1.1" 200 884 "https://queenrichglobasolution.shop/wp-admin/post.php?post=144&action=elementor" "Mozilla/5.0 (Windows NT 10.0; Win64; x64) AppleWebKit/537.36 (KHTML, like Gecko) Chrome/109.0.0.0 Safari/537.36"
102.89.85.25 - - [22/Jul/2026:16:22:03 +0000] "GET /wp-json/elementor/v1/global-classes/post?context=preview&post_id=144 HTTP/1.1" 200 31 "https://queenrichglobasolution.shop/wp-admin/post.php?post=144&action=elementor" "Mozilla/5.0 (Windows NT 10.0; Win64; x64) AppleWebKit/537.36 (KHTML, like Gecko) Chrome/109.0.0.0 Safari/537.36"
102.89.85.25 - - [22/Jul/2026:16:22:05 +0000] "GET /wp-json/elementor/v1/global-classes/post?context=frontend&post_id=144 HTTP/1.1" 200 31 "https://queenrichglobasolution.shop/wp-admin/post.php?post=144&action=elementor" "Mozilla/5.0 (Windows NT 10.0; Win64; x64) AppleWebKit/537.36 (KHTML, like Gecko) Chrome/109.0.0.0 Safari/537.36"
102.89.85.25 - - [22/Jul/2026:16:22:09 +0000] "POST /wp-admin/admin-ajax.php HTTP/1.1" 200 114 "https://queenrichglobasolution.shop/wp-admin/post.php?post=144&action=elementor" "Mozilla/5.0 (Windows NT 10.0; Win64; x64) AppleWebKit/537.36 (KHTML, like Gecko) Chrome/109.0.0.0 Safari/537.36"
102.89.85.25 - - [22/Jul/2026:16:22:09 +0000] "POST /wp-admin/admin-ajax.php HTTP/1.1" 200 109 "https://queenrichglobasolution.shop/wp-admin/post.php?post=144&action=elementor" "Mozilla/5.0 (Windows NT 10.0; Win64; x64) AppleWebKit/537.36 (KHTML, like Gecko) Chrome/109.0.0.0 Safari/537.36"
102.89.85.25 - - [22/Jul/2026:16:22:10 +0000] "GET /wp-json/elementor/v1/global-classes?context=preview HTTP/1.1" 200 21 "https://queenrichglobasolution.shop/wp-admin/post.php?post=144&action=elementor" "Mozilla/5.0 (Windows NT 10.0; Win64; x64) AppleWebKit/537.36 (KHTML, like Gecko) Chrome/109.0.0.0 Safari/537.36"
102.89.85.25 - - [22/Jul/2026:16:22:10 +0000] "GET /wp-json/elementor/v1/global-classes?context=frontend HTTP/1.1" 200 21 "https://queenrichglobasolution.shop/wp-admin/post.php?post=144&action=elementor" "Mozilla/5.0 (Windows NT 10.0; Win64; x64) AppleWebKit/537.36 (KHTML, like Gecko) Chrome/109.0.0.0 Safari/537.36"
102.89.85.25 - - [22/Jul/2026:16:22:01 +0000] "POST /wp-admin/admin-ajax.php HTTP/1.1" 200 1484434 "https://queenrichglobasolution.shop/wp-admin/post.php?post=144&action=elementor" "Mozilla/5.0 (Windows NT 10.0; Win64; x64) AppleWebKit/537.36 (KHTML, like Gecko) Chrome/109.0.0.0 Safari/537.36"
198.177.124.148 - - [22/Jul/2026:16:22:14 +0000] "POST /wp-cron.php?doing_wp_cron=1784737334.5993909835815429687500 HTTP/1.1" 200 - "-" "WordPress/7.0.2; https://queenrichglobasolution.shop"
102.89.85.25 - - [22/Jul/2026:16:22:12 +0000] "POST /wp-admin/admin-ajax.php HTTP/1.1" 200 77 "https://queenrichglobasolution.shop/wp-admin/post.php?post=144&action=elementor" "Mozilla/5.0 (Windows NT 10.0; Win64; x64) AppleWebKit/537.36 (KHTML, like Gecko) Chrome/109.0.0.0 Safari/537.36"
102.89.85.25 - - [22/Jul/2026:16:22:13 +0000] "GET /wp-json/elementor/v1/global-classes/post?context=frontend&post_id=144 HTTP/1.1" 200 31 "https://queenrichglobasolution.shop/wp-admin/post.php?post=144&action=elementor" "Mozilla/5.0 (Windows NT 10.0; Win64; x64) AppleWebKit/537.36 (KHTML, like Gecko) Chrome/109.0.0.0 Safari/537.36"
102.89.85.25 - - [22/Jul/2026:16:22:13 +0000] "GET /wp-json/elementor/v1/global-classes/post?context=preview&post_id=144 HTTP/1.1" 200 31 "https://queenrichglobasolution.shop/wp-admin/post.php?post=144&action=elementor" "Mozilla/5.0 (Windows NT 10.0; Win64; x64) AppleWebKit/537.36 (KHTML, like Gecko) Chrome/109.0.0.0 Safari/537.36"
102.89.85.25 - - [22/Jul/2026:16:22:14 +0000] "POST /wp-admin/admin-ajax.php HTTP/1.1" 200 77 "https://queenrichglobasolution.shop/wp-admin/post.php?post=144&action=elementor" "Mozilla/5.0 (Windows NT 10.0; Win64; x64) AppleWebKit/537.36 (KHTML, like Gecko) Chrome/109.0.0.0 Safari/537.36"
102.89.85.25 - - [22/Jul/2026:16:22:13 +0000] "GET /favicon.ico HTTP/1.1" 302 - "https://queenrichglobasolution.shop/wp-admin/post.php?post=144&action=elementor" "Mozilla/5.0 (Windows NT 10.0; Win64; x64) AppleWebKit/537.36 (KHTML, like Gecko) Chrome/109.0.0.0 Safari/537.36"
102.89.85.25 - - [22/Jul/2026:16:22:29 +0000] "POST /wp-admin/admin-ajax.php HTTP/1.1" 200 77 "https://queenrichglobasolution.shop/wp-admin/post.php?post=144&action=elementor" "Mozilla/5.0 (Windows NT 10.0; Win64; x64) AppleWebKit/537.36 (KHTML, like Gecko) Chrome/109.0.0.0 Safari/537.36"
102.89.85.25 - - [22/Jul/2026:16:23:05 +0000] "GET /wp-admin/ HTTP/1.1" 200 188736 "-" "Mozilla/5.0 (Windows NT 10.0; Win64; x64) AppleWebKit/537.36 (KHTML, like Gecko) Chrome/109.0.0.0 Safari/537.36"
198.177.124.148 - - [22/Jul/2026:16:23:39 +0000] "POST /wp-cron.php?doing_wp_cron=1784737419.5228331089019775390625 HTTP/1.1" 200 - "-" "WordPress/7.0.2; https://queenrichglobasolution.shop"
102.89.85.25 - - [22/Jul/2026:16:23:37 +0000] "GET /wp-admin/plugin-install.php HTTP/1.1" 404 116732 "https://queenrichglobasolution.shop/wp-admin/" "Mozilla/5.0 (Windows NT 10.0; Win64; x64) AppleWebKit/537.36 (KHTML, like Gecko) Chrome/109.0.0.0 Safari/537.36"
102.89.85.25 - - [22/Jul/2026:16:18:44 +0000] "GET / HTTP/1.1" 200 126185 "https://queenrichglobasolution.shop/wp-admin/admin.php?page=wpforms-overview" "Mozilla/5.0 (Windows NT 10.0; Win64; x64) AppleWebKit/537.36 (KHTML, like Gecko) Chrome/109.0.0.0 Safari/537.36"
102.89.85.25 - - [22/Jul/2026:16:23:54 +0000] "GET /wp-admin/plugin-install.php HTTP/1.1" 404 116732 "-" "Mozilla/5.0 (Windows NT 10.0; Win64; x64) AppleWebKit/537.36 (KHTML, like Gecko) Chrome/109.0.0.0 Safari/537.36"
102.89.85.25 - - [22/Jul/2026:16:24:01 +0000] "GET /favicon.ico HTTP/1.1" 302 - "https://queenrichglobasolution.shop/wp-admin/plugin-install.php" "Mozilla/5.0 (Windows NT 10.0; Win64; x64) AppleWebKit/537.36 (KHTML, like Gecko) Chrome/109.0.0.0 Safari/537.36"
102.89.85.25 - - [22/Jul/2026:16:24:05 +0000] "POST /wp-admin/admin-ajax.php HTTP/1.1" 200 77 "https://queenrichglobasolution.shop/wp-admin/post.php?post=144&action=elementor" "Mozilla/5.0 (Windows NT 10.0; Win64; x64) AppleWebKit/537.36 (KHTML, like Gecko) Chrome/109.0.0.0 Safari/537.36"
102.89.85.25 - - [22/Jul/2026:16:24:05 +0000] "GET /wp-json/elementor/v1/checklist/user-progress HTTP/1.1" 200 533 "https://queenrichglobasolution.shop/wp-admin/post.php?post=144&action=elementor" "Mozilla/5.0 (Windows NT 10.0; Win64; x64) AppleWebKit/537.36 (KHTML, like Gecko) Chrome/109.0.0.0 Safari/537.36"
102.89.85.25 - - [22/Jul/2026:16:24:10 +0000] "POST /wp-admin/admin-ajax.php HTTP/1.1" 200 77 "https://queenrichglobasolution.shop/wp-admin/post.php?post=144&action=elementor" "Mozilla/5.0 (Windows NT 10.0; Win64; x64) AppleWebKit/537.36 (KHTML, like Gecko) Chrome/109.0.0.0 Safari/537.36"
198.177.124.148 - - [22/Jul/2026:16:24:15 +0000] "POST /wp-cron.php?doing_wp_cron=1784737455.7434198856353759765625 HTTP/1.1" 200 - "-" "WordPress/7.0.2; https://queenrichglobasolution.shop"
102.89.85.25 - - [22/Jul/2026:16:24:10 +0000] "GET /wp-admin/post.php?post=144&action=elementor HTTP/1.1" 200 2314442 "-" "Mozilla/5.0 (Windows NT 10.0; Win64; x64) AppleWebKit/537.36 (KHTML, like Gecko) Chrome/109.0.0.0 Safari/537.36"
102.89.85.25 - - [22/Jul/2026:16:24:18 +0000] "GET /wp-json/elementor/v1/variables/list HTTP/1.1" 200 64 "https://queenrichglobasolution.shop/wp-admin/post.php?post=144&action=elementor" "Mozilla/5.0 (Windows NT 10.0; Win64; x64) AppleWebKit/537.36 (KHTML, like Gecko) Chrome/109.0.0.0 Safari/537.36"
102.89.85.25 - - [22/Jul/2026:16:24:20 +0000] "POST /wp-admin/admin-ajax.php HTTP/1.1" 200 77 "https://queenrichglobasolution.shop/wp-admin/post.php?post=144&action=elementor" "Mozilla/5.0 (Windows NT 10.0; Win64; x64) AppleWebKit/537.36 (KHTML, like Gecko) Chrome/109.0.0.0 Safari/537.36"
102.89.85.25 - - [22/Jul/2026:16:24:20 +0000] "GET /wp-json/elementor/v1/site-navigation/recent-posts?posts_per_page=6&_locale=user HTTP/1.1" 200 995 "https://queenrichglobasolution.shop/wp-admin/post.php?post=144&action=elementor" "Mozilla/5.0 (Windows NT 10.0; Win64; x64) AppleWebKit/537.36 (KHTML, like Gecko) Chrome/109.0.0.0 Safari/537.36"
102.89.85.25 - - [22/Jul/2026:16:24:20 +0000] "GET /digital-skill-training/?elementor-preview=144&ver=1784737452 HTTP/1.1" 200 126891 "https://queenrichglobasolution.shop/wp-admin/post.php?post=144&action=elementor" "Mozilla/5.0 (Windows NT 10.0; Win64; x64) AppleWebKit/537.36 (KHTML, like Gecko) Chrome/109.0.0.0 Safari/537.36"
102.89.85.25 - - [22/Jul/2026:16:24:21 +0000] "GET /wp-json/elementor/v1/checklist/user-progress HTTP/1.1" 200 533 "https://queenrichglobasolution.shop/wp-admin/post.php?post=144&action=elementor" "Mozilla/5.0 (Windows NT 10.0; Win64; x64) AppleWebKit/537.36 (KHTML, like Gecko) Chrome/109.0.0.0 Safari/537.36"
102.89.85.25 - - [22/Jul/2026:16:24:21 +0000] "GET /wp-json/elementor/v1/global-classes/usage HTTP/1.1" 200 21 "https://queenrichglobasolution.shop/wp-admin/post.php?post=144&action=elementor" "Mozilla/5.0 (Windows NT 10.0; Win64; x64) AppleWebKit/537.36 (KHTML, like Gecko) Chrome/109.0.0.0 Safari/537.36"
102.89.85.25 - - [22/Jul/2026:16:24:21 +0000] "GET /wp-json/elementor/v1/global-classes?context=preview HTTP/1.1" 200 21 "https://queenrichglobasolution.shop/wp-admin/post.php?post=144&action=elementor" "Mozilla/5.0 (Windows NT 10.0; Win64; x64) AppleWebKit/537.36 (KHTML, like Gecko) Chrome/109.0.0.0 Safari/537.36"
102.89.85.25 - - [22/Jul/2026:16:24:22 +0000] "GET /wp-json/elementor/v1/global-classes?context=frontend HTTP/1.1" 200 21 "https://queenrichglobasolution.shop/wp-admin/post.php?post=144&action=elementor" "Mozilla/5.0 (Windows NT 10.0; Win64; x64) AppleWebKit/537.36 (KHTML, like Gecko) Chrome/109.0.0.0 Safari/537.36"
102.89.85.25 - - [22/Jul/2026:16:24:24 +0000] "GET /wp-json/elementor/v1/components HTTP/1.1" 200 21 "https://queenrichglobasolution.shop/wp-admin/post.php?post=144&action=elementor" "Mozilla/5.0 (Windows NT 10.0; Win64; x64) AppleWebKit/537.36 (KHTML, like Gecko) Chrome/109.0.0.0 Safari/537.36"
102.89.85.25 - - [22/Jul/2026:16:24:25 +0000] "GET /wp-json/elementor/v1/kit-elements-defaults HTTP/1.1" 200 2 "https://queenrichglobasolution.shop/wp-admin/post.php?post=144&action=elementor" "Mozilla/5.0 (Windows NT 10.0; Win64; x64) AppleWebKit/537.36 (KHTML, like Gecko) Chrome/109.0.0.0 Safari/537.36"
102.89.85.25 - - [22/Jul/2026:16:24:25 +0000] "GET /wp-json/elementor/v1/user-data/current-user?context=edit HTTP/1.1" 200 1375 "https://queenrichglobasolution.shop/wp-admin/post.php?post=144&action=elementor" "Mozilla/5.0 (Windows NT 10.0; Win64; x64) AppleWebKit/537.36 (KHTML, like Gecko) Chrome/109.0.0.0 Safari/537.36"
102.89.85.25 - - [22/Jul/2026:16:24:26 +0000] "GET /wp-json/wpforms/v1/elementor/themes/?_locale=user HTTP/1.1" 200 9111 "https://queenrichglobasolution.shop/digital-skill-training/?elementor-preview=144&ver=1784737452" "Mozilla/5.0 (Windows NT 10.0; Win64; x64) AppleWebKit/537.36 (KHTML, like Gecko) Chrome/109.0.0.0 Safari/537.36"
102.89.85.25 - - [22/Jul/2026:16:24:26 +0000] "GET /wp-json/elementor/v1/globals HTTP/1.1" 200 884 "https://queenrichglobasolution.shop/wp-admin/post.php?post=144&action=elementor" "Mozilla/5.0 (Windows NT 10.0; Win64; x64) AppleWebKit/537.36 (KHTML, like Gecko) Chrome/109.0.0.0 Safari/537.36"
102.89.85.25 - - [22/Jul/2026:16:24:29 +0000] "GET /wp-json/elementor/v1/global-classes/post?context=preview&post_id=144 HTTP/1.1" 200 31 "https://queenrichglobasolution.shop/wp-admin/post.php?post=144&action=elementor" "Mozilla/5.0 (Windows NT 10.0; Win64; x64) AppleWebKit/537.36 (KHTML, like Gecko) Chrome/109.0.0.0 Safari/537.36"
102.89.85.25 - - [22/Jul/2026:16:24:25 +0000] "POST /wp-admin/admin-ajax.php HTTP/1.1" 200 1484434 "https://queenrichglobasolution.shop/wp-admin/post.php?post=144&action=elementor" "Mozilla/5.0 (Windows NT 10.0; Win64; x64) AppleWebKit/537.36 (KHTML, like Gecko) Chrome/109.0.0.0 Safari/537.36"
102.89.85.25 - - [22/Jul/2026:16:24:30 +0000] "GET /wp-json/elementor/v1/global-classes/post?context=frontend&post_id=144 HTTP/1.1" 200 31 "https://queenrichglobasolution.shop/wp-admin/post.php?post=144&action=elementor" "Mozilla/5.0 (Windows NT 10.0; Win64; x64) AppleWebKit/537.36 (KHTML, like Gecko) Chrome/109.0.0.0 Safari/537.36"
102.89.85.25 - - [22/Jul/2026:16:24:32 +0000] "GET /wp-json/elementor/v1/user-data/current-user?context=edit HTTP/1.1" 200 1375 "https://queenrichglobasolution.shop/wp-admin/post.php?post=144&action=elementor" "Mozilla/5.0 (Windows NT 10.0; Win64; x64) AppleWebKit/537.36 (KHTML, like Gecko) Chrome/109.0.0.0 Safari/537.36"
102.89.85.25 - - [22/Jul/2026:16:24:37 +0000] "POST /wp-admin/admin-ajax.php HTTP/1.1" 200 77 "https://queenrichglobasolution.shop/wp-admin/post.php?post=144&action=elementor" "Mozilla/5.0 (Windows NT 10.0; Win64; x64) AppleWebKit/537.36 (KHTML, like Gecko) Chrome/109.0.0.0 Safari/537.36"
102.89.85.25 - - [22/Jul/2026:16:24:37 +0000] "GET /wp-json/elementor/v1/global-classes?context=frontend HTTP/1.1" 200 21 "https://queenrichglobasolution.shop/wp-admin/post.php?post=144&action=elementor" "Mozilla/5.0 (Windows NT 10.0; Win64; x64) AppleWebKit/537.36 (KHTML, like Gecko) Chrome/109.0.0.0 Safari/537.36"
102.89.85.25 - - [22/Jul/2026:16:24:35 +0000] "POST /wp-admin/admin-ajax.php HTTP/1.1" 200 109 "https://queenrichglobasolution.shop/wp-admin/post.php?post=144&action=elementor" "Mozilla/5.0 (Windows NT 10.0; Win64; x64) AppleWebKit/537.36 (KHTML, like Gecko) Chrome/109.0.0.0 Safari/537.36"
102.89.85.25 - - [22/Jul/2026:16:24:36 +0000] "GET /wp-json/elementor/v1/global-classes?context=preview HTTP/1.1" 200 21 "https://queenrichglobasolution.shop/wp-admin/post.php?post=144&action=elementor" "Mozilla/5.0 (Windows NT 10.0; Win64; x64) AppleWebKit/537.36 (KHTML, like Gecko) Chrome/109.0.0.0 Safari/537.36"
102.89.85.25 - - [22/Jul/2026:16:24:35 +0000] "POST /wp-admin/admin-ajax.php HTTP/1.1" 200 114 "https://queenrichglobasolution.shop/wp-admin/post.php?post=144&action=elementor" "Mozilla/5.0 (Windows NT 10.0; Win64; x64) AppleWebKit/537.36 (KHTML, like Gecko) Chrome/109.0.0.0 Safari/537.36"
102.89.85.25 - - [22/Jul/2026:16:24:43 +0000] "GET /favicon.ico HTTP/1.1" 302 - "https://queenrichglobasolution.shop/wp-admin/post.php?post=144&action=elementor" "Mozilla/5.0 (Windows NT 10.0; Win64; x64) AppleWebKit/537.36 (KHTML, like Gecko) Chrome/109.0.0.0 Safari/537.36"
102.89.85.25 - - [22/Jul/2026:16:24:43 +0000] "GET /wp-json/elementor/v1/global-classes/post?context=preview&post_id=144 HTTP/1.1" 200 31 "https://queenrichglobasolution.shop/wp-admin/post.php?post=144&action=elementor" "Mozilla/5.0 (Windows NT 10.0; Win64; x64) AppleWebKit/537.36 (KHTML, like Gecko) Chrome/109.0.0.0 Safari/537.36"
102.89.85.25 - - [22/Jul/2026:16:24:43 +0000] "GET /wp-json/elementor/v1/global-classes/post?context=frontend&post_id=144 HTTP/1.1" 200 31 "https://queenrichglobasolution.shop/wp-admin/post.php?post=144&action=elementor" "Mozilla/5.0 (Windows NT 10.0; Win64; x64) AppleWebKit/537.36 (KHTML, like Gecko) Chrome/109.0.0.0 Safari/537.36"
102.89.85.25 - - [22/Jul/2026:16:24:51 +0000] "POST /wp-admin/admin-ajax.php HTTP/1.1" 200 77 "https://queenrichglobasolution.shop/wp-admin/post.php?post=144&action=elementor" "Mozilla/5.0 (Windows NT 10.0; Win64; x64) AppleWebKit/537.36 (KHTML, like Gecko) Chrome/109.0.0.0 Safari/537.36"
102.89.85.25 - - [22/Jul/2026:16:24:57 +0000] "POST /wp-admin/admin-ajax.php HTTP/1.1" 200 77 "https://queenrichglobasolution.shop/wp-admin/post.php?post=144&action=elementor" "Mozilla/5.0 (Windows NT 10.0; Win64; x64) AppleWebKit/537.36 (KHTML, like Gecko) Chrome/109.0.0.0 Safari/537.36"
102.89.85.25 - - [22/Jul/2026:16:24:57 +0000] "GET /wp-json/elementor/v1/checklist/user-progress HTTP/1.1" 200 533 "https://queenrichglobasolution.shop/wp-admin/post.php?post=144&action=elementor" "Mozilla/5.0 (Windows NT 10.0; Win64; x64) AppleWebKit/537.36 (KHTML, like Gecko) Chrome/109.0.0.0 Safari/537.36"
198.177.124.148 - - [22/Jul/2026:16:25:14 +0000] "POST /wp-cron.php?doing_wp_cron=1784737514.8694911003112792968750 HTTP/1.1" 200 - "-" "WordPress/7.0.2; https://queenrichglobasolution.shop"
102.89.85.25 - - [22/Jul/2026:16:25:13 +0000] "POST /wp-admin/admin-ajax.php HTTP/1.1" 200 77 "https://queenrichglobasolution.shop/wp-admin/post.php?post=144&action=elementor" "Mozilla/5.0 (Windows NT 10.0; Win64; x64) AppleWebKit/537.36 (KHTML, like Gecko) Chrome/109.0.0.0 Safari/537.36"
102.89.85.25 - - [22/Jul/2026:16:25:27 +0000] "POST /wp-admin/admin-ajax.php HTTP/1.1" 200 77 "https://queenrichglobasolution.shop/wp-admin/post.php?post=144&action=elementor" "Mozilla/5.0 (Windows NT 10.0; Win64; x64) AppleWebKit/537.36 (KHTML, like Gecko) Chrome/109.0.0.0 Safari/537.36"
102.89.85.25 - - [22/Jul/2026:16:25:30 +0000] "GET /wp-admin/ HTTP/1.1" 200 188736 "-" "Mozilla/5.0 (Windows NT 10.0; Win64; x64) AppleWebKit/537.36 (KHTML, like Gecko) Chrome/109.0.0.0 Safari/537.36"
198.177.124.148 - - [22/Jul/2026:16:26:38 +0000] "POST /wp-cron.php?doing_wp_cron=1784737598.5407359600067138671875 HTTP/1.1" 200 - "-" "WordPress/7.0.2; https://queenrichglobasolution.shop"
102.89.85.25 - - [22/Jul/2026:16:26:36 +0000] "POST /wp-admin/admin-ajax.php HTTP/1.1" 200 47 "https://queenrichglobasolution.shop/wp-admin/" "Mozilla/5.0 (Windows NT 10.0; Win64; x64) AppleWebKit/537.36 (KHTML, like Gecko) Chrome/109.0.0.0 Safari/537.36"
102.89.85.25 - - [22/Jul/2026:16:27:05 +0000] "GET /wp-admin/plugin-install.php HTTP/1.1" 404 116732 "https://queenrichglobasolution.shop/wp-admin/" "Mozilla/5.0 (Windows NT 10.0; Win64; x64) AppleWebKit/537.36 (KHTML, like Gecko) Chrome/109.0.0.0 Safari/537.36"
198.177.124.148 - - [22/Jul/2026:16:28:33 +0000] "POST /wp-cron.php?doing_wp_cron=1784737713.3187870979309082031250 HTTP/1.1" 200 - "-" "WordPress/7.0.2; https://queenrichglobasolution.shop"
102.89.85.25 - - [22/Jul/2026:16:28:29 +0000] "GET /wp-admin/plugin-install.php HTTP/1.1" 404 116732 "https://queenrichglobasolution.shop/wp-admin/" "Mozilla/5.0 (Windows NT 10.0; Win64; x64) AppleWebKit/537.36 (KHTML, like Gecko) Chrome/109.0.0.0 Safari/537.36"
102.89.85.25 - - [22/Jul/2026:16:28:34 +0000] "GET /favicon.ico HTTP/1.1" 302 - "https://queenrichglobasolution.shop/wp-admin/plugin-install.php" "Mozilla/5.0 (Windows NT 10.0; Win64; x64) AppleWebKit/537.36 (KHTML, like Gecko) Chrome/109.0.0.0 Safari/537.36"
102.89.85.25 - - [22/Jul/2026:16:28:39 +0000] "GET /wp-admin/plugin-install.php HTTP/1.1" 404 116732 "https://queenrichglobasolution.shop/wp-admin/" "Mozilla/5.0 (Windows NT 10.0; Win64; x64) AppleWebKit/537.36 (KHTML, like Gecko) Chrome/109.0.0.0 Safari/537.36"
102.89.85.25 - - [22/Jul/2026:16:28:47 +0000] "GET /favicon.ico HTTP/1.1" 500 2559 "https://queenrichglobasolution.shop/wp-admin/plugin-install.php" "Mozilla/5.0 (Windows NT 10.0; Win64; x64) AppleWebKit/537.36 (KHTML, like Gecko) Chrome/109.0.0.0 Safari/537.36"
198.177.124.148 - - [22/Jul/2026:16:31:47 +0000] "POST /wp-cron.php?doing_wp_cron=1784737907.6166560649871826171875 HTTP/1.1" 200 - "-" "WordPress/7.0.2; https://queenrichglobasolution.shop"
102.89.85.25 - - [22/Jul/2026:16:31:45 +0000] "GET /wp-admin/plugins.php HTTP/1.1" 200 131940 "-" "Mozilla/5.0 (Windows NT 10.0; Win64; x64) AppleWebKit/537.36 (KHTML, like Gecko) Chrome/109.0.0.0 Safari/537.36"
102.89.85.25 - - [22/Jul/2026:16:31:51 +0000] "GET /favicon.ico HTTP/1.1" 302 - "https://queenrichglobasolution.shop/wp-admin/plugins.php" "Mozilla/5.0 (Windows NT 10.0; Win64; x64) AppleWebKit/537.36 (KHTML, like Gecko) Chrome/109.0.0.0 Safari/537.36"
198.177.124.148 - - [22/Jul/2026:16:32:53 +0000] "POST /wp-cron.php?doing_wp_cron=1784737973.4852170944213867187500 HTTP/1.1" 200 - "-" "WordPress/7.0.2; https://queenrichglobasolution.shop"
102.89.85.25 - - [22/Jul/2026:16:32:52 +0000] "POST /wp-admin/admin-ajax.php HTTP/1.1" 200 47 "https://queenrichglobasolution.shop/wp-admin/plugins.php" "Mozilla/5.0 (Windows NT 10.0; Win64; x64) AppleWebKit/537.36 (KHTML, like Gecko) Chrome/109.0.0.0 Safari/537.36"
102.89.85.25 - - [22/Jul/2026:16:33:06 +0000] "GET /wp-admin/plugin-install.php HTTP/1.1" 404 116743 "https://queenrichglobasolution.shop/wp-admin/plugins.php" "Mozilla/5.0 (Windows NT 10.0; Win64; x64) AppleWebKit/537.36 (KHTML, like Gecko) Chrome/109.0.0.0 Safari/537.36"
198.177.124.148 - - [22/Jul/2026:16:35:08 +0000] "POST /wp-cron.php?doing_wp_cron=1784738108.1210680007934570312500 HTTP/1.1" 200 - "-" "WordPress/7.0.2; https://queenrichglobasolution.shop"
102.89.85.25 - - [22/Jul/2026:16:35:06 +0000] "GET /wp-admin/plugin-install.php HTTP/1.1" 404 116732 "-" "Mozilla/5.0 (Windows NT 10.0; Win64; x64) AppleWebKit/537.36 (KHTML, like Gecko) Chrome/109.0.0.0 Safari/537.36"
102.89.85.25 - - [22/Jul/2026:16:35:09 +0000] "GET /favicon.ico HTTP/1.1" 302 - "https://queenrichglobasolution.shop/wp-admin/plugin-install.php" "Mozilla/5.0 (Windows NT 10.0; Win64; x64) AppleWebKit/537.36 (KHTML, like Gecko) Chrome/109.0.0.0 Safari/537.36"
198.177.124.148 - - [22/Jul/2026:16:36:27 +0000] "POST /wp-cron.php?doing_wp_cron=1784738187.5609400272369384765625 HTTP/1.1" 200 - "-" "WordPress/7.0.2; https://queenrichglobasolution.shop"
102.89.85.25 - - [22/Jul/2026:16:36:26 +0000] "GET /wp-admin/plugins.php HTTP/1.1" 302 - "-" "Mozilla/5.0 (Windows NT 10.0; Win64; x64) AppleWebKit/537.36 (KHTML, like Gecko) Chrome/109.0.0.0 Safari/537.36"
102.89.85.25 - - [22/Jul/2026:16:36:27 +0000] "GET /wp-login.php?redirect_to=https%3A%2F%2Fqueenrichglobasolution.shop%2Fwp-admin%2Fplugins.php&reauth=1 HTTP/1.1" 200 4896 "-" "Mozilla/5.0 (Windows NT 10.0; Win64; x64) AppleWebKit/537.36 (KHTML, like Gecko) Chrome/109.0.0.0 Safari/537.36"
102.89.85.25 - - [22/Jul/2026:16:36:30 +0000] "GET /wp-admin/plugins.php HTTP/1.1" 302 - "-" "Mozilla/5.0 (Windows NT 10.0; Win64; x64) AppleWebKit/537.36 (KHTML, like Gecko) Chrome/109.0.0.0 Safari/537.36"
102.89.85.25 - - [22/Jul/2026:16:36:31 +0000] "GET /wp-login.php?redirect_to=https%3A%2F%2Fqueenrichglobasolution.shop%2Fwp-admin%2Fplugins.php&reauth=1 HTTP/1.1" 200 4896 "-" "Mozilla/5.0 (Windows NT 10.0; Win64; x64) AppleWebKit/537.36 (KHTML, like Gecko) Chrome/109.0.0.0 Safari/537.36"
102.89.85.25 - - [22/Jul/2026:16:36:37 +0000] "POST /wp-login.php HTTP/1.1" 302 - "https://queenrichglobasolution.shop/wp-login.php?redirect_to=https%3A%2F%2Fqueenrichglobasolution.shop%2Fwp-admin%2Fplugins.php&reauth=1" "Mozilla/5.0 (Windows NT 10.0; Win64; x64) AppleWebKit/537.36 (KHTML, like Gecko) Chrome/109.0.0.0 Safari/537.36"
102.89.85.25 - - [22/Jul/2026:16:36:38 +0000] "GET /wp-admin/plugins.php HTTP/1.1" 200 132030 "https://queenrichglobasolution.shop/wp-login.php?redirect_to=https%3A%2F%2Fqueenrichglobasolution.shop%2Fwp-admin%2Fplugins.php&reauth=1" "Mozilla/5.0 (Windows NT 10.0; Win64; x64) AppleWebKit/537.36 (KHTML, like Gecko) Chrome/109.0.0.0 Safari/537.36"
198.177.124.148 - - [22/Jul/2026:16:37:44 +0000] "POST /wp-cron.php?doing_wp_cron=1784738264.8361918926239013671875 HTTP/1.1" 200 - "-" "WordPress/7.0.2; https://queenrichglobasolution.shop"
102.89.85.25 - - [22/Jul/2026:16:37:43 +0000] "POST /wp-admin/admin-ajax.php HTTP/1.1" 200 47 "https://queenrichglobasolution.shop/wp-admin/plugins.php" "Mozilla/5.0 (Windows NT 10.0; Win64; x64) AppleWebKit/537.36 (KHTML, like Gecko) Chrome/109.0.0.0 Safari/537.36"
198.177.124.148 - - [22/Jul/2026:16:38:25 +0000] "POST /wp-cron.php?doing_wp_cron=1784738305.5688159465789794921875 HTTP/1.1" 200 - "-" "WordPress/7.0.2; https://queenrichglobasolution.shop"
102.89.85.25 - - [22/Jul/2026:16:38:24 +0000] "GET /wp-admin/plugin-install.php HTTP/1.1" 404 116743 "https://queenrichglobasolution.shop/wp-admin/plugins.php" "Mozilla/5.0 (Windows NT 10.0; Win64; x64) AppleWebKit/537.36 (KHTML, like Gecko) Chrome/109.0.0.0 Safari/537.36"
102.89.85.25 - - [22/Jul/2026:16:43:30 +0000] "GET /wp-admin/ HTTP/1.1" 302 - "-" "Mozilla/5.0 (Windows NT 10.0; Win64; x64) AppleWebKit/537.36 (KHTML, like Gecko) Chrome/109.0.0.0 Safari/537.36"
102.89.85.25 - - [22/Jul/2026:16:43:31 +0000] "GET /wp-login.php?redirect_to=https%3A%2F%2Fqueenrichglobasolution.shop%2Fwp-admin%2F&reauth=1 HTTP/1.1" 200 4885 "-" "Mozilla/5.0 (Windows NT 10.0; Win64; x64) AppleWebKit/537.36 (KHTML, like Gecko) Chrome/109.0.0.0 Safari/537.36"
102.89.85.25 - - [22/Jul/2026:16:43:33 +0000] "GET /wp-includes/js/dist/i18n.min.js?ver=781d11515ad3d91786ec HTTP/1.1" 200 5732 "https://queenrichglobasolution.shop/wp-login.php?redirect_to=https%3A%2F%2Fqueenrichglobasolution.shop%2Fwp-admin%2F&reauth=1" "Mozilla/5.0 (Windows NT 10.0; Win64; x64) AppleWebKit/537.36 (KHTML, like Gecko) Chrome/109.0.0.0 Safari/537.36"
102.89.85.25 - - [22/Jul/2026:16:43:33 +0000] "GET /wp-includes/js/underscore.min.js?ver=1.13.8 HTTP/1.1" 200 19012 "https://queenrichglobasolution.shop/wp-login.php?redirect_to=https%3A%2F%2Fqueenrichglobasolution.shop%2Fwp-admin%2F&reauth=1" "Mozilla/5.0 (Windows NT 10.0; Win64; x64) AppleWebKit/537.36 (KHTML, like Gecko) Chrome/109.0.0.0 Safari/537.36"
102.89.85.25 - - [22/Jul/2026:16:43:33 +0000] "GET /wp-admin/js/password-strength-meter.min.js?ver=7.0.2 HTTP/1.1" 200 1123 "https://queenrichglobasolution.shop/wp-login.php?redirect_to=https%3A%2F%2Fqueenrichglobasolution.shop%2Fwp-admin%2F&reauth=1" "Mozilla/5.0 (Windows NT 10.0; Win64; x64) AppleWebKit/537.36 (KHTML, like Gecko) Chrome/109.0.0.0 Safari/537.36"
102.89.85.25 - - [22/Jul/2026:16:43:32 +0000] "GET /wp-admin/load-styles.php?c=1&dir=ltr&load%5Bchunk_0%5D=dashicons,buttons,forms,l10n,wp-base-styles,login&ver=7.0.2 HTTP/1.1" 200 111601 "https://queenrichglobasolution.shop/wp-login.php?redirect_to=https%3A%2F%2Fqueenrichglobasolution.shop%2Fwp-admin%2F&reauth=1" "Mozilla/5.0 (Windows NT 10.0; Win64; x64) AppleWebKit/537.36 (KHTML, like Gecko) Chrome/109.0.0.0 Safari/537.36"
102.89.85.25 - - [22/Jul/2026:16:43:33 +0000] "GET /wp-includes/js/wp-util.min.js?ver=7.0.2 HTTP/1.1" 200 1431 "https://queenrichglobasolution.shop/wp-login.php?redirect_to=https%3A%2F%2Fqueenrichglobasolution.shop%2Fwp-admin%2F&reauth=1" "Mozilla/5.0 (Windows NT 10.0; Win64; x64) AppleWebKit/537.36 (KHTML, like Gecko) Chrome/109.0.0.0 Safari/537.36"
102.89.85.25 - - [22/Jul/2026:16:43:32 +0000] "GET /wp-admin/load-scripts.php?c=1&load%5Bchunk_0%5D=clipboard,jquery-core,jquery-migrate,zxcvbn-async,wp-hooks&ver=7.0.2 HTTP/1.1" 200 115545 "https://queenrichglobasolution.shop/wp-login.php?redirect_to=https%3A%2F%2Fqueenrichglobasolution.shop%2Fwp-admin%2F&reauth=1" "Mozilla/5.0 (Windows NT 10.0; Win64; x64) AppleWebKit/537.36 (KHTML, like Gecko) Chrome/109.0.0.0 Safari/537.36"
102.89.85.25 - - [22/Jul/2026:16:43:33 +0000] "GET /wp-includes/js/dist/dom-ready.min.js?ver=a06281ae5cf5500e9317 HTTP/1.1" 200 818 "https://queenrichglobasolution.shop/wp-login.php?redirect_to=https%3A%2F%2Fqueenrichglobasolution.shop%2Fwp-admin%2F&reauth=1" "Mozilla/5.0 (Windows NT 10.0; Win64; x64) AppleWebKit/537.36 (KHTML, like Gecko) Chrome/109.0.0.0 Safari/537.36"
102.89.85.25 - - [22/Jul/2026:16:43:33 +0000] "GET /wp-includes/js/dist/a11y.min.js?ver=af934e5259bc51b8718e HTTP/1.1" 200 2503 "https://queenrichglobasolution.shop/wp-login.php?redirect_to=https%3A%2F%2Fqueenrichglobasolution.shop%2Fwp-admin%2F&reauth=1" "Mozilla/5.0 (Windows NT 10.0; Win64; x64) AppleWebKit/537.36 (KHTML, like Gecko) Chrome/109.0.0.0 Safari/537.36"
102.89.85.25 - - [22/Jul/2026:16:43:33 +0000] "GET /wp-admin/js/user-profile.min.js?ver=7.0.2 HTTP/1.1" 200 7997 "https://queenrichglobasolution.shop/wp-login.php?redirect_to=https%3A%2F%2Fqueenrichglobasolution.shop%2Fwp-admin%2F&reauth=1" "Mozilla/5.0 (Windows NT 10.0; Win64; x64) AppleWebKit/537.36 (KHTML, like Gecko) Chrome/109.0.0.0 Safari/537.36"
102.89.85.25 - - [22/Jul/2026:16:43:33 +0000] "GET /wp-admin/images/wordpress-logo-gray.svg?ver=20260303 HTTP/1.1" 200 1521 "https://queenrichglobasolution.shop/wp-admin/load-styles.php?c=1&dir=ltr&load%5Bchunk_0%5D=dashicons,buttons,forms,l10n,wp-base-styles,login&ver=7.0.2" "Mozilla/5.0 (Windows NT 10.0; Win64; x64) AppleWebKit/537.36 (KHTML, like Gecko) Chrome/109.0.0.0 Safari/537.36"
102.89.85.25 - - [22/Jul/2026:16:43:34 +0000] "GET /favicon.ico HTTP/1.1" 302 - "https://queenrichglobasolution.shop/wp-login.php?redirect_to=https%3A%2F%2Fqueenrichglobasolution.shop%2Fwp-admin%2F&reauth=1" "Mozilla/5.0 (Windows NT 10.0; Win64; x64) AppleWebKit/537.36 (KHTML, like Gecko) Chrome/109.0.0.0 Safari/537.36"
102.89.85.25 - - [22/Jul/2026:16:43:35 +0000] "GET /wp-includes/images/w-logo-blue-white-bg.png HTTP/1.1" 200 4119 "https://queenrichglobasolution.shop/wp-login.php?redirect_to=https%3A%2F%2Fqueenrichglobasolution.shop%2Fwp-admin%2F&reauth=1" "Mozilla/5.0 (Windows NT 10.0; Win64; x64) AppleWebKit/537.36 (KHTML, like Gecko) Chrome/109.0.0.0 Safari/537.36"
102.89.85.25 - - [22/Jul/2026:16:43:34 +0000] "GET /wp-includes/js/zxcvbn.min.js HTTP/1.1" 200 822237 "https://queenrichglobasolution.shop/wp-login.php?redirect_to=https%3A%2F%2Fqueenrichglobasolution.shop%2Fwp-admin%2F&reauth=1" "Mozilla/5.0 (Windows NT 10.0; Win64; x64) AppleWebKit/537.36 (KHTML, like Gecko) Chrome/109.0.0.0 Safari/537.36"
102.89.85.25 - - [22/Jul/2026:16:43:45 +0000] "POST /wp-login.php HTTP/1.1" 302 - "https://queenrichglobasolution.shop/wp-login.php?redirect_to=https%3A%2F%2Fqueenrichglobasolution.shop%2Fwp-admin%2F&reauth=1" "Mozilla/5.0 (Windows NT 10.0; Win64; x64) AppleWebKit/537.36 (KHTML, like Gecko) Chrome/109.0.0.0 Safari/537.36"
102.89.85.25 - - [22/Jul/2026:16:43:46 +0000] "GET /wp-admin/ HTTP/1.1" 200 188815 "https://queenrichglobasolution.shop/wp-login.php?redirect_to=https%3A%2F%2Fqueenrichglobasolution.shop%2Fwp-admin%2F&reauth=1" "Mozilla/5.0 (Windows NT 10.0; Win64; x64) AppleWebKit/537.36 (KHTML, like Gecko) Chrome/109.0.0.0 Safari/537.36"
102.89.85.25 - - [22/Jul/2026:16:43:49 +0000] "GET /wp-includes/js/thickbox/thickbox.css?ver=7.0.2 HTTP/1.1" 200 2668 "https://queenrichglobasolution.shop/wp-admin/" "Mozilla/5.0 (Windows NT 10.0; Win64; x64) AppleWebKit/537.36 (KHTML, like Gecko) Chrome/109.0.0.0 Safari/537.36"
102.89.85.25 - - [22/Jul/2026:16:43:49 +0000] "GET /wp-content/plugins/wpforms-lite/assets/lib/font-awesome/css/v4-shims.min.css?ver=4.7.0 HTTP/1.1" 200 21210 "https://queenrichglobasolution.shop/wp-admin/" "Mozilla/5.0 (Windows NT 10.0; Win64; x64) AppleWebKit/537.36 (KHTML, like Gecko) Chrome/109.0.0.0 Safari/537.36"
102.89.85.25 - - [22/Jul/2026:16:43:49 +0000] "GET /wp-admin/css/colors/ectoplasm/colors.min.css?ver=7.0.2 HTTP/1.1" 200 21782 "https://queenrichglobasolution.shop/wp-admin/" "Mozilla/5.0 (Windows NT 10.0; Win64; x64) AppleWebKit/537.36 (KHTML, like Gecko) Chrome/109.0.0.0 Safari/537.36"
