102.89.85.25 - - [22/Jul/2026:15:59:38 +0000] "POST /wp-admin/admin-ajax.php HTTP/1.1" 200 77 "https://queenrichglobasolution.shop/wp-admin/post.php?post=144&action=elementor" "Mozilla/5.0 (Windows NT 10.0; Win64; x64) AppleWebKit/537.36 (KHTML, like Gecko) Chrome/109.0.0.0 Safari/537.36"
102.89.85.25 - - [22/Jul/2026:15:59:52 +0000] "POST /wp-admin/admin-ajax.php HTTP/1.1" 200 77 "https://queenrichglobasolution.shop/wp-admin/post.php?post=144&action=elementor" "Mozilla/5.0 (Windows NT 10.0; Win64; x64) AppleWebKit/537.36 (KHTML, like Gecko) Chrome/109.0.0.0 Safari/537.36"
102.89.85.25 - - [22/Jul/2026:16:00:08 +0000] "POST /wp-admin/admin-ajax.php HTTP/1.1" 200 77 "https://queenrichglobasolution.shop/wp-admin/post.php?post=144&action=elementor" "Mozilla/5.0 (Windows NT 10.0; Win64; x64) AppleWebKit/537.36 (KHTML, like Gecko) Chrome/109.0.0.0 Safari/537.36"
198.177.124.148 - - [22/Jul/2026:16:00:19 +0000] "POST /wp-cron.php?doing_wp_cron=1784736018.9388010501861572265625 HTTP/1.1" 200 - "-" "WordPress/7.0.2; https://queenrichglobasolution.shop"
102.89.85.25 - - [22/Jul/2026:16:00:17 +0000] "POST /wp-admin/admin-ajax.php HTTP/1.1" 200 47 "https://queenrichglobasolution.shop/wp-admin/admin.php?page=wpforms-builder&view=settings&form_id=187&section=notifications" "Mozilla/5.0 (Windows NT 10.0; Win64; x64) AppleWebKit/537.36 (KHTML, like Gecko) Chrome/109.0.0.0 Safari/537.36"
102.89.85.25 - - [22/Jul/2026:16:00:22 +0000] "POST /wp-admin/admin-ajax.php HTTP/1.1" 200 77 "https://queenrichglobasolution.shop/wp-admin/post.php?post=144&action=elementor" "Mozilla/5.0 (Windows NT 10.0; Win64; x64) AppleWebKit/537.36 (KHTML, like Gecko) Chrome/109.0.0.0 Safari/537.36"
102.89.85.25 - - [22/Jul/2026:16:00:38 +0000] "POST /wp-admin/admin-ajax.php HTTP/1.1" 200 77 "https://queenrichglobasolution.shop/wp-admin/post.php?post=144&action=elementor" "Mozilla/5.0 (Windows NT 10.0; Win64; x64) AppleWebKit/537.36 (KHTML, like Gecko) Chrome/109.0.0.0 Safari/537.36"
102.89.85.25 - - [22/Jul/2026:16:00:52 +0000] "POST /wp-admin/admin-ajax.php HTTP/1.1" 200 77 "https://queenrichglobasolution.shop/wp-admin/post.php?post=144&action=elementor" "Mozilla/5.0 (Windows NT 10.0; Win64; x64) AppleWebKit/537.36 (KHTML, like Gecko) Chrome/109.0.0.0 Safari/537.36"
102.89.85.25 - - [22/Jul/2026:16:01:08 +0000] "POST /wp-admin/admin-ajax.php HTTP/1.1" 200 77 "https://queenrichglobasolution.shop/wp-admin/post.php?post=144&action=elementor" "Mozilla/5.0 (Windows NT 10.0; Win64; x64) AppleWebKit/537.36 (KHTML, like Gecko) Chrome/109.0.0.0 Safari/537.36"
198.177.124.148 - - [22/Jul/2026:16:01:19 +0000] "POST /wp-cron.php?doing_wp_cron=1784736078.9495310783386230468750 HTTP/1.1" 200 - "-" "WordPress/7.0.2; https://queenrichglobasolution.shop"
102.89.85.25 - - [22/Jul/2026:16:01:17 +0000] "POST /wp-admin/admin-ajax.php HTTP/1.1" 200 47 "https://queenrichglobasolution.shop/wp-admin/admin.php?page=wpforms-builder&view=settings&form_id=187&section=notifications" "Mozilla/5.0 (Windows NT 10.0; Win64; x64) AppleWebKit/537.36 (KHTML, like Gecko) Chrome/109.0.0.0 Safari/537.36"
102.89.85.25 - - [22/Jul/2026:16:01:23 +0000] "POST /wp-admin/admin-ajax.php HTTP/1.1" 200 77 "https://queenrichglobasolution.shop/wp-admin/post.php?post=144&action=elementor" "Mozilla/5.0 (Windows NT 10.0; Win64; x64) AppleWebKit/537.36 (KHTML, like Gecko) Chrome/109.0.0.0 Safari/537.36"
102.89.85.25 - - [22/Jul/2026:16:01:38 +0000] "POST /wp-admin/admin-ajax.php HTTP/1.1" 200 77 "https://queenrichglobasolution.shop/wp-admin/post.php?post=144&action=elementor" "Mozilla/5.0 (Windows NT 10.0; Win64; x64) AppleWebKit/537.36 (KHTML, like Gecko) Chrome/109.0.0.0 Safari/537.36"
102.89.85.25 - - [22/Jul/2026:16:01:53 +0000] "POST /wp-admin/admin-ajax.php HTTP/1.1" 200 77 "https://queenrichglobasolution.shop/wp-admin/post.php?post=144&action=elementor" "Mozilla/5.0 (Windows NT 10.0; Win64; x64) AppleWebKit/537.36 (KHTML, like Gecko) Chrome/109.0.0.0 Safari/537.36"
102.89.85.25 - - [22/Jul/2026:16:02:06 +0000] "GET /wp-content/plugins/wpforms-lite/assets/images/spinner-white.svg HTTP/1.1" 304 - "https://queenrichglobasolution.shop/wp-content/plugins/wpforms-lite/assets/css/builder/builder-basic.min.css?ver=2.0.0.2" "Mozilla/5.0 (Windows NT 10.0; Win64; x64) AppleWebKit/537.36 (KHTML, like Gecko) Chrome/109.0.0.0 Safari/537.36"
102.89.85.25 - - [22/Jul/2026:16:02:06 +0000] "POST /wp-admin/admin-ajax.php HTTP/1.1" 200 180 "https://queenrichglobasolution.shop/wp-admin/admin.php?page=wpforms-builder&view=settings&form_id=187&section=notifications" "Mozilla/5.0 (Windows NT 10.0; Win64; x64) AppleWebKit/537.36 (KHTML, like Gecko) Chrome/109.0.0.0 Safari/537.36"
102.89.85.25 - - [22/Jul/2026:16:02:08 +0000] "POST /wp-admin/admin-ajax.php HTTP/1.1" 200 77 "https://queenrichglobasolution.shop/wp-admin/post.php?post=144&action=elementor" "Mozilla/5.0 (Windows NT 10.0; Win64; x64) AppleWebKit/537.36 (KHTML, like Gecko) Chrome/109.0.0.0 Safari/537.36"
102.89.85.25 - - [22/Jul/2026:16:02:08 +0000] "POST /wp-json/wpforms/v1/themes/custom/?_locale=user HTTP/1.1" 200 15 "https://queenrichglobasolution.shop/wp-admin/admin.php?page=wpforms-builder&view=settings&form_id=187&section=notifications" "Mozilla/5.0 (Windows NT 10.0; Win64; x64) AppleWebKit/537.36 (KHTML, like Gecko) Chrome/109.0.0.0 Safari/537.36"
198.177.124.148 - - [22/Jul/2026:16:02:19 +0000] "POST /wp-cron.php?doing_wp_cron=1784736139.2415730953216552734375 HTTP/1.1" 200 - "-" "WordPress/7.0.2; https://queenrichglobasolution.shop"
102.89.85.25 - - [22/Jul/2026:16:02:17 +0000] "POST /wp-admin/admin-ajax.php HTTP/1.1" 200 47 "https://queenrichglobasolution.shop/wp-admin/admin.php?page=wpforms-builder&view=settings&form_id=187&section=notifications" "Mozilla/5.0 (Windows NT 10.0; Win64; x64) AppleWebKit/537.36 (KHTML, like Gecko) Chrome/109.0.0.0 Safari/537.36"
102.89.85.25 - - [22/Jul/2026:16:02:23 +0000] "POST /wp-admin/admin-ajax.php HTTP/1.1" 200 77 "https://queenrichglobasolution.shop/wp-admin/post.php?post=144&action=elementor" "Mozilla/5.0 (Windows NT 10.0; Win64; x64) AppleWebKit/537.36 (KHTML, like Gecko) Chrome/109.0.0.0 Safari/537.36"
102.89.85.25 - - [22/Jul/2026:16:02:38 +0000] "POST /wp-admin/admin-ajax.php HTTP/1.1" 200 77 "https://queenrichglobasolution.shop/wp-admin/post.php?post=144&action=elementor" "Mozilla/5.0 (Windows NT 10.0; Win64; x64) AppleWebKit/537.36 (KHTML, like Gecko) Chrome/109.0.0.0 Safari/537.36"
102.89.85.25 - - [22/Jul/2026:16:02:53 +0000] "POST /wp-admin/admin-ajax.php HTTP/1.1" 200 77 "https://queenrichglobasolution.shop/wp-admin/post.php?post=144&action=elementor" "Mozilla/5.0 (Windows NT 10.0; Win64; x64) AppleWebKit/537.36 (KHTML, like Gecko) Chrome/109.0.0.0 Safari/537.36"
102.89.85.25 - - [22/Jul/2026:16:03:08 +0000] "POST /wp-admin/admin-ajax.php HTTP/1.1" 200 77 "https://queenrichglobasolution.shop/wp-admin/post.php?post=144&action=elementor" "Mozilla/5.0 (Windows NT 10.0; Win64; x64) AppleWebKit/537.36 (KHTML, like Gecko) Chrome/109.0.0.0 Safari/537.36"
198.177.124.148 - - [22/Jul/2026:16:03:18 +0000] "POST /wp-cron.php?doing_wp_cron=1784736198.3530330657958984375000 HTTP/1.1" 200 - "-" "WordPress/7.0.2; https://queenrichglobasolution.shop"
102.89.85.25 - - [22/Jul/2026:16:03:17 +0000] "POST /wp-admin/admin-ajax.php HTTP/1.1" 200 47 "https://queenrichglobasolution.shop/wp-admin/admin.php?page=wpforms-builder&view=settings&form_id=187&section=notifications" "Mozilla/5.0 (Windows NT 10.0; Win64; x64) AppleWebKit/537.36 (KHTML, like Gecko) Chrome/109.0.0.0 Safari/537.36"
102.89.85.25 - - [22/Jul/2026:16:03:23 +0000] "POST /wp-admin/admin-ajax.php HTTP/1.1" 200 77 "https://queenrichglobasolution.shop/wp-admin/post.php?post=144&action=elementor" "Mozilla/5.0 (Windows NT 10.0; Win64; x64) AppleWebKit/537.36 (KHTML, like Gecko) Chrome/109.0.0.0 Safari/537.36"
102.89.85.25 - - [22/Jul/2026:16:03:41 +0000] "POST /wp-admin/admin-ajax.php HTTP/1.1" 200 77 "https://queenrichglobasolution.shop/wp-admin/post.php?post=144&action=elementor" "Mozilla/5.0 (Windows NT 10.0; Win64; x64) AppleWebKit/537.36 (KHTML, like Gecko) Chrome/109.0.0.0 Safari/537.36"
102.89.85.25 - - [22/Jul/2026:16:03:53 +0000] "POST /wp-admin/admin-ajax.php HTTP/1.1" 200 77 "https://queenrichglobasolution.shop/wp-admin/post.php?post=144&action=elementor" "Mozilla/5.0 (Windows NT 10.0; Win64; x64) AppleWebKit/537.36 (KHTML, like Gecko) Chrome/109.0.0.0 Safari/537.36"
102.89.85.25 - - [22/Jul/2026:16:04:05 +0000] "GET /digital-skill-training/ HTTP/1.1" 200 141334 "https://queenrichglobasolution.shop/solar-consulting/" "Mozilla/5.0 (Windows NT 10.0; Win64; x64) AppleWebKit/537.36 (KHTML, like Gecko) Chrome/109.0.0.0 Safari/537.36"
102.89.85.25 - - [22/Jul/2026:16:04:09 +0000] "GET /wp-content/uploads/elementor/css/post-144.css?ver=1784736248 HTTP/1.1" 200 76 "https://queenrichglobasolution.shop/digital-skill-training/" "Mozilla/5.0 (Windows NT 10.0; Win64; x64) AppleWebKit/537.36 (KHTML, like Gecko) Chrome/109.0.0.0 Safari/537.36"
102.89.85.25 - - [22/Jul/2026:16:04:09 +0000] "GET /wp-content/plugins/elementor/assets/css/admin-bar.min.css?ver=4.2.0 HTTP/1.1" 304 - "https://queenrichglobasolution.shop/digital-skill-training/" "Mozilla/5.0 (Windows NT 10.0; Win64; x64) AppleWebKit/537.36 (KHTML, like Gecko) Chrome/109.0.0.0 Safari/537.36"
102.89.85.25 - - [22/Jul/2026:16:04:08 +0000] "POST /wp-admin/admin-ajax.php HTTP/1.1" 200 77 "https://queenrichglobasolution.shop/wp-admin/post.php?post=144&action=elementor" "Mozilla/5.0 (Windows NT 10.0; Win64; x64) AppleWebKit/537.36 (KHTML, like Gecko) Chrome/109.0.0.0 Safari/537.36"
102.89.85.25 - - [22/Jul/2026:16:04:09 +0000] "GET /wp-content/plugins/elementor/assets/lib/dialog/dialog.min.js?ver=4.9.4 HTTP/1.1" 304 - "https://queenrichglobasolution.shop/digital-skill-training/" "Mozilla/5.0 (Windows NT 10.0; Win64; x64) AppleWebKit/537.36 (KHTML, like Gecko) Chrome/109.0.0.0 Safari/537.36"
102.89.85.25 - - [22/Jul/2026:16:04:10 +0000] "GET /wp-content/plugins/elementor/assets/js/elementor-admin-bar.min.js?ver=4.2.0 HTTP/1.1" 304 - "https://queenrichglobasolution.shop/digital-skill-training/" "Mozilla/5.0 (Windows NT 10.0; Win64; x64) AppleWebKit/537.36 (KHTML, like Gecko) Chrome/109.0.0.0 Safari/537.36"
198.177.124.148 - - [22/Jul/2026:16:04:14 +0000] "POST /wp-cron.php?doing_wp_cron=1784736254.3854250907897949218750 HTTP/1.1" 200 - "-" "WordPress/7.0.2; https://queenrichglobasolution.shop"
102.89.85.25 - - [22/Jul/2026:16:04:11 +0000] "GET /favicon.ico HTTP/1.1" 302 - "https://queenrichglobasolution.shop/digital-skill-training/" "Mozilla/5.0 (Windows NT 10.0; Win64; x64) AppleWebKit/537.36 (KHTML, like Gecko) Chrome/109.0.0.0 Safari/537.36"
102.89.85.25 - - [22/Jul/2026:16:04:18 +0000] "POST /wp-admin/admin-ajax.php HTTP/1.1" 200 47 "https://queenrichglobasolution.shop/wp-admin/admin.php?page=wpforms-builder&view=settings&form_id=187&section=notifications" "Mozilla/5.0 (Windows NT 10.0; Win64; x64) AppleWebKit/537.36 (KHTML, like Gecko) Chrome/109.0.0.0 Safari/537.36"
102.89.85.25 - - [22/Jul/2026:16:04:18 +0000] "GET /wp-admin/ HTTP/1.1" 200 188783 "https://queenrichglobasolution.shop/digital-skill-training/" "Mozilla/5.0 (Windows NT 10.0; Win64; x64) AppleWebKit/537.36 (KHTML, like Gecko) Chrome/109.0.0.0 Safari/537.36"
102.89.85.25 - - [22/Jul/2026:16:04:25 +0000] "GET / HTTP/1.1" 200 126154 "https://queenrichglobasolution.shop/wp-admin/" "Mozilla/5.0 (Windows NT 10.0; Win64; x64) AppleWebKit/537.36 (KHTML, like Gecko) Chrome/109.0.0.0 Safari/537.36"
102.89.85.25 - - [22/Jul/2026:16:04:28 +0000] "GET /wp-admin/ HTTP/1.1" 200 188729 "https://queenrichglobasolution.shop/" "Mozilla/5.0 (Windows NT 10.0; Win64; x64) AppleWebKit/537.36 (KHTML, like Gecko) Chrome/109.0.0.0 Safari/537.36"
102.89.85.25 - - [22/Jul/2026:16:04:35 +0000] "GET / HTTP/1.1" 200 126154 "https://queenrichglobasolution.shop/wp-admin/" "Mozilla/5.0 (Windows NT 10.0; Win64; x64) AppleWebKit/537.36 (KHTML, like Gecko) Chrome/109.0.0.0 Safari/537.36"
102.89.85.25 - - [22/Jul/2026:16:04:48 +0000] "GET /digital-skill-training/ HTTP/1.1" 200 141293 "https://queenrichglobasolution.shop/" "Mozilla/5.0 (Windows NT 10.0; Win64; x64) AppleWebKit/537.36 (KHTML, like Gecko) Chrome/109.0.0.0 Safari/537.36"
102.89.85.25 - - [22/Jul/2026:16:04:51 +0000] "GET /wp-content/uploads/elementor/css/post-144.css?ver=1784736248 HTTP/1.1" 304 - "https://queenrichglobasolution.shop/digital-skill-training/" "Mozilla/5.0 (Windows NT 10.0; Win64; x64) AppleWebKit/537.36 (KHTML, like Gecko) Chrome/109.0.0.0 Safari/537.36"
198.177.124.148 - - [22/Jul/2026:16:06:11 +0000] "POST /wp-cron.php?doing_wp_cron=1784736371.7896831035614013671875 HTTP/1.1" 200 - "-" "WordPress/7.0.2; https://queenrichglobasolution.shop"
102.89.85.25 - - [22/Jul/2026:16:06:10 +0000] "POST /wp-admin/admin-ajax.php HTTP/1.1" 200 77 "https://queenrichglobasolution.shop/wp-admin/post.php?post=144&action=elementor" "Mozilla/5.0 (Windows NT 10.0; Win64; x64) AppleWebKit/537.36 (KHTML, like Gecko) Chrome/109.0.0.0 Safari/537.36"
198.177.124.148 - - [22/Jul/2026:16:06:20 +0000] "POST /wp-cron.php?doing_wp_cron=1784736380.3711249828338623046875 HTTP/1.1" 200 - "-" "WordPress/7.0.2; https://queenrichglobasolution.shop"
102.89.85.25 - - [22/Jul/2026:16:06:19 +0000] "POST /wp-admin/admin-ajax.php HTTP/1.1" 200 47 "https://queenrichglobasolution.shop/wp-admin/admin.php?page=wpforms-builder&view=settings&form_id=187&section=notifications" "Mozilla/5.0 (Windows NT 10.0; Win64; x64) AppleWebKit/537.36 (KHTML, like Gecko) Chrome/109.0.0.0 Safari/537.36"
102.89.85.25 - - [22/Jul/2026:16:06:30 +0000] "POST /wp-admin/admin-ajax.php HTTP/1.1" 200 234 "https://queenrichglobasolution.shop/digital-skill-training/" "Mozilla/5.0 (Windows NT 10.0; Win64; x64) AppleWebKit/537.36 (KHTML, like Gecko) Chrome/109.0.0.0 Safari/537.36"
198.177.124.148 - - [22/Jul/2026:16:08:16 +0000] "POST /wp-cron.php?doing_wp_cron=1784736496.2076439857482910156250 HTTP/1.1" 200 - "-" "WordPress/7.0.2; https://queenrichglobasolution.shop"
102.89.85.25 - - [22/Jul/2026:16:08:14 +0000] "POST /wp-admin/admin-ajax.php HTTP/1.1" 200 77 "https://queenrichglobasolution.shop/wp-admin/post.php?post=144&action=elementor" "Mozilla/5.0 (Windows NT 10.0; Win64; x64) AppleWebKit/537.36 (KHTML, like Gecko) Chrome/109.0.0.0 Safari/537.36"
102.89.85.25 - - [22/Jul/2026:16:08:20 +0000] "POST /wp-admin/admin-ajax.php HTTP/1.1" 200 47 "https://queenrichglobasolution.shop/wp-admin/admin.php?page=wpforms-builder&view=settings&form_id=187&section=notifications" "Mozilla/5.0 (Windows NT 10.0; Win64; x64) AppleWebKit/537.36 (KHTML, like Gecko) Chrome/109.0.0.0 Safari/537.36"
18.210.201.249 - - [22/Jul/2026:16:08:44 +0000] "GET /robots.txt HTTP/1.1" 200 128 "-" "Mozilla/5.0 (Macintosh; Intel Mac OS X 10_10_1) AppleWebKit/600.2.5 (KHTML, like Gecko) Version/8.0.2 Safari/600.2.5 (Gort)"
198.177.124.148 - - [22/Jul/2026:16:10:17 +0000] "POST /wp-cron.php?doing_wp_cron=1784736617.2523279190063476562500 HTTP/1.1" 200 - "-" "WordPress/7.0.2; https://queenrichglobasolution.shop"
102.89.85.25 - - [22/Jul/2026:16:10:12 +0000] "POST /wp-admin/admin-ajax.php HTTP/1.1" 200 77 "https://queenrichglobasolution.shop/wp-admin/post.php?post=144&action=elementor" "Mozilla/5.0 (Windows NT 10.0; Win64; x64) AppleWebKit/537.36 (KHTML, like Gecko) Chrome/109.0.0.0 Safari/537.36"
102.89.85.25 - - [22/Jul/2026:16:10:21 +0000] "POST /wp-admin/admin-ajax.php HTTP/1.1" 200 47 "https://queenrichglobasolution.shop/wp-admin/admin.php?page=wpforms-builder&view=settings&form_id=187&section=notifications" "Mozilla/5.0 (Windows NT 10.0; Win64; x64) AppleWebKit/537.36 (KHTML, like Gecko) Chrome/109.0.0.0 Safari/537.36"
102.89.85.25 - - [22/Jul/2026:16:10:36 +0000] "GET /wp-admin/ HTTP/1.1" 200 188750 "https://queenrichglobasolution.shop/digital-skill-training/" "Mozilla/5.0 (Windows NT 10.0; Win64; x64) AppleWebKit/537.36 (KHTML, like Gecko) Chrome/109.0.0.0 Safari/537.36"
102.89.85.25 - - [22/Jul/2026:16:10:40 +0000] "GET /wp-admin/post.php?post=144&action=elementor HTTP/1.1" 200 2314456 "https://queenrichglobasolution.shop/digital-skill-training/" "Mozilla/5.0 (Windows NT 10.0; Win64; x64) AppleWebKit/537.36 (KHTML, like Gecko) Chrome/109.0.0.0 Safari/537.36"
102.89.85.25 - - [22/Jul/2026:16:10:56 +0000] "GET /wp-json/elementor/v1/variables/list HTTP/1.1" 200 64 "https://queenrichglobasolution.shop/wp-admin/post.php?post=144&action=elementor" "Mozilla/5.0 (Windows NT 10.0; Win64; x64) AppleWebKit/537.36 (KHTML, like Gecko) Chrome/109.0.0.0 Safari/537.36"
102.89.85.25 - - [22/Jul/2026:16:10:58 +0000] "GET /digital-skill-training/?elementor-preview=144&ver=1784736647 HTTP/1.1" 200 126891 "https://queenrichglobasolution.shop/wp-admin/post.php?post=144&action=elementor" "Mozilla/5.0 (Windows NT 10.0; Win64; x64) AppleWebKit/537.36 (KHTML, like Gecko) Chrome/109.0.0.0 Safari/537.36"
102.89.85.25 - - [22/Jul/2026:16:10:58 +0000] "POST /wp-admin/admin-ajax.php HTTP/1.1" 200 77 "https://queenrichglobasolution.shop/wp-admin/post.php?post=144&action=elementor" "Mozilla/5.0 (Windows NT 10.0; Win64; x64) AppleWebKit/537.36 (KHTML, like Gecko) Chrome/109.0.0.0 Safari/537.36"
102.89.85.25 - - [22/Jul/2026:16:10:59 +0000] "GET /wp-json/elementor/v1/checklist/user-progress HTTP/1.1" 200 533 "https://queenrichglobasolution.shop/wp-admin/post.php?post=144&action=elementor" "Mozilla/5.0 (Windows NT 10.0; Win64; x64) AppleWebKit/537.36 (KHTML, like Gecko) Chrome/109.0.0.0 Safari/537.36"
102.89.85.25 - - [22/Jul/2026:16:10:59 +0000] "GET /wp-json/elementor/v1/global-classes?context=preview HTTP/1.1" 200 21 "https://queenrichglobasolution.shop/wp-admin/post.php?post=144&action=elementor" "Mozilla/5.0 (Windows NT 10.0; Win64; x64) AppleWebKit/537.36 (KHTML, like Gecko) Chrome/109.0.0.0 Safari/537.36"
102.89.85.25 - - [22/Jul/2026:16:10:59 +0000] "GET /wp-json/elementor/v1/site-navigation/recent-posts?posts_per_page=6&_locale=user HTTP/1.1" 200 995 "https://queenrichglobasolution.shop/wp-admin/post.php?post=144&action=elementor" "Mozilla/5.0 (Windows NT 10.0; Win64; x64) AppleWebKit/537.36 (KHTML, like Gecko) Chrome/109.0.0.0 Safari/537.36"
102.89.85.25 - - [22/Jul/2026:16:10:59 +0000] "GET /wp-json/elementor/v1/global-classes/usage HTTP/1.1" 200 21 "https://queenrichglobasolution.shop/wp-admin/post.php?post=144&action=elementor" "Mozilla/5.0 (Windows NT 10.0; Win64; x64) AppleWebKit/537.36 (KHTML, like Gecko) Chrome/109.0.0.0 Safari/537.36"
102.89.85.25 - - [22/Jul/2026:16:11:01 +0000] "GET /wp-json/elementor/v1/global-classes?context=frontend HTTP/1.1" 200 21 "https://queenrichglobasolution.shop/wp-admin/post.php?post=144&action=elementor" "Mozilla/5.0 (Windows NT 10.0; Win64; x64) AppleWebKit/537.36 (KHTML, like Gecko) Chrome/109.0.0.0 Safari/537.36"
102.89.85.25 - - [22/Jul/2026:16:11:01 +0000] "GET /wp-json/elementor/v1/components HTTP/1.1" 200 21 "https://queenrichglobasolution.shop/wp-admin/post.php?post=144&action=elementor" "Mozilla/5.0 (Windows NT 10.0; Win64; x64) AppleWebKit/537.36 (KHTML, like Gecko) Chrome/109.0.0.0 Safari/537.36"
102.89.85.25 - - [22/Jul/2026:16:11:03 +0000] "GET /wp-json/elementor/v1/kit-elements-defaults HTTP/1.1" 200 2 "https://queenrichglobasolution.shop/wp-admin/post.php?post=144&action=elementor" "Mozilla/5.0 (Windows NT 10.0; Win64; x64) AppleWebKit/537.36 (KHTML, like Gecko) Chrome/109.0.0.0 Safari/537.36"
102.89.85.25 - - [22/Jul/2026:16:11:03 +0000] "GET /wp-json/elementor/v1/user-data/current-user?context=edit HTTP/1.1" 200 1375 "https://queenrichglobasolution.shop/wp-admin/post.php?post=144&action=elementor" "Mozilla/5.0 (Windows NT 10.0; Win64; x64) AppleWebKit/537.36 (KHTML, like Gecko) Chrome/109.0.0.0 Safari/537.36"
102.89.85.25 - - [22/Jul/2026:16:11:04 +0000] "GET /wp-json/wpforms/v1/elementor/themes/?_locale=user HTTP/1.1" 200 9111 "https://queenrichglobasolution.shop/digital-skill-training/?elementor-preview=144&ver=1784736647" "Mozilla/5.0 (Windows NT 10.0; Win64; x64) AppleWebKit/537.36 (KHTML, like Gecko) Chrome/109.0.0.0 Safari/537.36"
102.89.85.25 - - [22/Jul/2026:16:11:04 +0000] "GET /wp-json/elementor/v1/globals HTTP/1.1" 200 884 "https://queenrichglobasolution.shop/wp-admin/post.php?post=144&action=elementor" "Mozilla/5.0 (Windows NT 10.0; Win64; x64) AppleWebKit/537.36 (KHTML, like Gecko) Chrome/109.0.0.0 Safari/537.36"
102.89.85.25 - - [22/Jul/2026:16:11:05 +0000] "GET /wp-json/elementor/v1/global-classes/post?context=preview&post_id=144 HTTP/1.1" 200 31 "https://queenrichglobasolution.shop/wp-admin/post.php?post=144&action=elementor" "Mozilla/5.0 (Windows NT 10.0; Win64; x64) AppleWebKit/537.36 (KHTML, like Gecko) Chrome/109.0.0.0 Safari/537.36"
102.89.85.25 - - [22/Jul/2026:16:11:07 +0000] "GET /wp-json/elementor/v1/global-classes/post?context=frontend&post_id=144 HTTP/1.1" 200 31 "https://queenrichglobasolution.shop/wp-admin/post.php?post=144&action=elementor" "Mozilla/5.0 (Windows NT 10.0; Win64; x64) AppleWebKit/537.36 (KHTML, like Gecko) Chrome/109.0.0.0 Safari/537.36"
198.177.124.148 - - [22/Jul/2026:16:11:15 +0000] "POST /wp-cron.php?doing_wp_cron=1784736675.4799358844757080078125 HTTP/1.1" 200 - "-" "WordPress/7.0.2; https://queenrichglobasolution.shop"
102.89.85.25 - - [22/Jul/2026:16:11:10 +0000] "POST /wp-admin/admin-ajax.php HTTP/1.1" 200 109 "https://queenrichglobasolution.shop/wp-admin/post.php?post=144&action=elementor" "Mozilla/5.0 (Windows NT 10.0; Win64; x64) AppleWebKit/537.36 (KHTML, like Gecko) Chrome/109.0.0.0 Safari/537.36"
102.89.85.25 - - [22/Jul/2026:16:11:11 +0000] "GET /wp-json/elementor/v1/global-classes?context=frontend HTTP/1.1" 200 21 "https://queenrichglobasolution.shop/wp-admin/post.php?post=144&action=elementor" "Mozilla/5.0 (Windows NT 10.0; Win64; x64) AppleWebKit/537.36 (KHTML, like Gecko) Chrome/109.0.0.0 Safari/537.36"
102.89.85.25 - - [22/Jul/2026:16:11:11 +0000] "GET /wp-json/elementor/v1/global-classes?context=preview HTTP/1.1" 200 21 "https://queenrichglobasolution.shop/wp-admin/post.php?post=144&action=elementor" "Mozilla/5.0 (Windows NT 10.0; Win64; x64) AppleWebKit/537.36 (KHTML, like Gecko) Chrome/109.0.0.0 Safari/537.36"
102.89.85.25 - - [22/Jul/2026:16:11:10 +0000] "POST /wp-admin/admin-ajax.php HTTP/1.1" 200 114 "https://queenrichglobasolution.shop/wp-admin/post.php?post=144&action=elementor" "Mozilla/5.0 (Windows NT 10.0; Win64; x64) AppleWebKit/537.36 (KHTML, like Gecko) Chrome/109.0.0.0 Safari/537.36"
102.89.85.25 - - [22/Jul/2026:16:11:04 +0000] "POST /wp-admin/admin-ajax.php HTTP/1.1" 200 1484434 "https://queenrichglobasolution.shop/wp-admin/post.php?post=144&action=elementor" "Mozilla/5.0 (Windows NT 10.0; Win64; x64) AppleWebKit/537.36 (KHTML, like Gecko) Chrome/109.0.0.0 Safari/537.36"
102.89.85.25 - - [22/Jul/2026:16:11:15 +0000] "POST /wp-admin/admin-ajax.php HTTP/1.1" 200 77 "https://queenrichglobasolution.shop/wp-admin/post.php?post=144&action=elementor" "Mozilla/5.0 (Windows NT 10.0; Win64; x64) AppleWebKit/537.36 (KHTML, like Gecko) Chrome/109.0.0.0 Safari/537.36"
102.89.85.25 - - [22/Jul/2026:16:11:17 +0000] "GET /wp-json/elementor/v1/global-classes/post?context=frontend&post_id=144 HTTP/1.1" 200 31 "https://queenrichglobasolution.shop/wp-admin/post.php?post=144&action=elementor" "Mozilla/5.0 (Windows NT 10.0; Win64; x64) AppleWebKit/537.36 (KHTML, like Gecko) Chrome/109.0.0.0 Safari/537.36"
102.89.85.25 - - [22/Jul/2026:16:11:17 +0000] "GET /wp-json/elementor/v1/global-classes/post?context=preview&post_id=144 HTTP/1.1" 200 31 "https://queenrichglobasolution.shop/wp-admin/post.php?post=144&action=elementor" "Mozilla/5.0 (Windows NT 10.0; Win64; x64) AppleWebKit/537.36 (KHTML, like Gecko) Chrome/109.0.0.0 Safari/537.36"
102.89.85.25 - - [22/Jul/2026:16:11:30 +0000] "POST /wp-admin/admin-ajax.php HTTP/1.1" 200 77 "https://queenrichglobasolution.shop/wp-admin/post.php?post=144&action=elementor" "Mozilla/5.0 (Windows NT 10.0; Win64; x64) AppleWebKit/537.36 (KHTML, like Gecko) Chrome/109.0.0.0 Safari/537.36"
102.89.85.25 - - [22/Jul/2026:16:11:45 +0000] "POST /wp-admin/admin-ajax.php HTTP/1.1" 200 77 "https://queenrichglobasolution.shop/wp-admin/post.php?post=144&action=elementor" "Mozilla/5.0 (Windows NT 10.0; Win64; x64) AppleWebKit/537.36 (KHTML, like Gecko) Chrome/109.0.0.0 Safari/537.36"
102.89.85.25 - - [22/Jul/2026:16:11:46 +0000] "GET /wp-admin/admin.php?page=wpforms-builder&view=fields&form_id=187 HTTP/1.1" 200 615607 "https://queenrichglobasolution.shop/wp-admin/post.php?post=144&action=elementor" "Mozilla/5.0 (Windows NT 10.0; Win64; x64) AppleWebKit/537.36 (KHTML, like Gecko) Chrome/109.0.0.0 Safari/537.36"
102.89.85.25 - - [22/Jul/2026:16:12:01 +0000] "POST /wp-admin/admin-ajax.php HTTP/1.1" 200 77 "https://queenrichglobasolution.shop/wp-admin/post.php?post=144&action=elementor" "Mozilla/5.0 (Windows NT 10.0; Win64; x64) AppleWebKit/537.36 (KHTML, like Gecko) Chrome/109.0.0.0 Safari/537.36"
102.89.85.25 - - [22/Jul/2026:16:12:01 +0000] "GET /wp-json/wpforms/v1/themes/?_locale=user HTTP/1.1" 200 9111 "https://queenrichglobasolution.shop/wp-admin/admin.php?page=wpforms-builder&view=fields&form_id=187" "Mozilla/5.0 (Windows NT 10.0; Win64; x64) AppleWebKit/537.36 (KHTML, like Gecko) Chrome/109.0.0.0 Safari/537.36"
198.177.124.148 - - [22/Jul/2026:16:12:16 +0000] "POST /wp-cron.php?doing_wp_cron=1784736736.3510410785675048828125 HTTP/1.1" 200 - "-" "WordPress/7.0.2; https://queenrichglobasolution.shop"
102.89.85.25 - - [22/Jul/2026:16:12:14 +0000] "POST /wp-admin/admin-ajax.php HTTP/1.1" 200 77 "https://queenrichglobasolution.shop/wp-admin/post.php?post=144&action=elementor" "Mozilla/5.0 (Windows NT 10.0; Win64; x64) AppleWebKit/537.36 (KHTML, like Gecko) Chrome/109.0.0.0 Safari/537.36"
102.89.85.25 - - [22/Jul/2026:16:12:16 +0000] "POST /wp-admin/admin-ajax.php HTTP/1.1" 200 77 "https://queenrichglobasolution.shop/wp-admin/post.php?post=144&action=elementor" "Mozilla/5.0 (Windows NT 10.0; Win64; x64) AppleWebKit/537.36 (KHTML, like Gecko) Chrome/109.0.0.0 Safari/537.36"
102.89.85.25 - - [22/Jul/2026:16:12:15 +0000] "POST /wp-admin/admin-ajax.php HTTP/1.1" 200 16 "https://queenrichglobasolution.shop/wp-admin/admin.php?page=wpforms-builder&view=settings&form_id=187&section=general" "Mozilla/5.0 (Windows NT 10.0; Win64; x64) AppleWebKit/537.36 (KHTML, like Gecko) Chrome/109.0.0.0 Safari/537.36"
102.89.85.25 - - [22/Jul/2026:16:12:27 +0000] "POST /wp-admin/admin-ajax.php HTTP/1.1" 200 47 "https://queenrichglobasolution.shop/wp-admin/admin.php?page=wpforms-builder&view=settings&form_id=187&section=notifications" "Mozilla/5.0 (Windows NT 10.0; Win64; x64) AppleWebKit/537.36 (KHTML, like Gecko) Chrome/109.0.0.0 Safari/537.36"
102.89.85.25 - - [22/Jul/2026:16:12:30 +0000] "POST /wp-admin/admin-ajax.php HTTP/1.1" 200 77 "https://queenrichglobasolution.shop/wp-admin/post.php?post=144&action=elementor" "Mozilla/5.0 (Windows NT 10.0; Win64; x64) AppleWebKit/537.36 (KHTML, like Gecko) Chrome/109.0.0.0 Safari/537.36"
102.89.85.25 - - [22/Jul/2026:16:12:46 +0000] "POST /wp-admin/admin-ajax.php HTTP/1.1" 200 77 "https://queenrichglobasolution.shop/wp-admin/post.php?post=144&action=elementor" "Mozilla/5.0 (Windows NT 10.0; Win64; x64) AppleWebKit/537.36 (KHTML, like Gecko) Chrome/109.0.0.0 Safari/537.36"
102.89.85.25 - - [22/Jul/2026:16:12:59 +0000] "POST /wp-admin/admin-ajax.php HTTP/1.1" 200 47 "https://queenrichglobasolution.shop/wp-admin/admin.php?page=wpforms-builder&view=settings&form_id=187&section=notifications" "Mozilla/5.0 (Windows NT 10.0; Win64; x64) AppleWebKit/537.36 (KHTML, like Gecko) Chrome/109.0.0.0 Safari/537.36"
102.89.85.25 - - [22/Jul/2026:16:13:01 +0000] "POST /wp-admin/admin-ajax.php HTTP/1.1" 200 77 "https://queenrichglobasolution.shop/wp-admin/post.php?post=144&action=elementor" "Mozilla/5.0 (Windows NT 10.0; Win64; x64) AppleWebKit/537.36 (KHTML, like Gecko) Chrome/109.0.0.0 Safari/537.36"
198.177.124.148 - - [22/Jul/2026:16:13:22 +0000] "POST /wp-cron.php?doing_wp_cron=1784736801.7219839096069335937500 HTTP/1.1" 200 - "-" "WordPress/7.0.2; https://queenrichglobasolution.shop"
102.89.85.25 - - [22/Jul/2026:16:13:16 +0000] "POST /wp-admin/admin-ajax.php HTTP/1.1" 200 77 "https://queenrichglobasolution.shop/wp-admin/post.php?post=144&action=elementor" "Mozilla/5.0 (Windows NT 10.0; Win64; x64) AppleWebKit/537.36 (KHTML, like Gecko) Chrome/109.0.0.0 Safari/537.36"
102.89.85.25 - - [22/Jul/2026:16:13:21 +0000] "POST /wp-admin/admin-ajax.php HTTP/1.1" 200 180 "https://queenrichglobasolution.shop/wp-admin/admin.php?page=wpforms-builder&view=settings&form_id=187&section=notifications" "Mozilla/5.0 (Windows NT 10.0; Win64; x64) AppleWebKit/537.36 (KHTML, like Gecko) Chrome/109.0.0.0 Safari/537.36"
102.89.85.25 - - [22/Jul/2026:16:13:28 +0000] "POST /wp-json/wpforms/v1/themes/custom/?_locale=user HTTP/1.1" 200 15 "https://queenrichglobasolution.shop/wp-admin/admin.php?page=wpforms-builder&view=settings&form_id=187&section=notifications" "Mozilla/5.0 (Windows NT 10.0; Win64; x64) AppleWebKit/537.36 (KHTML, like Gecko) Chrome/109.0.0.0 Safari/537.36"
102.89.85.25 - - [22/Jul/2026:16:13:31 +0000] "POST /wp-admin/admin-ajax.php HTTP/1.1" 200 77 "https://queenrichglobasolution.shop/wp-admin/post.php?post=144&action=elementor" "Mozilla/5.0 (Windows NT 10.0; Win64; x64) AppleWebKit/537.36 (KHTML, like Gecko) Chrome/109.0.0.0 Safari/537.36"
102.89.85.25 - - [22/Jul/2026:16:13:46 +0000] "POST /wp-admin/admin-ajax.php HTTP/1.1" 200 77 "https://queenrichglobasolution.shop/wp-admin/post.php?post=144&action=elementor" "Mozilla/5.0 (Windows NT 10.0; Win64; x64) AppleWebKit/537.36 (KHTML, like Gecko) Chrome/109.0.0.0 Safari/537.36"
102.89.85.25 - - [22/Jul/2026:16:13:49 +0000] "POST /wp-admin/admin-ajax.php HTTP/1.1" 200 180 "https://queenrichglobasolution.shop/wp-admin/admin.php?page=wpforms-builder&view=settings&form_id=187&section=notifications" "Mozilla/5.0 (Windows NT 10.0; Win64; x64) AppleWebKit/537.36 (KHTML, like Gecko) Chrome/109.0.0.0 Safari/537.36"
102.89.85.25 - - [22/Jul/2026:16:13:52 +0000] "POST /wp-json/wpforms/v1/themes/custom/?_locale=user HTTP/1.1" 200 15 "https://queenrichglobasolution.shop/wp-admin/admin.php?page=wpforms-builder&view=settings&form_id=187&section=notifications" "Mozilla/5.0 (Windows NT 10.0; Win64; x64) AppleWebKit/537.36 (KHTML, like Gecko) Chrome/109.0.0.0 Safari/537.36"
102.89.85.25 - - [22/Jul/2026:16:13:59 +0000] "POST /wp-admin/admin-ajax.php HTTP/1.1" 200 47 "https://queenrichglobasolution.shop/wp-admin/admin.php?page=wpforms-builder&view=settings&form_id=187&section=notifications" "Mozilla/5.0 (Windows NT 10.0; Win64; x64) AppleWebKit/537.36 (KHTML, like Gecko) Chrome/109.0.0.0 Safari/537.36"
102.89.85.25 - - [22/Jul/2026:16:14:00 +0000] "POST /wp-admin/admin-ajax.php HTTP/1.1" 200 77 "https://queenrichglobasolution.shop/wp-admin/post.php?post=144&action=elementor" "Mozilla/5.0 (Windows NT 10.0; Win64; x64) AppleWebKit/537.36 (KHTML, like Gecko) Chrome/109.0.0.0 Safari/537.36"
198.177.124.148 - - [22/Jul/2026:16:14:18 +0000] "POST /wp-cron.php?doing_wp_cron=1784736858.0260078907012939453125 HTTP/1.1" 200 - "-" "WordPress/7.0.2; https://queenrichglobasolution.shop"
102.89.85.25 - - [22/Jul/2026:16:14:16 +0000] "POST /wp-admin/admin-ajax.php HTTP/1.1" 200 77 "https://queenrichglobasolution.shop/wp-admin/post.php?post=144&action=elementor" "Mozilla/5.0 (Windows NT 10.0; Win64; x64) AppleWebKit/537.36 (KHTML, like Gecko) Chrome/109.0.0.0 Safari/537.36"
102.89.85.25 - - [22/Jul/2026:16:14:16 +0000] "POST /wp-admin/admin-ajax.php HTTP/1.1" 200 77 "https://queenrichglobasolution.shop/wp-admin/post.php?post=144&action=elementor" "Mozilla/5.0 (Windows NT 10.0; Win64; x64) AppleWebKit/537.36 (KHTML, like Gecko) Chrome/109.0.0.0 Safari/537.36"
198.177.124.148 - - [22/Jul/2026:16:14:46 +0000] "POST /wp-cron.php?doing_wp_cron=1784736885.9981451034545898437500 HTTP/1.1" 200 - "-" "WordPress/7.0.2; https://queenrichglobasolution.shop"
102.89.85.25 - - [22/Jul/2026:16:14:16 +0000] "GET /wp-admin/post.php?post=144&action=elementor HTTP/1.1" 200 2314456 "https://queenrichglobasolution.shop/digital-skill-training/" "Mozilla/5.0 (Windows NT 10.0; Win64; x64) AppleWebKit/537.36 (KHTML, like Gecko) Chrome/109.0.0.0 Safari/537.36"
102.89.85.25 - - [22/Jul/2026:16:14:47 +0000] "GET /wp-json/elementor/v1/variables/list HTTP/1.1" 200 64 "https://queenrichglobasolution.shop/wp-admin/post.php?post=144&action=elementor" "Mozilla/5.0 (Windows NT 10.0; Win64; x64) AppleWebKit/537.36 (KHTML, like Gecko) Chrome/109.0.0.0 Safari/537.36"
102.89.85.25 - - [22/Jul/2026:16:14:50 +0000] "POST /wp-admin/admin-ajax.php HTTP/1.1" 200 77 "https://queenrichglobasolution.shop/wp-admin/post.php?post=144&action=elementor" "Mozilla/5.0 (Windows NT 10.0; Win64; x64) AppleWebKit/537.36 (KHTML, like Gecko) Chrome/109.0.0.0 Safari/537.36"
102.89.85.25 - - [22/Jul/2026:16:14:49 +0000] "GET /digital-skill-training/?elementor-preview=144&ver=1784736859 HTTP/1.1" 200 126891 "https://queenrichglobasolution.shop/wp-admin/post.php?post=144&action=elementor" "Mozilla/5.0 (Windows NT 10.0; Win64; x64) AppleWebKit/537.36 (KHTML, like Gecko) Chrome/109.0.0.0 Safari/537.36"
102.89.85.25 - - [22/Jul/2026:16:14:51 +0000] "GET /wp-json/elementor/v1/site-navigation/recent-posts?posts_per_page=6&_locale=user HTTP/1.1" 200 995 "https://queenrichglobasolution.shop/wp-admin/post.php?post=144&action=elementor" "Mozilla/5.0 (Windows NT 10.0; Win64; x64) AppleWebKit/537.36 (KHTML, like Gecko) Chrome/109.0.0.0 Safari/537.36"
102.89.85.25 - - [22/Jul/2026:16:14:51 +0000] "GET /wp-json/elementor/v1/global-classes?context=preview HTTP/1.1" 200 21 "https://queenrichglobasolution.shop/wp-admin/post.php?post=144&action=elementor" "Mozilla/5.0 (Windows NT 10.0; Win64; x64) AppleWebKit/537.36 (KHTML, like Gecko) Chrome/109.0.0.0 Safari/537.36"
102.89.85.25 - - [22/Jul/2026:16:14:51 +0000] "GET /wp-json/elementor/v1/checklist/user-progress HTTP/1.1" 200 533 "https://queenrichglobasolution.shop/wp-admin/post.php?post=144&action=elementor" "Mozilla/5.0 (Windows NT 10.0; Win64; x64) AppleWebKit/537.36 (KHTML, like Gecko) Chrome/109.0.0.0 Safari/537.36"
102.89.85.25 - - [22/Jul/2026:16:14:51 +0000] "GET /wp-json/elementor/v1/global-classes/usage HTTP/1.1" 200 21 "https://queenrichglobasolution.shop/wp-admin/post.php?post=144&action=elementor" "Mozilla/5.0 (Windows NT 10.0; Win64; x64) AppleWebKit/537.36 (KHTML, like Gecko) Chrome/109.0.0.0 Safari/537.36"
102.89.85.25 - - [22/Jul/2026:16:14:51 +0000] "GET /wp-json/elementor/v1/global-classes?context=frontend HTTP/1.1" 200 21 "https://queenrichglobasolution.shop/wp-admin/post.php?post=144&action=elementor" "Mozilla/5.0 (Windows NT 10.0; Win64; x64) AppleWebKit/537.36 (KHTML, like Gecko) Chrome/109.0.0.0 Safari/537.36"
102.89.85.25 - - [22/Jul/2026:16:14:54 +0000] "GET /wp-json/elementor/v1/user-data/current-user?context=edit HTTP/1.1" 200 1375 "https://queenrichglobasolution.shop/wp-admin/post.php?post=144&action=elementor" "Mozilla/5.0 (Windows NT 10.0; Win64; x64) AppleWebKit/537.36 (KHTML, like Gecko) Chrome/109.0.0.0 Safari/537.36"
102.89.85.25 - - [22/Jul/2026:16:14:54 +0000] "GET /wp-json/elementor/v1/kit-elements-defaults HTTP/1.1" 200 2 "https://queenrichglobasolution.shop/wp-admin/post.php?post=144&action=elementor" "Mozilla/5.0 (Windows NT 10.0; Win64; x64) AppleWebKit/537.36 (KHTML, like Gecko) Chrome/109.0.0.0 Safari/537.36"
102.89.85.25 - - [22/Jul/2026:16:14:54 +0000] "GET /wp-json/elementor/v1/components HTTP/1.1" 200 21 "https://queenrichglobasolution.shop/wp-admin/post.php?post=144&action=elementor" "Mozilla/5.0 (Windows NT 10.0; Win64; x64) AppleWebKit/537.36 (KHTML, like Gecko) Chrome/109.0.0.0 Safari/537.36"
102.89.85.25 - - [22/Jul/2026:16:14:55 +0000] "GET /wp-json/elementor/v1/global-classes/post?context=preview&post_id=144 HTTP/1.1" 200 31 "https://queenrichglobasolution.shop/wp-admin/post.php?post=144&action=elementor" "Mozilla/5.0 (Windows NT 10.0; Win64; x64) AppleWebKit/537.36 (KHTML, like Gecko) Chrome/109.0.0.0 Safari/537.36"
102.89.85.25 - - [22/Jul/2026:16:14:55 +0000] "GET /wp-json/elementor/v1/global-classes/post?context=frontend&post_id=144 HTTP/1.1" 200 31 "https://queenrichglobasolution.shop/wp-admin/post.php?post=144&action=elementor" "Mozilla/5.0 (Windows NT 10.0; Win64; x64) AppleWebKit/537.36 (KHTML, like Gecko) Chrome/109.0.0.0 Safari/537.36"
102.89.85.25 - - [22/Jul/2026:16:14:55 +0000] "POST /wp-admin/admin-ajax.php HTTP/1.1" 200 1484434 "https://queenrichglobasolution.shop/wp-admin/post.php?post=144&action=elementor" "Mozilla/5.0 (Windows NT 10.0; Win64; x64) AppleWebKit/537.36 (KHTML, like Gecko) Chrome/109.0.0.0 Safari/537.36"
102.89.85.25 - - [22/Jul/2026:16:14:59 +0000] "GET /wp-json/wpforms/v1/elementor/themes/?_locale=user HTTP/1.1" 200 9111 "https://queenrichglobasolution.shop/digital-skill-training/?elementor-preview=144&ver=1784736859" "Mozilla/5.0 (Windows NT 10.0; Win64; x64) AppleWebKit/537.36 (KHTML, like Gecko) Chrome/109.0.0.0 Safari/537.36"
102.89.85.25 - - [22/Jul/2026:16:14:59 +0000] "GET /favicon.ico HTTP/1.1" 302 - "https://queenrichglobasolution.shop/wp-admin/post.php?post=144&action=elementor" "Mozilla/5.0 (Windows NT 10.0; Win64; x64) AppleWebKit/537.36 (KHTML, like Gecko) Chrome/109.0.0.0 Safari/537.36"
102.89.85.25 - - [22/Jul/2026:16:14:59 +0000] "GET /wp-json/elementor/v1/globals HTTP/1.1" 200 884 "https://queenrichglobasolution.shop/wp-admin/post.php?post=144&action=elementor" "Mozilla/5.0 (Windows NT 10.0; Win64; x64) AppleWebKit/537.36 (KHTML, like Gecko) Chrome/109.0.0.0 Safari/537.36"
102.89.85.25 - - [22/Jul/2026:16:15:08 +0000] "POST /wp-admin/admin-ajax.php HTTP/1.1" 200 109 "https://queenrichglobasolution.shop/wp-admin/post.php?post=144&action=elementor" "Mozilla/5.0 (Windows NT 10.0; Win64; x64) AppleWebKit/537.36 (KHTML, like Gecko) Chrome/109.0.0.0 Safari/537.36"
102.89.85.25 - - [22/Jul/2026:16:15:08 +0000] "POST /wp-admin/admin-ajax.php HTTP/1.1" 200 114 "https://queenrichglobasolution.shop/wp-admin/post.php?post=144&action=elementor" "Mozilla/5.0 (Windows NT 10.0; Win64; x64) AppleWebKit/537.36 (KHTML, like Gecko) Chrome/109.0.0.0 Safari/537.36"
102.89.85.25 - - [22/Jul/2026:16:15:09 +0000] "GET /wp-json/elementor/v1/global-classes?context=frontend HTTP/1.1" 200 21 "https://queenrichglobasolution.shop/wp-admin/post.php?post=144&action=elementor" "Mozilla/5.0 (Windows NT 10.0; Win64; x64) AppleWebKit/537.36 (KHTML, like Gecko) Chrome/109.0.0.0 Safari/537.36"
102.89.85.25 - - [22/Jul/2026:16:15:10 +0000] "GET /wp-json/elementor/v1/global-classes?context=preview HTTP/1.1" 200 21 "https://queenrichglobasolution.shop/wp-admin/post.php?post=144&action=elementor" "Mozilla/5.0 (Windows NT 10.0; Win64; x64) AppleWebKit/537.36 (KHTML, like Gecko) Chrome/109.0.0.0 Safari/537.36"
102.89.85.25 - - [22/Jul/2026:16:15:12 +0000] "POST /wp-admin/admin-ajax.php HTTP/1.1" 200 77 "https://queenrichglobasolution.shop/wp-admin/post.php?post=144&action=elementor" "Mozilla/5.0 (Windows NT 10.0; Win64; x64) AppleWebKit/537.36 (KHTML, like Gecko) Chrome/109.0.0.0 Safari/537.36"
102.89.85.25 - - [22/Jul/2026:16:15:15 +0000] "GET /wp-json/elementor/v1/global-classes/post?context=preview&post_id=144 HTTP/1.1" 200 31 "https://queenrichglobasolution.shop/wp-admin/post.php?post=144&action=elementor" "Mozilla/5.0 (Windows NT 10.0; Win64; x64) AppleWebKit/537.36 (KHTML, like Gecko) Chrome/109.0.0.0 Safari/537.36"
102.89.85.25 - - [22/Jul/2026:16:15:15 +0000] "GET /wp-json/elementor/v1/global-classes/post?context=frontend&post_id=144 HTTP/1.1" 200 31 "https://queenrichglobasolution.shop/wp-admin/post.php?post=144&action=elementor" "Mozilla/5.0 (Windows NT 10.0; Win64; x64) AppleWebKit/537.36 (KHTML, like Gecko) Chrome/109.0.0.0 Safari/537.36"
102.89.85.25 - - [22/Jul/2026:16:15:11 +0000] "GET /wp-admin/post.php?post=144&action=elementor HTTP/1.1" 200 2314456 "https://queenrichglobasolution.shop/digital-skill-training/" "Mozilla/5.0 (Windows NT 10.0; Win64; x64) AppleWebKit/537.36 (KHTML, like Gecko) Chrome/109.0.0.0 Safari/537.36"
102.89.85.25 - - [22/Jul/2026:16:15:23 +0000] "GET /wp-json/elementor/v1/variables/list HTTP/1.1" 200 64 "https://queenrichglobasolution.shop/wp-admin/post.php?post=144&action=elementor" "Mozilla/5.0 (Windows NT 10.0; Win64; x64) AppleWebKit/537.36 (KHTML, like Gecko) Chrome/109.0.0.0 Safari/537.36"
102.89.85.25 - - [22/Jul/2026:16:15:25 +0000] "POST /wp-admin/admin-ajax.php HTTP/1.1" 200 77 "https://queenrichglobasolution.shop/wp-admin/post.php?post=144&action=elementor" "Mozilla/5.0 (Windows NT 10.0; Win64; x64) AppleWebKit/537.36 (KHTML, like Gecko) Chrome/109.0.0.0 Safari/537.36"
102.89.85.25 - - [22/Jul/2026:16:15:26 +0000] "GET /wp-json/elementor/v1/site-navigation/recent-posts?posts_per_page=6&_locale=user HTTP/1.1" 200 995 "https://queenrichglobasolution.shop/wp-admin/post.php?post=144&action=elementor" "Mozilla/5.0 (Windows NT 10.0; Win64; x64) AppleWebKit/537.36 (KHTML, like Gecko) Chrome/109.0.0.0 Safari/537.36"
102.89.85.25 - - [22/Jul/2026:16:15:24 +0000] "GET /digital-skill-training/?elementor-preview=144&ver=1784736916 HTTP/1.1" 200 126891 "https://queenrichglobasolution.shop/wp-admin/post.php?post=144&action=elementor" "Mozilla/5.0 (Windows NT 10.0; Win64; x64) AppleWebKit/537.36 (KHTML, like Gecko) Chrome/109.0.0.0 Safari/537.36"
102.89.85.25 - - [22/Jul/2026:16:15:26 +0000] "GET /wp-json/elementor/v1/checklist/user-progress HTTP/1.1" 200 533 "https://queenrichglobasolution.shop/wp-admin/post.php?post=144&action=elementor" "Mozilla/5.0 (Windows NT 10.0; Win64; x64) AppleWebKit/537.36 (KHTML, like Gecko) Chrome/109.0.0.0 Safari/537.36"
102.89.85.25 - - [22/Jul/2026:16:15:27 +0000] "GET /wp-json/elementor/v1/global-classes?context=preview HTTP/1.1" 200 21 "https://queenrichglobasolution.shop/wp-admin/post.php?post=144&action=elementor" "Mozilla/5.0 (Windows NT 10.0; Win64; x64) AppleWebKit/537.36 (KHTML, like Gecko) Chrome/109.0.0.0 Safari/537.36"
102.89.85.25 - - [22/Jul/2026:16:15:26 +0000] "GET /wp-json/elementor/v1/global-classes/usage HTTP/1.1" 200 21 "https://queenrichglobasolution.shop/wp-admin/post.php?post=144&action=elementor" "Mozilla/5.0 (Windows NT 10.0; Win64; x64) AppleWebKit/537.36 (KHTML, like Gecko) Chrome/109.0.0.0 Safari/537.36"
102.89.85.25 - - [22/Jul/2026:16:15:29 +0000] "GET /wp-json/elementor/v1/global-classes?context=frontend HTTP/1.1" 200 21 "https://queenrichglobasolution.shop/wp-admin/post.php?post=144&action=elementor" "Mozilla/5.0 (Windows NT 10.0; Win64; x64) AppleWebKit/537.36 (KHTML, like Gecko) Chrome/109.0.0.0 Safari/537.36"
102.89.85.25 - - [22/Jul/2026:16:15:31 +0000] "GET /wp-json/elementor/v1/components HTTP/1.1" 200 21 "https://queenrichglobasolution.shop/wp-admin/post.php?post=144&action=elementor" "Mozilla/5.0 (Windows NT 10.0; Win64; x64) AppleWebKit/537.36 (KHTML, like Gecko) Chrome/109.0.0.0 Safari/537.36"
102.89.85.25 - - [22/Jul/2026:16:15:31 +0000] "GET /wp-json/elementor/v1/kit-elements-defaults HTTP/1.1" 200 2 "https://queenrichglobasolution.shop/wp-admin/post.php?post=144&action=elementor" "Mozilla/5.0 (Windows NT 10.0; Win64; x64) AppleWebKit/537.36 (KHTML, like Gecko) Chrome/109.0.0.0 Safari/537.36"
102.89.85.25 - - [22/Jul/2026:16:15:31 +0000] "GET /wp-json/elementor/v1/user-data/current-user?context=edit HTTP/1.1" 200 1375 "https://queenrichglobasolution.shop/wp-admin/post.php?post=144&action=elementor" "Mozilla/5.0 (Windows NT 10.0; Win64; x64) AppleWebKit/537.36 (KHTML, like Gecko) Chrome/109.0.0.0 Safari/537.36"
102.89.85.25 - - [22/Jul/2026:16:15:32 +0000] "POST /wp-json/elementor/v1/design-system-sync/stylesheet HTTP/1.1" 204 - "https://queenrichglobasolution.shop/wp-admin/post.php?post=144&action=elementor" "Mozilla/5.0 (Windows NT 10.0; Win64; x64) AppleWebKit/537.36 (KHTML, like Gecko) Chrome/109.0.0.0 Safari/537.36"
112.120.114.167 - - [22/Jul/2026:16:15:33 +0000] "POST /?rest_route=/batch/v1 HTTP/1.1" 207 634 "-" "Mozilla/5.0 (Macintosh; Intel Mac OS X 10_15_7) AppleWebKit/537.36 (KHTML, like Gecko) Chrome/137.0.0.0 Safari/537.36"
102.89.85.25 - - [22/Jul/2026:16:15:34 +0000] "GET /wp-json/wpforms/v1/elementor/themes/?_locale=user HTTP/1.1" 200 9111 "https://queenrichglobasolution.shop/digital-skill-training/?elementor-preview=144&ver=1784736916" "Mozilla/5.0 (Windows NT 10.0; Win64; x64) AppleWebKit/537.36 (KHTML, like Gecko) Chrome/109.0.0.0 Safari/537.36"
102.89.85.25 - - [22/Jul/2026:16:15:34 +0000] "GET /wp-json/elementor/v1/global-classes/post?context=preview&post_id=144 HTTP/1.1" 200 31 "https://queenrichglobasolution.shop/wp-admin/post.php?post=144&action=elementor" "Mozilla/5.0 (Windows NT 10.0; Win64; x64) AppleWebKit/537.36 (KHTML, like Gecko) Chrome/109.0.0.0 Safari/537.36"
102.89.85.25 - - [22/Jul/2026:16:15:31 +0000] "POST /wp-admin/admin-ajax.php HTTP/1.1" 200 1484434 "https://queenrichglobasolution.shop/wp-admin/post.php?post=144&action=elementor" "Mozilla/5.0 (Windows NT 10.0; Win64; x64) AppleWebKit/537.36 (KHTML, like Gecko) Chrome/109.0.0.0 Safari/537.36"
102.89.85.25 - - [22/Jul/2026:16:15:34 +0000] "GET /wp-json/elementor/v1/globals HTTP/1.1" 200 884 "https://queenrichglobasolution.shop/wp-admin/post.php?post=144&action=elementor" "Mozilla/5.0 (Windows NT 10.0; Win64; x64) AppleWebKit/537.36 (KHTML, like Gecko) Chrome/109.0.0.0 Safari/537.36"
102.89.85.25 - - [22/Jul/2026:16:15:36 +0000] "GET /wp-json/elementor/v1/global-classes/post?context=frontend&post_id=144 HTTP/1.1" 200 31 "https://queenrichglobasolution.shop/wp-admin/post.php?post=144&action=elementor" "Mozilla/5.0 (Windows NT 10.0; Win64; x64) AppleWebKit/537.36 (KHTML, like Gecko) Chrome/109.0.0.0 Safari/537.36"
198.177.124.148 - - [22/Jul/2026:16:15:48 +0000] "POST /wp-cron.php?doing_wp_cron=1784736948.4095880985260009765625 HTTP/1.1" 200 - "-" "WordPress/7.0.2; https://queenrichglobasolution.shop"
102.89.85.25 - - [22/Jul/2026:16:15:45 +0000] "POST /wp-admin/admin-ajax.php HTTP/1.1" 200 109 "https://queenrichglobasolution.shop/wp-admin/post.php?post=144&action=elementor" "Mozilla/5.0 (Windows NT 10.0; Win64; x64) AppleWebKit/537.36 (KHTML, like Gecko) Chrome/109.0.0.0 Safari/537.36"
198.177.124.148 - - [22/Jul/2026:16:15:48 +0000] "POST /wp-cron.php?doing_wp_cron=1784736948.5397059917449951171875 HTTP/1.1" 200 - "-" "WordPress/7.0.2; https://queenrichglobasolution.shop"
102.89.85.25 - - [22/Jul/2026:16:15:45 +0000] "GET /wp-json/elementor/v1/global-classes?context=preview HTTP/1.1" 200 21 "https://queenrichglobasolution.shop/wp-admin/post.php?post=144&action=elementor" "Mozilla/5.0 (Windows NT 10.0; Win64; x64) AppleWebKit/537.36 (KHTML, like Gecko) Chrome/109.0.0.0 Safari/537.36"
198.177.124.148 - - [22/Jul/2026:16:15:48 +0000] "POST /wp-cron.php?doing_wp_cron=1784736948.6290199756622314453125 HTTP/1.1" 200 - "-" "WordPress/7.0.2; https://queenrichglobasolution.shop"
102.89.85.25 - - [22/Jul/2026:16:15:45 +0000] "GET /wp-json/elementor/v1/global-classes?context=frontend HTTP/1.1" 200 21 "https://queenrichglobasolution.shop/wp-admin/post.php?post=144&action=elementor" "Mozilla/5.0 (Windows NT 10.0; Win64; x64) AppleWebKit/537.36 (KHTML, like Gecko) Chrome/109.0.0.0 Safari/537.36"
198.177.124.148 - - [22/Jul/2026:16:15:48 +0000] "POST /wp-cron.php?doing_wp_cron=1784736948.8356850147247314453125 HTTP/1.1" 200 - "-" "WordPress/7.0.2; https://queenrichglobasolution.shop"
102.89.85.25 - - [22/Jul/2026:16:15:45 +0000] "POST /wp-admin/admin-ajax.php HTTP/1.1" 200 114 "https://queenrichglobasolution.shop/wp-admin/post.php?post=144&action=elementor" "Mozilla/5.0 (Windows NT 10.0; Win64; x64) AppleWebKit/537.36 (KHTML, like Gecko) Chrome/109.0.0.0 Safari/537.36"
102.89.85.25 - - [22/Jul/2026:16:15:50 +0000] "POST /wp-admin/admin-ajax.php HTTP/1.1" 200 77 "https://queenrichglobasolution.shop/wp-admin/post.php?post=144&action=elementor" "Mozilla/5.0 (Windows NT 10.0; Win64; x64) AppleWebKit/537.36 (KHTML, like Gecko) Chrome/109.0.0.0 Safari/537.36"
102.89.85.25 - - [22/Jul/2026:16:15:50 +0000] "GET /wp-json/elementor/v1/global-classes/post?context=frontend&post_id=144 HTTP/1.1" 200 31 "https://queenrichglobasolution.shop/wp-admin/post.php?post=144&action=elementor" "Mozilla/5.0 (Windows NT 10.0; Win64; x64) AppleWebKit/537.36 (KHTML, like Gecko) Chrome/109.0.0.0 Safari/537.36"
102.89.85.25 - - [22/Jul/2026:16:15:50 +0000] "GET /wp-json/elementor/v1/global-classes/post?context=preview&post_id=144 HTTP/1.1" 200 31 "https://queenrichglobasolution.shop/wp-admin/post.php?post=144&action=elementor" "Mozilla/5.0 (Windows NT 10.0; Win64; x64) AppleWebKit/537.36 (KHTML, like Gecko) Chrome/109.0.0.0 Safari/537.36"
102.89.85.25 - - [22/Jul/2026:16:16:06 +0000] "POST /wp-admin/admin-ajax.php HTTP/1.1" 200 77 "https://queenrichglobasolution.shop/wp-admin/post.php?post=144&action=elementor" "Mozilla/5.0 (Windows NT 10.0; Win64; x64) AppleWebKit/537.36 (KHTML, like Gecko) Chrome/109.0.0.0 Safari/537.36"
198.177.124.148 - - [22/Jul/2026:16:16:21 +0000] "POST /wp-cron.php?doing_wp_cron=1784736981.0233891010284423828125 HTTP/1.1" 200 - "-" "WordPress/7.0.2; https://queenrichglobasolution.shop"
102.89.85.25 - - [22/Jul/2026:16:16:20 +0000] "POST /wp-admin/admin-ajax.php HTTP/1.1" 200 77 "https://queenrichglobasolution.shop/wp-admin/post.php?post=144&action=elementor" "Mozilla/5.0 (Windows NT 10.0; Win64; x64) AppleWebKit/537.36 (KHTML, like Gecko) Chrome/109.0.0.0 Safari/537.36"
102.89.85.25 - - [22/Jul/2026:16:17:19 +0000] "GET /wp-admin/ HTTP/1.1" 200 188739 "-" "Mozilla/5.0 (Windows NT 10.0; Win64; x64) AppleWebKit/537.36 (KHTML, like Gecko) Chrome/109.0.0.0 Safari/537.36"
102.89.85.25 - - [22/Jul/2026:16:17:36 +0000] "GET /wp-admin/plugin-install.php HTTP/1.1" 404 116732 "https://queenrichglobasolution.shop/wp-admin/" "Mozilla/5.0 (Windows NT 10.0; Win64; x64) AppleWebKit/537.36 (KHTML, like Gecko) Chrome/109.0.0.0 Safari/537.36"
198.177.124.148 - - [22/Jul/2026:16:18:02 +0000] "POST /wp-cron.php?doing_wp_cron=1784737081.8720281124114990234375 HTTP/1.1" 200 - "-" "WordPress/7.0.2; https://queenrichglobasolution.shop"
