187.21.13.4 - - [21/Jul/2026:17:06:44 +0000] "POST /xmlrpc.php HTTP/1.1" 200 403 "-" "WordPress.com; https://wordpress.com"
187.21.13.4 - - [21/Jul/2026:17:06:54 +0000] "POST /xmlrpc.php HTTP/1.1" 200 403 "-" "Jetpack by WordPress.com"
187.21.13.4 - - [21/Jul/2026:17:07:05 +0000] "POST /xmlrpc.php HTTP/1.1" 200 403 "-" "Jetpack by WordPress.com (Jetpack 12.1; WordPress 6.1)"
198.177.124.148 - - [21/Jul/2026:17:07:18 +0000] "POST /wp-cron.php?doing_wp_cron=1784653638.3060750961303710937500 HTTP/1.1" 200 - "-" "WordPress/7.0.2; https://queenrichglobasolution.shop"
187.21.13.4 - - [21/Jul/2026:17:07:16 +0000] "POST /xmlrpc.php HTTP/1.1" 200 403 "-" "Jetpack by WordPress.com (Jetpack 12.5; WordPress 6.4)"
187.21.13.4 - - [21/Jul/2026:17:07:37 +0000] "POST /xmlrpc.php HTTP/1.1" 200 403 "-" "Jetpack by WordPress.com (Jetpack 12.1; WordPress 6.2)"
187.21.13.4 - - [21/Jul/2026:17:07:47 +0000] "POST /xmlrpc.php HTTP/1.1" 200 403 "-" "Jetpack by WordPress.com (Jetpack 13.0; WordPress 6.2)"
187.21.13.4 - - [21/Jul/2026:17:07:58 +0000] "POST /xmlrpc.php HTTP/1.1" 200 403 "-" "Jetpack by WordPress.com (Jetpack 12.0; WordPress 6.1)"
187.21.13.4 - - [21/Jul/2026:17:08:08 +0000] "POST /xmlrpc.php HTTP/1.1" 200 403 "-" "WordPress.com; https://wordpress.com"
198.177.124.148 - - [21/Jul/2026:17:08:21 +0000] "POST /wp-cron.php?doing_wp_cron=1784653701.0139000415802001953125 HTTP/1.1" 200 - "-" "WordPress/7.0.2; https://queenrichglobasolution.shop"
187.21.13.4 - - [21/Jul/2026:17:08:19 +0000] "POST /xmlrpc.php HTTP/1.1" 200 403 "-" "WordPress.com; https://wordpress.com"
187.21.13.4 - - [21/Jul/2026:17:08:29 +0000] "POST /xmlrpc.php HTTP/1.1" 200 403 "-" "Jetpack by WordPress.com (Jetpack 13.0; WordPress 6.4)"
187.21.13.4 - - [21/Jul/2026:17:08:41 +0000] "POST /xmlrpc.php HTTP/1.1" 200 403 "-" "Jetpack/12.1; WordPress/6.3; http://site73657310.com"
187.21.13.4 - - [21/Jul/2026:17:08:50 +0000] "POST /xmlrpc.php HTTP/1.1" 200 403 "-" "Jetpack by WordPress.com"
187.21.13.4 - - [21/Jul/2026:17:09:01 +0000] "POST /xmlrpc.php HTTP/1.1" 200 403 "-" "Jetpack/12.5; WordPress/6.4; http://site50278986.com"
198.177.124.148 - - [21/Jul/2026:17:09:14 +0000] "POST /wp-cron.php?doing_wp_cron=1784653754.7379651069641113281250 HTTP/1.1" 200 - "-" "WordPress/7.0.2; https://queenrichglobasolution.shop"
187.21.13.4 - - [21/Jul/2026:17:09:12 +0000] "POST /xmlrpc.php HTTP/1.1" 200 403 "-" "Jetpack by WordPress.com"
187.21.13.4 - - [21/Jul/2026:17:09:22 +0000] "POST /xmlrpc.php HTTP/1.1" 200 403 "-" "Jetpack by WordPress.com (Jetpack 12.1; WordPress 6.2)"
187.21.13.4 - - [21/Jul/2026:17:09:34 +0000] "POST /xmlrpc.php HTTP/1.1" 200 403 "-" "Jetpack/12.5; WordPress/6.3; http://site85984359.com"
187.21.13.4 - - [21/Jul/2026:17:09:43 +0000] "POST /xmlrpc.php HTTP/1.1" 200 403 "-" "Jetpack/12.5; WordPress/6.1; http://site70079869.com"
187.21.13.4 - - [21/Jul/2026:17:09:54 +0000] "POST /xmlrpc.php HTTP/1.1" 200 403 "-" "WordPress.com; https://wordpress.com"
187.21.13.4 - - [21/Jul/2026:17:10:05 +0000] "POST /xmlrpc.php HTTP/1.1" 200 403 "-" "Jetpack by WordPress.com"
198.177.124.148 - - [21/Jul/2026:17:10:18 +0000] "POST /wp-cron.php?doing_wp_cron=1784653817.9399039745330810546875 HTTP/1.1" 200 - "-" "WordPress/7.0.2; https://queenrichglobasolution.shop"
187.21.13.4 - - [21/Jul/2026:17:10:16 +0000] "POST /xmlrpc.php HTTP/1.1" 200 403 "-" "WordPress.com; https://wordpress.com"
187.21.13.4 - - [21/Jul/2026:17:10:26 +0000] "POST /xmlrpc.php HTTP/1.1" 200 403 "-" "Jetpack/12.0; WordPress/6.2; http://site18462890.com"
187.21.13.4 - - [21/Jul/2026:17:10:37 +0000] "POST /xmlrpc.php HTTP/1.1" 200 403 "-" "Jetpack by WordPress.com"
187.21.13.4 - - [21/Jul/2026:17:10:47 +0000] "POST /xmlrpc.php HTTP/1.1" 200 403 "-" "WordPress.com; https://wordpress.com"
187.21.13.4 - - [21/Jul/2026:17:10:59 +0000] "POST /xmlrpc.php HTTP/1.1" 200 403 "-" "WordPress.com; https://wordpress.com"
187.21.13.4 - - [21/Jul/2026:17:11:08 +0000] "POST /xmlrpc.php HTTP/1.1" 200 403 "-" "Jetpack/12.1; WordPress/6.3; http://site78691038.com"
198.177.124.148 - - [21/Jul/2026:17:11:21 +0000] "POST /wp-cron.php?doing_wp_cron=1784653881.5278809070587158203125 HTTP/1.1" 200 - "-" "WordPress/7.0.2; https://queenrichglobasolution.shop"
187.21.13.4 - - [21/Jul/2026:17:11:19 +0000] "POST /xmlrpc.php HTTP/1.1" 200 403 "-" "Jetpack by WordPress.com (Jetpack 13.0; WordPress 6.2)"
187.21.13.4 - - [21/Jul/2026:17:11:30 +0000] "POST /xmlrpc.php HTTP/1.1" 200 403 "-" "Jetpack by WordPress.com"
187.21.13.4 - - [21/Jul/2026:17:11:40 +0000] "POST /xmlrpc.php HTTP/1.1" 200 403 "-" "WordPress.com; https://wordpress.com"
187.21.13.4 - - [21/Jul/2026:17:11:52 +0000] "POST /xmlrpc.php HTTP/1.1" 200 403 "-" "WordPress.com; https://wordpress.com"
187.21.13.4 - - [21/Jul/2026:17:12:01 +0000] "POST /xmlrpc.php HTTP/1.1" 200 403 "-" "WordPress.com; https://wordpress.com"
198.177.124.148 - - [21/Jul/2026:17:12:14 +0000] "POST /wp-cron.php?doing_wp_cron=1784653934.2587950229644775390625 HTTP/1.1" 200 - "-" "WordPress/7.0.2; https://queenrichglobasolution.shop"
187.21.13.4 - - [21/Jul/2026:17:12:12 +0000] "POST /xmlrpc.php HTTP/1.1" 200 403 "-" "Jetpack by WordPress.com"
187.21.13.4 - - [21/Jul/2026:17:12:22 +0000] "POST /xmlrpc.php HTTP/1.1" 200 403 "-" "Jetpack by WordPress.com (Jetpack 12.1; WordPress 6.1)"
187.21.13.4 - - [21/Jul/2026:17:12:33 +0000] "POST /xmlrpc.php HTTP/1.1" 200 403 "-" "Jetpack by WordPress.com (Jetpack 12.0; WordPress 6.1)"
187.21.13.4 - - [21/Jul/2026:17:12:44 +0000] "POST /xmlrpc.php HTTP/1.1" 200 403 "-" "WordPress.com; https://wordpress.com"
187.21.13.4 - - [21/Jul/2026:17:12:54 +0000] "POST /xmlrpc.php HTTP/1.1" 200 403 "-" "Jetpack/12.0; WordPress/6.4; http://site46860251.com"
187.21.13.4 - - [21/Jul/2026:17:13:05 +0000] "POST /xmlrpc.php HTTP/1.1" 200 403 "-" "Jetpack by WordPress.com (Jetpack 12.0; WordPress 6.2)"
198.177.124.148 - - [21/Jul/2026:17:13:18 +0000] "POST /wp-cron.php?doing_wp_cron=1784653998.2298939228057861328125 HTTP/1.1" 200 - "-" "WordPress/7.0.2; https://queenrichglobasolution.shop"
187.21.13.4 - - [21/Jul/2026:17:13:15 +0000] "POST /xmlrpc.php HTTP/1.1" 200 403 "-" "Jetpack/12.1; WordPress/6.2; http://site19577440.com"
187.21.13.4 - - [21/Jul/2026:17:13:26 +0000] "POST /xmlrpc.php HTTP/1.1" 200 403 "-" "Jetpack by WordPress.com"
187.21.13.4 - - [21/Jul/2026:17:13:37 +0000] "POST /xmlrpc.php HTTP/1.1" 200 403 "-" "Jetpack/12.5; WordPress/6.4; http://site40582647.com"
187.21.13.4 - - [21/Jul/2026:17:13:47 +0000] "POST /xmlrpc.php HTTP/1.1" 200 403 "-" "Jetpack by WordPress.com (Jetpack 12.5; WordPress 6.2)"
187.21.13.4 - - [21/Jul/2026:17:13:58 +0000] "POST /xmlrpc.php HTTP/1.1" 200 403 "-" "WordPress.com; https://wordpress.com"
187.21.13.4 - - [21/Jul/2026:17:14:08 +0000] "POST /xmlrpc.php HTTP/1.1" 200 403 "-" "Jetpack by WordPress.com"
198.177.124.148 - - [21/Jul/2026:17:14:22 +0000] "POST /wp-cron.php?doing_wp_cron=1784654062.2048668861389160156250 HTTP/1.1" 200 - "-" "WordPress/7.0.2; https://queenrichglobasolution.shop"
187.21.13.4 - - [21/Jul/2026:17:14:20 +0000] "POST /xmlrpc.php HTTP/1.1" 200 403 "-" "Jetpack/12.5; WordPress/6.3; http://site18258883.com"
187.21.13.4 - - [21/Jul/2026:17:14:30 +0000] "POST /xmlrpc.php HTTP/1.1" 200 403 "-" "WordPress.com; https://wordpress.com"
187.21.13.4 - - [21/Jul/2026:17:14:41 +0000] "POST /xmlrpc.php HTTP/1.1" 200 403 "-" "Jetpack by WordPress.com (Jetpack 12.1; WordPress 6.4)"
198.177.124.148 - - [21/Jul/2026:17:36:56 +0000] "POST /wp-cron.php?doing_wp_cron=1784655416.3568580150604248046875 HTTP/1.1" 200 - "-" "WordPress/7.0.2; https://queenrichglobasolution.shop"
50.16.72.185 - - [21/Jul/2026:17:36:54 +0000] "GET /digital-skill-training/embed/ HTTP/1.1" 200 20602 "-" "Mozilla/5.0 AppleWebKit/537.36 (KHTML, like Gecko; compatible; Amazonbot/0.1; +https://developer.amazon.com/support/amazonbot) Chrome/119.0.6045.214 Safari/537.36"
43.153.96.79 - - [21/Jul/2026:19:20:22 +0000] "GET / HTTP/1.1" 200 86563 "http://queenrichglobasolution.shop" "Mozilla/5.0 (iPhone; CPU iPhone OS 13_2_3 like Mac OS X) AppleWebKit/605.1.15 (KHTML, like Gecko) Version/13.0.3 Mobile/15E148 Safari/604.1"
198.177.124.148 - - [21/Jul/2026:19:54:35 +0000] "POST /wp-cron.php?doing_wp_cron=1784663675.6827530860900878906250 HTTP/1.1" 200 - "-" "WordPress/7.0.2; https://queenrichglobasolution.shop"
74.7.241.143 - - [21/Jul/2026:19:54:33 +0000] "GET /robots.txt HTTP/1.1" 200 128 "-" "Mozilla/5.0 (Macintosh; Intel Mac OS X 10_15_7) AppleWebKit/537.36 (KHTML, like Gecko) Chrome/131.0.0.0 Safari/537.36; compatible; OAI-SearchBot/1.4; robots.txt; +https://openai.com/searchbot"
74.7.241.46 - - [21/Jul/2026:19:54:33 +0000] "GET / HTTP/1.1" 200 86563 "-" "Mozilla/5.0 AppleWebKit/537.36 (KHTML, like Gecko; compatible; GPTBot/1.4; +https://openai.com/gptbot)"
74.7.241.46 - - [21/Jul/2026:19:54:39 +0000] "GET /wp-json/wp/v2/pages/138 HTTP/1.1" 200 6430 "https://queenrichglobasolution.shop/" "Mozilla/5.0 AppleWebKit/537.36 (KHTML, like Gecko; compatible; GPTBot/1.4; +https://openai.com/gptbot)"
74.7.241.46 - - [21/Jul/2026:19:54:42 +0000] "GET /real-estate/ HTTP/1.1" 200 98704 "https://queenrichglobasolution.shop/" "Mozilla/5.0 AppleWebKit/537.36 (KHTML, like Gecko; compatible; GPTBot/1.4; +https://openai.com/gptbot)"
74.7.241.46 - - [21/Jul/2026:19:54:45 +0000] "GET /wp-json/oembed/1.0/embed?url=https%3A%2F%2Fqueenrichglobasolution.shop%2F HTTP/1.1" 200 2180 "https://queenrichglobasolution.shop/" "Mozilla/5.0 AppleWebKit/537.36 (KHTML, like Gecko; compatible; GPTBot/1.4; +https://openai.com/gptbot)"
74.7.241.46 - - [21/Jul/2026:19:54:47 +0000] "GET /wp-json/oembed/1.0/embed?format=xml&url=https%3A%2F%2Fqueenrichglobasolution.shop%2F HTTP/1.1" 200 2334 "https://queenrichglobasolution.shop/" "Mozilla/5.0 AppleWebKit/537.36 (KHTML, like Gecko; compatible; GPTBot/1.4; +https://openai.com/gptbot)"
74.7.241.46 - - [21/Jul/2026:19:54:49 +0000] "GET /wp-content/plugins/elementor/assets/js/frontend.min.js?ver=4.2.0 HTTP/1.1" 200 32098 "https://queenrichglobasolution.shop/" "Mozilla/5.0 AppleWebKit/537.36 (KHTML, like Gecko; compatible; GPTBot/1.4; +https://openai.com/gptbot)"
74.7.241.46 - - [21/Jul/2026:19:54:51 +0000] "GET /wp-content/themes/twentytwentyfour/assets/fonts/cardo/cardo_normal_400.woff2 HTTP/1.1" 200 146060 "https://queenrichglobasolution.shop/" "Mozilla/5.0 AppleWebKit/537.36 (KHTML, like Gecko; compatible; GPTBot/1.4; +https://openai.com/gptbot)"
74.7.241.46 - - [21/Jul/2026:19:54:53 +0000] "GET /wp-includes/js/jquery/jquery-migrate.min.js?ver=3.4.1 HTTP/1.1" 200 13577 "https://queenrichglobasolution.shop/" "Mozilla/5.0 AppleWebKit/537.36 (KHTML, like Gecko; compatible; GPTBot/1.4; +https://openai.com/gptbot)"
74.7.241.46 - - [21/Jul/2026:19:54:54 +0000] "GET /solar-consulting/ HTTP/1.1" 200 98684 "https://queenrichglobasolution.shop/" "Mozilla/5.0 AppleWebKit/537.36 (KHTML, like Gecko; compatible; GPTBot/1.4; +https://openai.com/gptbot)"
74.7.241.46 - - [21/Jul/2026:19:54:57 +0000] "GET /wp-includes/js/dist/script-modules/block-library/navigation/view.min.js?ver=96a846e1d7b789c39ab9 HTTP/1.1" 200 3053 "https://queenrichglobasolution.shop/" "Mozilla/5.0 AppleWebKit/537.36 (KHTML, like Gecko; compatible; GPTBot/1.4; +https://openai.com/gptbot)"
74.7.241.46 - - [21/Jul/2026:19:54:58 +0000] "GET /digital-skill-training/ HTTP/1.1" 200 84383 "https://queenrichglobasolution.shop/" "Mozilla/5.0 AppleWebKit/537.36 (KHTML, like Gecko; compatible; GPTBot/1.4; +https://openai.com/gptbot)"
74.7.241.46 - - [21/Jul/2026:19:55:00 +0000] "GET /xmlrpc.php?rsd HTTP/1.1" 200 876 "https://queenrichglobasolution.shop/" "Mozilla/5.0 AppleWebKit/537.36 (KHTML, like Gecko; compatible; GPTBot/1.4; +https://openai.com/gptbot)"
74.7.241.46 - - [21/Jul/2026:19:55:03 +0000] "GET /feed/ HTTP/1.1" 200 1784 "https://queenrichglobasolution.shop/" "Mozilla/5.0 AppleWebKit/537.36 (KHTML, like Gecko; compatible; GPTBot/1.4; +https://openai.com/gptbot)"
74.7.241.46 - - [21/Jul/2026:19:55:05 +0000] "GET /?p=140 HTTP/1.1" 301 - "https://queenrichglobasolution.shop/real-estate/" "Mozilla/5.0 AppleWebKit/537.36 (KHTML, like Gecko; compatible; GPTBot/1.4; +https://openai.com/gptbot)"
74.7.241.46 - - [21/Jul/2026:19:55:07 +0000] "GET /wp-content/themes/twentytwentyfour/assets/fonts/cardo/cardo_italic_400.woff2 HTTP/1.1" 200 105184 "https://queenrichglobasolution.shop/" "Mozilla/5.0 AppleWebKit/537.36 (KHTML, like Gecko; compatible; GPTBot/1.4; +https://openai.com/gptbot)"
74.7.241.46 - - [21/Jul/2026:19:55:08 +0000] "GET /wp-content/themes/twentytwentyfour/assets/fonts/cardo/cardo_normal_700.woff2 HTTP/1.1" 200 132564 "https://queenrichglobasolution.shop/" "Mozilla/5.0 AppleWebKit/537.36 (KHTML, like Gecko; compatible; GPTBot/1.4; +https://openai.com/gptbot)"
74.7.241.46 - - [21/Jul/2026:19:55:08 +0000] "GET /wp-content/themes/twentytwentyfour/assets/fonts/inter/Inter-VariableFont_slnt,wght.woff2 HTTP/1.1" 200 326628 "https://queenrichglobasolution.shop/" "Mozilla/5.0 AppleWebKit/537.36 (KHTML, like Gecko; compatible; GPTBot/1.4; +https://openai.com/gptbot)"
74.7.241.46 - - [21/Jul/2026:19:55:09 +0000] "GET /author/queen/ HTTP/1.1" 200 83120 "https://queenrichglobasolution.shop/wp-json/oembed/1.0/embed?format=xml&url=https%3A%2F%2Fqueenrichglobasolution.shop%2F" "Mozilla/5.0 AppleWebKit/537.36 (KHTML, like Gecko; compatible; GPTBot/1.4; +https://openai.com/gptbot)"
74.7.241.46 - - [21/Jul/2026:19:55:11 +0000] "GET /comments/feed/ HTTP/1.1" 200 1730 "https://queenrichglobasolution.shop/" "Mozilla/5.0 AppleWebKit/537.36 (KHTML, like Gecko; compatible; GPTBot/1.4; +https://openai.com/gptbot)"
74.7.241.46 - - [21/Jul/2026:19:55:12 +0000] "GET /?p=142 HTTP/1.1" 301 - "https://queenrichglobasolution.shop/solar-consulting/" "Mozilla/5.0 AppleWebKit/537.36 (KHTML, like Gecko; compatible; GPTBot/1.4; +https://openai.com/gptbot)"
74.7.241.46 - - [21/Jul/2026:19:55:13 +0000] "GET /wp-includes/js/dist/script-modules/interactivity/index.min.js?ver=efaa5193bbad9c60ffd1 HTTP/1.1" 200 40106 "https://queenrichglobasolution.shop/" "Mozilla/5.0 AppleWebKit/537.36 (KHTML, like Gecko; compatible; GPTBot/1.4; +https://openai.com/gptbot)"
198.177.124.148 - - [21/Jul/2026:19:55:14 +0000] "POST /wp-cron.php?doing_wp_cron=1784663714.7601420879364013671875 HTTP/1.1" 200 - "-" "WordPress/7.0.2; https://queenrichglobasolution.shop"
74.7.241.46 - - [21/Jul/2026:19:55:13 +0000] "GET /?p=144 HTTP/1.1" 301 - "https://queenrichglobasolution.shop/digital-skill-training/" "Mozilla/5.0 AppleWebKit/537.36 (KHTML, like Gecko; compatible; GPTBot/1.4; +https://openai.com/gptbot)"
74.7.241.46 - - [21/Jul/2026:19:55:14 +0000] "GET /wp-includes/js/wp-util.min.js?ver=7.0.2 HTTP/1.1" 200 1431 "https://queenrichglobasolution.shop/real-estate/" "Mozilla/5.0 AppleWebKit/537.36 (KHTML, like Gecko; compatible; GPTBot/1.4; +https://openai.com/gptbot)"
74.7.241.46 - - [21/Jul/2026:19:55:15 +0000] "GET /wp-includes/js/jquery/jquery.min.js?ver=3.7.1 HTTP/1.1" 200 87553 "https://queenrichglobasolution.shop/" "Mozilla/5.0 AppleWebKit/537.36 (KHTML, like Gecko; compatible; GPTBot/1.4; +https://openai.com/gptbot)"
74.7.241.46 - - [21/Jul/2026:19:55:15 +0000] "GET /wp-includes/js/underscore.min.js?ver=1.13.8 HTTP/1.1" 200 19012 "https://queenrichglobasolution.shop/real-estate/" "Mozilla/5.0 AppleWebKit/537.36 (KHTML, like Gecko; compatible; GPTBot/1.4; +https://openai.com/gptbot)"
74.7.241.46 - - [21/Jul/2026:19:55:16 +0000] "GET /wp-content/plugins/wpforms-lite/assets/js/integrations/elementor/frontend.min.js?ver=2.0.0.2 HTTP/1.1" 200 1485 "https://queenrichglobasolution.shop/real-estate/" "Mozilla/5.0 AppleWebKit/537.36 (KHTML, like Gecko; compatible; GPTBot/1.4; +https://openai.com/gptbot)"
74.7.241.46 - - [21/Jul/2026:19:55:17 +0000] "GET /wp-content/plugins/wpforms-lite/assets/js/frontend/fields/address.min.js?ver=2.0.0.2 HTTP/1.1" 200 1826 "https://queenrichglobasolution.shop/real-estate/" "Mozilla/5.0 AppleWebKit/537.36 (KHTML, like Gecko; compatible; GPTBot/1.4; +https://openai.com/gptbot)"
74.7.241.46 - - [21/Jul/2026:19:55:17 +0000] "GET /wp-includes/js/jquery/ui/core.min.js?ver=1.13.3 HTTP/1.1" 200 21464 "https://queenrichglobasolution.shop/" "Mozilla/5.0 AppleWebKit/537.36 (KHTML, like Gecko; compatible; GPTBot/1.4; +https://openai.com/gptbot)"
74.7.241.46 - - [21/Jul/2026:19:55:18 +0000] "GET /author/queen/feed/ HTTP/1.1" 200 1811 "https://queenrichglobasolution.shop/author/queen/" "Mozilla/5.0 AppleWebKit/537.36 (KHTML, like Gecko; compatible; GPTBot/1.4; +https://openai.com/gptbot)"
74.7.241.46 - - [21/Jul/2026:19:55:19 +0000] "GET /wp-json/wp/v2/users/1 HTTP/1.1" 200 904 "https://queenrichglobasolution.shop/author/queen/" "Mozilla/5.0 AppleWebKit/537.36 (KHTML, like Gecko; compatible; GPTBot/1.4; +https://openai.com/gptbot)"
74.7.241.46 - - [21/Jul/2026:19:55:21 +0000] "GET /wp-includes/js/wp-emoji-release.min.js?ver=7.0.2 HTTP/1.1" 200 22752 "https://queenrichglobasolution.shop/" "Mozilla/5.0 AppleWebKit/537.36 (KHTML, like Gecko; compatible; GPTBot/1.4; +https://openai.com/gptbot)"
74.7.241.46 - - [21/Jul/2026:19:55:21 +0000] "GET /wp-content/plugins/wpforms-lite/assets/lib/mailcheck.min.js?ver=1.1.2 HTTP/1.1" 200 4014 "https://queenrichglobasolution.shop/real-estate/" "Mozilla/5.0 AppleWebKit/537.36 (KHTML, like Gecko; compatible; GPTBot/1.4; +https://openai.com/gptbot)"
74.7.241.46 - - [21/Jul/2026:19:55:22 +0000] "GET /wp-content/plugins/wpforms-lite/assets/lib/punycode.min.js?ver=1.0.0 HTTP/1.1" 200 1713 "https://queenrichglobasolution.shop/real-estate/" "Mozilla/5.0 AppleWebKit/537.36 (KHTML, like Gecko; compatible; GPTBot/1.4; +https://openai.com/gptbot)"
74.7.241.46 - - [21/Jul/2026:19:55:22 +0000] "GET /wp-content/plugins/elementor/assets/js/webpack.runtime.min.js?ver=4.2.0 HTTP/1.1" 200 5819 "https://queenrichglobasolution.shop/" "Mozilla/5.0 AppleWebKit/537.36 (KHTML, like Gecko; compatible; GPTBot/1.4; +https://openai.com/gptbot)"
74.7.241.46 - - [21/Jul/2026:19:55:23 +0000] "GET /wp-content/plugins/wpforms-lite/assets/js/frontend/wpforms-modern.min.js?ver=2.0.0.2 HTTP/1.1" 200 6005 "https://queenrichglobasolution.shop/real-estate/" "Mozilla/5.0 AppleWebKit/537.36 (KHTML, like Gecko; compatible; GPTBot/1.4; +https://openai.com/gptbot)"
74.7.241.46 - - [21/Jul/2026:19:55:23 +0000] "GET /wp-content/plugins/wpforms-lite/assets/js/frontend/analytics.min.js?ver=2.0.0.2 HTTP/1.1" 200 5329 "https://queenrichglobasolution.shop/real-estate/" "Mozilla/5.0 AppleWebKit/537.36 (KHTML, like Gecko; compatible; GPTBot/1.4; +https://openai.com/gptbot)"
74.7.241.46 - - [21/Jul/2026:19:55:24 +0000] "GET /wp-content/plugins/wpforms-lite/assets/js/frontend/wpforms.min.js?ver=2.0.0.2 HTTP/1.1" 200 54703 "https://queenrichglobasolution.shop/real-estate/" "Mozilla/5.0 AppleWebKit/537.36 (KHTML, like Gecko; compatible; GPTBot/1.4; +https://openai.com/gptbot)"
74.7.241.46 - - [21/Jul/2026:19:55:24 +0000] "GET /wp-content/plugins/elementor/assets/js/frontend-modules.min.js?ver=4.2.0 HTTP/1.1" 200 50602 "https://queenrichglobasolution.shop/" "Mozilla/5.0 AppleWebKit/537.36 (KHTML, like Gecko; compatible; GPTBot/1.4; +https://openai.com/gptbot)"
74.7.241.46 - - [21/Jul/2026:19:55:25 +0000] "GET /wp-content/plugins/wpforms-lite/assets/js/share/utils.min.js?ver=2.0.0.2 HTTP/1.1" 200 1490 "https://queenrichglobasolution.shop/real-estate/" "Mozilla/5.0 AppleWebKit/537.36 (KHTML, like Gecko; compatible; GPTBot/1.4; +https://openai.com/gptbot)"
74.7.241.46 - - [21/Jul/2026:19:55:25 +0000] "GET /wp-content/uploads/elementor/css/base-desktop.css?ver=6a5e5d8ab2c35 HTTP/1.1" 200 1975 "https://queenrichglobasolution.shop/" "Mozilla/5.0 AppleWebKit/537.36 (KHTML, like Gecko; compatible; GPTBot/1.4; +https://openai.com/gptbot)"
74.7.241.46 - - [21/Jul/2026:19:55:26 +0000] "GET /wp-content/uploads/elementor/css/local-140-frontend-desktop.css?ver=6a5eabe3d32bf HTTP/1.1" 200 60 "https://queenrichglobasolution.shop/real-estate/" "Mozilla/5.0 AppleWebKit/537.36 (KHTML, like Gecko; compatible; GPTBot/1.4; +https://openai.com/gptbot)"
74.7.241.46 - - [21/Jul/2026:19:55:26 +0000] "GET /wp-includes/js/',b,' HTTP/1.1" 301 - "https://queenrichglobasolution.shop/wp-includes/js/wp-emoji-release.min.js?ver=7.0.2" "Mozilla/5.0 AppleWebKit/537.36 (KHTML, like Gecko; compatible; GPTBot/1.4; +https://openai.com/gptbot)"
74.7.241.46 - - [21/Jul/2026:19:55:28 +0000] "GET /wp-includes/js/,b, HTTP/1.1" 301 - "https://queenrichglobasolution.shop/wp-includes/js/',b,'" "Mozilla/5.0 AppleWebKit/537.36 (KHTML, like Gecko; compatible; GPTBot/1.4; +https://openai.com/gptbot)"
74.7.241.46 - - [21/Jul/2026:19:55:29 +0000] "GET /wp-includes/js/,b HTTP/1.1" 404 78412 "https://queenrichglobasolution.shop/wp-includes/js/,b," "Mozilla/5.0 AppleWebKit/537.36 (KHTML, like Gecko; compatible; GPTBot/1.4; +https://openai.com/gptbot)"
74.7.241.46 - - [21/Jul/2026:19:55:30 +0000] "GET /wp-content/uploads/elementor/css/local-142-frontend-desktop.css?ver=6a5edebf49e8d HTTP/1.1" 200 45 "https://queenrichglobasolution.shop/solar-consulting/" "Mozilla/5.0 AppleWebKit/537.36 (KHTML, like Gecko; compatible; GPTBot/1.4; +https://openai.com/gptbot)"
74.7.241.46 - - [21/Jul/2026:19:55:31 +0000] "GET /wp-content/plugins/elementor/assets/css/frontend.min.css?ver=4.2.0 HTTP/1.1" 200 54666 "https://queenrichglobasolution.shop/" "Mozilla/5.0 AppleWebKit/537.36 (KHTML, like Gecko; compatible; GPTBot/1.4; +https://openai.com/gptbot)"
74.7.241.46 - - [21/Jul/2026:19:55:31 +0000] "GET /wp-content/plugins/wpforms-lite/assets/css/frontend/modern/wpforms-full.min.css?ver=2.0.0.2 HTTP/1.1" 200 169487 "https://queenrichglobasolution.shop/real-estate/" "Mozilla/5.0 AppleWebKit/537.36 (KHTML, like Gecko; compatible; GPTBot/1.4; +https://openai.com/gptbot)"
74.7.241.46 - - [21/Jul/2026:19:55:32 +0000] "GET /wp-content/uploads/elementor/css/base-mobile.css?ver=6a5e5d8ab2c35 HTTP/1.1" 200 87 "https://queenrichglobasolution.shop/" "Mozilla/5.0 AppleWebKit/537.36 (KHTML, like Gecko; compatible; GPTBot/1.4; +https://openai.com/gptbot)"
74.7.241.46 - - [21/Jul/2026:19:55:32 +0000] "GET /wp-content/uploads/elementor/css/local-138-frontend-desktop.css?ver=6a5e836316bc4 HTTP/1.1" 200 105 "https://queenrichglobasolution.shop/" "Mozilla/5.0 AppleWebKit/537.36 (KHTML, like Gecko; compatible; GPTBot/1.4; +https://openai.com/gptbot)"
74.7.241.46 - - [21/Jul/2026:19:55:33 +0000] "GET /wp-content/uploads/elementor/css/post-142.css?ver=1784602303 HTTP/1.1" 200 76 "https://queenrichglobasolution.shop/solar-consulting/" "Mozilla/5.0 AppleWebKit/537.36 (KHTML, like Gecko; compatible; GPTBot/1.4; +https://openai.com/gptbot)"
74.7.241.46 - - [21/Jul/2026:19:55:33 +0000] "GET /wp-content/uploads/elementor/css/post-144.css?ver=1784602300 HTTP/1.1" 200 76 "https://queenrichglobasolution.shop/digital-skill-training/" "Mozilla/5.0 AppleWebKit/537.36 (KHTML, like Gecko; compatible; GPTBot/1.4; +https://openai.com/gptbot)"
74.7.241.46 - - [21/Jul/2026:19:55:34 +0000] "GET /wp-content/uploads/elementor/css/post-7.css?ver=1784569226 HTTP/1.1" 200 1168 "https://queenrichglobasolution.shop/" "Mozilla/5.0 AppleWebKit/537.36 (KHTML, like Gecko; compatible; GPTBot/1.4; +https://openai.com/gptbot)"
74.7.241.46 - - [21/Jul/2026:19:55:34 +0000] "GET /wp-content/uploads/elementor/css/post-140.css?ver=1784589283 HTTP/1.1" 200 76 "https://queenrichglobasolution.shop/real-estate/" "Mozilla/5.0 AppleWebKit/537.36 (KHTML, like Gecko; compatible; GPTBot/1.4; +https://openai.com/gptbot)"
74.7.241.46 - - [21/Jul/2026:19:55:35 +0000] "GET /wp-content/uploads/elementor/css/post-138.css?ver=1784578914 HTTP/1.1" 200 710 "https://queenrichglobasolution.shop/" "Mozilla/5.0 AppleWebKit/537.36 (KHTML, like Gecko; compatible; GPTBot/1.4; +https://openai.com/gptbot)"
198.177.124.148 - - [21/Jul/2026:21:03:24 +0000] "POST /wp-cron.php?doing_wp_cron=1784667804.7328341007232666015625 HTTP/1.1" 200 - "-" "WordPress/7.0.2; https://queenrichglobasolution.shop"
66.249.69.198 - - [21/Jul/2026:21:03:22 +0000] "GET /pressingiron/ HTTP/1.1" 404 78412 "-" "Mozilla/5.0 (Linux; Android 6.0.1; Nexus 5X Build/MMB29P) AppleWebKit/537.36 (KHTML, like Gecko) Chrome/150.0.7871.128 Mobile Safari/537.36 (compatible; Googlebot/2.1; +http://www.google.com/bot.html)"
198.177.124.148 - - [21/Jul/2026:21:53:56 +0000] "POST /wp-cron.php?doing_wp_cron=1784670836.6255419254302978515625 HTTP/1.1" 200 - "-" "WordPress/7.0.2; https://queenrichglobasolution.shop"
3.226.202.248 - - [21/Jul/2026:21:53:53 +0000] "GET /robots.txt HTTP/1.1" 200 128 "-" "Mozilla/5.0 (Macintosh; Intel Mac OS X 10_10_1) AppleWebKit/600.2.5 (KHTML, like Gecko) Version/8.0.2 Safari/600.2.5 (Gort)"
162.62.213.165 - - [21/Jul/2026:22:31:01 +0000] "GET / HTTP/1.1" 200 86563 "http://queenrichglobasolution.shop" "Mozilla/5.0 (iPhone; CPU iPhone OS 13_2_3 like Mac OS X) AppleWebKit/605.1.15 (KHTML, like Gecko) Version/13.0.3 Mobile/15E148 Safari/604.1"
198.177.124.148 - - [21/Jul/2026:22:58:38 +0000] "POST /wp-cron.php?doing_wp_cron=1784674718.6219019889831542968750 HTTP/1.1" 200 - "-" "WordPress/7.0.2; https://queenrichglobasolution.shop"
66.249.69.196 - - [21/Jul/2026:22:58:37 +0000] "GET /robots.txt HTTP/1.1" 200 128 "-" "Mozilla/5.0 (compatible; Googlebot/2.1; +http://www.google.com/bot.html)"
66.249.69.198 - - [21/Jul/2026:22:58:37 +0000] "GET /elementor-87/ HTTP/1.1" 404 78412 "-" "Mozilla/5.0 (Linux; Android 6.0.1; Nexus 5X Build/MMB29P) AppleWebKit/537.36 (KHTML, like Gecko) Chrome/150.0.7871.128 Mobile Safari/537.36 (compatible; Googlebot/2.1; +http://www.google.com/bot.html)"
46.138.250.165 - - [21/Jul/2026:23:12:50 +0000] "GET / HTTP/1.1" 200 86563 "https://aicrawler.store" "Mozilla/5.0 (Windows NT 10.0; Win64; x64) AppleWebKit/537.36 (KHTML, like Gecko) Chrome/123.0.0.0 Safari/537.36 Edg/123.0.2420.81"
46.138.250.165 - - [21/Jul/2026:23:12:57 +0000] "GET / HTTP/1.1" 200 86563 "-" "-"
154.205.8.214 - - [22/Jul/2026:00:35:08 +0000] "GET /filefuns.php HTTP/1.1" 200 8 "https://www.google.com" "Mozilla/5.0 (Windows NT 10.0; Win64; x64) AppleWebKit/537.36 (KHTML, like Gecko) Chrome/114.0.0.0 Safari/537.36 Edg/114.0.1823.43"
198.177.124.148 - - [22/Jul/2026:00:50:27 +0000] "POST /wp-cron.php?doing_wp_cron=1784681427.1352050304412841796875 HTTP/1.1" 200 - "-" "WordPress/7.0.2; https://queenrichglobasolution.shop"
63.141.250.58 - - [22/Jul/2026:00:50:18 +0000] "GET / HTTP/1.1" 200 86563 "-" "Mozilla/5.0 (Windows NT 10.0; Win64; x64) AppleWebKit/537.36 (KHTML, like Gecko) Chrome/131.0.0.0 Safari/537.36"
63.141.250.58 - - [22/Jul/2026:00:50:27 +0000] "GET / HTTP/1.1" 200 86563 "-" "Mozilla/5.0 (compatible; Googlebot/2.1; +http://www.google.com/bot.html)"
63.141.250.58 - - [22/Jul/2026:00:50:37 +0000] "GET /?params=1 HTTP/1.1" 200 86563 "-" "Mozilla/5.0 (Windows NT 10.0; Win64; x64) AppleWebKit/537.36 (KHTML, like Gecko) Chrome/131.0.0.0 Safari/537.36"
198.177.124.148 - - [22/Jul/2026:00:51:38 +0000] "POST /wp-cron.php?doing_wp_cron=1784681498.1213240623474121093750 HTTP/1.1" 200 - "-" "WordPress/7.0.2; https://queenrichglobasolution.shop"
63.141.250.58 - - [22/Jul/2026:00:51:36 +0000] "GET / HTTP/1.1" 200 86563 "-" "Mozilla/5.0 (Windows NT 10.0; Win64; x64) AppleWebKit/537.36 (KHTML, like Gecko) Chrome/131.0.0.0 Safari/537.36"
63.141.250.58 - - [22/Jul/2026:00:51:38 +0000] "GET / HTTP/1.1" 200 86563 "-" "Mozilla/5.0 (compatible; Googlebot/2.1; +http://www.google.com/bot.html)"
63.141.250.58 - - [22/Jul/2026:00:51:43 +0000] "GET /?params=1 HTTP/1.1" 200 86563 "-" "Mozilla/5.0 (Windows NT 10.0; Win64; x64) AppleWebKit/537.36 (KHTML, like Gecko) Chrome/131.0.0.0 Safari/537.36"
43.157.148.38 - - [22/Jul/2026:01:11:10 +0000] "GET / HTTP/1.1" 200 86563 "http://queenrichglobasolution.shop" "Mozilla/5.0 (iPhone; CPU iPhone OS 13_2_3 like Mac OS X) AppleWebKit/605.1.15 (KHTML, like Gecko) Version/13.0.3 Mobile/15E148 Safari/604.1"
198.177.124.148 - - [22/Jul/2026:01:33:56 +0000] "POST /wp-cron.php?doing_wp_cron=1784684036.5830678939819335937500 HTTP/1.1" 200 - "-" "WordPress/7.0.2; https://queenrichglobasolution.shop"
189.114.133.60 - - [22/Jul/2026:01:33:54 +0000] "POST /xmlrpc.php HTTP/1.1" 200 403 "-" "WordPress.com; https://wordpress.com"
189.114.133.60 - - [22/Jul/2026:01:34:04 +0000] "POST /xmlrpc.php HTTP/1.1" 200 403 "-" "Jetpack by WordPress.com (Jetpack 12.1; WordPress 6.1)"
198.177.124.148 - - [22/Jul/2026:01:34:17 +0000] "POST /wp-cron.php?doing_wp_cron=1784684057.2700870037078857421875 HTTP/1.1" 200 - "-" "WordPress/7.0.2; https://queenrichglobasolution.shop"
189.114.133.60 - - [22/Jul/2026:01:34:15 +0000] "POST /xmlrpc.php HTTP/1.1" 200 403 "-" "WordPress.com; https://wordpress.com"
189.114.133.60 - - [22/Jul/2026:01:34:26 +0000] "POST /xmlrpc.php HTTP/1.1" 200 403 "-" "WordPress.com; https://wordpress.com"
189.114.133.60 - - [22/Jul/2026:01:34:36 +0000] "POST /xmlrpc.php HTTP/1.1" 200 403 "-" "Jetpack by WordPress.com"
189.114.133.60 - - [22/Jul/2026:01:34:47 +0000] "POST /xmlrpc.php HTTP/1.1" 200 403 "-" "WordPress.com; https://wordpress.com"
189.114.133.60 - - [22/Jul/2026:01:34:58 +0000] "POST /xmlrpc.php HTTP/1.1" 200 403 "-" "Jetpack/12.0; WordPress/6.4; http://site41127210.com"
189.114.133.60 - - [22/Jul/2026:01:35:08 +0000] "POST /xmlrpc.php HTTP/1.1" 200 403 "-" "WordPress.com; https://wordpress.com"
198.177.124.148 - - [22/Jul/2026:01:35:21 +0000] "POST /wp-cron.php?doing_wp_cron=1784684121.3914520740509033203125 HTTP/1.1" 200 - "-" "WordPress/7.0.2; https://queenrichglobasolution.shop"
189.114.133.60 - - [22/Jul/2026:01:35:19 +0000] "POST /xmlrpc.php HTTP/1.1" 200 403 "-" "Jetpack by WordPress.com (Jetpack 12.1; WordPress 6.3)"
189.114.133.60 - - [22/Jul/2026:01:35:29 +0000] "POST /xmlrpc.php HTTP/1.1" 200 403 "-" "Jetpack/12.0; WordPress/6.3; http://site51523199.com"
189.114.133.60 - - [22/Jul/2026:01:35:40 +0000] "POST /xmlrpc.php HTTP/1.1" 200 403 "-" "Jetpack by WordPress.com"
189.114.133.60 - - [22/Jul/2026:01:35:51 +0000] "POST /xmlrpc.php HTTP/1.1" 200 403 "-" "Jetpack by WordPress.com (Jetpack 12.5; WordPress 6.1)"
189.114.133.60 - - [22/Jul/2026:01:36:01 +0000] "POST /xmlrpc.php HTTP/1.1" 200 403 "-" "Jetpack by WordPress.com (Jetpack 13.0; WordPress 6.1)"
198.177.124.148 - - [22/Jul/2026:01:36:14 +0000] "POST /wp-cron.php?doing_wp_cron=1784684174.7109899520874023437500 HTTP/1.1" 200 - "-" "WordPress/7.0.2; https://queenrichglobasolution.shop"
189.114.133.60 - - [22/Jul/2026:01:36:12 +0000] "POST /xmlrpc.php HTTP/1.1" 200 403 "-" "WordPress.com; https://wordpress.com"
189.114.133.60 - - [22/Jul/2026:01:36:23 +0000] "POST /xmlrpc.php HTTP/1.1" 200 403 "-" "Jetpack by WordPress.com (Jetpack 12.1; WordPress 6.2)"
189.114.133.60 - - [22/Jul/2026:01:36:33 +0000] "POST /xmlrpc.php HTTP/1.1" 200 403 "-" "Jetpack by WordPress.com (Jetpack 13.0; WordPress 6.3)"
189.114.133.60 - - [22/Jul/2026:01:36:44 +0000] "POST /xmlrpc.php HTTP/1.1" 200 403 "-" "Jetpack by WordPress.com (Jetpack 12.0; WordPress 6.4)"
189.114.133.60 - - [22/Jul/2026:01:36:55 +0000] "POST /xmlrpc.php HTTP/1.1" 200 403 "-" "Jetpack by WordPress.com (Jetpack 12.5; WordPress 6.3)"
189.114.133.60 - - [22/Jul/2026:01:37:05 +0000] "POST /xmlrpc.php HTTP/1.1" 200 403 "-" "Jetpack by WordPress.com"
198.177.124.148 - - [22/Jul/2026:01:37:18 +0000] "POST /wp-cron.php?doing_wp_cron=1784684238.5831439495086669921875 HTTP/1.1" 200 - "-" "WordPress/7.0.2; https://queenrichglobasolution.shop"
189.114.133.60 - - [22/Jul/2026:01:37:16 +0000] "POST /xmlrpc.php HTTP/1.1" 200 403 "-" "Jetpack by WordPress.com"
189.114.133.60 - - [22/Jul/2026:01:37:27 +0000] "POST /xmlrpc.php HTTP/1.1" 200 403 "-" "Jetpack/13.0; WordPress/6.4; http://site71921944.com"
189.114.133.60 - - [22/Jul/2026:01:37:37 +0000] "POST /xmlrpc.php HTTP/1.1" 200 403 "-" "Jetpack by WordPress.com"
189.114.133.60 - - [22/Jul/2026:01:37:48 +0000] "POST /xmlrpc.php HTTP/1.1" 200 403 "-" "WordPress.com; https://wordpress.com"
189.114.133.60 - - [22/Jul/2026:01:37:59 +0000] "POST /xmlrpc.php HTTP/1.1" 200 403 "-" "WordPress.com; https://wordpress.com"
189.114.133.60 - - [22/Jul/2026:01:38:09 +0000] "POST /xmlrpc.php HTTP/1.1" 200 403 "-" "Jetpack by WordPress.com"
198.177.124.148 - - [22/Jul/2026:01:38:22 +0000] "POST /wp-cron.php?doing_wp_cron=1784684302.4492700099945068359375 HTTP/1.1" 200 - "-" "WordPress/7.0.2; https://queenrichglobasolution.shop"
189.114.133.60 - - [22/Jul/2026:01:38:20 +0000] "POST /xmlrpc.php HTTP/1.1" 200 403 "-" "Jetpack by WordPress.com (Jetpack 13.0; WordPress 6.4)"
189.114.133.60 - - [22/Jul/2026:01:38:31 +0000] "POST /xmlrpc.php HTTP/1.1" 200 403 "-" "Jetpack by WordPress.com"
189.114.133.60 - - [22/Jul/2026:01:38:41 +0000] "POST /xmlrpc.php HTTP/1.1" 200 403 "-" "WordPress.com; https://wordpress.com"
189.114.133.60 - - [22/Jul/2026:01:38:52 +0000] "POST /xmlrpc.php HTTP/1.1" 200 403 "-" "WordPress.com; https://wordpress.com"
189.114.133.60 - - [22/Jul/2026:01:39:02 +0000] "POST /xmlrpc.php HTTP/1.1" 200 403 "-" "Jetpack/13.0; WordPress/6.4; http://site52532340.com"
198.177.124.148 - - [22/Jul/2026:01:39:16 +0000] "POST /wp-cron.php?doing_wp_cron=1784684355.8949019908905029296875 HTTP/1.1" 200 - "-" "WordPress/7.0.2; https://queenrichglobasolution.shop"
189.114.133.60 - - [22/Jul/2026:01:39:13 +0000] "POST /xmlrpc.php HTTP/1.1" 200 403 "-" "Jetpack by WordPress.com (Jetpack 12.5; WordPress 6.4)"
189.114.133.60 - - [22/Jul/2026:01:39:24 +0000] "POST /xmlrpc.php HTTP/1.1" 200 403 "-" "WordPress.com; https://wordpress.com"
189.114.133.60 - - [22/Jul/2026:01:39:35 +0000] "POST /xmlrpc.php HTTP/1.1" 200 403 "-" "Jetpack by WordPress.com (Jetpack 12.5; WordPress 6.4)"
189.114.133.60 - - [22/Jul/2026:01:39:45 +0000] "POST /xmlrpc.php HTTP/1.1" 200 403 "-" "WordPress.com; https://wordpress.com"
189.114.133.60 - - [22/Jul/2026:01:39:56 +0000] "POST /xmlrpc.php HTTP/1.1" 200 403 "-" "Jetpack/12.1; WordPress/6.2; http://site72673011.com"
189.114.133.60 - - [22/Jul/2026:01:40:07 +0000] "POST /xmlrpc.php HTTP/1.1" 200 403 "-" "Jetpack by WordPress.com"
198.177.124.148 - - [22/Jul/2026:01:40:20 +0000] "POST /wp-cron.php?doing_wp_cron=1784684420.2449491024017333984375 HTTP/1.1" 200 - "-" "WordPress/7.0.2; https://queenrichglobasolution.shop"
189.114.133.60 - - [22/Jul/2026:01:40:17 +0000] "POST /xmlrpc.php HTTP/1.1" 200 403 "-" "WordPress.com; https://wordpress.com"
189.114.133.60 - - [22/Jul/2026:01:40:28 +0000] "POST /xmlrpc.php HTTP/1.1" 200 403 "-" "Jetpack/12.5; WordPress/6.3; http://site56002489.com"
189.114.133.60 - - [22/Jul/2026:01:40:39 +0000] "POST /xmlrpc.php HTTP/1.1" 200 403 "-" "Jetpack by WordPress.com (Jetpack 12.1; WordPress 6.3)"
189.114.133.60 - - [22/Jul/2026:01:40:49 +0000] "POST /xmlrpc.php HTTP/1.1" 200 403 "-" "Jetpack by WordPress.com (Jetpack 12.1; WordPress 6.2)"
189.114.133.60 - - [22/Jul/2026:01:41:00 +0000] "POST /xmlrpc.php HTTP/1.1" 200 403 "-" "Jetpack/12.0; WordPress/6.1; http://site41666335.com"
189.114.133.60 - - [22/Jul/2026:01:41:11 +0000] "POST /xmlrpc.php HTTP/1.1" 200 403 "-" "Jetpack/12.1; WordPress/6.1; http://site47409963.com"
198.177.124.148 - - [22/Jul/2026:01:41:24 +0000] "POST /wp-cron.php?doing_wp_cron=1784684484.5213179588317871093750 HTTP/1.1" 200 - "-" "WordPress/7.0.2; https://queenrichglobasolution.shop"
189.114.133.60 - - [22/Jul/2026:01:41:21 +0000] "POST /xmlrpc.php HTTP/1.1" 200 403 "-" "Jetpack by WordPress.com (Jetpack 12.0; WordPress 6.4)"
189.114.133.60 - - [22/Jul/2026:01:41:32 +0000] "POST /xmlrpc.php HTTP/1.1" 200 403 "-" "Jetpack/13.0; WordPress/6.3; http://site81433737.com"
189.114.133.60 - - [22/Jul/2026:01:41:43 +0000] "POST /xmlrpc.php HTTP/1.1" 200 403 "-" "Jetpack/12.0; WordPress/6.1; http://site16364385.com"
189.114.133.60 - - [22/Jul/2026:01:41:53 +0000] "POST /xmlrpc.php HTTP/1.1" 200 403 "-" "Jetpack/13.0; WordPress/6.1; http://site44830674.com"
189.114.133.60 - - [22/Jul/2026:01:42:04 +0000] "POST /xmlrpc.php HTTP/1.1" 200 403 "-" "WordPress.com; https://wordpress.com"
198.177.124.148 - - [22/Jul/2026:01:42:17 +0000] "POST /wp-cron.php?doing_wp_cron=1784684537.3966751098632812500000 HTTP/1.1" 200 - "-" "WordPress/7.0.2; https://queenrichglobasolution.shop"
189.114.133.60 - - [22/Jul/2026:01:42:15 +0000] "POST /xmlrpc.php HTTP/1.1" 200 403 "-" "Jetpack/12.0; WordPress/6.1; http://site28808169.com"
189.114.133.60 - - [22/Jul/2026:01:42:25 +0000] "POST /xmlrpc.php HTTP/1.1" 200 403 "-" "Jetpack by WordPress.com (Jetpack 12.5; WordPress 6.1)"
189.114.133.60 - - [22/Jul/2026:01:42:36 +0000] "POST /xmlrpc.php HTTP/1.1" 200 403 "-" "WordPress.com; https://wordpress.com"
189.114.133.60 - - [22/Jul/2026:01:42:47 +0000] "POST /xmlrpc.php HTTP/1.1" 200 403 "-" "Jetpack/12.1; WordPress/6.2; http://site83369274.com"
189.114.133.60 - - [22/Jul/2026:01:42:57 +0000] "POST /xmlrpc.php HTTP/1.1" 200 403 "-" "WordPress.com; https://wordpress.com"
189.114.133.60 - - [22/Jul/2026:01:43:08 +0000] "POST /xmlrpc.php HTTP/1.1" 200 403 "-" "Jetpack by WordPress.com"
198.177.124.148 - - [22/Jul/2026:01:43:21 +0000] "POST /wp-cron.php?doing_wp_cron=1784684601.0259110927581787109375 HTTP/1.1" 200 - "-" "WordPress/7.0.2; https://queenrichglobasolution.shop"
189.114.133.60 - - [22/Jul/2026:01:43:18 +0000] "POST /xmlrpc.php HTTP/1.1" 200 403 "-" "Jetpack by WordPress.com (Jetpack 12.5; WordPress 6.4)"
189.114.133.60 - - [22/Jul/2026:01:43:29 +0000] "POST /xmlrpc.php HTTP/1.1" 200 403 "-" "Jetpack/12.5; WordPress/6.3; http://site82504549.com"
189.114.133.60 - - [22/Jul/2026:01:43:40 +0000] "POST /xmlrpc.php HTTP/1.1" 200 403 "-" "WordPress.com; https://wordpress.com"
189.114.133.60 - - [22/Jul/2026:01:43:50 +0000] "POST /xmlrpc.php HTTP/1.1" 200 403 "-" "Jetpack by WordPress.com"
189.114.133.60 - - [22/Jul/2026:01:44:01 +0000] "POST /xmlrpc.php HTTP/1.1" 200 403 "-" "Jetpack by WordPress.com (Jetpack 12.1; WordPress 6.4)"
198.177.124.148 - - [22/Jul/2026:01:44:14 +0000] "POST /wp-cron.php?doing_wp_cron=1784684654.8758459091186523437500 HTTP/1.1" 200 - "-" "WordPress/7.0.2; https://queenrichglobasolution.shop"
189.114.133.60 - - [22/Jul/2026:01:44:12 +0000] "POST /xmlrpc.php HTTP/1.1" 200 403 "-" "Jetpack/12.5; WordPress/6.1; http://site39557711.com"
189.114.133.60 - - [22/Jul/2026:01:44:22 +0000] "POST /xmlrpc.php HTTP/1.1" 200 403 "-" "Jetpack/12.0; WordPress/6.2; http://site26876873.com"
189.114.133.60 - - [22/Jul/2026:01:44:33 +0000] "POST /xmlrpc.php HTTP/1.1" 200 403 "-" "Jetpack by WordPress.com (Jetpack 12.0; WordPress 6.1)"
189.114.133.60 - - [22/Jul/2026:01:44:44 +0000] "POST /xmlrpc.php HTTP/1.1" 200 403 "-" "Jetpack/12.1; WordPress/6.3; http://site76552539.com"
189.114.133.60 - - [22/Jul/2026:01:44:54 +0000] "POST /xmlrpc.php HTTP/1.1" 200 403 "-" "Jetpack/12.1; WordPress/6.4; http://site40467339.com"
189.114.133.60 - - [22/Jul/2026:01:45:05 +0000] "POST /xmlrpc.php HTTP/1.1" 200 403 "-" "WordPress.com; https://wordpress.com"
198.177.124.148 - - [22/Jul/2026:01:45:21 +0000] "POST /wp-cron.php?doing_wp_cron=1784684720.9269869327545166015625 HTTP/1.1" 200 - "-" "WordPress/7.0.2; https://queenrichglobasolution.shop"
189.114.133.60 - - [22/Jul/2026:01:45:16 +0000] "POST /xmlrpc.php HTTP/1.1" 200 403 "-" "Jetpack by WordPress.com (Jetpack 13.0; WordPress 6.4)"
189.114.133.60 - - [22/Jul/2026:01:45:26 +0000] "POST /xmlrpc.php HTTP/1.1" 200 403 "-" "Jetpack by WordPress.com (Jetpack 12.1; WordPress 6.4)"
189.114.133.60 - - [22/Jul/2026:01:45:37 +0000] "POST /xmlrpc.php HTTP/1.1" 200 403 "-" "WordPress.com; https://wordpress.com"
189.114.133.60 - - [22/Jul/2026:01:45:48 +0000] "POST /xmlrpc.php HTTP/1.1" 200 403 "-" "Jetpack by WordPress.com (Jetpack 12.0; WordPress 6.2)"
189.114.133.60 - - [22/Jul/2026:01:45:58 +0000] "POST /xmlrpc.php HTTP/1.1" 200 403 "-" "WordPress.com; https://wordpress.com"
189.114.133.60 - - [22/Jul/2026:01:46:09 +0000] "POST /xmlrpc.php HTTP/1.1" 200 403 "-" "Jetpack by WordPress.com"
198.177.124.148 - - [22/Jul/2026:01:46:22 +0000] "POST /wp-cron.php?doing_wp_cron=1784684782.1164810657501220703125 HTTP/1.1" 200 - "-" "WordPress/7.0.2; https://queenrichglobasolution.shop"
189.114.133.60 - - [22/Jul/2026:01:46:20 +0000] "POST /xmlrpc.php HTTP/1.1" 200 403 "-" "WordPress.com; https://wordpress.com"
189.114.133.60 - - [22/Jul/2026:01:46:30 +0000] "POST /xmlrpc.php HTTP/1.1" 200 403 "-" "Jetpack/12.5; WordPress/6.4; http://site70115680.com"
189.114.133.60 - - [22/Jul/2026:01:46:41 +0000] "POST /xmlrpc.php HTTP/1.1" 200 403 "-" "Jetpack by WordPress.com (Jetpack 12.5; WordPress 6.1)"
189.114.133.60 - - [22/Jul/2026:01:46:52 +0000] "POST /xmlrpc.php HTTP/1.1" 200 403 "-" "WordPress.com; https://wordpress.com"
189.114.133.60 - - [22/Jul/2026:01:47:02 +0000] "POST /xmlrpc.php HTTP/1.1" 200 403 "-" "WordPress.com; https://wordpress.com"
198.177.124.148 - - [22/Jul/2026:01:47:15 +0000] "POST /wp-cron.php?doing_wp_cron=1784684835.4989840984344482421875 HTTP/1.1" 200 - "-" "WordPress/7.0.2; https://queenrichglobasolution.shop"
189.114.133.60 - - [22/Jul/2026:01:47:13 +0000] "POST /xmlrpc.php HTTP/1.1" 200 403 "-" "Jetpack by WordPress.com (Jetpack 12.1; WordPress 6.2)"
189.114.133.60 - - [22/Jul/2026:01:47:24 +0000] "POST /xmlrpc.php HTTP/1.1" 200 403 "-" "Jetpack by WordPress.com"
189.114.133.60 - - [22/Jul/2026:01:47:35 +0000] "POST /xmlrpc.php HTTP/1.1" 200 403 "-" "Jetpack by WordPress.com (Jetpack 12.1; WordPress 6.4)"
189.114.133.60 - - [22/Jul/2026:01:47:45 +0000] "POST /xmlrpc.php HTTP/1.1" 200 403 "-" "Jetpack by WordPress.com"
189.114.133.60 - - [22/Jul/2026:01:47:56 +0000] "POST /xmlrpc.php HTTP/1.1" 200 403 "-" "WordPress.com; https://wordpress.com"
189.114.133.60 - - [22/Jul/2026:01:48:07 +0000] "POST /xmlrpc.php HTTP/1.1" 200 403 "-" "WordPress.com; https://wordpress.com"
198.177.124.148 - - [22/Jul/2026:01:48:19 +0000] "POST /wp-cron.php?doing_wp_cron=1784684899.7510619163513183593750 HTTP/1.1" 200 - "-" "WordPress/7.0.2; https://queenrichglobasolution.shop"
189.114.133.60 - - [22/Jul/2026:01:48:17 +0000] "POST /xmlrpc.php HTTP/1.1" 200 403 "-" "WordPress.com; https://wordpress.com"
189.114.133.60 - - [22/Jul/2026:01:48:28 +0000] "POST /xmlrpc.php HTTP/1.1" 200 403 "-" "Jetpack by WordPress.com"
189.114.133.60 - - [22/Jul/2026:01:48:39 +0000] "POST /xmlrpc.php HTTP/1.1" 200 403 "-" "Jetpack by WordPress.com (Jetpack 12.1; WordPress 6.2)"
189.114.133.60 - - [22/Jul/2026:01:48:49 +0000] "POST /xmlrpc.php HTTP/1.1" 200 403 "-" "Jetpack by WordPress.com (Jetpack 13.0; WordPress 6.4)"
189.114.133.60 - - [22/Jul/2026:01:49:00 +0000] "POST /xmlrpc.php HTTP/1.1" 200 403 "-" "Jetpack by WordPress.com"
189.114.133.60 - - [22/Jul/2026:01:49:11 +0000] "POST /xmlrpc.php HTTP/1.1" 200 403 "-" "Jetpack/13.0; WordPress/6.2; http://site18726504.com"
198.177.124.148 - - [22/Jul/2026:01:49:24 +0000] "POST /wp-cron.php?doing_wp_cron=1784684964.8450269699096679687500 HTTP/1.1" 200 - "-" "WordPress/7.0.2; https://queenrichglobasolution.shop"
189.114.133.60 - - [22/Jul/2026:01:49:21 +0000] "POST /xmlrpc.php HTTP/1.1" 200 403 "-" "Jetpack/12.5; WordPress/6.1; http://site13552151.com"
189.114.133.60 - - [22/Jul/2026:01:49:32 +0000] "POST /xmlrpc.php HTTP/1.1" 200 403 "-" "Jetpack by WordPress.com (Jetpack 13.0; WordPress 6.3)"
189.114.133.60 - - [22/Jul/2026:01:49:43 +0000] "POST /xmlrpc.php HTTP/1.1" 200 403 "-" "Jetpack by WordPress.com (Jetpack 12.0; WordPress 6.2)"
189.114.133.60 - - [22/Jul/2026:01:49:53 +0000] "POST /xmlrpc.php HTTP/1.1" 200 403 "-" "WordPress.com; https://wordpress.com"
189.114.133.60 - - [22/Jul/2026:01:50:04 +0000] "POST /xmlrpc.php HTTP/1.1" 200 403 "-" "Jetpack by WordPress.com"
198.177.124.148 - - [22/Jul/2026:01:50:17 +0000] "POST /wp-cron.php?doing_wp_cron=1784685017.3359410762786865234375 HTTP/1.1" 200 - "-" "WordPress/7.0.2; https://queenrichglobasolution.shop"
189.114.133.60 - - [22/Jul/2026:01:50:15 +0000] "POST /xmlrpc.php HTTP/1.1" 200 403 "-" "Jetpack by WordPress.com"
189.114.133.60 - - [22/Jul/2026:01:50:25 +0000] "POST /xmlrpc.php HTTP/1.1" 200 403 "-" "Jetpack by WordPress.com"
189.114.133.60 - - [22/Jul/2026:01:50:36 +0000] "POST /xmlrpc.php HTTP/1.1" 200 403 "-" "Jetpack/12.0; WordPress/6.4; http://site61004888.com"
189.114.133.60 - - [22/Jul/2026:01:50:47 +0000] "POST /xmlrpc.php HTTP/1.1" 200 403 "-" "Jetpack/12.0; WordPress/6.2; http://site91943055.com"
189.114.133.60 - - [22/Jul/2026:01:50:57 +0000] "POST /xmlrpc.php HTTP/1.1" 200 403 "-" "Jetpack by WordPress.com (Jetpack 12.0; WordPress 6.1)"
189.114.133.60 - - [22/Jul/2026:01:51:08 +0000] "POST /xmlrpc.php HTTP/1.1" 200 403 "-" "WordPress.com; https://wordpress.com"
198.177.124.148 - - [22/Jul/2026:01:51:21 +0000] "POST /wp-cron.php?doing_wp_cron=1784685081.0384910106658935546875 HTTP/1.1" 200 - "-" "WordPress/7.0.2; https://queenrichglobasolution.shop"
189.114.133.60 - - [22/Jul/2026:01:51:19 +0000] "POST /xmlrpc.php HTTP/1.1" 200 403 "-" "Jetpack/13.0; WordPress/6.2; http://site68303282.com"
189.114.133.60 - - [22/Jul/2026:01:51:29 +0000] "POST /xmlrpc.php HTTP/1.1" 200 403 "-" "Jetpack by WordPress.com"
189.114.133.60 - - [22/Jul/2026:01:51:40 +0000] "POST /xmlrpc.php HTTP/1.1" 200 403 "-" "Jetpack/13.0; WordPress/6.2; http://site61822058.com"
189.114.133.60 - - [22/Jul/2026:01:51:51 +0000] "POST /xmlrpc.php HTTP/1.1" 200 403 "-" "Jetpack/12.5; WordPress/6.1; http://site89079059.com"
189.114.133.60 - - [22/Jul/2026:01:52:01 +0000] "POST /xmlrpc.php HTTP/1.1" 200 403 "-" "Jetpack/12.5; WordPress/6.4; http://site14118788.com"
198.177.124.148 - - [22/Jul/2026:01:52:15 +0000] "POST /wp-cron.php?doing_wp_cron=1784685135.7927899360656738281250 HTTP/1.1" 200 - "-" "WordPress/7.0.2; https://queenrichglobasolution.shop"
189.114.133.60 - - [22/Jul/2026:01:52:12 +0000] "POST /xmlrpc.php HTTP/1.1" 200 403 "-" "WordPress.com; https://wordpress.com"
189.114.133.60 - - [22/Jul/2026:01:52:23 +0000] "POST /xmlrpc.php HTTP/1.1" 200 403 "-" "Jetpack/12.1; WordPress/6.4; http://site87377023.com"
189.114.133.60 - - [22/Jul/2026:01:52:33 +0000] "POST /xmlrpc.php HTTP/1.1" 200 403 "-" "Jetpack by WordPress.com"
189.114.133.60 - - [22/Jul/2026:01:52:44 +0000] "POST /xmlrpc.php HTTP/1.1" 200 403 "-" "Jetpack/12.0; WordPress/6.2; http://site52142257.com"
189.114.133.60 - - [22/Jul/2026:01:52:55 +0000] "POST /xmlrpc.php HTTP/1.1" 200 403 "-" "Jetpack/12.5; WordPress/6.4; http://site81662198.com"
189.114.133.60 - - [22/Jul/2026:01:53:05 +0000] "POST /xmlrpc.php HTTP/1.1" 200 403 "-" "Jetpack by WordPress.com (Jetpack 12.0; WordPress 6.3)"
198.177.124.148 - - [22/Jul/2026:01:53:18 +0000] "POST /wp-cron.php?doing_wp_cron=1784685198.0900208950042724609375 HTTP/1.1" 200 - "-" "WordPress/7.0.2; https://queenrichglobasolution.shop"
189.114.133.60 - - [22/Jul/2026:01:53:16 +0000] "POST /xmlrpc.php HTTP/1.1" 200 403 "-" "Jetpack/12.0; WordPress/6.3; http://site11497411.com"
189.114.133.60 - - [22/Jul/2026:01:53:27 +0000] "POST /xmlrpc.php HTTP/1.1" 200 403 "-" "WordPress.com; https://wordpress.com"
189.114.133.60 - - [22/Jul/2026:01:53:37 +0000] "POST /xmlrpc.php HTTP/1.1" 200 403 "-" "Jetpack by WordPress.com"
189.114.133.60 - - [22/Jul/2026:01:53:48 +0000] "POST /xmlrpc.php HTTP/1.1" 200 403 "-" "Jetpack by WordPress.com (Jetpack 12.0; WordPress 6.4)"
189.114.133.60 - - [22/Jul/2026:01:53:59 +0000] "POST /xmlrpc.php HTTP/1.1" 200 403 "-" "Jetpack by WordPress.com"
189.114.133.60 - - [22/Jul/2026:01:54:09 +0000] "POST /xmlrpc.php HTTP/1.1" 200 403 "-" "Jetpack/12.0; WordPress/6.3; http://site87039822.com"
198.177.124.148 - - [22/Jul/2026:01:54:22 +0000] "POST /wp-cron.php?doing_wp_cron=1784685262.5399239063262939453125 HTTP/1.1" 200 - "-" "WordPress/7.0.2; https://queenrichglobasolution.shop"
189.114.133.60 - - [22/Jul/2026:01:54:20 +0000] "POST /xmlrpc.php HTTP/1.1" 200 403 "-" "Jetpack/12.5; WordPress/6.4; http://site19381134.com"
189.114.133.60 - - [22/Jul/2026:01:54:31 +0000] "POST /xmlrpc.php HTTP/1.1" 200 403 "-" "Jetpack/12.5; WordPress/6.3; http://site16016319.com"
189.114.133.60 - - [22/Jul/2026:01:54:41 +0000] "POST /xmlrpc.php HTTP/1.1" 200 403 "-" "WordPress.com; https://wordpress.com"
43.133.60.94 - - [22/Jul/2026:01:57:15 +0000] "GET / HTTP/1.1" 200 86563 "http://queenrichglobasolution.shop" "Mozilla/5.0 (iPhone; CPU iPhone OS 13_2_3 like Mac OS X) AppleWebKit/605.1.15 (KHTML, like Gecko) Version/13.0.3 Mobile/15E148 Safari/604.1"
198.177.124.148 - - [22/Jul/2026:02:28:32 +0000] "POST /wp-cron.php?doing_wp_cron=1784687312.4037539958953857421875 HTTP/1.1" 200 - "-" "WordPress/7.0.2; https://queenrichglobasolution.shop"
189.114.133.60 - - [22/Jul/2026:02:28:29 +0000] "POST /xmlrpc.php HTTP/1.1" 200 403 "-" "Jetpack by WordPress.com (Jetpack 13.0; WordPress 6.3)"
189.114.133.60 - - [22/Jul/2026:02:28:39 +0000] "POST /xmlrpc.php HTTP/1.1" 200 403 "-" "Jetpack/12.0; WordPress/6.4; http://site42633842.com"
189.114.133.60 - - [22/Jul/2026:02:28:50 +0000] "POST /xmlrpc.php HTTP/1.1" 200 403 "-" "Jetpack/12.1; WordPress/6.2; http://site92757665.com"
189.114.133.60 - - [22/Jul/2026:02:29:00 +0000] "POST /xmlrpc.php HTTP/1.1" 200 403 "-" "Jetpack by WordPress.com"
189.114.133.60 - - [22/Jul/2026:02:29:11 +0000] "POST /xmlrpc.php HTTP/1.1" 200 403 "-" "Jetpack/13.0; WordPress/6.4; http://site12849611.com"
198.177.124.148 - - [22/Jul/2026:02:29:24 +0000] "POST /wp-cron.php?doing_wp_cron=1784687364.1130208969116210937500 HTTP/1.1" 200 - "-" "WordPress/7.0.2; https://queenrichglobasolution.shop"
189.114.133.60 - - [22/Jul/2026:02:29:22 +0000] "POST /xmlrpc.php HTTP/1.1" 200 403 "-" "Jetpack by WordPress.com (Jetpack 12.5; WordPress 6.4)"
189.114.133.60 - - [22/Jul/2026:02:29:33 +0000] "POST /xmlrpc.php HTTP/1.1" 200 403 "-" "Jetpack by WordPress.com"
189.114.133.60 - - [22/Jul/2026:02:29:43 +0000] "POST /xmlrpc.php HTTP/1.1" 200 403 "-" "Jetpack by WordPress.com"
189.114.133.60 - - [22/Jul/2026:02:29:54 +0000] "POST /xmlrpc.php HTTP/1.1" 200 403 "-" "Jetpack by WordPress.com (Jetpack 12.1; WordPress 6.3)"
189.114.133.60 - - [22/Jul/2026:02:30:05 +0000] "POST /xmlrpc.php HTTP/1.1" 200 403 "-" "Jetpack/12.5; WordPress/6.1; http://site43302432.com"
198.177.124.148 - - [22/Jul/2026:02:30:17 +0000] "POST /wp-cron.php?doing_wp_cron=1784687417.7661519050598144531250 HTTP/1.1" 200 - "-" "WordPress/7.0.2; https://queenrichglobasolution.shop"
