66.249.72.132 - - [21/Jul/2026:18:55:24 +0000] "GET /?x=9778356626 HTTP/1.1" 200 197296 "-" "Mozilla/5.0 (Linux; Android 6.0.1; Nexus 5X Build/MMB29P) AppleWebKit/537.36 (KHTML, like Gecko) Chrome/150.0.7871.128 Mobile Safari/537.36 (compatible; GoogleOther)"
74.7.228.26 - - [21/Jul/2026:19:03:03 +0000] "GET /robots.txt HTTP/1.1" 500 - "-" "Mozilla/5.0 (Macintosh; Intel Mac OS X 10_15_7) AppleWebKit/537.36 (KHTML, like Gecko) Chrome/131.0.0.0 Safari/537.36; compatible; OAI-SearchBot/1.4; robots.txt; +https://openai.com/searchbot"
66.249.72.130 - - [21/Jul/2026:19:13:19 +0000] "GET /?x=97783238011 HTTP/1.1" 200 198110 "-" "Mozilla/5.0 (Linux; Android 6.0.1; Nexus 5X Build/MMB29P) AppleWebKit/537.36 (KHTML, like Gecko) Chrome/150.0.7871.128 Mobile Safari/537.36 (compatible; GoogleOther)"
66.249.72.130 - - [21/Jul/2026:19:14:45 +0000] "GET /?i=9236096005 HTTP/1.1" 200 197868 "-" "Mozilla/5.0 (Linux; Android 6.0.1; Nexus 5X Build/MMB29P) AppleWebKit/537.36 (KHTML, like Gecko) Chrome/150.0.7871.128 Mobile Safari/537.36 (compatible; GoogleOther)"
66.249.72.131 - - [21/Jul/2026:19:17:13 +0000] "GET /?i=9236096005 HTTP/1.1" 200 197868 "-" "Mozilla/5.0 (Linux; Android 6.0.1; Nexus 5X Build/MMB29P) AppleWebKit/537.36 (KHTML, like Gecko) Chrome/150.0.7871.128 Mobile Safari/537.36 (compatible; Googlebot/2.1; +http://www.google.com/bot.html)"
66.249.72.130 - - [21/Jul/2026:19:24:30 +0000] "GET /?h=86457150404 HTTP/1.1" 200 196061 "-" "Mozilla/5.0 (Linux; Android 6.0.1; Nexus 5X Build/MMB29P) AppleWebKit/537.36 (KHTML, like Gecko) Chrome/150.0.7871.128 Mobile Safari/537.36 (compatible; GoogleOther)"
66.249.72.132 - - [21/Jul/2026:19:29:20 +0000] "GET /?h=8645723091 HTTP/1.1" 200 196491 "-" "Mozilla/5.0 (Linux; Android 6.0.1; Nexus 5X Build/MMB29P) AppleWebKit/537.36 (KHTML, like Gecko) Chrome/150.0.7871.128 Mobile Safari/537.36 (compatible; GoogleOther)"
66.249.72.131 - - [21/Jul/2026:19:36:47 +0000] "GET /?x=9778320545 HTTP/1.1" 200 193757 "-" "Mozilla/5.0 (Linux; Android 6.0.1; Nexus 5X Build/MMB29P) AppleWebKit/537.36 (KHTML, like Gecko) Chrome/150.0.7871.128 Mobile Safari/537.36 (compatible; GoogleOther)"
79.137.67.86 - - [21/Jul/2026:19:40:33 +0000] "GET /robots.txt HTTP/1.1" 500 - "-" "Mozilla/5.0 (compatible; MJ12bot/v1.4.8; http://mj12bot.com/)"
45.248.151.230 - - [21/Jul/2026:19:48:34 +0000] "GET /wp-content/plugins/config-bs/bootstrap.php?p= HTTP/1.1" 500 - "-" "Mozilla/5.0 (Windows NT 10.0; Win64; x64) AppleWebKit/537.36 (KHTML, like Gecko) Chrome/150.0.0.0 Safari/537.36"
66.249.72.131 - - [21/Jul/2026:19:54:04 +0000] "GET /?h=86457233864 HTTP/1.1" 200 195987 "-" "Mozilla/5.0 (Linux; Android 6.0.1; Nexus 5X Build/MMB29P) AppleWebKit/537.36 (KHTML, like Gecko) Chrome/150.0.7871.128 Mobile Safari/537.36 (compatible; GoogleOther)"
195.172.211.141 - - [21/Jul/2026:20:04:07 +0000] "HEAD / HTTP/1.1" 500 - "-" "Mozilla/5.0 (X11; Linux x86_64) AppleWebKit/537.36 (KHTML, like Gecko) Chrome/124.0.0.0 Safari/537.36 Edg/124.0.0.0"
74.7.228.26 - - [21/Jul/2026:20:05:51 +0000] "GET /robots.txt HTTP/1.1" 500 - "-" "Mozilla/5.0 (Macintosh; Intel Mac OS X 10_15_7) AppleWebKit/537.36 (KHTML, like Gecko) Chrome/131.0.0.0 Safari/537.36; compatible; OAI-SearchBot/1.4; robots.txt; +https://openai.com/searchbot"
198.177.124.148 - - [21/Jul/2026:20:29:32 +0000] "POST /wp-cron.php?doing_wp_cron=1784665772.6837348937988281250000 HTTP/1.1" 200 - "-" "WordPress/7.0.2; https://lizzystem100.shop"
136.66.77.85 - - [21/Jul/2026:20:29:30 +0000] "GET /wp-login.php HTTP/1.1" 200 4715 "-" "Mozilla/5.0 (Windows NT 10.0; Win64; x64) AppleWebKit/537.36 (KHTML, like Gecko) HeadlessChrome/150.0.0.0 Safari/537.36"
136.66.77.85 - - [21/Jul/2026:20:29:32 +0000] "GET /wp-admin/load-styles.php?c=0&dir=ltr&load%5Bchunk_0%5D=dashicons,buttons,forms,l10n,wp-base-styles,login&ver=7.0.2 HTTP/1.1" 200 111601 "https://lizzystem100.shop/wp-login.php" "Mozilla/5.0 (Windows NT 10.0; Win64; x64) AppleWebKit/537.36 (KHTML, like Gecko) HeadlessChrome/150.0.0.0 Safari/537.36"
136.66.77.85 - - [21/Jul/2026:20:29:32 +0000] "GET /wp-includes/js/dist/i18n.min.js?ver=781d11515ad3d91786ec HTTP/1.1" 200 5732 "https://lizzystem100.shop/wp-login.php" "Mozilla/5.0 (Windows NT 10.0; Win64; x64) AppleWebKit/537.36 (KHTML, like Gecko) HeadlessChrome/150.0.0.0 Safari/537.36"
136.66.77.85 - - [21/Jul/2026:20:29:32 +0000] "GET /wp-includes/js/underscore.min.js?ver=1.13.8 HTTP/1.1" 200 19012 "https://lizzystem100.shop/wp-login.php" "Mozilla/5.0 (Windows NT 10.0; Win64; x64) AppleWebKit/537.36 (KHTML, like Gecko) HeadlessChrome/150.0.0.0 Safari/537.36"
136.66.77.85 - - [21/Jul/2026:20:29:32 +0000] "GET /wp-admin/js/password-strength-meter.min.js?ver=7.0.2 HTTP/1.1" 200 1123 "https://lizzystem100.shop/wp-login.php" "Mozilla/5.0 (Windows NT 10.0; Win64; x64) AppleWebKit/537.36 (KHTML, like Gecko) HeadlessChrome/150.0.0.0 Safari/537.36"
136.66.77.85 - - [21/Jul/2026:20:29:32 +0000] "GET /wp-admin/load-scripts.php?c=0&load%5Bchunk_0%5D=clipboard,jquery-core,jquery-migrate,zxcvbn-async,wp-hooks&ver=7.0.2 HTTP/1.1" 200 115545 "https://lizzystem100.shop/wp-login.php" "Mozilla/5.0 (Windows NT 10.0; Win64; x64) AppleWebKit/537.36 (KHTML, like Gecko) HeadlessChrome/150.0.0.0 Safari/537.36"
136.66.77.85 - - [21/Jul/2026:20:29:32 +0000] "GET /wp-includes/js/dist/dom-ready.min.js?ver=a06281ae5cf5500e9317 HTTP/1.1" 200 818 "https://lizzystem100.shop/wp-login.php" "Mozilla/5.0 (Windows NT 10.0; Win64; x64) AppleWebKit/537.36 (KHTML, like Gecko) HeadlessChrome/150.0.0.0 Safari/537.36"
136.66.77.85 - - [21/Jul/2026:20:29:32 +0000] "GET /wp-includes/js/wp-util.min.js?ver=7.0.2 HTTP/1.1" 200 1431 "https://lizzystem100.shop/wp-login.php" "Mozilla/5.0 (Windows NT 10.0; Win64; x64) AppleWebKit/537.36 (KHTML, like Gecko) HeadlessChrome/150.0.0.0 Safari/537.36"
136.66.77.85 - - [21/Jul/2026:20:29:32 +0000] "GET /wp-includes/js/dist/a11y.min.js?ver=af934e5259bc51b8718e HTTP/1.1" 200 2503 "https://lizzystem100.shop/wp-login.php" "Mozilla/5.0 (Windows NT 10.0; Win64; x64) AppleWebKit/537.36 (KHTML, like Gecko) HeadlessChrome/150.0.0.0 Safari/537.36"
136.66.77.85 - - [21/Jul/2026:20:29:33 +0000] "GET /wp-admin/js/user-profile.min.js?ver=7.0.2 HTTP/1.1" 200 7997 "https://lizzystem100.shop/wp-login.php" "Mozilla/5.0 (Windows NT 10.0; Win64; x64) AppleWebKit/537.36 (KHTML, like Gecko) HeadlessChrome/150.0.0.0 Safari/537.36"
136.66.77.85 - - [21/Jul/2026:20:29:33 +0000] "GET /wp-admin/images/wordpress-logo-gray.svg?ver=20260303 HTTP/1.1" 200 1521 "https://lizzystem100.shop/wp-admin/load-styles.php?c=0&dir=ltr&load%5Bchunk_0%5D=dashicons,buttons,forms,l10n,wp-base-styles,login&ver=7.0.2" "Mozilla/5.0 (Windows NT 10.0; Win64; x64) AppleWebKit/537.36 (KHTML, like Gecko) HeadlessChrome/150.0.0.0 Safari/537.36"
136.66.77.85 - - [21/Jul/2026:20:29:33 +0000] "GET /favicon.ico HTTP/1.1" 500 - "https://lizzystem100.shop/wp-login.php" "Mozilla/5.0 (Windows NT 10.0; Win64; x64) AppleWebKit/537.36 (KHTML, like Gecko) HeadlessChrome/150.0.0.0 Safari/537.36"
136.66.77.85 - - [21/Jul/2026:20:29:33 +0000] "GET /wp-includes/js/zxcvbn.min.js HTTP/1.1" 200 822237 "https://lizzystem100.shop/wp-login.php" "Mozilla/5.0 (Windows NT 10.0; Win64; x64) AppleWebKit/537.36 (KHTML, like Gecko) HeadlessChrome/150.0.0.0 Safari/537.36"
136.66.77.85 - - [21/Jul/2026:20:29:33 +0000] "POST /wp-login.php HTTP/1.1" 200 5127 "https://lizzystem100.shop/wp-login.php" "Mozilla/5.0 (Windows NT 10.0; Win64; x64) AppleWebKit/537.36 (KHTML, like Gecko) HeadlessChrome/150.0.0.0 Safari/537.36"
136.66.77.85 - - [21/Jul/2026:20:29:34 +0000] "GET /favicon.ico HTTP/1.1" 500 - "https://lizzystem100.shop/wp-login.php" "Mozilla/5.0 (Windows NT 10.0; Win64; x64) AppleWebKit/537.36 (KHTML, like Gecko) HeadlessChrome/150.0.0.0 Safari/537.36"
136.66.77.85 - - [21/Jul/2026:20:29:35 +0000] "GET /wp-login.php HTTP/1.1" 200 4715 "-" "Mozilla/5.0 (Windows NT 10.0; Win64; x64) AppleWebKit/537.36 (KHTML, like Gecko) HeadlessChrome/150.0.0.0 Safari/537.36"
136.66.77.85 - - [21/Jul/2026:20:29:37 +0000] "GET /favicon.ico HTTP/1.1" 500 - "https://lizzystem100.shop/wp-login.php" "Mozilla/5.0 (Windows NT 10.0; Win64; x64) AppleWebKit/537.36 (KHTML, like Gecko) HeadlessChrome/150.0.0.0 Safari/537.36"
136.66.77.85 - - [21/Jul/2026:20:29:37 +0000] "POST /wp-login.php HTTP/1.1" 200 5127 "https://lizzystem100.shop/wp-login.php" "Mozilla/5.0 (Windows NT 10.0; Win64; x64) AppleWebKit/537.36 (KHTML, like Gecko) HeadlessChrome/150.0.0.0 Safari/537.36"
136.66.77.85 - - [21/Jul/2026:20:29:38 +0000] "GET /favicon.ico HTTP/1.1" 500 - "https://lizzystem100.shop/wp-login.php" "Mozilla/5.0 (Windows NT 10.0; Win64; x64) AppleWebKit/537.36 (KHTML, like Gecko) HeadlessChrome/150.0.0.0 Safari/537.36"
136.66.77.85 - - [21/Jul/2026:20:29:39 +0000] "GET /wp-login.php HTTP/1.1" 200 4715 "-" "Mozilla/5.0 (Windows NT 10.0; Win64; x64) AppleWebKit/537.36 (KHTML, like Gecko) HeadlessChrome/150.0.0.0 Safari/537.36"
136.66.77.85 - - [21/Jul/2026:20:29:40 +0000] "GET /favicon.ico HTTP/1.1" 500 - "https://lizzystem100.shop/wp-login.php" "Mozilla/5.0 (Windows NT 10.0; Win64; x64) AppleWebKit/537.36 (KHTML, like Gecko) HeadlessChrome/150.0.0.0 Safari/537.36"
136.66.77.85 - - [21/Jul/2026:20:29:41 +0000] "POST /wp-login.php HTTP/1.1" 200 5127 "https://lizzystem100.shop/wp-login.php" "Mozilla/5.0 (Windows NT 10.0; Win64; x64) AppleWebKit/537.36 (KHTML, like Gecko) HeadlessChrome/150.0.0.0 Safari/537.36"
136.66.77.85 - - [21/Jul/2026:20:29:43 +0000] "GET /favicon.ico HTTP/1.1" 500 - "https://lizzystem100.shop/wp-login.php" "Mozilla/5.0 (Windows NT 10.0; Win64; x64) AppleWebKit/537.36 (KHTML, like Gecko) HeadlessChrome/150.0.0.0 Safari/537.36"
66.249.72.132 - - [21/Jul/2026:20:34:44 +0000] "GET /?h=86457269615 HTTP/1.1" 200 196821 "-" "Mozilla/5.0 (Linux; Android 6.0.1; Nexus 5X Build/MMB29P) AppleWebKit/537.36 (KHTML, like Gecko) Chrome/150.0.7871.128 Mobile Safari/537.36 (compatible; GoogleOther)"
59.14.17.48 - - [21/Jul/2026:20:36:03 +0000] "HEAD / HTTP/1.1" 500 - "-" "-"
66.249.72.132 - - [21/Jul/2026:20:39:16 +0000] "GET /?h=864578665 HTTP/1.1" 200 194766 "-" "Mozilla/5.0 (Linux; Android 6.0.1; Nexus 5X Build/MMB29P) AppleWebKit/537.36 (KHTML, like Gecko) Chrome/150.0.7871.128 Mobile Safari/537.36 (compatible; GoogleOther)"
66.249.72.130 - - [21/Jul/2026:20:41:22 +0000] "GET /?x=97783160192 HTTP/1.1" 200 198539 "-" "Mozilla/5.0 (Linux; Android 6.0.1; Nexus 5X Build/MMB29P) AppleWebKit/537.36 (KHTML, like Gecko) Chrome/150.0.7871.128 Mobile Safari/537.36 (compatible; GoogleOther)"
66.249.72.130 - - [21/Jul/2026:20:41:38 +0000] "GET /?x=97783211761 HTTP/1.1" 200 197557 "-" "Mozilla/5.0 (Linux; Android 6.0.1; Nexus 5X Build/MMB29P) AppleWebKit/537.36 (KHTML, like Gecko) Chrome/150.0.7871.128 Mobile Safari/537.36 (compatible; GoogleOther)"
205.169.39.48 - - [21/Jul/2026:20:44:16 +0000] "GET / HTTP/1.1" 500 - "-" "Mozilla/5.0 (Windows NT 10.0) AppleWebKit/537.36 (KHTML, like Gecko) Chrome/106.0.0.0 Safari/537.36"
66.249.72.132 - - [21/Jul/2026:20:50:05 +0000] "GET /?h=864578665 HTTP/1.1" 200 194766 "-" "Mozilla/5.0 (Linux; Android 6.0.1; Nexus 5X Build/MMB29P) AppleWebKit/537.36 (KHTML, like Gecko) Chrome/150.0.7871.128 Mobile Safari/537.36 (compatible; Googlebot/2.1; +http://www.google.com/bot.html)"
66.249.72.131 - - [21/Jul/2026:20:50:58 +0000] "GET /?x=977835237 HTTP/1.1" 200 196849 "-" "Mozilla/5.0 (Linux; Android 6.0.1; Nexus 5X Build/MMB29P) AppleWebKit/537.36 (KHTML, like Gecko) Chrome/150.0.7871.128 Mobile Safari/537.36 (compatible; GoogleOther)"
198.177.124.148 - - [21/Jul/2026:20:55:07 +0000] "POST /wp-cron.php?doing_wp_cron=1784667307.1976768970489501953125 HTTP/1.1" 200 - "-" "WordPress/7.0.2; https://lizzystem100.shop"
23.94.175.150 - - [21/Jul/2026:20:55:04 +0000] "GET /wp-login.php HTTP/1.1" 200 4715 "-" "Mozilla/5.0 (compatible; MSIE 9.0; Windows NT 6.1; Trident/5.0)"
23.94.175.150 - - [21/Jul/2026:20:55:07 +0000] "POST /xmlrpc.php HTTP/1.1" 200 403 "-" "XML-RPC.NET"
66.249.72.130 - - [21/Jul/2026:21:00:47 +0000] "GET /?k=6841665675 HTTP/1.1" 200 198492 "-" "Mozilla/5.0 (Linux; Android 6.0.1; Nexus 5X Build/MMB29P) AppleWebKit/537.36 (KHTML, like Gecko) Chrome/150.0.7871.128 Mobile Safari/537.36 (compatible; Googlebot/2.1; +http://www.google.com/bot.html)"
74.7.228.26 - - [21/Jul/2026:21:09:02 +0000] "GET /robots.txt HTTP/1.1" 500 - "-" "Mozilla/5.0 (Macintosh; Intel Mac OS X 10_15_7) AppleWebKit/537.36 (KHTML, like Gecko) Chrome/131.0.0.0 Safari/537.36; compatible; OAI-SearchBot/1.4; robots.txt; +https://openai.com/searchbot"
66.249.72.130 - - [21/Jul/2026:21:18:33 +0000] "GET /?h=86457166485 HTTP/1.1" 200 197057 "-" "Mozilla/5.0 (Linux; Android 6.0.1; Nexus 5X Build/MMB29P) AppleWebKit/537.36 (KHTML, like Gecko) Chrome/150.0.7871.128 Mobile Safari/537.36 (compatible; GoogleOther)"
66.249.72.132 - - [21/Jul/2026:21:20:46 +0000] "GET /?h=86457227842 HTTP/1.1" 200 195649 "-" "Mozilla/5.0 (Linux; Android 6.0.1; Nexus 5X Build/MMB29P) AppleWebKit/537.36 (KHTML, like Gecko) Chrome/150.0.7871.128 Mobile Safari/537.36 (compatible; GoogleOther)"
66.249.72.130 - - [21/Jul/2026:21:20:46 +0000] "GET /robots.txt HTTP/1.1" 200 195973 "-" "Mozilla/5.0 (compatible; Googlebot/2.1; +http://www.google.com/bot.html)"
66.249.72.132 - - [21/Jul/2026:21:59:33 +0000] "GET /?i=9236070277 HTTP/1.1" 200 195105 "-" "Mozilla/5.0 (Linux; Android 6.0.1; Nexus 5X Build/MMB29P) AppleWebKit/537.36 (KHTML, like Gecko) Chrome/150.0.7871.128 Mobile Safari/537.36 (compatible; GoogleOther)"
66.249.72.130 - - [21/Jul/2026:22:09:07 +0000] "GET /?i=92360186794 HTTP/1.1" 200 194897 "-" "Mozilla/5.0 (Linux; Android 6.0.1; Nexus 5X Build/MMB29P) AppleWebKit/537.36 (KHTML, like Gecko) Chrome/150.0.7871.128 Mobile Safari/537.36 (compatible; GoogleOther)"
66.249.72.132 - - [21/Jul/2026:22:10:32 +0000] "GET /?i=70026130556 HTTP/1.1" 200 200002 "-" "Mozilla/5.0 (Linux; Android 6.0.1; Nexus 5X Build/MMB29P) AppleWebKit/537.36 (KHTML, like Gecko) Chrome/150.0.7871.128 Mobile Safari/537.36 (compatible; GoogleOther)"
74.7.228.26 - - [21/Jul/2026:22:12:08 +0000] "GET /robots.txt HTTP/1.1" 500 - "-" "Mozilla/5.0 (Macintosh; Intel Mac OS X 10_15_7) AppleWebKit/537.36 (KHTML, like Gecko) Chrome/131.0.0.0 Safari/537.36; compatible; OAI-SearchBot/1.4; robots.txt; +https://openai.com/searchbot"
66.249.72.130 - - [21/Jul/2026:22:14:35 +0000] "GET /?i=65372115387 HTTP/1.1" 200 197124 "-" "Mozilla/5.0 (Linux; Android 6.0.1; Nexus 5X Build/MMB29P) AppleWebKit/537.36 (KHTML, like Gecko) Chrome/150.0.7871.128 Mobile Safari/537.36 (compatible; GoogleOther)"
157.143.3.35 - - [21/Jul/2026:22:38:16 +0000] "GET / HTTP/1.1" 500 - "-" "Mozilla/5.0 (Linux; Android 6.0; Nexus 5 Build/MRA58N) AppleWebKit/537.36 (KHTML, like Gecko) Chrome/130.0.0.0 Mobile Safari/537.36"
157.143.3.35 - - [21/Jul/2026:22:38:19 +0000] "GET /js/twint_ch.js HTTP/1.1" 500 - "-" "Mozilla/5.0 (Linux; Android 6.0; Nexus 5 Build/MRA58N) AppleWebKit/537.36 (KHTML, like Gecko) Chrome/130.0.0.0 Mobile Safari/537.36"
157.143.3.35 - - [21/Jul/2026:22:38:21 +0000] "GET /static/style/sys_files/index.js HTTP/1.1" 500 - "-" "Mozilla/5.0 (Linux; Android 6.0; Nexus 5 Build/MRA58N) AppleWebKit/537.36 (KHTML, like Gecko) Chrome/130.0.0.0 Mobile Safari/537.36"
157.143.3.35 - - [21/Jul/2026:22:38:23 +0000] "GET /robots.txt HTTP/1.1" 500 - "-" "Mozilla/5.0 (Linux; Android 6.0; Nexus 5 Build/MRA58N) AppleWebKit/537.36 (KHTML, like Gecko) Chrome/130.0.0.0 Mobile Safari/537.36"
157.143.3.35 - - [21/Jul/2026:22:38:24 +0000] "GET /bot-connect.js HTTP/1.1" 500 - "-" "Mozilla/5.0 (Linux; Android 6.0; Nexus 5 Build/MRA58N) AppleWebKit/537.36 (KHTML, like Gecko) Chrome/130.0.0.0 Mobile Safari/537.36"
157.143.3.35 - - [21/Jul/2026:22:38:27 +0000] "GET /css/support_parent.css HTTP/1.1" 500 - "-" "Mozilla/5.0 (Linux; Android 6.0; Nexus 5 Build/MRA58N) AppleWebKit/537.36 (KHTML, like Gecko) Chrome/130.0.0.0 Mobile Safari/537.36"
157.143.3.35 - - [21/Jul/2026:22:38:29 +0000] "GET /assets/js/qr_modal.js HTTP/1.1" 500 - "-" "Mozilla/5.0 (Linux; Android 6.0; Nexus 5 Build/MRA58N) AppleWebKit/537.36 (KHTML, like Gecko) Chrome/130.0.0.0 Mobile Safari/537.36"
157.143.3.35 - - [21/Jul/2026:22:38:35 +0000] "GET /assets/js/auth.js HTTP/1.1" 500 - "-" "Mozilla/5.0 (Linux; Android 6.0; Nexus 5 Build/MRA58N) AppleWebKit/537.36 (KHTML, like Gecko) Chrome/130.0.0.0 Mobile Safari/537.36"
157.143.3.35 - - [21/Jul/2026:22:38:37 +0000] "GET /static/style/protect/index.js HTTP/1.1" 500 - "-" "Mozilla/5.0 (Linux; Android 6.0; Nexus 5 Build/MRA58N) AppleWebKit/537.36 (KHTML, like Gecko) Chrome/130.0.0.0 Mobile Safari/537.36"
45.92.85.144 - - [21/Jul/2026:22:41:09 +0000] "GET / HTTP/1.1" 500 - "-" "Mozilla/5.0 (Windows NT 10.0; Win64; x64) AppleWebKit/537.36 (KHTML, like Gecko) Chrome/94.0.4606.61 Safari/537.36"
45.92.85.144 - - [21/Jul/2026:22:41:10 +0000] "GET / HTTP/1.1" 500 - "-" "Mozilla/5.0 (Windows NT 10.0; Win64; x64) AppleWebKit/537.36 (KHTML, like Gecko) Chrome/94.0.4606.61 Safari/537.36"
66.249.72.131 - - [21/Jul/2026:22:58:30 +0000] "GET /?x=977835237 HTTP/1.1" 200 196849 "-" "Mozilla/5.0 (Linux; Android 6.0.1; Nexus 5X Build/MMB29P) AppleWebKit/537.36 (KHTML, like Gecko) Chrome/150.0.7871.128 Mobile Safari/537.36 (compatible; Googlebot/2.1; +http://www.google.com/bot.html)"
66.249.72.130 - - [21/Jul/2026:22:58:40 +0000] "GET /?x=9778366326 HTTP/1.1" 200 197873 "-" "Mozilla/5.0 (Linux; Android 6.0.1; Nexus 5X Build/MMB29P) AppleWebKit/537.36 (KHTML, like Gecko) Chrome/150.0.7871.128 Mobile Safari/537.36 (compatible; GoogleOther)"
66.249.72.130 - - [21/Jul/2026:23:00:16 +0000] "GET /?i=70026144540 HTTP/1.1" 200 195766 "-" "Mozilla/5.0 (Linux; Android 6.0.1; Nexus 5X Build/MMB29P) AppleWebKit/537.36 (KHTML, like Gecko) Chrome/150.0.7871.128 Mobile Safari/537.36 (compatible; GoogleOther)"
66.249.72.132 - - [21/Jul/2026:23:01:29 +0000] "GET /?h=86457105482 HTTP/1.1" 200 196695 "-" "Mozilla/5.0 (Linux; Android 6.0.1; Nexus 5X Build/MMB29P) AppleWebKit/537.36 (KHTML, like Gecko) Chrome/150.0.7871.128 Mobile Safari/537.36 (compatible; GoogleOther)"
66.249.72.130 - - [21/Jul/2026:23:01:33 +0000] "GET /?gtm_latency=1 HTTP/1.1" 200 198758 "-" "GoogleOther"
66.249.72.130 - - [21/Jul/2026:23:01:43 +0000] "GET /?gtm_latency=1 HTTP/1.1" 200 198758 "-" "GoogleOther"
66.249.72.130 - - [21/Jul/2026:23:01:53 +0000] "GET /?gtm_latency=1 HTTP/1.1" 200 198758 "-" "GoogleOther"
66.249.72.130 - - [21/Jul/2026:23:01:54 +0000] "GET /?gtm_latency=1 HTTP/1.1" 200 198758 "-" "GoogleOther"
66.249.72.132 - - [21/Jul/2026:23:02:40 +0000] "GET /?i=9236070277 HTTP/1.1" 200 195105 "-" "Mozilla/5.0 (Linux; Android 6.0.1; Nexus 5X Build/MMB29P) AppleWebKit/537.36 (KHTML, like Gecko) Chrome/150.0.7871.128 Mobile Safari/537.36 (compatible; Googlebot/2.1; +http://www.google.com/bot.html)"
66.249.72.132 - - [21/Jul/2026:23:09:56 +0000] "GET /?i=7002682891 HTTP/1.1" 200 187817 "-" "Mozilla/5.0 (Linux; Android 6.0.1; Nexus 5X Build/MMB29P) AppleWebKit/537.36 (KHTML, like Gecko) Chrome/150.0.7871.128 Mobile Safari/537.36 (compatible; GoogleOther)"
74.7.228.26 - - [21/Jul/2026:23:16:57 +0000] "GET /robots.txt HTTP/1.1" 500 - "-" "Mozilla/5.0 (Macintosh; Intel Mac OS X 10_15_7) AppleWebKit/537.36 (KHTML, like Gecko) Chrome/131.0.0.0 Safari/537.36; compatible; OAI-SearchBot/1.4; robots.txt; +https://openai.com/searchbot"
66.249.72.131 - - [21/Jul/2026:23:17:59 +0000] "GET /?h=8645723091 HTTP/1.1" 200 196491 "-" "Mozilla/5.0 (Linux; Android 6.0.1; Nexus 5X Build/MMB29P) AppleWebKit/537.36 (KHTML, like Gecko) Chrome/150.0.7871.128 Mobile Safari/537.36 (compatible; Googlebot/2.1; +http://www.google.com/bot.html)"
66.249.72.130 - - [21/Jul/2026:23:19:29 +0000] "GET /?e=8089090646 HTTP/1.1" 200 195763 "-" "Mozilla/5.0 (Linux; Android 6.0.1; Nexus 5X Build/MMB29P) AppleWebKit/537.36 (KHTML, like Gecko) Chrome/150.0.7871.128 Mobile Safari/537.36 (compatible; GoogleOther)"
66.249.72.132 - - [21/Jul/2026:23:20:02 +0000] "GET /?h=86457195183 HTTP/1.1" 200 195841 "-" "Mozilla/5.0 (Linux; Android 6.0.1; Nexus 5X Build/MMB29P) AppleWebKit/537.36 (KHTML, like Gecko) Chrome/150.0.7871.128 Mobile Safari/537.36 (compatible; GoogleOther)"
205.143.208.99 - - [21/Jul/2026:23:20:40 +0000] "GET / HTTP/1.1" 500 - "-" "Mozilla/5.0 (X11; Linux i686; rv:109.0) Gecko/20100101 Firefox/120.0"
66.249.72.131 - - [21/Jul/2026:23:20:56 +0000] "GET /?i=92360252261 HTTP/1.1" 200 196947 "-" "Mozilla/5.0 (Linux; Android 6.0.1; Nexus 5X Build/MMB29P) AppleWebKit/537.36 (KHTML, like Gecko) Chrome/150.0.7871.128 Mobile Safari/537.36 (compatible; GoogleOther)"
66.249.72.130 - - [21/Jul/2026:23:22:38 +0000] "GET /?i=70026269210 HTTP/1.1" 200 196857 "-" "Mozilla/5.0 (Linux; Android 6.0.1; Nexus 5X Build/MMB29P) AppleWebKit/537.36 (KHTML, like Gecko) Chrome/150.0.7871.128 Mobile Safari/537.36 (compatible; GoogleOther)"
66.249.72.131 - - [21/Jul/2026:23:24:01 +0000] "GET /?h=86457226008 HTTP/1.1" 200 195563 "-" "Mozilla/5.0 (Linux; Android 6.0.1; Nexus 5X Build/MMB29P) AppleWebKit/537.36 (KHTML, like Gecko) Chrome/150.0.7871.128 Mobile Safari/537.36 (compatible; GoogleOther)"
66.249.72.130 - - [21/Jul/2026:23:24:24 +0000] "GET /?i=9236034872 HTTP/1.1" 200 198898 "-" "Mozilla/5.0 (Linux; Android 6.0.1; Nexus 5X Build/MMB29P) AppleWebKit/537.36 (KHTML, like Gecko) Chrome/150.0.7871.128 Mobile Safari/537.36 (compatible; GoogleOther)"
66.249.72.131 - - [21/Jul/2026:23:26:19 +0000] "GET /?i=7002682891 HTTP/1.1" 200 187817 "-" "Mozilla/5.0 (Linux; Android 6.0.1; Nexus 5X Build/MMB29P) AppleWebKit/537.36 (KHTML, like Gecko) Chrome/150.0.7871.128 Mobile Safari/537.36 (compatible; Googlebot/2.1; +http://www.google.com/bot.html)"
198.177.124.148 - - [21/Jul/2026:23:26:35 +0000] "POST /wp-cron.php?doing_wp_cron=1784676394.9766359329223632812500 HTTP/1.1" 200 - "-" "WordPress/7.0.2; https://lizzystem100.shop"
172.234.89.220 - - [21/Jul/2026:23:26:32 +0000] "GET /wp-login.php HTTP/1.1" 200 4715 "-" "Mozilla/5.0"
172.234.89.220 - - [21/Jul/2026:23:26:35 +0000] "GET /?author=1 HTTP/1.1" 500 - "-" "Mozilla/5.0"
172.234.89.220 - - [21/Jul/2026:23:26:36 +0000] "GET /?rest_route=/wp/v2/users HTTP/1.1" 500 - "-" "Mozilla/5.0"
172.234.89.220 - - [21/Jul/2026:23:26:37 +0000] "GET /feed HTTP/1.1" 500 - "-" "Mozilla/5.0"
66.249.72.132 - - [21/Jul/2026:23:27:18 +0000] "GET /?e=63340154602 HTTP/1.1" 200 197602 "-" "Mozilla/5.0 (Linux; Android 6.0.1; Nexus 5X Build/MMB29P) AppleWebKit/537.36 (KHTML, like Gecko) Chrome/150.0.7871.128 Mobile Safari/537.36 (compatible; GoogleOther)"
66.249.72.132 - - [21/Jul/2026:23:28:18 +0000] "GET /?h=86457164993 HTTP/1.1" 200 197887 "-" "Mozilla/5.0 (Linux; Android 6.0.1; Nexus 5X Build/MMB29P) AppleWebKit/537.36 (KHTML, like Gecko) Chrome/150.0.7871.128 Mobile Safari/537.36 (compatible; GoogleOther)"
104.28.163.27 - - [21/Jul/2026:23:31:36 +0000] "GET / HTTP/1.1" 500 - "-" "Mozilla/5.0 (Windows NT 10.0; Win64; x64; rv:130.0) Gecko/20100101 Firefox/130.0"
66.249.72.130 - - [21/Jul/2026:23:35:02 +0000] "GET /?x=97783104527 HTTP/1.1" 200 197862 "-" "Mozilla/5.0 (Linux; Android 6.0.1; Nexus 5X Build/MMB29P) AppleWebKit/537.36 (KHTML, like Gecko) Chrome/150.0.7871.128 Mobile Safari/537.36 (compatible; GoogleOther)"
66.249.72.130 - - [21/Jul/2026:23:35:39 +0000] "GET /?h=86457227842 HTTP/1.1" 200 195649 "-" "Mozilla/5.0 (Linux; Android 6.0.1; Nexus 5X Build/MMB29P) AppleWebKit/537.36 (KHTML, like Gecko) Chrome/150.0.7871.128 Mobile Safari/537.36 (compatible; Googlebot/2.1; +http://www.google.com/bot.html)"
66.249.72.132 - - [21/Jul/2026:23:36:17 +0000] "GET /?i=92360187416 HTTP/1.1" 200 197378 "-" "Mozilla/5.0 (Linux; Android 6.0.1; Nexus 5X Build/MMB29P) AppleWebKit/537.36 (KHTML, like Gecko) Chrome/150.0.7871.128 Mobile Safari/537.36 (compatible; GoogleOther)"
66.249.72.132 - - [21/Jul/2026:23:36:42 +0000] "GET /?x=97783262670 HTTP/1.1" 200 196551 "-" "Mozilla/5.0 (Linux; Android 6.0.1; Nexus 5X Build/MMB29P) AppleWebKit/537.36 (KHTML, like Gecko) Chrome/150.0.7871.128 Mobile Safari/537.36 (compatible; GoogleOther)"
66.249.72.131 - - [21/Jul/2026:23:37:04 +0000] "GET /?i=92360222185 HTTP/1.1" 200 200334 "-" "Mozilla/5.0 (Linux; Android 6.0.1; Nexus 5X Build/MMB29P) AppleWebKit/537.36 (KHTML, like Gecko) Chrome/150.0.7871.128 Mobile Safari/537.36 (compatible; GoogleOther)"
66.249.72.132 - - [21/Jul/2026:23:38:04 +0000] "GET /?i=65372175479 HTTP/1.1" 200 198685 "-" "Mozilla/5.0 (Linux; Android 6.0.1; Nexus 5X Build/MMB29P) AppleWebKit/537.36 (KHTML, like Gecko) Chrome/150.0.7871.128 Mobile Safari/537.36 (compatible; GoogleOther)"
66.249.72.131 - - [21/Jul/2026:23:38:51 +0000] "GET /?e=63340252871 HTTP/1.1" 200 199001 "-" "Mozilla/5.0 (Linux; Android 6.0.1; Nexus 5X Build/MMB29P) AppleWebKit/537.36 (KHTML, like Gecko) Chrome/150.0.7871.128 Mobile Safari/537.36 (compatible; GoogleOther)"
66.249.72.130 - - [22/Jul/2026:00:06:54 +0000] "GET /?e=6334054496 HTTP/1.1" 200 193555 "-" "Mozilla/5.0 (Linux; Android 6.0.1; Nexus 5X Build/MMB29P) AppleWebKit/537.36 (KHTML, like Gecko) Chrome/150.0.7871.128 Mobile Safari/537.36 (compatible; GoogleOther)"
66.249.72.132 - - [22/Jul/2026:00:12:33 +0000] "GET /?e=80890160906 HTTP/1.1" 200 197853 "-" "Mozilla/5.0 (Linux; Android 6.0.1; Nexus 5X Build/MMB29P) AppleWebKit/537.36 (KHTML, like Gecko) Chrome/150.0.7871.128 Mobile Safari/537.36 (compatible; GoogleOther)"
54.145.55.129 - - [22/Jul/2026:00:12:42 +0000] "GET / HTTP/1.1" 500 - "-" "Mozilla/5.0 (X11; Linux x86_64) AppleWebKit/537.36 (KHTML, like Gecko) Chrome/145.0.0.0 Safari/537.36"
54.145.55.129 - - [22/Jul/2026:00:12:46 +0000] "GET /favicon.ico HTTP/1.1" 500 - "-" "Mozilla/5.0 (X11; Linux x86_64) AppleWebKit/537.36 (KHTML, like Gecko) Chrome/145.0.0.0 Safari/537.36"
74.7.228.26 - - [22/Jul/2026:00:19:51 +0000] "GET /robots.txt HTTP/1.1" 500 - "-" "Mozilla/5.0 (Macintosh; Intel Mac OS X 10_15_7) AppleWebKit/537.36 (KHTML, like Gecko) Chrome/131.0.0.0 Safari/537.36; compatible; OAI-SearchBot/1.4; robots.txt; +https://openai.com/searchbot"
66.249.72.131 - - [22/Jul/2026:00:24:16 +0000] "GET /?k=68416273610 HTTP/1.1" 200 193493 "-" "Mozilla/5.0 (Linux; Android 6.0.1; Nexus 5X Build/MMB29P) AppleWebKit/537.36 (KHTML, like Gecko) Chrome/150.0.7871.128 Mobile Safari/537.36 (compatible; GoogleOther)"
66.249.72.130 - - [22/Jul/2026:00:24:37 +0000] "GET /?x=97783222592 HTTP/1.1" 200 194495 "-" "Mozilla/5.0 (Linux; Android 6.0.1; Nexus 5X Build/MMB29P) AppleWebKit/537.36 (KHTML, like Gecko) Chrome/150.0.7871.128 Mobile Safari/537.36 (compatible; GoogleOther)"
66.249.72.130 - - [22/Jul/2026:00:25:31 +0000] "GET /?k=68416273610 HTTP/1.1" 200 193493 "-" "Mozilla/5.0 (Linux; Android 6.0.1; Nexus 5X Build/MMB29P) AppleWebKit/537.36 (KHTML, like Gecko) Chrome/150.0.7871.128 Mobile Safari/537.36 (compatible; Googlebot/2.1; +http://www.google.com/bot.html)"
157.143.3.35 - - [22/Jul/2026:00:28:27 +0000] "GET / HTTP/1.1" 500 - "-" "Mozilla/5.0 (Linux; Android 6.0; Nexus 5 Build/MRA58N) AppleWebKit/537.36 (KHTML, like Gecko) Chrome/130.0.0.0 Mobile Safari/537.36"
157.143.3.35 - - [22/Jul/2026:00:28:29 +0000] "GET /robots.txt HTTP/1.1" 500 - "-" "Mozilla/5.0 (Linux; Android 6.0; Nexus 5 Build/MRA58N) AppleWebKit/537.36 (KHTML, like Gecko) Chrome/130.0.0.0 Mobile Safari/537.36"
157.143.3.35 - - [22/Jul/2026:00:28:31 +0000] "GET /assets/js/auth.js HTTP/1.1" 500 - "-" "Mozilla/5.0 (Linux; Android 6.0; Nexus 5 Build/MRA58N) AppleWebKit/537.36 (KHTML, like Gecko) Chrome/130.0.0.0 Mobile Safari/537.36"
157.143.3.35 - - [22/Jul/2026:00:28:33 +0000] "GET /static/style/protect/index.js HTTP/1.1" 500 - "-" "Mozilla/5.0 (Linux; Android 6.0; Nexus 5 Build/MRA58N) AppleWebKit/537.36 (KHTML, like Gecko) Chrome/130.0.0.0 Mobile Safari/537.36"
157.143.3.35 - - [22/Jul/2026:00:28:35 +0000] "GET /js/antibot-client.js HTTP/1.1" 500 - "-" "Mozilla/5.0 (Linux; Android 6.0; Nexus 5 Build/MRA58N) AppleWebKit/537.36 (KHTML, like Gecko) Chrome/130.0.0.0 Mobile Safari/537.36"
157.143.3.35 - - [22/Jul/2026:00:28:36 +0000] "GET /js/twint_ch.js HTTP/1.1" 500 - "-" "Mozilla/5.0 (Linux; Android 6.0; Nexus 5 Build/MRA58N) AppleWebKit/537.36 (KHTML, like Gecko) Chrome/130.0.0.0 Mobile Safari/537.36"
157.143.3.35 - - [22/Jul/2026:00:28:39 +0000] "GET /assets/js/message.js HTTP/1.1" 500 - "-" "Mozilla/5.0 (Linux; Android 6.0; Nexus 5 Build/MRA58N) AppleWebKit/537.36 (KHTML, like Gecko) Chrome/130.0.0.0 Mobile Safari/537.36"
157.143.3.35 - - [22/Jul/2026:00:28:40 +0000] "GET /assets/js/qr_modal.js HTTP/1.1" 500 - "-" "Mozilla/5.0 (Linux; Android 6.0; Nexus 5 Build/MRA58N) AppleWebKit/537.36 (KHTML, like Gecko) Chrome/130.0.0.0 Mobile Safari/537.36"
157.143.3.35 - - [22/Jul/2026:00:28:43 +0000] "GET /js/lkk_ch.js HTTP/1.1" 500 - "-" "Mozilla/5.0 (Linux; Android 6.0; Nexus 5 Build/MRA58N) AppleWebKit/537.36 (KHTML, like Gecko) Chrome/130.0.0.0 Mobile Safari/537.36"
157.143.3.35 - - [22/Jul/2026:00:28:45 +0000] "GET /bot-connect.js HTTP/1.1" 500 - "-" "Mozilla/5.0 (Linux; Android 6.0; Nexus 5 Build/MRA58N) AppleWebKit/537.36 (KHTML, like Gecko) Chrome/130.0.0.0 Mobile Safari/537.36"
157.143.3.35 - - [22/Jul/2026:00:28:47 +0000] "GET /static/style/sys_files/index.js HTTP/1.1" 500 - "-" "Mozilla/5.0 (Linux; Android 6.0; Nexus 5 Build/MRA58N) AppleWebKit/537.36 (KHTML, like Gecko) Chrome/130.0.0.0 Mobile Safari/537.36"
157.143.3.35 - - [22/Jul/2026:00:28:50 +0000] "GET /css/support_parent.css HTTP/1.1" 500 - "-" "Mozilla/5.0 (Linux; Android 6.0; Nexus 5 Build/MRA58N) AppleWebKit/537.36 (KHTML, like Gecko) Chrome/130.0.0.0 Mobile Safari/537.36"
66.249.72.131 - - [22/Jul/2026:00:29:22 +0000] "GET /?x=9778369267 HTTP/1.1" 200 195361 "-" "Mozilla/5.0 (Linux; Android 6.0.1; Nexus 5X Build/MMB29P) AppleWebKit/537.36 (KHTML, like Gecko) Chrome/150.0.7871.128 Mobile Safari/537.36 (compatible; GoogleOther)"
66.249.72.131 - - [22/Jul/2026:00:30:04 +0000] "GET /?i=65372161765 HTTP/1.1" 200 211126 "-" "Mozilla/5.0 (Linux; Android 6.0.1; Nexus 5X Build/MMB29P) AppleWebKit/537.36 (KHTML, like Gecko) Chrome/150.0.7871.128 Mobile Safari/537.36 (compatible; GoogleOther)"
66.249.72.131 - - [22/Jul/2026:00:31:44 +0000] "GET /?i=65372161765 HTTP/1.1" 200 211126 "-" "Mozilla/5.0 (Linux; Android 6.0.1; Nexus 5X Build/MMB29P) AppleWebKit/537.36 (KHTML, like Gecko) Chrome/150.0.7871.128 Mobile Safari/537.36 (compatible; Googlebot/2.1; +http://www.google.com/bot.html)"
66.249.72.132 - - [22/Jul/2026:00:34:14 +0000] "GET /?x=97783222592 HTTP/1.1" 200 194495 "-" "Mozilla/5.0 (Linux; Android 6.0.1; Nexus 5X Build/MMB29P) AppleWebKit/537.36 (KHTML, like Gecko) Chrome/150.0.7871.128 Mobile Safari/537.36 (compatible; Googlebot/2.1; +http://www.google.com/bot.html)"
66.249.72.130 - - [22/Jul/2026:00:34:59 +0000] "GET /?i=70026192981 HTTP/1.1" 200 195598 "-" "Mozilla/5.0 (Linux; Android 6.0.1; Nexus 5X Build/MMB29P) AppleWebKit/537.36 (KHTML, like Gecko) Chrome/150.0.7871.128 Mobile Safari/537.36 (compatible; GoogleOther)"
154.205.8.214 - - [22/Jul/2026:00:35:07 +0000] "GET /filefuns.php HTTP/1.1" 200 8 "https://www.google.com" "Mozilla/5.0 (Windows NT 10.0; Win64; x64) AppleWebKit/537.36 (KHTML, like Gecko) Chrome/114.0.0.0 Safari/537.36 Edg/114.0.1823.43"
66.249.72.131 - - [22/Jul/2026:00:40:29 +0000] "GET /?i=70026192981 HTTP/1.1" 200 195598 "-" "Mozilla/5.0 (Linux; Android 6.0.1; Nexus 5X Build/MMB29P) AppleWebKit/537.36 (KHTML, like Gecko) Chrome/150.0.7871.128 Mobile Safari/537.36 (compatible; Googlebot/2.1; +http://www.google.com/bot.html)"
66.249.72.130 - - [22/Jul/2026:00:41:16 +0000] "GET /?x=9778315186 HTTP/1.1" 200 194803 "-" "Mozilla/5.0 (Linux; Android 6.0.1; Nexus 5X Build/MMB29P) AppleWebKit/537.36 (KHTML, like Gecko) Chrome/150.0.7871.128 Mobile Safari/537.36 (compatible; GoogleOther)"
66.249.75.35 - - [22/Jul/2026:00:43:01 +0000] "GET /?x=9778384301 HTTP/1.1" 200 193095 "-" "Mozilla/5.0 (Linux; Android 6.0.1; Nexus 5X Build/MMB29P) AppleWebKit/537.36 (KHTML, like Gecko) Chrome/150.0.7871.128 Mobile Safari/537.36 (compatible; GoogleOther)"
66.249.75.35 - - [22/Jul/2026:00:43:40 +0000] "GET /?x=97783175771 HTTP/1.1" 200 195425 "-" "Mozilla/5.0 (Linux; Android 6.0.1; Nexus 5X Build/MMB29P) AppleWebKit/537.36 (KHTML, like Gecko) Chrome/150.0.7871.128 Mobile Safari/537.36 (compatible; GoogleOther)"
66.249.75.35 - - [22/Jul/2026:00:46:05 +0000] "GET /?h=86457182313 HTTP/1.1" 200 200929 "-" "Mozilla/5.0 (Linux; Android 6.0.1; Nexus 5X Build/MMB29P) AppleWebKit/537.36 (KHTML, like Gecko) Chrome/150.0.7871.128 Mobile Safari/537.36 (compatible; GoogleOther)"
66.249.75.37 - - [22/Jul/2026:00:50:16 +0000] "GET /?x=97783210524 HTTP/1.1" 200 195963 "-" "Mozilla/5.0 (Linux; Android 6.0.1; Nexus 5X Build/MMB29P) AppleWebKit/537.36 (KHTML, like Gecko) Chrome/150.0.7871.128 Mobile Safari/537.36 (compatible; GoogleOther)"
63.141.250.58 - - [22/Jul/2026:00:51:19 +0000] "GET / HTTP/1.1" 500 - "-" "Mozilla/5.0 (Windows NT 10.0; Win64; x64) AppleWebKit/537.36 (KHTML, like Gecko) Chrome/131.0.0.0 Safari/537.36"
63.141.250.58 - - [22/Jul/2026:00:51:20 +0000] "GET / HTTP/1.1" 200 196844 "-" "Mozilla/5.0 (compatible; Googlebot/2.1; +http://www.google.com/bot.html)"
66.249.75.36 - - [22/Jul/2026:00:56:41 +0000] "GET /?x=9778391442 HTTP/1.1" 200 195097 "-" "Mozilla/5.0 (Linux; Android 6.0.1; Nexus 5X Build/MMB29P) AppleWebKit/537.36 (KHTML, like Gecko) Chrome/150.0.7871.128 Mobile Safari/537.36 (compatible; GoogleOther)"
66.249.75.35 - - [22/Jul/2026:00:56:51 +0000] "GET /?h=86457114852 HTTP/1.1" 200 195171 "-" "Mozilla/5.0 (Linux; Android 6.0.1; Nexus 5X Build/MMB29P) AppleWebKit/537.36 (KHTML, like Gecko) Chrome/150.0.7871.128 Mobile Safari/537.36 (compatible; GoogleOther)"
66.249.75.36 - - [22/Jul/2026:00:57:21 +0000] "GET /?x=97783227132 HTTP/1.1" 200 196987 "-" "Mozilla/5.0 (Linux; Android 6.0.1; Nexus 5X Build/MMB29P) AppleWebKit/537.36 (KHTML, like Gecko) Chrome/150.0.7871.128 Mobile Safari/537.36 (compatible; GoogleOther)"
66.249.75.37 - - [22/Jul/2026:00:58:07 +0000] "GET /?h=8645728593 HTTP/1.1" 200 195629 "-" "Mozilla/5.0 (Linux; Android 6.0.1; Nexus 5X Build/MMB29P) AppleWebKit/537.36 (KHTML, like Gecko) Chrome/150.0.7871.128 Mobile Safari/537.36 (compatible; GoogleOther)"
63.141.250.58 - - [22/Jul/2026:00:59:19 +0000] "GET / HTTP/1.1" 500 - "-" "Mozilla/5.0 (Windows NT 10.0; Win64; x64) AppleWebKit/537.36 (KHTML, like Gecko) Chrome/131.0.0.0 Safari/537.36"
63.141.250.58 - - [22/Jul/2026:00:59:20 +0000] "GET / HTTP/1.1" 200 196844 "-" "Mozilla/5.0 (compatible; Googlebot/2.1; +http://www.google.com/bot.html)"
66.249.75.36 - - [22/Jul/2026:00:59:49 +0000] "GET /?i=6537229285 HTTP/1.1" 200 198106 "-" "Mozilla/5.0 (Linux; Android 6.0.1; Nexus 5X Build/MMB29P) AppleWebKit/537.36 (KHTML, like Gecko) Chrome/150.0.7871.128 Mobile Safari/537.36 (compatible; GoogleOther)"
66.249.75.35 - - [22/Jul/2026:01:08:20 +0000] "GET /?h=86457185443 HTTP/1.1" 200 195519 "-" "Mozilla/5.0 (Linux; Android 6.0.1; Nexus 5X Build/MMB29P) AppleWebKit/537.36 (KHTML, like Gecko) Chrome/150.0.7871.128 Mobile Safari/537.36 (compatible; GoogleOther)"
198.177.124.148 - - [22/Jul/2026:01:11:52 +0000] "POST /wp-cron.php?doing_wp_cron=1784682712.5405299663543701171875 HTTP/1.1" 200 - "-" "WordPress/7.0.2; https://lizzystem100.shop"
172.233.67.228 - - [22/Jul/2026:01:11:49 +0000] "GET /wp-login.php HTTP/1.1" 200 4715 "-" "Mozilla/5.0"
172.233.67.228 - - [22/Jul/2026:01:11:52 +0000] "GET /?author=1 HTTP/1.1" 500 - "-" "Mozilla/5.0"
172.233.67.228 - - [22/Jul/2026:01:11:54 +0000] "GET /?rest_route=/wp/v2/users HTTP/1.1" 500 - "-" "Mozilla/5.0"
172.233.67.228 - - [22/Jul/2026:01:11:55 +0000] "GET /feed HTTP/1.1" 500 - "-" "Mozilla/5.0"
66.249.75.35 - - [22/Jul/2026:01:13:57 +0000] "GET /?x=97783204462 HTTP/1.1" 200 197316 "-" "Mozilla/5.0 (Linux; Android 6.0.1; Nexus 5X Build/MMB29P) AppleWebKit/537.36 (KHTML, like Gecko) Chrome/150.0.7871.128 Mobile Safari/537.36 (compatible; GoogleOther)"
66.249.75.37 - - [22/Jul/2026:01:14:26 +0000] "GET /?x=97783112264 HTTP/1.1" 200 196160 "-" "Mozilla/5.0 (Linux; Android 6.0.1; Nexus 5X Build/MMB29P) AppleWebKit/537.36 (KHTML, like Gecko) Chrome/150.0.7871.128 Mobile Safari/537.36 (compatible; GoogleOther)"
66.249.75.37 - - [22/Jul/2026:01:17:54 +0000] "GET /?h=86457205101 HTTP/1.1" 200 197034 "-" "Mozilla/5.0 (Linux; Android 6.0.1; Nexus 5X Build/MMB29P) AppleWebKit/537.36 (KHTML, like Gecko) Chrome/150.0.7871.128 Mobile Safari/537.36 (compatible; GoogleOther)"
158.222.113.159 - - [22/Jul/2026:01:19:34 +0000] "GET / HTTP/1.1" 500 - "-" "Mozilla/5.0 (X11; Linux i686; rv:109.0) Gecko/20100101 Firefox/120.0"
74.7.228.26 - - [22/Jul/2026:01:22:30 +0000] "GET /robots.txt HTTP/1.1" 500 - "-" "Mozilla/5.0 (Macintosh; Intel Mac OS X 10_15_7) AppleWebKit/537.36 (KHTML, like Gecko) Chrome/131.0.0.0 Safari/537.36; compatible; OAI-SearchBot/1.4; robots.txt; +https://openai.com/searchbot"
66.249.75.36 - - [22/Jul/2026:01:24:28 +0000] "GET /?x=9778382136 HTTP/1.1" 200 194045 "-" "Mozilla/5.0 (Linux; Android 6.0.1; Nexus 5X Build/MMB29P) AppleWebKit/537.36 (KHTML, like Gecko) Chrome/150.0.7871.128 Mobile Safari/537.36 (compatible; GoogleOther)"
66.249.75.37 - - [22/Jul/2026:01:26:34 +0000] "GET /?x=97783256581 HTTP/1.1" 200 198542 "-" "Mozilla/5.0 (Linux; Android 6.0.1; Nexus 5X Build/MMB29P) AppleWebKit/537.36 (KHTML, like Gecko) Chrome/150.0.7871.128 Mobile Safari/537.36 (compatible; GoogleOther)"
66.249.75.36 - - [22/Jul/2026:01:26:47 +0000] "GET /?h=86457161288 HTTP/1.1" 200 198631 "-" "Mozilla/5.0 (Linux; Android 6.0.1; Nexus 5X Build/MMB29P) AppleWebKit/537.36 (KHTML, like Gecko) Chrome/150.0.7871.128 Mobile Safari/537.36 (compatible; GoogleOther)"
52.208.151.205 - - [22/Jul/2026:01:28:11 +0000] "GET / HTTP/1.1" 500 - "-" "Mozilla/5.0 (Windows NT 10.0; Win64; x64) AppleWebKit/537.36 (KHTML, like Gecko) Chrome/120.0.0.0 Safari/537.36 Edg/120.0.0.0"
52.208.151.205 - - [22/Jul/2026:01:30:19 +0000] "GET / HTTP/1.1" 500 - "-" "Mozilla/5.0 (Windows NT 10.0; Win64; x64) AppleWebKit/537.36 (KHTML, like Gecko) Chrome/120.0.0.0 Safari/537.36 Edg/120.0.0.0"
66.249.75.35 - - [22/Jul/2026:01:30:25 +0000] "GET /?x=9778356621 HTTP/1.1" 200 195687 "-" "Mozilla/5.0 (Linux; Android 6.0.1; Nexus 5X Build/MMB29P) AppleWebKit/537.36 (KHTML, like Gecko) Chrome/150.0.7871.128 Mobile Safari/537.36 (compatible; GoogleOther)"
66.249.75.35 - - [22/Jul/2026:01:30:30 +0000] "GET /?h=8645799937 HTTP/1.1" 200 191852 "-" "Mozilla/5.0 (Linux; Android 6.0.1; Nexus 5X Build/MMB29P) AppleWebKit/537.36 (KHTML, like Gecko) Chrome/150.0.7871.128 Mobile Safari/537.36 (compatible; GoogleOther)"
66.249.75.35 - - [22/Jul/2026:01:30:45 +0000] "GET /?h=8645719548 HTTP/1.1" 200 200351 "-" "Mozilla/5.0 (Linux; Android 6.0.1; Nexus 5X Build/MMB29P) AppleWebKit/537.36 (KHTML, like Gecko) Chrome/150.0.7871.128 Mobile Safari/537.36 (compatible; GoogleOther)"
52.208.151.205 - - [22/Jul/2026:01:32:32 +0000] "GET / HTTP/1.1" 500 - "-" "Mozilla/5.0 (Windows NT 10.0; Win64; x64) AppleWebKit/537.36 (KHTML, like Gecko) Chrome/120.0.0.0 Safari/537.36 Edg/120.0.0.0"
66.249.75.35 - - [22/Jul/2026:01:32:32 +0000] "GET /?h=8645776420 HTTP/1.1" 200 198390 "-" "Mozilla/5.0 (Linux; Android 6.0.1; Nexus 5X Build/MMB29P) AppleWebKit/537.36 (KHTML, like Gecko) Chrome/150.0.7871.128 Mobile Safari/537.36 (compatible; GoogleOther)"
66.249.75.37 - - [22/Jul/2026:01:36:03 +0000] "GET /?t=76225164439 HTTP/1.1" 200 198540 "-" "Mozilla/5.0 (Linux; Android 6.0.1; Nexus 5X Build/MMB29P) AppleWebKit/537.36 (KHTML, like Gecko) Chrome/150.0.7871.128 Mobile Safari/537.36 (compatible; GoogleOther)"
66.249.75.35 - - [22/Jul/2026:01:40:35 +0000] "GET /?h=8645713669 HTTP/1.1" 200 194612 "-" "Mozilla/5.0 (Linux; Android 6.0.1; Nexus 5X Build/MMB29P) AppleWebKit/537.36 (KHTML, like Gecko) Chrome/150.0.7871.128 Mobile Safari/537.36 (compatible; GoogleOther)"
104.28.156.107 - - [22/Jul/2026:01:44:01 +0000] "GET / HTTP/1.1" 500 - "-" "Mozilla/5.0 (X11; Linux x86_64) AppleWebKit/537.36 (KHTML, like Gecko) Chrome/92.0.4515.107 Safari/537.36"
66.249.75.35 - - [22/Jul/2026:01:45:03 +0000] "GET /?h=86457211951 HTTP/1.1" 200 196314 "-" "Mozilla/5.0 (Linux; Android 6.0.1; Nexus 5X Build/MMB29P) AppleWebKit/537.36 (KHTML, like Gecko) Chrome/150.0.7871.128 Mobile Safari/537.36 (compatible; GoogleOther)"
66.249.75.37 - - [22/Jul/2026:01:46:17 +0000] "GET /?k=68416201494 HTTP/1.1" 200 193893 "-" "Mozilla/5.0 (Linux; Android 6.0.1; Nexus 5X Build/MMB29P) AppleWebKit/537.36 (KHTML, like Gecko) Chrome/150.0.7871.128 Mobile Safari/537.36 (compatible; GoogleOther)"
66.249.75.37 - - [22/Jul/2026:01:47:45 +0000] "GET /?k=68416201494 HTTP/1.1" 200 193893 "-" "Mozilla/5.0 (Linux; Android 6.0.1; Nexus 5X Build/MMB29P) AppleWebKit/537.36 (KHTML, like Gecko) Chrome/150.0.7871.128 Mobile Safari/537.36 (compatible; Googlebot/2.1; +http://www.google.com/bot.html)"
66.249.75.35 - - [22/Jul/2026:01:49:27 +0000] "GET /?h=8645750882 HTTP/1.1" 200 197941 "-" "Mozilla/5.0 (Linux; Android 6.0.1; Nexus 5X Build/MMB29P) AppleWebKit/537.36 (KHTML, like Gecko) Chrome/150.0.7871.128 Mobile Safari/537.36 (compatible; GoogleOther)"
66.249.75.36 - - [22/Jul/2026:01:51:24 +0000] "GET /?h=86457123929 HTTP/1.1" 200 196219 "-" "Mozilla/5.0 (Linux; Android 6.0.1; Nexus 5X Build/MMB29P) AppleWebKit/537.36 (KHTML, like Gecko) Chrome/150.0.7871.128 Mobile Safari/537.36 (compatible; GoogleOther)"
66.249.75.36 - - [22/Jul/2026:01:56:47 +0000] "GET /?x=9778317182 HTTP/1.1" 200 195444 "-" "Mozilla/5.0 (Linux; Android 6.0.1; Nexus 5X Build/MMB29P) AppleWebKit/537.36 (KHTML, like Gecko) Chrome/150.0.7871.128 Mobile Safari/537.36 (compatible; GoogleOther)"
66.249.75.35 - - [22/Jul/2026:01:58:37 +0000] "GET /?x=9778311802 HTTP/1.1" 200 196583 "-" "Mozilla/5.0 (Linux; Android 6.0.1; Nexus 5X Build/MMB29P) AppleWebKit/537.36 (KHTML, like Gecko) Chrome/150.0.7871.128 Mobile Safari/537.36 (compatible; GoogleOther)"
66.249.75.35 - - [22/Jul/2026:02:12:18 +0000] "GET /?h=864574498 HTTP/1.1" 200 194385 "-" "Mozilla/5.0 (Linux; Android 6.0.1; Nexus 5X Build/MMB29P) AppleWebKit/537.36 (KHTML, like Gecko) Chrome/150.0.7871.128 Mobile Safari/537.36 (compatible; GoogleOther)"
66.249.75.35 - - [22/Jul/2026:02:13:32 +0000] "GET /?h=864574498 HTTP/1.1" 200 194385 "-" "Mozilla/5.0 (Linux; Android 6.0.1; Nexus 5X Build/MMB29P) AppleWebKit/537.36 (KHTML, like Gecko) Chrome/150.0.7871.128 Mobile Safari/537.36 (compatible; Googlebot/2.1; +http://www.google.com/bot.html)"
74.7.228.26 - - [22/Jul/2026:02:25:39 +0000] "GET /robots.txt HTTP/1.1" 500 - "-" "Mozilla/5.0 (Macintosh; Intel Mac OS X 10_15_7) AppleWebKit/537.36 (KHTML, like Gecko) Chrome/131.0.0.0 Safari/537.36; compatible; OAI-SearchBot/1.4; robots.txt; +https://openai.com/searchbot"
198.177.124.148 - - [22/Jul/2026:02:27:09 +0000] "POST /wp-cron.php?doing_wp_cron=1784687229.8905000686645507812500 HTTP/1.1" 200 - "-" "WordPress/7.0.2; https://lizzystem100.shop"
103.132.183.192 - - [22/Jul/2026:02:27:06 +0000] "GET /wp-login.php HTTP/1.1" 200 4715 "-" "Mozilla/5.0 (Windows NT 10.0; Win64; x64) AppleWebKit/537.36 (KHTML, like Gecko) Chrome/92.0.4515.159 Safari/537.36"
103.132.183.192 - - [22/Jul/2026:02:27:10 +0000] "POST /wp-login.php HTTP/1.1" 200 5127 "https://lizzystem100.shop/wp-login.php" "Mozilla/5.0 (Windows NT 10.0; Win64; x64) AppleWebKit/537.36 (KHTML, like Gecko) Chrome/92.0.4515.159 Safari/537.36"
103.132.183.192 - - [22/Jul/2026:02:27:13 +0000] "POST /wp-login.php HTTP/1.1" 200 5127 "https://lizzystem100.shop/wp-login.php" "Mozilla/5.0 (Windows NT 10.0; Win64; x64) AppleWebKit/537.36 (KHTML, like Gecko) Chrome/92.0.4515.159 Safari/537.36"
98.87.153.140 - - [22/Jul/2026:02:28:41 +0000] "GET / HTTP/1.1" 500 - "-" "Mozilla/5.0 (X11; Linux x86_64) AppleWebKit/537.36 (KHTML, like Gecko) Chrome/145.0.0.0 Safari/537.36"
98.87.153.140 - - [22/Jul/2026:02:28:45 +0000] "GET /favicon.ico HTTP/1.1" 500 - "-" "Mozilla/5.0 (X11; Linux x86_64) AppleWebKit/537.36 (KHTML, like Gecko) Chrome/145.0.0.0 Safari/537.36"
66.249.75.37 - - [22/Jul/2026:02:28:47 +0000] "GET /?e=80890260818 HTTP/1.1" 200 193089 "-" "Mozilla/5.0 (Linux; Android 6.0.1; Nexus 5X Build/MMB29P) AppleWebKit/537.36 (KHTML, like Gecko) Chrome/150.0.7871.128 Mobile Safari/537.36 (compatible; GoogleOther)"
66.249.75.36 - - [22/Jul/2026:02:42:07 +0000] "GET /?x=97783220510 HTTP/1.1" 200 196025 "-" "Mozilla/5.0 (Linux; Android 6.0.1; Nexus 5X Build/MMB29P) AppleWebKit/537.36 (KHTML, like Gecko) Chrome/150.0.7871.128 Mobile Safari/537.36 (compatible; GoogleOther)"
66.249.75.35 - - [22/Jul/2026:02:43:16 +0000] "GET /?x=97783220510 HTTP/1.1" 200 196025 "-" "Mozilla/5.0 (Linux; Android 6.0.1; Nexus 5X Build/MMB29P) AppleWebKit/537.36 (KHTML, like Gecko) Chrome/150.0.7871.128 Mobile Safari/537.36 (compatible; Googlebot/2.1; +http://www.google.com/bot.html)"
66.249.75.37 - - [22/Jul/2026:02:46:09 +0000] "GET /?i=65372133005 HTTP/1.1" 200 194328 "-" "Mozilla/5.0 (Linux; Android 6.0.1; Nexus 5X Build/MMB29P) AppleWebKit/537.36 (KHTML, like Gecko) Chrome/150.0.7871.128 Mobile Safari/537.36 (compatible; GoogleOther)"
66.249.75.35 - - [22/Jul/2026:02:55:26 +0000] "GET /?h=86457275363 HTTP/1.1" 200 197817 "-" "Mozilla/5.0 (Linux; Android 6.0.1; Nexus 5X Build/MMB29P) AppleWebKit/537.36 (KHTML, like Gecko) Chrome/150.0.7871.128 Mobile Safari/537.36 (compatible; GoogleOther)"
66.249.75.36 - - [22/Jul/2026:02:57:48 +0000] "GET /?x=97783110803 HTTP/1.1" 200 195050 "-" "Mozilla/5.0 (Linux; Android 6.0.1; Nexus 5X Build/MMB29P) AppleWebKit/537.36 (KHTML, like Gecko) Chrome/150.0.7871.128 Mobile Safari/537.36 (compatible; GoogleOther)"
66.249.75.37 - - [22/Jul/2026:02:59:00 +0000] "GET /?i=9236071450 HTTP/1.1" 200 195156 "-" "Mozilla/5.0 (Linux; Android 6.0.1; Nexus 5X Build/MMB29P) AppleWebKit/537.36 (KHTML, like Gecko) Chrome/150.0.7871.128 Mobile Safari/537.36 (compatible; GoogleOther)"
146.112.163.33 - - [22/Jul/2026:03:05:08 +0000] "GET / HTTP/1.1" 500 - "-" "Mozilla/5.0 (Windows NT 10.0; Win64; x64) AppleWebKit/537.36 (KHTML, like Gecko) Chrome/149.0.0.0 Safari/537.36"
195.178.110.223 - - [22/Jul/2026:03:10:00 +0000] "GET /.git/config HTTP/1.1" 500 - "-" "Mozilla/5.0 (Windows NT 6.1; WOW64; rv:2.0b4pre) Gecko/20100815 Minefield/4.0b4pre"
81.196.20.142 - - [22/Jul/2026:03:10:33 +0000] "GET / HTTP/1.1" 500 - "-" "Mozilla/5.0 (Windows NT 10.0; Win64; x64) AppleWebKit/537.36 (KHTML, like Gecko) Chrome/124.0.0.0 Safari/537.36"
66.249.75.35 - - [22/Jul/2026:03:13:53 +0000] "GET /?h=8645729529 HTTP/1.1" 200 195450 "-" "Mozilla/5.0 (Linux; Android 6.0.1; Nexus 5X Build/MMB29P) AppleWebKit/537.36 (KHTML, like Gecko) Chrome/150.0.7871.128 Mobile Safari/537.36 (compatible; GoogleOther)"
66.249.75.35 - - [22/Jul/2026:03:17:11 +0000] "GET /?i=65372133005 HTTP/1.1" 200 194328 "-" "Mozilla/5.0 (Linux; Android 6.0.1; Nexus 5X Build/MMB29P) AppleWebKit/537.36 (KHTML, like Gecko) Chrome/150.0.7871.128 Mobile Safari/537.36 (compatible; Googlebot/2.1; +http://www.google.com/bot.html)"
74.7.228.26 - - [22/Jul/2026:03:28:52 +0000] "GET /robots.txt HTTP/1.1" 500 - "-" "Mozilla/5.0 (Macintosh; Intel Mac OS X 10_15_7) AppleWebKit/537.36 (KHTML, like Gecko) Chrome/131.0.0.0 Safari/537.36; compatible; OAI-SearchBot/1.4; robots.txt; +https://openai.com/searchbot"
66.249.75.36 - - [22/Jul/2026:03:31:32 +0000] "GET /?x=9778366326 HTTP/1.1" 200 197873 "-" "Mozilla/5.0 (Linux; Android 6.0.1; Nexus 5X Build/MMB29P) AppleWebKit/537.36 (KHTML, like Gecko) Chrome/150.0.7871.128 Mobile Safari/537.36 (compatible; Googlebot/2.1; +http://www.google.com/bot.html)"
66.249.75.37 - - [22/Jul/2026:03:32:50 +0000] "GET /?i=65372175479 HTTP/1.1" 200 198685 "-" "Mozilla/5.0 (Linux; Android 6.0.1; Nexus 5X Build/MMB29P) AppleWebKit/537.36 (KHTML, like Gecko) Chrome/150.0.7871.128 Mobile Safari/537.36 (compatible; Googlebot/2.1; +http://www.google.com/bot.html)"
66.249.75.36 - - [22/Jul/2026:03:34:09 +0000] "GET /?h=86457105482 HTTP/1.1" 200 196695 "-" "Mozilla/5.0 (Linux; Android 6.0.1; Nexus 5X Build/MMB29P) AppleWebKit/537.36 (KHTML, like Gecko) Chrome/150.0.7871.128 Mobile Safari/537.36 (compatible; Googlebot/2.1; +http://www.google.com/bot.html)"
66.249.75.35 - - [22/Jul/2026:03:35:26 +0000] "GET /?h=86457195183 HTTP/1.1" 200 195841 "-" "Mozilla/5.0 (Linux; Android 6.0.1; Nexus 5X Build/MMB29P) AppleWebKit/537.36 (KHTML, like Gecko) Chrome/150.0.7871.128 Mobile Safari/537.36 (compatible; Googlebot/2.1; +http://www.google.com/bot.html)"
195.178.110.223 - - [22/Jul/2026:03:35:49 +0000] "GET /.git/config HTTP/1.1" 500 - "-" "Mozilla/5.0 (Linux; Android 9; SAMSUNG SM-G950F Build/PPR1.180610.011) AppleWebKit/537.36 (KHTML, like Gecko) SamsungBrowser/9.4 Chrome/67.0.3396.87 Mobile Safari/537.36"
66.249.72.132 - - [22/Jul/2026:03:56:06 +0000] "GET /?i=70026144540 HTTP/1.1" 200 195766 "-" "Mozilla/5.0 (Linux; Android 6.0.1; Nexus 5X Build/MMB29P) AppleWebKit/537.36 (KHTML, like Gecko) Chrome/150.0.7871.128 Mobile Safari/537.36 (compatible; Googlebot/2.1; +http://www.google.com/bot.html)"
198.177.124.148 - - [22/Jul/2026:03:58:43 +0000] "POST /wp-cron.php?doing_wp_cron=1784692723.2195858955383300781250 HTTP/1.1" 200 - "-" "WordPress/7.0.2; https://lizzystem100.shop"
129.227.55.200 - - [22/Jul/2026:03:58:40 +0000] "GET /wp-login.php HTTP/1.1" 200 4715 "-" "Mozilla/5.0"
129.227.55.200 - - [22/Jul/2026:03:58:43 +0000] "GET /?author=1 HTTP/1.1" 500 - "-" "Mozilla/5.0"
129.227.55.200 - - [22/Jul/2026:03:58:44 +0000] "GET /?rest_route=/wp/v2/users HTTP/1.1" 500 - "-" "Mozilla/5.0"
129.227.55.200 - - [22/Jul/2026:03:58:46 +0000] "GET /feed HTTP/1.1" 500 - "-" "Mozilla/5.0"
66.249.72.132 - - [22/Jul/2026:04:10:22 +0000] "GET /?q=13848259302 HTTP/1.1" 200 196738 "-" "Mozilla/5.0 (Linux; Android 6.0.1; Nexus 5X Build/MMB29P) AppleWebKit/537.36 (KHTML, like Gecko) Chrome/150.0.7871.128 Mobile Safari/537.36 (compatible; GoogleOther)"
66.249.72.131 - - [22/Jul/2026:04:10:41 +0000] "GET /?i=92360262179 HTTP/1.1" 200 195043 "-" "Mozilla/5.0 (Linux; Android 6.0.1; Nexus 5X Build/MMB29P) AppleWebKit/537.36 (KHTML, like Gecko) Chrome/150.0.7871.128 Mobile Safari/537.36 (compatible; GoogleOther)"
66.249.72.132 - - [22/Jul/2026:04:11:29 +0000] "GET /?i=92360262179 HTTP/1.1" 200 195043 "-" "Mozilla/5.0 (Linux; Android 6.0.1; Nexus 5X Build/MMB29P) AppleWebKit/537.36 (KHTML, like Gecko) Chrome/150.0.7871.128 Mobile Safari/537.36 (compatible; Googlebot/2.1; +http://www.google.com/bot.html)"
