105.113.111.13 - - [21/Jul/2026:10:23:38 +0000] "GET /wp-content/plugins/elementor/assets/js/packages/editor-documents/editor-documents.min.js?ver=4.2.0 HTTP/1.1" 200 8861 "https://lizzystem100.shop/wp-admin/post.php?post=73&action=elementor" "Mozilla/5.0 (Windows NT 10.0; Win64; x64) AppleWebKit/537.36 (KHTML, like Gecko) Chrome/150.0.0.0 Safari/537.36"
105.113.111.13 - - [21/Jul/2026:10:23:39 +0000] "GET /wp-content/plugins/elementor/assets/js/packages/events/events.min.js?ver=4.2.0 HTTP/1.1" 200 2331 "https://lizzystem100.shop/wp-admin/post.php?post=73&action=elementor" "Mozilla/5.0 (Windows NT 10.0; Win64; x64) AppleWebKit/537.36 (KHTML, like Gecko) Chrome/150.0.0.0 Safari/537.36"
105.113.111.13 - - [21/Jul/2026:10:23:39 +0000] "GET /wp-content/plugins/elementor/assets/js/packages/menus/menus.min.js?ver=4.2.0 HTTP/1.1" 200 2718 "https://lizzystem100.shop/wp-admin/post.php?post=73&action=elementor" "Mozilla/5.0 (Windows NT 10.0; Win64; x64) AppleWebKit/537.36 (KHTML, like Gecko) Chrome/150.0.0.0 Safari/537.36"
105.113.111.13 - - [21/Jul/2026:10:23:39 +0000] "GET /wp-content/plugins/elementor/assets/js/packages/editor-responsive/editor-responsive.min.js?ver=4.2.0 HTTP/1.1" 200 2819 "https://lizzystem100.shop/wp-admin/post.php?post=73&action=elementor" "Mozilla/5.0 (Windows NT 10.0; Win64; x64) AppleWebKit/537.36 (KHTML, like Gecko) Chrome/150.0.0.0 Safari/537.36"
105.113.111.13 - - [21/Jul/2026:10:23:39 +0000] "GET /wp-content/plugins/elementor/assets/js/packages/editor-app-bar/editor-app-bar.min.js?ver=4.2.0 HTTP/1.1" 200 38084 "https://lizzystem100.shop/wp-admin/post.php?post=73&action=elementor" "Mozilla/5.0 (Windows NT 10.0; Win64; x64) AppleWebKit/537.36 (KHTML, like Gecko) Chrome/150.0.0.0 Safari/537.36"
105.113.111.13 - - [21/Jul/2026:10:23:39 +0000] "GET /wp-content/plugins/elementor/assets/js/checklist.min.js?ver=4.2.0 HTTP/1.1" 200 50953 "https://lizzystem100.shop/wp-admin/post.php?post=73&action=elementor" "Mozilla/5.0 (Windows NT 10.0; Win64; x64) AppleWebKit/537.36 (KHTML, like Gecko) Chrome/150.0.0.0 Safari/537.36"
105.113.111.13 - - [21/Jul/2026:10:23:39 +0000] "GET /wp-content/plugins/elementor/assets/js/editor-environment-v2.min.js?ver=4.2.0 HTTP/1.1" 200 206 "https://lizzystem100.shop/wp-admin/post.php?post=73&action=elementor" "Mozilla/5.0 (Windows NT 10.0; Win64; x64) AppleWebKit/537.36 (KHTML, like Gecko) Chrome/150.0.0.0 Safari/537.36"
105.113.111.13 - - [21/Jul/2026:10:23:40 +0000] "GET /wp-content/plugins/elementor/assets/js/packages/editor-notifications/editor-notifications.min.js?ver=4.2.0 HTTP/1.1" 200 31724 "https://lizzystem100.shop/wp-admin/post.php?post=73&action=elementor" "Mozilla/5.0 (Windows NT 10.0; Win64; x64) AppleWebKit/537.36 (KHTML, like Gecko) Chrome/150.0.0.0 Safari/537.36"
105.113.111.13 - - [21/Jul/2026:10:23:40 +0000] "GET /wp-content/plugins/elementor/assets/js/packages/editor-panels/editor-panels.min.js?ver=4.2.0 HTTP/1.1" 200 6214 "https://lizzystem100.shop/wp-admin/post.php?post=73&action=elementor" "Mozilla/5.0 (Windows NT 10.0; Win64; x64) AppleWebKit/537.36 (KHTML, like Gecko) Chrome/150.0.0.0 Safari/537.36"
105.113.111.13 - - [21/Jul/2026:10:23:40 +0000] "GET /wp-content/plugins/elementor/assets/js/packages/editor-elements-panel/editor-elements-panel.min.js?ver=4.2.0 HTTP/1.1" 200 3742 "https://lizzystem100.shop/wp-admin/post.php?post=73&action=elementor" "Mozilla/5.0 (Windows NT 10.0; Win64; x64) AppleWebKit/537.36 (KHTML, like Gecko) Chrome/150.0.0.0 Safari/537.36"
105.113.111.13 - - [21/Jul/2026:10:23:40 +0000] "GET /wp-content/plugins/elementor/assets/js/packages/editor-elements-panel-notice/editor-elements-panel-notice.min.js?ver=4.2.0 HTTP/1.1" 200 1923 "https://lizzystem100.shop/wp-admin/post.php?post=73&action=elementor" "Mozilla/5.0 (Windows NT 10.0; Win64; x64) AppleWebKit/537.36 (KHTML, like Gecko) Chrome/150.0.0.0 Safari/537.36"
105.113.111.13 - - [21/Jul/2026:10:23:41 +0000] "GET /wp-content/plugins/elementor/assets/js/packages/unlock-v4-promo/unlock-v4-promo.min.js?ver=4.2.0 HTTP/1.1" 200 4198 "https://lizzystem100.shop/wp-admin/post.php?post=73&action=elementor" "Mozilla/5.0 (Windows NT 10.0; Win64; x64) AppleWebKit/537.36 (KHTML, like Gecko) Chrome/150.0.0.0 Safari/537.36"
105.113.111.13 - - [21/Jul/2026:10:23:42 +0000] "GET /wp-content/plugins/elementor/assets/js/packages/elementor-kit-mcp/elementor-kit-mcp.min.js?ver=4.2.0 HTTP/1.1" 200 9478 "https://lizzystem100.shop/wp-admin/post.php?post=73&action=elementor" "Mozilla/5.0 (Windows NT 10.0; Win64; x64) AppleWebKit/537.36 (KHTML, like Gecko) Chrome/150.0.0.0 Safari/537.36"
105.113.111.13 - - [21/Jul/2026:10:23:42 +0000] "GET /wp-content/plugins/elementor/assets/js/packages/editor-site-navigation/editor-site-navigation.min.js?ver=4.2.0 HTTP/1.1" 200 26198 "https://lizzystem100.shop/wp-admin/post.php?post=73&action=elementor" "Mozilla/5.0 (Windows NT 10.0; Win64; x64) AppleWebKit/537.36 (KHTML, like Gecko) Chrome/150.0.0.0 Safari/537.36"
105.113.111.13 - - [21/Jul/2026:10:23:39 +0000] "GET /wp-content/plugins/elementor/assets/js/packages/editor-modal-shell/editor-modal-shell.min.js?ver=4.2.0 HTTP/1.1" 200 332311 "https://lizzystem100.shop/wp-admin/post.php?post=73&action=elementor" "Mozilla/5.0 (Windows NT 10.0; Win64; x64) AppleWebKit/537.36 (KHTML, like Gecko) Chrome/150.0.0.0 Safari/537.36"
105.113.111.13 - - [21/Jul/2026:10:23:43 +0000] "GET /wp-content/plugins/elementor/assets/js/packages/editor-props/editor-props.min.js?ver=4.2.0 HTTP/1.1" 200 52518 "https://lizzystem100.shop/wp-admin/post.php?post=73&action=elementor" "Mozilla/5.0 (Windows NT 10.0; Win64; x64) AppleWebKit/537.36 (KHTML, like Gecko) Chrome/150.0.0.0 Safari/537.36"
105.113.111.13 - - [21/Jul/2026:10:23:43 +0000] "GET /wp-content/plugins/elementor/assets/js/packages/editor-styles/editor-styles.min.js?ver=4.2.0 HTTP/1.1" 200 1882 "https://lizzystem100.shop/wp-admin/post.php?post=73&action=elementor" "Mozilla/5.0 (Windows NT 10.0; Win64; x64) AppleWebKit/537.36 (KHTML, like Gecko) Chrome/150.0.0.0 Safari/537.36"
105.113.111.13 - - [21/Jul/2026:10:23:39 +0000] "GET /wp-content/plugins/elementor/assets/js/packages/v4-activation-modal/v4-activation-modal.min.js?ver=4.2.0 HTTP/1.1" 200 154958 "https://lizzystem100.shop/wp-admin/post.php?post=73&action=elementor" "Mozilla/5.0 (Windows NT 10.0; Win64; x64) AppleWebKit/537.36 (KHTML, like Gecko) Chrome/150.0.0.0 Safari/537.36"
105.113.111.13 - - [21/Jul/2026:10:23:44 +0000] "GET /wp-content/plugins/elementor/assets/js/packages/editor-elements/editor-elements.min.js?ver=4.2.0 HTTP/1.1" 200 21527 "https://lizzystem100.shop/wp-admin/post.php?post=73&action=elementor" "Mozilla/5.0 (Windows NT 10.0; Win64; x64) AppleWebKit/537.36 (KHTML, like Gecko) Chrome/150.0.0.0 Safari/537.36"
105.113.111.13 - - [21/Jul/2026:10:23:44 +0000] "GET /wp-content/plugins/elementor/assets/js/packages/session/session.min.js?ver=4.2.0 HTTP/1.1" 200 2323 "https://lizzystem100.shop/wp-admin/post.php?post=73&action=elementor" "Mozilla/5.0 (Windows NT 10.0; Win64; x64) AppleWebKit/537.36 (KHTML, like Gecko) Chrome/150.0.0.0 Safari/537.36"
105.113.111.13 - - [21/Jul/2026:10:23:41 +0000] "GET /wp-content/plugins/elementor/assets/js/packages/elementor-v3-mcp/elementor-v3-mcp.min.js?ver=4.2.0 HTTP/1.1" 200 658273 "https://lizzystem100.shop/wp-admin/post.php?post=73&action=elementor" "Mozilla/5.0 (Windows NT 10.0; Win64; x64) AppleWebKit/537.36 (KHTML, like Gecko) Chrome/150.0.0.0 Safari/537.36"
105.113.111.13 - - [21/Jul/2026:10:23:44 +0000] "GET /wp-content/plugins/elementor/assets/js/packages/wp-media/wp-media.min.js?ver=4.2.0 HTTP/1.1" 200 4528 "https://lizzystem100.shop/wp-admin/post.php?post=73&action=elementor" "Mozilla/5.0 (Windows NT 10.0; Win64; x64) AppleWebKit/537.36 (KHTML, like Gecko) Chrome/150.0.0.0 Safari/537.36"
105.113.111.13 - - [21/Jul/2026:10:23:45 +0000] "GET /wp-content/plugins/elementor/assets/js/packages/editor-interactions/editor-interactions.min.js?ver=4.2.0 HTTP/1.1" 200 48335 "https://lizzystem100.shop/wp-admin/post.php?post=73&action=elementor" "Mozilla/5.0 (Windows NT 10.0; Win64; x64) AppleWebKit/537.36 (KHTML, like Gecko) Chrome/150.0.0.0 Safari/537.36"
105.113.111.13 - - [21/Jul/2026:10:23:45 +0000] "GET /wp-content/plugins/elementor/assets/js/packages/editor-styles-repository/editor-styles-repository.min.js?ver=4.2.0 HTTP/1.1" 200 6272 "https://lizzystem100.shop/wp-admin/post.php?post=73&action=elementor" "Mozilla/5.0 (Windows NT 10.0; Win64; x64) AppleWebKit/537.36 (KHTML, like Gecko) Chrome/150.0.0.0 Safari/537.36"
105.113.111.13 - - [21/Jul/2026:10:23:46 +0000] "GET /wp-content/plugins/elementor/assets/js/packages/twing/twing.min.js?ver=4.2.0 HTTP/1.1" 200 768064 "https://lizzystem100.shop/wp-admin/post.php?post=73&action=elementor" "Mozilla/5.0 (Windows NT 10.0; Win64; x64) AppleWebKit/537.36 (KHTML, like Gecko) Chrome/150.0.0.0 Safari/537.36"
105.113.111.13 - - [21/Jul/2026:10:23:46 +0000] "GET /wp-content/plugins/elementor/assets/js/packages/editor-canvas/editor-canvas.min.js?ver=4.2.0 HTTP/1.1" 200 265907 "https://lizzystem100.shop/wp-admin/post.php?post=73&action=elementor" "Mozilla/5.0 (Windows NT 10.0; Win64; x64) AppleWebKit/537.36 (KHTML, like Gecko) Chrome/150.0.0.0 Safari/537.36"
105.113.111.13 - - [21/Jul/2026:10:22:57 +0000] "GET /wp-admin/post.php?post=73&action=elementor HTTP/1.1" 200 2157190 "https://lizzystem100.shop/wp-admin/post-new.php?post_type=page" "Mozilla/5.0 (Windows NT 10.0; Win64; x64) AppleWebKit/537.36 (KHTML, like Gecko) Chrome/150.0.0.0 Safari/537.36"
105.113.111.13 - - [21/Jul/2026:10:23:45 +0000] "GET /wp-content/plugins/elementor/assets/js/packages/editor-controls/editor-controls.min.js?ver=4.2.0 HTTP/1.1" 200 775257 "https://lizzystem100.shop/wp-admin/post.php?post=73&action=elementor" "Mozilla/5.0 (Windows NT 10.0; Win64; x64) AppleWebKit/537.36 (KHTML, like Gecko) Chrome/150.0.0.0 Safari/537.36"
198.177.124.148 - - [21/Jul/2026:10:23:53 +0000] "POST /wp-cron.php?doing_wp_cron=1784629433.6713869571685791015625 HTTP/1.1" 200 - "-" "WordPress/7.0.2; https://lizzystem100.shop"
105.113.111.13 - - [21/Jul/2026:10:23:46 +0000] "GET /wp-admin/post-new.php?post_type=page HTTP/1.1" 200 649830 "https://lizzystem100.shop/wp-admin/admin.php?page=elementor-home" "Mozilla/5.0 (Windows NT 10.0; Win64; x64) AppleWebKit/537.36 (KHTML, like Gecko) Chrome/150.0.0.0 Safari/537.36"
105.113.111.13 - - [21/Jul/2026:10:23:54 +0000] "GET /wp-content/plugins/wp-mail-smtp/assets/css/admin-bar.min.css?ver=4.9.0 HTTP/1.1" 304 - "https://lizzystem100.shop/wp-admin/post-new.php?post_type=page" "Mozilla/5.0 (Windows NT 10.0; Win64; x64) AppleWebKit/537.36 (KHTML, like Gecko) Chrome/150.0.0.0 Safari/537.36"
105.113.111.13 - - [21/Jul/2026:10:23:50 +0000] "GET /wp-admin/post-new.php?post_type=page HTTP/1.1" 200 649673 "https://lizzystem100.shop/wp-admin/post-new.php?post_type=page" "Mozilla/5.0 (Windows NT 10.0; Win64; x64) AppleWebKit/537.36 (KHTML, like Gecko) Chrome/150.0.0.0 Safari/537.36"
105.113.111.13 - - [21/Jul/2026:10:23:56 +0000] "GET /wp-json/wpforms/v1/themes/?_locale=user HTTP/1.1" 500 - "https://lizzystem100.shop/wp-admin/post-new.php?post_type=page" "Mozilla/5.0 (Windows NT 10.0; Win64; x64) AppleWebKit/537.36 (KHTML, like Gecko) Chrome/150.0.0.0 Safari/537.36"
105.113.111.13 - - [21/Jul/2026:10:23:57 +0000] "GET /favicon.ico HTTP/1.1" 500 - "https://lizzystem100.shop/wp-admin/post-new.php?post_type=page" "Mozilla/5.0 (Windows NT 10.0; Win64; x64) AppleWebKit/537.36 (KHTML, like Gecko) Chrome/150.0.0.0 Safari/537.36"
105.113.111.13 - - [21/Jul/2026:10:23:57 +0000] "OPTIONS /wp-json/wp/v2/settings?_locale=user HTTP/1.1" 500 - "https://lizzystem100.shop/wp-admin/post-new.php?post_type=page" "Mozilla/5.0 (Windows NT 10.0; Win64; x64) AppleWebKit/537.36 (KHTML, like Gecko) Chrome/150.0.0.0 Safari/537.36"
105.113.111.13 - - [21/Jul/2026:10:23:58 +0000] "GET /wp-json/wp/v2/templates/lookup?slug=front-page&_locale=user HTTP/1.1" 500 - "https://lizzystem100.shop/wp-admin/post-new.php?post_type=page" "Mozilla/5.0 (Windows NT 10.0; Win64; x64) AppleWebKit/537.36 (KHTML, like Gecko) Chrome/150.0.0.0 Safari/537.36"
105.113.111.13 - - [21/Jul/2026:10:23:58 +0000] "GET /wp-json/wp/v2/block-patterns/patterns?_locale=user HTTP/1.1" 500 - "https://lizzystem100.shop/wp-admin/post-new.php?post_type=page" "Mozilla/5.0 (Windows NT 10.0; Win64; x64) AppleWebKit/537.36 (KHTML, like Gecko) Chrome/150.0.0.0 Safari/537.36"
105.113.111.13 - - [21/Jul/2026:10:23:58 +0000] "GET /wp-json/wp/v2/blocks?context=edit&per_page=100&page=1&_locale=user HTTP/1.1" 500 - "https://lizzystem100.shop/wp-admin/post-new.php?post_type=page" "Mozilla/5.0 (Windows NT 10.0; Win64; x64) AppleWebKit/537.36 (KHTML, like Gecko) Chrome/150.0.0.0 Safari/537.36"
105.113.111.13 - - [21/Jul/2026:10:23:58 +0000] "GET /wp-json/wp/v2/users/1?context=view&_fields=id%2Cname&_locale=user HTTP/1.1" 500 - "https://lizzystem100.shop/wp-admin/post-new.php?post_type=page" "Mozilla/5.0 (Windows NT 10.0; Win64; x64) AppleWebKit/537.36 (KHTML, like Gecko) Chrome/150.0.0.0 Safari/537.36"
105.113.111.13 - - [21/Jul/2026:10:23:59 +0000] "GET /wp-json/wp/v2/wp_pattern_category?context=view&per_page=100&_fields=id%2Cname%2Cdescription%2Cslug&_locale=user HTTP/1.1" 500 - "https://lizzystem100.shop/wp-admin/post-new.php?post_type=page" "Mozilla/5.0 (Windows NT 10.0; Win64; x64) AppleWebKit/537.36 (KHTML, like Gecko) Chrome/150.0.0.0 Safari/537.36"
105.113.111.13 - - [21/Jul/2026:10:23:59 +0000] "GET /wp-json/wp/v2/taxonomies?context=edit&per_page=100&_locale=user HTTP/1.1" 500 - "https://lizzystem100.shop/wp-admin/post-new.php?post_type=page" "Mozilla/5.0 (Windows NT 10.0; Win64; x64) AppleWebKit/537.36 (KHTML, like Gecko) Chrome/150.0.0.0 Safari/537.36"
105.113.111.13 - - [21/Jul/2026:10:24:07 +0000] "GET /wp-json/wp/v2/taxonomies/post_tag?context=edit&_locale=user HTTP/1.1" 500 - "https://lizzystem100.shop/wp-admin/post-new.php?post_type=page" "Mozilla/5.0 (Windows NT 10.0; Win64; x64) AppleWebKit/537.36 (KHTML, like Gecko) Chrome/150.0.0.0 Safari/537.36"
105.113.111.13 - - [21/Jul/2026:10:24:07 +0000] "GET /wp-json/wp/v2/taxonomies/category?context=edit&_locale=user HTTP/1.1" 500 - "https://lizzystem100.shop/wp-admin/post-new.php?post_type=page" "Mozilla/5.0 (Windows NT 10.0; Win64; x64) AppleWebKit/537.36 (KHTML, like Gecko) Chrome/150.0.0.0 Safari/537.36"
105.113.111.13 - - [21/Jul/2026:10:24:08 +0000] "POST /wp-json/wp/v2/pages/75?_locale=user HTTP/1.1" 500 - "https://lizzystem100.shop/wp-admin/post-new.php?post_type=page" "Mozilla/5.0 (Windows NT 10.0; Win64; x64) AppleWebKit/537.36 (KHTML, like Gecko) Chrome/150.0.0.0 Safari/537.36"
105.113.111.13 - - [21/Jul/2026:10:24:08 +0000] "POST /wp-admin/admin-ajax.php HTTP/1.1" 200 98 "https://lizzystem100.shop/wp-admin/post-new.php?post_type=page" "Mozilla/5.0 (Windows NT 10.0; Win64; x64) AppleWebKit/537.36 (KHTML, like Gecko) Chrome/150.0.0.0 Safari/537.36"
105.113.111.13 - - [21/Jul/2026:10:24:27 +0000] "POST /wp-admin/admin-ajax.php HTTP/1.1" 200 98 "https://lizzystem100.shop/wp-admin/post-new.php?post_type=page" "Mozilla/5.0 (Windows NT 10.0; Win64; x64) AppleWebKit/537.36 (KHTML, like Gecko) Chrome/150.0.0.0 Safari/537.36"
105.113.111.13 - - [21/Jul/2026:10:24:33 +0000] "POST /wp-admin/admin-ajax.php HTTP/1.1" 200 98 "https://lizzystem100.shop/wp-admin/post-new.php?post_type=page" "Mozilla/5.0 (Windows NT 10.0; Win64; x64) AppleWebKit/537.36 (KHTML, like Gecko) Chrome/150.0.0.0 Safari/537.36"
105.113.111.13 - - [21/Jul/2026:10:24:40 +0000] "POST /wp-admin/admin-ajax.php HTTP/1.1" 200 98 "https://lizzystem100.shop/wp-admin/post-new.php?post_type=page" "Mozilla/5.0 (Windows NT 10.0; Win64; x64) AppleWebKit/537.36 (KHTML, like Gecko) Chrome/150.0.0.0 Safari/537.36"
66.249.72.131 - - [21/Jul/2026:10:24:49 +0000] "GET /?h=86457206249 HTTP/1.1" 200 194497 "-" "Mozilla/5.0 (Linux; Android 6.0.1; Nexus 5X Build/MMB29P) AppleWebKit/537.36 (KHTML, like Gecko) Chrome/150.0.7871.128 Mobile Safari/537.36 (compatible; GoogleOther)"
198.177.124.148 - - [21/Jul/2026:10:25:12 +0000] "POST /wp-cron.php?doing_wp_cron=1784629511.9672749042510986328125 HTTP/1.1" 200 - "-" "WordPress/7.0.2; https://lizzystem100.shop"
105.113.111.13 - - [21/Jul/2026:10:25:10 +0000] "POST /wp-admin/admin-ajax.php HTTP/1.1" 200 98 "https://lizzystem100.shop/wp-admin/post-new.php?post_type=page" "Mozilla/5.0 (Windows NT 10.0; Win64; x64) AppleWebKit/537.36 (KHTML, like Gecko) Chrome/150.0.0.0 Safari/537.36"
105.113.111.13 - - [21/Jul/2026:10:25:13 +0000] "POST /wp-admin/admin-ajax.php HTTP/1.1" 200 98 "https://lizzystem100.shop/wp-admin/post-new.php?post_type=page" "Mozilla/5.0 (Windows NT 10.0; Win64; x64) AppleWebKit/537.36 (KHTML, like Gecko) Chrome/150.0.0.0 Safari/537.36"
105.113.111.13 - - [21/Jul/2026:10:25:22 +0000] "POST /wp-admin/admin-ajax.php HTTP/1.1" 200 98 "https://lizzystem100.shop/wp-admin/post-new.php?post_type=page" "Mozilla/5.0 (Windows NT 10.0; Win64; x64) AppleWebKit/537.36 (KHTML, like Gecko) Chrome/150.0.0.0 Safari/537.36"
105.113.111.13 - - [21/Jul/2026:10:25:33 +0000] "POST /wp-admin/admin-ajax.php HTTP/1.1" 200 98 "https://lizzystem100.shop/wp-admin/post-new.php?post_type=page" "Mozilla/5.0 (Windows NT 10.0; Win64; x64) AppleWebKit/537.36 (KHTML, like Gecko) Chrome/150.0.0.0 Safari/537.36"
105.113.111.13 - - [21/Jul/2026:10:25:42 +0000] "POST /wp-admin/admin-ajax.php HTTP/1.1" 200 98 "https://lizzystem100.shop/wp-admin/post-new.php?post_type=page" "Mozilla/5.0 (Windows NT 10.0; Win64; x64) AppleWebKit/537.36 (KHTML, like Gecko) Chrome/150.0.0.0 Safari/537.36"
198.177.124.148 - - [21/Jul/2026:10:25:54 +0000] "POST /wp-cron.php?doing_wp_cron=1784629554.4569780826568603515625 HTTP/1.1" 200 - "-" "WordPress/7.0.2; https://lizzystem100.shop"
105.113.111.13 - - [21/Jul/2026:10:25:53 +0000] "POST /wp-admin/admin-ajax.php HTTP/1.1" 200 98 "https://lizzystem100.shop/wp-admin/post-new.php?post_type=page" "Mozilla/5.0 (Windows NT 10.0; Win64; x64) AppleWebKit/537.36 (KHTML, like Gecko) Chrome/150.0.0.0 Safari/537.36"
105.113.111.13 - - [21/Jul/2026:10:26:02 +0000] "POST /wp-admin/admin-ajax.php HTTP/1.1" 200 98 "https://lizzystem100.shop/wp-admin/post-new.php?post_type=page" "Mozilla/5.0 (Windows NT 10.0; Win64; x64) AppleWebKit/537.36 (KHTML, like Gecko) Chrome/150.0.0.0 Safari/537.36"
105.113.111.13 - - [21/Jul/2026:10:26:13 +0000] "POST /wp-admin/admin-ajax.php HTTP/1.1" 200 98 "https://lizzystem100.shop/wp-admin/post-new.php?post_type=page" "Mozilla/5.0 (Windows NT 10.0; Win64; x64) AppleWebKit/537.36 (KHTML, like Gecko) Chrome/150.0.0.0 Safari/537.36"
105.113.111.13 - - [21/Jul/2026:10:26:22 +0000] "POST /wp-admin/admin-ajax.php HTTP/1.1" 200 98 "https://lizzystem100.shop/wp-admin/post-new.php?post_type=page" "Mozilla/5.0 (Windows NT 10.0; Win64; x64) AppleWebKit/537.36 (KHTML, like Gecko) Chrome/150.0.0.0 Safari/537.36"
105.113.111.13 - - [21/Jul/2026:10:26:34 +0000] "POST /wp-admin/admin-ajax.php HTTP/1.1" 200 98 "https://lizzystem100.shop/wp-admin/post-new.php?post_type=page" "Mozilla/5.0 (Windows NT 10.0; Win64; x64) AppleWebKit/537.36 (KHTML, like Gecko) Chrome/150.0.0.0 Safari/537.36"
105.113.111.13 - - [21/Jul/2026:10:26:42 +0000] "POST /wp-admin/admin-ajax.php HTTP/1.1" 200 98 "https://lizzystem100.shop/wp-admin/post-new.php?post_type=page" "Mozilla/5.0 (Windows NT 10.0; Win64; x64) AppleWebKit/537.36 (KHTML, like Gecko) Chrome/150.0.0.0 Safari/537.36"
66.249.72.132 - - [21/Jul/2026:10:26:59 +0000] "GET /?x=97783137837 HTTP/1.1" 200 203583 "-" "Mozilla/5.0 (Linux; Android 6.0.1; Nexus 5X Build/MMB29P) AppleWebKit/537.36 (KHTML, like Gecko) Chrome/150.0.7871.128 Mobile Safari/537.36 (compatible; GoogleOther)"
198.177.124.148 - - [21/Jul/2026:10:27:17 +0000] "POST /wp-cron.php?doing_wp_cron=1784629637.7624731063842773437500 HTTP/1.1" 200 - "-" "WordPress/7.0.2; https://lizzystem100.shop"
105.113.111.13 - - [21/Jul/2026:10:27:13 +0000] "POST /wp-admin/admin-ajax.php HTTP/1.1" 200 98 "https://lizzystem100.shop/wp-admin/post-new.php?post_type=page" "Mozilla/5.0 (Windows NT 10.0; Win64; x64) AppleWebKit/537.36 (KHTML, like Gecko) Chrome/150.0.0.0 Safari/537.36"
105.113.111.13 - - [21/Jul/2026:10:27:22 +0000] "POST /wp-admin/admin-ajax.php HTTP/1.1" 200 98 "https://lizzystem100.shop/wp-admin/post-new.php?post_type=page" "Mozilla/5.0 (Windows NT 10.0; Win64; x64) AppleWebKit/537.36 (KHTML, like Gecko) Chrome/150.0.0.0 Safari/537.36"
105.113.111.13 - - [21/Jul/2026:10:27:32 +0000] "POST /wp-admin/admin-ajax.php HTTP/1.1" 200 98 "https://lizzystem100.shop/wp-admin/post-new.php?post_type=page" "Mozilla/5.0 (Windows NT 10.0; Win64; x64) AppleWebKit/537.36 (KHTML, like Gecko) Chrome/150.0.0.0 Safari/537.36"
105.113.111.13 - - [21/Jul/2026:10:27:43 +0000] "POST /wp-admin/admin-ajax.php HTTP/1.1" 200 98 "https://lizzystem100.shop/wp-admin/post-new.php?post_type=page" "Mozilla/5.0 (Windows NT 10.0; Win64; x64) AppleWebKit/537.36 (KHTML, like Gecko) Chrome/150.0.0.0 Safari/537.36"
198.177.124.148 - - [21/Jul/2026:10:27:54 +0000] "POST /wp-cron.php?doing_wp_cron=1784629674.6162300109863281250000 HTTP/1.1" 200 - "-" "WordPress/7.0.2; https://lizzystem100.shop"
105.113.111.13 - - [21/Jul/2026:10:27:53 +0000] "POST /wp-admin/admin-ajax.php HTTP/1.1" 200 98 "https://lizzystem100.shop/wp-admin/post-new.php?post_type=page" "Mozilla/5.0 (Windows NT 10.0; Win64; x64) AppleWebKit/537.36 (KHTML, like Gecko) Chrome/150.0.0.0 Safari/537.36"
105.113.111.13 - - [21/Jul/2026:10:28:03 +0000] "POST /wp-admin/admin-ajax.php HTTP/1.1" 200 98 "https://lizzystem100.shop/wp-admin/post-new.php?post_type=page" "Mozilla/5.0 (Windows NT 10.0; Win64; x64) AppleWebKit/537.36 (KHTML, like Gecko) Chrome/150.0.0.0 Safari/537.36"
105.113.111.13 - - [21/Jul/2026:10:28:22 +0000] "POST /wp-admin/admin-ajax.php HTTP/1.1" 200 98 "https://lizzystem100.shop/wp-admin/post-new.php?post_type=page" "Mozilla/5.0 (Windows NT 10.0; Win64; x64) AppleWebKit/537.36 (KHTML, like Gecko) Chrome/150.0.0.0 Safari/537.36"
52.2.58.41 - - [21/Jul/2026:10:34:48 +0000] "GET /robots.txt HTTP/1.1" 500 - "-" "Mozilla/5.0 AppleWebKit/537.36 (KHTML, like Gecko; compatible; Amazonbot/0.1; +https://developer.amazon.com/support/amazonbot) Chrome/119.0.6045.214 Safari/537.36"
74.7.228.26 - - [21/Jul/2026:10:35:20 +0000] "GET /robots.txt HTTP/1.1" 500 - "-" "Mozilla/5.0 (Macintosh; Intel Mac OS X 10_15_7) AppleWebKit/537.36 (KHTML, like Gecko) Chrome/131.0.0.0 Safari/537.36; compatible; OAI-SearchBot/1.4; robots.txt; +https://openai.com/searchbot"
66.249.72.130 - - [21/Jul/2026:10:41:13 +0000] "GET /?e=6334023765 HTTP/1.1" 200 195483 "-" "Mozilla/5.0 (Linux; Android 6.0.1; Nexus 5X Build/MMB29P) AppleWebKit/537.36 (KHTML, like Gecko) Chrome/150.0.7871.128 Mobile Safari/537.36 (compatible; GoogleOther)"
66.249.72.132 - - [21/Jul/2026:10:42:15 +0000] "GET /?e=6334023765 HTTP/1.1" 200 195483 "-" "Mozilla/5.0 (Linux; Android 6.0.1; Nexus 5X Build/MMB29P) AppleWebKit/537.36 (KHTML, like Gecko) Chrome/150.0.7871.128 Mobile Safari/537.36 (compatible; Googlebot/2.1; +http://www.google.com/bot.html)"
64.23.151.5 - - [21/Jul/2026:10:44:30 +0000] "GET / HTTP/1.1" 500 - "-" "Mozilla/5.0 (Windows NT 10.0; Win64; x64) AppleWebKit/537.36 (KHTML, like Gecko) Chrome/131.0.0.0 Safari/537.36"
66.249.72.131 - - [21/Jul/2026:10:55:21 +0000] "GET /?x=9778328077 HTTP/1.1" 200 194077 "-" "Mozilla/5.0 (Linux; Android 6.0.1; Nexus 5X Build/MMB29P) AppleWebKit/537.36 (KHTML, like Gecko) Chrome/150.0.7871.128 Mobile Safari/537.36 (compatible; GoogleOther)"
66.249.72.130 - - [21/Jul/2026:10:55:39 +0000] "GET /?h=86457226652 HTTP/1.1" 200 194543 "-" "Mozilla/5.0 (Linux; Android 6.0.1; Nexus 5X Build/MMB29P) AppleWebKit/537.36 (KHTML, like Gecko) Chrome/150.0.7871.128 Mobile Safari/537.36 (compatible; GoogleOther)"
66.249.72.131 - - [21/Jul/2026:10:56:15 +0000] "GET /?x=97783119536 HTTP/1.1" 200 195463 "-" "Mozilla/5.0 (Linux; Android 6.0.1; Nexus 5X Build/MMB29P) AppleWebKit/537.36 (KHTML, like Gecko) Chrome/150.0.7871.128 Mobile Safari/537.36 (compatible; GoogleOther)"
66.249.72.130 - - [21/Jul/2026:10:59:15 +0000] "GET /?i=9236092501 HTTP/1.1" 200 196239 "-" "Mozilla/5.0 (Linux; Android 6.0.1; Nexus 5X Build/MMB29P) AppleWebKit/537.36 (KHTML, like Gecko) Chrome/150.0.7871.128 Mobile Safari/537.36 (compatible; GoogleOther)"
66.249.72.130 - - [21/Jul/2026:11:00:38 +0000] "GET /?i=9236092501 HTTP/1.1" 200 196239 "-" "Mozilla/5.0 (Linux; Android 6.0.1; Nexus 5X Build/MMB29P) AppleWebKit/537.36 (KHTML, like Gecko) Chrome/150.0.7871.128 Mobile Safari/537.36 (compatible; Googlebot/2.1; +http://www.google.com/bot.html)"
66.249.72.130 - - [21/Jul/2026:11:08:17 +0000] "GET /?i=6537263887 HTTP/1.1" 200 196458 "-" "Mozilla/5.0 (Linux; Android 6.0.1; Nexus 5X Build/MMB29P) AppleWebKit/537.36 (KHTML, like Gecko) Chrome/150.0.7871.128 Mobile Safari/537.36 (compatible; GoogleOther)"
66.249.72.131 - - [21/Jul/2026:11:08:58 +0000] "GET /?i=6537263887 HTTP/1.1" 200 196458 "-" "Mozilla/5.0 (Linux; Android 6.0.1; Nexus 5X Build/MMB29P) AppleWebKit/537.36 (KHTML, like Gecko) Chrome/150.0.7871.128 Mobile Safari/537.36 (compatible; Googlebot/2.1; +http://www.google.com/bot.html)"
105.112.17.49 - - [21/Jul/2026:11:18:50 +0000] "GET / HTTP/1.1" 500 - "-" "Mozilla/5.0 (Linux; Android 10; K) AppleWebKit/537.36 (KHTML, like Gecko) Chrome/148.0.0.0 Mobile Safari/537.36"
198.177.124.148 - - [21/Jul/2026:11:21:31 +0000] "POST /wp-cron.php?doing_wp_cron=1784632891.4064869880676269531250 HTTP/1.1" 200 - "-" "WordPress/7.0.2; https://lizzystem100.shop"
104.28.156.138 - - [21/Jul/2026:11:21:27 +0000] "GET /wp-login.php HTTP/1.1" 200 4715 "-" "Mozilla/5.0"
104.28.156.138 - - [21/Jul/2026:11:21:32 +0000] "GET /?author=1 HTTP/1.1" 500 - "-" "Mozilla/5.0"
104.28.156.138 - - [21/Jul/2026:11:21:36 +0000] "GET /?rest_route=/wp/v2/users HTTP/1.1" 500 - "-" "Mozilla/5.0"
104.28.156.138 - - [21/Jul/2026:11:21:37 +0000] "GET /feed HTTP/1.1" 500 - "-" "Mozilla/5.0"
66.249.72.130 - - [21/Jul/2026:11:27:29 +0000] "GET /?h=86457161147 HTTP/1.1" 200 195746 "-" "Mozilla/5.0 (Linux; Android 6.0.1; Nexus 5X Build/MMB29P) AppleWebKit/537.36 (KHTML, like Gecko) Chrome/150.0.7871.128 Mobile Safari/537.36 (compatible; GoogleOther)"
66.249.72.131 - - [21/Jul/2026:11:27:41 +0000] "GET /?x=97783217400 HTTP/1.1" 200 193636 "-" "Mozilla/5.0 (Linux; Android 6.0.1; Nexus 5X Build/MMB29P) AppleWebKit/537.36 (KHTML, like Gecko) Chrome/150.0.7871.128 Mobile Safari/537.36 (compatible; GoogleOther)"
66.249.72.130 - - [21/Jul/2026:11:27:47 +0000] "GET /?h=8645742274 HTTP/1.1" 200 193674 "-" "Mozilla/5.0 (Linux; Android 6.0.1; Nexus 5X Build/MMB29P) AppleWebKit/537.36 (KHTML, like Gecko) Chrome/150.0.7871.128 Mobile Safari/537.36 (compatible; GoogleOther)"
66.249.72.130 - - [21/Jul/2026:11:28:10 +0000] "GET /?x=9778360775 HTTP/1.1" 200 193833 "-" "Mozilla/5.0 (Linux; Android 6.0.1; Nexus 5X Build/MMB29P) AppleWebKit/537.36 (KHTML, like Gecko) Chrome/150.0.7871.128 Mobile Safari/537.36 (compatible; GoogleOther)"
66.249.72.130 - - [21/Jul/2026:11:29:40 +0000] "GET /?h=86457161147 HTTP/1.1" 200 195746 "-" "Mozilla/5.0 (Linux; Android 6.0.1; Nexus 5X Build/MMB29P) AppleWebKit/537.36 (KHTML, like Gecko) Chrome/150.0.7871.128 Mobile Safari/537.36 (compatible; Googlebot/2.1; +http://www.google.com/bot.html)"
66.249.72.130 - - [21/Jul/2026:11:30:41 +0000] "GET /?h=8645742274 HTTP/1.1" 200 193674 "-" "Mozilla/5.0 (Linux; Android 6.0.1; Nexus 5X Build/MMB29P) AppleWebKit/537.36 (KHTML, like Gecko) Chrome/150.0.7871.128 Mobile Safari/537.36 (compatible; Googlebot/2.1; +http://www.google.com/bot.html)"
66.249.72.130 - - [21/Jul/2026:11:31:24 +0000] "GET /?x=97783217400 HTTP/1.1" 200 193636 "-" "Mozilla/5.0 (Linux; Android 6.0.1; Nexus 5X Build/MMB29P) AppleWebKit/537.36 (KHTML, like Gecko) Chrome/150.0.7871.128 Mobile Safari/537.36 (compatible; Googlebot/2.1; +http://www.google.com/bot.html)"
105.112.17.49 - - [21/Jul/2026:11:32:12 +0000] "GET / HTTP/1.1" 500 - "-" "Mozilla/5.0 (Linux; Android 10; K) AppleWebKit/537.36 (KHTML, like Gecko) Chrome/148.0.0.0 Mobile Safari/537.36"
105.112.17.49 - - [21/Jul/2026:11:35:02 +0000] "GET / HTTP/1.1" 500 - "-" "Mozilla/5.0 (Linux; Android 10; K) AppleWebKit/537.36 (KHTML, like Gecko) Chrome/148.0.0.0 Mobile Safari/537.36"
198.177.124.148 - - [21/Jul/2026:11:38:52 +0000] "POST /wp-cron.php?doing_wp_cron=1784633932.6320359706878662109375 HTTP/1.1" 200 - "-" "WordPress/7.0.2; https://lizzystem100.shop"
105.113.111.13 - - [21/Jul/2026:11:38:48 +0000] "POST /wp-admin/admin-ajax.php HTTP/1.1" 200 98 "https://lizzystem100.shop/wp-admin/post-new.php?post_type=page" "Mozilla/5.0 (Windows NT 10.0; Win64; x64) AppleWebKit/537.36 (KHTML, like Gecko) Chrome/150.0.0.0 Safari/537.36"
74.7.228.26 - - [21/Jul/2026:11:39:29 +0000] "GET /robots.txt HTTP/1.1" 500 - "-" "Mozilla/5.0 (Macintosh; Intel Mac OS X 10_15_7) AppleWebKit/537.36 (KHTML, like Gecko) Chrome/131.0.0.0 Safari/537.36; compatible; OAI-SearchBot/1.4; robots.txt; +https://openai.com/searchbot"
77.239.124.140 - - [21/Jul/2026:11:49:30 +0000] "GET / HTTP/1.1" 500 - "-" "Mozilla/5.0 (Windows NT 10.0; Win64; x64) AppleWebKit/537.36 (KHTML, like Gecko) Chrome/126.0 Safari/537.36"
74.7.230.2 - - [21/Jul/2026:11:49:30 +0000] "GET /robots.txt HTTP/1.1" 500 - "-" "Mozilla/5.0 (Macintosh; Intel Mac OS X 10_15_7) AppleWebKit/537.36 (KHTML, like Gecko) Chrome/131.0.0.0 Safari/537.36; compatible; OAI-SearchBot/1.4; robots.txt; +https://openai.com/searchbot"
77.239.124.140 - - [21/Jul/2026:11:49:34 +0000] "POST /?rest_route=/batch/v1 HTTP/1.1" 500 - "-" "Mozilla/5.0 (Windows NT 10.0; Win64; x64) AppleWebKit/537.36 (KHTML, like Gecko) Chrome/126.0 Safari/537.36"
77.239.124.140 - - [21/Jul/2026:11:49:42 +0000] "POST /wp-json/batch/v1 HTTP/1.1" 500 - "-" "Mozilla/5.0 (Windows NT 10.0; Win64; x64) AppleWebKit/537.36 (KHTML, like Gecko) Chrome/126.0 Safari/537.36"
77.239.124.140 - - [21/Jul/2026:11:49:42 +0000] "POST /?rest_route=/batch/v1 HTTP/1.1" 500 - "-" "Mozilla/5.0 (Windows NT 10.0; Win64; x64) AppleWebKit/537.36 (KHTML, like Gecko) Chrome/126.0 Safari/537.36"
77.239.124.140 - - [21/Jul/2026:11:49:44 +0000] "POST /?rest_route=/batch/v1 HTTP/1.1" 500 - "-" "Mozilla/5.0 (Windows NT 10.0; Win64; x64) AppleWebKit/537.36 (KHTML, like Gecko) Chrome/126.0 Safari/537.36"
77.239.124.140 - - [21/Jul/2026:11:49:45 +0000] "POST /?rest_route=/batch/v1 HTTP/1.1" 500 - "-" "Mozilla/5.0 (Windows NT 10.0; Win64; x64) AppleWebKit/537.36 (KHTML, like Gecko) Chrome/126.0 Safari/537.36"
77.239.124.140 - - [21/Jul/2026:11:49:47 +0000] "POST /?rest_route=/batch/v1 HTTP/1.1" 500 - "-" "Mozilla/5.0 (Windows NT 10.0; Win64; x64) AppleWebKit/537.36 (KHTML, like Gecko) Chrome/126.0 Safari/537.36"
66.249.72.130 - - [21/Jul/2026:11:49:47 +0000] "GET /?i=9236029203 HTTP/1.1" 200 192498 "-" "Mozilla/5.0 (Linux; Android 6.0.1; Nexus 5X Build/MMB29P) AppleWebKit/537.36 (KHTML, like Gecko) Chrome/150.0.7871.128 Mobile Safari/537.36 (compatible; GoogleOther)"
77.239.124.140 - - [21/Jul/2026:11:49:51 +0000] "POST /?rest_route=/batch/v1 HTTP/1.1" 500 - "-" "Mozilla/5.0 (Windows NT 10.0; Win64; x64) AppleWebKit/537.36 (KHTML, like Gecko) Chrome/126.0 Safari/537.36"
77.239.124.140 - - [21/Jul/2026:11:49:51 +0000] "POST /?rest_route=/batch/v1 HTTP/1.1" 500 - "-" "Mozilla/5.0 (Windows NT 10.0; Win64; x64) AppleWebKit/537.36 (KHTML, like Gecko) Chrome/126.0 Safari/537.36"
77.239.124.140 - - [21/Jul/2026:11:49:52 +0000] "GET / HTTP/1.1" 500 - "-" "Mozilla/5.0 (Windows NT 10.0; Win64; x64) AppleWebKit/537.36 (KHTML, like Gecko) Chrome/126.0 Safari/537.36"
77.239.124.140 - - [21/Jul/2026:11:49:52 +0000] "GET /readme.html HTTP/1.1" 200 7406 "-" "Mozilla/5.0 (Windows NT 10.0; Win64; x64) AppleWebKit/537.36 (KHTML, like Gecko) Chrome/126.0 Safari/537.36"
77.239.124.140 - - [21/Jul/2026:11:49:53 +0000] "GET /feed/ HTTP/1.1" 500 - "-" "Mozilla/5.0 (Windows NT 10.0; Win64; x64) AppleWebKit/537.36 (KHTML, like Gecko) Chrome/126.0 Safari/537.36"
80.96.109.64 - - [21/Jul/2026:12:04:00 +0000] "GET / HTTP/1.1" 500 - "-" "Mozilla/5.0 (Windows NT 10.0; Win64; x64) AppleWebKit/537.36 (KHTML, like Gecko) Chrome/126.0 Safari/537.36"
80.96.109.64 - - [21/Jul/2026:12:04:01 +0000] "POST /?rest_route=/batch/v1 HTTP/1.1" 500 - "-" "Mozilla/5.0 (Windows NT 10.0; Win64; x64) AppleWebKit/537.36 (KHTML, like Gecko) Chrome/126.0 Safari/537.36"
80.96.109.64 - - [21/Jul/2026:12:04:02 +0000] "POST /wp-json/batch/v1 HTTP/1.1" 500 - "-" "Mozilla/5.0 (Windows NT 10.0; Win64; x64) AppleWebKit/537.36 (KHTML, like Gecko) Chrome/126.0 Safari/537.36"
80.96.109.64 - - [21/Jul/2026:12:04:02 +0000] "POST /?rest_route=/batch/v1 HTTP/1.1" 500 - "-" "Mozilla/5.0 (Windows NT 10.0; Win64; x64) AppleWebKit/537.36 (KHTML, like Gecko) Chrome/126.0 Safari/537.36"
80.96.109.64 - - [21/Jul/2026:12:04:03 +0000] "POST /?rest_route=/batch/v1 HTTP/1.1" 500 - "-" "Mozilla/5.0 (Windows NT 10.0; Win64; x64) AppleWebKit/537.36 (KHTML, like Gecko) Chrome/126.0 Safari/537.36"
80.96.109.64 - - [21/Jul/2026:12:04:04 +0000] "POST /?rest_route=/batch/v1 HTTP/1.1" 500 - "-" "Mozilla/5.0 (Windows NT 10.0; Win64; x64) AppleWebKit/537.36 (KHTML, like Gecko) Chrome/126.0 Safari/537.36"
80.96.109.64 - - [21/Jul/2026:12:04:05 +0000] "POST /?rest_route=/batch/v1 HTTP/1.1" 500 - "-" "Mozilla/5.0 (Windows NT 10.0; Win64; x64) AppleWebKit/537.36 (KHTML, like Gecko) Chrome/126.0 Safari/537.36"
80.96.109.64 - - [21/Jul/2026:12:04:05 +0000] "GET / HTTP/1.1" 500 - "-" "Mozilla/5.0 (Windows NT 10.0; Win64; x64) AppleWebKit/537.36 (KHTML, like Gecko) Chrome/126.0 Safari/537.36"
80.96.109.64 - - [21/Jul/2026:12:04:06 +0000] "GET /readme.html HTTP/1.1" 200 7406 "-" "Mozilla/5.0 (Windows NT 10.0; Win64; x64) AppleWebKit/537.36 (KHTML, like Gecko) Chrome/126.0 Safari/537.36"
80.96.109.64 - - [21/Jul/2026:12:04:07 +0000] "GET /feed/ HTTP/1.1" 500 - "-" "Mozilla/5.0 (Windows NT 10.0; Win64; x64) AppleWebKit/537.36 (KHTML, like Gecko) Chrome/126.0 Safari/537.36"
204.194.51.30 - - [21/Jul/2026:12:15:37 +0000] "POST /?rest_route=/batch/v1 HTTP/1.1" 500 - "-" "FOFA-Scan/5"
198.177.124.148 - - [21/Jul/2026:12:20:27 +0000] "POST /wp-cron.php?doing_wp_cron=1784636427.0902268886566162109375 HTTP/1.1" 200 - "-" "WordPress/7.0.2; https://lizzystem100.shop"
46.251.146.64 - - [21/Jul/2026:12:20:24 +0000] "POST /xmlrpc.php HTTP/1.1" 200 403 "-" "Mozilla/5.0 (Macintosh; Intel Mac OS X 10_15_7; x86) AppleWebKit/537.36 (KHTML, like Gecko) Opera/60.0.0.0 Safari/537.36"
46.251.146.64 - - [21/Jul/2026:12:22:04 +0000] "GET /wp-json/wp/v2/users HTTP/1.1" 500 - "-" "Mozilla/4.0 (compatible; Win32; WinHttp.WinHttpRequest.5)"
198.177.124.148 - - [21/Jul/2026:12:22:31 +0000] "POST /wp-cron.php?doing_wp_cron=1784636551.3818590641021728515625 HTTP/1.1" 200 - "-" "WordPress/7.0.2; https://lizzystem100.shop"
46.251.146.64 - - [21/Jul/2026:12:22:29 +0000] "POST /xmlrpc.php HTTP/1.1" 200 403 "-" "Mozilla/5.0 (Macintosh; Intel Mac OS X 10_15_7; x86) AppleWebKit/537.36 (KHTML, like Gecko) Opera/65.0.0.0 Safari/537.36"
198.177.124.148 - - [21/Jul/2026:12:22:52 +0000] "POST /wp-cron.php?doing_wp_cron=1784636572.3221900463104248046875 HTTP/1.1" 200 - "-" "WordPress/7.0.2; https://lizzystem100.shop"
46.251.146.64 - - [21/Jul/2026:12:22:50 +0000] "POST /xmlrpc.php HTTP/1.1" 200 403 "-" "Mozilla/5.0 (X11; Ubuntu; Linux x86_64; arm64) AppleWebKit/537.36 (KHTML, like Gecko) Opera/65.0.0.0 Safari/537.36"
46.251.146.64 - - [21/Jul/2026:12:23:12 +0000] "POST /xmlrpc.php HTTP/1.1" 200 403 "-" "Mozilla/5.0 (Windows NT 6.2; arm64) AppleWebKit/537.36 (KHTML, like Gecko) Edge/86.0.0.0 Safari/537.36"
46.251.146.64 - - [21/Jul/2026:12:23:33 +0000] "POST /xmlrpc.php HTTP/1.1" 200 403 "-" "Mozilla/5.0 (Windows NT 10.0; x86) AppleWebKit/537.36 (KHTML, like Gecko) Chrome/101.0.0.0 Safari/537.36"
198.177.124.148 - - [21/Jul/2026:12:23:55 +0000] "POST /wp-cron.php?doing_wp_cron=1784636635.4808580875396728515625 HTTP/1.1" 200 - "-" "WordPress/7.0.2; https://lizzystem100.shop"
46.251.146.64 - - [21/Jul/2026:12:23:53 +0000] "POST /xmlrpc.php HTTP/1.1" 200 403 "-" "Mozilla/5.0 (Windows NT 6.3; arm64) AppleWebKit/537.36 (KHTML, like Gecko) Opera/80.0.0.0 Safari/537.36"
46.251.146.64 - - [21/Jul/2026:12:24:12 +0000] "POST /xmlrpc.php HTTP/1.1" 200 403 "-" "Mozilla/5.0 (Macintosh; Intel Mac OS X 10_15_7; x86) AppleWebKit/537.36 (KHTML, like Gecko) Safari/10.0.0.0 Safari/537.36"
46.251.146.64 - - [21/Jul/2026:12:24:29 +0000] "POST /xmlrpc.php HTTP/1.1" 200 403 "-" "Mozilla/5.0 (X11; Ubuntu; Linux x86_64; arm64) AppleWebKit/537.36 (KHTML, like Gecko) Firefox/71.0.0.0 Safari/537.36"
198.177.124.148 - - [21/Jul/2026:12:24:55 +0000] "POST /wp-cron.php?doing_wp_cron=1784636694.8614859580993652343750 HTTP/1.1" 200 - "-" "WordPress/7.0.2; https://lizzystem100.shop"
46.251.146.64 - - [21/Jul/2026:12:24:50 +0000] "POST /xmlrpc.php HTTP/1.1" 200 403 "-" "Mozilla/5.0 (X11; Ubuntu; Linux x86_64; x86) AppleWebKit/537.36 (KHTML, like Gecko) Edge/87.0.0.0 Safari/537.36"
46.251.146.64 - - [21/Jul/2026:12:25:14 +0000] "POST /xmlrpc.php HTTP/1.1" 200 403 "-" "Mozilla/5.0 (Linux; Android 10; x64) AppleWebKit/537.36 (KHTML, like Gecko) Safari/14.0.0.0 Safari/537.36"
46.251.146.64 - - [21/Jul/2026:12:25:40 +0000] "POST /xmlrpc.php HTTP/1.1" 200 403 "-" "Mozilla/5.0 (Windows NT 6.3; x64) AppleWebKit/537.36 (KHTML, like Gecko) Safari/11.0.0.0 Safari/537.36"
198.177.124.148 - - [21/Jul/2026:12:25:59 +0000] "POST /wp-cron.php?doing_wp_cron=1784636759.7730400562286376953125 HTTP/1.1" 200 - "-" "WordPress/7.0.2; https://lizzystem100.shop"
46.251.146.64 - - [21/Jul/2026:12:25:58 +0000] "POST /xmlrpc.php HTTP/1.1" 200 403 "-" "Mozilla/5.0 (Windows NT 6.3; x64) AppleWebKit/537.36 (KHTML, like Gecko) Safari/10.0.0.0 Safari/537.36"
46.251.146.64 - - [21/Jul/2026:12:26:16 +0000] "POST /xmlrpc.php HTTP/1.1" 200 403 "-" "Mozilla/5.0 (Macintosh; Intel Mac OS X 10_15_7; x86) AppleWebKit/537.36 (KHTML, like Gecko) Chrome/93.0.0.0 Safari/537.36"
46.251.146.64 - - [21/Jul/2026:12:26:36 +0000] "POST /xmlrpc.php HTTP/1.1" 200 403 "-" "Mozilla/5.0 (Linux; Android 10; x64) AppleWebKit/537.36 (KHTML, like Gecko) Firefox/80.0.0.0 Safari/537.36"
198.177.124.148 - - [21/Jul/2026:12:26:57 +0000] "POST /wp-cron.php?doing_wp_cron=1784636817.7279140949249267578125 HTTP/1.1" 200 - "-" "WordPress/7.0.2; https://lizzystem100.shop"
46.251.146.64 - - [21/Jul/2026:12:26:55 +0000] "POST /xmlrpc.php HTTP/1.1" 200 403 "-" "Mozilla/5.0 (Linux; Android 10; x86) AppleWebKit/537.36 (KHTML, like Gecko) Opera/61.0.0.0 Safari/537.36"
46.251.146.64 - - [21/Jul/2026:12:27:14 +0000] "POST /xmlrpc.php HTTP/1.1" 200 403 "-" "Mozilla/5.0 (Windows NT 6.3; x64) AppleWebKit/537.36 (KHTML, like Gecko) Opera/72.0.0.0 Safari/537.36"
46.251.146.64 - - [21/Jul/2026:12:27:33 +0000] "POST /xmlrpc.php HTTP/1.1" 200 403 "-" "Mozilla/5.0 (Windows NT 6.3; x86) AppleWebKit/537.36 (KHTML, like Gecko) Safari/10.0.0.0 Safari/537.36"
198.177.124.148 - - [21/Jul/2026:12:27:55 +0000] "POST /wp-cron.php?doing_wp_cron=1784636875.6048829555511474609375 HTTP/1.1" 200 - "-" "WordPress/7.0.2; https://lizzystem100.shop"
46.251.146.64 - - [21/Jul/2026:12:27:51 +0000] "POST /xmlrpc.php HTTP/1.1" 200 403 "-" "Mozilla/5.0 (Windows NT 6.3; x64) AppleWebKit/537.36 (KHTML, like Gecko) Opera/67.0.0.0 Safari/537.36"
46.251.146.64 - - [21/Jul/2026:12:28:10 +0000] "POST /xmlrpc.php HTTP/1.1" 200 403 "-" "Mozilla/5.0 (Windows NT 10.0; x86) AppleWebKit/537.36 (KHTML, like Gecko) Edge/92.0.0.0 Safari/537.36"
46.251.146.64 - - [21/Jul/2026:12:28:28 +0000] "POST /xmlrpc.php HTTP/1.1" 200 403 "-" "Mozilla/5.0 (Windows NT 6.2; x86) AppleWebKit/537.36 (KHTML, like Gecko) Edge/95.0.0.0 Safari/537.36"
198.177.124.148 - - [21/Jul/2026:12:28:51 +0000] "POST /wp-cron.php?doing_wp_cron=1784636931.2067730426788330078125 HTTP/1.1" 200 - "-" "WordPress/7.0.2; https://lizzystem100.shop"
46.251.146.64 - - [21/Jul/2026:12:28:49 +0000] "POST /xmlrpc.php HTTP/1.1" 200 403 "-" "Mozilla/5.0 (Windows NT 6.3; x86) AppleWebKit/537.36 (KHTML, like Gecko) Chrome/94.0.0.0 Safari/537.36"
46.251.146.64 - - [21/Jul/2026:12:29:07 +0000] "POST /xmlrpc.php HTTP/1.1" 200 403 "-" "Mozilla/5.0 (X11; Ubuntu; Linux x86_64; arm64) AppleWebKit/537.36 (KHTML, like Gecko) Chrome/98.0.0.0 Safari/537.36"
46.251.146.64 - - [21/Jul/2026:12:29:26 +0000] "POST /xmlrpc.php HTTP/1.1" 200 403 "-" "Mozilla/5.0 (Windows NT 10.0; x64) AppleWebKit/537.36 (KHTML, like Gecko) Chrome/101.0.0.0 Safari/537.36"
46.251.146.64 - - [21/Jul/2026:12:29:45 +0000] "POST /xmlrpc.php HTTP/1.1" 200 403 "-" "Mozilla/5.0 (Macintosh; Intel Mac OS X 10_15_7; x86) AppleWebKit/537.36 (KHTML, like Gecko) Chrome/111.0.0.0 Safari/537.36"
198.177.124.148 - - [21/Jul/2026:12:30:08 +0000] "POST /wp-cron.php?doing_wp_cron=1784637008.1938939094543457031250 HTTP/1.1" 200 - "-" "WordPress/7.0.2; https://lizzystem100.shop"
46.251.146.64 - - [21/Jul/2026:12:30:01 +0000] "POST /xmlrpc.php HTTP/1.1" 200 403 "-" "Mozilla/5.0 (Windows NT 6.2; arm64) AppleWebKit/537.36 (KHTML, like Gecko) Chrome/89.0.0.0 Safari/537.36"
46.251.146.64 - - [21/Jul/2026:12:30:24 +0000] "POST /xmlrpc.php HTTP/1.1" 200 403 "-" "Mozilla/5.0 (Linux; Android 10; arm64) AppleWebKit/537.36 (KHTML, like Gecko) Chrome/83.0.0.0 Safari/537.36"
46.251.146.64 - - [21/Jul/2026:12:30:42 +0000] "POST /xmlrpc.php HTTP/1.1" 200 403 "-" "Mozilla/5.0 (Linux; Android 10; arm64) AppleWebKit/537.36 (KHTML, like Gecko) Opera/66.0.0.0 Safari/537.36"
198.177.124.148 - - [21/Jul/2026:12:31:10 +0000] "POST /wp-cron.php?doing_wp_cron=1784637070.0882279872894287109375 HTTP/1.1" 200 - "-" "WordPress/7.0.2; https://lizzystem100.shop"
46.251.146.64 - - [21/Jul/2026:12:31:06 +0000] "POST /xmlrpc.php HTTP/1.1" 200 403 "-" "Mozilla/5.0 (Windows NT 10.0; arm64) AppleWebKit/537.36 (KHTML, like Gecko) Chrome/85.0.0.0 Safari/537.36"
46.251.146.64 - - [21/Jul/2026:12:31:33 +0000] "POST /xmlrpc.php HTTP/1.1" 200 403 "-" "Mozilla/5.0 (Windows NT 6.3; arm64) AppleWebKit/537.36 (KHTML, like Gecko) Chrome/90.0.0.0 Safari/537.36"
198.177.124.148 - - [21/Jul/2026:12:32:03 +0000] "POST /wp-cron.php?doing_wp_cron=1784637123.0869419574737548828125 HTTP/1.1" 200 - "-" "WordPress/7.0.2; https://lizzystem100.shop"
46.251.146.64 - - [21/Jul/2026:12:31:58 +0000] "POST /xmlrpc.php HTTP/1.1" 200 403 "-" "Mozilla/5.0 (Linux; Android 10; x64) AppleWebKit/537.36 (KHTML, like Gecko) Safari/14.0.0.0 Safari/537.36"
46.251.146.64 - - [21/Jul/2026:12:32:28 +0000] "POST /xmlrpc.php HTTP/1.1" 200 403 "-" "Mozilla/5.0 (Macintosh; Intel Mac OS X 10_15_7; arm64) AppleWebKit/537.36 (KHTML, like Gecko) Firefox/99.0.0.0 Safari/537.36"
198.177.124.148 - - [21/Jul/2026:12:32:55 +0000] "POST /wp-cron.php?doing_wp_cron=1784637175.0819590091705322265625 HTTP/1.1" 200 - "-" "WordPress/7.0.2; https://lizzystem100.shop"
46.251.146.64 - - [21/Jul/2026:12:32:53 +0000] "POST /xmlrpc.php HTTP/1.1" 200 403 "-" "Mozilla/5.0 (Windows NT 6.3; x86) AppleWebKit/537.36 (KHTML, like Gecko) Chrome/103.0.0.0 Safari/537.36"
46.251.146.64 - - [21/Jul/2026:12:33:14 +0000] "POST /xmlrpc.php HTTP/1.1" 200 403 "-" "Mozilla/5.0 (Linux; Android 10; x64) AppleWebKit/537.36 (KHTML, like Gecko) Opera/68.0.0.0 Safari/537.36"
66.249.72.130 - - [21/Jul/2026:12:33:26 +0000] "GET /?i=92360241493 HTTP/1.1" 200 195205 "-" "Mozilla/5.0 (Linux; Android 6.0.1; Nexus 5X Build/MMB29P) AppleWebKit/537.36 (KHTML, like Gecko) Chrome/150.0.7871.128 Mobile Safari/537.36 (compatible; GoogleOther)"
46.251.146.64 - - [21/Jul/2026:12:33:38 +0000] "POST /xmlrpc.php HTTP/1.1" 200 403 "-" "Mozilla/5.0 (Windows NT 6.3; x64) AppleWebKit/537.36 (KHTML, like Gecko) Chrome/98.0.0.0 Safari/537.36"
198.177.124.148 - - [21/Jul/2026:12:34:05 +0000] "POST /wp-cron.php?doing_wp_cron=1784637245.1979579925537109375000 HTTP/1.1" 200 - "-" "WordPress/7.0.2; https://lizzystem100.shop"
46.251.146.64 - - [21/Jul/2026:12:34:03 +0000] "POST /xmlrpc.php HTTP/1.1" 200 403 "-" "Mozilla/5.0 (Windows NT 10.0; arm64) AppleWebKit/537.36 (KHTML, like Gecko) Edge/91.0.0.0 Safari/537.36"
46.251.146.64 - - [21/Jul/2026:12:34:21 +0000] "POST /xmlrpc.php HTTP/1.1" 200 403 "-" "Mozilla/5.0 (Windows NT 10.0; arm64) AppleWebKit/537.36 (KHTML, like Gecko) Opera/74.0.0.0 Safari/537.36"
46.251.146.64 - - [21/Jul/2026:12:34:40 +0000] "POST /xmlrpc.php HTTP/1.1" 200 403 "-" "Mozilla/5.0 (Macintosh; Intel Mac OS X 10_15_7; x86) AppleWebKit/537.36 (KHTML, like Gecko) Firefox/98.0.0.0 Safari/537.36"
198.177.124.148 - - [21/Jul/2026:12:34:59 +0000] "POST /wp-cron.php?doing_wp_cron=1784637298.9792540073394775390625 HTTP/1.1" 200 - "-" "WordPress/7.0.2; https://lizzystem100.shop"
46.251.146.64 - - [21/Jul/2026:12:34:57 +0000] "POST /xmlrpc.php HTTP/1.1" 200 403 "-" "Mozilla/5.0 (Windows NT 10.0; x86) AppleWebKit/537.36 (KHTML, like Gecko) Edge/86.0.0.0 Safari/537.36"
46.251.146.64 - - [21/Jul/2026:12:35:15 +0000] "POST /xmlrpc.php HTTP/1.1" 200 403 "-" "Mozilla/5.0 (Windows NT 6.3; x86) AppleWebKit/537.36 (KHTML, like Gecko) Edge/93.0.0.0 Safari/537.36"
46.251.146.64 - - [21/Jul/2026:12:35:33 +0000] "POST /xmlrpc.php HTTP/1.1" 200 403 "-" "Mozilla/5.0 (Windows NT 6.3; x86) AppleWebKit/537.36 (KHTML, like Gecko) Chrome/108.0.0.0 Safari/537.36"
198.177.124.148 - - [21/Jul/2026:12:35:54 +0000] "POST /wp-cron.php?doing_wp_cron=1784637353.9763579368591308593750 HTTP/1.1" 200 - "-" "WordPress/7.0.2; https://lizzystem100.shop"
46.251.146.64 - - [21/Jul/2026:12:35:51 +0000] "POST /xmlrpc.php HTTP/1.1" 200 403 "-" "Mozilla/5.0 (Windows NT 6.2; x86) AppleWebKit/537.36 (KHTML, like Gecko) Firefox/73.0.0.0 Safari/537.36"
46.251.146.64 - - [21/Jul/2026:12:36:08 +0000] "POST /xmlrpc.php HTTP/1.1" 200 403 "-" "Mozilla/5.0 (Windows NT 6.3; arm64) AppleWebKit/537.36 (KHTML, like Gecko) Firefox/85.0.0.0 Safari/537.36"
46.251.146.64 - - [21/Jul/2026:12:36:25 +0000] "POST /xmlrpc.php HTTP/1.1" 200 403 "-" "Mozilla/5.0 (Windows NT 6.2; x64) AppleWebKit/537.36 (KHTML, like Gecko) Safari/12.0.0.0 Safari/537.36"
46.251.146.64 - - [21/Jul/2026:12:36:43 +0000] "POST /xmlrpc.php HTTP/1.1" 200 403 "-" "Mozilla/5.0 (Windows NT 6.3; x86) AppleWebKit/537.36 (KHTML, like Gecko) Opera/60.0.0.0 Safari/537.36"
198.177.124.148 - - [21/Jul/2026:12:37:02 +0000] "POST /wp-cron.php?doing_wp_cron=1784637422.3245999813079833984375 HTTP/1.1" 200 - "-" "WordPress/7.0.2; https://lizzystem100.shop"
46.251.146.64 - - [21/Jul/2026:12:37:01 +0000] "POST /xmlrpc.php HTTP/1.1" 200 403 "-" "Mozilla/5.0 (Macintosh; Intel Mac OS X 10_15_7; arm64) AppleWebKit/537.36 (KHTML, like Gecko) Safari/11.0.0.0 Safari/537.36"
66.249.72.131 - - [21/Jul/2026:12:37:12 +0000] "GET /?h=86457134953 HTTP/1.1" 200 195820 "-" "Mozilla/5.0 (Linux; Android 6.0.1; Nexus 5X Build/MMB29P) AppleWebKit/537.36 (KHTML, like Gecko) Chrome/150.0.7871.128 Mobile Safari/537.36 (compatible; GoogleOther)"
46.251.146.64 - - [21/Jul/2026:12:37:16 +0000] "POST /xmlrpc.php HTTP/1.1" 200 403 "-" "Mozilla/5.0 (Windows NT 6.3; arm64) AppleWebKit/537.36 (KHTML, like Gecko) Firefox/87.0.0.0 Safari/537.36"
46.251.146.64 - - [21/Jul/2026:12:37:34 +0000] "POST /xmlrpc.php HTTP/1.1" 200 403 "-" "Mozilla/5.0 (Windows NT 10.0; x86) AppleWebKit/537.36 (KHTML, like Gecko) Chrome/111.0.0.0 Safari/537.36"
198.177.124.148 - - [21/Jul/2026:12:37:52 +0000] "POST /wp-cron.php?doing_wp_cron=1784637471.9423649311065673828125 HTTP/1.1" 200 - "-" "WordPress/7.0.2; https://lizzystem100.shop"
46.251.146.64 - - [21/Jul/2026:12:37:50 +0000] "POST /xmlrpc.php HTTP/1.1" 200 403 "-" "Mozilla/5.0 (Macintosh; Intel Mac OS X 10_15_7; x86) AppleWebKit/537.36 (KHTML, like Gecko) Firefox/76.0.0.0 Safari/537.36"
46.251.146.64 - - [21/Jul/2026:12:38:12 +0000] "POST /xmlrpc.php HTTP/1.1" 200 403 "-" "Mozilla/5.0 (Windows NT 6.2; arm64) AppleWebKit/537.36 (KHTML, like Gecko) Opera/79.0.0.0 Safari/537.36"
46.251.146.64 - - [21/Jul/2026:12:38:39 +0000] "POST /xmlrpc.php HTTP/1.1" 200 403 "-" "Mozilla/5.0 (X11; Ubuntu; Linux x86_64; x86) AppleWebKit/537.36 (KHTML, like Gecko) Opera/77.0.0.0 Safari/537.36"
198.177.124.148 - - [21/Jul/2026:12:38:57 +0000] "POST /wp-cron.php?doing_wp_cron=1784637537.4728369712829589843750 HTTP/1.1" 200 - "-" "WordPress/7.0.2; https://lizzystem100.shop"
46.251.146.64 - - [21/Jul/2026:12:38:55 +0000] "POST /xmlrpc.php HTTP/1.1" 200 403 "-" "Mozilla/5.0 (Windows NT 10.0; x64) AppleWebKit/537.36 (KHTML, like Gecko) Chrome/111.0.0.0 Safari/537.36"
46.251.146.64 - - [21/Jul/2026:12:39:14 +0000] "POST /xmlrpc.php HTTP/1.1" 200 403 "-" "Mozilla/5.0 (Windows NT 6.3; arm64) AppleWebKit/537.36 (KHTML, like Gecko) Firefox/84.0.0.0 Safari/537.36"
46.251.146.64 - - [21/Jul/2026:12:39:33 +0000] "POST /xmlrpc.php HTTP/1.1" 200 403 "-" "Mozilla/5.0 (Windows NT 6.2; x64) AppleWebKit/537.36 (KHTML, like Gecko) Edge/90.0.0.0 Safari/537.36"
198.177.124.148 - - [21/Jul/2026:12:39:48 +0000] "POST /wp-cron.php?doing_wp_cron=1784637588.8537430763244628906250 HTTP/1.1" 200 - "-" "WordPress/7.0.2; https://lizzystem100.shop"
46.251.146.64 - - [21/Jul/2026:12:39:47 +0000] "POST /xmlrpc.php HTTP/1.1" 200 403 "-" "Mozilla/5.0 (Windows NT 6.3; x64) AppleWebKit/537.36 (KHTML, like Gecko) Opera/65.0.0.0 Safari/537.36"
46.251.146.64 - - [21/Jul/2026:12:40:02 +0000] "POST /xmlrpc.php HTTP/1.1" 200 403 "-" "Mozilla/5.0 (Windows NT 6.2; arm64) AppleWebKit/537.36 (KHTML, like Gecko) Chrome/87.0.0.0 Safari/537.36"
46.251.146.64 - - [21/Jul/2026:12:40:18 +0000] "POST /xmlrpc.php HTTP/1.1" 200 403 "-" "Mozilla/5.0 (Macintosh; Intel Mac OS X 10_15_7; x86) AppleWebKit/537.36 (KHTML, like Gecko) Firefox/89.0.0.0 Safari/537.36"
46.251.146.64 - - [21/Jul/2026:12:40:34 +0000] "POST /xmlrpc.php HTTP/1.1" 200 403 "-" "Mozilla/5.0 (Windows NT 6.2; arm64) AppleWebKit/537.36 (KHTML, like Gecko) Opera/71.0.0.0 Safari/537.36"
198.177.124.148 - - [21/Jul/2026:12:40:53 +0000] "POST /wp-cron.php?doing_wp_cron=1784637653.1115729808807373046875 HTTP/1.1" 200 - "-" "WordPress/7.0.2; https://lizzystem100.shop"
46.251.146.64 - - [21/Jul/2026:12:40:51 +0000] "POST /xmlrpc.php HTTP/1.1" 200 403 "-" "Mozilla/5.0 (Linux; Android 10; arm64) AppleWebKit/537.36 (KHTML, like Gecko) Edge/87.0.0.0 Safari/537.36"
