105.113.111.13 - - [21/Jul/2026:09:49:32 +0000] "GET /wp-content/plugins/pixelyoursite/dist/images/favicon.png HTTP/1.1" 304 - "https://lizzystem100.shop/wp-admin/plugins.php?activate=true&plugin_status=all&paged=1&s=" "Mozilla/5.0 (Windows NT 10.0; Win64; x64) AppleWebKit/537.36 (KHTML, like Gecko) Chrome/150.0.0.0 Safari/537.36"
105.113.111.13 - - [21/Jul/2026:09:49:32 +0000] "GET /wp-content/plugins/pixelyoursite/dist/images/pys-logo.svg HTTP/1.1" 304 - "https://lizzystem100.shop/wp-admin/plugins.php?activate=true&plugin_status=all&paged=1&s=" "Mozilla/5.0 (Windows NT 10.0; Win64; x64) AppleWebKit/537.36 (KHTML, like Gecko) Chrome/150.0.0.0 Safari/537.36"
105.113.111.13 - - [21/Jul/2026:09:49:32 +0000] "GET /wp-content/plugins/elementor/assets/lib/backbone/backbone.radio.min.js?ver=1.0.4 HTTP/1.1" 304 - "https://lizzystem100.shop/wp-admin/plugins.php?activate=true&plugin_status=all&paged=1&s=" "Mozilla/5.0 (Windows NT 10.0; Win64; x64) AppleWebKit/537.36 (KHTML, like Gecko) Chrome/150.0.0.0 Safari/537.36"
105.113.111.13 - - [21/Jul/2026:09:49:32 +0000] "GET /wp-content/plugins/elementor/assets/lib/backbone/backbone.marionette.min.js?ver=2.4.5.e1 HTTP/1.1" 304 - "https://lizzystem100.shop/wp-admin/plugins.php?activate=true&plugin_status=all&paged=1&s=" "Mozilla/5.0 (Windows NT 10.0; Win64; x64) AppleWebKit/537.36 (KHTML, like Gecko) Chrome/150.0.0.0 Safari/537.36"
105.113.111.13 - - [21/Jul/2026:09:49:32 +0000] "GET /wp-content/plugins/elementor/assets/js/vendors-redux.min.js?ver=4.2.0 HTTP/1.1" 304 - "https://lizzystem100.shop/wp-admin/plugins.php?activate=true&plugin_status=all&paged=1&s=" "Mozilla/5.0 (Windows NT 10.0; Win64; x64) AppleWebKit/537.36 (KHTML, like Gecko) Chrome/150.0.0.0 Safari/537.36"
105.113.111.13 - - [21/Jul/2026:09:49:33 +0000] "GET /wp-content/plugins/elementor/assets/js/web-cli.min.js?ver=4.2.0 HTTP/1.1" 304 - "https://lizzystem100.shop/wp-admin/plugins.php?activate=true&plugin_status=all&paged=1&s=" "Mozilla/5.0 (Windows NT 10.0; Win64; x64) AppleWebKit/537.36 (KHTML, like Gecko) Chrome/150.0.0.0 Safari/537.36"
105.113.111.13 - - [21/Jul/2026:09:49:33 +0000] "GET /wp-content/plugins/elementor/assets/js/common-modules.min.js?ver=4.2.0 HTTP/1.1" 304 - "https://lizzystem100.shop/wp-admin/plugins.php?activate=true&plugin_status=all&paged=1&s=" "Mozilla/5.0 (Windows NT 10.0; Win64; x64) AppleWebKit/537.36 (KHTML, like Gecko) Chrome/150.0.0.0 Safari/537.36"
105.113.111.13 - - [21/Jul/2026:09:49:33 +0000] "GET /wp-content/plugins/elementor/assets/lib/dialog/dialog.min.js?ver=4.9.0 HTTP/1.1" 304 - "https://lizzystem100.shop/wp-admin/plugins.php?activate=true&plugin_status=all&paged=1&s=" "Mozilla/5.0 (Windows NT 10.0; Win64; x64) AppleWebKit/537.36 (KHTML, like Gecko) Chrome/150.0.0.0 Safari/537.36"
105.113.111.13 - - [21/Jul/2026:09:49:33 +0000] "GET /wp-content/plugins/elementor/assets/js/dev-tools.min.js?ver=4.2.0 HTTP/1.1" 304 - "https://lizzystem100.shop/wp-admin/plugins.php?activate=true&plugin_status=all&paged=1&s=" "Mozilla/5.0 (Windows NT 10.0; Win64; x64) AppleWebKit/537.36 (KHTML, like Gecko) Chrome/150.0.0.0 Safari/537.36"
105.113.111.13 - - [21/Jul/2026:09:49:33 +0000] "GET /wp-content/plugins/elementor/assets/js/app-loader.min.js?ver=4.2.0 HTTP/1.1" 304 - "https://lizzystem100.shop/wp-admin/plugins.php?activate=true&plugin_status=all&paged=1&s=" "Mozilla/5.0 (Windows NT 10.0; Win64; x64) AppleWebKit/537.36 (KHTML, like Gecko) Chrome/150.0.0.0 Safari/537.36"
105.113.111.13 - - [21/Jul/2026:09:49:33 +0000] "GET /wp-content/plugins/elementor/assets/js/common.min.js?ver=4.2.0 HTTP/1.1" 304 - "https://lizzystem100.shop/wp-admin/plugins.php?activate=true&plugin_status=all&paged=1&s=" "Mozilla/5.0 (Windows NT 10.0; Win64; x64) AppleWebKit/537.36 (KHTML, like Gecko) Chrome/150.0.0.0 Safari/537.36"
105.113.111.13 - - [21/Jul/2026:09:49:33 +0000] "GET /wp-content/plugins/elementor/vendor/elementor/wp-one-package/assets/build/common.js?ver=1f031a48279dd8a7d4bd HTTP/1.1" 304 - "https://lizzystem100.shop/wp-admin/plugins.php?activate=true&plugin_status=all&paged=1&s=" "Mozilla/5.0 (Windows NT 10.0; Win64; x64) AppleWebKit/537.36 (KHTML, like Gecko) Chrome/150.0.0.0 Safari/537.36"
105.113.111.13 - - [21/Jul/2026:09:49:33 +0000] "GET /wp-content/plugins/elementor/assets/js/editor-one-menu.min.js?ver=4.2.0 HTTP/1.1" 304 - "https://lizzystem100.shop/wp-admin/plugins.php?activate=true&plugin_status=all&paged=1&s=" "Mozilla/5.0 (Windows NT 10.0; Win64; x64) AppleWebKit/537.36 (KHTML, like Gecko) Chrome/150.0.0.0 Safari/537.36"
105.113.111.13 - - [21/Jul/2026:09:49:33 +0000] "GET /wp-content/plugins/elementor/assets/js/import-export-customization-admin.min.js?ver=4.2.0 HTTP/1.1" 304 - "https://lizzystem100.shop/wp-admin/plugins.php?activate=true&plugin_status=all&paged=1&s=" "Mozilla/5.0 (Windows NT 10.0; Win64; x64) AppleWebKit/537.36 (KHTML, like Gecko) Chrome/150.0.0.0 Safari/537.36"
105.113.111.13 - - [21/Jul/2026:09:49:33 +0000] "GET /wp-content/plugins/elementor/assets/js/import-export-admin.min.js?ver=4.2.0 HTTP/1.1" 304 - "https://lizzystem100.shop/wp-admin/plugins.php?activate=true&plugin_status=all&paged=1&s=" "Mozilla/5.0 (Windows NT 10.0; Win64; x64) AppleWebKit/537.36 (KHTML, like Gecko) Chrome/150.0.0.0 Safari/537.36"
105.113.111.13 - - [21/Jul/2026:09:49:33 +0000] "GET /wp-content/plugins/elementor/assets/js/admin-modules.min.js?ver=4.2.0 HTTP/1.1" 304 - "https://lizzystem100.shop/wp-admin/plugins.php?activate=true&plugin_status=all&paged=1&s=" "Mozilla/5.0 (Windows NT 10.0; Win64; x64) AppleWebKit/537.36 (KHTML, like Gecko) Chrome/150.0.0.0 Safari/537.36"
105.113.111.13 - - [21/Jul/2026:09:49:33 +0000] "GET /wp-content/plugins/elementor/assets/js/admin.min.js?ver=4.2.0 HTTP/1.1" 304 - "https://lizzystem100.shop/wp-admin/plugins.php?activate=true&plugin_status=all&paged=1&s=" "Mozilla/5.0 (Windows NT 10.0; Win64; x64) AppleWebKit/537.36 (KHTML, like Gecko) Chrome/150.0.0.0 Safari/537.36"
105.113.111.13 - - [21/Jul/2026:09:49:34 +0000] "GET /wp-content/plugins/elementor/assets/js/media-hints.min.js?ver=4.2.0 HTTP/1.1" 304 - "https://lizzystem100.shop/wp-admin/plugins.php?activate=true&plugin_status=all&paged=1&s=" "Mozilla/5.0 (Windows NT 10.0; Win64; x64) AppleWebKit/537.36 (KHTML, like Gecko) Chrome/150.0.0.0 Safari/537.36"
105.113.111.13 - - [21/Jul/2026:09:49:34 +0000] "GET /wp-content/plugins/elementor/assets/js/admin-feedback.min.js?ver=4.2.0 HTTP/1.1" 304 - "https://lizzystem100.shop/wp-admin/plugins.php?activate=true&plugin_status=all&paged=1&s=" "Mozilla/5.0 (Windows NT 10.0; Win64; x64) AppleWebKit/537.36 (KHTML, like Gecko) Chrome/150.0.0.0 Safari/537.36"
105.113.111.13 - - [21/Jul/2026:09:49:34 +0000] "GET /wp-content/plugins/elementor/assets/js/e-conversion-banner.min.js?ver=4.2.0 HTTP/1.1" 304 - "https://lizzystem100.shop/wp-admin/plugins.php?activate=true&plugin_status=all&paged=1&s=" "Mozilla/5.0 (Windows NT 10.0; Win64; x64) AppleWebKit/537.36 (KHTML, like Gecko) Chrome/150.0.0.0 Safari/537.36"
105.113.111.13 - - [21/Jul/2026:09:49:34 +0000] "GET /wp-content/plugins/elementor/assets/js/packages/schema/schema.min.js?ver=4.2.0 HTTP/1.1" 304 - "https://lizzystem100.shop/wp-admin/plugins.php?activate=true&plugin_status=all&paged=1&s=" "Mozilla/5.0 (Windows NT 10.0; Win64; x64) AppleWebKit/537.36 (KHTML, like Gecko) Chrome/150.0.0.0 Safari/537.36"
105.113.111.13 - - [21/Jul/2026:09:49:34 +0000] "GET /wp-content/plugins/elementor/assets/js/packages/editor-mcp/editor-mcp.min.js?ver=4.2.0 HTTP/1.1" 304 - "https://lizzystem100.shop/wp-admin/plugins.php?activate=true&plugin_status=all&paged=1&s=" "Mozilla/5.0 (Windows NT 10.0; Win64; x64) AppleWebKit/537.36 (KHTML, like Gecko) Chrome/150.0.0.0 Safari/537.36"
105.113.111.13 - - [21/Jul/2026:09:49:34 +0000] "GET /wp-content/plugins/elementor/assets/js/packages/elementor-mcp-common/elementor-mcp-common.min.js?ver=4.2.0 HTTP/1.1" 304 - "https://lizzystem100.shop/wp-admin/plugins.php?activate=true&plugin_status=all&paged=1&s=" "Mozilla/5.0 (Windows NT 10.0; Win64; x64) AppleWebKit/537.36 (KHTML, like Gecko) Chrome/150.0.0.0 Safari/537.36"
105.113.111.13 - - [21/Jul/2026:09:49:34 +0000] "GET /wp-content/plugins/elementor/assets/js/packages/elementor-capabilities-mcp/elementor-capabilities-mcp.min.js?ver=4.2.0 HTTP/1.1" 304 - "https://lizzystem100.shop/wp-admin/plugins.php?activate=true&plugin_status=all&paged=1&s=" "Mozilla/5.0 (Windows NT 10.0; Win64; x64) AppleWebKit/537.36 (KHTML, like Gecko) Chrome/150.0.0.0 Safari/537.36"
105.113.111.13 - - [21/Jul/2026:09:49:35 +0000] "GET /favicon.ico HTTP/1.1" 500 - "https://lizzystem100.shop/wp-admin/plugins.php?plugin_status=all&paged=1&s" "Mozilla/5.0 (Windows NT 10.0; Win64; x64) AppleWebKit/537.36 (KHTML, like Gecko) Chrome/150.0.0.0 Safari/537.36"
198.177.124.148 - - [21/Jul/2026:09:50:37 +0000] "POST /wp-cron.php?doing_wp_cron=1784627437.7684071063995361328125 HTTP/1.1" 200 - "-" "WordPress/7.0.2; https://lizzystem100.shop"
105.113.111.13 - - [21/Jul/2026:09:50:35 +0000] "POST /wp-admin/admin-ajax.php HTTP/1.1" 200 47 "https://lizzystem100.shop/wp-admin/plugins.php?plugin_status=all&paged=1&s" "Mozilla/5.0 (Windows NT 10.0; Win64; x64) AppleWebKit/537.36 (KHTML, like Gecko) Chrome/150.0.0.0 Safari/537.36"
198.177.124.148 - - [21/Jul/2026:09:50:36 +0000] "POST /wp-admin/admin-ajax.php?action=as_async_request_queue_runner&nonce=44c42b2092 HTTP/1.1" 200 - "-" "WordPress/7.0.2; https://lizzystem100.shop"
198.177.124.148 - - [21/Jul/2026:09:51:36 +0000] "POST /wp-cron.php?doing_wp_cron=1784627496.6003329753875732421875 HTTP/1.1" 200 - "-" "WordPress/7.0.2; https://lizzystem100.shop"
105.113.111.13 - - [21/Jul/2026:09:51:34 +0000] "POST /wp-admin/admin-ajax.php HTTP/1.1" 200 47 "https://lizzystem100.shop/wp-admin/plugins.php?plugin_status=all&paged=1&s" "Mozilla/5.0 (Windows NT 10.0; Win64; x64) AppleWebKit/537.36 (KHTML, like Gecko) Chrome/150.0.0.0 Safari/537.36"
198.177.124.148 - - [21/Jul/2026:09:52:37 +0000] "POST /wp-cron.php?doing_wp_cron=1784627557.7398419380187988281250 HTTP/1.1" 200 - "-" "WordPress/7.0.2; https://lizzystem100.shop"
105.113.111.13 - - [21/Jul/2026:09:52:35 +0000] "POST /wp-admin/admin-ajax.php HTTP/1.1" 200 47 "https://lizzystem100.shop/wp-admin/plugins.php?plugin_status=all&paged=1&s" "Mozilla/5.0 (Windows NT 10.0; Win64; x64) AppleWebKit/537.36 (KHTML, like Gecko) Chrome/150.0.0.0 Safari/537.36"
66.249.72.130 - - [21/Jul/2026:09:53:10 +0000] "GET /?i=9236023434 HTTP/1.1" 200 197655 "-" "Mozilla/5.0 (Linux; Android 6.0.1; Nexus 5X Build/MMB29P) AppleWebKit/537.36 (KHTML, like Gecko) Chrome/150.0.7871.128 Mobile Safari/537.36 (compatible; Googlebot/2.1; +http://www.google.com/bot.html)"
66.249.72.130 - - [21/Jul/2026:09:53:20 +0000] "GET /?i=7002648144 HTTP/1.1" 200 195808 "-" "Mozilla/5.0 (Linux; Android 6.0.1; Nexus 5X Build/MMB29P) AppleWebKit/537.36 (KHTML, like Gecko) Chrome/150.0.7871.128 Mobile Safari/537.36 (compatible; Googlebot/2.1; +http://www.google.com/bot.html)"
66.249.72.130 - - [21/Jul/2026:09:53:29 +0000] "GET /?e=6334087550 HTTP/1.1" 200 195148 "-" "Mozilla/5.0 (Linux; Android 6.0.1; Nexus 5X Build/MMB29P) AppleWebKit/537.36 (KHTML, like Gecko) Chrome/150.0.7871.128 Mobile Safari/537.36 (compatible; Googlebot/2.1; +http://www.google.com/bot.html)"
198.177.124.148 - - [21/Jul/2026:09:53:37 +0000] "POST /wp-cron.php?doing_wp_cron=1784627617.4002709388732910156250 HTTP/1.1" 200 - "-" "WordPress/7.0.2; https://lizzystem100.shop"
105.113.111.13 - - [21/Jul/2026:09:53:35 +0000] "POST /wp-admin/admin-ajax.php HTTP/1.1" 200 47 "https://lizzystem100.shop/wp-admin/plugins.php?plugin_status=all&paged=1&s" "Mozilla/5.0 (Windows NT 10.0; Win64; x64) AppleWebKit/537.36 (KHTML, like Gecko) Chrome/150.0.0.0 Safari/537.36"
66.249.72.130 - - [21/Jul/2026:09:53:43 +0000] "GET /?t=7622567043 HTTP/1.1" 200 198254 "-" "Mozilla/5.0 (Linux; Android 6.0.1; Nexus 5X Build/MMB29P) AppleWebKit/537.36 (KHTML, like Gecko) Chrome/150.0.7871.128 Mobile Safari/537.36 (compatible; Googlebot/2.1; +http://www.google.com/bot.html)"
66.249.72.130 - - [21/Jul/2026:09:53:53 +0000] "GET /?e=6334094117 HTTP/1.1" 200 199288 "-" "Mozilla/5.0 (Linux; Android 6.0.1; Nexus 5X Build/MMB29P) AppleWebKit/537.36 (KHTML, like Gecko) Chrome/150.0.7871.128 Mobile Safari/537.36 (compatible; Googlebot/2.1; +http://www.google.com/bot.html)"
66.249.72.131 - - [21/Jul/2026:09:54:06 +0000] "GET /?e=8089089299 HTTP/1.1" 200 197166 "-" "Mozilla/5.0 (Linux; Android 6.0.1; Nexus 5X Build/MMB29P) AppleWebKit/537.36 (KHTML, like Gecko) Chrome/150.0.7871.128 Mobile Safari/537.36 (compatible; Googlebot/2.1; +http://www.google.com/bot.html)"
66.249.72.131 - - [21/Jul/2026:09:54:19 +0000] "GET /?t=76225161914 HTTP/1.1" 200 194346 "-" "Mozilla/5.0 (Linux; Android 6.0.1; Nexus 5X Build/MMB29P) AppleWebKit/537.36 (KHTML, like Gecko) Chrome/150.0.7871.128 Mobile Safari/537.36 (compatible; Googlebot/2.1; +http://www.google.com/bot.html)"
66.249.72.130 - - [21/Jul/2026:09:54:30 +0000] "GET /?e=63340141643 HTTP/1.1" 200 196583 "-" "Mozilla/5.0 (Linux; Android 6.0.1; Nexus 5X Build/MMB29P) AppleWebKit/537.36 (KHTML, like Gecko) Chrome/150.0.7871.128 Mobile Safari/537.36 (compatible; Googlebot/2.1; +http://www.google.com/bot.html)"
198.177.124.148 - - [21/Jul/2026:09:54:37 +0000] "POST /wp-cron.php?doing_wp_cron=1784627677.3454461097717285156250 HTTP/1.1" 200 - "-" "WordPress/7.0.2; https://lizzystem100.shop"
105.113.111.13 - - [21/Jul/2026:09:54:35 +0000] "POST /wp-admin/admin-ajax.php HTTP/1.1" 200 47 "https://lizzystem100.shop/wp-admin/plugins.php?plugin_status=all&paged=1&s" "Mozilla/5.0 (Windows NT 10.0; Win64; x64) AppleWebKit/537.36 (KHTML, like Gecko) Chrome/150.0.0.0 Safari/537.36"
66.249.72.130 - - [21/Jul/2026:09:54:42 +0000] "GET /?e=63340135231 HTTP/1.1" 200 197467 "-" "Mozilla/5.0 (Linux; Android 6.0.1; Nexus 5X Build/MMB29P) AppleWebKit/537.36 (KHTML, like Gecko) Chrome/150.0.7871.128 Mobile Safari/537.36 (compatible; Googlebot/2.1; +http://www.google.com/bot.html)"
66.249.72.130 - - [21/Jul/2026:09:54:53 +0000] "GET /?t=76225216765 HTTP/1.1" 200 196015 "-" "Mozilla/5.0 (Linux; Android 6.0.1; Nexus 5X Build/MMB29P) AppleWebKit/537.36 (KHTML, like Gecko) Chrome/150.0.7871.128 Mobile Safari/537.36 (compatible; Googlebot/2.1; +http://www.google.com/bot.html)"
66.249.72.130 - - [21/Jul/2026:09:55:05 +0000] "GET /?i=92360150496 HTTP/1.1" 200 197349 "-" "Mozilla/5.0 (Linux; Android 6.0.1; Nexus 5X Build/MMB29P) AppleWebKit/537.36 (KHTML, like Gecko) Chrome/150.0.7871.128 Mobile Safari/537.36 (compatible; Googlebot/2.1; +http://www.google.com/bot.html)"
66.249.72.131 - - [21/Jul/2026:09:55:16 +0000] "GET /?i=70026224975 HTTP/1.1" 200 194831 "-" "Mozilla/5.0 (Linux; Android 6.0.1; Nexus 5X Build/MMB29P) AppleWebKit/537.36 (KHTML, like Gecko) Chrome/150.0.7871.128 Mobile Safari/537.36 (compatible; Googlebot/2.1; +http://www.google.com/bot.html)"
66.249.72.130 - - [21/Jul/2026:09:55:26 +0000] "GET /?e=63340205601 HTTP/1.1" 200 195444 "-" "Mozilla/5.0 (Linux; Android 6.0.1; Nexus 5X Build/MMB29P) AppleWebKit/537.36 (KHTML, like Gecko) Chrome/150.0.7871.128 Mobile Safari/537.36 (compatible; Googlebot/2.1; +http://www.google.com/bot.html)"
66.249.72.130 - - [21/Jul/2026:09:55:37 +0000] "GET /?e=63340222810 HTTP/1.1" 200 197649 "-" "Mozilla/5.0 (Linux; Android 6.0.1; Nexus 5X Build/MMB29P) AppleWebKit/537.36 (KHTML, like Gecko) Chrome/150.0.7871.128 Mobile Safari/537.36 (compatible; Googlebot/2.1; +http://www.google.com/bot.html)"
198.177.124.148 - - [21/Jul/2026:09:56:20 +0000] "POST /wp-cron.php?doing_wp_cron=1784627780.9092769622802734375000 HTTP/1.1" 200 - "-" "WordPress/7.0.2; https://lizzystem100.shop"
105.113.111.13 - - [21/Jul/2026:09:56:19 +0000] "POST /wp-admin/admin-ajax.php HTTP/1.1" 200 47 "https://lizzystem100.shop/wp-admin/plugins.php?plugin_status=all&paged=1&s" "Mozilla/5.0 (Windows NT 10.0; Win64; x64) AppleWebKit/537.36 (KHTML, like Gecko) Chrome/150.0.0.0 Safari/537.36"
198.177.124.148 - - [21/Jul/2026:09:57:21 +0000] "POST /wp-cron.php?doing_wp_cron=1784627841.0476520061492919921875 HTTP/1.1" 200 - "-" "WordPress/7.0.2; https://lizzystem100.shop"
105.113.111.13 - - [21/Jul/2026:09:57:18 +0000] "POST /wp-admin/admin-ajax.php HTTP/1.1" 200 47 "https://lizzystem100.shop/wp-admin/plugins.php?plugin_status=all&paged=1&s" "Mozilla/5.0 (Windows NT 10.0; Win64; x64) AppleWebKit/537.36 (KHTML, like Gecko) Chrome/150.0.0.0 Safari/537.36"
198.177.124.148 - - [21/Jul/2026:10:03:22 +0000] "POST /wp-cron.php?doing_wp_cron=1784628202.5098950862884521484375 HTTP/1.1" 200 - "-" "WordPress/7.0.2; https://lizzystem100.shop"
105.113.111.13 - - [21/Jul/2026:10:03:19 +0000] "POST /wp-admin/admin-ajax.php HTTP/1.1" 200 47 "https://lizzystem100.shop/wp-admin/plugins.php?s=wp%20code&plugin_status=all" "Mozilla/5.0 (Windows NT 10.0; Win64; x64) AppleWebKit/537.36 (KHTML, like Gecko) Chrome/150.0.0.0 Safari/537.36"
198.177.124.148 - - [21/Jul/2026:10:04:23 +0000] "POST /wp-cron.php?doing_wp_cron=1784628263.0876820087432861328125 HTTP/1.1" 200 - "-" "WordPress/7.0.2; https://lizzystem100.shop"
105.113.111.13 - - [21/Jul/2026:10:04:19 +0000] "POST /wp-admin/admin-ajax.php HTTP/1.1" 200 47 "https://lizzystem100.shop/wp-admin/plugins.php?s=wp%20code&plugin_status=all" "Mozilla/5.0 (Windows NT 10.0; Win64; x64) AppleWebKit/537.36 (KHTML, like Gecko) Chrome/150.0.0.0 Safari/537.36"
198.177.124.148 - - [21/Jul/2026:10:05:21 +0000] "POST /wp-cron.php?doing_wp_cron=1784628321.7975111007690429687500 HTTP/1.1" 200 - "-" "WordPress/7.0.2; https://lizzystem100.shop"
105.113.111.13 - - [21/Jul/2026:10:05:18 +0000] "POST /wp-admin/admin-ajax.php HTTP/1.1" 200 47 "https://lizzystem100.shop/wp-admin/plugins.php?s=wp%20code&plugin_status=all" "Mozilla/5.0 (Windows NT 10.0; Win64; x64) AppleWebKit/537.36 (KHTML, like Gecko) Chrome/150.0.0.0 Safari/537.36"
198.177.124.148 - - [21/Jul/2026:10:06:21 +0000] "POST /wp-cron.php?doing_wp_cron=1784628381.8291740417480468750000 HTTP/1.1" 200 - "-" "WordPress/7.0.2; https://lizzystem100.shop"
105.113.111.13 - - [21/Jul/2026:10:06:19 +0000] "POST /wp-admin/admin-ajax.php HTTP/1.1" 200 47 "https://lizzystem100.shop/wp-admin/plugins.php?s=wp%20code&plugin_status=all" "Mozilla/5.0 (Windows NT 10.0; Win64; x64) AppleWebKit/537.36 (KHTML, like Gecko) Chrome/150.0.0.0 Safari/537.36"
198.177.124.148 - - [21/Jul/2026:10:07:21 +0000] "POST /wp-cron.php?doing_wp_cron=1784628441.7902839183807373046875 HTTP/1.1" 200 - "-" "WordPress/7.0.2; https://lizzystem100.shop"
105.113.111.13 - - [21/Jul/2026:10:07:18 +0000] "POST /wp-admin/admin-ajax.php HTTP/1.1" 200 47 "https://lizzystem100.shop/wp-admin/plugins.php?s=wp%20code&plugin_status=all" "Mozilla/5.0 (Windows NT 10.0; Win64; x64) AppleWebKit/537.36 (KHTML, like Gecko) Chrome/150.0.0.0 Safari/537.36"
198.177.124.148 - - [21/Jul/2026:10:08:22 +0000] "POST /wp-cron.php?doing_wp_cron=1784628502.7493360042572021484375 HTTP/1.1" 200 - "-" "WordPress/7.0.2; https://lizzystem100.shop"
105.113.111.13 - - [21/Jul/2026:10:08:19 +0000] "POST /wp-admin/admin-ajax.php HTTP/1.1" 200 47 "https://lizzystem100.shop/wp-admin/plugins.php?s=wp%20code&plugin_status=all" "Mozilla/5.0 (Windows NT 10.0; Win64; x64) AppleWebKit/537.36 (KHTML, like Gecko) Chrome/150.0.0.0 Safari/537.36"
198.177.124.148 - - [21/Jul/2026:10:09:19 +0000] "POST /wp-cron.php?doing_wp_cron=1784628559.7002611160278320312500 HTTP/1.1" 200 - "-" "WordPress/7.0.2; https://lizzystem100.shop"
105.113.111.13 - - [21/Jul/2026:10:09:18 +0000] "POST /wp-admin/admin-ajax.php HTTP/1.1" 200 47 "https://lizzystem100.shop/wp-admin/plugins.php?s=wp%20code&plugin_status=all" "Mozilla/5.0 (Windows NT 10.0; Win64; x64) AppleWebKit/537.36 (KHTML, like Gecko) Chrome/150.0.0.0 Safari/537.36"
198.177.124.148 - - [21/Jul/2026:10:10:21 +0000] "POST /wp-cron.php?doing_wp_cron=1784628621.6187279224395751953125 HTTP/1.1" 200 - "-" "WordPress/7.0.2; https://lizzystem100.shop"
105.113.111.13 - - [21/Jul/2026:10:10:19 +0000] "POST /wp-admin/admin-ajax.php HTTP/1.1" 200 47 "https://lizzystem100.shop/wp-admin/plugins.php?s=wp%20code&plugin_status=all" "Mozilla/5.0 (Windows NT 10.0; Win64; x64) AppleWebKit/537.36 (KHTML, like Gecko) Chrome/150.0.0.0 Safari/537.36"
198.177.124.148 - - [21/Jul/2026:10:11:20 +0000] "POST /wp-cron.php?doing_wp_cron=1784628680.3938000202178955078125 HTTP/1.1" 200 - "-" "WordPress/7.0.2; https://lizzystem100.shop"
105.113.111.13 - - [21/Jul/2026:10:11:18 +0000] "POST /wp-admin/admin-ajax.php HTTP/1.1" 200 47 "https://lizzystem100.shop/wp-admin/plugins.php?s=wp%20code&plugin_status=all" "Mozilla/5.0 (Windows NT 10.0; Win64; x64) AppleWebKit/537.36 (KHTML, like Gecko) Chrome/150.0.0.0 Safari/537.36"
198.177.124.148 - - [21/Jul/2026:10:12:21 +0000] "POST /wp-cron.php?doing_wp_cron=1784628741.5712571144104003906250 HTTP/1.1" 200 - "-" "WordPress/7.0.2; https://lizzystem100.shop"
105.113.111.13 - - [21/Jul/2026:10:12:19 +0000] "POST /wp-admin/admin-ajax.php HTTP/1.1" 200 47 "https://lizzystem100.shop/wp-admin/plugins.php?s=wp%20code&plugin_status=all" "Mozilla/5.0 (Windows NT 10.0; Win64; x64) AppleWebKit/537.36 (KHTML, like Gecko) Chrome/150.0.0.0 Safari/537.36"
198.177.124.148 - - [21/Jul/2026:10:14:21 +0000] "POST /wp-cron.php?doing_wp_cron=1784628861.7787408828735351562500 HTTP/1.1" 200 - "-" "WordPress/7.0.2; https://lizzystem100.shop"
105.113.111.13 - - [21/Jul/2026:10:14:20 +0000] "POST /wp-admin/admin-ajax.php HTTP/1.1" 200 47 "https://lizzystem100.shop/wp-admin/plugins.php?s=wp%20code&plugin_status=all" "Mozilla/5.0 (Windows NT 10.0; Win64; x64) AppleWebKit/537.36 (KHTML, like Gecko) Chrome/150.0.0.0 Safari/537.36"
105.113.111.13 - - [21/Jul/2026:10:14:48 +0000] "GET /favicon.ico HTTP/1.1" 500 - "https://lizzystem100.shop/wp-admin/plugins.php?s=wp%20code%20&plugin_status=all" "Mozilla/5.0 (Windows NT 10.0; Win64; x64) AppleWebKit/537.36 (KHTML, like Gecko) Chrome/150.0.0.0 Safari/537.36"
198.177.124.148 - - [21/Jul/2026:10:14:51 +0000] "POST /wp-cron.php?doing_wp_cron=1784628891.4060990810394287109375 HTTP/1.1" 200 - "-" "WordPress/7.0.2; https://lizzystem100.shop"
105.113.111.13 - - [21/Jul/2026:10:14:48 +0000] "POST /wp-admin/admin-ajax.php HTTP/1.1" 200 1819 "https://lizzystem100.shop/wp-admin/plugins.php?s=wp%20code%20&plugin_status=all" "Mozilla/5.0 (Windows NT 10.0; Win64; x64) AppleWebKit/537.36 (KHTML, like Gecko) Chrome/150.0.0.0 Safari/537.36"
105.113.111.13 - - [21/Jul/2026:10:15:04 +0000] "GET /favicon.ico HTTP/1.1" 500 - "https://lizzystem100.shop/wp-admin/plugins.php?s=&plugin_status=all" "Mozilla/5.0 (Windows NT 10.0; Win64; x64) AppleWebKit/537.36 (KHTML, like Gecko) Chrome/150.0.0.0 Safari/537.36"
105.113.111.13 - - [21/Jul/2026:10:15:03 +0000] "POST /wp-admin/admin-ajax.php HTTP/1.1" 200 31090 "https://lizzystem100.shop/wp-admin/plugins.php?s=&plugin_status=all" "Mozilla/5.0 (Windows NT 10.0; Win64; x64) AppleWebKit/537.36 (KHTML, like Gecko) Chrome/150.0.0.0 Safari/537.36"
105.113.111.13 - - [21/Jul/2026:10:15:09 +0000] "GET /favicon.ico HTTP/1.1" 500 - "https://lizzystem100.shop/wp-admin/plugins.php?s=elementor&plugin_status=all" "Mozilla/5.0 (Windows NT 10.0; Win64; x64) AppleWebKit/537.36 (KHTML, like Gecko) Chrome/150.0.0.0 Safari/537.36"
105.113.111.13 - - [21/Jul/2026:10:15:08 +0000] "POST /wp-admin/admin-ajax.php HTTP/1.1" 200 7609 "https://lizzystem100.shop/wp-admin/plugins.php?s=elementor&plugin_status=all" "Mozilla/5.0 (Windows NT 10.0; Win64; x64) AppleWebKit/537.36 (KHTML, like Gecko) Chrome/150.0.0.0 Safari/537.36"
105.113.111.13 - - [21/Jul/2026:10:15:16 +0000] "GET /favicon.ico HTTP/1.1" 500 - "https://lizzystem100.shop/wp-admin/plugins.php?s=elementor%20&plugin_status=all" "Mozilla/5.0 (Windows NT 10.0; Win64; x64) AppleWebKit/537.36 (KHTML, like Gecko) Chrome/150.0.0.0 Safari/537.36"
105.113.111.13 - - [21/Jul/2026:10:15:15 +0000] "POST /wp-admin/admin-ajax.php HTTP/1.1" 200 7611 "https://lizzystem100.shop/wp-admin/plugins.php?s=elementor%20&plugin_status=all" "Mozilla/5.0 (Windows NT 10.0; Win64; x64) AppleWebKit/537.36 (KHTML, like Gecko) Chrome/150.0.0.0 Safari/537.36"
105.113.111.13 - - [21/Jul/2026:10:15:20 +0000] "POST /wp-admin/admin-ajax.php HTTP/1.1" 200 47 "https://lizzystem100.shop/wp-admin/plugins.php?s=elementor%20&plugin_status=all" "Mozilla/5.0 (Windows NT 10.0; Win64; x64) AppleWebKit/537.36 (KHTML, like Gecko) Chrome/150.0.0.0 Safari/537.36"
198.177.124.148 - - [21/Jul/2026:10:15:54 +0000] "POST /wp-cron.php?doing_wp_cron=1784628954.3028969764709472656250 HTTP/1.1" 200 - "-" "WordPress/7.0.2; https://lizzystem100.shop"
105.113.111.13 - - [21/Jul/2026:10:15:51 +0000] "GET /wp-admin/admin.php?page=elementor-home HTTP/1.1" 200 134364 "https://lizzystem100.shop/wp-admin/plugins.php?s=elementor%20&plugin_status=all" "Mozilla/5.0 (Windows NT 10.0; Win64; x64) AppleWebKit/537.36 (KHTML, like Gecko) Chrome/150.0.0.0 Safari/537.36"
105.113.111.13 - - [21/Jul/2026:10:15:58 +0000] "GET /wp-content/plugins/pixelyoursite/dist/styles/notice.min.css?ver=11.2.1 HTTP/1.1" 304 - "https://lizzystem100.shop/wp-admin/admin.php?page=elementor-home" "Mozilla/5.0 (Windows NT 10.0; Win64; x64) AppleWebKit/537.36 (KHTML, like Gecko) Chrome/150.0.0.0 Safari/537.36"
105.113.111.13 - - [21/Jul/2026:10:15:58 +0000] "GET /wp-content/plugins/wpforms-lite/assets/lib/font-awesome/css/all.min.css?ver=7.0.1 HTTP/1.1" 304 - "https://lizzystem100.shop/wp-admin/admin.php?page=elementor-home" "Mozilla/5.0 (Windows NT 10.0; Win64; x64) AppleWebKit/537.36 (KHTML, like Gecko) Chrome/150.0.0.0 Safari/537.36"
105.113.111.13 - - [21/Jul/2026:10:15:56 +0000] "GET /wp-admin/admin.php?page=elementor-home HTTP/1.1" 200 134364 "https://lizzystem100.shop/wp-admin/plugins.php?s=elementor%20&plugin_status=all" "Mozilla/5.0 (Windows NT 10.0; Win64; x64) AppleWebKit/537.36 (KHTML, like Gecko) Chrome/150.0.0.0 Safari/537.36"
105.113.111.13 - - [21/Jul/2026:10:15:59 +0000] "GET /wp-content/plugins/wpforms-lite/assets/lib/font-awesome/css/v4-shims.min.css?ver=4.7.0 HTTP/1.1" 304 - "https://lizzystem100.shop/wp-admin/admin.php?page=elementor-home" "Mozilla/5.0 (Windows NT 10.0; Win64; x64) AppleWebKit/537.36 (KHTML, like Gecko) Chrome/150.0.0.0 Safari/537.36"
105.113.111.13 - - [21/Jul/2026:10:15:59 +0000] "GET /wp-content/plugins/elementor/vendor/elementor/wp-one-package/assets/build/common.css?ver=1.0.68 HTTP/1.1" 304 - "https://lizzystem100.shop/wp-admin/admin.php?page=elementor-home" "Mozilla/5.0 (Windows NT 10.0; Win64; x64) AppleWebKit/537.36 (KHTML, like Gecko) Chrome/150.0.0.0 Safari/537.36"
105.113.111.13 - - [21/Jul/2026:10:15:59 +0000] "GET /wp-content/plugins/wp-mail-smtp/assets/css/admin-bar.min.css?ver=4.9.0 HTTP/1.1" 304 - "https://lizzystem100.shop/wp-admin/admin.php?page=elementor-home" "Mozilla/5.0 (Windows NT 10.0; Win64; x64) AppleWebKit/537.36 (KHTML, like Gecko) Chrome/150.0.0.0 Safari/537.36"
105.113.111.13 - - [21/Jul/2026:10:15:59 +0000] "GET /wp-content/plugins/elementor/assets/css/modules/editor-one/admin-menu.min.css?ver=4.2.0 HTTP/1.1" 304 - "https://lizzystem100.shop/wp-admin/admin.php?page=elementor-home" "Mozilla/5.0 (Windows NT 10.0; Win64; x64) AppleWebKit/537.36 (KHTML, like Gecko) Chrome/150.0.0.0 Safari/537.36"
105.113.111.13 - - [21/Jul/2026:10:15:59 +0000] "GET /wp-content/plugins/elementor/assets/lib/eicons/css/elementor-icons.min.css?ver=5.53.0 HTTP/1.1" 304 - "https://lizzystem100.shop/wp-admin/admin.php?page=elementor-home" "Mozilla/5.0 (Windows NT 10.0; Win64; x64) AppleWebKit/537.36 (KHTML, like Gecko) Chrome/150.0.0.0 Safari/537.36"
105.113.111.13 - - [21/Jul/2026:10:15:59 +0000] "GET /wp-content/plugins/elementor/assets/css/common.min.css?ver=4.2.0 HTTP/1.1" 304 - "https://lizzystem100.shop/wp-admin/admin.php?page=elementor-home" "Mozilla/5.0 (Windows NT 10.0; Win64; x64) AppleWebKit/537.36 (KHTML, like Gecko) Chrome/150.0.0.0 Safari/537.36"
105.113.111.13 - - [21/Jul/2026:10:16:00 +0000] "GET /wp-content/plugins/elementor/assets/css/theme-light.min.css?ver=4.2.0 HTTP/1.1" 304 - "https://lizzystem100.shop/wp-admin/admin.php?page=elementor-home" "Mozilla/5.0 (Windows NT 10.0; Win64; x64) AppleWebKit/537.36 (KHTML, like Gecko) Chrome/150.0.0.0 Safari/537.36"
105.113.111.13 - - [21/Jul/2026:10:16:00 +0000] "GET /wp-content/plugins/elementor/assets/css/admin.min.css?ver=4.2.0 HTTP/1.1" 304 - "https://lizzystem100.shop/wp-admin/admin.php?page=elementor-home" "Mozilla/5.0 (Windows NT 10.0; Win64; x64) AppleWebKit/537.36 (KHTML, like Gecko) Chrome/150.0.0.0 Safari/537.36"
105.113.111.13 - - [21/Jul/2026:10:16:00 +0000] "GET /wp-content/plugins/wpforms-lite/assets/css/admin-bar.min.css?ver=2.0.0.2 HTTP/1.1" 304 - "https://lizzystem100.shop/wp-admin/admin.php?page=elementor-home" "Mozilla/5.0 (Windows NT 10.0; Win64; x64) AppleWebKit/537.36 (KHTML, like Gecko) Chrome/150.0.0.0 Safari/537.36"
105.113.111.13 - - [21/Jul/2026:10:16:00 +0000] "GET /wp-content/plugins/pixelyoursite/dist/images/favicon.png HTTP/1.1" 304 - "https://lizzystem100.shop/wp-admin/admin.php?page=elementor-home" "Mozilla/5.0 (Windows NT 10.0; Win64; x64) AppleWebKit/537.36 (KHTML, like Gecko) Chrome/150.0.0.0 Safari/537.36"
105.113.111.13 - - [21/Jul/2026:10:16:00 +0000] "GET /wp-content/plugins/elementor/assets/js/vendors-redux.min.js?ver=4.2.0 HTTP/1.1" 304 - "https://lizzystem100.shop/wp-admin/admin.php?page=elementor-home" "Mozilla/5.0 (Windows NT 10.0; Win64; x64) AppleWebKit/537.36 (KHTML, like Gecko) Chrome/150.0.0.0 Safari/537.36"
105.113.111.13 - - [21/Jul/2026:10:16:00 +0000] "GET /wp-content/plugins/elementor/assets/lib/backbone/backbone.radio.min.js?ver=1.0.4 HTTP/1.1" 304 - "https://lizzystem100.shop/wp-admin/admin.php?page=elementor-home" "Mozilla/5.0 (Windows NT 10.0; Win64; x64) AppleWebKit/537.36 (KHTML, like Gecko) Chrome/150.0.0.0 Safari/537.36"
105.113.111.13 - - [21/Jul/2026:10:16:00 +0000] "GET /wp-content/plugins/elementor/assets/lib/backbone/backbone.marionette.min.js?ver=2.4.5.e1 HTTP/1.1" 304 - "https://lizzystem100.shop/wp-admin/admin.php?page=elementor-home" "Mozilla/5.0 (Windows NT 10.0; Win64; x64) AppleWebKit/537.36 (KHTML, like Gecko) Chrome/150.0.0.0 Safari/537.36"
105.113.111.13 - - [21/Jul/2026:10:16:00 +0000] "GET /wp-content/plugins/elementor/assets/js/common-modules.min.js?ver=4.2.0 HTTP/1.1" 304 - "https://lizzystem100.shop/wp-admin/admin.php?page=elementor-home" "Mozilla/5.0 (Windows NT 10.0; Win64; x64) AppleWebKit/537.36 (KHTML, like Gecko) Chrome/150.0.0.0 Safari/537.36"
105.113.111.13 - - [21/Jul/2026:10:16:01 +0000] "GET /wp-content/plugins/elementor/assets/js/web-cli.min.js?ver=4.2.0 HTTP/1.1" 304 - "https://lizzystem100.shop/wp-admin/admin.php?page=elementor-home" "Mozilla/5.0 (Windows NT 10.0; Win64; x64) AppleWebKit/537.36 (KHTML, like Gecko) Chrome/150.0.0.0 Safari/537.36"
105.113.111.13 - - [21/Jul/2026:10:16:01 +0000] "GET /wp-content/plugins/elementor/assets/js/dev-tools.min.js?ver=4.2.0 HTTP/1.1" 304 - "https://lizzystem100.shop/wp-admin/admin.php?page=elementor-home" "Mozilla/5.0 (Windows NT 10.0; Win64; x64) AppleWebKit/537.36 (KHTML, like Gecko) Chrome/150.0.0.0 Safari/537.36"
105.113.111.13 - - [21/Jul/2026:10:16:01 +0000] "GET /wp-content/plugins/elementor/assets/js/common.min.js?ver=4.2.0 HTTP/1.1" 304 - "https://lizzystem100.shop/wp-admin/admin.php?page=elementor-home" "Mozilla/5.0 (Windows NT 10.0; Win64; x64) AppleWebKit/537.36 (KHTML, like Gecko) Chrome/150.0.0.0 Safari/537.36"
105.113.111.13 - - [21/Jul/2026:10:16:01 +0000] "GET /wp-content/plugins/elementor/assets/lib/dialog/dialog.min.js?ver=4.9.0 HTTP/1.1" 304 - "https://lizzystem100.shop/wp-admin/admin.php?page=elementor-home" "Mozilla/5.0 (Windows NT 10.0; Win64; x64) AppleWebKit/537.36 (KHTML, like Gecko) Chrome/150.0.0.0 Safari/537.36"
105.113.111.13 - - [21/Jul/2026:10:16:02 +0000] "GET /wp-content/plugins/elementor/assets/js/app-loader.min.js?ver=4.2.0 HTTP/1.1" 304 - "https://lizzystem100.shop/wp-admin/admin.php?page=elementor-home" "Mozilla/5.0 (Windows NT 10.0; Win64; x64) AppleWebKit/537.36 (KHTML, like Gecko) Chrome/150.0.0.0 Safari/537.36"
105.113.111.13 - - [21/Jul/2026:10:16:02 +0000] "GET /wp-content/plugins/elementor/vendor/elementor/wp-one-package/assets/build/common.js?ver=1f031a48279dd8a7d4bd HTTP/1.1" 304 - "https://lizzystem100.shop/wp-admin/admin.php?page=elementor-home" "Mozilla/5.0 (Windows NT 10.0; Win64; x64) AppleWebKit/537.36 (KHTML, like Gecko) Chrome/150.0.0.0 Safari/537.36"
105.113.111.13 - - [21/Jul/2026:10:16:03 +0000] "GET /wp-content/plugins/elementor/vendor/elementor/wp-one-package/assets/elementor-home/client.js?ver=1.0.68 HTTP/1.1" 200 539 "https://lizzystem100.shop/wp-admin/admin.php?page=elementor-home" "Mozilla/5.0 (Windows NT 10.0; Win64; x64) AppleWebKit/537.36 (KHTML, like Gecko) Chrome/150.0.0.0 Safari/537.36"
105.113.111.13 - - [21/Jul/2026:10:16:03 +0000] "GET /wp-content/plugins/elementor/assets/js/import-export-customization-admin.min.js?ver=4.2.0 HTTP/1.1" 304 - "https://lizzystem100.shop/wp-admin/admin.php?page=elementor-home" "Mozilla/5.0 (Windows NT 10.0; Win64; x64) AppleWebKit/537.36 (KHTML, like Gecko) Chrome/150.0.0.0 Safari/537.36"
105.113.111.13 - - [21/Jul/2026:10:16:03 +0000] "GET /wp-content/plugins/elementor/assets/js/editor-one-menu.min.js?ver=4.2.0 HTTP/1.1" 304 - "https://lizzystem100.shop/wp-admin/admin.php?page=elementor-home" "Mozilla/5.0 (Windows NT 10.0; Win64; x64) AppleWebKit/537.36 (KHTML, like Gecko) Chrome/150.0.0.0 Safari/537.36"
105.113.111.13 - - [21/Jul/2026:10:16:03 +0000] "GET /wp-content/plugins/elementor/assets/js/import-export-admin.min.js?ver=4.2.0 HTTP/1.1" 304 - "https://lizzystem100.shop/wp-admin/admin.php?page=elementor-home" "Mozilla/5.0 (Windows NT 10.0; Win64; x64) AppleWebKit/537.36 (KHTML, like Gecko) Chrome/150.0.0.0 Safari/537.36"
105.113.111.13 - - [21/Jul/2026:10:16:03 +0000] "GET /wp-content/plugins/elementor/assets/js/admin-modules.min.js?ver=4.2.0 HTTP/1.1" 304 - "https://lizzystem100.shop/wp-admin/admin.php?page=elementor-home" "Mozilla/5.0 (Windows NT 10.0; Win64; x64) AppleWebKit/537.36 (KHTML, like Gecko) Chrome/150.0.0.0 Safari/537.36"
105.113.111.13 - - [21/Jul/2026:10:16:03 +0000] "GET /wp-content/plugins/elementor/assets/js/admin.min.js?ver=4.2.0 HTTP/1.1" 304 - "https://lizzystem100.shop/wp-admin/admin.php?page=elementor-home" "Mozilla/5.0 (Windows NT 10.0; Win64; x64) AppleWebKit/537.36 (KHTML, like Gecko) Chrome/150.0.0.0 Safari/537.36"
105.113.111.13 - - [21/Jul/2026:10:16:03 +0000] "GET /wp-content/plugins/elementor/assets/js/media-hints.min.js?ver=4.2.0 HTTP/1.1" 304 - "https://lizzystem100.shop/wp-admin/admin.php?page=elementor-home" "Mozilla/5.0 (Windows NT 10.0; Win64; x64) AppleWebKit/537.36 (KHTML, like Gecko) Chrome/150.0.0.0 Safari/537.36"
105.113.111.13 - - [21/Jul/2026:10:16:03 +0000] "GET /wp-content/plugins/elementor/assets/js/packages/schema/schema.min.js?ver=4.2.0 HTTP/1.1" 304 - "https://lizzystem100.shop/wp-admin/admin.php?page=elementor-home" "Mozilla/5.0 (Windows NT 10.0; Win64; x64) AppleWebKit/537.36 (KHTML, like Gecko) Chrome/150.0.0.0 Safari/537.36"
105.113.111.13 - - [21/Jul/2026:10:16:03 +0000] "GET /wp-content/plugins/elementor/assets/js/packages/elementor-mcp-common/elementor-mcp-common.min.js?ver=4.2.0 HTTP/1.1" 304 - "https://lizzystem100.shop/wp-admin/admin.php?page=elementor-home" "Mozilla/5.0 (Windows NT 10.0; Win64; x64) AppleWebKit/537.36 (KHTML, like Gecko) Chrome/150.0.0.0 Safari/537.36"
105.113.111.13 - - [21/Jul/2026:10:16:03 +0000] "GET /wp-content/plugins/elementor/assets/js/packages/editor-mcp/editor-mcp.min.js?ver=4.2.0 HTTP/1.1" 304 - "https://lizzystem100.shop/wp-admin/admin.php?page=elementor-home" "Mozilla/5.0 (Windows NT 10.0; Win64; x64) AppleWebKit/537.36 (KHTML, like Gecko) Chrome/150.0.0.0 Safari/537.36"
105.113.111.13 - - [21/Jul/2026:10:16:03 +0000] "GET /wp-content/plugins/elementor/assets/js/packages/elementor-capabilities-mcp/elementor-capabilities-mcp.min.js?ver=4.2.0 HTTP/1.1" 304 - "https://lizzystem100.shop/wp-admin/admin.php?page=elementor-home" "Mozilla/5.0 (Windows NT 10.0; Win64; x64) AppleWebKit/537.36 (KHTML, like Gecko) Chrome/150.0.0.0 Safari/537.36"
105.113.111.13 - - [21/Jul/2026:10:16:03 +0000] "GET /wp-content/plugins/elementor/vendor/elementor/wp-one-package/assets/elementor-home/runtime.35875e58d2836bd9.js HTTP/1.1" 200 8999 "https://lizzystem100.shop/wp-admin/admin.php?page=elementor-home" "Mozilla/5.0 (Windows NT 10.0; Win64; x64) AppleWebKit/537.36 (KHTML, like Gecko) Chrome/150.0.0.0 Safari/537.36"
105.113.111.13 - - [21/Jul/2026:10:16:03 +0000] "GET /wp-content/plugins/elementor/vendor/elementor/wp-one-package/assets/elementor-home/main.357e4426bf3bde57.js HTTP/1.1" 200 206 "https://lizzystem100.shop/wp-admin/admin.php?page=elementor-home" "Mozilla/5.0 (Windows NT 10.0; Win64; x64) AppleWebKit/537.36 (KHTML, like Gecko) Chrome/150.0.0.0 Safari/537.36"
105.113.111.13 - - [21/Jul/2026:10:16:04 +0000] "GET /wp-content/plugins/elementor/vendor/elementor/wp-one-package/assets/elementor-home/9397.c686b24c4cc11f61.css HTTP/1.1" 200 15793 "https://lizzystem100.shop/wp-admin/admin.php?page=elementor-home" "Mozilla/5.0 (Windows NT 10.0; Win64; x64) AppleWebKit/537.36 (KHTML, like Gecko) Chrome/150.0.0.0 Safari/537.36"
105.113.111.13 - - [21/Jul/2026:10:16:04 +0000] "GET /wp-content/plugins/elementor/vendor/elementor/wp-one-package/assets/elementor-home/9397.72a3b73f16d024d3.js HTTP/1.1" 200 321813 "https://lizzystem100.shop/wp-admin/admin.php?page=elementor-home" "Mozilla/5.0 (Windows NT 10.0; Win64; x64) AppleWebKit/537.36 (KHTML, like Gecko) Chrome/150.0.0.0 Safari/537.36"
105.113.111.13 - - [21/Jul/2026:10:16:04 +0000] "GET /wp-content/plugins/elementor/vendor/elementor/wp-one-package/assets/elementor-home/4334.db7cf90615b617bc.js HTTP/1.1" 200 2841371 "https://lizzystem100.shop/wp-admin/admin.php?page=elementor-home" "Mozilla/5.0 (Windows NT 10.0; Win64; x64) AppleWebKit/537.36 (KHTML, like Gecko) Chrome/150.0.0.0 Safari/537.36"
105.113.111.13 - - [21/Jul/2026:10:16:33 +0000] "GET /wp-admin/admin.php?page=elementor-home HTTP/1.1" 200 134320 "https://lizzystem100.shop/wp-admin/admin.php?page=elementor-home" "Mozilla/5.0 (Windows NT 10.0; Win64; x64) AppleWebKit/537.36 (KHTML, like Gecko) Chrome/150.0.0.0 Safari/537.36"
105.113.111.13 - - [21/Jul/2026:10:16:38 +0000] "GET /wp-content/plugins/elementor/vendor/elementor/wp-one-package/assets/elementor-home/4334.db7cf90615b617bc.js HTTP/1.1" 206 1 "https://lizzystem100.shop/wp-admin/admin.php?page=elementor-home" "Mozilla/5.0 (Windows NT 10.0; Win64; x64) AppleWebKit/537.36 (KHTML, like Gecko) Chrome/150.0.0.0 Safari/537.36"
105.113.111.13 - - [21/Jul/2026:10:16:38 +0000] "GET /wp-content/plugins/elementor/vendor/elementor/wp-one-package/assets/elementor-home/4334.db7cf90615b617bc.js HTTP/1.1" 206 2777430 "https://lizzystem100.shop/wp-admin/admin.php?page=elementor-home" "Mozilla/5.0 (Windows NT 10.0; Win64; x64) AppleWebKit/537.36 (KHTML, like Gecko) Chrome/150.0.0.0 Safari/537.36"
105.113.111.13 - - [21/Jul/2026:10:16:42 +0000] "GET /wp-content/plugins/elementor/vendor/elementor/wp-one-package/assets/elementor-home/1228.61c8a719030d2beb.js HTTP/1.1" 200 456 "https://lizzystem100.shop/wp-admin/admin.php?page=elementor-home" "Mozilla/5.0 (Windows NT 10.0; Win64; x64) AppleWebKit/537.36 (KHTML, like Gecko) Chrome/150.0.0.0 Safari/537.36"
105.113.111.13 - - [21/Jul/2026:10:16:42 +0000] "GET /wp-content/plugins/elementor/vendor/elementor/wp-one-package/assets/elementor-home/9199.c923149ce5f35e7e.js HTTP/1.1" 200 816 "https://lizzystem100.shop/wp-admin/admin.php?page=elementor-home" "Mozilla/5.0 (Windows NT 10.0; Win64; x64) AppleWebKit/537.36 (KHTML, like Gecko) Chrome/150.0.0.0 Safari/537.36"
105.113.111.13 - - [21/Jul/2026:10:16:42 +0000] "GET /wp-content/plugins/elementor/vendor/elementor/wp-one-package/assets/elementor-home/1081.253bf5f480336d1d.js HTTP/1.1" 200 561 "https://lizzystem100.shop/wp-admin/admin.php?page=elementor-home" "Mozilla/5.0 (Windows NT 10.0; Win64; x64) AppleWebKit/537.36 (KHTML, like Gecko) Chrome/150.0.0.0 Safari/537.36"
105.113.111.13 - - [21/Jul/2026:10:16:42 +0000] "GET /wp-content/plugins/elementor/vendor/elementor/wp-one-package/assets/elementor-home/120.2393398263f5c59b.js HTTP/1.1" 200 946 "https://lizzystem100.shop/wp-admin/admin.php?page=elementor-home" "Mozilla/5.0 (Windows NT 10.0; Win64; x64) AppleWebKit/537.36 (KHTML, like Gecko) Chrome/150.0.0.0 Safari/537.36"
105.113.111.13 - - [21/Jul/2026:10:16:42 +0000] "GET /wp-json/elementor-one/v1/settings?sb_time=1784629001925&_locale=user HTTP/1.1" 500 - "https://lizzystem100.shop/wp-admin/admin.php?page=elementor-home" "Mozilla/5.0 (Windows NT 10.0; Win64; x64) AppleWebKit/537.36 (KHTML, like Gecko) Chrome/150.0.0.0 Safari/537.36"
105.113.111.13 - - [21/Jul/2026:10:16:43 +0000] "GET /favicon.ico HTTP/1.1" 500 - "https://lizzystem100.shop/wp-admin/admin.php?page=elementor-home" "Mozilla/5.0 (Windows NT 10.0; Win64; x64) AppleWebKit/537.36 (KHTML, like Gecko) Chrome/150.0.0.0 Safari/537.36"
198.177.124.148 - - [21/Jul/2026:10:17:06 +0000] "POST /wp-cron.php?doing_wp_cron=1784629026.4994831085205078125000 HTTP/1.1" 200 - "-" "WordPress/7.0.2; https://lizzystem100.shop"
105.113.111.13 - - [21/Jul/2026:10:17:04 +0000] "GET /wp-admin/admin.php?page=elementor-home HTTP/1.1" 200 134320 "https://lizzystem100.shop/wp-admin/admin.php?page=elementor-home" "Mozilla/5.0 (Windows NT 10.0; Win64; x64) AppleWebKit/537.36 (KHTML, like Gecko) Chrome/150.0.0.0 Safari/537.36"
105.113.111.13 - - [21/Jul/2026:10:17:10 +0000] "GET /wp-json/elementor-one/v1/settings?sb_time=1784629030038&_locale=user HTTP/1.1" 500 - "https://lizzystem100.shop/wp-admin/admin.php?page=elementor-home" "Mozilla/5.0 (Windows NT 10.0; Win64; x64) AppleWebKit/537.36 (KHTML, like Gecko) Chrome/150.0.0.0 Safari/537.36"
105.113.111.13 - - [21/Jul/2026:10:17:10 +0000] "GET /favicon.ico HTTP/1.1" 500 - "https://lizzystem100.shop/wp-admin/admin.php?page=elementor-home" "Mozilla/5.0 (Windows NT 10.0; Win64; x64) AppleWebKit/537.36 (KHTML, like Gecko) Chrome/150.0.0.0 Safari/537.36"
198.177.124.148 - - [21/Jul/2026:10:18:51 +0000] "POST /wp-cron.php?doing_wp_cron=1784629131.7159180641174316406250 HTTP/1.1" 200 - "-" "WordPress/7.0.2; https://lizzystem100.shop"
105.113.111.13 - - [21/Jul/2026:10:18:52 +0000] "GET /wp-content/plugins/wp-mail-smtp/assets/css/admin-bar.min.css?ver=4.9.0 HTTP/1.1" 304 - "https://lizzystem100.shop/wp-admin/admin.php?page=elementor-home" "Mozilla/5.0 (Windows NT 10.0; Win64; x64) AppleWebKit/537.36 (KHTML, like Gecko) Chrome/150.0.0.0 Safari/537.36"
105.113.111.13 - - [21/Jul/2026:10:18:49 +0000] "GET /wp-admin/admin.php?page=elementor-home HTTP/1.1" 200 134320 "https://lizzystem100.shop/wp-admin/admin.php?page=elementor-home" "Mozilla/5.0 (Windows NT 10.0; Win64; x64) AppleWebKit/537.36 (KHTML, like Gecko) Chrome/150.0.0.0 Safari/537.36"
105.113.111.13 - - [21/Jul/2026:10:18:53 +0000] "GET /favicon.ico HTTP/1.1" 500 - "https://lizzystem100.shop/wp-admin/admin.php?page=elementor-home" "Mozilla/5.0 (Windows NT 10.0; Win64; x64) AppleWebKit/537.36 (KHTML, like Gecko) Chrome/150.0.0.0 Safari/537.36"
105.113.111.13 - - [21/Jul/2026:10:18:53 +0000] "GET /wp-json/elementor-one/v1/settings?sb_time=1784629133355&_locale=user HTTP/1.1" 500 - "https://lizzystem100.shop/wp-admin/admin.php?page=elementor-home" "Mozilla/5.0 (Windows NT 10.0; Win64; x64) AppleWebKit/537.36 (KHTML, like Gecko) Chrome/150.0.0.0 Safari/537.36"
198.177.124.148 - - [21/Jul/2026:10:20:41 +0000] "POST /wp-cron.php?doing_wp_cron=1784629241.5403399467468261718750 HTTP/1.1" 200 - "-" "WordPress/7.0.2; https://lizzystem100.shop"
105.113.111.13 - - [21/Jul/2026:10:20:42 +0000] "GET /wp-content/plugins/wpforms-lite/assets/lib/font-awesome/css/all.min.css?ver=7.0.1 HTTP/1.1" 304 - "https://lizzystem100.shop/wp-admin/admin.php?page=elementor-home" "Mozilla/5.0 (Windows NT 10.0; Win64; x64) AppleWebKit/537.36 (KHTML, like Gecko) Chrome/150.0.0.0 Safari/537.36"
105.113.111.13 - - [21/Jul/2026:10:20:42 +0000] "GET /wp-content/plugins/pixelyoursite/dist/styles/notice.min.css?ver=11.2.1 HTTP/1.1" 304 - "https://lizzystem100.shop/wp-admin/admin.php?page=elementor-home" "Mozilla/5.0 (Windows NT 10.0; Win64; x64) AppleWebKit/537.36 (KHTML, like Gecko) Chrome/150.0.0.0 Safari/537.36"
105.113.111.13 - - [21/Jul/2026:10:20:40 +0000] "GET /wp-admin/admin.php?page=elementor-home HTTP/1.1" 200 134320 "https://lizzystem100.shop/wp-admin/admin.php?page=elementor-home" "Mozilla/5.0 (Windows NT 10.0; Win64; x64) AppleWebKit/537.36 (KHTML, like Gecko) Chrome/150.0.0.0 Safari/537.36"
105.113.111.13 - - [21/Jul/2026:10:20:43 +0000] "GET /wp-content/plugins/elementor/vendor/elementor/wp-one-package/assets/build/common.css?ver=1.0.68 HTTP/1.1" 304 - "https://lizzystem100.shop/wp-admin/admin.php?page=elementor-home" "Mozilla/5.0 (Windows NT 10.0; Win64; x64) AppleWebKit/537.36 (KHTML, like Gecko) Chrome/150.0.0.0 Safari/537.36"
105.113.111.13 - - [21/Jul/2026:10:20:43 +0000] "GET /wp-content/plugins/wpforms-lite/assets/lib/font-awesome/css/v4-shims.min.css?ver=4.7.0 HTTP/1.1" 304 - "https://lizzystem100.shop/wp-admin/admin.php?page=elementor-home" "Mozilla/5.0 (Windows NT 10.0; Win64; x64) AppleWebKit/537.36 (KHTML, like Gecko) Chrome/150.0.0.0 Safari/537.36"
105.113.111.13 - - [21/Jul/2026:10:20:43 +0000] "GET /wp-content/plugins/elementor/assets/css/modules/editor-one/admin-menu.min.css?ver=4.2.0 HTTP/1.1" 304 - "https://lizzystem100.shop/wp-admin/admin.php?page=elementor-home" "Mozilla/5.0 (Windows NT 10.0; Win64; x64) AppleWebKit/537.36 (KHTML, like Gecko) Chrome/150.0.0.0 Safari/537.36"
105.113.111.13 - - [21/Jul/2026:10:20:43 +0000] "GET /wp-content/plugins/elementor/assets/lib/eicons/css/elementor-icons.min.css?ver=5.53.0 HTTP/1.1" 304 - "https://lizzystem100.shop/wp-admin/admin.php?page=elementor-home" "Mozilla/5.0 (Windows NT 10.0; Win64; x64) AppleWebKit/537.36 (KHTML, like Gecko) Chrome/150.0.0.0 Safari/537.36"
105.113.111.13 - - [21/Jul/2026:10:20:43 +0000] "GET /wp-content/plugins/elementor/assets/css/admin.min.css?ver=4.2.0 HTTP/1.1" 304 - "https://lizzystem100.shop/wp-admin/admin.php?page=elementor-home" "Mozilla/5.0 (Windows NT 10.0; Win64; x64) AppleWebKit/537.36 (KHTML, like Gecko) Chrome/150.0.0.0 Safari/537.36"
105.113.111.13 - - [21/Jul/2026:10:20:43 +0000] "GET /wp-content/plugins/elementor/assets/css/theme-light.min.css?ver=4.2.0 HTTP/1.1" 304 - "https://lizzystem100.shop/wp-admin/admin.php?page=elementor-home" "Mozilla/5.0 (Windows NT 10.0; Win64; x64) AppleWebKit/537.36 (KHTML, like Gecko) Chrome/150.0.0.0 Safari/537.36"
105.113.111.13 - - [21/Jul/2026:10:20:43 +0000] "GET /wp-content/plugins/elementor/assets/css/common.min.css?ver=4.2.0 HTTP/1.1" 304 - "https://lizzystem100.shop/wp-admin/admin.php?page=elementor-home" "Mozilla/5.0 (Windows NT 10.0; Win64; x64) AppleWebKit/537.36 (KHTML, like Gecko) Chrome/150.0.0.0 Safari/537.36"
105.113.111.13 - - [21/Jul/2026:10:20:44 +0000] "GET /wp-content/plugins/wpforms-lite/assets/css/admin-bar.min.css?ver=2.0.0.2 HTTP/1.1" 304 - "https://lizzystem100.shop/wp-admin/admin.php?page=elementor-home" "Mozilla/5.0 (Windows NT 10.0; Win64; x64) AppleWebKit/537.36 (KHTML, like Gecko) Chrome/150.0.0.0 Safari/537.36"
105.113.111.13 - - [21/Jul/2026:10:20:45 +0000] "GET /wp-content/plugins/pixelyoursite/dist/images/favicon.png HTTP/1.1" 304 - "https://lizzystem100.shop/wp-admin/admin.php?page=elementor-home" "Mozilla/5.0 (Windows NT 10.0; Win64; x64) AppleWebKit/537.36 (KHTML, like Gecko) Chrome/150.0.0.0 Safari/537.36"
105.113.111.13 - - [21/Jul/2026:10:20:45 +0000] "GET /wp-content/plugins/elementor/assets/lib/backbone/backbone.marionette.min.js?ver=2.4.5.e1 HTTP/1.1" 304 - "https://lizzystem100.shop/wp-admin/admin.php?page=elementor-home" "Mozilla/5.0 (Windows NT 10.0; Win64; x64) AppleWebKit/537.36 (KHTML, like Gecko) Chrome/150.0.0.0 Safari/537.36"
105.113.111.13 - - [21/Jul/2026:10:20:45 +0000] "GET /wp-content/plugins/elementor/assets/lib/backbone/backbone.radio.min.js?ver=1.0.4 HTTP/1.1" 304 - "https://lizzystem100.shop/wp-admin/admin.php?page=elementor-home" "Mozilla/5.0 (Windows NT 10.0; Win64; x64) AppleWebKit/537.36 (KHTML, like Gecko) Chrome/150.0.0.0 Safari/537.36"
105.113.111.13 - - [21/Jul/2026:10:20:45 +0000] "GET /wp-content/plugins/elementor/assets/js/vendors-redux.min.js?ver=4.2.0 HTTP/1.1" 304 - "https://lizzystem100.shop/wp-admin/admin.php?page=elementor-home" "Mozilla/5.0 (Windows NT 10.0; Win64; x64) AppleWebKit/537.36 (KHTML, like Gecko) Chrome/150.0.0.0 Safari/537.36"
105.113.111.13 - - [21/Jul/2026:10:20:46 +0000] "GET /wp-content/plugins/elementor/assets/js/common-modules.min.js?ver=4.2.0 HTTP/1.1" 304 - "https://lizzystem100.shop/wp-admin/admin.php?page=elementor-home" "Mozilla/5.0 (Windows NT 10.0; Win64; x64) AppleWebKit/537.36 (KHTML, like Gecko) Chrome/150.0.0.0 Safari/537.36"
105.113.111.13 - - [21/Jul/2026:10:20:46 +0000] "GET /wp-content/plugins/elementor/assets/js/web-cli.min.js?ver=4.2.0 HTTP/1.1" 304 - "https://lizzystem100.shop/wp-admin/admin.php?page=elementor-home" "Mozilla/5.0 (Windows NT 10.0; Win64; x64) AppleWebKit/537.36 (KHTML, like Gecko) Chrome/150.0.0.0 Safari/537.36"
105.113.111.13 - - [21/Jul/2026:10:20:46 +0000] "GET /wp-content/plugins/elementor/assets/lib/dialog/dialog.min.js?ver=4.9.0 HTTP/1.1" 304 - "https://lizzystem100.shop/wp-admin/admin.php?page=elementor-home" "Mozilla/5.0 (Windows NT 10.0; Win64; x64) AppleWebKit/537.36 (KHTML, like Gecko) Chrome/150.0.0.0 Safari/537.36"
105.113.111.13 - - [21/Jul/2026:10:20:46 +0000] "GET /wp-content/plugins/elementor/assets/js/dev-tools.min.js?ver=4.2.0 HTTP/1.1" 304 - "https://lizzystem100.shop/wp-admin/admin.php?page=elementor-home" "Mozilla/5.0 (Windows NT 10.0; Win64; x64) AppleWebKit/537.36 (KHTML, like Gecko) Chrome/150.0.0.0 Safari/537.36"
105.113.111.13 - - [21/Jul/2026:10:20:46 +0000] "GET /wp-content/plugins/elementor/assets/js/common.min.js?ver=4.2.0 HTTP/1.1" 304 - "https://lizzystem100.shop/wp-admin/admin.php?page=elementor-home" "Mozilla/5.0 (Windows NT 10.0; Win64; x64) AppleWebKit/537.36 (KHTML, like Gecko) Chrome/150.0.0.0 Safari/537.36"
