104.28.159.50 - - [21/Jul/2026:15:19:34 +0000] "POST /wp-login.php HTTP/1.1" 200 5127 "-" "Mozilla/5.0 (Windows NT 10.0; WOW64) AppleWebKit/537.36 (KHTML, like Gecko) Chrome/118.0.0.0 Safari/537.36"
198.177.124.148 - - [21/Jul/2026:15:20:20 +0000] "POST /wp-cron.php?doing_wp_cron=1784647220.8013880252838134765625 HTTP/1.1" 200 - "-" "WordPress/7.0.2; https://lizzystem100.shop"
104.28.159.50 - - [21/Jul/2026:15:20:18 +0000] "POST /wp-login.php HTTP/1.1" 200 5127 "-" "Mozilla/5.0 (X11; Linux x86_64) AppleWebKit/537.36 (KHTML, like Gecko) Chrome/124.0.0.0 Safari/537.36 Vivaldi/6.7"
198.177.124.148 - - [21/Jul/2026:15:21:28 +0000] "POST /wp-cron.php?doing_wp_cron=1784647288.4006130695343017578125 HTTP/1.1" 200 - "-" "WordPress/7.0.2; https://lizzystem100.shop"
104.28.159.50 - - [21/Jul/2026:15:21:25 +0000] "POST /wp-login.php HTTP/1.1" 200 5127 "-" "Mozilla/5.0 (Macintosh; Intel Mac OS X 14_3) AppleWebKit/605.1.15 (KHTML, like Gecko) Version/17.3 Safari/605.1.15"
198.177.124.148 - - [21/Jul/2026:15:22:19 +0000] "POST /wp-cron.php?doing_wp_cron=1784647339.4015829563140869140625 HTTP/1.1" 200 - "-" "WordPress/7.0.2; https://lizzystem100.shop"
104.28.159.50 - - [21/Jul/2026:15:22:17 +0000] "POST /wp-login.php HTTP/1.1" 200 5127 "-" "Mozilla/5.0 (Windows NT 10.0; Win64; x64; rv:125.0) Gecko/20100101 Firefox/125.0"
198.177.124.148 - - [21/Jul/2026:15:23:16 +0000] "POST /wp-cron.php?doing_wp_cron=1784647396.2411448955535888671875 HTTP/1.1" 200 - "-" "WordPress/7.0.2; https://lizzystem100.shop"
104.28.159.50 - - [21/Jul/2026:15:23:13 +0000] "POST /wp-login.php HTTP/1.1" 200 5127 "-" "Mozilla/5.0 (Windows NT 10.0; Win64; x64) AppleWebKit/537.36 (KHTML, like Gecko) Chrome/124.0.0.0 Safari/537.36 Brave/1.65.0"
198.177.124.148 - - [21/Jul/2026:15:24:17 +0000] "POST /wp-cron.php?doing_wp_cron=1784647457.2059500217437744140625 HTTP/1.1" 200 - "-" "WordPress/7.0.2; https://lizzystem100.shop"
104.28.159.50 - - [21/Jul/2026:15:24:14 +0000] "POST /wp-login.php HTTP/1.1" 200 5127 "-" "Mozilla/5.0 (Windows NT 10.0; Win64; x64) AppleWebKit/537.36 (KHTML, like Gecko) Chrome/125.0.0.0 Safari/537.36"
198.177.124.148 - - [21/Jul/2026:15:25:18 +0000] "POST /wp-cron.php?doing_wp_cron=1784647518.4705049991607666015625 HTTP/1.1" 200 - "-" "WordPress/7.0.2; https://lizzystem100.shop"
104.28.159.50 - - [21/Jul/2026:15:25:16 +0000] "POST /wp-login.php HTTP/1.1" 200 5127 "-" "Mozilla/5.0 (Macintosh; Intel Mac OS X 10_15_7) AppleWebKit/605.1.15 (KHTML, like Gecko) Version/17.5 Safari/605.1.15"
198.177.124.148 - - [21/Jul/2026:15:26:20 +0000] "POST /wp-cron.php?doing_wp_cron=1784647580.3721749782562255859375 HTTP/1.1" 200 - "-" "WordPress/7.0.2; https://lizzystem100.shop"
104.28.159.50 - - [21/Jul/2026:15:26:17 +0000] "POST /wp-login.php HTTP/1.1" 200 5127 "-" "Mozilla/5.0 (Macintosh; Intel Mac OS X 13.5; rv:124.0) Gecko/20100101 Firefox/124.0"
198.177.124.148 - - [21/Jul/2026:15:27:22 +0000] "POST /wp-cron.php?doing_wp_cron=1784647642.0843839645385742187500 HTTP/1.1" 200 - "-" "WordPress/7.0.2; https://lizzystem100.shop"
104.28.159.50 - - [21/Jul/2026:15:27:19 +0000] "POST /wp-login.php HTTP/1.1" 200 5127 "-" "Mozilla/5.0 (Macintosh; Intel Mac OS X 13.5; rv:124.0) Gecko/20100101 Firefox/124.0"
198.177.124.148 - - [21/Jul/2026:15:28:25 +0000] "POST /wp-cron.php?doing_wp_cron=1784647705.2862861156463623046875 HTTP/1.1" 200 - "-" "WordPress/7.0.2; https://lizzystem100.shop"
104.28.159.50 - - [21/Jul/2026:15:28:23 +0000] "POST /wp-login.php HTTP/1.1" 200 5127 "-" "Mozilla/5.0 (Windows NT 10.0; WOW64) AppleWebKit/537.36 (KHTML, like Gecko) Chrome/118.0.0.0 Safari/537.36"
198.177.124.148 - - [21/Jul/2026:15:29:31 +0000] "POST /wp-cron.php?doing_wp_cron=1784647771.1894850730895996093750 HTTP/1.1" 200 - "-" "WordPress/7.0.2; https://lizzystem100.shop"
104.28.159.50 - - [21/Jul/2026:15:29:29 +0000] "POST /wp-login.php HTTP/1.1" 200 5127 "-" "Mozilla/5.0 (X11; Linux x86_64) AppleWebKit/537.36 (KHTML, like Gecko) Chrome/124.0.0.0 Safari/537.36 Brave/1.65.0"
198.177.124.148 - - [21/Jul/2026:15:30:40 +0000] "POST /wp-cron.php?doing_wp_cron=1784647840.2590401172637939453125 HTTP/1.1" 200 - "-" "WordPress/7.0.2; https://lizzystem100.shop"
104.28.159.50 - - [21/Jul/2026:15:30:37 +0000] "POST /wp-login.php HTTP/1.1" 200 5127 "-" "Mozilla/5.0 (Windows NT 10.0; Win64; x64) AppleWebKit/537.36 (KHTML, like Gecko) Chrome/123.0.0.0 Safari/537.36 Vivaldi/6.7"
198.177.124.148 - - [21/Jul/2026:15:31:33 +0000] "POST /wp-cron.php?doing_wp_cron=1784647892.9599430561065673828125 HTTP/1.1" 200 - "-" "WordPress/7.0.2; https://lizzystem100.shop"
104.28.159.50 - - [21/Jul/2026:15:31:30 +0000] "POST /wp-login.php HTTP/1.1" 200 5127 "-" "Mozilla/5.0 (Windows NT 10.0; Win64; x64; rv:125.0) Gecko/20100101 Firefox/125.0"
198.177.124.148 - - [21/Jul/2026:15:32:26 +0000] "POST /wp-cron.php?doing_wp_cron=1784647946.0505790710449218750000 HTTP/1.1" 200 - "-" "WordPress/7.0.2; https://lizzystem100.shop"
104.28.159.50 - - [21/Jul/2026:15:32:22 +0000] "POST /wp-login.php HTTP/1.1" 200 5127 "-" "Mozilla/5.0 (Windows NT 10.0; Win64; x64) AppleWebKit/537.36 (KHTML, like Gecko) Chrome/124.0.0.0 Safari/537.36 Edg/124.0.0.0"
198.177.124.148 - - [21/Jul/2026:15:33:20 +0000] "POST /wp-cron.php?doing_wp_cron=1784648000.9164240360260009765625 HTTP/1.1" 200 - "-" "WordPress/7.0.2; https://lizzystem100.shop"
104.28.159.50 - - [21/Jul/2026:15:33:19 +0000] "POST /wp-login.php HTTP/1.1" 200 5127 "-" "Mozilla/5.0 (Macintosh; Intel Mac OS X 14_2) AppleWebKit/537.36 (KHTML, like Gecko) Chrome/124.0.0.0 Safari/537.36 OPR/108.0.0.0"
198.177.124.148 - - [21/Jul/2026:15:34:23 +0000] "POST /wp-cron.php?doing_wp_cron=1784648063.4969749450683593750000 HTTP/1.1" 200 - "-" "WordPress/7.0.2; https://lizzystem100.shop"
104.28.159.50 - - [21/Jul/2026:15:34:19 +0000] "POST /wp-login.php HTTP/1.1" 200 5127 "-" "Mozilla/5.0 (X11; Linux x86_64) AppleWebKit/537.36 (KHTML, like Gecko) Chrome/123.0.0.0 Safari/537.36 OPR/107.0.0.0"
198.177.124.148 - - [21/Jul/2026:15:35:13 +0000] "POST /wp-cron.php?doing_wp_cron=1784648112.8292698860168457031250 HTTP/1.1" 200 - "-" "WordPress/7.0.2; https://lizzystem100.shop"
104.28.159.50 - - [21/Jul/2026:15:35:08 +0000] "POST /wp-login.php HTTP/1.1" 200 5127 "-" "Mozilla/5.0 (Macintosh; Intel Mac OS X 13.5; rv:124.0) Gecko/20100101 Firefox/124.0"
198.177.124.148 - - [21/Jul/2026:15:36:06 +0000] "POST /wp-cron.php?doing_wp_cron=1784648166.7651898860931396484375 HTTP/1.1" 200 - "-" "WordPress/7.0.2; https://lizzystem100.shop"
104.28.159.50 - - [21/Jul/2026:15:36:04 +0000] "POST /wp-login.php HTTP/1.1" 200 5127 "-" "Mozilla/5.0 (X11; Linux x86_64) AppleWebKit/537.36 (KHTML, like Gecko) Chrome/124.0.0.0 Safari/537.36 Edg/124.0.0.0"
198.177.124.148 - - [21/Jul/2026:15:37:08 +0000] "POST /wp-cron.php?doing_wp_cron=1784648228.5631899833679199218750 HTTP/1.1" 200 - "-" "WordPress/7.0.2; https://lizzystem100.shop"
104.28.159.50 - - [21/Jul/2026:15:37:05 +0000] "POST /wp-login.php HTTP/1.1" 200 5127 "-" "Mozilla/5.0 (X11; Linux x86_64) AppleWebKit/537.36 (KHTML, like Gecko) Chrome/124.0.0.0 Safari/537.36 Edg/124.0.0.0"
198.177.124.148 - - [21/Jul/2026:15:38:06 +0000] "POST /wp-cron.php?doing_wp_cron=1784648286.6165850162506103515625 HTTP/1.1" 200 - "-" "WordPress/7.0.2; https://lizzystem100.shop"
104.28.159.50 - - [21/Jul/2026:15:38:01 +0000] "POST /wp-login.php HTTP/1.1" 200 5127 "-" "Mozilla/5.0 (Windows NT 6.1; Win64; x64) AppleWebKit/537.36 (KHTML, like Gecko) Chrome/120.0.0.0 Safari/537.36"
198.177.124.148 - - [21/Jul/2026:15:39:04 +0000] "POST /wp-cron.php?doing_wp_cron=1784648344.3214569091796875000000 HTTP/1.1" 200 - "-" "WordPress/7.0.2; https://lizzystem100.shop"
104.28.159.50 - - [21/Jul/2026:15:38:59 +0000] "POST /wp-login.php HTTP/1.1" 200 5127 "-" "Mozilla/5.0 (X11; Linux x86_64) AppleWebKit/537.36 (KHTML, like Gecko) Chrome/124.0.0.0 Safari/537.36 Edg/124.0.0.0"
198.177.124.148 - - [21/Jul/2026:15:39:59 +0000] "POST /wp-cron.php?doing_wp_cron=1784648399.5593240261077880859375 HTTP/1.1" 200 - "-" "WordPress/7.0.2; https://lizzystem100.shop"
104.28.159.50 - - [21/Jul/2026:15:39:56 +0000] "POST /wp-login.php HTTP/1.1" 200 5127 "-" "Mozilla/5.0 (X11; Linux x86_64; rv:125.0) Gecko/20100101 Firefox/125.0"
198.177.124.148 - - [21/Jul/2026:15:40:50 +0000] "POST /wp-cron.php?doing_wp_cron=1784648450.8786420822143554687500 HTTP/1.1" 200 - "-" "WordPress/7.0.2; https://lizzystem100.shop"
104.28.159.50 - - [21/Jul/2026:15:40:49 +0000] "POST /wp-login.php HTTP/1.1" 200 5127 "-" "Mozilla/5.0 (Macintosh; Intel Mac OS X 13.5; rv:124.0) Gecko/20100101 Firefox/124.0"
104.28.159.50 - - [21/Jul/2026:15:41:39 +0000] "POST /wp-login.php HTTP/1.1" 200 5127 "-" "Mozilla/5.0 (X11; Linux x86_64) AppleWebKit/537.36 (KHTML, like Gecko) Chrome/124.0.0.0 Safari/537.36"
198.177.124.148 - - [21/Jul/2026:15:42:33 +0000] "POST /wp-cron.php?doing_wp_cron=1784648553.3984990119934082031250 HTTP/1.1" 200 - "-" "WordPress/7.0.2; https://lizzystem100.shop"
104.28.159.50 - - [21/Jul/2026:15:42:30 +0000] "POST /wp-login.php HTTP/1.1" 200 5127 "-" "Mozilla/5.0 (X11; Linux x86_64) AppleWebKit/537.36 (KHTML, like Gecko) Chrome/124.0.0.0 Safari/537.36 Vivaldi/6.7"
198.177.124.148 - - [21/Jul/2026:15:43:27 +0000] "POST /wp-cron.php?doing_wp_cron=1784648607.2903230190277099609375 HTTP/1.1" 200 - "-" "WordPress/7.0.2; https://lizzystem100.shop"
104.28.159.50 - - [21/Jul/2026:15:43:24 +0000] "POST /wp-login.php HTTP/1.1" 200 5127 "-" "Mozilla/5.0 (Windows NT 6.3; Win64; x64; rv:118.0) Gecko/20100101 Firefox/118.0"
198.177.124.148 - - [21/Jul/2026:15:44:13 +0000] "POST /wp-cron.php?doing_wp_cron=1784648653.5925838947296142578125 HTTP/1.1" 200 - "-" "WordPress/7.0.2; https://lizzystem100.shop"
104.28.159.50 - - [21/Jul/2026:15:44:11 +0000] "POST /wp-login.php HTTP/1.1" 200 5127 "-" "Mozilla/5.0 (Macintosh; Intel Mac OS X 10_15_7) AppleWebKit/537.36 (KHTML, like Gecko) Chrome/124.0.0.0 Safari/537.36"
198.177.124.148 - - [21/Jul/2026:15:45:06 +0000] "POST /wp-cron.php?doing_wp_cron=1784648706.6298100948333740234375 HTTP/1.1" 200 - "-" "WordPress/7.0.2; https://lizzystem100.shop"
104.28.159.50 - - [21/Jul/2026:15:45:01 +0000] "POST /wp-login.php HTTP/1.1" 200 5127 "-" "Mozilla/5.0 (Macintosh; Intel Mac OS X 13.5; rv:124.0) Gecko/20100101 Firefox/124.0"
198.177.124.148 - - [21/Jul/2026:15:45:56 +0000] "POST /wp-cron.php?doing_wp_cron=1784648756.5711150169372558593750 HTTP/1.1" 200 - "-" "WordPress/7.0.2; https://lizzystem100.shop"
104.28.159.50 - - [21/Jul/2026:15:45:54 +0000] "POST /wp-login.php HTTP/1.1" 200 5127 "-" "Mozilla/5.0 (X11; Linux x86_64) AppleWebKit/537.36 (KHTML, like Gecko) Chrome/124.0.0.0 Safari/537.36"
104.28.159.50 - - [21/Jul/2026:15:46:45 +0000] "POST /wp-login.php HTTP/1.1" 200 5127 "-" "Mozilla/5.0 (Macintosh; Intel Mac OS X 13.5; rv:124.0) Gecko/20100101 Firefox/124.0"
198.177.124.148 - - [21/Jul/2026:15:47:37 +0000] "POST /wp-cron.php?doing_wp_cron=1784648857.8249809741973876953125 HTTP/1.1" 200 - "-" "WordPress/7.0.2; https://lizzystem100.shop"
104.28.159.50 - - [21/Jul/2026:15:47:35 +0000] "POST /wp-login.php HTTP/1.1" 200 5127 "-" "Mozilla/5.0 (Windows NT 10.0; Win64; x64) AppleWebKit/537.36 (KHTML, like Gecko) Chrome/125.0.0.0 Safari/537.36"
198.177.124.148 - - [21/Jul/2026:15:48:26 +0000] "POST /wp-cron.php?doing_wp_cron=1784648906.5507729053497314453125 HTTP/1.1" 200 - "-" "WordPress/7.0.2; https://lizzystem100.shop"
104.28.159.50 - - [21/Jul/2026:15:48:24 +0000] "POST /wp-login.php HTTP/1.1" 200 5127 "-" "Mozilla/5.0 (X11; Linux x86_64) AppleWebKit/537.36 (KHTML, like Gecko) Chrome/125.0.0.0 Safari/537.36"
198.177.124.148 - - [21/Jul/2026:15:49:14 +0000] "POST /wp-cron.php?doing_wp_cron=1784648954.9350810050964355468750 HTTP/1.1" 200 - "-" "WordPress/7.0.2; https://lizzystem100.shop"
104.28.159.50 - - [21/Jul/2026:15:49:11 +0000] "POST /wp-login.php HTTP/1.1" 200 5127 "-" "Mozilla/5.0 (Windows NT 6.3; Win64; x64; rv:118.0) Gecko/20100101 Firefox/118.0"
198.177.124.148 - - [21/Jul/2026:15:50:04 +0000] "POST /wp-cron.php?doing_wp_cron=1784649004.8991711139678955078125 HTTP/1.1" 200 - "-" "WordPress/7.0.2; https://lizzystem100.shop"
104.28.159.50 - - [21/Jul/2026:15:50:01 +0000] "POST /wp-login.php HTTP/1.1" 200 5127 "-" "Mozilla/5.0 (X11; Linux x86_64) AppleWebKit/537.36 (KHTML, like Gecko) Chrome/124.0.0.0 Safari/537.36"
198.177.124.148 - - [21/Jul/2026:15:51:01 +0000] "POST /wp-cron.php?doing_wp_cron=1784649061.8078129291534423828125 HTTP/1.1" 200 - "-" "WordPress/7.0.2; https://lizzystem100.shop"
104.28.159.50 - - [21/Jul/2026:15:50:58 +0000] "POST /wp-login.php HTTP/1.1" 200 5127 "-" "Mozilla/5.0 (Windows NT 6.3; Win64; x64; rv:118.0) Gecko/20100101 Firefox/118.0"
198.177.124.148 - - [21/Jul/2026:15:51:58 +0000] "POST /wp-cron.php?doing_wp_cron=1784649118.0974678993225097656250 HTTP/1.1" 200 - "-" "WordPress/7.0.2; https://lizzystem100.shop"
104.28.159.50 - - [21/Jul/2026:15:51:55 +0000] "POST /wp-login.php HTTP/1.1" 200 5127 "-" "Mozilla/5.0 (Windows NT 6.3; Win64; x64; rv:118.0) Gecko/20100101 Firefox/118.0"
66.249.72.131 - - [21/Jul/2026:15:52:00 +0000] "GET /?x=97783210576 HTTP/1.1" 200 198492 "-" "Mozilla/5.0 (Linux; Android 6.0.1; Nexus 5X Build/MMB29P) AppleWebKit/537.36 (KHTML, like Gecko) Chrome/150.0.7871.128 Mobile Safari/537.36 (compatible; GoogleOther)"
198.177.124.148 - - [21/Jul/2026:15:53:03 +0000] "POST /wp-cron.php?doing_wp_cron=1784649183.9063630104064941406250 HTTP/1.1" 200 - "-" "WordPress/7.0.2; https://lizzystem100.shop"
104.28.159.50 - - [21/Jul/2026:15:53:01 +0000] "POST /wp-login.php HTTP/1.1" 200 5127 "-" "Mozilla/5.0 (Windows NT 11.0; Win64; x64) AppleWebKit/537.36 (KHTML, like Gecko) Chrome/123.0.0.0 Safari/537.36"
74.7.228.26 - - [21/Jul/2026:15:53:16 +0000] "GET /robots.txt HTTP/1.1" 500 - "-" "Mozilla/5.0 (Macintosh; Intel Mac OS X 10_15_7) AppleWebKit/537.36 (KHTML, like Gecko) Chrome/131.0.0.0 Safari/537.36; compatible; OAI-SearchBot/1.4; robots.txt; +https://openai.com/searchbot"
198.177.124.148 - - [21/Jul/2026:15:53:57 +0000] "POST /wp-cron.php?doing_wp_cron=1784649237.2627840042114257812500 HTTP/1.1" 200 - "-" "WordPress/7.0.2; https://lizzystem100.shop"
104.28.159.50 - - [21/Jul/2026:15:53:54 +0000] "POST /wp-login.php HTTP/1.1" 200 5127 "-" "Mozilla/5.0 (X11; Linux x86_64) AppleWebKit/537.36 (KHTML, like Gecko) Chrome/123.0.0.0 Safari/537.36"
198.177.124.148 - - [21/Jul/2026:15:54:54 +0000] "POST /wp-cron.php?doing_wp_cron=1784649293.9971640110015869140625 HTTP/1.1" 200 - "-" "WordPress/7.0.2; https://lizzystem100.shop"
104.28.159.50 - - [21/Jul/2026:15:54:50 +0000] "POST /wp-login.php HTTP/1.1" 200 5127 "-" "Mozilla/5.0 (Windows NT 10.0; Win64; x64) AppleWebKit/537.36 (KHTML, like Gecko) Chrome/124.0.0.0 Safari/537.36 Edg/124.0.0.0"
104.28.159.50 - - [21/Jul/2026:15:55:46 +0000] "POST /wp-login.php HTTP/1.1" 200 5127 "-" "Mozilla/5.0 (X11; Linux x86_64) AppleWebKit/537.36 (KHTML, like Gecko) Chrome/124.0.0.0 Safari/537.36 Brave/1.65.0"
198.177.124.148 - - [21/Jul/2026:15:56:36 +0000] "POST /wp-cron.php?doing_wp_cron=1784649396.5345590114593505859375 HTTP/1.1" 200 - "-" "WordPress/7.0.2; https://lizzystem100.shop"
104.28.159.50 - - [21/Jul/2026:15:56:34 +0000] "POST /wp-login.php HTTP/1.1" 200 5127 "-" "Mozilla/5.0 (Windows NT 10.0; Win64; x64) AppleWebKit/537.36 (KHTML, like Gecko) Chrome/123.0.0.0 Safari/537.36 Vivaldi/6.7"
198.177.124.148 - - [21/Jul/2026:15:57:23 +0000] "POST /wp-cron.php?doing_wp_cron=1784649443.3213849067687988281250 HTTP/1.1" 200 - "-" "WordPress/7.0.2; https://lizzystem100.shop"
104.28.159.50 - - [21/Jul/2026:15:57:20 +0000] "POST /wp-login.php HTTP/1.1" 200 5127 "-" "Mozilla/5.0 (Macintosh; Intel Mac OS X 14_3) AppleWebKit/605.1.15 (KHTML, like Gecko) Version/17.3 Safari/605.1.15"
198.177.124.148 - - [21/Jul/2026:15:58:09 +0000] "POST /wp-cron.php?doing_wp_cron=1784649489.0806190967559814453125 HTTP/1.1" 200 - "-" "WordPress/7.0.2; https://lizzystem100.shop"
104.28.159.50 - - [21/Jul/2026:15:58:06 +0000] "POST /wp-login.php HTTP/1.1" 200 5127 "-" "Mozilla/5.0 (X11; Linux x86_64; rv:124.0) Gecko/20100101 Firefox/124.0"
198.177.124.148 - - [21/Jul/2026:15:59:05 +0000] "POST /wp-cron.php?doing_wp_cron=1784649545.3022880554199218750000 HTTP/1.1" 200 - "-" "WordPress/7.0.2; https://lizzystem100.shop"
104.28.159.50 - - [21/Jul/2026:15:59:02 +0000] "POST /wp-login.php HTTP/1.1" 200 5127 "-" "Mozilla/5.0 (Windows NT 10.0; Win64; x64) AppleWebKit/537.36 (KHTML, like Gecko) Chrome/124.0.0.0 Safari/537.36 Brave/1.65.0"
198.177.124.148 - - [21/Jul/2026:15:59:48 +0000] "POST /wp-cron.php?doing_wp_cron=1784649588.8367900848388671875000 HTTP/1.1" 200 - "-" "WordPress/7.0.2; https://lizzystem100.shop"
104.28.159.50 - - [21/Jul/2026:15:59:45 +0000] "POST /wp-login.php HTTP/1.1" 200 5127 "-" "Mozilla/5.0 (X11; Linux x86_64) AppleWebKit/537.36 (KHTML, like Gecko) Chrome/125.0.0.0 Safari/537.36"
104.28.159.50 - - [21/Jul/2026:16:00:38 +0000] "POST /wp-login.php HTTP/1.1" 200 5127 "-" "Mozilla/5.0 (Macintosh; Intel Mac OS X 10_15_7) AppleWebKit/537.36 (KHTML, like Gecko) Chrome/124.0.0.0 Safari/537.36"
198.177.124.148 - - [21/Jul/2026:16:01:30 +0000] "POST /wp-cron.php?doing_wp_cron=1784649690.1480410099029541015625 HTTP/1.1" 200 - "-" "WordPress/7.0.2; https://lizzystem100.shop"
104.28.159.50 - - [21/Jul/2026:16:01:27 +0000] "POST /wp-login.php HTTP/1.1" 200 5127 "-" "Mozilla/5.0 (Windows NT 10.0; Win64; x64) AppleWebKit/537.36 (KHTML, like Gecko) Chrome/125.0.0.0 Safari/537.36"
198.177.124.148 - - [21/Jul/2026:16:02:17 +0000] "POST /wp-cron.php?doing_wp_cron=1784649737.1756589412689208984375 HTTP/1.1" 200 - "-" "WordPress/7.0.2; https://lizzystem100.shop"
104.28.159.50 - - [21/Jul/2026:16:02:14 +0000] "POST /wp-login.php HTTP/1.1" 200 5127 "-" "Mozilla/5.0 (X11; Linux x86_64) AppleWebKit/537.36 (KHTML, like Gecko) Chrome/125.0.0.0 Safari/537.36"
198.177.124.148 - - [21/Jul/2026:16:03:02 +0000] "POST /wp-cron.php?doing_wp_cron=1784649782.8822090625762939453125 HTTP/1.1" 200 - "-" "WordPress/7.0.2; https://lizzystem100.shop"
104.28.159.50 - - [21/Jul/2026:16:03:00 +0000] "POST /wp-login.php HTTP/1.1" 200 5127 "-" "Mozilla/5.0 (Macintosh; Intel Mac OS X 14_3) AppleWebKit/537.36 (KHTML, like Gecko) Chrome/125.0.0.0 Safari/537.36"
104.28.159.50 - - [21/Jul/2026:16:03:44 +0000] "POST /wp-login.php HTTP/1.1" 200 5127 "-" "Mozilla/5.0 (Macintosh; Intel Mac OS X 14_3) AppleWebKit/605.1.15 (KHTML, like Gecko) Version/17.3 Safari/605.1.15"
198.177.124.148 - - [21/Jul/2026:16:04:38 +0000] "POST /wp-cron.php?doing_wp_cron=1784649877.9655210971832275390625 HTTP/1.1" 200 - "-" "WordPress/7.0.2; https://lizzystem100.shop"
104.28.159.50 - - [21/Jul/2026:16:04:34 +0000] "POST /wp-login.php HTTP/1.1" 200 5127 "-" "Mozilla/5.0 (Macintosh; Intel Mac OS X 10_15_7) AppleWebKit/537.36 (KHTML, like Gecko) Chrome/124.0.0.0 Safari/537.36"
198.177.124.148 - - [21/Jul/2026:16:05:15 +0000] "POST /wp-cron.php?doing_wp_cron=1784649915.8786380290985107421875 HTTP/1.1" 200 - "-" "WordPress/7.0.2; https://lizzystem100.shop"
104.28.159.50 - - [21/Jul/2026:16:05:13 +0000] "POST /wp-login.php HTTP/1.1" 200 5127 "-" "Mozilla/5.0 (Macintosh; Intel Mac OS X 14_2) AppleWebKit/537.36 (KHTML, like Gecko) Chrome/124.0.0.0 Safari/537.36 OPR/108.0.0.0"
198.177.124.148 - - [21/Jul/2026:16:06:05 +0000] "POST /wp-cron.php?doing_wp_cron=1784649965.4817440509796142578125 HTTP/1.1" 200 - "-" "WordPress/7.0.2; https://lizzystem100.shop"
104.28.159.50 - - [21/Jul/2026:16:06:02 +0000] "POST /wp-login.php HTTP/1.1" 200 5127 "-" "Mozilla/5.0 (Windows NT 10.0; Win64; x64) AppleWebKit/537.36 (KHTML, like Gecko) Chrome/124.0.0.0 Safari/537.36 OPR/108.0.0.0"
198.177.124.148 - - [21/Jul/2026:16:06:57 +0000] "POST /wp-cron.php?doing_wp_cron=1784650017.3127861022949218750000 HTTP/1.1" 200 - "-" "WordPress/7.0.2; https://lizzystem100.shop"
104.28.159.50 - - [21/Jul/2026:16:06:54 +0000] "POST /wp-login.php HTTP/1.1" 200 5127 "-" "Mozilla/5.0 (Macintosh; Intel Mac OS X 14_3) AppleWebKit/537.36 (KHTML, like Gecko) Chrome/125.0.0.0 Safari/537.36"
104.28.159.50 - - [21/Jul/2026:16:07:38 +0000] "POST /wp-login.php HTTP/1.1" 200 5127 "-" "Mozilla/5.0 (Macintosh; Intel Mac OS X 13_6) AppleWebKit/605.1.15 (KHTML, like Gecko) Version/17.2 Safari/605.1.15"
198.177.124.148 - - [21/Jul/2026:16:08:24 +0000] "POST /wp-cron.php?doing_wp_cron=1784650104.0822010040283203125000 HTTP/1.1" 200 - "-" "WordPress/7.0.2; https://lizzystem100.shop"
104.28.159.50 - - [21/Jul/2026:16:08:21 +0000] "POST /wp-login.php HTTP/1.1" 200 5127 "-" "Mozilla/5.0 (Macintosh; Intel Mac OS X 14_2) AppleWebKit/537.36 (KHTML, like Gecko) Chrome/124.0.0.0 Safari/537.36 OPR/108.0.0.0"
198.177.124.148 - - [21/Jul/2026:16:09:13 +0000] "POST /wp-cron.php?doing_wp_cron=1784650153.4818739891052246093750 HTTP/1.1" 200 - "-" "WordPress/7.0.2; https://lizzystem100.shop"
104.28.159.50 - - [21/Jul/2026:16:09:10 +0000] "POST /wp-login.php HTTP/1.1" 200 5127 "-" "Mozilla/5.0 (Windows NT 10.0; Win64; x64) AppleWebKit/537.36 (KHTML, like Gecko) Chrome/124.0.0.0 Safari/537.36 Brave/1.65.0"
66.249.72.132 - - [21/Jul/2026:16:10:00 +0000] "GET /?h=86457262816 HTTP/1.1" 200 198518 "-" "Mozilla/5.0 (Linux; Android 6.0.1; Nexus 5X Build/MMB29P) AppleWebKit/537.36 (KHTML, like Gecko) Chrome/150.0.7871.128 Mobile Safari/537.36 (compatible; GoogleOther)"
198.177.124.148 - - [21/Jul/2026:16:10:03 +0000] "POST /wp-cron.php?doing_wp_cron=1784650203.0350749492645263671875 HTTP/1.1" 200 - "-" "WordPress/7.0.2; https://lizzystem100.shop"
104.28.159.50 - - [21/Jul/2026:16:10:00 +0000] "POST /wp-login.php HTTP/1.1" 200 5127 "-" "Mozilla/5.0 (Macintosh; Intel Mac OS X 14_3) AppleWebKit/537.36 (KHTML, like Gecko) Chrome/125.0.0.0 Safari/537.36"
198.177.124.148 - - [21/Jul/2026:16:10:49 +0000] "POST /wp-cron.php?doing_wp_cron=1784650249.8050539493560791015625 HTTP/1.1" 200 - "-" "WordPress/7.0.2; https://lizzystem100.shop"
104.28.159.50 - - [21/Jul/2026:16:10:47 +0000] "POST /wp-login.php HTTP/1.1" 200 5127 "-" "Mozilla/5.0 (X11; Linux x86_64) AppleWebKit/537.36 (KHTML, like Gecko) Chrome/124.0.0.0 Safari/537.36 Brave/1.65.0"
104.28.159.50 - - [21/Jul/2026:16:11:28 +0000] "POST /wp-login.php HTTP/1.1" 200 5127 "-" "Mozilla/5.0 (X11; Linux x86_64) AppleWebKit/537.36 (KHTML, like Gecko) Chrome/125.0.0.0 Safari/537.36"
198.177.124.148 - - [21/Jul/2026:16:12:21 +0000] "POST /wp-cron.php?doing_wp_cron=1784650341.5966598987579345703125 HTTP/1.1" 200 - "-" "WordPress/7.0.2; https://lizzystem100.shop"
104.28.159.50 - - [21/Jul/2026:16:12:18 +0000] "POST /wp-login.php HTTP/1.1" 200 5127 "-" "Mozilla/5.0 (Windows NT 10.0; Win64; x64) AppleWebKit/537.36 (KHTML, like Gecko) Chrome/124.0.0.0 Safari/537.36"
198.177.124.148 - - [21/Jul/2026:16:13:11 +0000] "POST /wp-cron.php?doing_wp_cron=1784650391.4095408916473388671875 HTTP/1.1" 200 - "-" "WordPress/7.0.2; https://lizzystem100.shop"
104.28.159.50 - - [21/Jul/2026:16:13:09 +0000] "POST /wp-login.php HTTP/1.1" 200 5127 "-" "Mozilla/5.0 (X11; Linux x86_64; rv:124.0) Gecko/20100101 Firefox/124.0"
198.177.124.148 - - [21/Jul/2026:16:13:54 +0000] "POST /wp-cron.php?doing_wp_cron=1784650434.3068039417266845703125 HTTP/1.1" 200 - "-" "WordPress/7.0.2; https://lizzystem100.shop"
104.28.159.50 - - [21/Jul/2026:16:13:50 +0000] "POST /wp-login.php HTTP/1.1" 200 5127 "-" "Mozilla/5.0 (X11; Linux x86_64) AppleWebKit/537.36 (KHTML, like Gecko) Chrome/124.0.0.0 Safari/537.36 Edg/124.0.0.0"
104.28.159.50 - - [21/Jul/2026:16:14:35 +0000] "POST /wp-login.php HTTP/1.1" 200 5127 "-" "Mozilla/5.0 (Windows NT 10.0; Win64; x64) AppleWebKit/537.36 (KHTML, like Gecko) Chrome/124.0.0.0 Safari/537.36"
198.177.124.148 - - [21/Jul/2026:16:15:30 +0000] "POST /wp-cron.php?doing_wp_cron=1784650530.5222868919372558593750 HTTP/1.1" 200 - "-" "WordPress/7.0.2; https://lizzystem100.shop"
104.28.159.50 - - [21/Jul/2026:16:15:27 +0000] "POST /wp-login.php HTTP/1.1" 200 5127 "-" "Mozilla/5.0 (X11; Linux x86_64; rv:125.0) Gecko/20100101 Firefox/125.0"
198.177.124.148 - - [21/Jul/2026:16:16:14 +0000] "POST /wp-cron.php?doing_wp_cron=1784650574.7968258857727050781250 HTTP/1.1" 200 - "-" "WordPress/7.0.2; https://lizzystem100.shop"
104.28.159.50 - - [21/Jul/2026:16:16:13 +0000] "POST /wp-login.php HTTP/1.1" 200 5127 "-" "Mozilla/5.0 (Macintosh; Intel Mac OS X 13_6) AppleWebKit/605.1.15 (KHTML, like Gecko) Version/17.2 Safari/605.1.15"
198.177.124.148 - - [21/Jul/2026:16:17:00 +0000] "POST /wp-cron.php?doing_wp_cron=1784650620.6002690792083740234375 HTTP/1.1" 200 - "-" "WordPress/7.0.2; https://lizzystem100.shop"
104.28.159.50 - - [21/Jul/2026:16:16:56 +0000] "POST /wp-login.php HTTP/1.1" 200 5127 "-" "Mozilla/5.0 (X11; Linux x86_64) AppleWebKit/537.36 (KHTML, like Gecko) Chrome/125.0.0.0 Safari/537.36"
104.28.159.50 - - [21/Jul/2026:16:17:43 +0000] "POST /wp-login.php HTTP/1.1" 200 5127 "-" "Mozilla/5.0 (Windows NT 10.0; Win64; x64) AppleWebKit/537.36 (KHTML, like Gecko) Chrome/124.0.0.0 Safari/537.36 OPR/108.0.0.0"
198.177.124.148 - - [21/Jul/2026:16:18:37 +0000] "POST /wp-cron.php?doing_wp_cron=1784650717.2873070240020751953125 HTTP/1.1" 200 - "-" "WordPress/7.0.2; https://lizzystem100.shop"
104.28.159.50 - - [21/Jul/2026:16:18:33 +0000] "POST /wp-login.php HTTP/1.1" 200 5127 "-" "Mozilla/5.0 (X11; Linux x86_64) AppleWebKit/537.36 (KHTML, like Gecko) Chrome/124.0.0.0 Safari/537.36 Brave/1.65.0"
104.28.162.7 - - [21/Jul/2026:16:19:09 +0000] "GET / HTTP/1.1" 500 - "-" "Python/3.14 aiohttp/3.13.3"
198.177.124.148 - - [21/Jul/2026:16:19:17 +0000] "POST /wp-cron.php?doing_wp_cron=1784650757.2086009979248046875000 HTTP/1.1" 200 - "-" "WordPress/7.0.2; https://lizzystem100.shop"
104.28.159.50 - - [21/Jul/2026:16:19:15 +0000] "POST /wp-login.php HTTP/1.1" 200 5127 "-" "Mozilla/5.0 (X11; Linux x86_64) AppleWebKit/537.36 (KHTML, like Gecko) Chrome/124.0.0.0 Safari/537.36 Vivaldi/6.7"
198.177.124.148 - - [21/Jul/2026:16:20:03 +0000] "POST /wp-cron.php?doing_wp_cron=1784650803.4294900894165039062500 HTTP/1.1" 200 - "-" "WordPress/7.0.2; https://lizzystem100.shop"
104.28.159.50 - - [21/Jul/2026:16:19:59 +0000] "POST /wp-login.php HTTP/1.1" 200 5127 "-" "Mozilla/5.0 (X11; Linux x86_64) AppleWebKit/537.36 (KHTML, like Gecko) Chrome/124.0.0.0 Safari/537.36 Edg/124.0.0.0"
198.177.124.148 - - [21/Jul/2026:16:20:55 +0000] "POST /wp-cron.php?doing_wp_cron=1784650855.8066360950469970703125 HTTP/1.1" 200 - "-" "WordPress/7.0.2; https://lizzystem100.shop"
104.28.159.50 - - [21/Jul/2026:16:20:53 +0000] "POST /wp-login.php HTTP/1.1" 200 5127 "-" "Mozilla/5.0 (Windows NT 10.0; Win64; x64) AppleWebKit/537.36 (KHTML, like Gecko) Chrome/124.0.0.0 Safari/537.36 Brave/1.65.0"
104.28.159.50 - - [21/Jul/2026:16:21:44 +0000] "POST /wp-login.php HTTP/1.1" 200 5127 "-" "Mozilla/5.0 (Windows NT 10.0; Win64; x64) AppleWebKit/537.36 (KHTML, like Gecko) Chrome/123.0.0.0 Safari/537.36 Vivaldi/6.7"
198.177.124.148 - - [21/Jul/2026:16:22:11 +0000] "POST /wp-cron.php?doing_wp_cron=1784650931.2060980796813964843750 HTTP/1.1" 200 - "-" "WordPress/7.0.2; https://lizzystem100.shop"
98.98.190.21 - - [21/Jul/2026:16:22:10 +0000] "GET /wp-login.php HTTP/1.1" 200 4715 "-" "Mozilla/5.0"
98.98.190.21 - - [21/Jul/2026:16:22:11 +0000] "GET /?author=1 HTTP/1.1" 500 - "-" "Mozilla/5.0"
98.98.190.21 - - [21/Jul/2026:16:22:12 +0000] "GET /?rest_route=/wp/v2/users HTTP/1.1" 500 - "-" "Mozilla/5.0"
98.98.190.21 - - [21/Jul/2026:16:22:13 +0000] "GET /feed HTTP/1.1" 500 - "-" "Mozilla/5.0"
104.28.159.50 - - [21/Jul/2026:16:22:28 +0000] "POST /wp-login.php HTTP/1.1" 200 5127 "-" "Mozilla/5.0 (X11; Linux x86_64) AppleWebKit/537.36 (KHTML, like Gecko) Chrome/125.0.0.0 Safari/537.36"
198.177.124.148 - - [21/Jul/2026:16:23:20 +0000] "POST /wp-cron.php?doing_wp_cron=1784651000.8874509334564208984375 HTTP/1.1" 200 - "-" "WordPress/7.0.2; https://lizzystem100.shop"
104.28.159.50 - - [21/Jul/2026:16:23:17 +0000] "POST /wp-login.php HTTP/1.1" 200 5127 "-" "Mozilla/5.0 (Windows NT 10.0; Win64; x64) AppleWebKit/537.36 (KHTML, like Gecko) Chrome/125.0.0.0 Safari/537.36"
198.177.124.148 - - [21/Jul/2026:16:24:10 +0000] "POST /wp-cron.php?doing_wp_cron=1784651050.4621570110321044921875 HTTP/1.1" 200 - "-" "WordPress/7.0.2; https://lizzystem100.shop"
104.28.159.50 - - [21/Jul/2026:16:24:07 +0000] "POST /wp-login.php HTTP/1.1" 200 5127 "-" "Mozilla/5.0 (Macintosh; Intel Mac OS X 10_15_7) AppleWebKit/605.1.15 (KHTML, like Gecko) Version/17.5 Safari/605.1.15"
198.177.124.148 - - [21/Jul/2026:16:24:51 +0000] "POST /wp-cron.php?doing_wp_cron=1784651091.7408959865570068359375 HTTP/1.1" 200 - "-" "WordPress/7.0.2; https://lizzystem100.shop"
104.28.159.50 - - [21/Jul/2026:16:24:49 +0000] "POST /wp-login.php HTTP/1.1" 200 5127 "-" "Mozilla/5.0 (Windows NT 10.0; Win64; x64) AppleWebKit/537.36 (KHTML, like Gecko) Chrome/124.0.0.0 Safari/537.36"
104.28.159.50 - - [21/Jul/2026:16:25:33 +0000] "POST /wp-login.php HTTP/1.1" 200 5127 "-" "Mozilla/5.0 (Windows NT 6.3; Win64; x64; rv:118.0) Gecko/20100101 Firefox/118.0"
198.177.124.148 - - [21/Jul/2026:16:26:27 +0000] "POST /wp-cron.php?doing_wp_cron=1784651187.3847029209136962890625 HTTP/1.1" 200 - "-" "WordPress/7.0.2; https://lizzystem100.shop"
104.28.159.50 - - [21/Jul/2026:16:26:24 +0000] "POST /wp-login.php HTTP/1.1" 200 5127 "-" "Mozilla/5.0 (Windows NT 6.3; Win64; x64; rv:118.0) Gecko/20100101 Firefox/118.0"
198.177.124.148 - - [21/Jul/2026:16:27:17 +0000] "POST /wp-cron.php?doing_wp_cron=1784651237.3124499320983886718750 HTTP/1.1" 200 - "-" "WordPress/7.0.2; https://lizzystem100.shop"
104.28.159.50 - - [21/Jul/2026:16:27:14 +0000] "POST /wp-login.php HTTP/1.1" 200 5127 "-" "Mozilla/5.0 (Windows NT 11.0; Win64; x64) AppleWebKit/537.36 (KHTML, like Gecko) Chrome/125.0.0.0 Safari/537.36 Edg/125.0.0.0"
198.177.124.148 - - [21/Jul/2026:16:27:55 +0000] "POST /wp-cron.php?doing_wp_cron=1784651275.0904989242553710937500 HTTP/1.1" 200 - "-" "WordPress/7.0.2; https://lizzystem100.shop"
104.28.159.50 - - [21/Jul/2026:16:27:52 +0000] "POST /wp-login.php HTTP/1.1" 200 5127 "-" "Mozilla/5.0 (Macintosh; Intel Mac OS X 10_15_7) AppleWebKit/537.36 (KHTML, like Gecko) Chrome/124.0.0.0 Safari/537.36"
104.28.159.50 - - [21/Jul/2026:16:28:39 +0000] "POST /wp-login.php HTTP/1.1" 200 5127 "-" "Mozilla/5.0 (X11; Linux x86_64) AppleWebKit/537.36 (KHTML, like Gecko) Chrome/124.0.0.0 Safari/537.36 Brave/1.65.0"
66.249.72.132 - - [21/Jul/2026:16:29:19 +0000] "GET /?h=86457206249 HTTP/1.1" 200 194497 "-" "Mozilla/5.0 (Linux; Android 6.0.1; Nexus 5X Build/MMB29P) AppleWebKit/537.36 (KHTML, like Gecko) Chrome/150.0.7871.128 Mobile Safari/537.36 (compatible; GoogleOther)"
198.177.124.148 - - [21/Jul/2026:16:29:25 +0000] "POST /wp-cron.php?doing_wp_cron=1784651365.7541580200195312500000 HTTP/1.1" 200 - "-" "WordPress/7.0.2; https://lizzystem100.shop"
104.28.159.50 - - [21/Jul/2026:16:29:24 +0000] "POST /wp-login.php HTTP/1.1" 200 5127 "-" "Mozilla/5.0 (X11; Linux x86_64; rv:125.0) Gecko/20100101 Firefox/125.0"
66.249.72.130 - - [21/Jul/2026:16:29:58 +0000] "GET /?h=86457206249 HTTP/1.1" 200 194497 "-" "Mozilla/5.0 (Linux; Android 6.0.1; Nexus 5X Build/MMB29P) AppleWebKit/537.36 (KHTML, like Gecko) Chrome/150.0.7871.128 Mobile Safari/537.36 (compatible; Googlebot/2.1; +http://www.google.com/bot.html)"
198.177.124.148 - - [21/Jul/2026:16:30:19 +0000] "POST /wp-cron.php?doing_wp_cron=1784651418.9993360042572021484375 HTTP/1.1" 200 - "-" "WordPress/7.0.2; https://lizzystem100.shop"
104.28.159.50 - - [21/Jul/2026:16:30:15 +0000] "POST /wp-login.php HTTP/1.1" 200 5127 "-" "Mozilla/5.0 (Windows NT 11.0; Win64; x64) AppleWebKit/537.36 (KHTML, like Gecko) Chrome/125.0.0.0 Safari/537.36 Edg/125.0.0.0"
45.198.224.56 - - [21/Jul/2026:16:30:21 +0000] "GET /?rest_route=/ HTTP/1.1" 500 - "-" "wp2shell"
45.198.224.56 - - [21/Jul/2026:16:30:21 +0000] "GET / HTTP/1.1" 500 - "-" "wp2shell"
45.198.224.56 - - [21/Jul/2026:16:30:24 +0000] "GET /?rest_route=/ HTTP/1.1" 500 - "-" "wp2shell"
45.198.224.56 - - [21/Jul/2026:16:30:25 +0000] "GET / HTTP/1.1" 500 - "-" "wp2shell"
45.198.224.56 - - [21/Jul/2026:16:30:27 +0000] "GET /?rest_route=/ HTTP/1.1" 500 - "-" "wp2shell"
45.198.224.56 - - [21/Jul/2026:16:30:27 +0000] "GET / HTTP/1.1" 500 - "-" "wp2shell"
66.249.72.131 - - [21/Jul/2026:16:30:35 +0000] "GET /?i=70026122149 HTTP/1.1" 200 198408 "-" "Mozilla/5.0 (Linux; Android 6.0.1; Nexus 5X Build/MMB29P) AppleWebKit/537.36 (KHTML, like Gecko) Chrome/150.0.7871.128 Mobile Safari/537.36 (compatible; GoogleOther)"
198.177.124.148 - - [21/Jul/2026:16:30:58 +0000] "POST /wp-cron.php?doing_wp_cron=1784651458.5516469478607177734375 HTTP/1.1" 200 - "-" "WordPress/7.0.2; https://lizzystem100.shop"
104.28.159.50 - - [21/Jul/2026:16:30:56 +0000] "POST /wp-login.php HTTP/1.1" 200 5127 "-" "Mozilla/5.0 (Windows NT 6.3; Win64; x64; rv:118.0) Gecko/20100101 Firefox/118.0"
66.249.72.130 - - [21/Jul/2026:16:31:20 +0000] "GET /?i=70026122149 HTTP/1.1" 200 198408 "-" "Mozilla/5.0 (Linux; Android 6.0.1; Nexus 5X Build/MMB29P) AppleWebKit/537.36 (KHTML, like Gecko) Chrome/150.0.7871.128 Mobile Safari/537.36 (compatible; Googlebot/2.1; +http://www.google.com/bot.html)"
104.28.159.50 - - [21/Jul/2026:16:31:39 +0000] "POST /wp-login.php HTTP/1.1" 200 5127 "-" "Mozilla/5.0 (Macintosh; Intel Mac OS X 14_3) AppleWebKit/537.36 (KHTML, like Gecko) Chrome/125.0.0.0 Safari/537.36"
198.177.124.148 - - [21/Jul/2026:16:32:31 +0000] "POST /wp-cron.php?doing_wp_cron=1784651551.6819798946380615234375 HTTP/1.1" 200 - "-" "WordPress/7.0.2; https://lizzystem100.shop"
104.28.159.50 - - [21/Jul/2026:16:32:28 +0000] "POST /wp-login.php HTTP/1.1" 200 5127 "-" "Mozilla/5.0 (Windows NT 10.0; Win64; x64) AppleWebKit/537.36 (KHTML, like Gecko) Chrome/125.0.0.0 Safari/537.36"
198.177.124.148 - - [21/Jul/2026:16:33:18 +0000] "POST /wp-cron.php?doing_wp_cron=1784651598.4930698871612548828125 HTTP/1.1" 200 - "-" "WordPress/7.0.2; https://lizzystem100.shop"
104.28.159.50 - - [21/Jul/2026:16:33:14 +0000] "POST /wp-login.php HTTP/1.1" 200 5127 "-" "Mozilla/5.0 (Macintosh; Intel Mac OS X 10_15_7) AppleWebKit/537.36 (KHTML, like Gecko) Chrome/124.0.0.0 Safari/537.36"
198.177.124.148 - - [21/Jul/2026:16:33:58 +0000] "POST /wp-cron.php?doing_wp_cron=1784651638.0286610126495361328125 HTTP/1.1" 200 - "-" "WordPress/7.0.2; https://lizzystem100.shop"
104.28.159.50 - - [21/Jul/2026:16:33:54 +0000] "POST /wp-login.php HTTP/1.1" 200 5127 "-" "Mozilla/5.0 (X11; Linux x86_64) AppleWebKit/537.36 (KHTML, like Gecko) Chrome/124.0.0.0 Safari/537.36 Edg/124.0.0.0"
104.28.159.50 - - [21/Jul/2026:16:34:39 +0000] "POST /wp-login.php HTTP/1.1" 200 5127 "-" "Mozilla/5.0 (Macintosh; Intel Mac OS X 13_6) AppleWebKit/605.1.15 (KHTML, like Gecko) Version/17.2 Safari/605.1.15"
198.177.124.148 - - [21/Jul/2026:16:35:29 +0000] "POST /wp-cron.php?doing_wp_cron=1784651729.6800589561462402343750 HTTP/1.1" 200 - "-" "WordPress/7.0.2; https://lizzystem100.shop"
104.28.159.50 - - [21/Jul/2026:16:35:27 +0000] "POST /wp-login.php HTTP/1.1" 200 5127 "-" "Mozilla/5.0 (X11; Linux x86_64; rv:125.0) Gecko/20100101 Firefox/125.0"
198.177.124.148 - - [21/Jul/2026:16:36:16 +0000] "POST /wp-cron.php?doing_wp_cron=1784651776.1164178848266601562500 HTTP/1.1" 200 - "-" "WordPress/7.0.2; https://lizzystem100.shop"
104.28.159.50 - - [21/Jul/2026:16:36:13 +0000] "POST /wp-login.php HTTP/1.1" 200 5127 "-" "Mozilla/5.0 (Windows NT 10.0; Win64; x64; rv:125.0) Gecko/20100101 Firefox/125.0"
198.177.124.148 - - [21/Jul/2026:16:36:53 +0000] "POST /wp-cron.php?doing_wp_cron=1784651813.8310329914093017578125 HTTP/1.1" 200 - "-" "WordPress/7.0.2; https://lizzystem100.shop"
104.28.159.50 - - [21/Jul/2026:16:36:52 +0000] "POST /wp-login.php HTTP/1.1" 200 5127 "-" "Mozilla/5.0 (X11; Linux x86_64) AppleWebKit/537.36 (KHTML, like Gecko) Chrome/124.0.0.0 Safari/537.36"
144.34.182.81 - - [21/Jul/2026:16:37:15 +0000] "GET / HTTP/1.1" 500 - "-" "Mozilla/5.0 (Windows NT 10.0; Win64; x64) AppleWebKit/537.36 (KHTML, like Gecko) Chrome/120.0.0.0 Safari/537.36"
104.28.159.50 - - [21/Jul/2026:16:37:38 +0000] "POST /wp-login.php HTTP/1.1" 200 5127 "-" "Mozilla/5.0 (X11; Linux x86_64) AppleWebKit/537.36 (KHTML, like Gecko) Chrome/123.0.0.0 Safari/537.36"
198.177.124.148 - - [21/Jul/2026:16:38:27 +0000] "POST /wp-cron.php?doing_wp_cron=1784651907.6207098960876464843750 HTTP/1.1" 200 - "-" "WordPress/7.0.2; https://lizzystem100.shop"
104.28.159.50 - - [21/Jul/2026:16:38:25 +0000] "POST /wp-login.php HTTP/1.1" 200 5127 "-" "Mozilla/5.0 (Windows NT 10.0; Win64; x64; rv:125.0) Gecko/20100101 Firefox/125.0"
198.177.124.148 - - [21/Jul/2026:16:39:18 +0000] "POST /wp-cron.php?doing_wp_cron=1784651958.4786028861999511718750 HTTP/1.1" 200 - "-" "WordPress/7.0.2; https://lizzystem100.shop"
104.28.159.50 - - [21/Jul/2026:16:39:16 +0000] "POST /wp-login.php HTTP/1.1" 200 5127 "-" "Mozilla/5.0 (Macintosh; Intel Mac OS X 14_3) AppleWebKit/537.36 (KHTML, like Gecko) Chrome/125.0.0.0 Safari/537.36"
198.177.124.148 - - [21/Jul/2026:16:39:56 +0000] "POST /wp-cron.php?doing_wp_cron=1784651996.7239749431610107421875 HTTP/1.1" 200 - "-" "WordPress/7.0.2; https://lizzystem100.shop"
104.28.159.50 - - [21/Jul/2026:16:39:54 +0000] "POST /wp-login.php HTTP/1.1" 200 5127 "-" "Mozilla/5.0 (Windows NT 11.0; Win64; x64) AppleWebKit/537.36 (KHTML, like Gecko) Chrome/125.0.0.0 Safari/537.36 Edg/125.0.0.0"
104.28.159.50 - - [21/Jul/2026:16:40:44 +0000] "POST /wp-login.php HTTP/1.1" 200 5127 "-" "Mozilla/5.0 (Macintosh; Intel Mac OS X 14_3) AppleWebKit/537.36 (KHTML, like Gecko) Chrome/125.0.0.0 Safari/537.36"
66.249.72.130 - - [21/Jul/2026:16:40:47 +0000] "GET /?k=68416271363 HTTP/1.1" 200 192901 "-" "Mozilla/5.0 (Linux; Android 6.0.1; Nexus 5X Build/MMB29P) AppleWebKit/537.36 (KHTML, like Gecko) Chrome/150.0.7871.128 Mobile Safari/537.36 (compatible; Googlebot/2.1; +http://www.google.com/bot.html)"
66.249.72.132 - - [21/Jul/2026:16:41:07 +0000] "GET /?x=9778329064 HTTP/1.1" 200 195534 "-" "Mozilla/5.0 (Linux; Android 6.0.1; Nexus 5X Build/MMB29P) AppleWebKit/537.36 (KHTML, like Gecko) Chrome/150.0.7871.128 Mobile Safari/537.36 (compatible; GoogleOther)"
198.177.124.148 - - [21/Jul/2026:16:41:39 +0000] "POST /wp-cron.php?doing_wp_cron=1784652099.4763259887695312500000 HTTP/1.1" 200 - "-" "WordPress/7.0.2; https://lizzystem100.shop"
104.28.159.50 - - [21/Jul/2026:16:41:36 +0000] "POST /wp-login.php HTTP/1.1" 200 5127 "-" "Mozilla/5.0 (Windows NT 10.0; Win64; x64) AppleWebKit/537.36 (KHTML, like Gecko) Chrome/123.0.0.0 Safari/537.36 Vivaldi/6.7"
198.177.124.148 - - [21/Jul/2026:16:42:29 +0000] "POST /wp-cron.php?doing_wp_cron=1784652149.1657760143280029296875 HTTP/1.1" 200 - "-" "WordPress/7.0.2; https://lizzystem100.shop"
104.28.159.50 - - [21/Jul/2026:16:42:23 +0000] "POST /wp-login.php HTTP/1.1" 200 5127 "-" "Mozilla/5.0 (Macintosh; Intel Mac OS X 14_3) AppleWebKit/537.36 (KHTML, like Gecko) Chrome/125.0.0.0 Safari/537.36"
198.177.124.148 - - [21/Jul/2026:16:43:03 +0000] "POST /wp-cron.php?doing_wp_cron=1784652183.9254729747772216796875 HTTP/1.1" 200 - "-" "WordPress/7.0.2; https://lizzystem100.shop"
104.28.159.50 - - [21/Jul/2026:16:43:03 +0000] "POST /wp-login.php HTTP/1.1" 200 5127 "-" "Mozilla/5.0 (X11; Linux x86_64) AppleWebKit/537.36 (KHTML, like Gecko) Chrome/124.0.0.0 Safari/537.36 Vivaldi/6.7"
198.177.124.148 - - [21/Jul/2026:16:43:50 +0000] "POST /wp-cron.php?doing_wp_cron=1784652230.2034220695495605468750 HTTP/1.1" 200 - "-" "WordPress/7.0.2; https://lizzystem100.shop"
104.28.159.50 - - [21/Jul/2026:16:43:47 +0000] "POST /wp-login.php HTTP/1.1" 200 5127 "-" "Mozilla/5.0 (Windows NT 6.1; Win64; x64) AppleWebKit/537.36 (KHTML, like Gecko) Chrome/120.0.0.0 Safari/537.36"
104.28.159.50 - - [21/Jul/2026:16:44:34 +0000] "POST /wp-login.php HTTP/1.1" 200 5127 "-" "Mozilla/5.0 (X11; Linux x86_64) AppleWebKit/537.36 (KHTML, like Gecko) Chrome/125.0.0.0 Safari/537.36"
66.249.72.132 - - [21/Jul/2026:16:45:03 +0000] "GET /?x=9778379008 HTTP/1.1" 200 193489 "-" "Mozilla/5.0 (Linux; Android 6.0.1; Nexus 5X Build/MMB29P) AppleWebKit/537.36 (KHTML, like Gecko) Chrome/150.0.7871.128 Mobile Safari/537.36 (compatible; GoogleOther)"
198.177.124.148 - - [21/Jul/2026:16:45:25 +0000] "POST /wp-cron.php?doing_wp_cron=1784652325.4232840538024902343750 HTTP/1.1" 200 - "-" "WordPress/7.0.2; https://lizzystem100.shop"
104.28.159.50 - - [21/Jul/2026:16:45:21 +0000] "POST /wp-login.php HTTP/1.1" 200 5127 "-" "Mozilla/5.0 (X11; Linux x86_64) AppleWebKit/537.36 (KHTML, like Gecko) Chrome/123.0.0.0 Safari/537.36 OPR/107.0.0.0"
198.177.124.148 - - [21/Jul/2026:16:46:08 +0000] "POST /wp-cron.php?doing_wp_cron=1784652368.3122019767761230468750 HTTP/1.1" 200 - "-" "WordPress/7.0.2; https://lizzystem100.shop"
104.28.159.50 - - [21/Jul/2026:16:46:04 +0000] "POST /wp-login.php HTTP/1.1" 200 5127 "-" "Mozilla/5.0 (Macintosh; Intel Mac OS X 14_3) AppleWebKit/605.1.15 (KHTML, like Gecko) Version/17.3 Safari/605.1.15"
198.177.124.148 - - [21/Jul/2026:16:46:56 +0000] "POST /wp-cron.php?doing_wp_cron=1784652416.3393781185150146484375 HTTP/1.1" 200 - "-" "WordPress/7.0.2; https://lizzystem100.shop"
104.28.159.50 - - [21/Jul/2026:16:46:53 +0000] "POST /wp-login.php HTTP/1.1" 200 5127 "-" "Mozilla/5.0 (Macintosh; Intel Mac OS X 13.5; rv:124.0) Gecko/20100101 Firefox/124.0"
104.28.159.50 - - [21/Jul/2026:16:47:42 +0000] "POST /wp-login.php HTTP/1.1" 200 5127 "-" "Mozilla/5.0 (Macintosh; Intel Mac OS X 14_3) AppleWebKit/537.36 (KHTML, like Gecko) Chrome/125.0.0.0 Safari/537.36"
198.177.124.148 - - [21/Jul/2026:16:48:27 +0000] "POST /wp-cron.php?doing_wp_cron=1784652507.7958130836486816406250 HTTP/1.1" 200 - "-" "WordPress/7.0.2; https://lizzystem100.shop"
104.28.159.50 - - [21/Jul/2026:16:48:25 +0000] "POST /wp-login.php HTTP/1.1" 200 5127 "-" "Mozilla/5.0 (Macintosh; Intel Mac OS X 14_3) AppleWebKit/537.36 (KHTML, like Gecko) Chrome/125.0.0.0 Safari/537.36"
66.249.72.131 - - [21/Jul/2026:16:49:06 +0000] "GET /?h=8645753490 HTTP/1.1" 200 195567 "-" "Mozilla/5.0 (Linux; Android 6.0.1; Nexus 5X Build/MMB29P) AppleWebKit/537.36 (KHTML, like Gecko) Chrome/150.0.7871.128 Mobile Safari/537.36 (compatible; GoogleOther)"
212.80.9.235 - - [21/Jul/2026:16:51:07 +0000] "GET /?author=1 HTTP/1.1" 500 - "-" "Mozilla/5.0 (Windows NT 10.0; Win64; x64) AppleWebKit/537.36 (KHTML, like Gecko) Chrome/133.0.0.0 Safari/537.36, Mozilla/5.0 (Macintosh; Intel Mac OS X 10_15_7) AppleWebKit/537.36 (KHTML, like Gecko) Chrome/133.0.0.0 Safari/537.36"
168.138.197.172 - - [21/Jul/2026:16:51:14 +0000] "GET /?rest_route=/wp/v2/search&search=a&per_page=20&_embed=author HTTP/1.1" 500 - "-" "Mozilla/5.0 (Windows NT 10.0; Win64; x64) AppleWebKit/537.36 (KHTML, like Gecko) Chrome/133.0.0.0 Safari/537.36, Mozilla/5.0 (Windows NT 10.0; Win64; x64) AppleWebKit/537.36 (KHTML, like Gecko) Chrome/133.0.0.0 Safari/537.36"
97.74.87.194 - - [21/Jul/2026:16:51:20 +0000] "GET /?author=2 HTTP/1.1" 500 - "-" "Mozilla/5.0 (Windows NT 10.0; Win64; x64) AppleWebKit/537.36 (KHTML, like Gecko) Chrome/133.0.0.0 Safari/537.36, Mozilla/5.0 (Windows NT 10.0; Win64; x64) AppleWebKit/537.36 (KHTML, like Gecko) Chrome/133.0.0.0 Safari/537.36"
74.7.228.26 - - [21/Jul/2026:16:56:25 +0000] "GET /robots.txt HTTP/1.1" 500 - "-" "Mozilla/5.0 (Macintosh; Intel Mac OS X 10_15_7) AppleWebKit/537.36 (KHTML, like Gecko) Chrome/131.0.0.0 Safari/537.36; compatible; OAI-SearchBot/1.4; robots.txt; +https://openai.com/searchbot"
66.249.72.130 - - [21/Jul/2026:16:59:48 +0000] "GET /?x=9778379008 HTTP/1.1" 200 193489 "-" "Mozilla/5.0 (Linux; Android 6.0.1; Nexus 5X Build/MMB29P) AppleWebKit/537.36 (KHTML, like Gecko) Chrome/150.0.7871.128 Mobile Safari/537.36 (compatible; Googlebot/2.1; +http://www.google.com/bot.html)"
209.38.152.181 - - [21/Jul/2026:17:20:06 +0000] "GET / HTTP/1.1" 500 - "-" "Mozilla/5.0 (Windows NT 10.0; Win64; x64) AppleWebKit/537.36 (KHTML, like Gecko) Chrome/131.0.0.0 Safari/537.36"
66.249.72.131 - - [21/Jul/2026:17:20:32 +0000] "GET /?e=6334044709 HTTP/1.1" 200 195155 "-" "Mozilla/5.0 (Linux; Android 6.0.1; Nexus 5X Build/MMB29P) AppleWebKit/537.36 (KHTML, like Gecko) Chrome/150.0.7871.128 Mobile Safari/537.36 (compatible; GoogleOther)"
66.249.72.131 - - [21/Jul/2026:17:21:32 +0000] "GET /?e=6334044709 HTTP/1.1" 200 195155 "-" "Mozilla/5.0 (Linux; Android 6.0.1; Nexus 5X Build/MMB29P) AppleWebKit/537.36 (KHTML, like Gecko) Chrome/150.0.7871.128 Mobile Safari/537.36 (compatible; Googlebot/2.1; +http://www.google.com/bot.html)"
66.249.72.132 - - [21/Jul/2026:17:30:37 +0000] "GET /%E5%B8%8C%E5%B0%91%EF%BC%81%E6%AD%A3%E7%B5%B9%20%E4%B8%83%E4%BA%94%E4%B8%89%20%E5%9B%9B%E3%81%A4%E8%BA%AB%E3%82%A2%E3%83%B3%E3%83%86%E3%82%A3%E3%83%BC%E3%82%AF%E7%9D%80%E7%89%A9%20%E5%BE%A1%E6%89%80%E4%BA%BA%E5%BD%A2%20%E8%8A%B1%E7%8F%A0%20%E9%B3%B3%E5%87%B0%20%E8%88%9E%E9%B6%B4%20%E8%A3%BE%E7%B6%BF%E5%85%A5%E3%82%8A%200515121741_68255cd579cb5.jpg HTTP/1.1" 200 199653 "-" "Googlebot-Image/1.0"
74.7.228.26 - - [21/Jul/2026:17:59:53 +0000] "GET /robots.txt HTTP/1.1" 500 - "-" "Mozilla/5.0 (Macintosh; Intel Mac OS X 10_15_7) AppleWebKit/537.36 (KHTML, like Gecko) Chrome/131.0.0.0 Safari/537.36; compatible; OAI-SearchBot/1.4; robots.txt; +https://openai.com/searchbot"
86.107.21.84 - - [21/Jul/2026:18:12:00 +0000] "GET / HTTP/1.1" 500 - "-" "Mozilla/5.0 (Windows NT 10.0; Win64; x64) AppleWebKit/537.36 (KHTML, like Gecko) Chrome/91.0.4472.124 Safari/537.36"
104.105.81.101 - - [21/Jul/2026:18:14:12 +0000] "GET / HTTP/1.1" 500 - "-" "Mozilla/5.0 (Windows NT 10.0; Win64; x64; rv:130.0) Gecko/20100101 Firefox/130.0"
66.249.72.130 - - [21/Jul/2026:18:21:42 +0000] "GET /?x=97783220510 HTTP/1.1" 200 196025 "-" "Mozilla/5.0 (Linux; Android 6.0.1; Nexus 5X Build/MMB29P) AppleWebKit/537.36 (KHTML, like Gecko) Chrome/150.0.7871.128 Mobile Safari/537.36 (compatible; GoogleOther)"
66.249.72.130 - - [21/Jul/2026:18:45:22 +0000] "GET /?x=97783148290 HTTP/1.1" 200 195725 "-" "Mozilla/5.0 (Linux; Android 6.0.1; Nexus 5X Build/MMB29P) AppleWebKit/537.36 (KHTML, like Gecko) Chrome/150.0.7871.128 Mobile Safari/537.36 (compatible; GoogleOther)"
66.249.72.130 - - [21/Jul/2026:18:45:51 +0000] "GET /?x=97783220510 HTTP/1.1" 200 196025 "-" "Mozilla/5.0 (Linux; Android 6.0.1; Nexus 5X Build/MMB29P) AppleWebKit/537.36 (KHTML, like Gecko) Chrome/150.0.7871.128 Mobile Safari/537.36 (compatible; GoogleOther)"
74.235.96.117 - - [21/Jul/2026:18:46:21 +0000] "GET /?author=5&feed=rss2 HTTP/1.1" 500 - "-" "Mozilla/5.0 (Windows NT 10.0; Win64; x64) AppleWebKit/537.36 (KHTML, like Gecko) Chrome/133.0.0.0 Safari/537.36, Mozilla/5.0 (Macintosh; Intel Mac OS X 10_15_7) AppleWebKit/537.36 (KHTML, like Gecko) Chrome/133.0.0.0 Safari/537.36"
103.74.116.239 - - [21/Jul/2026:18:46:25 +0000] "GET /author-sitemap.xml HTTP/1.1" 200 8447 "-" "Mozilla/5.0 (Windows NT 10.0; Win64; x64) AppleWebKit/537.36 (KHTML, like Gecko) Chrome/133.0.0.0 Safari/537.36, Mozilla/5.0 (Windows NT 10.0; Win64; x64) AppleWebKit/537.36 (KHTML, like Gecko) Chrome/133.0.0.0 Safari/537.36"
5.161.225.162 - - [21/Jul/2026:18:46:30 +0000] "GET /?author=1 HTTP/1.1" 500 - "-" "Mozilla/5.0 (Windows NT 10.0; Win64; x64) AppleWebKit/537.36 (KHTML, like Gecko) Chrome/133.0.0.0 Safari/537.36, Mozilla/5.0 (X11; Linux x86_64) AppleWebKit/537.36 (KHTML, like Gecko) Chrome/133.0.0.0 Safari/537.36"
45.90.123.233 - - [21/Jul/2026:18:46:30 +0000] "GET /wp-json/wp/v2/posts?per_page=20&_embed=author&_fields=_embedded HTTP/1.1" 500 - "-" "Mozilla/5.0 (Windows NT 10.0; Win64; x64) AppleWebKit/537.36 (KHTML, like Gecko) Chrome/133.0.0.0 Safari/537.36, Mozilla/5.0 (X11; Linux x86_64) AppleWebKit/537.36 (KHTML, like Gecko) Chrome/133.0.0.0 Safari/537.36"
91.142.222.105 - - [21/Jul/2026:18:46:31 +0000] "GET /?author=2 HTTP/1.1" 500 - "-" "Mozilla/5.0 (Windows NT 10.0; Win64; x64) AppleWebKit/537.36 (KHTML, like Gecko) Chrome/133.0.0.0 Safari/537.36, Mozilla/5.0 (Macintosh; Intel Mac OS X 10_15_7) AppleWebKit/537.36 (KHTML, like Gecko) Chrome/133.0.0.0 Safari/537.36"
97.74.93.24 - - [21/Jul/2026:18:46:35 +0000] "GET /wp-json/webmention/1.0 HTTP/1.1" 500 - "-" "Mozilla/5.0 (Windows NT 10.0; Win64; x64) AppleWebKit/537.36 (KHTML, like Gecko) Chrome/133.0.0.0 Safari/537.36, Mozilla/5.0 (Macintosh; Intel Mac OS X 10_15_7) AppleWebKit/537.36 (KHTML, like Gecko) Chrome/133.0.0.0 Safari/537.36"
4.205.168.44 - - [21/Jul/2026:18:46:58 +0000] "GET /?rest_route=/wp/v2/users&_jsonp=callback&per_page=100&_fields=id,slug HTTP/1.1" 500 - "-" "Mozilla/5.0 (Windows NT 10.0; Win64; x64) AppleWebKit/537.36 (KHTML, like Gecko) Chrome/133.0.0.0 Safari/537.36, Mozilla/5.0 (X11; Linux x86_64) AppleWebKit/537.36 (KHTML, like Gecko) Chrome/133.0.0.0 Safari/537.36"
45.79.123.44 - - [21/Jul/2026:18:47:01 +0000] "GET /wp-json/wp/v2/users?_jsonp=callback&per_page=100&_fields=id,slug HTTP/1.1" 500 - "-" "Mozilla/5.0 (Windows NT 10.0; Win64; x64) AppleWebKit/537.36 (KHTML, like Gecko) Chrome/133.0.0.0 Safari/537.36, Mozilla/5.0 (Macintosh; Intel Mac OS X 10_15_7) AppleWebKit/537.36 (KHTML, like Gecko) Chrome/133.0.0.0 Safari/537.36"
8.217.108.67 - - [21/Jul/2026:18:47:05 +0000] "POST /api/graphql HTTP/1.1" 500 - "-" "Mozilla/5.0 (Windows NT 10.0; Win64; x64) AppleWebKit/537.36 (KHTML, like Gecko) Chrome/133.0.0.0 Safari/537.36, Mozilla/5.0 (Macintosh; Intel Mac OS X 10_15_7) AppleWebKit/537.36 (KHTML, like Gecko) Chrome/133.0.0.0 Safari/537.36"
205.185.126.29 - - [21/Jul/2026:18:47:17 +0000] "POST /?rest_route=/batch/v1 HTTP/1.1" 500 - "-" "wp2shell/1.0"
205.185.126.29 - - [21/Jul/2026:18:47:17 +0000] "POST /?rest_route=/batch/v1 HTTP/1.1" 500 - "-" "wp2shell/1.0"
66.249.72.131 - - [21/Jul/2026:18:48:09 +0000] "GET /?e=8089034634 HTTP/1.1" 200 198536 "-" "Mozilla/5.0 (Linux; Android 6.0.1; Nexus 5X Build/MMB29P) AppleWebKit/537.36 (KHTML, like Gecko) Chrome/150.0.7871.128 Mobile Safari/537.36 (compatible; GoogleOther)"
66.249.72.130 - - [21/Jul/2026:18:50:09 +0000] "GET /?e=8089034634 HTTP/1.1" 200 198536 "-" "Mozilla/5.0 (Linux; Android 6.0.1; Nexus 5X Build/MMB29P) AppleWebKit/537.36 (KHTML, like Gecko) Chrome/150.0.7871.128 Mobile Safari/537.36 (compatible; Googlebot/2.1; +http://www.google.com/bot.html)"
