68.183.201.179 - - [23/Jul/2026:01:41:05 +0000] "GET /favicon.ico HTTP/1.1" 500 - "https://lizzystem100.shop/" "Mozilla/5.0 (X11; Linux x86_64) AppleWebKit/537.36 (KHTML, like Gecko) Chrome/142.0.0.0 Safari/537.36"
66.249.72.130 - - [23/Jul/2026:01:41:08 +0000] "GET /?i=6537298252 HTTP/1.1" 200 195798 "-" "Mozilla/5.0 (Linux; Android 6.0.1; Nexus 5X Build/MMB29P) AppleWebKit/537.36 (KHTML, like Gecko) Chrome/150.0.7871.128 Mobile Safari/537.36 (compatible; Googlebot/2.1; +http://www.google.com/bot.html)"
66.249.72.130 - - [23/Jul/2026:01:41:22 +0000] "GET /?x=97783227567 HTTP/1.1" 200 199712 "-" "Mozilla/5.0 (Linux; Android 6.0.1; Nexus 5X Build/MMB29P) AppleWebKit/537.36 (KHTML, like Gecko) Chrome/150.0.7871.128 Mobile Safari/537.36 (compatible; GoogleOther)"
66.249.72.132 - - [23/Jul/2026:01:42:09 +0000] "GET /?e=6334099617 HTTP/1.1" 200 197003 "-" "Mozilla/5.0 (Linux; Android 6.0.1; Nexus 5X Build/MMB29P) AppleWebKit/537.36 (KHTML, like Gecko) Chrome/150.0.7871.128 Mobile Safari/537.36 (compatible; Googlebot/2.1; +http://www.google.com/bot.html)"
66.249.72.131 - - [23/Jul/2026:01:42:53 +0000] "GET /?h=8645774107 HTTP/1.1" 200 196726 "-" "Mozilla/5.0 (Linux; Android 6.0.1; Nexus 5X Build/MMB29P) AppleWebKit/537.36 (KHTML, like Gecko) Chrome/150.0.7871.128 Mobile Safari/537.36 (compatible; Googlebot/2.1; +http://www.google.com/bot.html)"
66.249.72.132 - - [23/Jul/2026:01:43:41 +0000] "GET /?x=97783245211 HTTP/1.1" 200 195502 "-" "Mozilla/5.0 (Linux; Android 6.0.1; Nexus 5X Build/MMB29P) AppleWebKit/537.36 (KHTML, like Gecko) Chrome/150.0.7871.128 Mobile Safari/537.36 (compatible; GoogleOther)"
66.249.72.130 - - [23/Jul/2026:01:43:52 +0000] "GET /?i=70026287536 HTTP/1.1" 200 194738 "-" "Mozilla/5.0 (Linux; Android 6.0.1; Nexus 5X Build/MMB29P) AppleWebKit/537.36 (KHTML, like Gecko) Chrome/150.0.7871.128 Mobile Safari/537.36 (compatible; Googlebot/2.1; +http://www.google.com/bot.html)"
66.249.72.132 - - [23/Jul/2026:01:44:30 +0000] "GET /?x=9778398071 HTTP/1.1" 200 197338 "-" "Mozilla/5.0 (Linux; Android 6.0.1; Nexus 5X Build/MMB29P) AppleWebKit/537.36 (KHTML, like Gecko) Chrome/150.0.7871.128 Mobile Safari/537.36 (compatible; GoogleOther)"
66.249.72.130 - - [23/Jul/2026:01:44:32 +0000] "GET /?e=8089070657 HTTP/1.1" 200 198731 "-" "Mozilla/5.0 (Linux; Android 6.0.1; Nexus 5X Build/MMB29P) AppleWebKit/537.36 (KHTML, like Gecko) Chrome/150.0.7871.128 Mobile Safari/537.36 (compatible; Googlebot/2.1; +http://www.google.com/bot.html)"
66.249.72.130 - - [23/Jul/2026:01:45:27 +0000] "GET /?h=8645777170 HTTP/1.1" 200 196115 "-" "Mozilla/5.0 (Linux; Android 6.0.1; Nexus 5X Build/MMB29P) AppleWebKit/537.36 (KHTML, like Gecko) Chrome/150.0.7871.128 Mobile Safari/537.36 (compatible; Googlebot/2.1; +http://www.google.com/bot.html)"
66.249.72.130 - - [23/Jul/2026:01:45:32 +0000] "GET /?h=86457113180 HTTP/1.1" 200 195314 "-" "Mozilla/5.0 (Linux; Android 6.0.1; Nexus 5X Build/MMB29P) AppleWebKit/537.36 (KHTML, like Gecko) Chrome/150.0.7871.128 Mobile Safari/537.36 (compatible; GoogleOther)"
66.249.72.131 - - [23/Jul/2026:01:46:10 +0000] "GET /?h=86457177551 HTTP/1.1" 200 198075 "-" "Mozilla/5.0 (Linux; Android 6.0.1; Nexus 5X Build/MMB29P) AppleWebKit/537.36 (KHTML, like Gecko) Chrome/150.0.7871.128 Mobile Safari/537.36 (compatible; GoogleOther)"
66.249.72.131 - - [23/Jul/2026:01:46:16 +0000] "GET /?e=8089078435 HTTP/1.1" 200 195646 "-" "Mozilla/5.0 (Linux; Android 6.0.1; Nexus 5X Build/MMB29P) AppleWebKit/537.36 (KHTML, like Gecko) Chrome/150.0.7871.128 Mobile Safari/537.36 (compatible; Googlebot/2.1; +http://www.google.com/bot.html)"
66.249.72.130 - - [23/Jul/2026:01:47:03 +0000] "GET /?x=97783252394 HTTP/1.1" 200 195902 "-" "Mozilla/5.0 (Linux; Android 6.0.1; Nexus 5X Build/MMB29P) AppleWebKit/537.36 (KHTML, like Gecko) Chrome/150.0.7871.128 Mobile Safari/537.36 (compatible; GoogleOther)"
66.249.72.130 - - [23/Jul/2026:01:47:10 +0000] "GET /?i=92360272692 HTTP/1.1" 200 196104 "-" "Mozilla/5.0 (Linux; Android 6.0.1; Nexus 5X Build/MMB29P) AppleWebKit/537.36 (KHTML, like Gecko) Chrome/150.0.7871.128 Mobile Safari/537.36 (compatible; Googlebot/2.1; +http://www.google.com/bot.html)"
66.249.72.130 - - [23/Jul/2026:01:47:27 +0000] "GET /?e=63340205093 HTTP/1.1" 200 196199 "-" "Mozilla/5.0 (Linux; Android 6.0.1; Nexus 5X Build/MMB29P) AppleWebKit/537.36 (KHTML, like Gecko) Chrome/150.0.7871.128 Mobile Safari/537.36 (compatible; GoogleOther)"
179.111.162.159 - - [23/Jul/2026:01:47:46 +0000] "GET /wp-json/wp/v2/users HTTP/1.1" 500 - "-" "Mozilla/4.0 (compatible; Win32; WinHttp.WinHttpRequest.5)"
179.111.162.159 - - [23/Jul/2026:01:48:08 +0000] "GET /wp-json/wp/v2/users HTTP/1.1" 500 - "-" "Mozilla/4.0 (compatible; Win32; WinHttp.WinHttpRequest.5)"
66.249.72.131 - - [23/Jul/2026:01:48:08 +0000] "GET /?e=8089080797 HTTP/1.1" 200 195324 "-" "Mozilla/5.0 (Linux; Android 6.0.1; Nexus 5X Build/MMB29P) AppleWebKit/537.36 (KHTML, like Gecko) Chrome/150.0.7871.128 Mobile Safari/537.36 (compatible; GoogleOther)"
66.249.72.130 - - [23/Jul/2026:01:48:09 +0000] "GET /?i=65372133879 HTTP/1.1" 200 194292 "-" "Mozilla/5.0 (Linux; Android 6.0.1; Nexus 5X Build/MMB29P) AppleWebKit/537.36 (KHTML, like Gecko) Chrome/150.0.7871.128 Mobile Safari/537.36 (compatible; Googlebot/2.1; +http://www.google.com/bot.html)"
66.249.72.130 - - [23/Jul/2026:01:48:18 +0000] "GET /?e=63340205093 HTTP/1.1" 200 196199 "-" "Mozilla/5.0 (Linux; Android 6.0.1; Nexus 5X Build/MMB29P) AppleWebKit/537.36 (KHTML, like Gecko) Chrome/150.0.7871.128 Mobile Safari/537.36 (compatible; Googlebot/2.1; +http://www.google.com/bot.html)"
198.177.124.148 - - [23/Jul/2026:01:48:40 +0000] "POST /wp-cron.php?doing_wp_cron=1784771320.1770200729370117187500 HTTP/1.1" 200 - "-" "WordPress/7.0.2; https://lizzystem100.shop"
179.111.162.159 - - [23/Jul/2026:01:48:37 +0000] "POST /xmlrpc.php HTTP/1.1" 200 403 "-" "Mozilla/5.0 (Macintosh; Intel Mac OS X 10_15_7; arm64) AppleWebKit/537.36 (KHTML, like Gecko) Safari/10.0.0.0 Safari/537.36"
179.111.162.159 - - [23/Jul/2026:01:48:43 +0000] "POST /xmlrpc.php HTTP/1.1" 200 403 "-" "Mozilla/5.0 (X11; Ubuntu; Linux x86_64; x64) AppleWebKit/537.36 (KHTML, like Gecko) Opera/79.0.0.0 Safari/537.36"
66.249.72.130 - - [23/Jul/2026:01:48:54 +0000] "GET /?t=76225168432 HTTP/1.1" 200 195557 "-" "Mozilla/5.0 (Linux; Android 6.0.1; Nexus 5X Build/MMB29P) AppleWebKit/537.36 (KHTML, like Gecko) Chrome/150.0.7871.128 Mobile Safari/537.36 (compatible; Googlebot/2.1; +http://www.google.com/bot.html)"
66.249.72.132 - - [23/Jul/2026:01:49:08 +0000] "GET /?e=8089080797 HTTP/1.1" 200 195324 "-" "Mozilla/5.0 (Linux; Android 6.0.1; Nexus 5X Build/MMB29P) AppleWebKit/537.36 (KHTML, like Gecko) Chrome/150.0.7871.128 Mobile Safari/537.36 (compatible; Googlebot/2.1; +http://www.google.com/bot.html)"
198.177.124.148 - - [23/Jul/2026:01:49:16 +0000] "POST /wp-cron.php?doing_wp_cron=1784771355.9750669002532958984375 HTTP/1.1" 200 - "-" "WordPress/7.0.2; https://lizzystem100.shop"
179.111.162.159 - - [23/Jul/2026:01:49:13 +0000] "POST /xmlrpc.php HTTP/1.1" 200 403 "-" "Mozilla/5.0 (X11; Ubuntu; Linux x86_64; x64) AppleWebKit/537.36 (KHTML, like Gecko) Firefox/80.0.0.0 Safari/537.36"
179.111.162.159 - - [23/Jul/2026:01:49:18 +0000] "POST /xmlrpc.php HTTP/1.1" 200 403 "-" "Mozilla/5.0 (Windows NT 10.0; x64) AppleWebKit/537.36 (KHTML, like Gecko) Safari/11.0.0.0 Safari/537.36"
66.249.72.130 - - [23/Jul/2026:01:49:24 +0000] "GET /?h=8645739364 HTTP/1.1" 200 194824 "-" "Mozilla/5.0 (Linux; Android 6.0.1; Nexus 5X Build/MMB29P) AppleWebKit/537.36 (KHTML, like Gecko) Chrome/150.0.7871.128 Mobile Safari/537.36 (compatible; GoogleOther)"
66.249.72.130 - - [23/Jul/2026:01:49:49 +0000] "GET /?i=92360232198 HTTP/1.1" 200 193568 "-" "Mozilla/5.0 (Linux; Android 6.0.1; Nexus 5X Build/MMB29P) AppleWebKit/537.36 (KHTML, like Gecko) Chrome/150.0.7871.128 Mobile Safari/537.36 (compatible; Googlebot/2.1; +http://www.google.com/bot.html)"
198.177.124.148 - - [23/Jul/2026:01:49:52 +0000] "POST /wp-cron.php?doing_wp_cron=1784771392.8755490779876708984375 HTTP/1.1" 200 - "-" "WordPress/7.0.2; https://lizzystem100.shop"
179.111.162.159 - - [23/Jul/2026:01:49:51 +0000] "POST /xmlrpc.php HTTP/1.1" 200 403 "-" "Mozilla/5.0 (Macintosh; Intel Mac OS X 10_15_7; x86) AppleWebKit/537.36 (KHTML, like Gecko) Safari/13.0.0.0 Safari/537.36"
179.111.162.159 - - [23/Jul/2026:01:49:52 +0000] "POST /xmlrpc.php HTTP/1.1" 200 403 "-" "Mozilla/5.0 (Macintosh; Intel Mac OS X 10_15_7; x86) AppleWebKit/537.36 (KHTML, like Gecko) Opera/73.0.0.0 Safari/537.36"
66.249.72.132 - - [23/Jul/2026:01:50:02 +0000] "GET /?h=86457112717 HTTP/1.1" 200 197170 "-" "Mozilla/5.0 (Linux; Android 6.0.1; Nexus 5X Build/MMB29P) AppleWebKit/537.36 (KHTML, like Gecko) Chrome/150.0.7871.128 Mobile Safari/537.36 (compatible; GoogleOther)"
66.249.72.131 - - [23/Jul/2026:01:50:11 +0000] "GET /?x=97783252394 HTTP/1.1" 200 195902 "-" "Mozilla/5.0 (Linux; Android 6.0.1; Nexus 5X Build/MMB29P) AppleWebKit/537.36 (KHTML, like Gecko) Chrome/150.0.7871.128 Mobile Safari/537.36 (compatible; Googlebot/2.1; +http://www.google.com/bot.html)"
66.249.72.130 - - [23/Jul/2026:01:50:16 +0000] "GET /?h=86457176224 HTTP/1.1" 200 196696 "-" "Mozilla/5.0 (Linux; Android 6.0.1; Nexus 5X Build/MMB29P) AppleWebKit/537.36 (KHTML, like Gecko) Chrome/150.0.7871.128 Mobile Safari/537.36 (compatible; GoogleOther)"
179.111.162.159 - - [23/Jul/2026:01:50:26 +0000] "POST /xmlrpc.php HTTP/1.1" 200 403 "-" "Mozilla/5.0 (Macintosh; Intel Mac OS X 10_15_7; arm64) AppleWebKit/537.36 (KHTML, like Gecko) Firefox/70.0.0.0 Safari/537.36"
179.111.162.159 - - [23/Jul/2026:01:50:27 +0000] "POST /xmlrpc.php HTTP/1.1" 200 403 "-" "Mozilla/5.0 (Linux; Android 10; x64) AppleWebKit/537.36 (KHTML, like Gecko) Edge/94.0.0.0 Safari/537.36"
66.249.72.130 - - [23/Jul/2026:01:50:51 +0000] "GET /?t=7622539982 HTTP/1.1" 200 193184 "-" "Mozilla/5.0 (Linux; Android 6.0.1; Nexus 5X Build/MMB29P) AppleWebKit/537.36 (KHTML, like Gecko) Chrome/150.0.7871.128 Mobile Safari/537.36 (compatible; Googlebot/2.1; +http://www.google.com/bot.html)"
66.249.72.130 - - [23/Jul/2026:01:51:01 +0000] "GET /?q=13848106520 HTTP/1.1" 200 195212 "-" "Mozilla/5.0 (Linux; Android 6.0.1; Nexus 5X Build/MMB29P) AppleWebKit/537.36 (KHTML, like Gecko) Chrome/150.0.7871.128 Mobile Safari/537.36 (compatible; Googlebot/2.1; +http://www.google.com/bot.html)"
198.177.124.148 - - [23/Jul/2026:01:51:06 +0000] "POST /wp-cron.php?doing_wp_cron=1784771466.7758479118347167968750 HTTP/1.1" 200 - "-" "WordPress/7.0.2; https://lizzystem100.shop"
179.111.162.159 - - [23/Jul/2026:01:51:04 +0000] "POST /xmlrpc.php HTTP/1.1" 200 403 "-" "Mozilla/5.0 (X11; Ubuntu; Linux x86_64; x86) AppleWebKit/537.36 (KHTML, like Gecko) Safari/10.0.0.0 Safari/537.36"
179.111.162.159 - - [23/Jul/2026:01:51:05 +0000] "POST /xmlrpc.php HTTP/1.1" 200 403 "-" "Mozilla/5.0 (Windows NT 10.0; x86) AppleWebKit/537.36 (KHTML, like Gecko) Safari/10.0.0.0 Safari/537.36"
179.111.162.159 - - [23/Jul/2026:01:51:42 +0000] "POST /xmlrpc.php HTTP/1.1" 200 403 "-" "Mozilla/5.0 (Windows NT 10.0; arm64) AppleWebKit/537.36 (KHTML, like Gecko) Safari/10.0.0.0 Safari/537.36"
179.111.162.159 - - [23/Jul/2026:01:51:43 +0000] "POST /xmlrpc.php HTTP/1.1" 200 403 "-" "Mozilla/5.0 (Linux; Android 10; arm64) AppleWebKit/537.36 (KHTML, like Gecko) Safari/12.0.0.0 Safari/537.36"
66.249.72.131 - - [23/Jul/2026:01:52:08 +0000] "GET /?e=8089063466 HTTP/1.1" 200 198523 "-" "Mozilla/5.0 (Linux; Android 6.0.1; Nexus 5X Build/MMB29P) AppleWebKit/537.36 (KHTML, like Gecko) Chrome/150.0.7871.128 Mobile Safari/537.36 (compatible; Googlebot/2.1; +http://www.google.com/bot.html)"
198.177.124.148 - - [23/Jul/2026:01:52:27 +0000] "POST /wp-cron.php?doing_wp_cron=1784771547.8982479572296142578125 HTTP/1.1" 200 - "-" "WordPress/7.0.2; https://lizzystem100.shop"
179.111.162.159 - - [23/Jul/2026:01:52:26 +0000] "POST /xmlrpc.php HTTP/1.1" 200 403 "-" "Mozilla/5.0 (Macintosh; Intel Mac OS X 10_15_7; x86) AppleWebKit/537.36 (KHTML, like Gecko) Safari/11.0.0.0 Safari/537.36"
179.111.162.159 - - [23/Jul/2026:01:52:28 +0000] "POST /xmlrpc.php HTTP/1.1" 200 403 "-" "Mozilla/5.0 (Windows NT 6.2; x86) AppleWebKit/537.36 (KHTML, like Gecko) Safari/12.0.0.0 Safari/537.36"
66.249.72.131 - - [23/Jul/2026:01:52:55 +0000] "GET /?x=97783246264 HTTP/1.1" 200 194334 "-" "Mozilla/5.0 (Linux; Android 6.0.1; Nexus 5X Build/MMB29P) AppleWebKit/537.36 (KHTML, like Gecko) Chrome/150.0.7871.128 Mobile Safari/537.36 (compatible; GoogleOther)"
198.177.124.148 - - [23/Jul/2026:01:53:07 +0000] "POST /wp-cron.php?doing_wp_cron=1784771587.8367559909820556640625 HTTP/1.1" 200 - "-" "WordPress/7.0.2; https://lizzystem100.shop"
179.111.162.159 - - [23/Jul/2026:01:53:06 +0000] "POST /xmlrpc.php HTTP/1.1" 200 403 "-" "Mozilla/5.0 (Windows NT 10.0; x64) AppleWebKit/537.36 (KHTML, like Gecko) Firefox/94.0.0.0 Safari/537.36"
66.249.72.132 - - [23/Jul/2026:01:53:08 +0000] "GET /?i=92360212233 HTTP/1.1" 200 195474 "-" "Mozilla/5.0 (Linux; Android 6.0.1; Nexus 5X Build/MMB29P) AppleWebKit/537.36 (KHTML, like Gecko) Chrome/150.0.7871.128 Mobile Safari/537.36 (compatible; Googlebot/2.1; +http://www.google.com/bot.html)"
179.111.162.159 - - [23/Jul/2026:01:53:12 +0000] "POST /xmlrpc.php HTTP/1.1" 200 403 "-" "Mozilla/5.0 (Windows NT 6.2; arm64) AppleWebKit/537.36 (KHTML, like Gecko) Firefox/91.0.0.0 Safari/537.36"
66.249.72.130 - - [23/Jul/2026:01:53:42 +0000] "GET /?x=9778318649 HTTP/1.1" 200 197917 "-" "Mozilla/5.0 (Linux; Android 6.0.1; Nexus 5X Build/MMB29P) AppleWebKit/537.36 (KHTML, like Gecko) Chrome/150.0.7871.128 Mobile Safari/537.36 (compatible; GoogleOther)"
198.177.124.148 - - [23/Jul/2026:01:53:48 +0000] "POST /wp-cron.php?doing_wp_cron=1784771628.6282660961151123046875 HTTP/1.1" 200 - "-" "WordPress/7.0.2; https://lizzystem100.shop"
179.111.162.159 - - [23/Jul/2026:01:53:46 +0000] "POST /xmlrpc.php HTTP/1.1" 200 403 "-" "Mozilla/5.0 (X11; Ubuntu; Linux x86_64; x64) AppleWebKit/537.36 (KHTML, like Gecko) Safari/14.0.0.0 Safari/537.36"
179.111.162.159 - - [23/Jul/2026:01:53:57 +0000] "POST /xmlrpc.php HTTP/1.1" 200 403 "-" "Mozilla/5.0 (Windows NT 10.0; x64) AppleWebKit/537.36 (KHTML, like Gecko) Firefox/99.0.0.0 Safari/537.36"
66.249.72.130 - - [23/Jul/2026:01:54:04 +0000] "GET /?h=86457184358 HTTP/1.1" 200 207912 "-" "Mozilla/5.0 (Linux; Android 6.0.1; Nexus 5X Build/MMB29P) AppleWebKit/537.36 (KHTML, like Gecko) Chrome/150.0.7871.128 Mobile Safari/537.36 (compatible; GoogleOther)"
66.249.72.130 - - [23/Jul/2026:01:54:10 +0000] "GET /?i=70026273120 HTTP/1.1" 200 194324 "-" "Mozilla/5.0 (Linux; Android 6.0.1; Nexus 5X Build/MMB29P) AppleWebKit/537.36 (KHTML, like Gecko) Chrome/150.0.7871.128 Mobile Safari/537.36 (compatible; Googlebot/2.1; +http://www.google.com/bot.html)"
66.249.72.130 - - [23/Jul/2026:01:54:27 +0000] "GET /?x=97783145341 HTTP/1.1" 200 195893 "-" "Mozilla/5.0 (Linux; Android 6.0.1; Nexus 5X Build/MMB29P) AppleWebKit/537.36 (KHTML, like Gecko) Chrome/150.0.7871.128 Mobile Safari/537.36 (compatible; GoogleOther)"
179.111.162.159 - - [23/Jul/2026:01:54:30 +0000] "POST /xmlrpc.php HTTP/1.1" 200 403 "-" "Mozilla/5.0 (Windows NT 10.0; arm64) AppleWebKit/537.36 (KHTML, like Gecko) Edge/98.0.0.0 Safari/537.36"
179.111.162.159 - - [23/Jul/2026:01:54:40 +0000] "POST /xmlrpc.php HTTP/1.1" 200 403 "-" "Mozilla/5.0 (Windows NT 6.3; arm64) AppleWebKit/537.36 (KHTML, like Gecko) Firefox/77.0.0.0 Safari/537.36"
66.249.72.132 - - [23/Jul/2026:01:54:45 +0000] "GET /?k=6841664567 HTTP/1.1" 200 196859 "-" "Mozilla/5.0 (Linux; Android 6.0.1; Nexus 5X Build/MMB29P) AppleWebKit/537.36 (KHTML, like Gecko) Chrome/150.0.7871.128 Mobile Safari/537.36 (compatible; Googlebot/2.1; +http://www.google.com/bot.html)"
66.249.72.132 - - [23/Jul/2026:01:54:47 +0000] "GET /?x=97783218928 HTTP/1.1" 200 195120 "-" "Mozilla/5.0 (Linux; Android 6.0.1; Nexus 5X Build/MMB29P) AppleWebKit/537.36 (KHTML, like Gecko) Chrome/150.0.7871.128 Mobile Safari/537.36 (compatible; GoogleOther)"
66.249.72.131 - - [23/Jul/2026:01:54:51 +0000] "GET /?h=86457202610 HTTP/1.1" 200 195072 "-" "Mozilla/5.0 (Linux; Android 6.0.1; Nexus 5X Build/MMB29P) AppleWebKit/537.36 (KHTML, like Gecko) Chrome/150.0.7871.128 Mobile Safari/537.36 (compatible; Googlebot/2.1; +http://www.google.com/bot.html)"
66.249.72.130 - - [23/Jul/2026:01:55:09 +0000] "GET /?h=8645726126 HTTP/1.1" 200 198421 "-" "Mozilla/5.0 (Linux; Android 6.0.1; Nexus 5X Build/MMB29P) AppleWebKit/537.36 (KHTML, like Gecko) Chrome/150.0.7871.128 Mobile Safari/537.36 (compatible; GoogleOther)"
198.177.124.148 - - [23/Jul/2026:01:55:17 +0000] "POST /wp-cron.php?doing_wp_cron=1784771717.0945260524749755859375 HTTP/1.1" 200 - "-" "WordPress/7.0.2; https://lizzystem100.shop"
179.111.162.159 - - [23/Jul/2026:01:55:14 +0000] "POST /xmlrpc.php HTTP/1.1" 200 403 "-" "Mozilla/5.0 (Windows NT 6.3; x86) AppleWebKit/537.36 (KHTML, like Gecko) Edge/98.0.0.0 Safari/537.36"
66.249.72.131 - - [23/Jul/2026:01:55:25 +0000] "GET /?x=97783232867 HTTP/1.1" 200 194510 "-" "Mozilla/5.0 (Linux; Android 6.0.1; Nexus 5X Build/MMB29P) AppleWebKit/537.36 (KHTML, like Gecko) Chrome/150.0.7871.128 Mobile Safari/537.36 (compatible; Googlebot/2.1; +http://www.google.com/bot.html)"
179.111.162.159 - - [23/Jul/2026:01:55:24 +0000] "POST /xmlrpc.php HTTP/1.1" 200 403 "-" "Mozilla/5.0 (Macintosh; Intel Mac OS X 10_15_7; arm64) AppleWebKit/537.36 (KHTML, like Gecko) Safari/11.0.0.0 Safari/537.36"
66.249.72.130 - - [23/Jul/2026:01:55:31 +0000] "GET /?h=86457167460 HTTP/1.1" 200 195395 "-" "Mozilla/5.0 (Linux; Android 6.0.1; Nexus 5X Build/MMB29P) AppleWebKit/537.36 (KHTML, like Gecko) Chrome/150.0.7871.128 Mobile Safari/537.36 (compatible; GoogleOther)"
66.249.72.130 - - [23/Jul/2026:01:55:38 +0000] "GET /%E3%82%A2%E3%83%A9%E3%82%B8%E3%83%B3%20%E3%82%B0%E3%83%A9%E3%83%95%E3%82%A1%E3%82%A4%E3%83%88%E3%82%B0%E3%83%AA%E3%83%AB%EF%BC%86%E3%83%88%E3%83%BC%E3%82%B9%E3%82%BF%E3%83%BCAGT-G13A%20agtg13a_2.jpg HTTP/1.1" 200 195082 "-" "Googlebot-Image/1.0"
198.177.124.148 - - [23/Jul/2026:01:56:00 +0000] "POST /wp-cron.php?doing_wp_cron=1784771760.8907320499420166015625 HTTP/1.1" 200 - "-" "WordPress/7.0.2; https://lizzystem100.shop"
179.111.162.159 - - [23/Jul/2026:01:55:58 +0000] "POST /xmlrpc.php HTTP/1.1" 200 403 "-" "Mozilla/5.0 (X11; Ubuntu; Linux x86_64; x64) AppleWebKit/537.36 (KHTML, like Gecko) Edge/97.0.0.0 Safari/537.36"
179.111.162.159 - - [23/Jul/2026:01:56:08 +0000] "POST /xmlrpc.php HTTP/1.1" 200 403 "-" "Mozilla/5.0 (Windows NT 6.2; x86) AppleWebKit/537.36 (KHTML, like Gecko) Opera/80.0.0.0 Safari/537.36"
66.249.72.131 - - [23/Jul/2026:01:56:30 +0000] "GET /?t=76225160045 HTTP/1.1" 200 194333 "-" "Mozilla/5.0 (Linux; Android 6.0.1; Nexus 5X Build/MMB29P) AppleWebKit/537.36 (KHTML, like Gecko) Chrome/150.0.7871.128 Mobile Safari/537.36 (compatible; Googlebot/2.1; +http://www.google.com/bot.html)"
179.111.162.159 - - [23/Jul/2026:01:56:34 +0000] "POST /xmlrpc.php HTTP/1.1" 200 403 "-" "Mozilla/5.0 (Windows NT 6.3; x64) AppleWebKit/537.36 (KHTML, like Gecko) Edge/96.0.0.0 Safari/537.36"
198.177.124.148 - - [23/Jul/2026:01:56:50 +0000] "POST /wp-cron.php?doing_wp_cron=1784771810.7299818992614746093750 HTTP/1.1" 200 - "-" "WordPress/7.0.2; https://lizzystem100.shop"
179.111.162.159 - - [23/Jul/2026:01:56:48 +0000] "POST /xmlrpc.php HTTP/1.1" 200 403 "-" "Mozilla/5.0 (Macintosh; Intel Mac OS X 10_15_7; arm64) AppleWebKit/537.36 (KHTML, like Gecko) Firefox/89.0.0.0 Safari/537.36"
66.249.72.130 - - [23/Jul/2026:01:57:00 +0000] "GET /?h=86457114298 HTTP/1.1" 200 197476 "-" "Mozilla/5.0 (Linux; Android 6.0.1; Nexus 5X Build/MMB29P) AppleWebKit/537.36 (KHTML, like Gecko) Chrome/150.0.7871.128 Mobile Safari/537.36 (compatible; GoogleOther)"
179.111.162.159 - - [23/Jul/2026:01:57:10 +0000] "POST /xmlrpc.php HTTP/1.1" 200 403 "-" "Mozilla/5.0 (X11; Ubuntu; Linux x86_64; x64) AppleWebKit/537.36 (KHTML, like Gecko) Safari/14.0.0.0 Safari/537.36"
66.249.72.130 - - [23/Jul/2026:01:57:13 +0000] "GET /?i=70026147821 HTTP/1.1" 200 194638 "-" "Mozilla/5.0 (Linux; Android 6.0.1; Nexus 5X Build/MMB29P) AppleWebKit/537.36 (KHTML, like Gecko) Chrome/150.0.7871.128 Mobile Safari/537.36 (compatible; Googlebot/2.1; +http://www.google.com/bot.html)"
66.249.72.130 - - [23/Jul/2026:01:57:25 +0000] "GET /contents/reform/ HTTP/1.1" 200 198124 "-" "Mozilla/5.0 (Linux; Android 6.0.1; Nexus 5X Build/MMB29P) AppleWebKit/537.36 (KHTML, like Gecko) Chrome/150.0.7871.128 Mobile Safari/537.36 (compatible; GoogleOther)"
179.111.162.159 - - [23/Jul/2026:01:57:29 +0000] "POST /xmlrpc.php HTTP/1.1" 200 403 "-" "Mozilla/5.0 (Windows NT 10.0; x86) AppleWebKit/537.36 (KHTML, like Gecko) Safari/12.0.0.0 Safari/537.36"
66.249.72.130 - - [23/Jul/2026:01:57:34 +0000] "GET /?h=8645729440 HTTP/1.1" 200 195265 "-" "Mozilla/5.0 (Linux; Android 6.0.1; Nexus 5X Build/MMB29P) AppleWebKit/537.36 (KHTML, like Gecko) Chrome/150.0.7871.128 Mobile Safari/537.36 (compatible; GoogleOther)"
198.177.124.148 - - [23/Jul/2026:01:57:50 +0000] "POST /wp-cron.php?doing_wp_cron=1784771870.7888660430908203125000 HTTP/1.1" 200 - "-" "WordPress/7.0.2; https://lizzystem100.shop"
179.111.162.159 - - [23/Jul/2026:01:57:48 +0000] "POST /xmlrpc.php HTTP/1.1" 200 403 "-" "Mozilla/5.0 (X11; Ubuntu; Linux x86_64; arm64) AppleWebKit/537.36 (KHTML, like Gecko) Edge/83.0.0.0 Safari/537.36"
179.111.162.159 - - [23/Jul/2026:01:58:08 +0000] "POST /xmlrpc.php HTTP/1.1" 200 403 "-" "Mozilla/5.0 (Windows NT 6.2; x86) AppleWebKit/537.36 (KHTML, like Gecko) Safari/10.0.0.0 Safari/537.36"
66.249.72.130 - - [23/Jul/2026:01:58:14 +0000] "GET /?e=8089055115 HTTP/1.1" 200 197028 "-" "Mozilla/5.0 (Linux; Android 6.0.1; Nexus 5X Build/MMB29P) AppleWebKit/537.36 (KHTML, like Gecko) Chrome/150.0.7871.128 Mobile Safari/537.36 (compatible; Googlebot/2.1; +http://www.google.com/bot.html)"
66.249.72.130 - - [23/Jul/2026:01:58:17 +0000] "GET /?i=65372196499 HTTP/1.1" 200 194823 "-" "Mozilla/5.0 (Linux; Android 6.0.1; Nexus 5X Build/MMB29P) AppleWebKit/537.36 (KHTML, like Gecko) Chrome/150.0.7871.128 Mobile Safari/537.36 (compatible; Googlebot/2.1; +http://www.google.com/bot.html)"
179.111.162.159 - - [23/Jul/2026:01:58:26 +0000] "POST /xmlrpc.php HTTP/1.1" 200 403 "-" "Mozilla/5.0 (X11; Ubuntu; Linux x86_64; x64) AppleWebKit/537.36 (KHTML, like Gecko) Safari/14.0.0.0 Safari/537.36"
198.177.124.148 - - [23/Jul/2026:01:58:49 +0000] "POST /wp-cron.php?doing_wp_cron=1784771929.5558850765228271484375 HTTP/1.1" 200 - "-" "WordPress/7.0.2; https://lizzystem100.shop"
179.111.162.159 - - [23/Jul/2026:01:58:48 +0000] "POST /xmlrpc.php HTTP/1.1" 200 403 "-" "Mozilla/5.0 (X11; Ubuntu; Linux x86_64; x64) AppleWebKit/537.36 (KHTML, like Gecko) Safari/11.0.0.0 Safari/537.36"
66.249.72.131 - - [23/Jul/2026:01:58:52 +0000] "GET /?h=86457252304 HTTP/1.1" 200 195026 "-" "Mozilla/5.0 (Linux; Android 6.0.1; Nexus 5X Build/MMB29P) AppleWebKit/537.36 (KHTML, like Gecko) Chrome/150.0.7871.128 Mobile Safari/537.36 (compatible; GoogleOther)"
66.249.72.132 - - [23/Jul/2026:01:59:03 +0000] "GET /?i=9236095041 HTTP/1.1" 200 195863 "-" "Mozilla/5.0 (Linux; Android 6.0.1; Nexus 5X Build/MMB29P) AppleWebKit/537.36 (KHTML, like Gecko) Chrome/150.0.7871.128 Mobile Safari/537.36 (compatible; Googlebot/2.1; +http://www.google.com/bot.html)"
179.111.162.159 - - [23/Jul/2026:01:59:02 +0000] "POST /xmlrpc.php HTTP/1.1" 200 403 "-" "Mozilla/5.0 (X11; Ubuntu; Linux x86_64; arm64) AppleWebKit/537.36 (KHTML, like Gecko) Chrome/85.0.0.0 Safari/537.36"
179.111.162.159 - - [23/Jul/2026:01:59:26 +0000] "POST /xmlrpc.php HTTP/1.1" 200 403 "-" "Mozilla/5.0 (Linux; Android 10; arm64) AppleWebKit/537.36 (KHTML, like Gecko) Chrome/81.0.0.0 Safari/537.36"
179.111.162.159 - - [23/Jul/2026:01:59:29 +0000] "POST /xmlrpc.php HTTP/1.1" 200 403 "-" "Mozilla/5.0 (Linux; Android 10; x86) AppleWebKit/537.36 (KHTML, like Gecko) Firefox/82.0.0.0 Safari/537.36"
66.249.72.130 - - [23/Jul/2026:01:59:38 +0000] "GET /?e=63340205049 HTTP/1.1" 200 198179 "-" "Mozilla/5.0 (Linux; Android 6.0.1; Nexus 5X Build/MMB29P) AppleWebKit/537.36 (KHTML, like Gecko) Chrome/150.0.7871.128 Mobile Safari/537.36 (compatible; Googlebot/2.1; +http://www.google.com/bot.html)"
198.177.124.148 - - [23/Jul/2026:01:59:57 +0000] "POST /wp-cron.php?doing_wp_cron=1784771997.5226809978485107421875 HTTP/1.1" 200 - "-" "WordPress/7.0.2; https://lizzystem100.shop"
179.111.162.159 - - [23/Jul/2026:01:59:54 +0000] "POST /xmlrpc.php HTTP/1.1" 200 403 "-" "Mozilla/5.0 (Windows NT 6.2; x86) AppleWebKit/537.36 (KHTML, like Gecko) Chrome/92.0.0.0 Safari/537.36"
179.111.162.159 - - [23/Jul/2026:01:59:55 +0000] "POST /xmlrpc.php HTTP/1.1" 200 403 "-" "Mozilla/5.0 (X11; Ubuntu; Linux x86_64; arm64) AppleWebKit/537.36 (KHTML, like Gecko) Opera/76.0.0.0 Safari/537.36"
66.249.72.132 - - [23/Jul/2026:02:00:16 +0000] "GET /?e=63340206989 HTTP/1.1" 200 196373 "-" "Mozilla/5.0 (Linux; Android 6.0.1; Nexus 5X Build/MMB29P) AppleWebKit/537.36 (KHTML, like Gecko) Chrome/150.0.7871.128 Mobile Safari/537.36 (compatible; Googlebot/2.1; +http://www.google.com/bot.html)"
179.111.162.159 - - [23/Jul/2026:02:00:22 +0000] "POST /xmlrpc.php HTTP/1.1" 200 403 "-" "Mozilla/5.0 (X11; Ubuntu; Linux x86_64; arm64) AppleWebKit/537.36 (KHTML, like Gecko) Chrome/105.0.0.0 Safari/537.36"
179.111.162.159 - - [23/Jul/2026:02:00:23 +0000] "POST /xmlrpc.php HTTP/1.1" 200 403 "-" "Mozilla/5.0 (Windows NT 6.3; arm64) AppleWebKit/537.36 (KHTML, like Gecko) Safari/11.0.0.0 Safari/537.36"
66.249.72.130 - - [23/Jul/2026:02:00:45 +0000] "GET /contents/reform/ HTTP/1.1" 200 198124 "-" "Mozilla/5.0 (Linux; Android 6.0.1; Nexus 5X Build/MMB29P) AppleWebKit/537.36 (KHTML, like Gecko) Chrome/150.0.7871.128 Mobile Safari/537.36 (compatible; Googlebot/2.1; +http://www.google.com/bot.html)"
198.177.124.148 - - [23/Jul/2026:02:00:55 +0000] "POST /wp-cron.php?doing_wp_cron=1784772055.0680150985717773437500 HTTP/1.1" 200 - "-" "WordPress/7.0.2; https://lizzystem100.shop"
179.111.162.159 - - [23/Jul/2026:02:00:52 +0000] "POST /xmlrpc.php HTTP/1.1" 200 403 "-" "Mozilla/5.0 (X11; Ubuntu; Linux x86_64; x64) AppleWebKit/537.36 (KHTML, like Gecko) Opera/72.0.0.0 Safari/537.36"
179.111.162.159 - - [23/Jul/2026:02:00:52 +0000] "POST /xmlrpc.php HTTP/1.1" 200 403 "-" "Mozilla/5.0 (Macintosh; Intel Mac OS X 10_15_7; x86) AppleWebKit/537.36 (KHTML, like Gecko) Edge/95.0.0.0 Safari/537.36"
66.249.72.132 - - [23/Jul/2026:02:01:04 +0000] "GET /?i=92360125152 HTTP/1.1" 200 193932 "-" "Mozilla/5.0 (Linux; Android 6.0.1; Nexus 5X Build/MMB29P) AppleWebKit/537.36 (KHTML, like Gecko) Chrome/150.0.7871.128 Mobile Safari/537.36 (compatible; GoogleOther)"
66.249.72.130 - - [23/Jul/2026:02:01:13 +0000] "GET /?h=8645727774 HTTP/1.1" 200 196417 "-" "Mozilla/5.0 (Linux; Android 6.0.1; Nexus 5X Build/MMB29P) AppleWebKit/537.36 (KHTML, like Gecko) Chrome/150.0.7871.128 Mobile Safari/537.36 (compatible; Googlebot/2.1; +http://www.google.com/bot.html)"
179.111.162.159 - - [23/Jul/2026:02:01:19 +0000] "POST /xmlrpc.php HTTP/1.1" 200 403 "-" "Mozilla/5.0 (Windows NT 6.2; x86) AppleWebKit/537.36 (KHTML, like Gecko) Edge/99.0.0.0 Safari/537.36"
179.111.162.159 - - [23/Jul/2026:02:01:19 +0000] "POST /xmlrpc.php HTTP/1.1" 200 403 "-" "Mozilla/5.0 (Windows NT 6.2; arm64) AppleWebKit/537.36 (KHTML, like Gecko) Opera/80.0.0.0 Safari/537.36"
198.177.124.148 - - [23/Jul/2026:02:01:49 +0000] "POST /wp-cron.php?doing_wp_cron=1784772109.8415429592132568359375 HTTP/1.1" 200 - "-" "WordPress/7.0.2; https://lizzystem100.shop"
179.111.162.159 - - [23/Jul/2026:02:01:47 +0000] "POST /xmlrpc.php HTTP/1.1" 200 403 "-" "Mozilla/5.0 (X11; Ubuntu; Linux x86_64; x64) AppleWebKit/537.36 (KHTML, like Gecko) Edge/80.0.0.0 Safari/537.36"
66.249.72.131 - - [23/Jul/2026:02:01:49 +0000] "GET /?h=8645733829 HTTP/1.1" 200 198680 "-" "Mozilla/5.0 (Linux; Android 6.0.1; Nexus 5X Build/MMB29P) AppleWebKit/537.36 (KHTML, like Gecko) Chrome/150.0.7871.128 Mobile Safari/537.36 (compatible; Googlebot/2.1; +http://www.google.com/bot.html)"
179.111.162.159 - - [23/Jul/2026:02:01:47 +0000] "POST /xmlrpc.php HTTP/1.1" 200 403 "-" "Mozilla/5.0 (Windows NT 6.3; x86) AppleWebKit/537.36 (KHTML, like Gecko) Edge/92.0.0.0 Safari/537.36"
66.249.72.132 - - [23/Jul/2026:02:02:12 +0000] "GET /?i=92360125152 HTTP/1.1" 200 193932 "-" "Mozilla/5.0 (Linux; Android 6.0.1; Nexus 5X Build/MMB29P) AppleWebKit/537.36 (KHTML, like Gecko) Chrome/150.0.7871.128 Mobile Safari/537.36 (compatible; Googlebot/2.1; +http://www.google.com/bot.html)"
179.111.162.159 - - [23/Jul/2026:02:02:15 +0000] "POST /xmlrpc.php HTTP/1.1" 200 403 "-" "Mozilla/5.0 (Linux; Android 10; x86) AppleWebKit/537.36 (KHTML, like Gecko) Chrome/80.0.0.0 Safari/537.36"
179.111.162.159 - - [23/Jul/2026:02:02:15 +0000] "POST /xmlrpc.php HTTP/1.1" 200 403 "-" "Mozilla/5.0 (Windows NT 10.0; x86) AppleWebKit/537.36 (KHTML, like Gecko) Opera/74.0.0.0 Safari/537.36"
66.249.72.131 - - [23/Jul/2026:02:02:22 +0000] "GET /?i=65372122489 HTTP/1.1" 200 194498 "-" "Mozilla/5.0 (Linux; Android 6.0.1; Nexus 5X Build/MMB29P) AppleWebKit/537.36 (KHTML, like Gecko) Chrome/150.0.7871.128 Mobile Safari/537.36 (compatible; GoogleOther)"
179.111.162.159 - - [23/Jul/2026:02:02:43 +0000] "POST /xmlrpc.php HTTP/1.1" 200 403 "-" "Mozilla/5.0 (Windows NT 6.3; x64) AppleWebKit/537.36 (KHTML, like Gecko) Chrome/107.0.0.0 Safari/537.36"
179.111.162.159 - - [23/Jul/2026:02:02:43 +0000] "POST /xmlrpc.php HTTP/1.1" 200 403 "-" "Mozilla/5.0 (Windows NT 10.0; x86) AppleWebKit/537.36 (KHTML, like Gecko) Edge/93.0.0.0 Safari/537.36"
66.249.72.131 - - [23/Jul/2026:02:03:08 +0000] "GET /?i=92360291411 HTTP/1.1" 200 195235 "-" "Mozilla/5.0 (Linux; Android 6.0.1; Nexus 5X Build/MMB29P) AppleWebKit/537.36 (KHTML, like Gecko) Chrome/150.0.7871.128 Mobile Safari/537.36 (compatible; Googlebot/2.1; +http://www.google.com/bot.html)"
198.177.124.148 - - [23/Jul/2026:02:03:12 +0000] "POST /wp-cron.php?doing_wp_cron=1784772192.8433248996734619140625 HTTP/1.1" 200 - "-" "WordPress/7.0.2; https://lizzystem100.shop"
179.111.162.159 - - [23/Jul/2026:02:03:10 +0000] "POST /xmlrpc.php HTTP/1.1" 200 403 "-" "Mozilla/5.0 (Linux; Android 10; x86) AppleWebKit/537.36 (KHTML, like Gecko) Safari/13.0.0.0 Safari/537.36"
66.249.72.130 - - [23/Jul/2026:02:03:12 +0000] "GET /?t=76225200304 HTTP/1.1" 200 189583 "-" "Mozilla/5.0 (Linux; Android 6.0.1; Nexus 5X Build/MMB29P) AppleWebKit/537.36 (KHTML, like Gecko) Chrome/150.0.7871.128 Mobile Safari/537.36 (compatible; GoogleOther)"
179.111.162.159 - - [23/Jul/2026:02:03:11 +0000] "POST /xmlrpc.php HTTP/1.1" 200 403 "-" "Mozilla/5.0 (X11; Ubuntu; Linux x86_64; arm64) AppleWebKit/537.36 (KHTML, like Gecko) Firefox/89.0.0.0 Safari/537.36"
179.111.162.159 - - [23/Jul/2026:02:03:38 +0000] "POST /xmlrpc.php HTTP/1.1" 200 403 "-" "Mozilla/5.0 (Windows NT 6.2; arm64) AppleWebKit/537.36 (KHTML, like Gecko) Firefox/91.0.0.0 Safari/537.36"
179.111.162.159 - - [23/Jul/2026:02:03:39 +0000] "POST /xmlrpc.php HTTP/1.1" 200 403 "-" "Mozilla/5.0 (Windows NT 10.0; x64) AppleWebKit/537.36 (KHTML, like Gecko) Safari/15.0.0.0 Safari/537.36"
66.249.72.130 - - [23/Jul/2026:02:03:53 +0000] "GET /?i=70026244075 HTTP/1.1" 200 195847 "-" "Mozilla/5.0 (Linux; Android 6.0.1; Nexus 5X Build/MMB29P) AppleWebKit/537.36 (KHTML, like Gecko) Chrome/150.0.7871.128 Mobile Safari/537.36 (compatible; Googlebot/2.1; +http://www.google.com/bot.html)"
66.249.72.130 - - [23/Jul/2026:02:03:55 +0000] "GET /?i=92360105482 HTTP/1.1" 200 196641 "-" "Mozilla/5.0 (Linux; Android 6.0.1; Nexus 5X Build/MMB29P) AppleWebKit/537.36 (KHTML, like Gecko) Chrome/150.0.7871.128 Mobile Safari/537.36 (compatible; GoogleOther)"
198.177.124.148 - - [23/Jul/2026:02:04:08 +0000] "POST /wp-cron.php?doing_wp_cron=1784772248.2828650474548339843750 HTTP/1.1" 200 - "-" "WordPress/7.0.2; https://lizzystem100.shop"
179.111.162.159 - - [23/Jul/2026:02:04:05 +0000] "POST /xmlrpc.php HTTP/1.1" 200 403 "-" "Mozilla/5.0 (Windows NT 6.2; arm64) AppleWebKit/537.36 (KHTML, like Gecko) Edge/96.0.0.0 Safari/537.36"
179.111.162.159 - - [23/Jul/2026:02:04:07 +0000] "POST /xmlrpc.php HTTP/1.1" 200 403 "-" "Mozilla/5.0 (Macintosh; Intel Mac OS X 10_15_7; x64) AppleWebKit/537.36 (KHTML, like Gecko) Opera/77.0.0.0 Safari/537.36"
66.249.72.131 - - [23/Jul/2026:02:04:19 +0000] "GET /?q=1384860263 HTTP/1.1" 200 195597 "-" "Mozilla/5.0 (Linux; Android 6.0.1; Nexus 5X Build/MMB29P) AppleWebKit/537.36 (KHTML, like Gecko) Chrome/150.0.7871.128 Mobile Safari/537.36 (compatible; Googlebot/2.1; +http://www.google.com/bot.html)"
66.249.72.131 - - [23/Jul/2026:02:04:19 +0000] "GET /?e=63340219109 HTTP/1.1" 200 194716 "-" "Mozilla/5.0 (Linux; Android 6.0.1; Nexus 5X Build/MMB29P) AppleWebKit/537.36 (KHTML, like Gecko) Chrome/150.0.7871.128 Mobile Safari/537.36 (compatible; GoogleOther)"
66.249.72.131 - - [23/Jul/2026:02:04:32 +0000] "GET /?i=92360105482 HTTP/1.1" 200 196641 "-" "Mozilla/5.0 (Linux; Android 6.0.1; Nexus 5X Build/MMB29P) AppleWebKit/537.36 (KHTML, like Gecko) Chrome/150.0.7871.128 Mobile Safari/537.36 (compatible; Googlebot/2.1; +http://www.google.com/bot.html)"
179.111.162.159 - - [23/Jul/2026:02:04:34 +0000] "POST /xmlrpc.php HTTP/1.1" 200 403 "-" "Mozilla/5.0 (Windows NT 6.2; arm64) AppleWebKit/537.36 (KHTML, like Gecko) Firefox/76.0.0.0 Safari/537.36"
179.111.162.159 - - [23/Jul/2026:02:04:34 +0000] "POST /xmlrpc.php HTTP/1.1" 200 403 "-" "Mozilla/5.0 (Windows NT 6.3; x86) AppleWebKit/537.36 (KHTML, like Gecko) Opera/80.0.0.0 Safari/537.36"
198.177.124.148 - - [23/Jul/2026:02:05:05 +0000] "POST /wp-cron.php?doing_wp_cron=1784772305.6804220676422119140625 HTTP/1.1" 200 - "-" "WordPress/7.0.2; https://lizzystem100.shop"
179.111.162.159 - - [23/Jul/2026:02:05:02 +0000] "POST /xmlrpc.php HTTP/1.1" 200 403 "-" "Mozilla/5.0 (Windows NT 6.2; x86) AppleWebKit/537.36 (KHTML, like Gecko) Safari/11.0.0.0 Safari/537.36"
179.111.162.159 - - [23/Jul/2026:02:05:03 +0000] "POST /xmlrpc.php HTTP/1.1" 200 403 "-" "Mozilla/5.0 (X11; Ubuntu; Linux x86_64; arm64) AppleWebKit/537.36 (KHTML, like Gecko) Opera/62.0.0.0 Safari/537.36"
66.249.72.130 - - [23/Jul/2026:02:05:15 +0000] "GET /?k=68416261263 HTTP/1.1" 200 203879 "-" "Mozilla/5.0 (Linux; Android 6.0.1; Nexus 5X Build/MMB29P) AppleWebKit/537.36 (KHTML, like Gecko) Chrome/150.0.7871.128 Mobile Safari/537.36 (compatible; Googlebot/2.1; +http://www.google.com/bot.html)"
179.111.162.159 - - [23/Jul/2026:02:05:30 +0000] "POST /xmlrpc.php HTTP/1.1" 200 403 "-" "Mozilla/5.0 (Windows NT 6.3; arm64) AppleWebKit/537.36 (KHTML, like Gecko) Safari/15.0.0.0 Safari/537.36"
179.111.162.159 - - [23/Jul/2026:02:05:31 +0000] "POST /xmlrpc.php HTTP/1.1" 200 403 "-" "Mozilla/5.0 (Windows NT 6.3; x64) AppleWebKit/537.36 (KHTML, like Gecko) Safari/14.0.0.0 Safari/537.36"
66.249.72.130 - - [23/Jul/2026:02:05:52 +0000] "GET /?t=76225277727 HTTP/1.1" 200 197722 "-" "Mozilla/5.0 (Linux; Android 6.0.1; Nexus 5X Build/MMB29P) AppleWebKit/537.36 (KHTML, like Gecko) Chrome/150.0.7871.128 Mobile Safari/537.36 (compatible; Googlebot/2.1; +http://www.google.com/bot.html)"
198.177.124.148 - - [23/Jul/2026:02:05:58 +0000] "POST /wp-cron.php?doing_wp_cron=1784772358.5500459671020507812500 HTTP/1.1" 200 - "-" "WordPress/7.0.2; https://lizzystem100.shop"
179.111.162.159 - - [23/Jul/2026:02:05:57 +0000] "POST /xmlrpc.php HTTP/1.1" 200 403 "-" "Mozilla/5.0 (Windows NT 10.0; arm64) AppleWebKit/537.36 (KHTML, like Gecko) Edge/94.0.0.0 Safari/537.36"
179.111.162.159 - - [23/Jul/2026:02:05:58 +0000] "POST /xmlrpc.php HTTP/1.1" 200 403 "-" "Mozilla/5.0 (Windows NT 6.3; x86) AppleWebKit/537.36 (KHTML, like Gecko) Chrome/82.0.0.0 Safari/537.36"
66.249.72.130 - - [23/Jul/2026:02:06:15 +0000] "GET /?e=63340219109 HTTP/1.1" 200 194716 "-" "Mozilla/5.0 (Linux; Android 6.0.1; Nexus 5X Build/MMB29P) AppleWebKit/537.36 (KHTML, like Gecko) Chrome/150.0.7871.128 Mobile Safari/537.36 (compatible; Googlebot/2.1; +http://www.google.com/bot.html)"
66.249.72.131 - - [23/Jul/2026:02:06:20 +0000] "GET /?e=63340250556 HTTP/1.1" 200 197428 "-" "Mozilla/5.0 (Linux; Android 6.0.1; Nexus 5X Build/MMB29P) AppleWebKit/537.36 (KHTML, like Gecko) Chrome/150.0.7871.128 Mobile Safari/537.36 (compatible; Googlebot/2.1; +http://www.google.com/bot.html)"
179.111.162.159 - - [23/Jul/2026:02:06:24 +0000] "POST /xmlrpc.php HTTP/1.1" 200 403 "-" "Mozilla/5.0 (Windows NT 6.2; arm64) AppleWebKit/537.36 (KHTML, like Gecko) Chrome/86.0.0.0 Safari/537.36"
179.111.162.159 - - [23/Jul/2026:02:06:25 +0000] "POST /xmlrpc.php HTTP/1.1" 200 403 "-" "Mozilla/5.0 (Windows NT 10.0; x64) AppleWebKit/537.36 (KHTML, like Gecko) Firefox/94.0.0.0 Safari/537.36"
198.177.124.148 - - [23/Jul/2026:02:06:55 +0000] "POST /wp-cron.php?doing_wp_cron=1784772415.4743208885192871093750 HTTP/1.1" 200 - "-" "WordPress/7.0.2; https://lizzystem100.shop"
179.111.162.159 - - [23/Jul/2026:02:06:53 +0000] "POST /xmlrpc.php HTTP/1.1" 200 403 "-" "Mozilla/5.0 (Linux; Android 10; x64) AppleWebKit/537.36 (KHTML, like Gecko) Safari/10.0.0.0 Safari/537.36"
179.111.162.159 - - [23/Jul/2026:02:06:57 +0000] "POST /xmlrpc.php HTTP/1.1" 200 403 "-" "Mozilla/5.0 (X11; Ubuntu; Linux x86_64; x64) AppleWebKit/537.36 (KHTML, like Gecko) Opera/67.0.0.0 Safari/537.36"
66.249.72.131 - - [23/Jul/2026:02:07:10 +0000] "GET /?x=97783283745 HTTP/1.1" 200 195193 "-" "Mozilla/5.0 (Linux; Android 6.0.1; Nexus 5X Build/MMB29P) AppleWebKit/537.36 (KHTML, like Gecko) Chrome/150.0.7871.128 Mobile Safari/537.36 (compatible; Googlebot/2.1; +http://www.google.com/bot.html)"
179.111.162.159 - - [23/Jul/2026:02:07:25 +0000] "POST /xmlrpc.php HTTP/1.1" 200 403 "-" "Mozilla/5.0 (Windows NT 10.0; arm64) AppleWebKit/537.36 (KHTML, like Gecko) Firefox/79.0.0.0 Safari/537.36"
179.111.162.159 - - [23/Jul/2026:02:07:29 +0000] "POST /xmlrpc.php HTTP/1.1" 200 403 "-" "Mozilla/5.0 (Macintosh; Intel Mac OS X 10_15_7; x64) AppleWebKit/537.36 (KHTML, like Gecko) Edge/98.0.0.0 Safari/537.36"
66.249.72.131 - - [23/Jul/2026:02:07:51 +0000] "GET /?i=70026110992 HTTP/1.1" 200 195853 "-" "Mozilla/5.0 (Linux; Android 6.0.1; Nexus 5X Build/MMB29P) AppleWebKit/537.36 (KHTML, like Gecko) Chrome/150.0.7871.128 Mobile Safari/537.36 (compatible; Googlebot/2.1; +http://www.google.com/bot.html)"
198.177.124.148 - - [23/Jul/2026:02:07:58 +0000] "POST /wp-cron.php?doing_wp_cron=1784772478.0488040447235107421875 HTTP/1.1" 200 - "-" "WordPress/7.0.2; https://lizzystem100.shop"
179.111.162.159 - - [23/Jul/2026:02:07:56 +0000] "POST /xmlrpc.php HTTP/1.1" 200 403 "-" "Mozilla/5.0 (Windows NT 6.2; x86) AppleWebKit/537.36 (KHTML, like Gecko) Firefox/75.0.0.0 Safari/537.36"
179.111.162.159 - - [23/Jul/2026:02:07:58 +0000] "POST /xmlrpc.php HTTP/1.1" 200 403 "-" "Mozilla/5.0 (Windows NT 6.2; arm64) AppleWebKit/537.36 (KHTML, like Gecko) Opera/76.0.0.0 Safari/537.36"
179.111.162.159 - - [23/Jul/2026:02:08:26 +0000] "POST /xmlrpc.php HTTP/1.1" 200 403 "-" "Mozilla/5.0 (Windows NT 6.3; x64) AppleWebKit/537.36 (KHTML, like Gecko) Firefox/72.0.0.0 Safari/537.36"
179.111.162.159 - - [23/Jul/2026:02:08:30 +0000] "POST /xmlrpc.php HTTP/1.1" 200 403 "-" "Mozilla/5.0 (Windows NT 10.0; x86) AppleWebKit/537.36 (KHTML, like Gecko) Opera/70.0.0.0 Safari/537.36"
66.249.72.130 - - [23/Jul/2026:02:08:37 +0000] "GET /?q=13848294848 HTTP/1.1" 200 195023 "-" "Mozilla/5.0 (Linux; Android 6.0.1; Nexus 5X Build/MMB29P) AppleWebKit/537.36 (KHTML, like Gecko) Chrome/150.0.7871.128 Mobile Safari/537.36 (compatible; Googlebot/2.1; +http://www.google.com/bot.html)"
198.177.124.148 - - [23/Jul/2026:02:08:58 +0000] "POST /wp-cron.php?doing_wp_cron=1784772538.5691699981689453125000 HTTP/1.1" 200 - "-" "WordPress/7.0.2; https://lizzystem100.shop"
179.111.162.159 - - [23/Jul/2026:02:08:56 +0000] "POST /xmlrpc.php HTTP/1.1" 200 403 "-" "Mozilla/5.0 (X11; Ubuntu; Linux x86_64; x86) AppleWebKit/537.36 (KHTML, like Gecko) Opera/74.0.0.0 Safari/537.36"
179.111.162.159 - - [23/Jul/2026:02:08:59 +0000] "POST /xmlrpc.php HTTP/1.1" 200 403 "-" "Mozilla/5.0 (Linux; Android 10; x64) AppleWebKit/537.36 (KHTML, like Gecko) Opera/71.0.0.0 Safari/537.36"
66.249.72.132 - - [23/Jul/2026:02:09:22 +0000] "GET /?i=70026171548 HTTP/1.1" 200 195321 "-" "Mozilla/5.0 (Linux; Android 6.0.1; Nexus 5X Build/MMB29P) AppleWebKit/537.36 (KHTML, like Gecko) Chrome/150.0.7871.128 Mobile Safari/537.36 (compatible; Googlebot/2.1; +http://www.google.com/bot.html)"
179.111.162.159 - - [23/Jul/2026:02:09:25 +0000] "POST /xmlrpc.php HTTP/1.1" 200 403 "-" "Mozilla/5.0 (Macintosh; Intel Mac OS X 10_15_7; x64) AppleWebKit/537.36 (KHTML, like Gecko) Edge/90.0.0.0 Safari/537.36"
66.249.72.130 - - [23/Jul/2026:02:09:30 +0000] "GET /?e=80890269721 HTTP/1.1" 200 197505 "-" "Mozilla/5.0 (Linux; Android 6.0.1; Nexus 5X Build/MMB29P) AppleWebKit/537.36 (KHTML, like Gecko) Chrome/150.0.7871.128 Mobile Safari/537.36 (compatible; Googlebot/2.1; +http://www.google.com/bot.html)"
179.111.162.159 - - [23/Jul/2026:02:09:29 +0000] "POST /xmlrpc.php HTTP/1.1" 200 403 "-" "Mozilla/5.0 (Windows NT 10.0; x86) AppleWebKit/537.36 (KHTML, like Gecko) Opera/65.0.0.0 Safari/537.36"
198.177.124.148 - - [23/Jul/2026:02:09:59 +0000] "POST /wp-cron.php?doing_wp_cron=1784772598.9510250091552734375000 HTTP/1.1" 200 - "-" "WordPress/7.0.2; https://lizzystem100.shop"
179.111.162.159 - - [23/Jul/2026:02:09:56 +0000] "POST /xmlrpc.php HTTP/1.1" 200 403 "-" "Mozilla/5.0 (Windows NT 10.0; x86) AppleWebKit/537.36 (KHTML, like Gecko) Chrome/84.0.0.0 Safari/537.36"
179.111.162.159 - - [23/Jul/2026:02:10:01 +0000] "POST /xmlrpc.php HTTP/1.1" 200 403 "-" "Mozilla/5.0 (X11; Ubuntu; Linux x86_64; x64) AppleWebKit/537.36 (KHTML, like Gecko) Firefox/79.0.0.0 Safari/537.36"
66.249.72.130 - - [23/Jul/2026:02:10:22 +0000] "GET /?x=97783228029 HTTP/1.1" 200 196448 "-" "Mozilla/5.0 (Linux; Android 6.0.1; Nexus 5X Build/MMB29P) AppleWebKit/537.36 (KHTML, like Gecko) Chrome/150.0.7871.128 Mobile Safari/537.36 (compatible; Googlebot/2.1; +http://www.google.com/bot.html)"
66.249.72.131 - - [23/Jul/2026:02:10:27 +0000] "GET /?x=97783216781 HTTP/1.1" 200 196658 "-" "Mozilla/5.0 (Linux; Android 6.0.1; Nexus 5X Build/MMB29P) AppleWebKit/537.36 (KHTML, like Gecko) Chrome/150.0.7871.128 Mobile Safari/537.36 (compatible; Googlebot/2.1; +http://www.google.com/bot.html)"
179.111.162.159 - - [23/Jul/2026:02:10:30 +0000] "POST /xmlrpc.php HTTP/1.1" 200 403 "-" "Mozilla/5.0 (Linux; Android 10; arm64) AppleWebKit/537.36 (KHTML, like Gecko) Chrome/93.0.0.0 Safari/537.36"
66.249.72.130 - - [23/Jul/2026:02:10:35 +0000] "GET /?h=86457156101 HTTP/1.1" 200 214962 "-" "Mozilla/5.0 (Linux; Android 6.0.1; Nexus 5X Build/MMB29P) AppleWebKit/537.36 (KHTML, like Gecko) Chrome/150.0.7871.128 Mobile Safari/537.36 (compatible; GoogleOther)"
179.111.162.159 - - [23/Jul/2026:02:10:38 +0000] "POST /xmlrpc.php HTTP/1.1" 200 403 "-" "Mozilla/5.0 (Windows NT 10.0; x64) AppleWebKit/537.36 (KHTML, like Gecko) Safari/14.0.0.0 Safari/537.36"
66.249.72.130 - - [23/Jul/2026:02:10:59 +0000] "GET /?i=92360254813 HTTP/1.1" 200 197777 "-" "Mozilla/5.0 (Linux; Android 6.0.1; Nexus 5X Build/MMB29P) AppleWebKit/537.36 (KHTML, like Gecko) Chrome/150.0.7871.128 Mobile Safari/537.36 (compatible; GoogleOther)"
66.249.72.130 - - [23/Jul/2026:02:11:03 +0000] "GET /?k=68416197439 HTTP/1.1" 200 194685 "-" "Mozilla/5.0 (Linux; Android 6.0.1; Nexus 5X Build/MMB29P) AppleWebKit/537.36 (KHTML, like Gecko) Chrome/150.0.7871.128 Mobile Safari/537.36 (compatible; Googlebot/2.1; +http://www.google.com/bot.html)"
198.177.124.148 - - [23/Jul/2026:02:11:04 +0000] "POST /wp-cron.php?doing_wp_cron=1784772664.6067950725555419921875 HTTP/1.1" 200 - "-" "WordPress/7.0.2; https://lizzystem100.shop"
179.111.162.159 - - [23/Jul/2026:02:11:02 +0000] "POST /xmlrpc.php HTTP/1.1" 200 403 "-" "Mozilla/5.0 (Windows NT 6.2; x86) AppleWebKit/537.36 (KHTML, like Gecko) Chrome/87.0.0.0 Safari/537.36"
66.249.72.130 - - [23/Jul/2026:02:11:09 +0000] "GET /?k=6841627760 HTTP/1.1" 200 193883 "-" "Mozilla/5.0 (Linux; Android 6.0.1; Nexus 5X Build/MMB29P) AppleWebKit/537.36 (KHTML, like Gecko) Chrome/150.0.7871.128 Mobile Safari/537.36 (compatible; GoogleOther)"
179.111.162.159 - - [23/Jul/2026:02:11:12 +0000] "POST /xmlrpc.php HTTP/1.1" 200 403 "-" "Mozilla/5.0 (Windows NT 6.3; x64) AppleWebKit/537.36 (KHTML, like Gecko) Safari/13.0.0.0 Safari/537.36"
66.249.72.130 - - [23/Jul/2026:02:11:15 +0000] "GET /?h=86457202570 HTTP/1.1" 200 198362 "-" "Mozilla/5.0 (Linux; Android 6.0.1; Nexus 5X Build/MMB29P) AppleWebKit/537.36 (KHTML, like Gecko) Chrome/150.0.7871.128 Mobile Safari/537.36 (compatible; Googlebot/2.1; +http://www.google.com/bot.html)"
66.249.72.130 - - [23/Jul/2026:02:11:27 +0000] "GET /?i=92360275659 HTTP/1.1" 200 195262 "-" "Mozilla/5.0 (Linux; Android 6.0.1; Nexus 5X Build/MMB29P) AppleWebKit/537.36 (KHTML, like Gecko) Chrome/150.0.7871.128 Mobile Safari/537.36 (compatible; Googlebot/2.1; +http://www.google.com/bot.html)"
179.111.162.159 - - [23/Jul/2026:02:11:33 +0000] "POST /xmlrpc.php HTTP/1.1" 200 403 "-" "Mozilla/5.0 (Windows NT 6.2; x64) AppleWebKit/537.36 (KHTML, like Gecko) Firefox/76.0.0.0 Safari/537.36"
66.249.72.130 - - [23/Jul/2026:02:11:39 +0000] "GET /?x=97783162278 HTTP/1.1" 200 197057 "-" "Mozilla/5.0 (Linux; Android 6.0.1; Nexus 5X Build/MMB29P) AppleWebKit/537.36 (KHTML, like Gecko) Chrome/150.0.7871.128 Mobile Safari/537.36 (compatible; GoogleOther)"
179.111.162.159 - - [23/Jul/2026:02:11:43 +0000] "POST /xmlrpc.php HTTP/1.1" 200 403 "-" "Mozilla/5.0 (Windows NT 10.0; x64) AppleWebKit/537.36 (KHTML, like Gecko) Chrome/86.0.0.0 Safari/537.36"
66.249.72.130 - - [23/Jul/2026:02:11:55 +0000] "GET /?h=8645789658 HTTP/1.1" 200 193968 "-" "Mozilla/5.0 (Linux; Android 6.0.1; Nexus 5X Build/MMB29P) AppleWebKit/537.36 (KHTML, like Gecko) Chrome/150.0.7871.128 Mobile Safari/537.36 (compatible; GoogleOther)"
66.249.72.130 - - [23/Jul/2026:02:12:03 +0000] "GET /?x=97783282434 HTTP/1.1" 200 195267 "-" "Mozilla/5.0 (Linux; Android 6.0.1; Nexus 5X Build/MMB29P) AppleWebKit/537.36 (KHTML, like Gecko) Chrome/150.0.7871.128 Mobile Safari/537.36 (compatible; GoogleOther)"
198.177.124.148 - - [23/Jul/2026:02:12:08 +0000] "POST /wp-cron.php?doing_wp_cron=1784772728.4373838901519775390625 HTTP/1.1" 200 - "-" "WordPress/7.0.2; https://lizzystem100.shop"
179.111.162.159 - - [23/Jul/2026:02:12:06 +0000] "POST /xmlrpc.php HTTP/1.1" 200 403 "-" "Mozilla/5.0 (X11; Ubuntu; Linux x86_64; arm64) AppleWebKit/537.36 (KHTML, like Gecko) Edge/94.0.0.0 Safari/537.36"
66.249.72.130 - - [23/Jul/2026:02:12:10 +0000] "GET /?x=9778375556 HTTP/1.1" 200 197279 "-" "Mozilla/5.0 (Linux; Android 6.0.1; Nexus 5X Build/MMB29P) AppleWebKit/537.36 (KHTML, like Gecko) Chrome/150.0.7871.128 Mobile Safari/537.36 (compatible; Googlebot/2.1; +http://www.google.com/bot.html)"
179.111.162.159 - - [23/Jul/2026:02:12:15 +0000] "POST /xmlrpc.php HTTP/1.1" 200 403 "-" "Mozilla/5.0 (X11; Ubuntu; Linux x86_64; arm64) AppleWebKit/537.36 (KHTML, like Gecko) Opera/66.0.0.0 Safari/537.36"
179.111.162.159 - - [23/Jul/2026:02:12:32 +0000] "POST /xmlrpc.php HTTP/1.1" 200 403 "-" "Mozilla/5.0 (Linux; Android 10; arm64) AppleWebKit/537.36 (KHTML, like Gecko) Opera/69.0.0.0 Safari/537.36"
66.249.72.130 - - [23/Jul/2026:02:12:41 +0000] "GET /?i=9236033171 HTTP/1.1" 200 193803 "-" "Mozilla/5.0 (Linux; Android 6.0.1; Nexus 5X Build/MMB29P) AppleWebKit/537.36 (KHTML, like Gecko) Chrome/150.0.7871.128 Mobile Safari/537.36 (compatible; GoogleOther)"
179.111.162.159 - - [23/Jul/2026:02:12:41 +0000] "POST /xmlrpc.php HTTP/1.1" 200 403 "-" "Mozilla/5.0 (X11; Ubuntu; Linux x86_64; arm64) AppleWebKit/537.36 (KHTML, like Gecko) Chrome/83.0.0.0 Safari/537.36"
66.249.72.130 - - [23/Jul/2026:02:12:44 +0000] "GET /?k=6841627760 HTTP/1.1" 200 193883 "-" "Mozilla/5.0 (Linux; Android 6.0.1; Nexus 5X Build/MMB29P) AppleWebKit/537.36 (KHTML, like Gecko) Chrome/150.0.7871.128 Mobile Safari/537.36 (compatible; Googlebot/2.1; +http://www.google.com/bot.html)"
66.249.72.130 - - [23/Jul/2026:02:12:55 +0000] "GET /?k=68416112282 HTTP/1.1" 200 193635 "-" "Mozilla/5.0 (Linux; Android 6.0.1; Nexus 5X Build/MMB29P) AppleWebKit/537.36 (KHTML, like Gecko) Chrome/150.0.7871.128 Mobile Safari/537.36 (compatible; Googlebot/2.1; +http://www.google.com/bot.html)"
198.177.124.148 - - [23/Jul/2026:02:13:02 +0000] "POST /wp-cron.php?doing_wp_cron=1784772782.1764430999755859375000 HTTP/1.1" 200 - "-" "WordPress/7.0.2; https://lizzystem100.shop"
179.111.162.159 - - [23/Jul/2026:02:12:59 +0000] "POST /xmlrpc.php HTTP/1.1" 200 403 "-" "Mozilla/5.0 (Windows NT 6.2; x64) AppleWebKit/537.36 (KHTML, like Gecko) Opera/66.0.0.0 Safari/537.36"
66.249.72.132 - - [23/Jul/2026:02:13:05 +0000] "GET /?x=97783162278 HTTP/1.1" 200 197057 "-" "Mozilla/5.0 (Linux; Android 6.0.1; Nexus 5X Build/MMB29P) AppleWebKit/537.36 (KHTML, like Gecko) Chrome/150.0.7871.128 Mobile Safari/537.36 (compatible; Googlebot/2.1; +http://www.google.com/bot.html)"
179.111.162.159 - - [23/Jul/2026:02:13:08 +0000] "POST /xmlrpc.php HTTP/1.1" 200 403 "-" "Mozilla/5.0 (Linux; Android 10; arm64) AppleWebKit/537.36 (KHTML, like Gecko) Safari/10.0.0.0 Safari/537.36"
66.249.72.130 - - [23/Jul/2026:02:13:09 +0000] "GET /?x=9778368167 HTTP/1.1" 200 196101 "-" "Mozilla/5.0 (Linux; Android 6.0.1; Nexus 5X Build/MMB29P) AppleWebKit/537.36 (KHTML, like Gecko) Chrome/150.0.7871.128 Mobile Safari/537.36 (compatible; Googlebot/2.1; +http://www.google.com/bot.html)"
66.249.72.130 - - [23/Jul/2026:02:13:17 +0000] "GET /?h=8645740667 HTTP/1.1" 200 193499 "-" "Mozilla/5.0 (Linux; Android 6.0.1; Nexus 5X Build/MMB29P) AppleWebKit/537.36 (KHTML, like Gecko) Chrome/150.0.7871.128 Mobile Safari/537.36 (compatible; Googlebot/2.1; +http://www.google.com/bot.html)"
179.111.162.159 - - [23/Jul/2026:02:13:27 +0000] "POST /xmlrpc.php HTTP/1.1" 200 403 "-" "Mozilla/5.0 (X11; Ubuntu; Linux x86_64; x64) AppleWebKit/537.36 (KHTML, like Gecko) Chrome/106.0.0.0 Safari/537.36"
66.249.72.130 - - [23/Jul/2026:02:13:28 +0000] "GET /?i=9236033171 HTTP/1.1" 200 193803 "-" "Mozilla/5.0 (Linux; Android 6.0.1; Nexus 5X Build/MMB29P) AppleWebKit/537.36 (KHTML, like Gecko) Chrome/150.0.7871.128 Mobile Safari/537.36 (compatible; Googlebot/2.1; +http://www.google.com/bot.html)"
