HEX
Server: Apache
System: Linux server1.yalehafricanfoods.shop 5.14.0-687.15.1.el9_8.x86_64 #1 SMP PREEMPT_DYNAMIC Thu Jun 11 08:51:45 EDT 2026 x86_64
User: yalenocb (1002)
PHP: 8.1.34
Disabled: NONE
Upload Files
File: /home/yalenocb/access-logs/digitalclass.shop.yalehafricanfoods.shop
198.177.124.148 - - [21/Jul/2026:08:01:07 +0000] "POST /wp-cron.php?doing_wp_cron=1784620867.4193100929260253906250 HTTP/1.1" 200 - "-" "WordPress/7.0.2; https://digitalclass.shop"
104.23.172.111 - - [21/Jul/2026:08:01:05 +0000] "GET /wp-admin/install.php?step=1 HTTP/1.1" 200 1390 "-" "http://digitalclass.shop/wp-admin/install.php?step=1"
198.177.124.148 - - [21/Jul/2026:09:13:38 +0000] "POST /wp-cron.php?doing_wp_cron=1784625218.4799339771270751953125 HTTP/1.1" 200 - "-" "WordPress/7.0.2; https://digitalclass.shop"
43.160.225.169 - - [21/Jul/2026:09:13:35 +0000] "GET / HTTP/1.1" 200 99324 "-" "Mozilla/5.0 (iPhone; CPU iPhone OS 13_2_3 like Mac OS X) AppleWebKit/605.1.15 (KHTML, like Gecko) Version/13.0.3 Mobile/15E148 Safari/604.1"
198.177.124.148 - - [21/Jul/2026:09:48:34 +0000] "POST /wp-cron.php?doing_wp_cron=1784627314.8795690536499023437500 HTTP/1.1" 200 - "-" "WordPress/7.0.2; https://digitalclass.shop"
172.71.172.144 - - [21/Jul/2026:09:48:33 +0000] "GET /wp-admin/install.php?step=1 HTTP/1.1" 200 1390 "-" "http://digitalclass.shop/wp-admin/install.php?step=1"
54.196.42.94 - - [21/Jul/2026:11:27:12 +0000] "GET / HTTP/1.1" 200 99324 "-" "Mozilla/5.0 (Macintosh; Intel Mac OS X 10.10; rv:40.0) Gecko/20100101 Firefox/40.0"
198.177.124.148 - - [21/Jul/2026:11:29:14 +0000] "POST /wp-cron.php?doing_wp_cron=1784633354.2306790351867675781250 HTTP/1.1" 200 - "-" "WordPress/7.0.2; https://digitalclass.shop"
104.23.221.139 - - [21/Jul/2026:11:29:12 +0000] "GET /wp-admin/install.php?step=1 HTTP/1.1" 404 84246 "-" "http://digitalclass.shop/wp-admin/install.php?step=1"
198.177.124.148 - - [21/Jul/2026:12:32:18 +0000] "POST /wp-cron.php?doing_wp_cron=1784637138.8889288902282714843750 HTTP/1.1" 200 - "-" "WordPress/7.0.2; https://digitalclass.shop"
43.165.167.69 - - [21/Jul/2026:12:32:14 +0000] "GET / HTTP/1.1" 200 99324 "-" "Mozilla/5.0 (iPhone; CPU iPhone OS 13_2_3 like Mac OS X) AppleWebKit/605.1.15 (KHTML, like Gecko) Version/13.0.3 Mobile/15E148 Safari/604.1"
198.177.124.148 - - [21/Jul/2026:13:13:30 +0000] "POST /wp-cron.php?doing_wp_cron=1784639610.0330660343170166015625 HTTP/1.1" 200 - "-" "WordPress/7.0.2; https://digitalclass.shop"
172.71.164.191 - - [21/Jul/2026:13:13:28 +0000] "GET /wp-admin/install.php?step=1 HTTP/1.1" 404 84246 "-" "http://digitalclass.shop/wp-admin/install.php?step=1"
198.177.124.148 - - [21/Jul/2026:13:14:31 +0000] "POST /wp-cron.php?doing_wp_cron=1784639671.0004980564117431640625 HTTP/1.1" 200 - "-" "WordPress/7.0.2; https://digitalclass.shop"
143.244.57.123 - - [21/Jul/2026:13:14:27 +0000] "GET / HTTP/1.1" 200 99324 "-" "Mozilla/5.0 (Windows NT 10.0; Win64; x64) AppleWebKit/537.36 (KHTML, like Gecko) Chrome/78.0.3904.108 Safari/537.36"
143.244.57.123 - - [21/Jul/2026:13:14:31 +0000] "GET /?author=1 HTTP/1.1" 301 - "-" "Mozilla/5.0 (Windows NT 10.0; Win64; x64) AppleWebKit/537.36 (KHTML, like Gecko) Chrome/78.0.3904.108 Safari/537.36"
143.244.57.123 - - [21/Jul/2026:13:14:33 +0000] "GET /?author=2 HTTP/1.1" 404 84226 "-" "Mozilla/5.0 (Windows NT 10.0; Win64; x64) AppleWebKit/537.36 (KHTML, like Gecko) Chrome/78.0.3904.108 Safari/537.36"
143.244.57.123 - - [21/Jul/2026:13:14:35 +0000] "GET /wp-json/wp/v2/users/ HTTP/1.1" 200 878 "-" "Mozilla/5.0 (Windows NT 10.0; Win64; x64) AppleWebKit/537.36 (KHTML, like Gecko) Chrome/78.0.3904.108 Safari/537.36"
143.244.57.123 - - [21/Jul/2026:13:14:37 +0000] "POST /xmlrpc.php HTTP/1.1" 200 401 "-" "Mozilla/5.0 (Windows NT 10.0; Win64; x64) AppleWebKit/537.36 (KHTML, like Gecko) Chrome/78.0.3904.108 Safari/537.36"
143.244.57.123 - - [21/Jul/2026:13:14:41 +0000] "POST /xmlrpc.php HTTP/1.1" 200 401 "-" "Mozilla/5.0 (Windows NT 10.0; Win64; x64) AppleWebKit/537.36 (KHTML, like Gecko) Chrome/78.0.3904.108 Safari/537.36"
143.244.57.123 - - [21/Jul/2026:13:14:43 +0000] "POST /xmlrpc.php HTTP/1.1" 200 401 "-" "Mozilla/5.0 (Windows NT 10.0; Win64; x64) AppleWebKit/537.36 (KHTML, like Gecko) Chrome/78.0.3904.108 Safari/537.36"
143.244.57.123 - - [21/Jul/2026:13:14:47 +0000] "POST /xmlrpc.php HTTP/1.1" 200 401 "-" "Mozilla/5.0 (Windows NT 10.0; Win64; x64) AppleWebKit/537.36 (KHTML, like Gecko) Chrome/78.0.3904.108 Safari/537.36"
143.244.57.123 - - [21/Jul/2026:13:14:49 +0000] "POST /xmlrpc.php HTTP/1.1" 200 401 "-" "Mozilla/5.0 (Windows NT 10.0; Win64; x64) AppleWebKit/537.36 (KHTML, like Gecko) Chrome/78.0.3904.108 Safari/537.36"
143.244.57.123 - - [21/Jul/2026:13:14:51 +0000] "POST /xmlrpc.php HTTP/1.1" 200 401 "-" "Mozilla/5.0 (Windows NT 10.0; Win64; x64) AppleWebKit/537.36 (KHTML, like Gecko) Chrome/78.0.3904.108 Safari/537.36"
143.244.57.123 - - [21/Jul/2026:13:14:54 +0000] "POST /xmlrpc.php HTTP/1.1" 200 401 "-" "Mozilla/5.0 (Windows NT 10.0; Win64; x64) AppleWebKit/537.36 (KHTML, like Gecko) Chrome/78.0.3904.108 Safari/537.36"
143.244.57.123 - - [21/Jul/2026:13:14:56 +0000] "POST /xmlrpc.php HTTP/1.1" 200 401 "-" "Mozilla/5.0 (Windows NT 10.0; Win64; x64) AppleWebKit/537.36 (KHTML, like Gecko) Chrome/78.0.3904.108 Safari/537.36"
143.244.57.123 - - [21/Jul/2026:13:14:58 +0000] "POST /xmlrpc.php HTTP/1.1" 200 401 "-" "Mozilla/5.0 (Windows NT 10.0; Win64; x64) AppleWebKit/537.36 (KHTML, like Gecko) Chrome/78.0.3904.108 Safari/537.36"
143.244.57.123 - - [21/Jul/2026:13:15:01 +0000] "POST /xmlrpc.php HTTP/1.1" 200 401 "-" "Mozilla/5.0 (Windows NT 10.0; Win64; x64) AppleWebKit/537.36 (KHTML, like Gecko) Chrome/78.0.3904.108 Safari/537.36"
143.244.57.123 - - [21/Jul/2026:13:15:06 +0000] "POST /xmlrpc.php HTTP/1.1" 200 401 "-" "Mozilla/5.0 (Windows NT 10.0; Win64; x64) AppleWebKit/537.36 (KHTML, like Gecko) Chrome/78.0.3904.108 Safari/537.36"
143.244.57.123 - - [21/Jul/2026:13:15:09 +0000] "POST /xmlrpc.php HTTP/1.1" 200 401 "-" "Mozilla/5.0 (Windows NT 10.0; Win64; x64) AppleWebKit/537.36 (KHTML, like Gecko) Chrome/78.0.3904.108 Safari/537.36"
143.244.57.123 - - [21/Jul/2026:13:15:12 +0000] "POST /xmlrpc.php HTTP/1.1" 200 401 "-" "Mozilla/5.0 (Windows NT 10.0; Win64; x64) AppleWebKit/537.36 (KHTML, like Gecko) Chrome/78.0.3904.108 Safari/537.36"
143.244.57.123 - - [21/Jul/2026:13:15:14 +0000] "POST /xmlrpc.php HTTP/1.1" 200 401 "-" "Mozilla/5.0 (Windows NT 10.0; Win64; x64) AppleWebKit/537.36 (KHTML, like Gecko) Chrome/78.0.3904.108 Safari/537.36"
143.244.57.123 - - [21/Jul/2026:13:15:17 +0000] "POST /xmlrpc.php HTTP/1.1" 200 401 "-" "Mozilla/5.0 (Windows NT 10.0; Win64; x64) AppleWebKit/537.36 (KHTML, like Gecko) Chrome/78.0.3904.108 Safari/537.36"
143.244.57.123 - - [21/Jul/2026:13:15:19 +0000] "POST /xmlrpc.php HTTP/1.1" 200 401 "-" "Mozilla/5.0 (Windows NT 10.0; Win64; x64) AppleWebKit/537.36 (KHTML, like Gecko) Chrome/78.0.3904.108 Safari/537.36"
198.177.124.148 - - [21/Jul/2026:13:15:23 +0000] "POST /wp-cron.php?doing_wp_cron=1784639723.3758850097656250000000 HTTP/1.1" 200 - "-" "WordPress/7.0.2; https://digitalclass.shop"
143.244.57.123 - - [21/Jul/2026:13:15:21 +0000] "POST /xmlrpc.php HTTP/1.1" 200 401 "-" "Mozilla/5.0 (Windows NT 10.0; Win64; x64) AppleWebKit/537.36 (KHTML, like Gecko) Chrome/78.0.3904.108 Safari/537.36"
143.244.57.123 - - [21/Jul/2026:13:15:23 +0000] "POST /xmlrpc.php HTTP/1.1" 200 401 "-" "Mozilla/5.0 (Windows NT 10.0; Win64; x64) AppleWebKit/537.36 (KHTML, like Gecko) Chrome/78.0.3904.108 Safari/537.36"
143.244.57.123 - - [21/Jul/2026:13:15:26 +0000] "POST /xmlrpc.php HTTP/1.1" 200 401 "-" "Mozilla/5.0 (Windows NT 10.0; Win64; x64) AppleWebKit/537.36 (KHTML, like Gecko) Chrome/78.0.3904.108 Safari/537.36"
143.244.57.123 - - [21/Jul/2026:13:15:30 +0000] "POST /xmlrpc.php HTTP/1.1" 200 401 "-" "Mozilla/5.0 (Windows NT 10.0; Win64; x64) AppleWebKit/537.36 (KHTML, like Gecko) Chrome/78.0.3904.108 Safari/537.36"
143.244.57.123 - - [21/Jul/2026:13:15:33 +0000] "POST /xmlrpc.php HTTP/1.1" 200 401 "-" "Mozilla/5.0 (Windows NT 10.0; Win64; x64) AppleWebKit/537.36 (KHTML, like Gecko) Chrome/78.0.3904.108 Safari/537.36"
143.244.57.123 - - [21/Jul/2026:13:15:35 +0000] "POST /xmlrpc.php HTTP/1.1" 200 401 "-" "Mozilla/5.0 (Windows NT 10.0; Win64; x64) AppleWebKit/537.36 (KHTML, like Gecko) Chrome/78.0.3904.108 Safari/537.36"
143.244.57.123 - - [21/Jul/2026:13:15:36 +0000] "POST /xmlrpc.php HTTP/1.1" 200 401 "-" "Mozilla/5.0 (Windows NT 10.0; Win64; x64) AppleWebKit/537.36 (KHTML, like Gecko) Chrome/78.0.3904.108 Safari/537.36"
143.244.57.123 - - [21/Jul/2026:13:15:38 +0000] "POST /xmlrpc.php HTTP/1.1" 200 401 "-" "Mozilla/5.0 (Windows NT 10.0; Win64; x64) AppleWebKit/537.36 (KHTML, like Gecko) Chrome/78.0.3904.108 Safari/537.36"
143.244.57.123 - - [21/Jul/2026:13:15:39 +0000] "POST /xmlrpc.php HTTP/1.1" 200 401 "-" "Mozilla/5.0 (Windows NT 10.0; Win64; x64) AppleWebKit/537.36 (KHTML, like Gecko) Chrome/78.0.3904.108 Safari/537.36"
143.244.57.123 - - [21/Jul/2026:13:15:41 +0000] "POST /xmlrpc.php HTTP/1.1" 200 401 "-" "Mozilla/5.0 (Windows NT 10.0; Win64; x64) AppleWebKit/537.36 (KHTML, like Gecko) Chrome/78.0.3904.108 Safari/537.36"
143.244.57.123 - - [21/Jul/2026:13:15:43 +0000] "POST /xmlrpc.php HTTP/1.1" 200 401 "-" "Mozilla/5.0 (Windows NT 10.0; Win64; x64) AppleWebKit/537.36 (KHTML, like Gecko) Chrome/78.0.3904.108 Safari/537.36"
143.244.57.123 - - [21/Jul/2026:13:15:45 +0000] "POST /xmlrpc.php HTTP/1.1" 200 401 "-" "Mozilla/5.0 (Windows NT 10.0; Win64; x64) AppleWebKit/537.36 (KHTML, like Gecko) Chrome/78.0.3904.108 Safari/537.36"
143.244.57.123 - - [21/Jul/2026:13:15:46 +0000] "POST /xmlrpc.php HTTP/1.1" 200 401 "-" "Mozilla/5.0 (Windows NT 10.0; Win64; x64) AppleWebKit/537.36 (KHTML, like Gecko) Chrome/78.0.3904.108 Safari/537.36"
143.244.57.123 - - [21/Jul/2026:13:15:48 +0000] "POST /xmlrpc.php HTTP/1.1" 200 401 "-" "Mozilla/5.0 (Windows NT 10.0; Win64; x64) AppleWebKit/537.36 (KHTML, like Gecko) Chrome/78.0.3904.108 Safari/537.36"
143.244.57.123 - - [21/Jul/2026:13:15:49 +0000] "POST /xmlrpc.php HTTP/1.1" 200 401 "-" "Mozilla/5.0 (Windows NT 10.0; Win64; x64) AppleWebKit/537.36 (KHTML, like Gecko) Chrome/78.0.3904.108 Safari/537.36"
143.244.57.123 - - [21/Jul/2026:13:15:50 +0000] "POST /xmlrpc.php HTTP/1.1" 200 401 "-" "Mozilla/5.0 (Windows NT 10.0; Win64; x64) AppleWebKit/537.36 (KHTML, like Gecko) Chrome/78.0.3904.108 Safari/537.36"
143.244.57.123 - - [21/Jul/2026:13:15:51 +0000] "POST /xmlrpc.php HTTP/1.1" 200 401 "-" "Mozilla/5.0 (Windows NT 10.0; Win64; x64) AppleWebKit/537.36 (KHTML, like Gecko) Chrome/78.0.3904.108 Safari/537.36"
143.244.57.123 - - [21/Jul/2026:13:15:53 +0000] "POST /xmlrpc.php HTTP/1.1" 200 401 "-" "Mozilla/5.0 (Windows NT 10.0; Win64; x64) AppleWebKit/537.36 (KHTML, like Gecko) Chrome/78.0.3904.108 Safari/537.36"
143.244.57.123 - - [21/Jul/2026:13:15:54 +0000] "POST /xmlrpc.php HTTP/1.1" 200 401 "-" "Mozilla/5.0 (Windows NT 10.0; Win64; x64) AppleWebKit/537.36 (KHTML, like Gecko) Chrome/78.0.3904.108 Safari/537.36"
143.244.57.123 - - [21/Jul/2026:13:15:56 +0000] "POST /xmlrpc.php HTTP/1.1" 200 401 "-" "Mozilla/5.0 (Windows NT 10.0; Win64; x64) AppleWebKit/537.36 (KHTML, like Gecko) Chrome/78.0.3904.108 Safari/537.36"
143.244.57.123 - - [21/Jul/2026:13:15:57 +0000] "POST /xmlrpc.php HTTP/1.1" 200 401 "-" "Mozilla/5.0 (Windows NT 10.0; Win64; x64) AppleWebKit/537.36 (KHTML, like Gecko) Chrome/78.0.3904.108 Safari/537.36"
143.244.57.123 - - [21/Jul/2026:13:15:59 +0000] "POST /xmlrpc.php HTTP/1.1" 200 401 "-" "Mozilla/5.0 (Windows NT 10.0; Win64; x64) AppleWebKit/537.36 (KHTML, like Gecko) Chrome/78.0.3904.108 Safari/537.36"
143.244.57.123 - - [21/Jul/2026:13:16:01 +0000] "POST /xmlrpc.php HTTP/1.1" 200 401 "-" "Mozilla/5.0 (Windows NT 10.0; Win64; x64) AppleWebKit/537.36 (KHTML, like Gecko) Chrome/78.0.3904.108 Safari/537.36"
143.244.57.123 - - [21/Jul/2026:13:16:04 +0000] "POST /xmlrpc.php HTTP/1.1" 200 401 "-" "Mozilla/5.0 (Windows NT 10.0; Win64; x64) AppleWebKit/537.36 (KHTML, like Gecko) Chrome/78.0.3904.108 Safari/537.36"
143.244.57.123 - - [21/Jul/2026:13:16:06 +0000] "POST /xmlrpc.php HTTP/1.1" 200 401 "-" "Mozilla/5.0 (Windows NT 10.0; Win64; x64) AppleWebKit/537.36 (KHTML, like Gecko) Chrome/78.0.3904.108 Safari/537.36"
143.244.57.123 - - [21/Jul/2026:13:16:08 +0000] "POST /xmlrpc.php HTTP/1.1" 200 401 "-" "Mozilla/5.0 (Windows NT 10.0; Win64; x64) AppleWebKit/537.36 (KHTML, like Gecko) Chrome/78.0.3904.108 Safari/537.36"
143.244.57.123 - - [21/Jul/2026:13:16:10 +0000] "POST /xmlrpc.php HTTP/1.1" 200 401 "-" "Mozilla/5.0 (Windows NT 10.0; Win64; x64) AppleWebKit/537.36 (KHTML, like Gecko) Chrome/78.0.3904.108 Safari/537.36"
143.244.57.123 - - [21/Jul/2026:13:16:11 +0000] "POST /xmlrpc.php HTTP/1.1" 200 401 "-" "Mozilla/5.0 (Windows NT 10.0; Win64; x64) AppleWebKit/537.36 (KHTML, like Gecko) Chrome/78.0.3904.108 Safari/537.36"
143.244.57.123 - - [21/Jul/2026:13:16:13 +0000] "POST /xmlrpc.php HTTP/1.1" 200 401 "-" "Mozilla/5.0 (Windows NT 10.0; Win64; x64) AppleWebKit/537.36 (KHTML, like Gecko) Chrome/78.0.3904.108 Safari/537.36"
143.244.57.123 - - [21/Jul/2026:13:16:15 +0000] "POST /xmlrpc.php HTTP/1.1" 200 401 "-" "Mozilla/5.0 (Windows NT 10.0; Win64; x64) AppleWebKit/537.36 (KHTML, like Gecko) Chrome/78.0.3904.108 Safari/537.36"
143.244.57.123 - - [21/Jul/2026:13:16:18 +0000] "POST /xmlrpc.php HTTP/1.1" 200 401 "-" "Mozilla/5.0 (Windows NT 10.0; Win64; x64) AppleWebKit/537.36 (KHTML, like Gecko) Chrome/78.0.3904.108 Safari/537.36"
198.177.124.148 - - [21/Jul/2026:13:16:23 +0000] "POST /wp-cron.php?doing_wp_cron=1784639783.5788409709930419921875 HTTP/1.1" 200 - "-" "WordPress/7.0.2; https://digitalclass.shop"
143.244.57.123 - - [21/Jul/2026:13:16:21 +0000] "POST /xmlrpc.php HTTP/1.1" 200 401 "-" "Mozilla/5.0 (Windows NT 10.0; Win64; x64) AppleWebKit/537.36 (KHTML, like Gecko) Chrome/78.0.3904.108 Safari/537.36"
143.244.57.123 - - [21/Jul/2026:13:16:23 +0000] "POST /xmlrpc.php HTTP/1.1" 200 401 "-" "Mozilla/5.0 (Windows NT 10.0; Win64; x64) AppleWebKit/537.36 (KHTML, like Gecko) Chrome/78.0.3904.108 Safari/537.36"
143.244.57.123 - - [21/Jul/2026:13:16:26 +0000] "POST /xmlrpc.php HTTP/1.1" 200 401 "-" "Mozilla/5.0 (Windows NT 10.0; Win64; x64) AppleWebKit/537.36 (KHTML, like Gecko) Chrome/78.0.3904.108 Safari/537.36"
143.244.57.123 - - [21/Jul/2026:13:16:28 +0000] "POST /xmlrpc.php HTTP/1.1" 200 401 "-" "Mozilla/5.0 (Windows NT 10.0; Win64; x64) AppleWebKit/537.36 (KHTML, like Gecko) Chrome/78.0.3904.108 Safari/537.36"
143.244.57.123 - - [21/Jul/2026:13:16:30 +0000] "POST /xmlrpc.php HTTP/1.1" 200 401 "-" "Mozilla/5.0 (Windows NT 10.0; Win64; x64) AppleWebKit/537.36 (KHTML, like Gecko) Chrome/78.0.3904.108 Safari/537.36"
143.244.57.123 - - [21/Jul/2026:13:16:33 +0000] "POST /xmlrpc.php HTTP/1.1" 200 401 "-" "Mozilla/5.0 (Windows NT 10.0; Win64; x64) AppleWebKit/537.36 (KHTML, like Gecko) Chrome/78.0.3904.108 Safari/537.36"
143.244.57.123 - - [21/Jul/2026:13:16:35 +0000] "POST /xmlrpc.php HTTP/1.1" 200 401 "-" "Mozilla/5.0 (Windows NT 10.0; Win64; x64) AppleWebKit/537.36 (KHTML, like Gecko) Chrome/78.0.3904.108 Safari/537.36"
143.244.57.123 - - [21/Jul/2026:13:16:38 +0000] "POST /xmlrpc.php HTTP/1.1" 200 401 "-" "Mozilla/5.0 (Windows NT 10.0; Win64; x64) AppleWebKit/537.36 (KHTML, like Gecko) Chrome/78.0.3904.108 Safari/537.36"
143.244.57.123 - - [21/Jul/2026:13:16:39 +0000] "POST /xmlrpc.php HTTP/1.1" 200 401 "-" "Mozilla/5.0 (Windows NT 10.0; Win64; x64) AppleWebKit/537.36 (KHTML, like Gecko) Chrome/78.0.3904.108 Safari/537.36"
143.244.57.123 - - [21/Jul/2026:13:16:41 +0000] "POST /xmlrpc.php HTTP/1.1" 200 401 "-" "Mozilla/5.0 (Windows NT 10.0; Win64; x64) AppleWebKit/537.36 (KHTML, like Gecko) Chrome/78.0.3904.108 Safari/537.36"
143.244.57.123 - - [21/Jul/2026:13:16:43 +0000] "POST /xmlrpc.php HTTP/1.1" 200 401 "-" "Mozilla/5.0 (Windows NT 10.0; Win64; x64) AppleWebKit/537.36 (KHTML, like Gecko) Chrome/78.0.3904.108 Safari/537.36"
143.244.57.123 - - [21/Jul/2026:13:16:46 +0000] "POST /xmlrpc.php HTTP/1.1" 200 401 "-" "Mozilla/5.0 (Windows NT 10.0; Win64; x64) AppleWebKit/537.36 (KHTML, like Gecko) Chrome/78.0.3904.108 Safari/537.36"
143.244.57.123 - - [21/Jul/2026:13:16:48 +0000] "POST /xmlrpc.php HTTP/1.1" 200 401 "-" "Mozilla/5.0 (Windows NT 10.0; Win64; x64) AppleWebKit/537.36 (KHTML, like Gecko) Chrome/78.0.3904.108 Safari/537.36"
198.177.124.148 - - [21/Jul/2026:14:53:28 +0000] "POST /wp-cron.php?doing_wp_cron=1784645608.4441831111907958984375 HTTP/1.1" 200 - "-" "WordPress/7.0.2; https://digitalclass.shop"
147.90.209.31 - - [21/Jul/2026:14:53:23 +0000] "GET / HTTP/1.1" 404 99394 "-" "Mozilla/5.0 (Windows NT 10.0; Win64; x64) AppleWebKit/537.36 (KHTML, like Gecko) Chrome/84.0.4147.89 Safari/537.36"
198.177.124.148 - - [21/Jul/2026:14:57:56 +0000] "POST /wp-cron.php?doing_wp_cron=1784645876.6757359504699707031250 HTTP/1.1" 200 - "-" "WordPress/7.0.2; https://digitalclass.shop"
104.23.221.139 - - [21/Jul/2026:14:57:54 +0000] "GET /wp-admin/install.php?step=1 HTTP/1.1" 404 84246 "-" "http://digitalclass.shop/wp-admin/install.php?step=1"
198.177.124.148 - - [21/Jul/2026:15:00:57 +0000] "POST /wp-cron.php?doing_wp_cron=1784646057.6410470008850097656250 HTTP/1.1" 200 - "-" "WordPress/7.0.2; https://digitalclass.shop"
82.156.116.86 - - [21/Jul/2026:15:00:54 +0000] "GET / HTTP/1.1" 200 99324 "-" "Mozilla/5.0 (iPhone; CPU iPhone OS 13_2_3 like Mac OS X) AppleWebKit/605.1.15 (KHTML, like Gecko) Version/13.0.3 Mobile/15E148 Safari/604.1"
198.177.124.148 - - [21/Jul/2026:15:54:34 +0000] "POST /wp-cron.php?doing_wp_cron=1784649274.7984499931335449218750 HTTP/1.1" 200 - "-" "WordPress/7.0.2; https://digitalclass.shop"
43.166.250.187 - - [21/Jul/2026:15:54:30 +0000] "GET / HTTP/1.1" 200 99324 "-" "Mozilla/5.0 (iPhone; CPU iPhone OS 13_2_3 like Mac OS X) AppleWebKit/605.1.15 (KHTML, like Gecko) Version/13.0.3 Mobile/15E148 Safari/604.1"
198.177.124.148 - - [21/Jul/2026:16:43:40 +0000] "POST /wp-cron.php?doing_wp_cron=1784652220.6306600570678710937500 HTTP/1.1" 200 - "-" "WordPress/7.0.2; https://digitalclass.shop"
162.158.86.100 - - [21/Jul/2026:16:43:37 +0000] "GET /wp-admin/install.php?step=1 HTTP/1.1" 404 84246 "-" "http://digitalclass.shop/wp-admin/install.php?step=1"
185.8.106.219 - - [21/Jul/2026:16:48:14 +0000] "GET /wp-json/gravitysmtp/v1/tests/mock-data?page=gravitysmtp-settings HTTP/1.1" 404 114 "-" "Go-http-client/1.1"
198.177.124.148 - - [21/Jul/2026:19:10:36 +0000] "POST /wp-cron.php?doing_wp_cron=1784661036.7166860103607177734375 HTTP/1.1" 200 - "-" "WordPress/7.0.2; https://digitalclass.shop"
43.160.219.206 - - [21/Jul/2026:19:10:33 +0000] "GET / HTTP/1.1" 200 99324 "-" "Mozilla/5.0 (iPhone; CPU iPhone OS 13_2_3 like Mac OS X) AppleWebKit/605.1.15 (KHTML, like Gecko) Version/13.0.3 Mobile/15E148 Safari/604.1"
198.177.124.148 - - [21/Jul/2026:20:09:49 +0000] "POST /wp-cron.php?doing_wp_cron=1784664589.1533000469207763671875 HTTP/1.1" 200 - "-" "WordPress/7.0.2; https://digitalclass.shop"
104.23.217.133 - - [21/Jul/2026:20:09:47 +0000] "GET /wp-admin/install.php?step=1 HTTP/1.1" 404 84246 "-" "http://digitalclass.shop/wp-admin/install.php?step=1"
198.177.124.148 - - [21/Jul/2026:21:53:13 +0000] "POST /wp-cron.php?doing_wp_cron=1784670793.2582530975341796875000 HTTP/1.1" 200 - "-" "WordPress/7.0.2; https://digitalclass.shop"
104.23.223.93 - - [21/Jul/2026:21:53:10 +0000] "GET /wp-admin/install.php?step=1 HTTP/1.1" 404 84246 "-" "http://digitalclass.shop/wp-admin/install.php?step=1"
198.177.124.148 - - [21/Jul/2026:22:32:32 +0000] "POST /wp-cron.php?doing_wp_cron=1784673152.7801430225372314453125 HTTP/1.1" 200 - "-" "WordPress/7.0.2; https://digitalclass.shop"
43.159.152.187 - - [21/Jul/2026:22:32:28 +0000] "GET / HTTP/1.1" 200 99324 "-" "Mozilla/5.0 (iPhone; CPU iPhone OS 13_2_3 like Mac OS X) AppleWebKit/605.1.15 (KHTML, like Gecko) Version/13.0.3 Mobile/15E148 Safari/604.1"
198.177.124.148 - - [21/Jul/2026:23:15:45 +0000] "POST /wp-cron.php?doing_wp_cron=1784675745.2911610603332519531250 HTTP/1.1" 200 - "-" "WordPress/7.0.2; https://digitalclass.shop"
136.67.60.28 - - [21/Jul/2026:23:15:30 +0000] "GET /system/bootstrap.php HTTP/1.1" 404 84246 "-" "Mozilla/5.0 (Windows NT 10.0; Win64; x64) AppleWebKit/537.36 (KHTML, like Gecko) Chrome/91.0.4472.124 Safari/537.36"
136.67.60.28 - - [21/Jul/2026:23:15:29 +0000] "GET /bootstrap.php HTTP/1.1" 404 84239 "-" "Mozilla/5.0 (Windows NT 10.0; Win64; x64) AppleWebKit/537.36 (KHTML, like Gecko) Chrome/91.0.4472.124 Safari/537.36"
104.23.217.133 - - [21/Jul/2026:23:33:06 +0000] "GET /wp-admin/install.php?step=1 HTTP/1.1" 404 84246 "-" "http://digitalclass.shop/wp-admin/install.php?step=1"
198.177.124.148 - - [22/Jul/2026:00:20:25 +0000] "POST /wp-cron.php?doing_wp_cron=1784679625.6706190109252929687500 HTTP/1.1" 200 - "-" "WordPress/7.0.2; https://digitalclass.shop"
147.182.232.70 - - [22/Jul/2026:00:20:23 +0000] "GET / HTTP/1.1" 200 99324 "-" "Mozilla/5.0 (X11; Linux x86_64; rv:142.0) Gecko/20100101 Firefox/142.0"
147.182.232.70 - - [22/Jul/2026:00:20:25 +0000] "GET /favicon.ico HTTP/1.1" 302 - "http://digitalclass.shop/" "Mozilla/5.0 (X11; Linux x86_64; rv:142.0) Gecko/20100101 Firefox/142.0"
198.204.240.42 - - [22/Jul/2026:00:46:08 +0000] "GET /index.php?params=1 HTTP/1.1" 301 - "-" "Mozilla/5.0 (Windows NT 10.0; Win64; x64) AppleWebKit/537.36 (KHTML, like Gecko) Chrome/131.0.0.0 Safari/537.36"
198.204.240.42 - - [22/Jul/2026:00:46:10 +0000] "GET /?params=1 HTTP/1.1" 200 99333 "-" "Mozilla/5.0 (Windows NT 10.0; Win64; x64) AppleWebKit/537.36 (KHTML, like Gecko) Chrome/131.0.0.0 Safari/537.36"
63.141.250.58 - - [22/Jul/2026:00:49:19 +0000] "GET /index.php?params=1 HTTP/1.1" 301 - "-" "Mozilla/5.0 (Windows NT 10.0; Win64; x64) AppleWebKit/537.36 (KHTML, like Gecko) Chrome/131.0.0.0 Safari/537.36"
198.177.124.148 - - [22/Jul/2026:00:49:25 +0000] "POST /wp-cron.php?doing_wp_cron=1784681365.9522171020507812500000 HTTP/1.1" 200 - "-" "WordPress/7.0.2; https://digitalclass.shop"
63.141.250.58 - - [22/Jul/2026:00:49:22 +0000] "GET /?params=1 HTTP/1.1" 200 99333 "-" "Mozilla/5.0 (Windows NT 10.0; Win64; x64) AppleWebKit/537.36 (KHTML, like Gecko) Chrome/131.0.0.0 Safari/537.36"
63.141.250.58 - - [22/Jul/2026:00:50:46 +0000] "GET /index.php?params=1 HTTP/1.1" 301 - "-" "Mozilla/5.0 (Windows NT 10.0; Win64; x64) AppleWebKit/537.36 (KHTML, like Gecko) Chrome/131.0.0.0 Safari/537.36"
63.141.250.58 - - [22/Jul/2026:00:50:51 +0000] "GET /?params=1 HTTP/1.1" 200 99333 "-" "Mozilla/5.0 (Windows NT 10.0; Win64; x64) AppleWebKit/537.36 (KHTML, like Gecko) Chrome/131.0.0.0 Safari/537.36"
198.177.124.148 - - [22/Jul/2026:01:09:27 +0000] "POST /wp-cron.php?doing_wp_cron=1784682567.7359080314636230468750 HTTP/1.1" 200 - "-" "WordPress/7.0.2; https://digitalclass.shop"
170.106.192.3 - - [22/Jul/2026:01:09:25 +0000] "GET / HTTP/1.1" 200 99324 "-" "Mozilla/5.0 (iPhone; CPU iPhone OS 13_2_3 like Mac OS X) AppleWebKit/605.1.15 (KHTML, like Gecko) Version/13.0.3 Mobile/15E148 Safari/604.1"
198.177.124.148 - - [22/Jul/2026:01:12:31 +0000] "POST /wp-cron.php?doing_wp_cron=1784682751.6150419712066650390625 HTTP/1.1" 200 - "-" "WordPress/7.0.2; https://digitalclass.shop"
65.110.40.43 - - [22/Jul/2026:01:12:28 +0000] "GET / HTTP/1.1" 200 99324 "-" "Mozilla/5.0 (Windows NT 10.0; Win64; x64) AppleWebKit/537.36 (KHTML, like Gecko) Chrome/145.0.0.0 Safari/537.36"
198.177.124.148 - - [22/Jul/2026:01:13:49 +0000] "POST /wp-cron.php?doing_wp_cron=1784682829.7744829654693603515625 HTTP/1.1" 200 - "-" "WordPress/7.0.2; https://digitalclass.shop"
172.70.85.96 - - [22/Jul/2026:01:13:46 +0000] "GET /wp-admin/install.php?step=1 HTTP/1.1" 404 84246 "-" "http://digitalclass.shop/wp-admin/install.php?step=1"
198.177.124.148 - - [22/Jul/2026:01:54:05 +0000] "POST /wp-cron.php?doing_wp_cron=1784685245.7651000022888183593750 HTTP/1.1" 200 - "-" "WordPress/7.0.2; https://digitalclass.shop"
185.177.72.58 - - [22/Jul/2026:01:54:01 +0000] "GET /wp-json/gravitysmtp/v1/tests/mock-data?page=gravitysmtp-settings HTTP/1.1" 404 114 "-" "curl/8.7.1"
185.177.72.58 - - [22/Jul/2026:01:54:05 +0000] "GET / HTTP/1.1" 200 99324 "-" "curl/8.7.1"
185.177.72.58 - - [22/Jul/2026:01:54:09 +0000] "GET /admin HTTP/1.1" 302 - "-" "curl/8.7.1"
43.135.182.43 - - [22/Jul/2026:02:12:53 +0000] "GET / HTTP/1.1" 200 99324 "-" "Mozilla/5.0 (iPhone; CPU iPhone OS 13_2_3 like Mac OS X) AppleWebKit/605.1.15 (KHTML, like Gecko) Version/13.0.3 Mobile/15E148 Safari/604.1"
185.177.72.54 - - [22/Jul/2026:02:22:42 +0000] "GET /wp-includes/js/jquery/jquery.min.js HTTP/1.1" 200 87553 "-" "curl/8.7.1"
185.177.72.54 - - [22/Jul/2026:02:22:42 +0000] "GET /wp-includes/js/jquery/jquery-migrate.min.js HTTP/1.1" 200 13577 "-" "curl/8.7.1"
185.177.72.54 - - [22/Jul/2026:02:22:42 +0000] "GET /wp-includes/js/dist/script-modules/block-library/navigation/view.min.js HTTP/1.1" 200 3053 "-" "curl/8.7.1"
185.177.72.54 - - [22/Jul/2026:02:22:43 +0000] "GET /wp-content/plugins/pixelyoursite/dist/scripts/jquery.bind-first-0.2.3.min.js HTTP/1.1" 200 1317 "-" "curl/8.7.1"
185.177.72.54 - - [22/Jul/2026:02:22:43 +0000] "GET /wp-content/plugins/pixelyoursite/dist/scripts/js.cookie-2.1.3.min.js HTTP/1.1" 200 1709 "-" "curl/8.7.1"
185.177.72.54 - - [22/Jul/2026:02:22:43 +0000] "GET /wp-content/plugins/pixelyoursite/dist/scripts/tld.min.js HTTP/1.1" 200 141079 "-" "curl/8.7.1"
185.177.72.54 - - [22/Jul/2026:02:22:43 +0000] "GET /wp-content/plugins/pixelyoursite/dist/scripts/public.js HTTP/1.1" 200 172979 "-" "curl/8.7.1"
185.177.72.54 - - [22/Jul/2026:02:22:43 +0000] "GET /wp-includes/js/jquery/Et.href,ce.extend(%7Bactive:0,lastModified:%7B%7D,etag:%7B%7D,ajaxSettings:%7Burl:Et.href,type:%22GET%22,isLocal:/^( HTTP/1.1" 301 - "-" "curl/8.7.1"
185.177.72.54 - - [22/Jul/2026:02:22:45 +0000] "POST / HTTP/1.1" 200 99324 "-" "Mozilla/5.0 (Windows NT 10.0; Win64; x64) AppleWebKit/537.36"
185.177.72.54 - - [22/Jul/2026:02:22:49 +0000] "POST / HTTP/1.1" 200 99324 "-" "Mozilla/5.0 (Windows NT 10.0; Win64; x64) AppleWebKit/537.36"
185.177.72.54 - - [22/Jul/2026:02:22:53 +0000] "POST /_next HTTP/1.1" 404 84231 "-" "Mozilla/5.0 (Windows NT 10.0; Win64; x64) AppleWebKit/537.36"
185.177.72.54 - - [22/Jul/2026:02:22:57 +0000] "POST /api HTTP/1.1" 404 84229 "-" "Mozilla/5.0 (Windows NT 10.0; Win64; x64) AppleWebKit/537.36"
185.177.72.54 - - [22/Jul/2026:02:23:00 +0000] "POST /api/auth HTTP/1.1" 404 84234 "-" "Mozilla/5.0 (Windows NT 10.0; Win64; x64) AppleWebKit/537.36"
185.177.72.54 - - [22/Jul/2026:02:23:02 +0000] "POST /api/auth/callback HTTP/1.1" 404 85087 "-" "Mozilla/5.0 (Windows NT 10.0; Win64; x64) AppleWebKit/537.36"
185.177.72.54 - - [22/Jul/2026:02:23:05 +0000] "POST /api/auth/session HTTP/1.1" 404 85084 "-" "Mozilla/5.0 (Windows NT 10.0; Win64; x64) AppleWebKit/537.36"
185.177.72.54 - - [22/Jul/2026:02:23:08 +0000] "POST /_rsc HTTP/1.1" 404 84230 "-" "Mozilla/5.0 (Windows NT 10.0; Win64; x64) AppleWebKit/537.36"
185.177.72.54 - - [22/Jul/2026:02:23:11 +0000] "POST /__rsc HTTP/1.1" 404 84231 "-" "Mozilla/5.0 (Windows NT 10.0; Win64; x64) AppleWebKit/537.36"
185.177.72.54 - - [22/Jul/2026:02:23:14 +0000] "POST /.action HTTP/1.1" 404 84233 "-" "Mozilla/5.0 (Windows NT 10.0; Win64; x64) AppleWebKit/537.36"
185.177.72.54 - - [22/Jul/2026:02:23:15 +0000] "POST /vendor/phpunit/phpunit/src/Util/PHP/eval-stdin.php HTTP/1.1" 404 85194 "-" "curl/8.7.1"
185.177.72.54 - - [22/Jul/2026:02:23:18 +0000] "POST /vendor/phpunit/phpunit/Util/PHP/eval-stdin.php HTTP/1.1" 404 85180 "-" "curl/8.7.1"
185.177.72.54 - - [22/Jul/2026:02:23:21 +0000] "POST /laravel/vendor/phpunit/phpunit/src/Util/PHP/eval-stdin.php HTTP/1.1" 404 85220 "-" "curl/8.7.1"
185.177.72.54 - - [22/Jul/2026:02:23:25 +0000] "POST /yii/vendor/phpunit/phpunit/src/Util/PHP/eval-stdin.php HTTP/1.1" 404 85208 "-" "curl/8.7.1"
185.177.72.54 - - [22/Jul/2026:02:23:28 +0000] "POST /zend/vendor/phpunit/phpunit/src/Util/PHP/eval-stdin.php HTTP/1.1" 404 85211 "-" "curl/8.7.1"
185.177.72.54 - - [22/Jul/2026:02:23:31 +0000] "POST /lib/vendor/phpunit/phpunit/src/Util/PHP/eval-stdin.php HTTP/1.1" 404 85208 "-" "curl/8.7.1"
160.30.136.8 - - [22/Jul/2026:02:29:33 +0000] "POST /wp-admin/admin-ajax.php HTTP/1.1" 400 1 "-" "Mozilla/5.0"
160.30.136.8 - - [22/Jul/2026:02:29:35 +0000] "POST / HTTP/1.1" 200 99324 "-" "Mozilla/5.0"
160.30.136.8 - - [22/Jul/2026:02:29:38 +0000] "POST /wp-admin/admin-ajax.php HTTP/1.1" 400 1 "-" "Mozilla/5.0"
160.30.136.8 - - [22/Jul/2026:02:29:40 +0000] "POST / HTTP/1.1" 200 99324 "-" "Mozilla/5.0"
160.30.136.8 - - [22/Jul/2026:02:29:43 +0000] "POST /wp-admin/admin-ajax.php HTTP/1.1" 400 1 "-" "Mozilla/5.0"
160.30.136.8 - - [22/Jul/2026:02:29:45 +0000] "POST / HTTP/1.1" 200 99324 "-" "Mozilla/5.0"
160.30.136.8 - - [22/Jul/2026:02:29:49 +0000] "POST /wp-admin/admin-ajax.php HTTP/1.1" 400 1 "-" "Mozilla/5.0"
160.30.136.8 - - [22/Jul/2026:02:29:51 +0000] "POST / HTTP/1.1" 200 99324 "-" "Mozilla/5.0"
104.23.223.93 - - [22/Jul/2026:02:56:32 +0000] "GET /wp-admin/install.php?step=1 HTTP/1.1" 404 84246 "-" "http://digitalclass.shop/wp-admin/install.php?step=1"
124.221.140.98 - - [22/Jul/2026:03:35:13 +0000] "GET / HTTP/1.1" 200 99324 "-" "Mozilla/5.0 (iPhone; CPU iPhone OS 13_2_3 like Mac OS X) AppleWebKit/605.1.15 (KHTML, like Gecko) Version/13.0.3 Mobile/15E148 Safari/604.1"
185.177.72.38 - - [22/Jul/2026:03:54:51 +0000] "GET /wp-includes/js/jquery/jquery.min.js HTTP/1.1" 200 87553 "-" "curl/8.7.1"
185.177.72.38 - - [22/Jul/2026:03:54:52 +0000] "GET /wp-includes/js/jquery/jquery-migrate.min.js HTTP/1.1" 200 13577 "-" "curl/8.7.1"
185.177.72.38 - - [22/Jul/2026:03:54:52 +0000] "GET /wp-includes/js/dist/script-modules/block-library/navigation/view.min.js HTTP/1.1" 200 3053 "-" "curl/8.7.1"
185.177.72.38 - - [22/Jul/2026:03:54:52 +0000] "GET /wp-content/plugins/pixelyoursite/dist/scripts/jquery.bind-first-0.2.3.min.js HTTP/1.1" 200 1317 "-" "curl/8.7.1"
185.177.72.38 - - [22/Jul/2026:03:54:52 +0000] "GET /wp-content/plugins/pixelyoursite/dist/scripts/js.cookie-2.1.3.min.js HTTP/1.1" 200 1709 "-" "curl/8.7.1"
185.177.72.38 - - [22/Jul/2026:03:54:52 +0000] "GET /wp-content/plugins/pixelyoursite/dist/scripts/tld.min.js HTTP/1.1" 200 141079 "-" "curl/8.7.1"
185.177.72.38 - - [22/Jul/2026:03:54:53 +0000] "GET /wp-content/plugins/pixelyoursite/dist/scripts/public.js HTTP/1.1" 200 172979 "-" "curl/8.7.1"
185.177.72.38 - - [22/Jul/2026:03:54:53 +0000] "GET /wp-includes/js/jquery/Et.href,ce.extend(%7Bactive:0,lastModified:%7B%7D,etag:%7B%7D,ajaxSettings:%7Burl:Et.href,type:%22GET%22,isLocal:/^( HTTP/1.1" 301 - "-" "curl/8.7.1"
185.177.72.38 - - [22/Jul/2026:03:54:55 +0000] "POST / HTTP/1.1" 200 99324 "-" "Mozilla/5.0 (Windows NT 10.0; Win64; x64) AppleWebKit/537.36"
185.177.72.38 - - [22/Jul/2026:03:54:58 +0000] "POST / HTTP/1.1" 200 99324 "-" "Mozilla/5.0 (Windows NT 10.0; Win64; x64) AppleWebKit/537.36"
185.177.72.38 - - [22/Jul/2026:03:55:01 +0000] "POST /_next HTTP/1.1" 404 84231 "-" "Mozilla/5.0 (Windows NT 10.0; Win64; x64) AppleWebKit/537.36"
185.177.72.38 - - [22/Jul/2026:03:55:05 +0000] "POST /api HTTP/1.1" 404 84229 "-" "Mozilla/5.0 (Windows NT 10.0; Win64; x64) AppleWebKit/537.36"
185.177.72.38 - - [22/Jul/2026:03:55:09 +0000] "POST /api/auth HTTP/1.1" 404 84234 "-" "Mozilla/5.0 (Windows NT 10.0; Win64; x64) AppleWebKit/537.36"
185.177.72.38 - - [22/Jul/2026:03:55:12 +0000] "POST /api/auth/callback HTTP/1.1" 404 85087 "-" "Mozilla/5.0 (Windows NT 10.0; Win64; x64) AppleWebKit/537.36"
185.177.72.38 - - [22/Jul/2026:03:55:15 +0000] "POST /api/auth/session HTTP/1.1" 404 85084 "-" "Mozilla/5.0 (Windows NT 10.0; Win64; x64) AppleWebKit/537.36"
185.177.72.38 - - [22/Jul/2026:03:55:17 +0000] "POST /_rsc HTTP/1.1" 404 84230 "-" "Mozilla/5.0 (Windows NT 10.0; Win64; x64) AppleWebKit/537.36"
198.177.124.148 - - [22/Jul/2026:03:55:22 +0000] "POST /wp-cron.php?doing_wp_cron=1784692522.7902419567108154296875 HTTP/1.1" 200 - "-" "WordPress/7.0.2; https://digitalclass.shop"
185.177.72.38 - - [22/Jul/2026:03:55:20 +0000] "POST /__rsc HTTP/1.1" 404 84231 "-" "Mozilla/5.0 (Windows NT 10.0; Win64; x64) AppleWebKit/537.36"
185.177.72.38 - - [22/Jul/2026:03:55:23 +0000] "POST /.action HTTP/1.1" 404 84233 "-" "Mozilla/5.0 (Windows NT 10.0; Win64; x64) AppleWebKit/537.36"
185.177.72.38 - - [22/Jul/2026:03:55:25 +0000] "POST /vendor/phpunit/phpunit/src/Util/PHP/eval-stdin.php HTTP/1.1" 404 85194 "-" "curl/8.7.1"
185.177.72.38 - - [22/Jul/2026:03:55:28 +0000] "POST /vendor/phpunit/phpunit/Util/PHP/eval-stdin.php HTTP/1.1" 404 85180 "-" "curl/8.7.1"
185.177.72.38 - - [22/Jul/2026:03:55:31 +0000] "POST /laravel/vendor/phpunit/phpunit/src/Util/PHP/eval-stdin.php HTTP/1.1" 404 85220 "-" "curl/8.7.1"
185.177.72.38 - - [22/Jul/2026:03:55:34 +0000] "POST /yii/vendor/phpunit/phpunit/src/Util/PHP/eval-stdin.php HTTP/1.1" 404 85208 "-" "curl/8.7.1"
185.177.72.38 - - [22/Jul/2026:03:55:37 +0000] "POST /zend/vendor/phpunit/phpunit/src/Util/PHP/eval-stdin.php HTTP/1.1" 404 85211 "-" "curl/8.7.1"
185.177.72.38 - - [22/Jul/2026:03:55:39 +0000] "POST /lib/vendor/phpunit/phpunit/src/Util/PHP/eval-stdin.php HTTP/1.1" 404 85208 "-" "curl/8.7.1"
185.177.72.58 - - [22/Jul/2026:04:02:38 +0000] "POST / HTTP/1.1" 200 99324 "-" "Mozilla/5.0 (Windows NT 10.0; Win64; x64) AppleWebKit/537.36"
185.177.72.58 - - [22/Jul/2026:04:02:41 +0000] "POST / HTTP/1.1" 200 99324 "-" "Mozilla/5.0 (Windows NT 10.0; Win64; x64) AppleWebKit/537.36"
185.177.72.58 - - [22/Jul/2026:04:02:46 +0000] "POST /_next HTTP/1.1" 404 84231 "-" "Mozilla/5.0 (Windows NT 10.0; Win64; x64) AppleWebKit/537.36"
185.177.72.58 - - [22/Jul/2026:04:02:49 +0000] "POST /api HTTP/1.1" 404 84229 "-" "Mozilla/5.0 (Windows NT 10.0; Win64; x64) AppleWebKit/537.36"
185.177.72.58 - - [22/Jul/2026:04:02:52 +0000] "POST /api/auth HTTP/1.1" 404 84234 "-" "Mozilla/5.0 (Windows NT 10.0; Win64; x64) AppleWebKit/537.36"
185.177.72.58 - - [22/Jul/2026:04:02:55 +0000] "POST /api/auth/callback HTTP/1.1" 404 85087 "-" "Mozilla/5.0 (Windows NT 10.0; Win64; x64) AppleWebKit/537.36"
185.177.72.58 - - [22/Jul/2026:04:02:58 +0000] "POST /api/auth/session HTTP/1.1" 404 85084 "-" "Mozilla/5.0 (Windows NT 10.0; Win64; x64) AppleWebKit/537.36"
185.177.72.58 - - [22/Jul/2026:04:03:01 +0000] "POST /_rsc HTTP/1.1" 404 84230 "-" "Mozilla/5.0 (Windows NT 10.0; Win64; x64) AppleWebKit/537.36"
185.177.72.58 - - [22/Jul/2026:04:03:04 +0000] "POST /__rsc HTTP/1.1" 404 84231 "-" "Mozilla/5.0 (Windows NT 10.0; Win64; x64) AppleWebKit/537.36"
185.177.72.58 - - [22/Jul/2026:04:03:08 +0000] "POST /.action HTTP/1.1" 404 84233 "-" "Mozilla/5.0 (Windows NT 10.0; Win64; x64) AppleWebKit/537.36"
185.177.72.58 - - [22/Jul/2026:04:03:08 +0000] "POST /vendor/phpunit/phpunit/src/Util/PHP/eval-stdin.php HTTP/1.1" 404 85194 "-" "curl/8.7.1"
185.177.72.58 - - [22/Jul/2026:04:03:12 +0000] "POST /vendor/phpunit/phpunit/Util/PHP/eval-stdin.php HTTP/1.1" 404 85180 "-" "curl/8.7.1"
185.177.72.58 - - [22/Jul/2026:04:03:14 +0000] "POST /laravel/vendor/phpunit/phpunit/src/Util/PHP/eval-stdin.php HTTP/1.1" 404 85220 "-" "curl/8.7.1"
185.177.72.58 - - [22/Jul/2026:04:03:17 +0000] "POST /yii/vendor/phpunit/phpunit/src/Util/PHP/eval-stdin.php HTTP/1.1" 404 85208 "-" "curl/8.7.1"
198.177.124.148 - - [22/Jul/2026:04:03:22 +0000] "POST /wp-cron.php?doing_wp_cron=1784693002.2255589962005615234375 HTTP/1.1" 200 - "-" "WordPress/7.0.2; https://digitalclass.shop"
185.177.72.58 - - [22/Jul/2026:04:03:20 +0000] "POST /zend/vendor/phpunit/phpunit/src/Util/PHP/eval-stdin.php HTTP/1.1" 404 85211 "-" "curl/8.7.1"
185.177.72.58 - - [22/Jul/2026:04:03:22 +0000] "POST /lib/vendor/phpunit/phpunit/src/Util/PHP/eval-stdin.php HTTP/1.1" 404 85208 "-" "curl/8.7.1"
198.177.124.148 - - [22/Jul/2026:04:37:48 +0000] "POST /wp-cron.php?doing_wp_cron=1784695068.4380578994750976562500 HTTP/1.1" 200 - "-" "WordPress/7.0.2; https://digitalclass.shop"
104.23.221.138 - - [22/Jul/2026:04:37:45 +0000] "GET /wp-admin/install.php?step=1 HTTP/1.1" 404 84246 "-" "http://digitalclass.shop/wp-admin/install.php?step=1"
198.177.124.148 - - [22/Jul/2026:05:47:47 +0000] "POST /wp-cron.php?doing_wp_cron=1784699267.1716220378875732421875 HTTP/1.1" 200 - "-" "WordPress/7.0.2; https://digitalclass.shop"
170.106.160.90 - - [22/Jul/2026:05:47:44 +0000] "GET / HTTP/1.1" 200 99324 "-" "Mozilla/5.0 (iPhone; CPU iPhone OS 13_2_3 like Mac OS X) AppleWebKit/605.1.15 (KHTML, like Gecko) Version/13.0.3 Mobile/15E148 Safari/604.1"
198.177.124.148 - - [22/Jul/2026:05:51:14 +0000] "POST /wp-cron.php?doing_wp_cron=1784699474.0787239074707031250000 HTTP/1.1" 200 - "-" "WordPress/7.0.2; https://digitalclass.shop"
64.89.161.160 - - [22/Jul/2026:05:51:12 +0000] "GET /admin/public/js/uploadify/uploadify.css HTTP/1.1" 404 85157 "-" "ALittle Client"
198.177.124.148 - - [22/Jul/2026:06:18:07 +0000] "POST /wp-cron.php?doing_wp_cron=1784701087.2191679477691650390625 HTTP/1.1" 200 - "-" "WordPress/7.0.2; https://digitalclass.shop"
162.158.111.249 - - [22/Jul/2026:06:18:04 +0000] "GET /wp-admin/install.php?step=1 HTTP/1.1" 404 84246 "-" "http://digitalclass.shop/wp-admin/install.php?step=1"
198.177.124.148 - - [22/Jul/2026:06:35:01 +0000] "POST /wp-cron.php?doing_wp_cron=1784702101.2177720069885253906250 HTTP/1.1" 200 - "-" "WordPress/7.0.2; https://digitalclass.shop"
4.43.184.113 - - [22/Jul/2026:06:34:58 +0000] "GET / HTTP/1.1" 200 99324 "-" "Mozilla/5.0 (X11; Linux x86_64) AppleWebKit/537.36 (KHTML, like Gecko) Chrome/44.0.2403.157 Safari/537.36"
198.177.124.148 - - [22/Jul/2026:07:53:54 +0000] "POST /wp-cron.php?doing_wp_cron=1784706834.5264849662780761718750 HTTP/1.1" 200 - "-" "WordPress/7.0.2; https://digitalclass.shop"
209.38.128.94 - - [22/Jul/2026:07:53:50 +0000] "GET / HTTP/1.1" 404 99394 "-" "Mozilla/5.0 (X11; Linux x86_64; rv:142.0) Gecko/20100101 Firefox/142.0"
198.177.124.148 - - [22/Jul/2026:07:59:16 +0000] "POST /wp-cron.php?doing_wp_cron=1784707156.2294130325317382812500 HTTP/1.1" 200 - "-" "WordPress/7.0.2; https://digitalclass.shop"
162.158.86.101 - - [22/Jul/2026:07:59:12 +0000] "GET /wp-admin/install.php?step=1 HTTP/1.1" 404 84246 "-" "http://digitalclass.shop/wp-admin/install.php?step=1"
46.228.199.158 - - [22/Jul/2026:08:59:46 +0000] "GET / HTTP/1.1" 200 99324 "-" "Mozilla/5.0 (Windows NT 10.0; Win64; x64) AppleWebKit/537.36 (KHTML, like Gecko) Chrome/91.0.4472.114 Safari/537.36 Edg/91.0.864.54"
43.157.170.126 - - [22/Jul/2026:09:11:48 +0000] "GET / HTTP/1.1" 200 99324 "-" "Mozilla/5.0 (iPhone; CPU iPhone OS 13_2_3 like Mac OS X) AppleWebKit/605.1.15 (KHTML, like Gecko) Version/13.0.3 Mobile/15E148 Safari/604.1"
198.177.124.148 - - [22/Jul/2026:09:46:24 +0000] "POST /wp-cron.php?doing_wp_cron=1784713584.8476719856262207031250 HTTP/1.1" 200 - "-" "WordPress/7.0.2; https://digitalclass.shop"
78.24.220.190 - - [22/Jul/2026:09:46:23 +0000] "GET / HTTP/1.1" 200 99324 "-" "Mozilla/5.0 (Windows NT 10.0; Win64; x64) AppleWebKit/537.36 (KHTML, like Gecko) Chrome/120.0.0.0 Safari/537.36"
198.177.124.148 - - [22/Jul/2026:10:10:02 +0000] "POST /wp-cron.php?doing_wp_cron=1784715002.3100039958953857421875 HTTP/1.1" 200 - "-" "WordPress/7.0.2; https://digitalclass.shop"
54.210.219.163 - - [22/Jul/2026:10:09:58 +0000] "GET / HTTP/1.1" 200 99324 "-" "Go-http-client/1.1"
54.210.219.163 - - [22/Jul/2026:10:10:02 +0000] "GET /wp-includes/css/buttons.css HTTP/1.1" 200 12954 "-" "Go-http-client/1.1"
162.158.182.55 - - [22/Jul/2026:10:43:31 +0000] "GET /wp-admin/install.php?step=1 HTTP/1.1" 404 84246 "-" "http://digitalclass.shop/wp-admin/install.php?step=1"
43.154.140.188 - - [22/Jul/2026:12:24:42 +0000] "GET / HTTP/1.1" 200 99324 "-" "Mozilla/5.0 (iPhone; CPU iPhone OS 13_2_3 like Mac OS X) AppleWebKit/605.1.15 (KHTML, like Gecko) Version/13.0.3 Mobile/15E148 Safari/604.1"
104.23.221.139 - - [22/Jul/2026:12:25:22 +0000] "GET /wp-admin/install.php?step=1 HTTP/1.1" 404 84246 "-" "http://digitalclass.shop/wp-admin/install.php?step=1"
136.108.25.169 - - [22/Jul/2026:12:38:58 +0000] "GET / HTTP/1.1" 200 99324 "-" "Mozilla/5.0 (compatible; CMS-Checker/1.0; +https://example.com)"
136.108.25.169 - - [22/Jul/2026:13:10:00 +0000] "GET / HTTP/1.1" 200 99324 "-" "Mozilla/5.0 (Windows NT 10.0; Win64; x64) AppleWebKit/537.36 (KHTML, like Gecko) Chrome/78.0.3904.108 Safari/537.36"
136.108.25.169 - - [22/Jul/2026:13:10:09 +0000] "GET /?author=1 HTTP/1.1" 301 - "-" "Mozilla/5.0 (Windows NT 10.0; Win64; x64) AppleWebKit/537.36 (KHTML, like Gecko) Chrome/78.0.3904.108 Safari/537.36"
136.108.25.169 - - [22/Jul/2026:13:10:14 +0000] "GET /?author=2 HTTP/1.1" 404 84226 "-" "Mozilla/5.0 (Windows NT 10.0; Win64; x64) AppleWebKit/537.36 (KHTML, like Gecko) Chrome/78.0.3904.108 Safari/537.36"
136.108.25.169 - - [22/Jul/2026:13:10:18 +0000] "GET /wp-json/wp/v2/users/ HTTP/1.1" 200 878 "-" "Mozilla/5.0 (Windows NT 10.0; Win64; x64) AppleWebKit/537.36 (KHTML, like Gecko) Chrome/78.0.3904.108 Safari/537.36"
198.177.124.148 - - [22/Jul/2026:13:10:23 +0000] "POST /wp-cron.php?doing_wp_cron=1784725823.6909189224243164062500 HTTP/1.1" 200 - "-" "WordPress/7.0.2; https://digitalclass.shop"
136.108.25.169 - - [22/Jul/2026:13:10:21 +0000] "POST /xmlrpc.php HTTP/1.1" 200 401 "-" "Mozilla/5.0 (Windows NT 10.0; Win64; x64) AppleWebKit/537.36 (KHTML, like Gecko) Chrome/78.0.3904.108 Safari/537.36"
136.108.25.169 - - [22/Jul/2026:13:10:23 +0000] "POST /xmlrpc.php HTTP/1.1" 200 401 "-" "Mozilla/5.0 (Windows NT 10.0; Win64; x64) AppleWebKit/537.36 (KHTML, like Gecko) Chrome/78.0.3904.108 Safari/537.36"
136.108.25.169 - - [22/Jul/2026:13:10:27 +0000] "POST /xmlrpc.php HTTP/1.1" 200 401 "-" "Mozilla/5.0 (Windows NT 10.0; Win64; x64) AppleWebKit/537.36 (KHTML, like Gecko) Chrome/78.0.3904.108 Safari/537.36"
136.108.25.169 - - [22/Jul/2026:13:10:30 +0000] "POST /xmlrpc.php HTTP/1.1" 200 401 "-" "Mozilla/5.0 (Windows NT 10.0; Win64; x64) AppleWebKit/537.36 (KHTML, like Gecko) Chrome/78.0.3904.108 Safari/537.36"
136.108.25.169 - - [22/Jul/2026:13:10:33 +0000] "POST /xmlrpc.php HTTP/1.1" 200 401 "-" "Mozilla/5.0 (Windows NT 10.0; Win64; x64) AppleWebKit/537.36 (KHTML, like Gecko) Chrome/78.0.3904.108 Safari/537.36"
136.108.25.169 - - [22/Jul/2026:13:10:37 +0000] "POST /xmlrpc.php HTTP/1.1" 200 401 "-" "Mozilla/5.0 (Windows NT 10.0; Win64; x64) AppleWebKit/537.36 (KHTML, like Gecko) Chrome/78.0.3904.108 Safari/537.36"
136.108.25.169 - - [22/Jul/2026:13:10:41 +0000] "POST /xmlrpc.php HTTP/1.1" 200 401 "-" "Mozilla/5.0 (Windows NT 10.0; Win64; x64) AppleWebKit/537.36 (KHTML, like Gecko) Chrome/78.0.3904.108 Safari/537.36"
136.108.25.169 - - [22/Jul/2026:13:10:44 +0000] "POST /xmlrpc.php HTTP/1.1" 200 401 "-" "Mozilla/5.0 (Windows NT 10.0; Win64; x64) AppleWebKit/537.36 (KHTML, like Gecko) Chrome/78.0.3904.108 Safari/537.36"
136.108.25.169 - - [22/Jul/2026:13:10:46 +0000] "POST /xmlrpc.php HTTP/1.1" 200 401 "-" "Mozilla/5.0 (Windows NT 10.0; Win64; x64) AppleWebKit/537.36 (KHTML, like Gecko) Chrome/78.0.3904.108 Safari/537.36"
136.108.25.169 - - [22/Jul/2026:13:10:49 +0000] "POST /xmlrpc.php HTTP/1.1" 200 401 "-" "Mozilla/5.0 (Windows NT 10.0; Win64; x64) AppleWebKit/537.36 (KHTML, like Gecko) Chrome/78.0.3904.108 Safari/537.36"
136.108.25.169 - - [22/Jul/2026:13:10:52 +0000] "POST /xmlrpc.php HTTP/1.1" 200 401 "-" "Mozilla/5.0 (Windows NT 10.0; Win64; x64) AppleWebKit/537.36 (KHTML, like Gecko) Chrome/78.0.3904.108 Safari/537.36"
136.108.25.169 - - [22/Jul/2026:13:10:54 +0000] "POST /xmlrpc.php HTTP/1.1" 200 401 "-" "Mozilla/5.0 (Windows NT 10.0; Win64; x64) AppleWebKit/537.36 (KHTML, like Gecko) Chrome/78.0.3904.108 Safari/537.36"
136.108.25.169 - - [22/Jul/2026:13:10:57 +0000] "POST /xmlrpc.php HTTP/1.1" 200 401 "-" "Mozilla/5.0 (Windows NT 10.0; Win64; x64) AppleWebKit/537.36 (KHTML, like Gecko) Chrome/78.0.3904.108 Safari/537.36"
136.108.25.169 - - [22/Jul/2026:13:11:01 +0000] "POST /xmlrpc.php HTTP/1.1" 200 401 "-" "Mozilla/5.0 (Windows NT 10.0; Win64; x64) AppleWebKit/537.36 (KHTML, like Gecko) Chrome/78.0.3904.108 Safari/537.36"
136.108.25.169 - - [22/Jul/2026:13:11:04 +0000] "POST /xmlrpc.php HTTP/1.1" 200 401 "-" "Mozilla/5.0 (Windows NT 10.0; Win64; x64) AppleWebKit/537.36 (KHTML, like Gecko) Chrome/78.0.3904.108 Safari/537.36"
136.108.25.169 - - [22/Jul/2026:13:11:06 +0000] "POST /xmlrpc.php HTTP/1.1" 200 401 "-" "Mozilla/5.0 (Windows NT 10.0; Win64; x64) AppleWebKit/537.36 (KHTML, like Gecko) Chrome/78.0.3904.108 Safari/537.36"
136.108.25.169 - - [22/Jul/2026:13:11:08 +0000] "POST /xmlrpc.php HTTP/1.1" 200 401 "-" "Mozilla/5.0 (Windows NT 10.0; Win64; x64) AppleWebKit/537.36 (KHTML, like Gecko) Chrome/78.0.3904.108 Safari/537.36"
136.108.25.169 - - [22/Jul/2026:13:11:09 +0000] "POST /xmlrpc.php HTTP/1.1" 200 401 "-" "Mozilla/5.0 (Windows NT 10.0; Win64; x64) AppleWebKit/537.36 (KHTML, like Gecko) Chrome/78.0.3904.108 Safari/537.36"
136.108.25.169 - - [22/Jul/2026:13:11:11 +0000] "POST /xmlrpc.php HTTP/1.1" 200 401 "-" "Mozilla/5.0 (Windows NT 10.0; Win64; x64) AppleWebKit/537.36 (KHTML, like Gecko) Chrome/78.0.3904.108 Safari/537.36"
136.108.25.169 - - [22/Jul/2026:13:11:12 +0000] "POST /xmlrpc.php HTTP/1.1" 200 401 "-" "Mozilla/5.0 (Windows NT 10.0; Win64; x64) AppleWebKit/537.36 (KHTML, like Gecko) Chrome/78.0.3904.108 Safari/537.36"
136.108.25.169 - - [22/Jul/2026:13:11:14 +0000] "POST /xmlrpc.php HTTP/1.1" 200 401 "-" "Mozilla/5.0 (Windows NT 10.0; Win64; x64) AppleWebKit/537.36 (KHTML, like Gecko) Chrome/78.0.3904.108 Safari/537.36"
136.108.25.169 - - [22/Jul/2026:13:11:16 +0000] "POST /xmlrpc.php HTTP/1.1" 200 401 "-" "Mozilla/5.0 (Windows NT 10.0; Win64; x64) AppleWebKit/537.36 (KHTML, like Gecko) Chrome/78.0.3904.108 Safari/537.36"
136.108.25.169 - - [22/Jul/2026:13:11:18 +0000] "POST /xmlrpc.php HTTP/1.1" 200 401 "-" "Mozilla/5.0 (Windows NT 10.0; Win64; x64) AppleWebKit/537.36 (KHTML, like Gecko) Chrome/78.0.3904.108 Safari/537.36"
136.108.25.169 - - [22/Jul/2026:13:11:20 +0000] "POST /xmlrpc.php HTTP/1.1" 200 401 "-" "Mozilla/5.0 (Windows NT 10.0; Win64; x64) AppleWebKit/537.36 (KHTML, like Gecko) Chrome/78.0.3904.108 Safari/537.36"
136.108.25.169 - - [22/Jul/2026:13:11:21 +0000] "POST /xmlrpc.php HTTP/1.1" 200 401 "-" "Mozilla/5.0 (Windows NT 10.0; Win64; x64) AppleWebKit/537.36 (KHTML, like Gecko) Chrome/78.0.3904.108 Safari/537.36"
136.108.25.169 - - [22/Jul/2026:13:11:23 +0000] "POST /xmlrpc.php HTTP/1.1" 200 401 "-" "Mozilla/5.0 (Windows NT 10.0; Win64; x64) AppleWebKit/537.36 (KHTML, like Gecko) Chrome/78.0.3904.108 Safari/537.36"
136.108.25.169 - - [22/Jul/2026:13:11:25 +0000] "POST /xmlrpc.php HTTP/1.1" 200 401 "-" "Mozilla/5.0 (Windows NT 10.0; Win64; x64) AppleWebKit/537.36 (KHTML, like Gecko) Chrome/78.0.3904.108 Safari/537.36"
136.108.25.169 - - [22/Jul/2026:13:11:26 +0000] "POST /xmlrpc.php HTTP/1.1" 200 401 "-" "Mozilla/5.0 (Windows NT 10.0; Win64; x64) AppleWebKit/537.36 (KHTML, like Gecko) Chrome/78.0.3904.108 Safari/537.36"
136.108.25.169 - - [22/Jul/2026:13:11:27 +0000] "POST /xmlrpc.php HTTP/1.1" 200 401 "-" "Mozilla/5.0 (Windows NT 10.0; Win64; x64) AppleWebKit/537.36 (KHTML, like Gecko) Chrome/78.0.3904.108 Safari/537.36"
136.108.25.169 - - [22/Jul/2026:13:11:29 +0000] "POST /xmlrpc.php HTTP/1.1" 200 401 "-" "Mozilla/5.0 (Windows NT 10.0; Win64; x64) AppleWebKit/537.36 (KHTML, like Gecko) Chrome/78.0.3904.108 Safari/537.36"
136.108.25.169 - - [22/Jul/2026:13:11:30 +0000] "POST /xmlrpc.php HTTP/1.1" 200 401 "-" "Mozilla/5.0 (Windows NT 10.0; Win64; x64) AppleWebKit/537.36 (KHTML, like Gecko) Chrome/78.0.3904.108 Safari/537.36"
136.108.25.169 - - [22/Jul/2026:13:11:31 +0000] "POST /xmlrpc.php HTTP/1.1" 200 401 "-" "Mozilla/5.0 (Windows NT 10.0; Win64; x64) AppleWebKit/537.36 (KHTML, like Gecko) Chrome/78.0.3904.108 Safari/537.36"
136.108.25.169 - - [22/Jul/2026:13:11:32 +0000] "POST /xmlrpc.php HTTP/1.1" 200 401 "-" "Mozilla/5.0 (Windows NT 10.0; Win64; x64) AppleWebKit/537.36 (KHTML, like Gecko) Chrome/78.0.3904.108 Safari/537.36"
136.108.25.169 - - [22/Jul/2026:13:11:34 +0000] "POST /xmlrpc.php HTTP/1.1" 200 401 "-" "Mozilla/5.0 (Windows NT 10.0; Win64; x64) AppleWebKit/537.36 (KHTML, like Gecko) Chrome/78.0.3904.108 Safari/537.36"
136.108.25.169 - - [22/Jul/2026:13:11:35 +0000] "POST /xmlrpc.php HTTP/1.1" 200 401 "-" "Mozilla/5.0 (Windows NT 10.0; Win64; x64) AppleWebKit/537.36 (KHTML, like Gecko) Chrome/78.0.3904.108 Safari/537.36"
136.108.25.169 - - [22/Jul/2026:13:11:36 +0000] "POST /xmlrpc.php HTTP/1.1" 200 401 "-" "Mozilla/5.0 (Windows NT 10.0; Win64; x64) AppleWebKit/537.36 (KHTML, like Gecko) Chrome/78.0.3904.108 Safari/537.36"
136.108.25.169 - - [22/Jul/2026:13:11:37 +0000] "POST /xmlrpc.php HTTP/1.1" 200 401 "-" "Mozilla/5.0 (Windows NT 10.0; Win64; x64) AppleWebKit/537.36 (KHTML, like Gecko) Chrome/78.0.3904.108 Safari/537.36"
136.108.25.169 - - [22/Jul/2026:13:11:39 +0000] "POST /xmlrpc.php HTTP/1.1" 200 401 "-" "Mozilla/5.0 (Windows NT 10.0; Win64; x64) AppleWebKit/537.36 (KHTML, like Gecko) Chrome/78.0.3904.108 Safari/537.36"
136.108.25.169 - - [22/Jul/2026:13:11:40 +0000] "POST /xmlrpc.php HTTP/1.1" 200 401 "-" "Mozilla/5.0 (Windows NT 10.0; Win64; x64) AppleWebKit/537.36 (KHTML, like Gecko) Chrome/78.0.3904.108 Safari/537.36"
136.108.25.169 - - [22/Jul/2026:13:11:41 +0000] "POST /xmlrpc.php HTTP/1.1" 200 401 "-" "Mozilla/5.0 (Windows NT 10.0; Win64; x64) AppleWebKit/537.36 (KHTML, like Gecko) Chrome/78.0.3904.108 Safari/537.36"
136.108.25.169 - - [22/Jul/2026:13:11:43 +0000] "POST /xmlrpc.php HTTP/1.1" 200 401 "-" "Mozilla/5.0 (Windows NT 10.0; Win64; x64) AppleWebKit/537.36 (KHTML, like Gecko) Chrome/78.0.3904.108 Safari/537.36"
136.108.25.169 - - [22/Jul/2026:13:11:44 +0000] "POST /xmlrpc.php HTTP/1.1" 200 401 "-" "Mozilla/5.0 (Windows NT 10.0; Win64; x64) AppleWebKit/537.36 (KHTML, like Gecko) Chrome/78.0.3904.108 Safari/537.36"
136.108.25.169 - - [22/Jul/2026:13:11:46 +0000] "POST /xmlrpc.php HTTP/1.1" 200 401 "-" "Mozilla/5.0 (Windows NT 10.0; Win64; x64) AppleWebKit/537.36 (KHTML, like Gecko) Chrome/78.0.3904.108 Safari/537.36"
136.108.25.169 - - [22/Jul/2026:13:11:47 +0000] "POST /xmlrpc.php HTTP/1.1" 200 401 "-" "Mozilla/5.0 (Windows NT 10.0; Win64; x64) AppleWebKit/537.36 (KHTML, like Gecko) Chrome/78.0.3904.108 Safari/537.36"
