51.159.7.14 - - [16/Jun/2026:07:28:33 +0000] "GET /phpunit/phpunit/src/Util/PHP/eval-stdin.php HTTP/1.1" 404 10426 "-" "libredtail-http"
51.159.7.14 - - [16/Jun/2026:07:28:34 +0000] "GET /phpunit/phpunit/Util/PHP/eval-stdin.php HTTP/1.1" 404 10422 "-" "libredtail-http"
51.159.7.14 - - [16/Jun/2026:07:28:34 +0000] "GET /phpunit/src/Util/PHP/eval-stdin.php HTTP/1.1" 404 10418 "-" "libredtail-http"
51.159.7.14 - - [16/Jun/2026:07:28:35 +0000] "GET /phpunit/Util/PHP/eval-stdin.php HTTP/1.1" 404 10414 "-" "libredtail-http"
51.159.7.14 - - [16/Jun/2026:07:28:36 +0000] "GET /lib/phpunit/phpunit/src/Util/PHP/eval-stdin.php HTTP/1.1" 404 10430 "-" "libredtail-http"
51.159.7.14 - - [16/Jun/2026:07:28:37 +0000] "GET /lib/phpunit/phpunit/Util/PHP/eval-stdin.php HTTP/1.1" 404 10426 "-" "libredtail-http"
51.159.7.14 - - [16/Jun/2026:07:28:38 +0000] "GET /lib/phpunit/src/Util/PHP/eval-stdin.php HTTP/1.1" 404 10422 "-" "libredtail-http"
51.159.7.14 - - [16/Jun/2026:07:28:39 +0000] "GET /lib/phpunit/Util/PHP/eval-stdin.php HTTP/1.1" 404 10418 "-" "libredtail-http"
51.159.7.14 - - [16/Jun/2026:07:28:40 +0000] "GET /lib/vendor/phpunit/phpunit/src/Util/PHP/eval-stdin.php HTTP/1.1" 404 10437 "-" "libredtail-http"
51.159.7.14 - - [16/Jun/2026:07:28:41 +0000] "GET /laravel/vendor/phpunit/phpunit/src/Util/PHP/eval-stdin.php HTTP/1.1" 404 10441 "-" "libredtail-http"
51.159.7.14 - - [16/Jun/2026:07:28:42 +0000] "GET /www/vendor/phpunit/phpunit/src/Util/PHP/eval-stdin.php HTTP/1.1" 404 10437 "-" "libredtail-http"
51.159.7.14 - - [16/Jun/2026:07:28:43 +0000] "GET /ws/vendor/phpunit/phpunit/src/Util/PHP/eval-stdin.php HTTP/1.1" 404 10436 "-" "libredtail-http"
51.159.7.14 - - [16/Jun/2026:07:28:44 +0000] "GET /yii/vendor/phpunit/phpunit/src/Util/PHP/eval-stdin.php HTTP/1.1" 404 10437 "-" "libredtail-http"
51.159.7.14 - - [16/Jun/2026:07:28:45 +0000] "GET /zend/vendor/phpunit/phpunit/src/Util/PHP/eval-stdin.php HTTP/1.1" 404 10438 "-" "libredtail-http"
51.159.7.14 - - [16/Jun/2026:07:28:46 +0000] "GET /ws/ec/vendor/phpunit/phpunit/src/Util/PHP/eval-stdin.php HTTP/1.1" 404 10439 "-" "libredtail-http"
51.159.7.14 - - [16/Jun/2026:07:28:47 +0000] "GET /V2/vendor/phpunit/phpunit/src/Util/PHP/eval-stdin.php HTTP/1.1" 404 10436 "-" "libredtail-http"
51.159.7.14 - - [16/Jun/2026:07:28:48 +0000] "GET /tests/vendor/phpunit/phpunit/src/Util/PHP/eval-stdin.php HTTP/1.1" 404 10439 "-" "libredtail-http"
51.159.7.14 - - [16/Jun/2026:07:28:49 +0000] "GET /test/vendor/phpunit/phpunit/src/Util/PHP/eval-stdin.php HTTP/1.1" 404 10438 "-" "libredtail-http"
51.159.7.14 - - [16/Jun/2026:07:28:49 +0000] "GET /testing/vendor/phpunit/phpunit/src/Util/PHP/eval-stdin.php HTTP/1.1" 404 10441 "-" "libredtail-http"
51.159.7.14 - - [16/Jun/2026:07:28:50 +0000] "GET /api/vendor/phpunit/phpunit/src/Util/PHP/eval-stdin.php HTTP/1.1" 404 10437 "-" "libredtail-http"
51.159.7.14 - - [16/Jun/2026:07:28:51 +0000] "GET /demo/vendor/phpunit/phpunit/src/Util/PHP/eval-stdin.php HTTP/1.1" 404 10438 "-" "libredtail-http"
51.159.7.14 - - [16/Jun/2026:07:28:52 +0000] "GET /cms/vendor/phpunit/phpunit/src/Util/PHP/eval-stdin.php HTTP/1.1" 404 10437 "-" "libredtail-http"
51.159.7.14 - - [16/Jun/2026:07:28:53 +0000] "GET /crm/vendor/phpunit/phpunit/src/Util/PHP/eval-stdin.php HTTP/1.1" 404 10437 "-" "libredtail-http"
51.159.7.14 - - [16/Jun/2026:07:28:53 +0000] "GET /admin/vendor/phpunit/phpunit/src/Util/PHP/eval-stdin.php HTTP/1.1" 404 10439 "-" "libredtail-http"
51.159.7.14 - - [16/Jun/2026:07:28:54 +0000] "GET /backup/vendor/phpunit/phpunit/src/Util/PHP/eval-stdin.php HTTP/1.1" 404 10440 "-" "libredtail-http"
51.159.7.14 - - [16/Jun/2026:07:28:55 +0000] "GET /blog/vendor/phpunit/phpunit/src/Util/PHP/eval-stdin.php HTTP/1.1" 404 10438 "-" "libredtail-http"
51.159.7.14 - - [16/Jun/2026:07:28:56 +0000] "GET /workspace/drupal/vendor/phpunit/phpunit/src/Util/PHP/eval-stdin.php HTTP/1.1" 404 10450 "-" "libredtail-http"
51.159.7.14 - - [16/Jun/2026:07:28:57 +0000] "GET /panel/vendor/phpunit/phpunit/src/Util/PHP/eval-stdin.php HTTP/1.1" 404 10439 "-" "libredtail-http"
51.159.7.14 - - [16/Jun/2026:07:28:58 +0000] "GET /public/vendor/phpunit/phpunit/src/Util/PHP/eval-stdin.php HTTP/1.1" 404 10440 "-" "libredtail-http"
51.159.7.14 - - [16/Jun/2026:07:28:59 +0000] "GET /apps/vendor/phpunit/phpunit/src/Util/PHP/eval-stdin.php HTTP/1.1" 404 10438 "-" "libredtail-http"
51.159.7.14 - - [16/Jun/2026:07:29:00 +0000] "GET /app/vendor/phpunit/phpunit/src/Util/PHP/eval-stdin.php HTTP/1.1" 404 10437 "-" "libredtail-http"
51.159.7.14 - - [16/Jun/2026:07:29:01 +0000] "GET /index.php?s=/index/\\think\\app/invokefunction&function=call_user_func_array&vars[0]=md5&vars[1][]=Hello HTTP/1.1" 404 10497 "-" "libredtail-http"
51.159.7.14 - - [16/Jun/2026:07:29:02 +0000] "GET /public/index.php?s=/index/\\think\\app/invokefunction&function=call_user_func_array&vars[0]=md5&vars[1][]=Hello HTTP/1.1" 404 10504 "-" "libredtail-http"
51.159.7.14 - - [16/Jun/2026:07:29:03 +0000] "GET /index.php?lang=../../../../../../../../usr/local/lib/php/pearcmd&+config-create+/&/<?echo(md5(\"hi\"));?>+/tmp/index1.php HTTP/1.1" 404 10526 "-" "libredtail-http"
51.159.7.14 - - [16/Jun/2026:07:29:04 +0000] "GET /index.php?lang=../../../../../../../../tmp/index1 HTTP/1.1" 404 10432 "-" "libredtail-http"
51.159.7.14 - - [16/Jun/2026:07:29:05 +0000] "GET /containers/json HTTP/1.1" 404 10398 "-" "libredtail-http"
127.0.0.1 - - [16/Jun/2026:07:30:01 +0000] "GET /birbestu3ejlb3ceil0joot9 HTTP/1.0" 200 62385 "-" "-"
127.0.0.1 - - [16/Jun/2026:07:31:07 +0000] "GET / HTTP/1.0" 200 163 "-" "-"
93.123.72.183 - - [16/Jun/2026:07:34:42 +0000] "GET /SDK/webLanguage HTTP/1.1" 404 10400 "-" "Mozilla/5.0"
127.0.0.1 - - [16/Jun/2026:07:35:01 +0000] "GET /birbestu3ejlb3ceil0joot9 HTTP/1.0" 200 64882 "-" "-"
207.46.13.128 - - [16/Jun/2026:07:35:18 +0000] "GET /cgi-sys/defaultwebpage.cgi HTTP/1.1" 500 38 "-" "Mozilla/5.0 AppleWebKit/537.36 (KHTML, like Gecko; compatible; bingbot/2.0; +http://www.bing.com/bingbot.htm) Chrome/116.0.1938.76 Safari/537.36"
207.46.13.128 - - [16/Jun/2026:07:35:49 +0000] "GET /cgi-sys/defaultwebpage.cgi HTTP/1.1" 500 38 "-" "Mozilla/5.0 AppleWebKit/537.36 (KHTML, like Gecko; compatible; bingbot/2.0; +http://www.bing.com/bingbot.htm) Chrome/116.0.1938.76 Safari/537.36"
127.0.0.1 - - [16/Jun/2026:07:36:08 +0000] "GET / HTTP/1.0" 200 163 "-" "-"
207.46.13.128 - - [16/Jun/2026:07:36:18 +0000] "GET /cgi-sys/defaultwebpage.cgi HTTP/1.1" 500 38 "-" "Mozilla/5.0 AppleWebKit/537.36 (KHTML, like Gecko; compatible; bingbot/2.0; +http://www.bing.com/bingbot.htm) Chrome/116.0.1938.76 Safari/537.36"
104.23.221.6 - - [16/Jun/2026:07:36:51 +0000] "GET /wp-admin/install.php?step=1 HTTP/1.1" 404 10429 "-" "http://ojcbusinessempires.shop/wp-admin/install.php?step=1"
207.46.13.128 - - [16/Jun/2026:07:37:09 +0000] "GET /cgi-sys/defaultwebpage.cgi HTTP/1.1" 500 38 "-" "Mozilla/5.0 AppleWebKit/537.36 (KHTML, like Gecko; compatible; bingbot/2.0; +http://www.bing.com/bingbot.htm) Chrome/116.0.1938.76 Safari/537.36"
207.46.13.128 - - [16/Jun/2026:07:38:48 +0000] "GET /cgi-sys/defaultwebpage.cgi HTTP/1.1" 500 38 "-" "Mozilla/5.0 AppleWebKit/537.36 (KHTML, like Gecko; compatible; bingbot/2.0; +http://www.bing.com/bingbot.htm) Chrome/116.0.1938.76 Safari/537.36"
127.0.0.1 - - [16/Jun/2026:07:40:01 +0000] "GET /birbestu3ejlb3ceil0joot9 HTTP/1.0" 200 62710 "-" "-"
104.23.221.83 - - [16/Jun/2026:07:40:16 +0000] "GET /wp-admin/install.php?step=1 HTTP/1.1" 404 10439 "-" "http://tecnikaljuliustecniks.shop/wp-admin/install.php?step=1"
127.0.0.1 - - [16/Jun/2026:07:41:09 +0000] "GET / HTTP/1.0" 200 163 "-" "-"
207.46.13.128 - - [16/Jun/2026:07:41:29 +0000] "GET /cgi-sys/defaultwebpage.cgi HTTP/1.1" 500 38 "-" "Mozilla/5.0 AppleWebKit/537.36 (KHTML, like Gecko; compatible; bingbot/2.0; +http://www.bing.com/bingbot.htm) Chrome/116.0.1938.76 Safari/537.36"
162.158.111.150 - - [16/Jun/2026:07:44:02 +0000] "GET /wp-admin/install.php?step=1 HTTP/1.1" 404 10432 "-" "http://ojcbusinessempires.shop/wp-admin/install.php?step=1"
127.0.0.1 - - [16/Jun/2026:07:45:01 +0000] "GET /birbestu3ejlb3ceil0joot9 HTTP/1.0" 200 63407 "-" "-"
127.0.0.1 - - [16/Jun/2026:07:46:09 +0000] "GET / HTTP/1.0" 200 163 "-" "-"
104.23.221.6 - - [16/Jun/2026:07:46:46 +0000] "GET /wp-admin/install.php?step=1 HTTP/1.1" 404 10429 "-" "http://ojcbusinessempires.shop/wp-admin/install.php?step=1"
172.232.108.36 - - [16/Jun/2026:07:46:59 +0000] "GET / HTTP/1.1" 200 163 "-" "Mozilla/5.0"
104.23.223.104 - - [16/Jun/2026:07:47:30 +0000] "GET /wp-admin/install.php?step=1 HTTP/1.1" 404 10440 "-" "http://tecnikaljuliustecniks.shop/wp-admin/install.php?step=1"
157.55.39.58 - - [16/Jun/2026:07:47:31 +0000] "GET /cgi-sys/defaultwebpage.cgi HTTP/1.1" 500 38 "-" "Mozilla/5.0 AppleWebKit/537.36 (KHTML, like Gecko; compatible; bingbot/2.0; +http://www.bing.com/bingbot.htm) Chrome/116.0.1938.76 Safari/537.36"
104.23.217.102 - - [16/Jun/2026:07:49:46 +0000] "GET /wp-admin/install.php?step=1 HTTP/1.1" 404 10440 "-" "http://tecnikaljuliustecniks.shop/wp-admin/install.php?step=1"
127.0.0.1 - - [16/Jun/2026:07:50:01 +0000] "GET /birbestu3ejlb3ceil0joot9 HTTP/1.0" 200 63910 "-" "-"
127.0.0.1 - - [16/Jun/2026:07:51:26 +0000] "GET / HTTP/1.0" 200 163 "-" "-"
43.134.93.181 - - [16/Jun/2026:07:51:55 +0000] "GET / HTTP/1.1" 200 163 "-" "Mozilla/5.0 (iPhone; CPU iPhone OS 13_2_3 like Mac OS X) AppleWebKit/605.1.15 (KHTML, like Gecko) Version/13.0.3 Mobile/15E148 Safari/604.1"
204.76.203.219 - - [16/Jun/2026:07:52:00 +0000] "GET /SDK/webLanguage HTTP/1.1" 404 10401 "-" "Mozilla/5.0"
216.218.206.67 - - [16/Jun/2026:07:53:59 +0000] "\x16\x03\x01" 400 10404 "-" "-"
127.0.0.1 - - [16/Jun/2026:07:55:01 +0000] "GET /birbestu3ejlb3ceil0joot9 HTTP/1.0" 200 63807 "-" "-"
127.0.0.1 - - [16/Jun/2026:07:57:01 +0000] "GET / HTTP/1.0" 200 163 "-" "-"
207.46.13.150 - - [16/Jun/2026:07:58:22 +0000] "GET /cgi-sys/defaultwebpage.cgi HTTP/1.1" 500 38 "-" "Mozilla/5.0 AppleWebKit/537.36 (KHTML, like Gecko; compatible; bingbot/2.0; +http://www.bing.com/bingbot.htm) Chrome/116.0.1938.76 Safari/537.36"
24.199.103.59 - - [16/Jun/2026:07:59:54 +0000] "GET / HTTP/1.1" 200 163 "-" "Mozilla/5.0 (X11; Linux x86_64; rv:142.0) Gecko/20100101 Firefox/142.0"
24.199.103.59 - - [16/Jun/2026:07:59:54 +0000] "GET /favicon.ico HTTP/1.1" 404 10381 "http://goldstars.no/" "Mozilla/5.0 (X11; Linux x86_64; rv:142.0) Gecko/20100101 Firefox/142.0"
127.0.0.1 - - [16/Jun/2026:08:00:01 +0000] "GET /birbestu3ejlb3ceil0joot9 HTTP/1.0" 200 61860 "-" "-"
127.0.0.1 - - [16/Jun/2026:08:03:12 +0000] "GET / HTTP/1.0" 200 163 "-" "-"
127.0.0.1 - - [16/Jun/2026:08:05:01 +0000] "GET /birbestu3ejlb3ceil0joot9 HTTP/1.0" 200 63235 "-" "-"
104.23.217.156 - - [16/Jun/2026:08:06:08 +0000] "GET /wp-admin/install.php?step=1 HTTP/1.1" 404 10431 "-" "http://ojcbusinessempires.shop/wp-admin/install.php?step=1"
151.243.11.35 - - [16/Jun/2026:08:07:50 +0000] "GET / HTTP/1.1" 400 10404 "-" "curl/7.68.0"
104.23.221.82 - - [16/Jun/2026:08:08:00 +0000] "GET /wp-admin/install.php?step=1 HTTP/1.1" 404 10439 "-" "http://tecnikaljuliustecniks.shop/wp-admin/install.php?step=1"
104.23.223.104 - - [16/Jun/2026:08:09:24 +0000] "GET /wp-admin/install.php?step=1 HTTP/1.1" 404 10431 "-" "http://ojcbusinessempires.shop/wp-admin/install.php?step=1"
127.0.0.1 - - [16/Jun/2026:08:10:01 +0000] "GET /birbestu3ejlb3ceil0joot9 HTTP/1.0" 200 62241 "-" "-"
127.0.0.1 - - [16/Jun/2026:08:11:13 +0000] "GET / HTTP/1.0" 200 163 "-" "-"
43.156.119.210 - - [16/Jun/2026:08:13:15 +0000] "GET / HTTP/1.1" 200 163 "-" "Mozilla/5.0 (iPhone; CPU iPhone OS 13_2_3 like Mac OS X) AppleWebKit/605.1.15 (KHTML, like Gecko) Version/13.0.3 Mobile/15E148 Safari/604.1"
43.157.181.189 - - [16/Jun/2026:08:13:56 +0000] "GET / HTTP/1.1" 200 163 "-" "Mozilla/5.0 (iPhone; CPU iPhone OS 13_2_3 like Mac OS X) AppleWebKit/605.1.15 (KHTML, like Gecko) Version/13.0.3 Mobile/15E148 Safari/604.1"
127.0.0.1 - - [16/Jun/2026:08:15:01 +0000] "GET /birbestu3ejlb3ceil0joot9 HTTP/1.0" 200 62364 "-" "-"
207.46.13.64 - - [16/Jun/2026:08:15:13 +0000] "GET /cgi-sys/defaultwebpage.cgi HTTP/1.1" 500 38 "-" "Mozilla/5.0 AppleWebKit/537.36 (KHTML, like Gecko; compatible; bingbot/2.0; +http://www.bing.com/bingbot.htm) Chrome/116.0.1938.76 Safari/537.36"
127.0.0.1 - - [16/Jun/2026:08:16:14 +0000] "GET / HTTP/1.0" 200 163 "-" "-"
127.0.0.1 - - [16/Jun/2026:08:20:01 +0000] "GET /birbestu3ejlb3ceil0joot9 HTTP/1.0" 200 62662 "-" "-"
127.0.0.1 - - [16/Jun/2026:08:21:14 +0000] "GET / HTTP/1.0" 200 163 "-" "-"
162.158.182.87 - - [16/Jun/2026:08:23:17 +0000] "GET /wp-admin/install.php?step=1 HTTP/1.1" 404 10431 "-" "http://ojcbusinessempires.shop/wp-admin/install.php?step=1"
127.0.0.1 - - [16/Jun/2026:08:25:01 +0000] "GET /birbestu3ejlb3ceil0joot9 HTTP/1.0" 200 61885 "-" "-"
104.23.217.103 - - [16/Jun/2026:08:25:52 +0000] "GET /wp-admin/install.php?step=1 HTTP/1.1" 404 10440 "-" "http://tecnikaljuliustecniks.shop/wp-admin/install.php?step=1"
127.0.0.1 - - [16/Jun/2026:08:27:54 +0000] "GET / HTTP/1.0" 200 163 "-" "-"
157.55.39.197 - - [16/Jun/2026:08:28:34 +0000] "GET /cgi-sys/defaultwebpage.cgi HTTP/1.1" 500 38 "-" "Mozilla/5.0 AppleWebKit/537.36 (KHTML, like Gecko; compatible; bingbot/2.0; +http://www.bing.com/bingbot.htm) Chrome/116.0.1938.76 Safari/537.36"
127.0.0.1 - - [16/Jun/2026:08:30:02 +0000] "GET /birbestu3ejlb3ceil0joot9 HTTP/1.0" 200 61925 "-" "-"
204.76.203.206 - - [16/Jun/2026:08:31:07 +0000] "GET /SDK/webLanguage HTTP/1.1" 404 10401 "-" "Mozilla/5.0"
167.99.42.160 - - [16/Jun/2026:08:31:10 +0000] "GET / HTTP/1.1" 200 163 "-" "Mozilla/5.0 (X11; Linux x86_64) AppleWebKit/537.36 (KHTML, like Gecko) Chrome/142.0.0.0 Safari/537.36"
167.99.42.160 - - [16/Jun/2026:08:31:10 +0000] "GET /favicon.ico HTTP/1.1" 404 10396 "http://www.virtuacard.co/" "Mozilla/5.0 (X11; Linux x86_64) AppleWebKit/537.36 (KHTML, like Gecko) Chrome/142.0.0.0 Safari/537.36"
127.0.0.1 - - [16/Jun/2026:08:33:58 +0000] "GET / HTTP/1.0" 200 163 "-" "-"
127.0.0.1 - - [16/Jun/2026:08:35:01 +0000] "GET /birbestu3ejlb3ceil0joot9 HTTP/1.0" 200 60974 "-" "-"
127.0.0.1 - - [16/Jun/2026:08:40:02 +0000] "GET /birbestu3ejlb3ceil0joot9 HTTP/1.0" 200 62146 "-" "-"
162.158.182.87 - - [16/Jun/2026:08:40:19 +0000] "GET /wp-admin/install.php?step=1 HTTP/1.1" 404 10431 "-" "http://ojcbusinessempires.shop/wp-admin/install.php?step=1"
127.0.0.1 - - [16/Jun/2026:08:41:18 +0000] "GET / HTTP/1.0" 200 163 "-" "-"
162.158.183.53 - - [16/Jun/2026:08:41:35 +0000] "GET /wp-admin/install.php?step=1 HTTP/1.1" 404 10440 "-" "http://tecnikaljuliustecniks.shop/wp-admin/install.php?step=1"
127.0.0.1 - - [16/Jun/2026:08:45:01 +0000] "GET /birbestu3ejlb3ceil0joot9 HTTP/1.0" 200 62813 "-" "-"
127.0.0.1 - - [16/Jun/2026:08:46:18 +0000] "GET / HTTP/1.0" 200 163 "-" "-"
207.46.13.141 - - [16/Jun/2026:08:46:27 +0000] "GET /cgi-sys/defaultwebpage.cgi HTTP/1.1" 500 38 "-" "Mozilla/5.0 AppleWebKit/537.36 (KHTML, like Gecko; compatible; bingbot/2.0; +http://www.bing.com/bingbot.htm) Chrome/116.0.1938.76 Safari/537.36"
51.158.249.5 - - [16/Jun/2026:08:48:05 +0000] "HEAD / HTTP/1.1" 200 - "-" "curl/7.81.0"
51.158.249.5 - - [16/Jun/2026:08:48:32 +0000] "GET / HTTP/1.1" 200 163 "-" "Mozilla/5.0 (X11; Linux x86_64) AppleWebKit/537.36 (KHTML, like Gecko) Chrome/134.0.0.0 Safari/537.3"
51.158.249.5 - - [16/Jun/2026:08:48:33 +0000] "GET /cgi-sys/defaultwebpage.cgi HTTP/1.1" 500 38 "http://tecnikaljuliustecniks.shop/" "Mozilla/5.0 (X11; Linux x86_64) AppleWebKit/537.36 (KHTML, like Gecko) Chrome/134.0.0.0 Safari/537.3"
51.158.249.5 - - [16/Jun/2026:08:48:33 +0000] "GET /favicon.ico HTTP/1.1" 404 10422 "http://tecnikaljuliustecniks.shop/" "Mozilla/5.0 (X11; Linux x86_64) AppleWebKit/537.36 (KHTML, like Gecko) Chrome/134.0.0.0 Safari/537.3"
51.158.249.5 - - [16/Jun/2026:08:48:40 +0000] "GET /cgi-sys/defaultwebpage.cgi/favicon.ico HTTP/1.1" 500 38 "-" "Mozilla/5.0 (X11; Linux x86_64) AppleWebKit/537.36 (KHTML, like Gecko) Chrome/134.0.0.0 Safari/537.3"
51.158.249.5 - - [16/Jun/2026:08:48:47 +0000] "GET /cgi-sys/defaultwebpage.cgi/ads.txt HTTP/1.1" 500 38 "-" "Mozilla/5.0 (X11; Linux x86_64) AppleWebKit/537.36 (KHTML, like Gecko) Chrome/134.0.0.0 Safari/537.3"
51.158.249.5 - - [16/Jun/2026:08:48:48 +0000] "GET /cgi-sys/defaultwebpage.cgi/app-ads.txt HTTP/1.1" 500 38 "-" "Mozilla/5.0 (X11; Linux x86_64) AppleWebKit/537.36 (KHTML, like Gecko) Chrome/134.0.0.0 Safari/537.3"
51.158.249.5 - - [16/Jun/2026:08:48:48 +0000] "GET /cgi-sys/defaultwebpage.cgi/sellers.json HTTP/1.1" 500 38 "-" "Mozilla/5.0 (X11; Linux x86_64) AppleWebKit/537.36 (KHTML, like Gecko) Chrome/134.0.0.0 Safari/537.3"
127.0.0.1 - - [16/Jun/2026:08:50:01 +0000] "GET /birbestu3ejlb3ceil0joot9 HTTP/1.0" 200 61416 "-" "-"
172.71.144.54 - - [16/Jun/2026:08:50:10 +0000] "GET /wp-admin/install.php?step=1 HTTP/1.1" 404 10430 "-" "http://ojcbusinessempires.shop/wp-admin/install.php?step=1"
93.123.72.183 - - [16/Jun/2026:08:50:37 +0000] "GET /SDK/webLanguage HTTP/1.1" 404 10400 "-" "Mozilla/5.0"
157.55.39.200 - - [16/Jun/2026:08:52:07 +0000] "GET /cgi-sys/defaultwebpage.cgi HTTP/1.1" 500 38 "-" "Mozilla/5.0 AppleWebKit/537.36 (KHTML, like Gecko; compatible; bingbot/2.0; +http://www.bing.com/bingbot.htm) Chrome/116.0.1938.76 Safari/537.36"
157.55.39.200 - - [16/Jun/2026:08:52:36 +0000] "GET /cgi-sys/defaultwebpage.cgi HTTP/1.1" 500 38 "-" "Mozilla/5.0 AppleWebKit/537.36 (KHTML, like Gecko; compatible; bingbot/2.0; +http://www.bing.com/bingbot.htm) Chrome/116.0.1938.76 Safari/537.36"
157.55.39.200 - - [16/Jun/2026:08:53:17 +0000] "GET /cgi-sys/defaultwebpage.cgi HTTP/1.1" 500 38 "-" "Mozilla/5.0 AppleWebKit/537.36 (KHTML, like Gecko; compatible; bingbot/2.0; +http://www.bing.com/bingbot.htm) Chrome/116.0.1938.76 Safari/537.36"
189.131.211.113 - - [16/Jun/2026:08:53:41 +0000] "HEAD / HTTP/1.1" 200 - "-" "Mozilla/5.0"
172.68.194.201 - - [16/Jun/2026:08:53:47 +0000] "GET /wp-admin/install.php?step=1 HTTP/1.1" 404 10440 "-" "http://tecnikaljuliustecniks.shop/wp-admin/install.php?step=1"
157.55.39.200 - - [16/Jun/2026:08:54:18 +0000] "GET /cgi-sys/defaultwebpage.cgi HTTP/1.1" 500 38 "-" "Mozilla/5.0 AppleWebKit/537.36 (KHTML, like Gecko; compatible; bingbot/2.0; +http://www.bing.com/bingbot.htm) Chrome/116.0.1938.76 Safari/537.36"
127.0.0.1 - - [16/Jun/2026:08:55:01 +0000] "GET /birbestu3ejlb3ceil0joot9 HTTP/1.0" 200 62632 "-" "-"
157.55.39.200 - - [16/Jun/2026:08:56:12 +0000] "GET /cgi-sys/defaultwebpage.cgi HTTP/1.1" 500 38 "-" "Mozilla/5.0 AppleWebKit/537.36 (KHTML, like Gecko; compatible; bingbot/2.0; +http://www.bing.com/bingbot.htm) Chrome/116.0.1938.76 Safari/537.36"
127.0.0.1 - - [16/Jun/2026:08:56:20 +0000] "GET / HTTP/1.0" 200 163 "-" "-"
43.164.0.96 - - [16/Jun/2026:08:57:41 +0000] "GET / HTTP/1.1" 200 163 "-" "Mozilla/5.0 (iPhone; CPU iPhone OS 13_2_3 like Mac OS X) AppleWebKit/605.1.15 (KHTML, like Gecko) Version/13.0.3 Mobile/15E148 Safari/604.1"
157.55.39.200 - - [16/Jun/2026:08:58:47 +0000] "GET /cgi-sys/defaultwebpage.cgi HTTP/1.1" 500 38 "-" "Mozilla/5.0 AppleWebKit/537.36 (KHTML, like Gecko; compatible; bingbot/2.0; +http://www.bing.com/bingbot.htm) Chrome/116.0.1938.76 Safari/537.36"
127.0.0.1 - - [16/Jun/2026:09:00:01 +0000] "GET /birbestu3ejlb3ceil0joot9 HTTP/1.0" 200 64030 "-" "-"
127.0.0.1 - - [16/Jun/2026:09:01:21 +0000] "GET / HTTP/1.0" 200 163 "-" "-"
162.158.182.87 - - [16/Jun/2026:09:03:01 +0000] "GET /wp-admin/install.php?step=1 HTTP/1.1" 404 10431 "-" "http://ojcbusinessempires.shop/wp-admin/install.php?step=1"
127.0.0.1 - - [16/Jun/2026:09:05:01 +0000] "GET /birbestu3ejlb3ceil0joot9 HTTP/1.0" 200 62944 "-" "-"
157.55.39.59 - - [16/Jun/2026:09:05:08 +0000] "GET /cgi-sys/defaultwebpage.cgi HTTP/1.1" 500 38 "-" "Mozilla/5.0 AppleWebKit/537.36 (KHTML, like Gecko; compatible; bingbot/2.0; +http://www.bing.com/bingbot.htm) Chrome/116.0.1938.76 Safari/537.36"
43.159.143.139 - - [16/Jun/2026:09:06:00 +0000] "GET / HTTP/1.1" 200 163 "-" "Mozilla/5.0 (iPhone; CPU iPhone OS 13_2_3 like Mac OS X) AppleWebKit/605.1.15 (KHTML, like Gecko) Version/13.0.3 Mobile/15E148 Safari/604.1"
127.0.0.1 - - [16/Jun/2026:09:06:22 +0000] "GET / HTTP/1.0" 200 163 "-" "-"
45.198.224.5 - - [16/Jun/2026:09:06:22 +0000] "POST /goform/formJsonAjaxReq HTTP/1.1" 404 10406 "http://198.177.124.148:80/login.asp" "Mozilla/5.0 (X11; Linux x86_64; rv:128.0) Gecko/20100101 Firefox/128.0"
172.71.144.146 - - [16/Jun/2026:09:06:43 +0000] "GET /wp-admin/install.php?step=1 HTTP/1.1" 404 10440 "-" "http://tecnikaljuliustecniks.shop/wp-admin/install.php?step=1"
127.0.0.1 - - [16/Jun/2026:09:10:02 +0000] "GET /birbestu3ejlb3ceil0joot9 HTTP/1.0" 200 62211 "-" "-"
127.0.0.1 - - [16/Jun/2026:09:11:22 +0000] "GET / HTTP/1.0" 200 163 "-" "-"
207.46.13.92 - - [16/Jun/2026:09:13:59 +0000] "GET /cgi-sys/defaultwebpage.cgi HTTP/1.1" 500 38 "-" "Mozilla/5.0 AppleWebKit/537.36 (KHTML, like Gecko; compatible; bingbot/2.0; +http://www.bing.com/bingbot.htm) Chrome/116.0.1938.76 Safari/537.36"
104.23.223.105 - - [16/Jun/2026:09:14:55 +0000] "GET /wp-admin/install.php?step=1 HTTP/1.1" 404 10431 "-" "http://ojcbusinessempires.shop/wp-admin/install.php?step=1"
127.0.0.1 - - [16/Jun/2026:09:15:01 +0000] "GET /birbestu3ejlb3ceil0joot9 HTTP/1.0" 200 64427 "-" "-"
127.0.0.1 - - [16/Jun/2026:09:16:23 +0000] "GET / HTTP/1.0" 200 163 "-" "-"
104.23.217.103 - - [16/Jun/2026:09:17:25 +0000] "GET /wp-admin/install.php?step=1 HTTP/1.1" 404 10440 "-" "http://tecnikaljuliustecniks.shop/wp-admin/install.php?step=1"
127.0.0.1 - - [16/Jun/2026:09:20:01 +0000] "GET /birbestu3ejlb3ceil0joot9 HTTP/1.0" 200 63908 "-" "-"
127.0.0.1 - - [16/Jun/2026:09:21:24 +0000] "GET / HTTP/1.0" 200 163 "-" "-"
127.0.0.1 - - [16/Jun/2026:09:25:01 +0000] "GET /birbestu3ejlb3ceil0joot9 HTTP/1.0" 200 63957 "-" "-"
93.174.93.12 - - [16/Jun/2026:09:25:38 +0000] "GET / HTTP/1.0" 200 163 "-" "Mozilla/5.0 (X11; CrOS x86_64 12425.0.0) AppleWebKit/537.36 (KHTML, like Gecko) Chrome/78.0.3877.0 Safari/537.36"
207.46.13.126 - - [16/Jun/2026:09:26:20 +0000] "GET /cgi-sys/defaultwebpage.cgi HTTP/1.1" 500 38 "-" "Mozilla/5.0 AppleWebKit/537.36 (KHTML, like Gecko; compatible; bingbot/2.0; +http://www.bing.com/bingbot.htm) Chrome/116.0.1938.76 Safari/537.36"
127.0.0.1 - - [16/Jun/2026:09:27:54 +0000] "GET / HTTP/1.0" 200 163 "-" "-"
104.23.223.105 - - [16/Jun/2026:09:28:37 +0000] "GET /wp-admin/install.php?step=1 HTTP/1.1" 404 10431 "-" "http://ojcbusinessempires.shop/wp-admin/install.php?step=1"
127.0.0.1 - - [16/Jun/2026:09:30:01 +0000] "GET /birbestu3ejlb3ceil0joot9 HTTP/1.0" 200 65139 "-" "-"
104.23.217.102 - - [16/Jun/2026:09:31:12 +0000] "GET /wp-admin/install.php?step=1 HTTP/1.1" 404 10440 "-" "http://tecnikaljuliustecniks.shop/wp-admin/install.php?step=1"
104.23.221.7 - - [16/Jun/2026:09:35:00 +0000] "GET /wp-admin/install.php?step=1 HTTP/1.1" 404 10429 "-" "http://ojcbusinessempires.shop/wp-admin/install.php?step=1"
127.0.0.1 - - [16/Jun/2026:09:35:01 +0000] "GET /birbestu3ejlb3ceil0joot9 HTTP/1.0" 200 62796 "-" "-"
104.23.223.105 - - [16/Jun/2026:09:36:01 +0000] "GET /wp-admin/install.php?step=1 HTTP/1.1" 404 10440 "-" "http://tecnikaljuliustecniks.shop/wp-admin/install.php?step=1"
127.0.0.1 - - [16/Jun/2026:09:36:27 +0000] "GET / HTTP/1.0" 200 163 "-" "-"
127.0.0.1 - - [16/Jun/2026:09:40:02 +0000] "GET /birbestu3ejlb3ceil0joot9 HTTP/1.0" 200 64313 "-" "-"
127.0.0.1 - - [16/Jun/2026:09:41:28 +0000] "GET / HTTP/1.0" 200 163 "-" "-"
157.55.39.11 - - [16/Jun/2026:09:41:52 +0000] "GET /cgi-sys/defaultwebpage.cgi HTTP/1.1" 500 38 "-" "Mozilla/5.0 AppleWebKit/537.36 (KHTML, like Gecko; compatible; bingbot/2.0; +http://www.bing.com/bingbot.htm) Chrome/116.0.1938.76 Safari/537.36"
162.158.183.54 - - [16/Jun/2026:09:42:43 +0000] "GET /wp-admin/install.php?step=1 HTTP/1.1" 404 10440 "-" "http://tecnikaljuliustecniks.shop/wp-admin/install.php?step=1"
172.71.148.138 - - [16/Jun/2026:09:43:07 +0000] "GET /wp-admin/install.php?step=1 HTTP/1.1" 404 10431 "-" "http://ojcbusinessempires.shop/wp-admin/install.php?step=1"
127.0.0.1 - - [16/Jun/2026:09:45:02 +0000] "GET /birbestu3ejlb3ceil0joot9 HTTP/1.0" 200 63062 "-" "-"
127.0.0.1 - - [16/Jun/2026:09:46:28 +0000] "GET / HTTP/1.0" 200 163 "-" "-"
31.59.160.12 - - [16/Jun/2026:09:48:06 +0000] "GET /SDK/webLanguage HTTP/1.1" 404 10399 "-" "Mozilla/5.0"
127.0.0.1 - - [16/Jun/2026:09:50:01 +0000] "GET /birbestu3ejlb3ceil0joot9 HTTP/1.0" 200 63437 "-" "-"
127.0.0.1 - - [16/Jun/2026:09:51:29 +0000] "GET / HTTP/1.0" 200 163 "-" "-"
45.92.85.50 - - [16/Jun/2026:09:53:27 +0000] "GET / HTTP/1.1" 200 163 "-" "Mozilla/5.0 (Windows NT 10.0; Win64; x64) AppleWebKit/537.36 (KHTML, like Gecko) Chrome/94.0.4606.61 Safari/537.36"
127.0.0.1 - - [16/Jun/2026:09:55:01 +0000] "GET /birbestu3ejlb3ceil0joot9 HTTP/1.0" 200 62502 "-" "-"
104.23.217.156 - - [16/Jun/2026:09:55:22 +0000] "GET /wp-admin/install.php?step=1 HTTP/1.1" 404 10431 "-" "http://ojcbusinessempires.shop/wp-admin/install.php?step=1"
127.0.0.1 - - [16/Jun/2026:09:56:30 +0000] "GET / HTTP/1.0" 200 163 "-" "-"
195.178.110.48 - - [16/Jun/2026:09:57:13 +0000] "GET / HTTP/1.1" 401 53 "-" "Mozilla/5.0 (Macintosh; Intel Mac OS X 10_15_7) AppleWebKit/537.36 Chrome/122.0.0.0 Safari/537.36"
207.46.13.31 - - [16/Jun/2026:09:58:13 +0000] "GET /cgi-sys/defaultwebpage.cgi HTTP/1.1" 500 38 "-" "Mozilla/5.0 AppleWebKit/537.36 (KHTML, like Gecko; compatible; bingbot/2.0; +http://www.bing.com/bingbot.htm) Chrome/116.0.1938.76 Safari/537.36"
104.23.221.83 - - [16/Jun/2026:09:58:36 +0000] "GET /wp-admin/install.php?step=1 HTTP/1.1" 404 10439 "-" "http://tecnikaljuliustecniks.shop/wp-admin/install.php?step=1"
74.176.227.118 - - [16/Jun/2026:09:58:57 +0000] "GET /cgi-sys/defaultwebpage.cgi HTTP/1.1" 500 38 "-" "Mozilla/5.0 (Windows NT 10.0; Win64; x64) AppleWebKit/537.36 (KHTML, like Gecko) Chrome/131.0.0.0 Safari/537.36 Edg/131.0.0.0"
127.0.0.1 - - [16/Jun/2026:10:00:01 +0000] "GET /birbestu3ejlb3ceil0joot9 HTTP/1.0" 200 63004 "-" "-"
127.0.0.1 - - [16/Jun/2026:10:01:31 +0000] "GET / HTTP/1.0" 200 163 "-" "-"
127.0.0.1 - - [16/Jun/2026:10:05:01 +0000] "GET /birbestu3ejlb3ceil0joot9 HTTP/1.0" 200 62833 "-" "-"
127.0.0.1 - - [16/Jun/2026:10:06:32 +0000] "GET / HTTP/1.0" 200 163 "-" "-"
172.174.198.66 - - [16/Jun/2026:10:08:00 +0000] "GET /.git/HEAD HTTP/1.1" 404 10389 "-" "Mozilla/5.0 (X11; Linux x86_64) AppleWebKit/537.36 (KHTML, like Gecko) Chrome/124.0.0.0 Safari/537.36"
172.174.198.66 - - [16/Jun/2026:10:08:01 +0000] "GET /.git/config HTTP/1.1" 404 10391 "-" "Mozilla/5.0 (Macintosh; Intel Mac OS X 14_4_1) AppleWebKit/605.1.15 (KHTML, like Gecko) Version/17.4 Safari/605.1.15"
172.174.198.66 - - [16/Jun/2026:10:08:02 +0000] "GET /.git/logs/HEAD HTTP/1.1" 404 10394 "-" "Mozilla/5.0 (Macintosh; Intel Mac OS X 14_4_1) AppleWebKit/537.36 (KHTML, like Gecko) Chrome/124.0.0.0 Safari/537.36"
172.174.198.66 - - [16/Jun/2026:10:08:03 +0000] "GET /.git/refs/heads/master HTTP/1.1" 404 10402 "-" "Mozilla/5.0 (X11; Linux x86_64) AppleWebKit/537.36 (KHTML, like Gecko) Chrome/124.0.0.0 Safari/537.36"
172.174.198.66 - - [16/Jun/2026:10:08:05 +0000] "GET /.git/refs/heads/main HTTP/1.1" 404 10400 "-" "Mozilla/5.0 (compatible; Googlebot/2.1; +http://www.google.com/bot.html)"
172.174.198.66 - - [16/Jun/2026:10:08:06 +0000] "GET /.git/index HTTP/1.1" 404 10390 "-" "Mozilla/5.0 (Macintosh; Intel Mac OS X 14_4_1) AppleWebKit/537.36 (KHTML, like Gecko) Chrome/124.0.0.0 Safari/537.36"
172.174.198.66 - - [16/Jun/2026:10:08:07 +0000] "GET /.env HTTP/1.1" 404 10384 "-" "Mozilla/5.0 (Macintosh; Intel Mac OS X 10_15_7) AppleWebKit/537.36 (KHTML, like Gecko) Chrome/124.0.0.0 Safari/537.36"
172.174.198.66 - - [16/Jun/2026:10:08:09 +0000] "GET /.env.local HTTP/1.1" 404 10390 "-" "Mozilla/5.0 (Macintosh; Intel Mac OS X 14_4_1) AppleWebKit/537.36 (KHTML, like Gecko) Chrome/124.0.0.0 Safari/537.36"
172.174.198.66 - - [16/Jun/2026:10:08:10 +0000] "GET /.env.production HTTP/1.1" 404 10395 "-" "Mozilla/5.0 (Macintosh; Intel Mac OS X 14.4; rv:125.0) Gecko/20100101 Firefox/125.0"
172.174.198.66 - - [16/Jun/2026:10:08:12 +0000] "GET /.env.backup HTTP/1.1" 404 10391 "-" "Mozilla/5.0 (Windows NT 10.0; Win64; x64; rv:125.0) Gecko/20100101 Firefox/125.0"
172.174.198.66 - - [16/Jun/2026:10:08:13 +0000] "GET /.env.save HTTP/1.1" 404 10389 "-" "Mozilla/5.0 (Windows NT 10.0; Win64; x64) AppleWebKit/537.36 (KHTML, like Gecko) Chrome/123.0.0.0 Safari/537.36"
172.174.198.66 - - [16/Jun/2026:10:08:14 +0000] "GET /.env.prod HTTP/1.1" 404 10389 "-" "Mozilla/5.0 (Macintosh; Intel Mac OS X 14_4_1) AppleWebKit/537.36 (KHTML, like Gecko) Chrome/124.0.0.0 Safari/537.36"
172.174.198.66 - - [16/Jun/2026:10:08:17 +0000] "GET /.env.old HTTP/1.1" 404 10388 "-" "Mozilla/5.0 (Macintosh; Intel Mac OS X 10_15_7) AppleWebKit/537.36 (KHTML, like Gecko) Chrome/124.0.0.0 Safari/537.36"
172.174.198.66 - - [16/Jun/2026:10:08:18 +0000] "GET /.env.bak HTTP/1.1" 404 10388 "-" "Mozilla/5.0 (X11; Linux x86_64) AppleWebKit/537.36 (KHTML, like Gecko) Chrome/124.0.0.0 Safari/537.36"
172.174.198.66 - - [16/Jun/2026:10:08:18 +0000] "GET /.env.docker HTTP/1.1" 404 10391 "-" "Mozilla/5.0 (Linux; Android 14; Pixel 8) AppleWebKit/537.36 (KHTML, like Gecko) Chrome/124.0.0.0 Mobile Safari/537.36"
172.174.198.66 - - [16/Jun/2026:10:08:20 +0000] "GET /.env_production HTTP/1.1" 404 10395 "-" "Mozilla/5.0 (Macintosh; Intel Mac OS X 10_15_7) AppleWebKit/537.36 (KHTML, like Gecko) Chrome/124.0.0.0 Safari/537.36"
172.174.198.66 - - [16/Jun/2026:10:08:22 +0000] "GET /.env.development HTTP/1.1" 404 10396 "-" "Mozilla/5.0 (Windows NT 10.0; Win64; x64) AppleWebKit/537.36 (KHTML, like Gecko) Chrome/123.0.0.0 Safari/537.36"
172.174.198.66 - - [16/Jun/2026:10:08:24 +0000] "GET /wp-config.php HTTP/1.1" 404 10393 "-" "Mozilla/5.0 (Windows NT 10.0; Win64; x64; rv:125.0) Gecko/20100101 Firefox/125.0"
207.46.13.126 - - [16/Jun/2026:10:08:24 +0000] "GET /cgi-sys/defaultwebpage.cgi HTTP/1.1" 500 38 "-" "Mozilla/5.0 AppleWebKit/537.36 (KHTML, like Gecko; compatible; bingbot/2.0; +http://www.bing.com/bingbot.htm) Chrome/116.0.1938.76 Safari/537.36"
172.174.198.66 - - [16/Jun/2026:10:08:25 +0000] "GET /wp-config.php.bak HTTP/1.1" 404 10397 "-" "Mozilla/5.0 (Macintosh; Intel Mac OS X 14_4_1) AppleWebKit/537.36 (KHTML, like Gecko) Chrome/124.0.0.0 Safari/537.36"
172.174.198.66 - - [16/Jun/2026:10:08:26 +0000] "GET /.aws/credentials HTTP/1.1" 404 10396 "-" "Mozilla/5.0 (X11; Linux x86_64; rv:125.0) Gecko/20100101 Firefox/125.0"
172.174.198.66 - - [16/Jun/2026:10:08:28 +0000] "GET /.aws/config HTTP/1.1" 404 10391 "-" "Mozilla/5.0 (Windows NT 10.0; Win64; x64) AppleWebKit/537.36 (KHTML, like Gecko) Chrome/123.0.0.0 Safari/537.36"
172.174.198.66 - - [16/Jun/2026:10:08:29 +0000] "GET /.git-credentials HTTP/1.1" 404 10396 "-" "Mozilla/5.0 (Macintosh; Intel Mac OS X 14_4_1) AppleWebKit/537.36 (KHTML, like Gecko) Chrome/124.0.0.0 Safari/537.36"
172.174.198.66 - - [16/Jun/2026:10:08:30 +0000] "GET /config/database.yml HTTP/1.1" 404 10399 "-" "Mozilla/5.0 (Linux; Android 14; Pixel 8) AppleWebKit/537.36 (KHTML, like Gecko) Chrome/124.0.0.0 Mobile Safari/537.36"
172.174.198.66 - - [16/Jun/2026:10:08:32 +0000] "GET /phpinfo.php HTTP/1.1" 404 10391 "-" "Mozilla/5.0 (Windows NT 10.0; Win64; x64; rv:125.0) Gecko/20100101 Firefox/125.0"
172.174.198.66 - - [16/Jun/2026:10:08:34 +0000] "GET /info.php HTTP/1.1" 404 10388 "-" "Mozilla/5.0 (X11; Linux x86_64; rv:125.0) Gecko/20100101 Firefox/125.0"
172.174.198.66 - - [16/Jun/2026:10:08:35 +0000] "GET /actuator/env HTTP/1.1" 404 10392 "-" "Mozilla/5.0 (compatible; Googlebot/2.1; +http://www.google.com/bot.html)"
172.174.198.66 - - [16/Jun/2026:10:08:36 +0000] "GET /actuator/logfile HTTP/1.1" 404 10396 "-" "Mozilla/5.0 (X11; Linux x86_64) AppleWebKit/537.36 (KHTML, like Gecko) Chrome/124.0.0.0 Safari/537.36"
172.174.198.66 - - [16/Jun/2026:10:08:38 +0000] "GET /config.php HTTP/1.1" 404 10390 "-" "Mozilla/5.0 (compatible; Googlebot/2.1; +http://www.google.com/bot.html)"
172.174.198.66 - - [16/Jun/2026:10:08:39 +0000] "GET /config/config.php HTTP/1.1" 404 10397 "-" "Mozilla/5.0 (Macintosh; Intel Mac OS X 10_15_7) AppleWebKit/537.36 (KHTML, like Gecko) Chrome/124.0.0.0 Safari/537.36"
172.174.198.66 - - [16/Jun/2026:10:08:40 +0000] "GET /includes/config.php HTTP/1.1" 404 10399 "-" "Mozilla/5.0 (Linux; Android 14; Pixel 8) AppleWebKit/537.36 (KHTML, like Gecko) Chrome/124.0.0.0 Mobile Safari/537.36"
162.158.111.150 - - [16/Jun/2026:10:08:41 +0000] "GET /wp-admin/install.php?step=1 HTTP/1.1" 404 10432 "-" "http://ojcbusinessempires.shop/wp-admin/install.php?step=1"
172.174.198.66 - - [16/Jun/2026:10:08:42 +0000] "GET /config/database.php HTTP/1.1" 404 10399 "-" "Mozilla/5.0 (X11; Linux x86_64) AppleWebKit/537.36 (KHTML, like Gecko) Chrome/124.0.0.0 Safari/537.36"
172.174.198.66 - - [16/Jun/2026:10:08:42 +0000] "GET /app/config/parameters.yml HTTP/1.1" 404 10405 "-" "Mozilla/5.0 (Windows NT 10.0; Win64; x64) AppleWebKit/537.36 (KHTML, like Gecko) Chrome/124.0.0.0 Safari/537.36 Edg/124.0.0.0"
172.174.198.66 - - [16/Jun/2026:10:08:44 +0000] "GET /.htpasswd HTTP/1.1" 403 10389 "-" "Mozilla/5.0 (X11; Linux x86_64; rv:125.0) Gecko/20100101 Firefox/125.0"
172.174.198.66 - - [16/Jun/2026:10:08:44 +0000] "GET /backup.sql HTTP/1.1" 404 10390 "-" "Mozilla/5.0 (X11; Linux x86_64; rv:125.0) Gecko/20100101 Firefox/125.0"
172.174.198.66 - - [16/Jun/2026:10:08:45 +0000] "GET /dump.sql HTTP/1.1" 404 10388 "-" "Mozilla/5.0 (Macintosh; Intel Mac OS X 10_15_7) AppleWebKit/537.36 (KHTML, like Gecko) Chrome/124.0.0.0 Safari/537.36"
172.174.198.66 - - [16/Jun/2026:10:08:46 +0000] "GET /database.sql HTTP/1.1" 404 10392 "-" "Mozilla/5.0 (Macintosh; Intel Mac OS X 14_4_1) AppleWebKit/605.1.15 (KHTML, like Gecko) Version/17.4 Safari/605.1.15"
172.174.198.66 - - [16/Jun/2026:10:08:47 +0000] "GET /backup/database.sql HTTP/1.1" 404 10399 "-" "Mozilla/5.0 (X11; Linux x86_64) AppleWebKit/537.36 (KHTML, like Gecko) Chrome/124.0.0.0 Safari/537.36"
172.174.198.66 - - [16/Jun/2026:10:08:48 +0000] "GET /data/dump.sql HTTP/1.1" 404 10393 "-" "Mozilla/5.0 (Macintosh; Intel Mac OS X 14_4_1) AppleWebKit/605.1.15 (KHTML, like Gecko) Version/17.4 Safari/605.1.15"
172.174.198.66 - - [16/Jun/2026:10:08:50 +0000] "GET /.ssh/id_rsa HTTP/1.1" 404 10391 "-" "Mozilla/5.0 (Linux; Android 14; Pixel 8) AppleWebKit/537.36 (KHTML, like Gecko) Chrome/124.0.0.0 Mobile Safari/537.36"
172.174.198.66 - - [16/Jun/2026:10:08:51 +0000] "GET /.ssh/id_ed25519 HTTP/1.1" 404 10395 "-" "Mozilla/5.0 (X11; Linux x86_64; rv:125.0) Gecko/20100101 Firefox/125.0"
172.174.198.66 - - [16/Jun/2026:10:08:52 +0000] "GET /.npmrc HTTP/1.1" 404 10386 "-" "Mozilla/5.0 (Windows NT 10.0; Win64; x64) AppleWebKit/537.36 (KHTML, like Gecko) Chrome/124.0.0.0 Safari/537.36 Edg/124.0.0.0"
207.46.13.126 - - [16/Jun/2026:10:08:54 +0000] "GET /cgi-sys/defaultwebpage.cgi HTTP/1.1" 500 38 "-" "Mozilla/5.0 AppleWebKit/537.36 (KHTML, like Gecko; compatible; bingbot/2.0; +http://www.bing.com/bingbot.htm) Chrome/116.0.1938.76 Safari/537.36"
207.46.13.126 - - [16/Jun/2026:10:09:24 +0000] "GET /cgi-sys/defaultwebpage.cgi HTTP/1.1" 500 38 "-" "Mozilla/5.0 AppleWebKit/537.36 (KHTML, like Gecko; compatible; bingbot/2.0; +http://www.bing.com/bingbot.htm) Chrome/116.0.1938.76 Safari/537.36"
146.56.197.150 - - [16/Jun/2026:10:09:59 +0000] "GET / HTTP/1.1" 200 163 "-" "Mozilla/5.0 (iPhone; CPU iPhone OS 13_2_3 like Mac OS X) AppleWebKit/605.1.15 (KHTML, like Gecko) Version/13.0.3 Mobile/15E148 Safari/604.1"
127.0.0.1 - - [16/Jun/2026:10:10:01 +0000] "GET /birbestu3ejlb3ceil0joot9 HTTP/1.0" 200 65146 "-" "-"
207.46.13.126 - - [16/Jun/2026:10:10:24 +0000] "GET /cgi-sys/defaultwebpage.cgi HTTP/1.1" 500 38 "-" "Mozilla/5.0 AppleWebKit/537.36 (KHTML, like Gecko; compatible; bingbot/2.0; +http://www.bing.com/bingbot.htm) Chrome/116.0.1938.76 Safari/537.36"
127.0.0.1 - - [16/Jun/2026:10:11:34 +0000] "GET / HTTP/1.0" 200 163 "-" "-"
207.46.13.126 - - [16/Jun/2026:10:11:55 +0000] "GET /cgi-sys/defaultwebpage.cgi HTTP/1.1" 500 38 "-" "Mozilla/5.0 AppleWebKit/537.36 (KHTML, like Gecko; compatible; bingbot/2.0; +http://www.bing.com/bingbot.htm) Chrome/116.0.1938.76 Safari/537.36"
101.32.244.128 - - [16/Jun/2026:10:12:02 +0000] "GET / HTTP/1.1" 200 163 "-" "Mozilla/5.0 (iPhone; CPU iPhone OS 13_2_3 like Mac OS X) AppleWebKit/605.1.15 (KHTML, like Gecko) Version/13.0.3 Mobile/15E148 Safari/604.1"
104.23.221.82 - - [16/Jun/2026:10:14:25 +0000] "GET /wp-admin/install.php?step=1 HTTP/1.1" 404 10439 "-" "http://tecnikaljuliustecniks.shop/wp-admin/install.php?step=1"
207.46.13.126 - - [16/Jun/2026:10:14:35 +0000] "GET /cgi-sys/defaultwebpage.cgi HTTP/1.1" 500 38 "-" "Mozilla/5.0 AppleWebKit/537.36 (KHTML, like Gecko; compatible; bingbot/2.0; +http://www.bing.com/bingbot.htm) Chrome/116.0.1938.76 Safari/537.36"
127.0.0.1 - - [16/Jun/2026:10:15:01 +0000] "GET /birbestu3ejlb3ceil0joot9 HTTP/1.0" 200 63117 "-" "-"
93.123.72.183 - - [16/Jun/2026:10:15:39 +0000] "GET /SDK/webLanguage HTTP/1.1" 404 10400 "-" "Mozilla/5.0"
176.65.139.66 - - [16/Jun/2026:10:17:58 +0000] "GET / HTTP/1.0" 200 163 "-" "Shodan-Pull/1.0"
162.14.109.170 - - [16/Jun/2026:10:18:41 +0000] "GET / HTTP/1.1" 200 163 "-" "Mozilla/5.0 (iPhone; CPU iPhone OS 13_2_3 like Mac OS X) AppleWebKit/605.1.15 (KHTML, like Gecko) Version/13.0.3 Mobile/15E148 Safari/604.1"
18.214.87.238 - - [16/Jun/2026:10:18:46 +0000] "GET / HTTP/1.1" 200 163 "-" "Mozilla/5.0 (Macintosh; Intel Mac OS X 10_10_5) AppleWebKit/537.36 (KHTML, like Gecko) Chrome/61.0.3163.49 Safari/537.36"
127.0.0.1 - - [16/Jun/2026:10:20:01 +0000] "GET /birbestu3ejlb3ceil0joot9 HTTP/1.0" 200 62846 "-" "-"
157.55.39.11 - - [16/Jun/2026:10:20:05 +0000] "GET /cgi-sys/defaultwebpage.cgi HTTP/1.1" 500 38 "-" "Mozilla/5.0 AppleWebKit/537.36 (KHTML, like Gecko; compatible; bingbot/2.0; +http://www.bing.com/bingbot.htm) Chrome/116.0.1938.76 Safari/537.36"
104.23.217.157 - - [16/Jun/2026:10:20:48 +0000] "GET /wp-admin/install.php?step=1 HTTP/1.1" 404 10431 "-" "http://ojcbusinessempires.shop/wp-admin/install.php?step=1"
127.0.0.1 - - [16/Jun/2026:10:21:35 +0000] "GET / HTTP/1.0" 200 163 "-" "-"
162.158.183.54 - - [16/Jun/2026:10:22:52 +0000] "GET /wp-admin/install.php?step=1 HTTP/1.1" 404 10440 "-" "http://tecnikaljuliustecniks.shop/wp-admin/install.php?step=1"
204.76.203.219 - - [16/Jun/2026:10:24:00 +0000] "GET /SDK/webLanguage HTTP/1.1" 404 10401 "-" "Mozilla/5.0"
127.0.0.1 - - [16/Jun/2026:10:25:02 +0000] "GET /birbestu3ejlb3ceil0joot9 HTTP/1.0" 200 63242 "-" "-"
127.0.0.1 - - [16/Jun/2026:10:26:36 +0000] "GET / HTTP/1.0" 200 163 "-" "-"
43.133.69.37 - - [16/Jun/2026:10:27:08 +0000] "GET / HTTP/1.1" 200 163 "-" "Mozilla/5.0 (iPhone; CPU iPhone OS 13_2_3 like Mac OS X) AppleWebKit/605.1.15 (KHTML, like Gecko) Version/13.0.3 Mobile/15E148 Safari/604.1"
127.0.0.1 - - [16/Jun/2026:10:30:02 +0000] "GET /birbestu3ejlb3ceil0joot9 HTTP/1.0" 200 63588 "-" "-"
45.148.10.67 - - [16/Jun/2026:10:30:06 +0000] "GET / HTTP/1.1" 200 163 "-" "Mozilla/5.0 (Windows NT 10.0; Win64; x64) AppleWebKit/537.36 (KHTML, like Gecko) Chrome/131.0.0.0 Safari/537.36"
185.242.226.108 - - [16/Jun/2026:10:31:02 +0000] "\x16\x03\x01" 400 10405 "-" "-"
104.23.221.7 - - [16/Jun/2026:10:31:33 +0000] "GET /wp-admin/install.php?step=1 HTTP/1.1" 404 10429 "-" "http://ojcbusinessempires.shop/wp-admin/install.php?step=1"
127.0.0.1 - - [16/Jun/2026:10:31:36 +0000] "GET / HTTP/1.0" 200 163 "-" "-"
157.55.39.195 - - [16/Jun/2026:10:32:47 +0000] "GET /cgi-sys/defaultwebpage.cgi HTTP/1.1" 500 38 "-" "Mozilla/5.0 AppleWebKit/537.36 (KHTML, like Gecko; compatible; bingbot/2.0; +http://www.bing.com/bingbot.htm) Chrome/116.0.1938.76 Safari/537.36"
127.0.0.1 - - [16/Jun/2026:10:35:01 +0000] "GET /birbestu3ejlb3ceil0joot9 HTTP/1.0" 200 62251 "-" "-"
127.0.0.1 - - [16/Jun/2026:10:36:37 +0000] "GET / HTTP/1.0" 200 163 "-" "-"
104.23.221.82 - - [16/Jun/2026:10:36:44 +0000] "GET /wp-admin/install.php?step=1 HTTP/1.1" 404 10439 "-" "http://tecnikaljuliustecniks.shop/wp-admin/install.php?step=1"
159.65.5.161 - - [16/Jun/2026:10:37:54 +0000] "GET /license.txt HTTP/1.1" 404 10380 "-" "python-requests/2.27.1"
127.0.0.1 - - [16/Jun/2026:10:40:02 +0000] "GET /birbestu3ejlb3ceil0joot9 HTTP/1.0" 200 63083 "-" "-"
127.0.0.1 - - [16/Jun/2026:10:41:39 +0000] "GET / HTTP/1.0" 200 163 "-" "-"
195.96.139.60 - - [16/Jun/2026:10:42:02 +0000] "GET / HTTP/1.1" 200 163 "-" "Mozilla/5.0 (compatible; InternetMeasurement/1.0; +https://internet-measurement.com/)"
127.0.0.1 - - [16/Jun/2026:10:45:01 +0000] "GET /birbestu3ejlb3ceil0joot9 HTTP/1.0" 200 61276 "-" "-"
127.0.0.1 - - [16/Jun/2026:10:46:39 +0000] "GET / HTTP/1.0" 200 163 "-" "-"
204.76.203.206 - - [16/Jun/2026:10:47:10 +0000] "GET /SDK/webLanguage HTTP/1.1" 404 10401 "-" "Mozilla/5.0"
157.55.39.6 - - [16/Jun/2026:10:49:39 +0000] "GET /cgi-sys/defaultwebpage.cgi HTTP/1.1" 500 38 "-" "Mozilla/5.0 AppleWebKit/537.36 (KHTML, like Gecko; compatible; bingbot/2.0; +http://www.bing.com/bingbot.htm) Chrome/116.0.1938.76 Safari/537.36"
127.0.0.1 - - [16/Jun/2026:10:50:01 +0000] "GET /birbestu3ejlb3ceil0joot9 HTTP/1.0" 200 63312 "-" "-"
172.71.144.146 - - [16/Jun/2026:10:54:51 +0000] "GET /wp-admin/install.php?step=1 HTTP/1.1" 404 10440 "-" "http://tecnikaljuliustecniks.shop/wp-admin/install.php?step=1"
172.70.243.133 - - [16/Jun/2026:10:54:51 +0000] "GET /wp-admin/install.php?step=1 HTTP/1.1" 404 10431 "-" "http://ojcbusinessempires.shop/wp-admin/install.php?step=1"
127.0.0.1 - - [16/Jun/2026:10:55:01 +0000] "GET /birbestu3ejlb3ceil0joot9 HTTP/1.0" 200 63058 "-" "-"
127.0.0.1 - - [16/Jun/2026:10:56:41 +0000] "GET / HTTP/1.0" 200 163 "-" "-"
185.242.226.108 - - [16/Jun/2026:10:57:54 +0000] "GET / HTTP/1.1" 200 163 "-" "Mozilla/5.0 (Windows NT 10.0; Win64; x64) AppleWebKit/537.36 (KHTML, like Gecko) Chrome/88.0.4324.190 Safari/537.36"
185.242.226.108 - - [16/Jun/2026:10:58:48 +0000] "\x16\x03\x01\x02" 400 10405 "-" "-"
172.69.224.188 - - [16/Jun/2026:10:58:51 +0000] "GET /wp-admin/install.php?step=1 HTTP/1.1" 404 10431 "-" "http://ojcbusinessempires.shop/wp-admin/install.php?step=1"
127.0.0.1 - - [16/Jun/2026:11:00:01 +0000] "GET /birbestu3ejlb3ceil0joot9 HTTP/1.0" 200 62528 "-" "-"
127.0.0.1 - - [16/Jun/2026:11:01:42 +0000] "GET / HTTP/1.0" 200 163 "-" "-"
104.23.221.82 - - [16/Jun/2026:11:01:54 +0000] "GET /wp-admin/install.php?step=1 HTTP/1.1" 404 10439 "-" "http://tecnikaljuliustecniks.shop/wp-admin/install.php?step=1"
104.23.221.83 - - [16/Jun/2026:11:02:30 +0000] "GET /wp-admin/install.php?step=1 HTTP/1.1" 404 10439 "-" "http://tecnikaljuliustecniks.shop/wp-admin/install.php?step=1"
157.55.39.194 - - [16/Jun/2026:11:04:04 +0000] "GET /cgi-sys/defaultwebpage.cgi HTTP/1.1" 500 38 "-" "Mozilla/5.0 AppleWebKit/537.36 (KHTML, like Gecko; compatible; bingbot/2.0; +http://www.bing.com/bingbot.htm) Chrome/116.0.1938.76 Safari/537.36"
172.70.240.35 - - [16/Jun/2026:11:04:52 +0000] "GET /wp-admin/install.php?step=1 HTTP/1.1" 404 10430 "-" "http://ojcbusinessempires.shop/wp-admin/install.php?step=1"
127.0.0.1 - - [16/Jun/2026:11:05:01 +0000] "GET /birbestu3ejlb3ceil0joot9 HTTP/1.0" 200 63238 "-" "-"
127.0.0.1 - - [16/Jun/2026:11:06:42 +0000] "GET / HTTP/1.0" 200 163 "-" "-"
82.156.88.97 - - [16/Jun/2026:11:09:03 +0000] "GET / HTTP/1.1" 200 163 "-" "Mozilla/5.0 (iPhone; CPU iPhone OS 13_2_3 like Mac OS X) AppleWebKit/605.1.15 (KHTML, like Gecko) Version/13.0.3 Mobile/15E148 Safari/604.1"
127.0.0.1 - - [16/Jun/2026:11:10:01 +0000] "GET /birbestu3ejlb3ceil0joot9 HTTP/1.0" 200 63522 "-" "-"
127.0.0.1 - - [16/Jun/2026:11:11:43 +0000] "GET / HTTP/1.0" 200 163 "-" "-"
127.0.0.1 - - [16/Jun/2026:11:15:01 +0000] "GET /birbestu3ejlb3ceil0joot9 HTTP/1.0" 200 63456 "-" "-"
127.0.0.1 - - [16/Jun/2026:11:16:44 +0000] "GET / HTTP/1.0" 200 163 "-" "-"
64.89.162.130 - - [16/Jun/2026:11:18:04 +0000] "GET /.env.save HTTP/1.1" 404 10388 "-" "Mozilla/5.0 (Windows NT 10.0; Win64; x64) AppleWebKit/537.36 (KHTML, like Gecko) Chrome/60.0.3112.78 Safari/537.36"
157.55.39.58 - - [16/Jun/2026:11:18:50 +0000] "GET /cgi-sys/defaultwebpage.cgi HTTP/1.1" 500 38 "-" "Mozilla/5.0 AppleWebKit/537.36 (KHTML, like Gecko; compatible; bingbot/2.0; +http://www.bing.com/bingbot.htm) Chrome/116.0.1938.76 Safari/537.36"
95.108.213.240 - - [16/Jun/2026:11:19:52 +0000] "GET /robots.txt HTTP/1.1" 404 10384 "-" "Mozilla/5.0 (compatible; YandexBot/3.0; +http://yandex.com/bots)"
87.250.224.207 - - [16/Jun/2026:11:19:53 +0000] "GET /Yef HTTP/1.1" 404 10377 "-" "Mozilla/5.0 (compatible; YandexBot/3.0; +http://yandex.com/bots)"
127.0.0.1 - - [16/Jun/2026:11:20:01 +0000] "GET /birbestu3ejlb3ceil0joot9 HTTP/1.0" 200 62556 "-" "-"
104.23.223.104 - - [16/Jun/2026:11:20:42 +0000] "GET /wp-admin/install.php?step=1 HTTP/1.1" 404 10431 "-" "http://ojcbusinessempires.shop/wp-admin/install.php?step=1"
45.148.10.67 - - [16/Jun/2026:11:22:51 +0000] "GET / HTTP/1.1" 200 163 "-" "Mozilla/5.0 (Windows NT 10.0; Win64; x64) AppleWebKit/537.36 (KHTML, like Gecko) Chrome/131.0.0.0 Safari/537.36"
172.71.241.140 - - [16/Jun/2026:11:22:56 +0000] "GET /wp-admin/install.php?step=1 HTTP/1.1" 404 10440 "-" "http://tecnikaljuliustecniks.shop/wp-admin/install.php?step=1"
207.46.13.107 - - [16/Jun/2026:11:24:41 +0000] "GET /cgi-sys/defaultwebpage.cgi HTTP/1.1" 500 38 "-" "Mozilla/5.0 AppleWebKit/537.36 (KHTML, like Gecko; compatible; bingbot/2.0; +http://www.bing.com/bingbot.htm) Chrome/116.0.1938.76 Safari/537.36"
207.46.13.107 - - [16/Jun/2026:11:25:01 +0000] "GET /cgi-sys/defaultwebpage.cgi HTTP/1.1" 500 38 "-" "Mozilla/5.0 AppleWebKit/537.36 (KHTML, like Gecko; compatible; bingbot/2.0; +http://www.bing.com/bingbot.htm) Chrome/116.0.1938.76 Safari/537.36"
127.0.0.1 - - [16/Jun/2026:11:25:01 +0000] "GET /birbestu3ejlb3ceil0joot9 HTTP/1.0" 200 62470 "-" "-"
207.46.13.107 - - [16/Jun/2026:11:25:41 +0000] "GET /cgi-sys/defaultwebpage.cgi HTTP/1.1" 500 38 "-" "Mozilla/5.0 AppleWebKit/537.36 (KHTML, like Gecko; compatible; bingbot/2.0; +http://www.bing.com/bingbot.htm) Chrome/116.0.1938.76 Safari/537.36"
207.46.13.107 - - [16/Jun/2026:11:26:41 +0000] "GET /cgi-sys/defaultwebpage.cgi HTTP/1.1" 500 38 "-" "Mozilla/5.0 AppleWebKit/537.36 (KHTML, like Gecko; compatible; bingbot/2.0; +http://www.bing.com/bingbot.htm) Chrome/116.0.1938.76 Safari/537.36"
127.0.0.1 - - [16/Jun/2026:11:26:46 +0000] "GET / HTTP/1.0" 200 163 "-" "-"
64.89.163.52 - - [16/Jun/2026:11:27:14 +0000] "GET / HTTP/1.1" 200 163 "-" "-"
3.1.204.196 - - [16/Jun/2026:11:27:18 +0000] "GET / HTTP/1.1" 200 163 "-" "Go-http-client/1.1"
207.46.13.107 - - [16/Jun/2026:11:28:31 +0000] "GET /cgi-sys/defaultwebpage.cgi HTTP/1.1" 500 38 "-" "Mozilla/5.0 AppleWebKit/537.36 (KHTML, like Gecko; compatible; bingbot/2.0; +http://www.bing.com/bingbot.htm) Chrome/116.0.1938.76 Safari/537.36"
127.0.0.1 - - [16/Jun/2026:11:30:01 +0000] "GET /birbestu3ejlb3ceil0joot9 HTTP/1.0" 200 60456 "-" "-"
207.46.13.107 - - [16/Jun/2026:11:31:32 +0000] "GET /cgi-sys/defaultwebpage.cgi HTTP/1.1" 500 38 "-" "Mozilla/5.0 AppleWebKit/537.36 (KHTML, like Gecko; compatible; bingbot/2.0; +http://www.bing.com/bingbot.htm) Chrome/116.0.1938.76 Safari/537.36"
127.0.0.1 - - [16/Jun/2026:11:31:46 +0000] "GET / HTTP/1.0" 200 163 "-" "-"
93.174.93.12 - - [16/Jun/2026:11:34:16 +0000] "\x16\x03\x02\x01o\x01" 400 10402 "-" "-"
104.23.217.156 - - [16/Jun/2026:11:34:29 +0000] "GET /wp-admin/install.php?step=1 HTTP/1.1" 404 10431 "-" "http://ojcbusinessempires.shop/wp-admin/install.php?step=1"
104.23.217.102 - - [16/Jun/2026:11:34:54 +0000] "GET /wp-admin/install.php?step=1 HTTP/1.1" 404 10440 "-" "http://tecnikaljuliustecniks.shop/wp-admin/install.php?step=1"
127.0.0.1 - - [16/Jun/2026:11:35:01 +0000] "GET /birbestu3ejlb3ceil0joot9 HTTP/1.0" 200 61875 "-" "-"
108.170.28.178 - - [16/Jun/2026:11:35:09 +0000] "GET /.git/HEAD HTTP/1.1" 404 10389 "-" "Mozilla/5.0 (Windows NT 10.0; Win64; x64) AppleWebKit/537.36 (KHTML, like Gecko) Chrome/124.0.0.0 Safari/537.36"
108.170.28.178 - - [16/Jun/2026:11:35:11 +0000] "GET /.env.save HTTP/1.1" 404 10389 "-" "Mozilla/5.0 (Macintosh; Intel Mac OS X 14_4_1) AppleWebKit/537.36 (KHTML, like Gecko) Chrome/124.0.0.0 Safari/537.36"
207.46.13.126 - - [16/Jun/2026:11:36:33 +0000] "GET /cgi-sys/defaultwebpage.cgi HTTP/1.1" 500 38 "-" "Mozilla/5.0 AppleWebKit/537.36 (KHTML, like Gecko; compatible; bingbot/2.0; +http://www.bing.com/bingbot.htm) Chrome/116.0.1938.76 Safari/537.36"
172.71.148.139 - - [16/Jun/2026:11:39:14 +0000] "GET /wp-admin/install.php?step=1 HTTP/1.1" 404 10431 "-" "http://ojcbusinessempires.shop/wp-admin/install.php?step=1"
127.0.0.1 - - [16/Jun/2026:11:40:01 +0000] "GET /birbestu3ejlb3ceil0joot9 HTTP/1.0" 200 61746 "-" "-"
104.23.170.163 - - [16/Jun/2026:11:40:44 +0000] "GET /wp-admin/install.php?step=1 HTTP/1.1" 404 10440 "-" "http://tecnikaljuliustecniks.shop/wp-admin/install.php?step=1"
127.0.0.1 - - [16/Jun/2026:11:41:48 +0000] "GET / HTTP/1.0" 200 163 "-" "-"
93.123.72.183 - - [16/Jun/2026:11:43:19 +0000] "GET /SDK/webLanguage HTTP/1.1" 404 10400 "-" "Mozilla/5.0"
127.0.0.1 - - [16/Jun/2026:11:45:01 +0000] "GET /birbestu3ejlb3ceil0joot9 HTTP/1.0" 200 61969 "-" "-"
127.0.0.1 - - [16/Jun/2026:11:46:49 +0000] "GET / HTTP/1.0" 200 163 "-" "-"
207.46.13.127 - - [16/Jun/2026:11:48:23 +0000] "GET /cgi-sys/defaultwebpage.cgi HTTP/1.1" 500 38 "-" "Mozilla/5.0 AppleWebKit/537.36 (KHTML, like Gecko; compatible; bingbot/2.0; +http://www.bing.com/bingbot.htm) Chrome/116.0.1938.76 Safari/537.36"
91.92.241.196 - - [16/Jun/2026:11:49:17 +0000] "GET /.git/config HTTP/1.1" 404 10381 "-" "Mozilla/5.0 (Windows NT 10.0; Win64; x64) AppleWebKit/537.36"
127.0.0.1 - - [16/Jun/2026:11:50:02 +0000] "GET /birbestu3ejlb3ceil0joot9 HTTP/1.0" 200 62906 "-" "-"
127.0.0.1 - - [16/Jun/2026:11:51:49 +0000] "GET / HTTP/1.0" 200 163 "-" "-"
127.0.0.1 - - [16/Jun/2026:11:55:02 +0000] "GET /birbestu3ejlb3ceil0joot9 HTTP/1.0" 200 61513 "-" "-"
127.0.0.1 - - [16/Jun/2026:11:56:50 +0000] "GET / HTTP/1.0" 200 163 "-" "-"
162.158.95.185 - - [16/Jun/2026:11:59:06 +0000] "GET /wp-admin/install.php?step=1 HTTP/1.1" 404 10431 "-" "http://ojcbusinessempires.shop/wp-admin/install.php?step=1"
162.158.183.54 - - [16/Jun/2026:11:59:23 +0000] "GET /wp-admin/install.php?step=1 HTTP/1.1" 404 10440 "-" "http://tecnikaljuliustecniks.shop/wp-admin/install.php?step=1"
